This document contains log messages from an Android application startup and activity. It shows the application launching activities, making REST API calls to retrieve user and application data, and initializing various application components and third party libraries. The application resumes a persisted user session and loads cached user profile and ride data from local storage.
This document contains log messages from an Android application startup and activity. It shows the application launching activities, making REST API calls to retrieve user and application data, and initializing various application components and third party libraries. The application resumes a persisted user session and loads cached user profile and ride data from local storage.
This document contains log messages from an Android application startup and activity. It shows the application launching activities, making REST API calls to retrieve user and application data, and initializing various application components and third party libraries. The application resumes a persisted user session and loads cached user profile and ride data from local storage.
This document contains log messages from an Android application startup and activity. It shows the application launching activities, making REST API calls to retrieve user and application data, and initializing various application components and third party libraries. The application resumes a persisted user session and loads cached user profile and ride data from local storage.
Download as TXT, PDF, TXT or read online from Scribd
Download as txt, pdf, or txt
You are on page 1of 53
--------- beginning of system
10-18 22:33:03.581 27982 27982 I Timeline: Timeline: Activity_launch_request
time:1133105985
10-18 22:33:33.546 27982 27982 I Timeline: Timeline: Activity_launch_request time:1133135951
10-18 22:33:34.825 27982 27982 I Timeline: Timeline: Activity_launch_request time:1133137230
10-18 22:33:44.241 27982 27982 E SchedPolicy: set_timerslack_ns write failed: Operation not permitted
10-18 22:33:45.851 27982 27982 E SchedPolicy: set_timerslack_ns write failed: Operation not permitted
10-18 22:33:47.799 27982 27982 I Timeline: Timeline: Activity_launch_request time:1133150204
10-18 22:33:49.414 27982 27982 W InputEventReceiver: Slow Input: took 138ms in dispatching, now at finishInputEvent (MotionEvent: event_seq=110, seq=4504490, action=ACTION_UP)
10-18 22:33:52.704 27982 27982 W Looper : Slow Frame: doFrame is 1802ms late
10-18 22:33:53.272 27982 27982 E SchedPolicy: set_timerslack_ns write failed: Operation not permitted
10-18 22:33:53.711 27982 27982 I Timeline: Timeline: Activity_launch_request time:1133156116
10-18 22:33:54.071 27982 27982 I Timeline: Timeline: Activity_launch_request time:1133156476
10-18 22:33:54.089 27982 27982 E SchedPolicy: set_timerslack_ns write failed: Operation not permitted
10-18 22:33:54.533 27982 27982 E SchedPolicy: set_timerslack_ns write failed: Operation not permitted --------- beginning of main
10-19 02:43:40.044 12085 12085 E disha.quickrid: Not starting debugger since process cannot load the jdwp agent.
10-19 02:43:40.154 12085 12085 I disha.quickrid: The ClassLoaderContext is a special shared library.
10-19 02:43:40.288 12085 12085 W disha.quickrid: JIT profile information will not be recorded: profile file does not exits.
10-19 02:43:40.288 12085 12085 I chatty : uid=10223(com.disha.quickride) identical 1 line
10-19 02:43:40.288 12085 12085 W disha.quickrid: JIT profile information will not be recorded: profile file does not exits.
10-19 02:43:40.309 12085 12085 I Perf : Connecting to perf service.
10-19 02:43:40.328 12085 12085 D com.disha.quickride.androidapp.startup.QuickRideApplication: QuickRideApplication is instantiated
10-19 02:43:40.337 12085 12085 I MultiDex: VM with version 2.1.0 has multidex support
10-19 02:43:40.337 12085 12085 I MultiDex: Installing application
10-19 02:43:40.337 12085 12085 I MultiDex: VM has multidex support, MultiDex support library is disabled.
10-19 02:43:40.337 12085 12085 I MultiDex: Installing application
10-19 02:43:40.337 12085 12085 I MultiDex: VM has multidex support, MultiDex support library is disabled.
10-19 02:43:40.464 12085 12085 D FirebaseApp: com.google.firebase.auth.FirebaseAuth is not linked. Skipping initialization.
10-19 02:43:40.465 12085 12085 D FirebaseApp: com.google.firebase.crash.FirebaseCrash is not linked. Skipping initialization.
10-19 02:43:40.466 12085 12085 I FirebaseInitProvider: FirebaseApp initialization successful
10-19 02:43:40.470 12085 12085 I CrashlyticsInitProvider: CrashlyticsInitProvider skipping initialization
10-19 02:43:40.471 12085 12085 E ApxorInitProvider: App Id is empty or null, couldn't initialize ApxorSDK
10-19 02:43:40.493 12085 12113 D NetworkSecurityConfig: No Network Security Config specified, using platform default
10-19 02:43:40.494 12085 12113 I DpmTcmClient: RegisterTcmMonitor from: $Proxy0
10-19 02:43:40.501 12085 12111 I FA : App measurement is starting up, version: 15300
10-19 02:43:40.501 12085 12111 I FA : To enable debug logging run: adb shell setprop log.tag.FA VERBOSE
10-19 02:43:40.504 12085 12111 I FA : To enable faster debug mode event logging run:
10-19 02:43:40.504 12085 12111 I FA : adb shell setprop debug.firebase.analytics.app com.disha.quickride
10-19 02:43:40.513 12085 12085 D com.disha.quickride.androidapp.startup.QuickRideApplication: QuickRideApplication is created
10-19 02:43:40.522 12085 12085 D com.disha.quickride.androidapp.startup.QuickRideApplication: enabled https protocols null
10-19 02:43:40.575 12085 12127 I CrashlyticsCore: Initializing Crashlytics 2.6.8.32
10-19 02:43:40.585 12085 12127 W com.facebook.appevents.AppEventsLogger: activateApp events are being logged automatically. There's no need to call activateApp explicitly, this is safe to remove.
10-19 02:43:40.587 12085 12127 I GAv4 : Google Analytics 12.4.51 is starting up. To enable debug logging on a device run:
10-19 02:43:40.587 12085 12127 I GAv4 : adb shell setprop log.tag.GAv4 DEBUG
10-19 02:43:40.587 12085 12127 I GAv4 : adb logcat -s GAv4
10-19 02:43:40.600 12085 12085 I WebViewFactory: Loading com.android.chrome version 77.0.3865.92 (code 386509237)
10-19 02:43:40.608 12085 12127 D AppsFlyer_4.9.0: Initializing AppsFlyer SDK: (v4.9.0.184)
10-19 02:43:40.609 12085 12127 D AppsFlyer_4.9.0: Done loading properties: true
10-19 02:43:40.715 12085 12085 I cr_LibraryLoader: Time to load native libraries: 3 ms (timestamps 2247-2250)
10-19 02:43:40.810 12085 12085 I chromium: [INFO:library_loader_hooks.cc(51)] Chromium logging enabled: level = 0, default verbosity = 0
10-19 02:43:40.811 12085 12085 I cr_LibraryLoader: Expected native library version number "77.0.3865.92", actual native library version number "77.0.3865.92"
10-19 02:43:40.889 12085 12157 W cr_ChildProcLH: Create a new ChildConnectionAllocator with package name = com.android.chrome, sandboxed = true
10-19 02:43:40.916 12085 12085 I cr_BrowserStartup: Initializing chromium process, singleProcess=false
10-19 02:43:41.284 12085 12085 D Netcore : checkValidUser: 0falsetrue
10-19 02:43:41.285 12085 12085 I chatty : uid=10223(com.disha.quickride) identical 1 line
10-19 02:43:41.285 12085 12085 D Netcore : checkValidUser: 0falsetrue
10-19 02:43:41.325 12085 12085 D com.disha.quickride.androidapp.startup.QuickRideApplication: Initializing Session Manager
10-19 02:43:41.326 12085 12203 D com.disha.quickride.androidapp.startup.session.SessionManagerController: Resuming user session
10-19 02:43:41.326 12085 12203 D com.disha.quickride.androidapp.startup.session.SessionManager: Entering createNewSessionManager
10-19 02:43:41.327 12085 12203 D com.disha.quickride.androidapp.startup.session.SessionManager: Found Persistent session for user 80505598142049
10-19 02:43:41.327 12085 12203 D com.disha.quickride.androidapp.startup.session.SessionManager: Entering onResumeUserSession
10-19 02:43:41.327 12085 12203 D com.disha.quickride.androidapp.startup.session.SessionManager: Performing session change operation on com.disha.quickride.androidapp.common.serverConfig.ClientConfigurationModuleSession Manager@8bf5f44
10-19 02:43:41.327 12085 12203 D com.disha.quickride.androidapp.common.serverConfig.ClientConfigurationModuleSession Manager: Resuming basic user session
10-19 02:43:41.335 12085 12085 W Java7Support: Unable to load JDK7 types (annotations, java.nio.file.Path): no Java7 support added
10-19 02:43:41.340 12085 12203 D com.disha.quickride.androidapp.startup.session.SessionManager: Performing session change operation on com.disha.quickride.androidapp.usermgmt.UserModuleSessionManager@45d3109
10-19 02:43:41.340 12085 12203 D com.disha.quickride.androidapp.usermgmt.UserModuleSessionManager: Resume basic user session
10-19 02:43:41.358 12085 12205 D com.disha.quickride.androidapp.common.AndroidRestClient.AndroidClientLogger: RestClient.callService with httpRequestMethod = GET
10-19 02:43:41.444 12085 12121 W AnalyticsUserIDStore: initStore should have been called before calling setUserID
10-19 02:43:41.457 12085 12121 W UserDataStore: initStore should have been called before calling setUserID
10-19 02:43:41.480 12085 12212 D com.disha.quickride.androidapp.notification.NotificationUpdateWorker: NotificationUpdateWorker.doWork() started
10-19 02:43:41.488 12085 12212 D com.disha.quickride.androidapp.common.AndroidRestClient.AndroidClientLogger: RestClient.callService with httpRequestMethod = GET
10-19 02:43:41.538 12085 12214 D com.disha.quickride.androidapp.common.AndroidRestClient.AndroidClientLogger: RestClient.callService with httpRequestMethod = GET
10-19 02:43:41.670 12085 12216 D com.disha.quickride.androidapp.conversation.ConversationChatRestServiceClient: getPendingChatMessages80505598142049
10-19 02:43:41.673 12085 12216 D com.disha.quickride.androidapp.common.AndroidRestClient.AndroidClientLogger: RestClient.callService with httpRequestMethod = GET
10-19 02:43:41.717 12085 12203 D com.disha.quickride.androidapp.startup.session.SessionManager: Performing session change operation on com.disha.quickride.androidapp.event.EventModuleSessionManager@5a66dbf
10-19 02:43:41.718 12085 12203 D com.disha.quickride.androidapp.startup.session.SessionManager: Performing session change operation on com.disha.quickride.androidapp.ridemgmt.RideMgmtModuleSessionHandler@401ffd5
10-19 02:43:41.718 12085 12203 I com.disha.quickride.androidapp.ridemgmt.RideMgmtModuleSessionHandler: resumeBasicUserSession
10-19 02:43:41.784 12085 12203 I com.disha.quickride.androidapp.myrides.cache.MyActiveRidesCache: getting active rides of user after the current time
10-19 02:43:41.785 12085 12203 D com.disha.quickride.androidapp.myrides.cache.MyClosedRidesCache: Loading closed rides from local database
10-19 02:43:41.789 12085 12220 D com.disha.quickride.androidapp.common.AndroidRestClient.AndroidClientLogger: RestClient.callService with httpRequestMethod = GET
10-19 02:43:41.792 12085 12203 D com.disha.quickride.androidapp.myrides.cache.MyCompletedRidesCachePersistenceHelper : getting all rider rides from databse
10-19 02:43:41.797 12085 12203 D com.disha.quickride.androidapp.myrides.cache.MyCompletedRidesCachePersistenceHelper : getting all passenger rides
10-19 02:43:41.809 12085 12203 D com.disha.quickride.androidapp.myrides.cache.MyCompletedRidesCachePersistenceHelper : getting all regular passenger rides
10-19 02:43:41.814 12085 12203 D com.disha.quickride.androidapp.myrides.cache.MyCompletedRidesCachePersistenceHelper : getting all regular passenger rides
10-19 02:43:41.827 12085 12203 I com.disha.quickride.androidapp.usermgmt.cache.UserDataCache: getting of user name
10-19 02:43:41.828 12085 12203 D com.disha.quickride.androidapp.startup.session.SessionManagerController: Session change operation completed successfully
10-19 02:43:41.828 12085 12203 D com.disha.quickride.androidapp.startup.session.SessionResumeAsyncTask: Session resume operation completed
10-19 02:43:41.828 12085 12203 D com.disha.quickride.androidapp.notification.FCMTokenRegistrationHelper: Getting FCM token to update to server for user : 80505598142049
10-19 02:43:41.829 12085 12203 D com.disha.quickride.androidapp.startup.session.SessionSetupAsyncTask: Session change operation completed successfully
10-19 02:43:41.831 12085 12203 D com.disha.quickride.androidapp.startup.session.SessionManagerController: Starting WatchdogService
10-19 02:43:41.835 12085 12085 D com.disha.quickride.androidapp.notification.FCMTokenRegistrationHelper: FCM token for userId : 80505598142049 is : fwa- szoeETA:APA91bHci0grz9Bo7d2ooIIYiENK615t_d0Bzu0AgG_7pJYbB5enQIRzCCNsLwUWG2a7TXrm6qy qkT0aDVwVv-ZIRkNrURExQnBGt6m7qAra9IOvOEmRiOX4o96qup6DBNuUvVipcE_E
10-19 02:43:41.847 12085 12223 D com.disha.quickride.androidapp.startup.session.SetUserIdIdentifierToFabricAsyncTask : UserId set to Fabric
10-19 02:43:41.848 12085 12203 E com.disha.quickride.androidapp.startup.session.SessionSetupAsyncTask: Error during session initialization :
10-19 02:43:41.848 12085 12203 E com.disha.quickride.androidapp.startup.session.SessionSetupAsyncTask: java.lang.IllegalStateException: Not allowed to start service Intent { cmp=com.disha.quickride/.androidapp.watchdog.QuickRideWatchdogService }: app is in background uid UidRecord{4960bdf u0a223 TRNB idle change:uncached procs:1 seq(0,0,0)}
10-19 02:43:41.848 12085 12203 E com.disha.quickride.androidapp.startup.session.SessionSetupAsyncTask: at android.app.ContextImpl.startServiceCommon(ContextImpl.java:1587)
10-19 02:43:41.848 12085 12203 E com.disha.quickride.androidapp.startup.session.SessionSetupAsyncTask: at android.app.ContextImpl.startService(ContextImpl.java:1542)
10-19 02:43:41.848 12085 12203 E com.disha.quickride.androidapp.startup.session.SessionSetupAsyncTask: at android.content.ContextWrapper.startService(ContextWrapper.java:674)
10-19 02:43:41.848 12085 12203 E com.disha.quickride.androidapp.startup.session.SessionSetupAsyncTask: at com.disha.quickride.androidapp.startup.session.SessionManagerController.startWatchd ogServiceAndAlarmManager(Unknown Source:14)
10-19 02:43:41.848 12085 12203 E com.disha.quickride.androidapp.startup.session.SessionSetupAsyncTask: at com.disha.quickride.androidapp.startup.session.SessionManagerController.sessionChan geOperationCompleted(Unknown Source:24)
10-19 02:43:41.848 12085 12203 E com.disha.quickride.androidapp.startup.session.SessionSetupAsyncTask: at com.disha.quickride.androidapp.startup.session.SessionManagerController.resumeUserS ession(Unknown Source:110)
10-19 02:43:41.848 12085 12203 E com.disha.quickride.androidapp.startup.session.SessionSetupAsyncTask: at com.disha.quickride.androidapp.startup.session.SessionResumeAsyncTask.performSessio nInitializationOperation(Unknown Source:6)
10-19 02:43:41.848 12085 12203 E com.disha.quickride.androidapp.startup.session.SessionSetupAsyncTask: at com.disha.quickride.androidapp.startup.session.SessionSetupAsyncTask.doInBackground (Unknown Source:10)
10-19 02:43:41.848 12085 12203 E com.disha.quickride.androidapp.startup.session.SessionSetupAsyncTask: at com.disha.quickride.androidapp.startup.session.SessionSetupAsyncTask.doInBackground (Unknown Source:2)
10-19 02:43:41.848 12085 12203 E com.disha.quickride.androidapp.startup.session.SessionSetupAsyncTask: at android.os.AsyncTask$2.call(AsyncTask.java:333)
10-19 02:43:41.848 12085 12203 E com.disha.quickride.androidapp.startup.session.SessionSetupAsyncTask: at java.util.concurrent.FutureTask.run(FutureTask.java:266)
10-19 02:43:41.848 12085 12203 E com.disha.quickride.androidapp.startup.session.SessionSetupAsyncTask: at java.util.concurrent.ThreadPoolExecutor.runWorker(ThreadPoolExecutor.java:1167)
10-19 02:43:41.848 12085 12203 E com.disha.quickride.androidapp.startup.session.SessionSetupAsyncTask: at java.util.concurrent.ThreadPoolExecutor$Worker.run(ThreadPoolExecutor.java:641)
10-19 02:43:41.848 12085 12203 E com.disha.quickride.androidapp.startup.session.SessionSetupAsyncTask: at java.lang.Thread.run(Thread.java:764)
10-19 02:43:41.863 12085 12225 D com.disha.quickride.androidapp.notification.FCMTokenRegistrationAsyncTask: Updating client device id to server : fwa- szoeETA:APA91bHci0grz9Bo7d2ooIIYiENK615t_d0Bzu0AgG_7pJYbB5enQIRzCCNsLwUWG2a7TXrm6qy qkT0aDVwVv-ZIRkNrURExQnBGt6m7qAra9IOvOEmRiOX4o96qup6DBNuUvVipcE_E
10-19 02:43:41.868 12085 12225 D com.disha.quickride.androidapp.common.AndroidRestClient.AndroidClientLogger: RestClient.callService with httpRequestMethod = PUT
10-19 02:43:43.385 12085 12116 E GraphResponse: {HttpStatus: 400, errorCode: 43003, subErrorCode: -1, errorType: OAuthException, errorMessage: (#43003) App button auto detection is disabled}
10-19 02:43:43.738 12085 12117 W DynamiteModule: Local module descriptor class for providerinstaller not found.
10-19 02:43:43.758 12085 12197 I PluginLoader: Plugin: ApxorRealtimeUIPlugin is loaded
10-19 02:43:43.760 12085 12117 I DynamiteModule: Considering local module providerinstaller:0 and remote module providerinstaller:0
10-19 02:43:43.761 12085 12117 W ProviderInstaller: Failed to load providerinstaller module: No acceptable module found. Local version is 0 and remote version is 0.
10-19 02:43:43.774 12085 12197 I UIManager: Initialized UI Manager
10-19 02:43:43.775 12085 12197 E d : Configuration is not in fall between provided dates
10-19 02:43:43.775 12085 12197 E d : Failed to initialize the config item
10-19 02:43:43.775 12085 12197 E d : Configuration is not in fall between provided dates
10-19 02:43:43.775 12085 12197 E d : Failed to initialize the config item
10-19 02:43:43.775 12085 12197 I PluginLoader: Plugin: ApxorRealtimeUIPlugin initialization state: true
10-19 02:43:43.776 12085 12197 I PluginLoader: Plugin: CrashReporterPlugin is loaded
10-19 02:43:43.776 12085 12197 I PluginLoader: Plugin: CrashReporterPlugin initialization state: true
10-19 02:43:43.776 12085 12197 I PluginLoader: Plugin: PushPlugin is loaded
10-19 02:43:43.781 12085 12117 I disha.quickrid: The ClassLoaderContext is a special shared library.
10-19 02:43:43.783 12085 12117 I disha.quickrid: The ClassLoaderContext is a special shared library.
10-19 02:43:43.791 12085 12197 D FirebaseApp: com.google.firebase.auth.FirebaseAuth is not linked. Skipping initialization.
10-19 02:43:43.792 12085 12197 I PluginLoader: Plugin: PushPlugin initialization state: true
10-19 02:43:43.792 12085 12197 I PluginLoader: Plugin: SurveyPlugin is loaded
10-19 02:43:43.795 12085 12117 I disha.quickrid: The ClassLoaderContext is a special shared library.
10-19 02:43:43.797 12085 12214 D com.disha.quickride.androidapp.common.AndroidRestClient.AndroidClientLogger: RestClient.callService response code : 200
10-19 02:43:43.801 12085 12197 I PluginLoader: Plugin: SurveyPlugin initialization state: true
10-19 02:43:43.802 12085 12197 E PluginLoader: initialize:
10-19 02:43:43.802 12085 12197 E PluginLoader: java.lang.ClassNotFoundException: com.apxor.androidsdk.plugins.wysiwyg.WYSIWYGPlugin
10-19 02:43:43.802 12085 12197 E PluginLoader: at java.lang.Class.classForName(Native Method)
10-19 02:43:43.802 12085 12197 E PluginLoader: at java.lang.Class.forName(Class.java:453)
10-19 02:43:43.802 12085 12197 E PluginLoader: at java.lang.Class.forName(Class.java:378)
10-19 02:43:43.802 12085 12197 E PluginLoader: at com.apxor.androidsdk.core.pluginmanager.PluginLoader.a(Unknown Source:2)
10-19 02:43:43.802 12085 12197 E PluginLoader: at com.apxor.androidsdk.core.pluginmanager.PluginLoader.initialize(Unknown Source:45)
10-19 02:43:43.802 12085 12197 E PluginLoader: at com.apxor.androidsdk.core.SDKController$1$1.onComplete(Unknown Source:227)
10-19 02:43:43.802 12085 12197 E PluginLoader: at com.apxor.androidsdk.core.utils.network.a.a(Unknown Source:25)
10-19 02:43:43.802 12085 12197 E PluginLoader: at com.apxor.androidsdk.core.utils.network.a.a(Unknown Source:498)
10-19 02:43:43.802 12085 12197 E PluginLoader: at com.apxor.androidsdk.core.utils.network.a.a(Unknown Source:1)
10-19 02:43:43.802 12085 12197 E PluginLoader: at com.apxor.androidsdk.core.utils.network.b$3.run(Unknown Source:12)
10-19 02:43:43.802 12085 12197 E PluginLoader: at com.apxor.androidsdk.core.utils.network.b$4.run(Unknown Source:2)
10-19 02:43:43.802 12085 12197 E PluginLoader: at android.os.Handler.handleCallback(Handler.java:873)
10-19 02:43:43.802 12085 12197 E PluginLoader: at android.os.Handler.dispatchMessage(Handler.java:99)
10-19 02:43:43.802 12085 12197 E PluginLoader: at android.os.Looper.loop(Looper.java:201)
10-19 02:43:43.802 12085 12197 E PluginLoader: at android.os.HandlerThread.run(HandlerThread.java:65)
10-19 02:43:43.802 12085 12197 E PluginLoader: Caused by: java.lang.ClassNotFoundException: Didn't find class "com.apxor.androidsdk.plugins.wysiwyg.WYSIWYGPlugin" on path: DexPathList[[zip file "/system/framework/org.apache.http.legacy.boot.jar", zip file "/data/app/com.disha.quickride-sBc_lfpe8Lg-gv6TPtQs4w==/base.apk", zip file "/data/app/com.disha.quickride-sBc_lfpe8Lg- gv6TPtQs4w==/split_config.arm64_v8a.apk", zip file "/data/app/com.disha.quickride- sBc_lfpe8Lg-gv6TPtQs4w==/split_config.en.apk", zip file "/data/app/com.disha.quickride-sBc_lfpe8Lg- gv6TPtQs4w==/split_config.xhdpi.apk"],nativeLibraryDirectories=[/data/app/com.disha .quickride-sBc_lfpe8Lg-gv6TPtQs4w==/lib/arm64, /data/app/com.disha.quickride- sBc_lfpe8Lg-gv6TPtQs4w==/base.apk!/lib/arm64-v8a, /data/app/com.disha.quickride- sBc_lfpe8Lg-gv6TPtQs4w==/split_config.arm64_v8a.apk!/lib/arm64-v8a, /data/app/com.disha.quickride-sBc_lfpe8Lg- gv6TPtQs4w==/split_config.en.apk!/lib/arm64-v8a, /data/app/com.disha.quickride- sBc_lfpe8Lg-gv6TPtQs4w==/split_config.xhdpi.apk!/lib/arm64-v8a, /system/lib64]]
10-19 02:43:43.802 12085 12197 E PluginLoader: at dalvik.system.BaseDexClassLoader.findClass(BaseDexClassLoader.java:134)
10-19 02:43:43.802 12085 12197 E PluginLoader: at java.lang.ClassLoader.loadClass(ClassLoader.java:379)
10-19 02:43:43.802 12085 12197 E PluginLoader: at java.lang.ClassLoader.loadClass(ClassLoader.java:312)
10-19 02:43:43.802 12085 12197 E PluginLoader: ... 15 more
10-19 02:43:43.802 12085 12197 E PluginLoader: Suppressed: java.io.IOException: No original dex files found for dex location /data/app/com.disha.quickride- sBc_lfpe8Lg-gv6TPtQs4w==/split_config.arm64_v8a.apk
10-19 02:43:43.802 12085 12197 E PluginLoader: at dalvik.system.DexFile.openDexFileNative(Native Method)
10-19 02:43:43.802 12085 12197 E PluginLoader: at dalvik.system.DexFile.openDexFile(DexFile.java:354)
10-19 02:43:43.802 12085 12197 E PluginLoader: at dalvik.system.DexFile.<init>(DexFile.java:101)
10-19 02:43:43.802 12085 12197 E PluginLoader: at dalvik.system.DexFile.<init>(DexFile.java:75)
10-19 02:43:43.802 12085 12197 E PluginLoader: at dalvik.system.DexPathList.loadDexFile(DexPathList.java:394)
10-19 02:43:43.802 12085 12197 E PluginLoader: at dalvik.system.DexPathList.makeDexElements(DexPathList.java:354)
10-19 02:43:43.802 12085 12197 E PluginLoader: at dalvik.system.DexPathList.<init>(DexPathList.java:164)
10-19 02:43:43.802 12085 12197 E PluginLoader: at dalvik.system.BaseDexClassLoader.<init>(BaseDexClassLoader.java:74)
10-19 02:43:43.802 12085 12197 E PluginLoader: at dalvik.system.BaseDexClassLoader.<init>(BaseDexClassLoader.java:65)
10-19 02:43:43.802 12085 12197 E PluginLoader: at dalvik.system.PathClassLoader.<init>(PathClassLoader.java:64)
10-19 02:43:43.802 12085 12197 E PluginLoader: at com.android.internal.os.ClassLoaderFactory.createClassLoader(ClassLoaderFactory.jav a:73)
10-19 02:43:43.802 12085 12197 E PluginLoader: at com.android.internal.os.ClassLoaderFactory.createClassLoader(ClassLoaderFactory.jav a:88)
10-19 02:43:43.802 12085 12197 E PluginLoader: at android.app.ApplicationLoaders.getClassLoader(ApplicationLoaders.java:74)
10-19 02:43:43.802 12085 12197 E PluginLoader: at android.app.ApplicationLoaders.getClassLoader(ApplicationLoaders.java:40)
10-19 02:43:43.802 12085 12197 E PluginLoader: at android.app.LoadedApk.createOrUpdateClassLoaderLocked(LoadedApk.java:729)
10-19 02:43:43.802 12085 12197 E PluginLoader: at android.app.LoadedApk.getClassLoader(LoadedApk.java:812)
10-19 02:43:43.802 12085 12197 E PluginLoader: at android.app.LoadedApk.getResources(LoadedApk.java:1034)
10-19 02:43:43.802 12085 12197 E PluginLoader: at android.app.ContextImpl.createAppContext(ContextImpl.java:2357)
10-19 02:43:43.802 12085 12197 E PluginLoader: at android.app.ActivityThread.handleBindApplication(ActivityThread.java:5821)
10-19 02:43:43.802 12085 12197 E PluginLoader: at android.app.ActivityThread.access$1200(ActivityThread.java:200)
10-19 02:43:43.802 12085 12197 E PluginLoader: at android.app.ActivityThread$H.handleMessage(ActivityThread.java:1673)
10-19 02:43:43.802 12085 12197 E PluginLoader: at android.os.Handler.dispatchMessage(Handler.java:106)
10-19 02:43:43.802 12085 12197 E PluginLoader: at android.os.Looper.loop(Looper.java:201)
10-19 02:43:43.803 12085 12197 E PluginLoader: at android.app.ActivityThread.main(ActivityThread.java:6810)
10-19 02:43:43.803 12085 12197 E PluginLoader: at java.lang.reflect.Method.invoke(Native Method)
10-19 02:43:43.803 12085 12197 E PluginLoader: at com.android.internal.os.RuntimeInit$MethodAndArgsCaller.run(RuntimeInit.java:547)
10-19 02:43:43.803 12085 12197 E PluginLoader: at com.android.internal.os.ZygoteInit.main(ZygoteInit.java:873)
10-19 02:43:43.803 12085 12197 E PluginLoader: Suppressed: java.io.IOException: No original dex files found for dex location /data/app/com.disha.quickride- sBc_lfpe8Lg-gv6TPtQs4w==/split_config.en.apk
10-19 02:43:43.803 12085 12197 E PluginLoader: at dalvik.system.DexFile.openDexFileNative(Native Method)
10-19 02:43:43.803 12085 12197 E PluginLoader: at dalvik.system.DexFile.openDexFile(DexFile.java:354)
10-19 02:43:43.803 12085 12197 E PluginLoader: at dalvik.system.DexFile.<init>(DexFile.java:101)
10-19 02:43:43.803 12085 12197 E PluginLoader: at dalvik.system.DexFile.<init>(DexFile.java:75)
10-19 02:43:43.803 12085 12197 E PluginLoader: at dalvik.system.DexPathList.loadDexFile(DexPathList.java:394)
10-19 02:43:43.803 12085 12197 E PluginLoader: at dalvik.system.DexPathList.makeDexElements(DexPathList.java:354)
10-19 02:43:43.803 12085 12197 E PluginLoader: at dalvik.system.DexPathList.<init>(DexPathList.java:164)
10-19 02:43:43.803 12085 12197 E PluginLoader: at dalvik.system.BaseDexClassLoader.<init>(BaseDexClassLoader.java:74)
10-19 02:43:43.803 12085 12197 E PluginLoader: at dalvik.system.BaseDexClassLoader.<init>(BaseDexClassLoader.java:65)
10-19 02:43:43.803 12085 12197 E PluginLoader: at dalvik.system.PathClassLoader.<init>(PathClassLoader.java:64)
10-19 02:43:43.803 12085 12197 E PluginLoader: at com.android.internal.os.ClassLoaderFactory.createClassLoader(ClassLoaderFactory.jav a:73)
10-19 02:43:43.803 12085 12197 E PluginLoader: at com.android.internal.os.ClassLoaderFactory.createClassLoader(ClassLoaderFactory.jav a:88)
10-19 02:43:43.803 12085 12197 E PluginLoader: at android.app.ApplicationLoaders.getClassLoader(ApplicationLoaders.java:74)
10-19 02:43:43.803 12085 12197 E PluginLoader: at android.app.ApplicationLoaders.getClassLoader(ApplicationLoaders.java:40)
10-19 02:43:43.803 12085 12197 E PluginLoader: at android.app.LoadedApk.createOrUpdateClassLoaderLocked(LoadedApk.java:729)
10-19 02:43:43.803 12085 12197 E PluginLoader: at android.app.LoadedApk.getClassLoader(LoadedApk.java:812)
10-19 02:43:43.803 12085 12197 E PluginLoader: at android.app.LoadedApk.getResources(LoadedApk.java:1034)
10-19 02:43:43.803 12085 12197 E PluginLoader: at android.app.ContextImpl.createAppContext(ContextImpl.java:2357)
10-19 02:43:43.803 12085 12197 E PluginLoader: at android.app.ActivityThread.handleBindApplication(ActivityThread.java:5821)
10-19 02:43:43.803 12085 12197 E PluginLoader: at android.app.ActivityThread.access$1200(ActivityThread.java:200)
10-19 02:43:43.803 12085 12197 E PluginLoader: at android.app.ActivityThread$H.handleMessage(ActivityThread.java:1673)
10-19 02:43:43.803 12085 12197 E PluginLoader: at android.os.Handler.dispatchMessage(Handler.java:106)
10-19 02:43:43.803 12085 12197 E PluginLoader: at android.os.Looper.loop(Looper.java:201)
10-19 02:43:43.803 12085 12197 E PluginLoader: at android.app.ActivityThread.main(ActivityThread.java:6810)
10-19 02:43:43.803 12085 12197 E PluginLoader: at java.lang.reflect.Method.invoke(Native Method)
10-19 02:43:43.803 12085 12197 E PluginLoader: at com.android.internal.os.RuntimeInit$MethodAndArgsCaller.run(RuntimeInit.java:547)
10-19 02:43:43.803 12085 12197 E PluginLoader: at com.android.internal.os.ZygoteInit.main(ZygoteInit.java:873)
10-19 02:43:43.803 12085 12197 E PluginLoader: Suppressed: java.io.IOException: No original dex files found for dex location /data/app/com.disha.quickride- sBc_lfpe8Lg-gv6TPtQs4w==/split_config.xhdpi.apk
10-19 02:43:43.803 12085 12197 E PluginLoader: at dalvik.system.DexFile.openDexFileNative(Native Method)
10-19 02:43:43.803 12085 12197 E PluginLoader: at dalvik.system.DexFile.openDexFile(DexFile.java:354)
10-19 02:43:43.803 12085 12197 E PluginLoader: at dalvik.system.DexFile.<init>(DexFile.java:101)
10-19 02:43:43.803 12085 12197 E PluginLoader: at dalvik.system.DexFile.<init>(DexFile.java:75)
10-19 02:43:43.803 12085 12197 E PluginLoader: at dalvik.system.DexPathList.loadDexFile(DexPathList.java:394)
10-19 02:43:43.803 12085 12197 E PluginLoader: at dalvik.system.DexPathList.makeDexElements(DexPathList.java:354)
10-19 02:43:43.803 12085 12197 E PluginLoader: at dalvik.system.DexPathList.<init>(DexPathList.java:164)
10-19 02:43:43.803 12085 12197 E PluginLoader: at dalvik.system.BaseDexClassLoader.<init>(BaseDexClassLoader.java:74)
10-19 02:43:43.803 12085 12197 E PluginLoader: at dalvik.system.BaseDexClassLoader.<init>(BaseDexClassLoader.java:65)
10-19 02:43:43.803 12085 12197 E PluginLoader: at dalvik.system.PathClassLoader.<init>(PathClassLoader.java:64)
10-19 02:43:43.803 12085 12197 E PluginLoader: at com.android.internal.os.ClassLoaderFactory.createClassLoader(ClassLoaderFactory.jav a:73)
10-19 02:43:43.803 12085 12197 E PluginLoader: at com.android.internal.os.ClassLoaderFactory.createClassLoader(ClassLoaderFactory.jav a:88)
10-19 02:43:43.803 12085 12197 E PluginLoader: at android.app.ApplicationLoaders.getClassLoader(ApplicationLoaders.java:74)
10-19 02:43:43.803 12085 12197 E PluginLoader: at android.app.ApplicationLoaders.getClassLoader(ApplicationLoaders.java:40)
10-19 02:43:43.803 12085 12197 E PluginLoader: at android.app.LoadedApk.createOrUpdateClassLoaderLocked(LoadedApk.java:729)
10-19 02:43:43.803 12085 12197 E PluginLoader: at android.app.LoadedApk.getClassLoader(LoadedApk.java:812)
10-19 02:43:43.803 12085 12197 E PluginLoader: at android.app.LoadedApk.getResources(LoadedApk.java:1034)
10-19 02:43:43.803 12085 12197 E PluginLoader: at android.app.ContextImpl.createAppContext(ContextImpl.java:2357)
10-19 02:43:43.803 12085 12197 E PluginLoader: at android.app.ActivityThread.handleBindApplication(ActivityThread.java:5821)
10-19 02:43:43.803 12085 12197 E PluginLoader: at android.app.ActivityThread.access$1200(ActivityThread.java:200)
10-19 02:43:43.803 12085 12197 E PluginLoader: at android.app.ActivityThread$H.handleMessage(ActivityThread.java:1673)
10-19 02:43:43.803 12085 12197 E PluginLoader: at android.os.Handler.dispatchMessage(Handler.java:106)
10-19 02:43:43.803 12085 12197 E PluginLoader: at android.os.Looper.loop(Looper.java:201)
10-19 02:43:43.803 12085 12197 E PluginLoader: at android.app.ActivityThread.main(ActivityThread.java:6810)
10-19 02:43:43.803 12085 12197 E PluginLoader: at java.lang.reflect.Method.invoke(Native Method)
10-19 02:43:43.803 12085 12197 E PluginLoader: at com.android.internal.os.RuntimeInit$MethodAndArgsCaller.run(RuntimeInit.java:547)
10-19 02:43:43.803 12085 12197 E PluginLoader: at com.android.internal.os.ZygoteInit.main(ZygoteInit.java:873)
10-19 02:43:43.803 12085 12197 I PluginLoader: Plugin: WYSIWYGPlugin initialization state: false
10-19 02:43:43.809 12085 12212 D com.disha.quickride.androidapp.common.AndroidRestClient.AndroidClientLogger: RestClient.callService response code : 200
10-19 02:43:43.848 12085 12212 D com.disha.quickride.androidapp.common.AndroidRestClient.AndroidClientLogger: RestClient.callService with httpRequestMethod = GET
10-19 02:43:43.895 12085 12117 V NativeCrypto: Registering com/google/android/gms/org/conscrypt/NativeCrypto's 284 native methods...
10-19 02:43:43.922 12085 12117 I ProviderInstaller: Installed default security provider GmsCore_OpenSSL
10-19 02:43:43.922 12085 12085 D com.disha.quickride.androidapp.startup.QuickRideApplication: ProviderInstaller.installIfNeededAsync onProviderInstalled
10-19 02:43:43.922 12085 12197 I b : Sending old Meta Events...
10-19 02:43:43.923 12085 12197 I ApxorSDK: ApxorSDK successfully initialized for: d25af8de489a0ca420f9540aed14013a
10-19 02:43:43.966 12085 12225 D com.disha.quickride.androidapp.common.AndroidRestClient.AndroidClientLogger: RestClient.callService response code : 200
10-19 02:43:43.984 12085 12216 D com.disha.quickride.androidapp.common.AndroidRestClient.AndroidClientLogger: RestClient.callService response code : 200
10-19 02:43:44.032 12085 12205 D com.disha.quickride.androidapp.common.AndroidRestClient.AndroidClientLogger: RestClient.callService response code : 200
10-19 02:43:44.047 12085 12220 D com.disha.quickride.androidapp.common.AndroidRestClient.AndroidClientLogger: RestClient.callService response code : 200
10-19 02:43:44.747 12085 12212 D com.disha.quickride.androidapp.common.AndroidRestClient.AndroidClientLogger: RestClient.callService response code : 200
10-19 02:43:44.800 12085 12122 I WM-WorkerWrapper: Worker result SUCCESS for Work [ id=45da2626-dc90-4e4d-9d2b-f021cd520a4a, tags={ com.disha.quickride.androidapp.notification.NotificationUpdateWorker } ]
10-19 02:43:44.828 12085 12222 D com.disha.quickride.androidapp.event.EventModuleSessionManager: Resuming complete user session
10-19 02:43:44.849 12085 12222 D com.disha.quickride.androidapp.event.EventServicePersistenceHelper: Purging old messages with condition : time <= 1571411624828
10-19 02:43:44.849 12085 12222 D com.disha.quickride.androidapp.event.EventServicePersistenceHelper: No of old messages purged : 0
10-19 02:43:44.858 12085 12222 D com.disha.quickride.androidapp.event.EventServicePersistenceHelper: 2 messages read from persistence
10-19 02:43:44.858 12085 12222 D com.disha.quickride.androidapp.event.RideMgmtEventServiceProxy: Initializing unprocessed messages from persistence
10-19 02:43:44.862 12085 12222 D com.disha.quickride.androidapp.event.EventServicePersistenceHelper: 0 unprocessed messages read from persistence
10-19 02:43:44.865 12085 12222 D com.disha.quickride.androidapp.event.EventServicePersistenceHelper: Purging old messages with condition : time <= 1571411624862
10-19 02:43:44.866 12085 12222 D com.disha.quickride.androidapp.event.EventServicePersistenceHelper: No of old messages purged : 0
10-19 02:43:44.874 12085 12222 D com.disha.quickride.androidapp.event.EventServicePersistenceHelper: 2 messages read from persistence
10-19 02:43:44.874 12085 12222 D com.disha.quickride.androidapp.event.LocationUpdateEventServiceProxy: Initializing unprocessed messages from persistence
10-19 02:43:44.878 12085 12222 D com.disha.quickride.androidapp.event.EventServicePersistenceHelper: 0 unprocessed messages read from persistence
10-19 02:43:44.878 12085 12222 D com.disha.quickride.androidapp.usermgmt.UserMessageListener: subscribeToUserMsgUpdates
10-19 02:43:44.879 12085 12222 D com.disha.quickride.androidapp.event.RideMgmtEventServiceProxy: Adding topic name to subscriptions queue :userMsg/80505598142049
10-19 02:43:44.901 12085 12222 D com.disha.quickride.androidapp.event.EventModuleSessionManager: Establishing event service connection
10-19 02:43:44.901 12085 12222 D com.disha.quickride.androidapp.event.RideMgmtEventServiceProxy: Entering dispatchAllMessagesArrivedBeforeSessionWasInitialized
10-19 02:43:44.901 12085 12222 D com.disha.quickride.androidapp.event.LocationUpdateEventServiceProxy: Entering dispatchAllMessagesArrivedBeforeSessionWasInitialized
10-19 02:43:44.902 12085 12127 D com.disha.quickride.androidapp.event.InitialMessagesDispatchTask: Dispatching initial messages
10-19 02:43:44.902 12085 12219 D com.disha.quickride.androidapp.event.InitialMessagesDispatchTask: Dispatching initial messages
10-19 02:43:44.911 12085 12222 I com.disha.quickride.androidapp.ridemgmt.RideManagementMqttProxy: subscribing to topic of existing rides
10-19 02:43:44.911 12085 12222 I com.disha.quickride.androidapp.ridemgmt.RideManagementMqttProxy: subscribing to topic of existing rider rides
10-19 02:43:44.911 12085 12222 D com.disha.quickride.androidapp.groupchat.RideGroupChatMqttListener: Subscribing to collection of rides
10-19 02:43:44.911 12085 12222 I com.disha.quickride.androidapp.ridemgmt.RideManagementMqttProxy: subscribing to topic of existing passenger rides
10-19 02:43:44.911 12085 12222 D com.disha.quickride.androidapp.groupchat.RideGroupChatMqttListener: Subscribing to collection of rides
10-19 02:43:44.916 12085 12218 D com.disha.quickride.androidapp.common.AndroidRestClient.AndroidClientLogger: RestClient.callService with httpRequestMethod = GET
10-19 02:43:45.784 12085 12218 D com.disha.quickride.androidapp.common.AndroidRestClient.AndroidClientLogger: RestClient.callService response code : 200
10-19 02:43:53.229 12085 12120 W DpmTcmClient: read failed bytes countRead: -1
10-19 02:43:56.579 12085 12115 I Registration: FCM Registration done
10-19 02:43:57.691 12085 12115 D Registration: POST: https://pn.netcoresmartech.com/pn_register -> data={"appid":"d25af8de489a0ca420f9540aed14013a","pushid":"d1fb11b7-4df0-47b6-abed- 77aee840eeb2","eventid":"25","sessionid":"1571433220579","identity":"80505598142049 ","tx":"1571433221271","token":"fwa- szoeETA:APA91bHci0grz9Bo7d2ooIIYiENK615t_d0Bzu0AgG_7pJYbB5enQIRzCCNsLwUWG2a7TXrm6qy qkT0aDVwVv-ZIRkNrURExQnBGt6m7qAra9IOvOEmRiOX4o96qup6DBNuUvVipcE_E","oldToken":"fwa- szoeETA:APA91bHci0grz9Bo7d2ooIIYiENK615t_d0Bzu0AgG_7pJYbB5enQIRzCCNsLwUWG2a7TXrm6qy qkT0aDVwVv- ZIRkNrURExQnBGt6m7qAra9IOvOEmRiOX4o96qup6DBNuUvVipcE_E","adid":"","ostype":"Android ","make":"Xiaomi","model":"Redmi Y3","osversion":"9","appname":"Quick Ride","appversion":"8.65","sdkversion":"1.1.3","cts":191019024356,"lat":null,"lng": null} --- 200 OK {"status":"success", "panelStatus":1}
10-19 02:43:57.695 12085 12115 I Registration: FCM Registration done
10-19 02:43:57.987 12085 12115 D Registration: POST: https://pn.netcoresmartech.com/pn_register -> data={"appid":"d25af8de489a0ca420f9540aed14013a","pushid":"d1fb11b7-4df0-47b6-abed- 77aee840eeb2","eventid":"25","sessionid":"1571433221284","identity":"80505598142049 ","tx":"1571433221284","token":"fwa- szoeETA:APA91bHci0grz9Bo7d2ooIIYiENK615t_d0Bzu0AgG_7pJYbB5enQIRzCCNsLwUWG2a7TXrm6qy qkT0aDVwVv-ZIRkNrURExQnBGt6m7qAra9IOvOEmRiOX4o96qup6DBNuUvVipcE_E","oldToken":"fwa- szoeETA:APA91bHci0grz9Bo7d2ooIIYiENK615t_d0Bzu0AgG_7pJYbB5enQIRzCCNsLwUWG2a7TXrm6qy qkT0aDVwVv- ZIRkNrURExQnBGt6m7qAra9IOvOEmRiOX4o96qup6DBNuUvVipcE_E","adid":"","ostype":"Android ","make":"Xiaomi","model":"Redmi Y3","osversion":"9","appname":"Quick Ride","appversion":"8.65","sdkversion":"1.1.3","cts":191019024357,"lat":null,"lng": null} --- 200 OK {"status":"success", "panelStatus":1}
10-19 02:43:58.243 12085 12115 D Registration: POST: https://pn.netcoresmartech.com/app_activity -> data={"eventid":"21","cts":191019024357,"appid":"d25af8de489a0ca420f9540aed14013a", "pushid":"d1fb11b7-4df0-47b6-abed- 77aee840eeb2","identity":"80505598142049","ostype":"Android","adid":"","make":"Xiao mi","model":"Redmi Y3","osversion":"9","appname":"Quick Ride","appversion":"8.65","sdkversion":"1.1.3","lat":null,"lng":null,"tx":"15714332 21284","sessionid":"1571433221284"} --- 200 OK {"status":"success"}
10-19 02:55:14.325 12085 12124 V NativeCrypto: SSL shutdown failed: ssl=0x7eaab8a1c8: I/O error during system call, Software caused connection abort
10-19 02:55:38.848 12085 12124 V NativeCrypto: SSL shutdown failed: ssl=0x7eaab8a408: I/O error during system call, Software caused connection abort
10-19 02:55:39.510 12085 12124 V NativeCrypto: SSL shutdown failed: ssl=0x7eaab8a708: I/O error during system call, Software caused connection abort --------- beginning of main
10-19 05:12:36.864 18708 18708 E disha.quickrid: Not starting debugger since process cannot load the jdwp agent.
10-19 05:12:36.905 18708 18708 I disha.quickrid: The ClassLoaderContext is a special shared library.
10-19 05:12:36.969 18708 18708 W disha.quickrid: JIT profile information will not be recorded: profile file does not exits.
10-19 05:12:36.969 18708 18708 I chatty : uid=10223(com.disha.quickride) identical 1 line
10-19 05:12:36.969 18708 18708 W disha.quickrid: JIT profile information will not be recorded: profile file does not exits.
10-19 05:12:36.986 18708 18708 I Perf : Connecting to perf service.
10-19 05:12:37.001 18708 18708 D com.disha.quickride.androidapp.startup.QuickRideApplication: QuickRideApplication is instantiated
10-19 05:12:37.008 18708 18708 I MultiDex: VM with version 2.1.0 has multidex support
10-19 05:12:37.009 18708 18708 I MultiDex: Installing application
10-19 05:12:37.009 18708 18708 I MultiDex: VM has multidex support, MultiDex support library is disabled.
10-19 05:12:37.009 18708 18708 I MultiDex: Installing application
10-19 05:12:37.009 18708 18708 I MultiDex: VM has multidex support, MultiDex support library is disabled.
10-19 05:12:37.085 18708 18708 D FirebaseApp: com.google.firebase.auth.FirebaseAuth is not linked. Skipping initialization.
10-19 05:12:37.086 18708 18708 D FirebaseApp: com.google.firebase.crash.FirebaseCrash is not linked. Skipping initialization.
10-19 05:12:37.087 18708 18708 I FirebaseInitProvider: FirebaseApp initialization successful
10-19 05:12:37.091 18708 18708 I CrashlyticsInitProvider: CrashlyticsInitProvider skipping initialization
10-19 05:12:37.093 18708 18708 E ApxorInitProvider: App Id is empty or null, couldn't initialize ApxorSDK
10-19 05:12:37.127 18708 18727 I FA : App measurement is starting up, version: 15300
10-19 05:12:37.127 18708 18727 I FA : To enable debug logging run: adb shell setprop log.tag.FA VERBOSE
10-19 05:12:37.136 18708 18727 I FA : To enable faster debug mode event logging run:
10-19 05:12:37.136 18708 18727 I FA : adb shell setprop debug.firebase.analytics.app com.disha.quickride
10-19 05:12:37.140 18708 18708 D com.disha.quickride.androidapp.startup.QuickRideApplication: QuickRideApplication is created
10-19 05:12:37.145 18708 18708 D com.disha.quickride.androidapp.startup.QuickRideApplication: enabled https protocols null
10-19 05:12:37.163 18708 18729 D NetworkSecurityConfig: No Network Security Config specified, using platform default
10-19 05:12:37.163 18708 18729 I DpmTcmClient: RegisterTcmMonitor from: $Proxy0
10-19 05:12:37.265 18708 18708 I WebViewFactory: Loading com.android.chrome version 77.0.3865.92 (code 386509237)
10-19 05:12:37.388 18708 18708 I cr_LibraryLoader: Time to load native libraries: 10 ms (timestamps 9347-9357)
10-19 05:12:37.424 18708 18708 I chromium: [INFO:library_loader_hooks.cc(51)] Chromium logging enabled: level = 0, default verbosity = 0
10-19 05:12:37.427 18708 18708 I cr_LibraryLoader: Expected native library version number "77.0.3865.92", actual native library version number "77.0.3865.92"
10-19 05:12:37.430 18708 18736 I CrashlyticsCore: Initializing Crashlytics 2.6.8.32
10-19 05:12:37.458 18708 18736 W com.facebook.appevents.AppEventsLogger: activateApp events are being logged automatically. There's no need to call activateApp explicitly, this is safe to remove.
10-19 05:12:37.467 18708 18736 I GAv4 : Google Analytics 12.4.51 is starting up. To enable debug logging on a device run:
10-19 05:12:37.467 18708 18736 I GAv4 : adb shell setprop log.tag.GAv4 DEBUG
10-19 05:12:37.467 18708 18736 I GAv4 : adb logcat -s GAv4
10-19 05:12:37.515 18708 18736 D AppsFlyer_4.9.0: Initializing AppsFlyer SDK: (v4.9.0.184)
10-19 05:12:37.517 18708 18736 D AppsFlyer_4.9.0: Done loading properties: true
10-19 05:12:37.522 18708 18790 W cr_ChildProcLH: Create a new ChildConnectionAllocator with package name = com.android.chrome, sandboxed = true
10-19 05:12:37.554 18708 18708 I cr_BrowserStartup: Initializing chromium process, singleProcess=false
10-19 05:12:37.806 18708 18816 W chromium: [WARNING:dns_config_service_posix.cc(339)] Failed to read DnsConfig.
10-19 05:12:37.856 18708 18708 D Netcore : checkValidUser: 0falsetrue
10-19 05:12:37.858 18708 18708 I chatty : uid=10223(com.disha.quickride) identical 1 line
10-19 05:12:37.860 18708 18708 D Netcore : checkValidUser: 0falsetrue
10-19 05:12:37.880 18708 18708 D com.disha.quickride.androidapp.startup.QuickRideApplication: Initializing Session Manager
10-19 05:12:37.892 18708 18836 D com.disha.quickride.androidapp.startup.session.SessionManagerController: Resuming user session
10-19 05:12:37.900 18708 18731 W DynamiteModule: Local module descriptor class for providerinstaller not found.
10-19 05:12:37.904 18708 18708 W Java7Support: Unable to load JDK7 types (annotations, java.nio.file.Path): no Java7 support added
10-19 05:12:37.910 18708 18836 D com.disha.quickride.androidapp.startup.session.SessionManager: Entering createNewSessionManager
10-19 05:12:37.910 18708 18836 D com.disha.quickride.androidapp.startup.session.SessionManager: Found Persistent session for user 80505598142049
10-19 05:12:37.910 18708 18836 D com.disha.quickride.androidapp.startup.session.SessionManager: Entering onResumeUserSession
10-19 05:12:37.910 18708 18836 D com.disha.quickride.androidapp.startup.session.SessionManager: Performing session change operation on com.disha.quickride.androidapp.common.serverConfig.ClientConfigurationModuleSession Manager@ab11162
10-19 05:12:37.911 18708 18836 D com.disha.quickride.androidapp.common.serverConfig.ClientConfigurationModuleSession Manager: Resuming basic user session
10-19 05:12:37.929 18708 18731 I DynamiteModule: Considering local module providerinstaller:0 and remote module providerinstaller:0
10-19 05:12:37.929 18708 18731 W ProviderInstaller: Failed to load providerinstaller module: No acceptable module found. Local version is 0 and remote version is 0.
10-19 05:12:37.933 18708 18836 D com.disha.quickride.androidapp.startup.session.SessionManager: Performing session change operation on com.disha.quickride.androidapp.usermgmt.UserModuleSessionManager@45d3109
10-19 05:12:37.934 18708 18836 D com.disha.quickride.androidapp.usermgmt.UserModuleSessionManager: Resume basic user session
10-19 05:12:37.989 18708 18731 I disha.quickrid: The ClassLoaderContext is a special shared library.
10-19 05:12:37.993 18708 18731 I disha.quickrid: The ClassLoaderContext is a special shared library.
10-19 05:12:38.036 18708 18739 W AnalyticsUserIDStore: initStore should have been called before calling setUserID
10-19 05:12:38.059 18708 18731 I disha.quickrid: The ClassLoaderContext is a special shared library.
10-19 05:12:38.063 18708 18739 W UserDataStore: initStore should have been called before calling setUserID
10-19 05:12:38.151 18708 18731 V NativeCrypto: Registering com/google/android/gms/org/conscrypt/NativeCrypto's 284 native methods...
10-19 05:12:38.234 18708 18731 I ProviderInstaller: Installed default security provider GmsCore_OpenSSL
10-19 05:12:38.235 18708 18708 D com.disha.quickride.androidapp.startup.QuickRideApplication: ProviderInstaller.installIfNeededAsync onProviderInstalled
10-19 05:12:38.459 18708 18858 D com.disha.quickride.androidapp.conversation.ConversationChatRestServiceClient: getPendingChatMessages80505598142049
10-19 05:12:38.487 18708 18836 D com.disha.quickride.androidapp.startup.session.SessionManager: Performing session change operation on com.disha.quickride.androidapp.event.EventModuleSessionManager@513897c
10-19 05:12:38.488 18708 18836 D com.disha.quickride.androidapp.startup.session.SessionManager: Performing session change operation on com.disha.quickride.androidapp.ridemgmt.RideMgmtModuleSessionHandler@20c125a
10-19 05:12:38.488 18708 18836 I com.disha.quickride.androidapp.ridemgmt.RideMgmtModuleSessionHandler: resumeBasicUserSession
10-19 05:12:38.568 18708 18836 I com.disha.quickride.androidapp.myrides.cache.MyActiveRidesCache: getting active rides of user after the current time
10-19 05:12:38.568 18708 18836 D com.disha.quickride.androidapp.myrides.cache.MyClosedRidesCache: Loading closed rides from local database
10-19 05:12:38.572 18708 18836 D com.disha.quickride.androidapp.myrides.cache.MyCompletedRidesCachePersistenceHelper : getting all rider rides from databse
10-19 05:12:38.580 18708 18863 E com.disha.quickride.androidapp.ridemgmt.SyncActiveRidesOfUserAsyncTask: SyncActiveRidesOfUser failed
10-19 05:12:38.580 18708 18863 E com.disha.quickride.androidapp.ridemgmt.SyncActiveRidesOfUserAsyncTask: com.disha.quickride.rest.client.RestClientException: [errorCode: 9204 ] [httpStatusCode: 500 ][userMsg: Data connection not found ][hintForCorrection: Please enable data connection ]
10-19 05:12:38.580 18708 18863 E com.disha.quickride.androidapp.ridemgmt.SyncActiveRidesOfUserAsyncTask: at com.disha.quickride.androidapp.common.AndroidRestClient.QuickRideServerRestClient.c heckDataConnectionAvailable(Unknown Source:14)
10-19 05:12:38.580 18708 18863 E com.disha.quickride.androidapp.ridemgmt.SyncActiveRidesOfUserAsyncTask: at com.disha.quickride.androidapp.common.AndroidRestClient.QuickRideServerRestClient.c allServiceForReturnObject(Unknown Source:0)
10-19 05:12:38.580 18708 18863 E com.disha.quickride.androidapp.ridemgmt.SyncActiveRidesOfUserAsyncTask: at com.disha.quickride.androidapp.common.AndroidRestClient.QuickRideServerRestClient.c allServiceWithParametersMapForReturnObject(Unknown Source:18)
10-19 05:12:38.580 18708 18863 E com.disha.quickride.androidapp.ridemgmt.SyncActiveRidesOfUserAsyncTask: at com.disha.quickride.androidapp.myrides.RideServicesClient.syncActiveRides(Unknown Source:26)
