10-19 05:12:38.580 18708 18863 E com.disha.quickride.androidapp.ridemgmt.SyncActiveRidesOfUserAsyncTask: at com.disha.quickride.androidapp.ridemgmt.SyncActiveRidesOfUserAsyncTask.doInBackgrou nd(Unknown Source:12)
10-19 05:12:38.580 18708 18863 E com.disha.quickride.androidapp.ridemgmt.SyncActiveRidesOfUserAsyncTask: at com.disha.quickride.androidapp.ridemgmt.SyncActiveRidesOfUserAsyncTask.doInBackgrou nd(Unknown Source:2)
10-19 05:12:38.580 18708 18863 E com.disha.quickride.androidapp.ridemgmt.SyncActiveRidesOfUserAsyncTask: at android.os.AsyncTask$2.call(AsyncTask.java:333)
10-19 05:12:38.580 18708 18863 E com.disha.quickride.androidapp.ridemgmt.SyncActiveRidesOfUserAsyncTask: at java.util.concurrent.FutureTask.run(FutureTask.java:266)
10-19 05:12:38.580 18708 18863 E com.disha.quickride.androidapp.ridemgmt.SyncActiveRidesOfUserAsyncTask: at java.util.concurrent.ThreadPoolExecutor.runWorker(ThreadPoolExecutor.java:1167)
10-19 05:12:38.580 18708 18863 E com.disha.quickride.androidapp.ridemgmt.SyncActiveRidesOfUserAsyncTask: at java.util.concurrent.ThreadPoolExecutor$Worker.run(ThreadPoolExecutor.java:641)
10-19 05:12:38.580 18708 18863 E com.disha.quickride.androidapp.ridemgmt.SyncActiveRidesOfUserAsyncTask: at java.lang.Thread.run(Thread.java:764)
10-19 05:12:38.623 18708 18836 D com.disha.quickride.androidapp.myrides.cache.MyCompletedRidesCachePersistenceHelper : getting all passenger rides
10-19 05:12:38.643 18708 18836 D com.disha.quickride.androidapp.myrides.cache.MyCompletedRidesCachePersistenceHelper : getting all regular passenger rides
10-19 05:12:38.654 18708 18836 D com.disha.quickride.androidapp.myrides.cache.MyCompletedRidesCachePersistenceHelper : getting all regular passenger rides
10-19 05:12:38.667 18708 18836 I com.disha.quickride.androidapp.usermgmt.cache.UserDataCache: getting of user name
10-19 05:12:38.668 18708 18836 D com.disha.quickride.androidapp.startup.session.SessionManagerController: Session change operation completed successfully
10-19 05:12:38.668 18708 18836 D com.disha.quickride.androidapp.startup.session.SessionResumeAsyncTask: Session resume operation completed
10-19 05:12:38.668 18708 18836 D com.disha.quickride.androidapp.notification.FCMTokenRegistrationHelper: Getting FCM token to update to server for user : 80505598142049
10-19 05:12:38.669 18708 18836 D com.disha.quickride.androidapp.startup.session.SessionSetupAsyncTask: Session change operation completed successfully
10-19 05:12:38.669 18708 18866 D com.disha.quickride.androidapp.startup.session.SetUserIdIdentifierToFabricAsyncTask : UserId set to Fabric
10-19 05:12:38.669 18708 18836 D com.disha.quickride.androidapp.startup.session.SessionManagerController: Starting WatchdogService
10-19 05:12:38.674 18708 18708 D com.disha.quickride.androidapp.notification.FCMTokenRegistrationHelper: FCM token for userId : 80505598142049 is : fwa- szoeETA:APA91bHci0grz9Bo7d2ooIIYiENK615t_d0Bzu0AgG_7pJYbB5enQIRzCCNsLwUWG2a7TXrm6qy qkT0aDVwVv-ZIRkNrURExQnBGt6m7qAra9IOvOEmRiOX4o96qup6DBNuUvVipcE_E
10-19 05:12:38.676 18708 18868 D com.disha.quickride.androidapp.notification.FCMTokenRegistrationAsyncTask: Updating client device id to server : fwa- szoeETA:APA91bHci0grz9Bo7d2ooIIYiENK615t_d0Bzu0AgG_7pJYbB5enQIRzCCNsLwUWG2a7TXrm6qy qkT0aDVwVv-ZIRkNrURExQnBGt6m7qAra9IOvOEmRiOX4o96qup6DBNuUvVipcE_E
10-19 05:12:38.679 18708 18868 E com.disha.quickride.androidapp.notification.FCMTokenRegistrationAsyncTask: Error while updating FCM registration token to server; User may not get FCM notifications
10-19 05:12:38.681 18708 18708 D com.disha.quickride.androidapp.util.NetworkStateReceiver: Start listening to network state changes
10-19 05:12:38.683 18708 18708 D com.disha.quickride.androidapp.util.NetworkStateReceiver: Received connection status changed intent Intent { act=android.net.conn.CONNECTIVITY_CHANGE flg=0x4200010 (has extras) }
10-19 05:12:38.684 18708 18836 E com.disha.quickride.androidapp.startup.session.SessionSetupAsyncTask: Error during session initialization :
10-19 05:12:38.684 18708 18836 E com.disha.quickride.androidapp.startup.session.SessionSetupAsyncTask: java.lang.IllegalStateException: Not allowed to start service Intent { cmp=com.disha.quickride/.androidapp.watchdog.QuickRideWatchdogService }: app is in background uid UidRecord{a5a0063 u0a223 CEM idle change:cached procs:1 seq(0,0,0)}
10-19 05:12:38.684 18708 18836 E com.disha.quickride.androidapp.startup.session.SessionSetupAsyncTask: at android.app.ContextImpl.startServiceCommon(ContextImpl.java:1587)
10-19 05:12:38.684 18708 18836 E com.disha.quickride.androidapp.startup.session.SessionSetupAsyncTask: at android.app.ContextImpl.startService(ContextImpl.java:1542)
10-19 05:12:38.684 18708 18836 E com.disha.quickride.androidapp.startup.session.SessionSetupAsyncTask: at android.content.ContextWrapper.startService(ContextWrapper.java:674)
10-19 05:12:38.684 18708 18836 E com.disha.quickride.androidapp.startup.session.SessionSetupAsyncTask: at com.disha.quickride.androidapp.startup.session.SessionManagerController.startWatchd ogServiceAndAlarmManager(Unknown Source:14)
10-19 05:12:38.684 18708 18836 E com.disha.quickride.androidapp.startup.session.SessionSetupAsyncTask: at com.disha.quickride.androidapp.startup.session.SessionManagerController.sessionChan geOperationCompleted(Unknown Source:24)
10-19 05:12:38.684 18708 18836 E com.disha.quickride.androidapp.startup.session.SessionSetupAsyncTask: at com.disha.quickride.androidapp.startup.session.SessionManagerController.resumeUserS ession(Unknown Source:110)
10-19 05:12:38.684 18708 18836 E com.disha.quickride.androidapp.startup.session.SessionSetupAsyncTask: at com.disha.quickride.androidapp.startup.session.SessionResumeAsyncTask.performSessio nInitializationOperation(Unknown Source:6)
10-19 05:12:38.684 18708 18836 E com.disha.quickride.androidapp.startup.session.SessionSetupAsyncTask: at com.disha.quickride.androidapp.startup.session.SessionSetupAsyncTask.doInBackground (Unknown Source:10)
10-19 05:12:38.684 18708 18836 E com.disha.quickride.androidapp.startup.session.SessionSetupAsyncTask: at com.disha.quickride.androidapp.startup.session.SessionSetupAsyncTask.doInBackground (Unknown Source:2)
10-19 05:12:38.684 18708 18836 E com.disha.quickride.androidapp.startup.session.SessionSetupAsyncTask: at android.os.AsyncTask$2.call(AsyncTask.java:333)
10-19 05:12:38.684 18708 18836 E com.disha.quickride.androidapp.startup.session.SessionSetupAsyncTask: at java.util.concurrent.FutureTask.run(FutureTask.java:266)
10-19 05:12:38.684 18708 18836 E com.disha.quickride.androidapp.startup.session.SessionSetupAsyncTask: at java.util.concurrent.ThreadPoolExecutor.runWorker(ThreadPoolExecutor.java:1167)
10-19 05:12:38.684 18708 18836 E com.disha.quickride.androidapp.startup.session.SessionSetupAsyncTask: at java.util.concurrent.ThreadPoolExecutor$Worker.run(ThreadPoolExecutor.java:641)
10-19 05:12:38.684 18708 18836 E com.disha.quickride.androidapp.startup.session.SessionSetupAsyncTask: at java.lang.Thread.run(Thread.java:764)
10-19 05:12:41.667 18708 18865 D com.disha.quickride.androidapp.event.EventModuleSessionManager: Resuming complete user session
10-19 05:12:41.679 18708 18865 D com.disha.quickride.androidapp.event.EventServicePersistenceHelper: Purging old messages with condition : time <= 1571420561668
10-19 05:12:41.685 18708 18865 D com.disha.quickride.androidapp.event.EventServicePersistenceHelper: No of old messages purged : 2
10-19 05:12:41.696 18708 18865 D com.disha.quickride.androidapp.event.EventServicePersistenceHelper: 0 messages read from persistence
10-19 05:12:41.697 18708 18865 D com.disha.quickride.androidapp.event.RideMgmtEventServiceProxy: Initializing unprocessed messages from persistence
10-19 05:12:41.702 18708 18865 D com.disha.quickride.androidapp.event.EventServicePersistenceHelper: 0 unprocessed messages read from persistence
10-19 05:12:41.707 18708 18865 D com.disha.quickride.androidapp.event.EventServicePersistenceHelper: Purging old messages with condition : time <= 1571420561702
10-19 05:12:41.708 18708 18865 D com.disha.quickride.androidapp.event.EventServicePersistenceHelper: No of old messages purged : 0
10-19 05:12:41.712 18708 18865 D com.disha.quickride.androidapp.event.EventServicePersistenceHelper: 0 messages read from persistence
10-19 05:12:41.712 18708 18865 D com.disha.quickride.androidapp.event.LocationUpdateEventServiceProxy: Initializing unprocessed messages from persistence
10-19 05:12:41.716 18708 18865 D com.disha.quickride.androidapp.event.EventServicePersistenceHelper: 0 unprocessed messages read from persistence
10-19 05:12:41.716 18708 18865 D com.disha.quickride.androidapp.usermgmt.UserMessageListener: subscribeToUserMsgUpdates
10-19 05:12:41.716 18708 18865 D com.disha.quickride.androidapp.event.RideMgmtEventServiceProxy: Adding topic name to subscriptions queue :userMsg/80505598142049
10-19 05:12:41.736 18708 18865 D com.disha.quickride.androidapp.event.EventModuleSessionManager: Establishing event service connection
10-19 05:12:41.736 18708 18865 D com.disha.quickride.androidapp.event.RideMgmtEventServiceProxy: Entering dispatchAllMessagesArrivedBeforeSessionWasInitialized
10-19 05:12:41.736 18708 18736 D com.disha.quickride.androidapp.event.InitialMessagesDispatchTask: Dispatching initial messages
10-19 05:12:41.736 18708 18865 D com.disha.quickride.androidapp.event.LocationUpdateEventServiceProxy: Entering dispatchAllMessagesArrivedBeforeSessionWasInitialized
10-19 05:12:41.740 18708 18845 D com.disha.quickride.androidapp.event.InitialMessagesDispatchTask: Dispatching initial messages
10-19 05:12:41.746 18708 18865 I com.disha.quickride.androidapp.ridemgmt.RideManagementMqttProxy: subscribing to topic of existing rides
10-19 05:12:41.746 18708 18865 I com.disha.quickride.androidapp.ridemgmt.RideManagementMqttProxy: subscribing to topic of existing rider rides
10-19 05:12:41.746 18708 18865 D com.disha.quickride.androidapp.groupchat.RideGroupChatMqttListener: Subscribing to collection of rides
10-19 05:12:41.746 18708 18865 I com.disha.quickride.androidapp.ridemgmt.RideManagementMqttProxy: subscribing to topic of existing passenger rides
10-19 05:12:41.746 18708 18865 D com.disha.quickride.androidapp.groupchat.RideGroupChatMqttListener: Subscribing to collection of rides
10-19 05:12:42.009 18708 18721 I disha.quickrid: Waiting for a blocking GC ProfileSaver
10-19 05:13:19.849 18708 18834 I PluginLoader: Plugin: ApxorRealtimeUIPlugin is loaded
10-19 05:13:19.850 18708 18834 I PluginLoader: Plugin: ApxorRealtimeUIPlugin initialization state: false
10-19 05:13:19.850 18708 18834 I PluginLoader: Plugin: CrashReporterPlugin is loaded
10-19 05:13:19.850 18708 18834 I PluginLoader: Plugin: CrashReporterPlugin initialization state: true
10-19 05:13:19.850 18708 18834 I PluginLoader: Plugin: PushPlugin is loaded
10-19 05:13:19.856 18708 18834 D FirebaseApp: com.google.firebase.auth.FirebaseAuth is not linked. Skipping initialization.
10-19 05:13:19.856 18708 18834 I PluginLoader: Plugin: PushPlugin initialization state: true
10-19 05:13:19.856 18708 18834 I PluginLoader: Plugin: SurveyPlugin is loaded
10-19 05:13:19.857 18708 18834 I PluginLoader: Plugin: SurveyPlugin initialization state: false
10-19 05:13:19.861 18708 18834 E PluginLoader: initialize:
10-19 05:13:19.861 18708 18834 E PluginLoader: java.lang.ClassNotFoundException: com.apxor.androidsdk.plugins.wysiwyg.WYSIWYGPlugin
10-19 05:13:19.861 18708 18834 E PluginLoader: at java.lang.Class.classForName(Native Method)
10-19 05:13:19.861 18708 18834 E PluginLoader: at java.lang.Class.forName(Class.java:453)
10-19 05:13:19.861 18708 18834 E PluginLoader: at java.lang.Class.forName(Class.java:378)
10-19 05:13:19.861 18708 18834 E PluginLoader: at com.apxor.androidsdk.core.pluginmanager.PluginLoader.a(Unknown Source:2)
10-19 05:13:19.861 18708 18834 E PluginLoader: at com.apxor.androidsdk.core.pluginmanager.PluginLoader.initialize(Unknown Source:45)
10-19 05:13:19.861 18708 18834 E PluginLoader: at com.apxor.androidsdk.core.SDKController$1$1.onComplete(Unknown Source:227)
10-19 05:13:19.861 18708 18834 E PluginLoader: at com.apxor.androidsdk.core.utils.network.a.a(Unknown Source:25)
10-19 05:13:19.861 18708 18834 E PluginLoader: at com.apxor.androidsdk.core.utils.network.a.a(Unknown Source:498)
10-19 05:13:19.861 18708 18834 E PluginLoader: at com.apxor.androidsdk.core.utils.network.a.a(Unknown Source:1)
10-19 05:13:19.861 18708 18834 E PluginLoader: at com.apxor.androidsdk.core.utils.network.b$3.run(Unknown Source:12)
10-19 05:13:19.861 18708 18834 E PluginLoader: at com.apxor.androidsdk.core.utils.network.b$4.run(Unknown Source:2)
10-19 05:13:19.861 18708 18834 E PluginLoader: at android.os.Handler.handleCallback(Handler.java:873)
10-19 05:13:19.861 18708 18834 E PluginLoader: at android.os.Handler.dispatchMessage(Handler.java:99)
10-19 05:13:19.861 18708 18834 E PluginLoader: at android.os.Looper.loop(Looper.java:201)
10-19 05:13:19.861 18708 18834 E PluginLoader: at android.os.HandlerThread.run(HandlerThread.java:65)
10-19 05:13:19.861 18708 18834 E PluginLoader: Caused by: java.lang.ClassNotFoundException: Didn't find class "com.apxor.androidsdk.plugins.wysiwyg.WYSIWYGPlugin" on path: DexPathList[[zip file "/system/framework/org.apache.http.legacy.boot.jar", zip file "/data/app/com.disha.quickride-sBc_lfpe8Lg-gv6TPtQs4w==/base.apk", zip file "/data/app/com.disha.quickride-sBc_lfpe8Lg- gv6TPtQs4w==/split_config.arm64_v8a.apk", zip file "/data/app/com.disha.quickride- sBc_lfpe8Lg-gv6TPtQs4w==/split_config.en.apk", zip file "/data/app/com.disha.quickride-sBc_lfpe8Lg- gv6TPtQs4w==/split_config.xhdpi.apk"],nativeLibraryDirectories=[/data/app/com.disha .quickride-sBc_lfpe8Lg-gv6TPtQs4w==/lib/arm64, /data/app/com.disha.quickride- sBc_lfpe8Lg-gv6TPtQs4w==/base.apk!/lib/arm64-v8a, /data/app/com.disha.quickride- sBc_lfpe8Lg-gv6TPtQs4w==/split_config.arm64_v8a.apk!/lib/arm64-v8a, /data/app/com.disha.quickride-sBc_lfpe8Lg- gv6TPtQs4w==/split_config.en.apk!/lib/arm64-v8a, /data/app/com.disha.quickride- sBc_lfpe8Lg-gv6TPtQs4w==/split_config.xhdpi.apk!/lib/arm64-v8a, /system/lib64]]
10-19 05:13:19.861 18708 18834 E PluginLoader: at dalvik.system.BaseDexClassLoader.findClass(BaseDexClassLoader.java:134)
10-19 05:13:19.861 18708 18834 E PluginLoader: at java.lang.ClassLoader.loadClass(ClassLoader.java:379)
10-19 05:13:19.861 18708 18834 E PluginLoader: at java.lang.ClassLoader.loadClass(ClassLoader.java:312)
10-19 05:13:19.861 18708 18834 E PluginLoader: ... 15 more
10-19 05:13:19.861 18708 18834 E PluginLoader: Suppressed: java.io.IOException: No original dex files found for dex location /data/app/com.disha.quickride- sBc_lfpe8Lg-gv6TPtQs4w==/split_config.arm64_v8a.apk
10-19 05:13:19.861 18708 18834 E PluginLoader: at dalvik.system.DexFile.openDexFileNative(Native Method)
10-19 05:13:19.861 18708 18834 E PluginLoader: at dalvik.system.DexFile.openDexFile(DexFile.java:354)
10-19 05:13:19.861 18708 18834 E PluginLoader: at dalvik.system.DexFile.<init>(DexFile.java:101)
10-19 05:13:19.861 18708 18834 E PluginLoader: at dalvik.system.DexFile.<init>(DexFile.java:75)
10-19 05:13:19.861 18708 18834 E PluginLoader: at dalvik.system.DexPathList.loadDexFile(DexPathList.java:394)
10-19 05:13:19.861 18708 18834 E PluginLoader: at dalvik.system.DexPathList.makeDexElements(DexPathList.java:354)
10-19 05:13:19.861 18708 18834 E PluginLoader: at dalvik.system.DexPathList.<init>(DexPathList.java:164)
10-19 05:13:19.861 18708 18834 E PluginLoader: at dalvik.system.BaseDexClassLoader.<init>(BaseDexClassLoader.java:74)
10-19 05:13:19.861 18708 18834 E PluginLoader: at dalvik.system.BaseDexClassLoader.<init>(BaseDexClassLoader.java:65)
10-19 05:13:19.861 18708 18834 E PluginLoader: at dalvik.system.PathClassLoader.<init>(PathClassLoader.java:64)
10-19 05:13:19.861 18708 18834 E PluginLoader: at com.android.internal.os.ClassLoaderFactory.createClassLoader(ClassLoaderFactory.jav a:73)
10-19 05:13:19.861 18708 18834 E PluginLoader: at com.android.internal.os.ClassLoaderFactory.createClassLoader(ClassLoaderFactory.jav a:88)
10-19 05:13:19.861 18708 18834 E PluginLoader: at android.app.ApplicationLoaders.getClassLoader(ApplicationLoaders.java:74)
10-19 05:13:19.861 18708 18834 E PluginLoader: at android.app.ApplicationLoaders.getClassLoader(ApplicationLoaders.java:40)
10-19 05:13:19.861 18708 18834 E PluginLoader: at android.app.LoadedApk.createOrUpdateClassLoaderLocked(LoadedApk.java:729)
10-19 05:13:19.861 18708 18834 E PluginLoader: at android.app.LoadedApk.getClassLoader(LoadedApk.java:812)
10-19 05:13:19.861 18708 18834 E PluginLoader: at android.app.LoadedApk.getResources(LoadedApk.java:1034)
10-19 05:13:19.861 18708 18834 E PluginLoader: at android.app.ContextImpl.createAppContext(ContextImpl.java:2357)
10-19 05:13:19.861 18708 18834 E PluginLoader: at android.app.ActivityThread.handleBindApplication(ActivityThread.java:5821)
10-19 05:13:19.861 18708 18834 E PluginLoader: at android.app.ActivityThread.access$1200(ActivityThread.java:200)
10-19 05:13:19.861 18708 18834 E PluginLoader: at android.app.ActivityThread$H.handleMessage(ActivityThread.java:1673)
10-19 05:13:19.861 18708 18834 E PluginLoader: at android.os.Handler.dispatchMessage(Handler.java:106)
10-19 05:13:19.861 18708 18834 E PluginLoader: at android.os.Looper.loop(Looper.java:201)
10-19 05:13:19.861 18708 18834 E PluginLoader: at android.app.ActivityThread.main(ActivityThread.java:6810)
10-19 05:13:19.861 18708 18834 E PluginLoader: at java.lang.reflect.Method.invoke(Native Method)
10-19 05:13:19.861 18708 18834 E PluginLoader: at com.android.internal.os.RuntimeInit$MethodAndArgsCaller.run(RuntimeInit.java:547)
10-19 05:13:19.861 18708 18834 E PluginLoader: at com.android.internal.os.ZygoteInit.main(ZygoteInit.java:873)
10-19 05:13:19.861 18708 18834 E PluginLoader: Suppressed: java.io.IOException: No original dex files found for dex location /data/app/com.disha.quickride- sBc_lfpe8Lg-gv6TPtQs4w==/split_config.en.apk
10-19 05:13:19.861 18708 18834 E PluginLoader: at dalvik.system.DexFile.openDexFileNative(Native Method)
10-19 05:13:19.861 18708 18834 E PluginLoader: at dalvik.system.DexFile.openDexFile(DexFile.java:354)
10-19 05:13:19.861 18708 18834 E PluginLoader: at dalvik.system.DexFile.<init>(DexFile.java:101)
10-19 05:13:19.861 18708 18834 E PluginLoader: at dalvik.system.DexFile.<init>(DexFile.java:75)
10-19 05:13:19.861 18708 18834 E PluginLoader: at dalvik.system.DexPathList.loadDexFile(DexPathList.java:394)
10-19 05:13:19.861 18708 18834 E PluginLoader: at dalvik.system.DexPathList.makeDexElements(DexPathList.java:354)
10-19 05:13:19.861 18708 18834 E PluginLoader: at dalvik.system.DexPathList.<init>(DexPathList.java:164)
10-19 05:13:19.861 18708 18834 E PluginLoader: at dalvik.system.BaseDexClassLoader.<init>(BaseDexClassLoader.java:74)
10-19 05:13:19.861 18708 18834 E PluginLoader: at dalvik.system.BaseDexClassLoader.<init>(BaseDexClassLoader.java:65)
10-19 05:13:19.861 18708 18834 E PluginLoader: at dalvik.system.PathClassLoader.<init>(PathClassLoader.java:64)
10-19 05:13:19.861 18708 18834 E PluginLoader: at com.android.internal.os.ClassLoaderFactory.createClassLoader(ClassLoaderFactory.jav a:73)
10-19 05:13:19.861 18708 18834 E PluginLoader: at com.android.internal.os.ClassLoaderFactory.createClassLoader(ClassLoaderFactory.jav a:88)
10-19 05:13:19.861 18708 18834 E PluginLoader: at android.app.ApplicationLoaders.getClassLoader(ApplicationLoaders.java:74)
10-19 05:13:19.861 18708 18834 E PluginLoader: at android.app.ApplicationLoaders.getClassLoader(ApplicationLoaders.java:40)
10-19 05:13:19.861 18708 18834 E PluginLoader: at android.app.LoadedApk.createOrUpdateClassLoaderLocked(LoadedApk.java:729)
10-19 05:13:19.861 18708 18834 E PluginLoader: at android.app.LoadedApk.getClassLoader(LoadedApk.java:812)
10-19 05:13:19.861 18708 18834 E PluginLoader: at android.app.LoadedApk.getResources(LoadedApk.java:1034)
10-19 05:13:19.861 18708 18834 E PluginLoader: at android.app.ContextImpl.createAppContext(ContextImpl.java:2357)
10-19 05:13:19.861 18708 18834 E PluginLoader: at android.app.ActivityThread.handleBindApplication(ActivityThread.java:5821)
10-19 05:13:19.861 18708 18834 E PluginLoader: at android.app.ActivityThread.access$1200(ActivityThread.java:200)
10-19 05:13:19.861 18708 18834 E PluginLoader: at android.app.ActivityThread$H.handleMessage(ActivityThread.java:1673)
10-19 05:13:19.861 18708 18834 E PluginLoader: at android.os.Handler.dispatchMessage(Handler.java:106)
10-19 05:13:19.861 18708 18834 E PluginLoader: at android.os.Looper.loop(Looper.java:201)
10-19 05:13:19.861 18708 18834 E PluginLoader: at android.app.ActivityThread.main(ActivityThread.java:6810)
10-19 05:13:19.861 18708 18834 E PluginLoader: at java.lang.reflect.Method.invoke(Native Method)
10-19 05:13:19.861 18708 18834 E PluginLoader: at com.android.internal.os.RuntimeInit$MethodAndArgsCaller.run(RuntimeInit.java:547)
10-19 05:13:19.861 18708 18834 E PluginLoader: at com.android.internal.os.ZygoteInit.main(ZygoteInit.java:873)
10-19 05:13:19.861 18708 18834 E PluginLoader: Suppressed: java.io.IOException: No original dex files found for dex location /data/app/com.disha.quickride- sBc_lfpe8Lg-gv6TPtQs4w==/split_config.xhdpi.apk
10-19 05:13:19.861 18708 18834 E PluginLoader: at dalvik.system.DexFile.openDexFileNative(Native Method)
10-19 05:13:19.861 18708 18834 E PluginLoader: at dalvik.system.DexFile.openDexFile(DexFile.java:354)
10-19 05:13:19.861 18708 18834 E PluginLoader: at dalvik.system.DexFile.<init>(DexFile.java:101)
10-19 05:13:19.861 18708 18834 E PluginLoader: at dalvik.system.DexFile.<init>(DexFile.java:75)
10-19 05:13:19.861 18708 18834 E PluginLoader: at dalvik.system.DexPathList.loadDexFile(DexPathList.java:394)
10-19 05:13:19.861 18708 18834 E PluginLoader: at dalvik.system.DexPathList.makeDexElements(DexPathList.java:354)
10-19 05:13:19.861 18708 18834 E PluginLoader: at dalvik.system.DexPathList.<init>(DexPathList.java:164)
10-19 05:13:19.861 18708 18834 E PluginLoader: at dalvik.system.BaseDexClassLoader.<init>(BaseDexClassLoader.java:74)
10-19 05:13:19.861 18708 18834 E PluginLoader: at dalvik.system.BaseDexClassLoader.<init>(BaseDexClassLoader.java:65)
10-19 05:13:19.861 18708 18834 E PluginLoader: at dalvik.system.PathClassLoader.<init>(PathClassLoader.java:64)
10-19 05:13:19.861 18708 18834 E PluginLoader: at com.android.internal.os.ClassLoaderFactory.createClassLoader(ClassLoaderFactory.jav a:73)
10-19 05:13:19.861 18708 18834 E PluginLoader: at com.android.internal.os.ClassLoaderFactory.createClassLoader(ClassLoaderFactory.jav a:88)
10-19 05:13:19.861 18708 18834 E PluginLoader: at android.app.ApplicationLoaders.getClassLoader(ApplicationLoaders.java:74)
10-19 05:13:19.861 18708 18834 E PluginLoader: at android.app.ApplicationLoaders.getClassLoader(ApplicationLoaders.java:40)
10-19 05:13:19.861 18708 18834 E PluginLoader: at android.app.LoadedApk.createOrUpdateClassLoaderLocked(LoadedApk.java:729)
10-19 05:13:19.861 18708 18834 E PluginLoader: at android.app.LoadedApk.getClassLoader(LoadedApk.java:812)
10-19 05:13:19.861 18708 18834 E PluginLoader: at android.app.LoadedApk.getResources(LoadedApk.java:1034)
10-19 05:13:19.861 18708 18834 E PluginLoader: at android.app.ContextImpl.createAppContext(ContextImpl.java:2357)
10-19 05:13:19.861 18708 18834 E PluginLoader: at android.app.ActivityThread.handleBindApplication(ActivityThread.java:5821)
10-19 05:13:19.861 18708 18834 E PluginLoader: at android.app.ActivityThread.access$1200(ActivityThread.java:200)
10-19 05:13:19.861 18708 18834 E PluginLoader: at android.app.ActivityThread$H.handleMessage(ActivityThread.java:1673)
10-19 05:13:19.861 18708 18834 E PluginLoader: at android.os.Handler.dispatchMessage(Handler.java:106)
10-19 05:13:19.861 18708 18834 E PluginLoader: at android.os.Looper.loop(Looper.java:201)
10-19 05:13:19.861 18708 18834 E PluginLoader: at android.app.ActivityThread.main(ActivityThread.java:6810)
10-19 05:13:19.861 18708 18834 E PluginLoader: at java.lang.reflect.Method.invoke(Native Method)
10-19 05:13:19.861 18708 18834 E PluginLoader: at com.android.internal.os.RuntimeInit$MethodAndArgsCaller.run(RuntimeInit.java:547)
10-19 05:13:19.861 18708 18834 E PluginLoader: at com.android.internal.os.ZygoteInit.main(ZygoteInit.java:873)
10-19 05:13:19.861 18708 18834 I PluginLoader: Plugin: WYSIWYGPlugin initialization state: false
10-19 05:13:19.995 18708 18834 I b : Sending old Meta Events...
10-19 05:13:20.003 18708 18834 I ApxorSDK: ApxorSDK successfully initialized for: d25af8de489a0ca420f9540aed14013a
10-19 05:14:24.714 18708 18747 E Fabric : Settings request failed.
10-19 05:14:24.714 18708 18747 E Fabric : dwf$c: java.net.SocketTimeoutException: failed to connect to settings.crashlytics.com/54.243.33.216 (port 443) from / 25.20.8.49 (port 44298) after 10000ms
10-19 05:14:24.714 18708 18747 E Fabric : at dwf.b(Unknown Source:15)
10-19 05:14:24.714 18708 18747 E Fabric : at dxa.a(Unknown Source:0)
10-19 05:14:24.714 18708 18747 E Fabric : at dxa.a(Unknown Source:69)
10-19 05:14:24.714 18708 18747 E Fabric : at dwy.a(Unknown Source:43)
10-19 05:14:24.714 18708 18747 E Fabric : at dwy.a(Unknown Source:2)
10-19 05:14:24.714 18708 18747 E Fabric : at dxf.c(Unknown Source:3)
10-19 05:14:24.714 18708 18747 E Fabric : at dty.g(Unknown Source:29)
10-19 05:14:24.714 18708 18747 E Fabric : at dty.c(Unknown Source:8)
10-19 05:14:24.714 18708 18747 E Fabric : at dty.f(Unknown Source:0)
10-19 05:14:24.714 18708 18747 E Fabric : at dtt.a(Unknown Source:14)
10-19 05:14:24.714 18708 18747 E Fabric : at dtt.doInBackground(Unknown Source:2)
10-19 05:14:24.714 18708 18747 E Fabric : at dvb$2.call(Unknown Source:19)
10-19 05:14:24.714 18708 18747 E Fabric : at java.util.concurrent.FutureTask.run(FutureTask.java:266)
10-19 05:14:24.714 18708 18747 E Fabric : at java.util.concurrent.Executors$RunnableAdapter.call(Executors.java:458)
10-19 05:14:24.714 18708 18747 E Fabric : at java.util.concurrent.FutureTask.run(FutureTask.java:266)
10-19 05:14:24.714 18708 18747 E Fabric : at java.util.concurrent.ThreadPoolExecutor.runWorker(ThreadPoolExecutor.java:1167)
10-19 05:14:24.714 18708 18747 E Fabric : at java.util.concurrent.ThreadPoolExecutor$Worker.run(ThreadPoolExecutor.java:641)
10-19 05:14:24.714 18708 18747 E Fabric : at java.lang.Thread.run(Thread.java:764)
10-19 05:14:24.714 18708 18747 E Fabric : Caused by: java.net.SocketTimeoutException: failed to connect to settings.crashlytics.com/54.243.33.216 (port 443) from /25.20.8.49 (port 44298) after 10000ms
10-19 05:14:24.714 18708 18747 E Fabric : at libcore.io.IoBridge.connectErrno(IoBridge.java:185)
10-19 05:14:24.714 18708 18747 E Fabric : at libcore.io.IoBridge.connect(IoBridge.java:129)
10-19 05:14:24.714 18708 18747 E Fabric : at java.net.PlainSocketImpl.socketConnect(PlainSocketImpl.java:137)
10-19 05:14:24.714 18708 18747 E Fabric : at java.net.AbstractPlainSocketImpl.doConnect(AbstractPlainSocketImpl.java:390)
10-19 05:14:24.714 18708 18747 E Fabric : at java.net.AbstractPlainSocketImpl.connectToAddress(AbstractPlainSocketImpl.java:230)
10-19 05:14:24.714 18708 18747 E Fabric : at java.net.AbstractPlainSocketImpl.connect(AbstractPlainSocketImpl.java:212)
10-19 05:14:24.714 18708 18747 E Fabric : at java.net.SocksSocketImpl.connect(SocksSocketImpl.java:436)
10-19 05:14:24.714 18708 18747 E Fabric : at java.net.Socket.connect(Socket.java:621)
10-19 05:14:24.714 18708 18747 E Fabric : at com.android.okhttp.internal.Platform.connectSocket(Platform.java:145)
10-19 05:14:24.714 18708 18747 E Fabric : at com.android.okhttp.internal.io.RealConnection.connectSocket(RealConnection.java:141 )
10-19 05:14:24.714 18708 18747 E Fabric : at com.android.okhttp.internal.io.RealConnection.connect(RealConnection.java:112)
10-19 05:14:24.714 18708 18747 E Fabric : at com.android.okhttp.internal.http.StreamAllocation.findConnection(StreamAllocation.j ava:184)
10-19 05:14:24.714 18708 18747 E Fabric : at com.android.okhttp.internal.http.StreamAllocation.findHealthyConnection(StreamAlloc ation.java:126)
10-19 05:14:24.714 18708 18747 E Fabric : at com.android.okhttp.internal.http.StreamAllocation.newStream(StreamAllocation.java:9 5)
10-19 05:14:24.714 18708 18747 E Fabric : at com.android.okhttp.internal.http.HttpEngine.connect(HttpEngine.java:281)
10-19 05:14:24.714 18708 18747 E Fabric : at com.android.okhttp.internal.http.HttpEngine.sendRequest(HttpEngine.java:224)
10-19 05:14:24.714 18708 18747 E Fabric : at com.android.okhttp.internal.huc.HttpURLConnectionImpl.execute(HttpURLConnectionImpl .java:461)
10-19 05:14:24.714 18708 18747 E Fabric : at com.android.okhttp.internal.huc.HttpURLConnectionImpl.getResponse(HttpURLConnection Impl.java:407)
10-19 05:14:24.714 18708 18747 E Fabric : at com.android.okhttp.internal.huc.HttpURLConnectionImpl.getResponseCode(HttpURLConnec tionImpl.java:538)
10-19 05:14:24.714 18708 18747 E Fabric : at com.android.okhttp.internal.huc.DelegatingHttpsURLConnection.getResponseCode(Delega tingHttpsURLConnection.java:105)
10-19 05:14:24.714 18708 18747 E Fabric : at com.android.okhttp.internal.huc.HttpsURLConnectionImpl.getResponseCode(HttpsURLConn ectionImpl.java:26)
10-19 05:14:24.714 18708 18747 E Fabric : at dwf.b(Unknown Source:7)
10-19 05:14:24.714 18708 18747 E Fabric : ... 17 more
10-19 05:16:13.351 18708 19052 I Registration: FCM Registration done
10-19 05:16:14.537 18708 19052 D Registration: POST: https://pn.netcoresmartech.com/pn_register -> data={"appid":"d25af8de489a0ca420f9540aed14013a","pushid":"d1fb11b7-4df0-47b6-abed- 77aee840eeb2","eventid":"25","sessionid":"1571442157249","identity":"80505598142049 ","tx":"1571442157849","token":"fwa- szoeETA:APA91bHci0grz9Bo7d2ooIIYiENK615t_d0Bzu0AgG_7pJYbB5enQIRzCCNsLwUWG2a7TXrm6qy qkT0aDVwVv-ZIRkNrURExQnBGt6m7qAra9IOvOEmRiOX4o96qup6DBNuUvVipcE_E","oldToken":"fwa- szoeETA:APA91bHci0grz9Bo7d2ooIIYiENK615t_d0Bzu0AgG_7pJYbB5enQIRzCCNsLwUWG2a7TXrm6qy qkT0aDVwVv- ZIRkNrURExQnBGt6m7qAra9IOvOEmRiOX4o96qup6DBNuUvVipcE_E","adid":"","ostype":"Android ","make":"Xiaomi","model":"Redmi Y3","osversion":"9","appname":"Quick Ride","appversion":"8.65","sdkversion":"1.1.3","cts":191019051613,"lat":null,"lng": null} --- 200 OK {"status":"success", "panelStatus":1}
10-19 05:16:14.541 18708 19052 I Registration: FCM Registration done
10-19 05:16:14.925 18708 19052 D Registration: POST: https://pn.netcoresmartech.com/pn_register -> data={"appid":"d25af8de489a0ca420f9540aed14013a","pushid":"d1fb11b7-4df0-47b6-abed- 77aee840eeb2","eventid":"25","sessionid":"1571442157856","identity":"80505598142049 ","tx":"1571442157856","token":"fwa- szoeETA:APA91bHci0grz9Bo7d2ooIIYiENK615t_d0Bzu0AgG_7pJYbB5enQIRzCCNsLwUWG2a7TXrm6qy qkT0aDVwVv-ZIRkNrURExQnBGt6m7qAra9IOvOEmRiOX4o96qup6DBNuUvVipcE_E","oldToken":"fwa- szoeETA:APA91bHci0grz9Bo7d2ooIIYiENK615t_d0Bzu0AgG_7pJYbB5enQIRzCCNsLwUWG2a7TXrm6qy qkT0aDVwVv- ZIRkNrURExQnBGt6m7qAra9IOvOEmRiOX4o96qup6DBNuUvVipcE_E","adid":"","ostype":"Android ","make":"Xiaomi","model":"Redmi Y3","osversion":"9","appname":"Quick Ride","appversion":"8.65","sdkversion":"1.1.3","cts":191019051614,"lat":null,"lng": null} --- 200 OK {"status":"success", "panelStatus":1}
10-19 05:16:15.245 18708 19052 D Registration: POST: https://pn.netcoresmartech.com/app_activity -> data={"eventid":"21","cts":191019051614,"appid":"d25af8de489a0ca420f9540aed14013a", "pushid":"d1fb11b7-4df0-47b6-abed- 77aee840eeb2","identity":"80505598142049","ostype":"Android","adid":"","make":"Xiao mi","model":"Redmi Y3","osversion":"9","appname":"Quick Ride","appversion":"8.65","sdkversion":"1.1.3","lat":null,"lng":null,"tx":"15714421 57858","sessionid":"1571442157856"} --- 200 OK {"status":"success"}
10-19 05:32:01.684 18708 18756 V NativeCrypto: SSL shutdown failed: ssl=0x7ea892ae88: I/O error during system call, Software caused connection abort --------- beginning of main
10-19 07:16:00.880 27367 27367 E disha.quickrid: Not starting debugger since process cannot load the jdwp agent.
10-19 07:16:00.922 27367 27367 I disha.quickrid: The ClassLoaderContext is a special shared library.
10-19 07:16:01.237 27367 27367 W disha.quickrid: JIT profile information will not be recorded: profile file does not exits.
10-19 07:16:01.237 27367 27367 I chatty : uid=10223(com.disha.quickride) identical 1 line
10-19 07:16:01.237 27367 27367 W disha.quickrid: JIT profile information will not be recorded: profile file does not exits.
10-19 07:16:01.282 27367 27367 I Perf : Connecting to perf service.
10-19 07:16:01.306 27367 27367 D com.disha.quickride.androidapp.startup.QuickRideApplication: QuickRideApplication is instantiated
10-19 07:16:01.313 27367 27367 I MultiDex: VM with version 2.1.0 has multidex support
10-19 07:16:01.313 27367 27367 I MultiDex: Installing application
10-19 07:16:01.313 27367 27367 I MultiDex: VM has multidex support, MultiDex support library is disabled.
10-19 07:16:01.313 27367 27367 I MultiDex: Installing application
10-19 07:16:01.313 27367 27367 I MultiDex: VM has multidex support, MultiDex support library is disabled.
10-19 07:16:01.376 27367 27367 D FirebaseApp: com.google.firebase.auth.FirebaseAuth is not linked. Skipping initialization.
10-19 07:16:01.377 27367 27367 D FirebaseApp: com.google.firebase.crash.FirebaseCrash is not linked. Skipping initialization.
10-19 07:16:01.378 27367 27367 I FirebaseInitProvider: FirebaseApp initialization successful
10-19 07:16:01.382 27367 27367 I CrashlyticsInitProvider: CrashlyticsInitProvider skipping initialization
10-19 07:16:01.383 27367 27367 E ApxorInitProvider: App Id is empty or null, couldn't initialize ApxorSDK
10-19 07:16:01.411 27367 27400 D NetworkSecurityConfig: No Network Security Config specified, using platform default
10-19 07:16:01.411 27367 27400 I DpmTcmClient: RegisterTcmMonitor from: $Proxy0
10-19 07:16:01.420 27367 27398 I FA : App measurement is starting up, version: 15300
10-19 07:16:01.420 27367 27398 I FA : To enable debug logging run: adb shell setprop log.tag.FA VERBOSE
10-19 07:16:01.420 27367 27398 I FA : To enable faster debug mode event logging run:
10-19 07:16:01.420 27367 27398 I FA : adb shell setprop debug.firebase.analytics.app com.disha.quickride
10-19 07:16:01.422 27367 27367 D com.disha.quickride.androidapp.startup.QuickRideApplication: QuickRideApplication is created
10-19 07:16:01.425 27367 27367 D com.disha.quickride.androidapp.startup.QuickRideApplication: enabled https protocols null
10-19 07:16:01.508 27367 27412 I CrashlyticsCore: Initializing Crashlytics 2.6.8.32
10-19 07:16:01.513 27367 27367 I WebViewFactory: Loading com.android.chrome version 77.0.3865.92 (code 386509237)
10-19 07:16:01.530 27367 27412 W com.facebook.appevents.AppEventsLogger: activateApp events are being logged automatically. There's no need to call activateApp explicitly, this is safe to remove.
10-19 07:16:01.532 27367 27412 I GAv4 : Google Analytics 12.4.51 is starting up. To enable debug logging on a device run:
10-19 07:16:01.532 27367 27412 I GAv4 : adb shell setprop log.tag.GAv4 DEBUG
10-19 07:16:01.532 27367 27412 I GAv4 : adb logcat -s GAv4
10-19 07:16:01.578 27367 27412 D AppsFlyer_4.9.0: Initializing AppsFlyer SDK: (v4.9.0.184)
10-19 07:16:01.581 27367 27412 D AppsFlyer_4.9.0: Done loading properties: true
10-19 07:16:01.611 27367 27367 I cr_LibraryLoader: Time to load native libraries: 3 ms (timestamps 3906-3909)
10-19 07:16:01.625 27367 27367 I chromium: [INFO:library_loader_hooks.cc(51)] Chromium logging enabled: level = 0, default verbosity = 0
10-19 07:16:01.625 27367 27367 I cr_LibraryLoader: Expected native library version number "77.0.3865.92", actual native library version number "77.0.3865.92"
10-19 07:16:01.649 27367 27453 W cr_ChildProcLH: Create a new ChildConnectionAllocator with package name = com.android.chrome, sandboxed = true
10-19 07:16:01.657 27367 27367 I cr_BrowserStartup: Initializing chromium process, singleProcess=false
10-19 07:16:01.734 27367 27477 W chromium: [WARNING:dns_config_service_posix.cc(339)] Failed to read DnsConfig.
10-19 07:16:01.777 27367 27367 D Netcore : checkValidUser: 0falsetrue
10-19 07:16:01.779 27367 27367 I chatty : uid=10223(com.disha.quickride) identical 1 line
10-19 07:16:01.779 27367 27367 D Netcore : checkValidUser: 0falsetrue
10-19 07:16:01.798 27367 27367 D com.disha.quickride.androidapp.startup.QuickRideApplication: Initializing Session Manager
10-19 07:16:01.805 27367 27504 D com.disha.quickride.androidapp.startup.session.SessionManagerController: Resuming user session
10-19 07:16:01.805 27367 27504 D com.disha.quickride.androidapp.startup.session.SessionManager: Entering createNewSessionManager
10-19 07:16:01.805 27367 27504 D com.disha.quickride.androidapp.startup.session.SessionManager: Found Persistent session for user 80505598142049
10-19 07:16:01.805 27367 27504 D com.disha.quickride.androidapp.startup.session.SessionManager: Entering onResumeUserSession
10-19 07:16:01.805 27367 27504 D com.disha.quickride.androidapp.startup.session.SessionManager: Performing session change operation on com.disha.quickride.androidapp.common.serverConfig.ClientConfigurationModuleSession Manager@c8fa857
10-19 07:16:01.806 27367 27504 D com.disha.quickride.androidapp.common.serverConfig.ClientConfigurationModuleSession Manager: Resuming basic user session
10-19 07:16:01.810 27367 27402 W DynamiteModule: Local module descriptor class for providerinstaller not found.
10-19 07:16:01.820 27367 27367 W Java7Support: Unable to load JDK7 types (annotations, java.nio.file.Path): no Java7 support added
10-19 07:16:01.824 27367 27402 I DynamiteModule: Considering local module providerinstaller:0 and remote module providerinstaller:0
10-19 07:16:01.824 27367 27402 W ProviderInstaller: Failed to load providerinstaller module: No acceptable module found. Local version is 0 and remote version is 0.
10-19 07:16:01.827 27367 27402 I disha.quickrid: The ClassLoaderContext is a special shared library.
10-19 07:16:01.830 27367 27402 I chatty : uid=10223(com.disha.quickride) AsyncTask #2 identical 1 line
10-19 07:16:01.834 27367 27402 I disha.quickrid: The ClassLoaderContext is a special shared library.
10-19 07:16:01.838 27367 27504 D com.disha.quickride.androidapp.startup.session.SessionManager: Performing session change operation on com.disha.quickride.androidapp.usermgmt.UserModuleSessionManager@45d3109
10-19 07:16:01.839 27367 27504 D com.disha.quickride.androidapp.usermgmt.UserModuleSessionManager: Resume basic user session
10-19 07:16:01.927 27367 27407 W AnalyticsUserIDStore: initStore should have been called before calling setUserID
10-19 07:16:01.941 27367 27407 W UserDataStore: initStore should have been called before calling setUserID
10-19 07:16:01.979 27367 27402 V NativeCrypto: Registering com/google/android/gms/org/conscrypt/NativeCrypto's 284 native methods...
10-19 07:16:02.021 27367 27402 I ProviderInstaller: Installed default security provider GmsCore_OpenSSL
10-19 07:16:02.021 27367 27367 D com.disha.quickride.androidapp.startup.QuickRideApplication: ProviderInstaller.installIfNeededAsync onProviderInstalled
10-19 07:16:02.130 27367 27516 D com.disha.quickride.androidapp.conversation.ConversationChatRestServiceClient: getPendingChatMessages80505598142049
10-19 07:16:02.158 27367 27504 D com.disha.quickride.androidapp.startup.session.SessionManager: Performing session change operation on com.disha.quickride.androidapp.event.EventModuleSessionManager@cf93981
10-19 07:16:02.159 27367 27504 D com.disha.quickride.androidapp.startup.session.SessionManager: Performing session change operation on com.disha.quickride.androidapp.ridemgmt.RideMgmtModuleSessionHandler@84e4667
10-19 07:16:02.159 27367 27504 I com.disha.quickride.androidapp.ridemgmt.RideMgmtModuleSessionHandler: resumeBasicUserSession
10-19 07:16:02.253 27367 27504 I com.disha.quickride.androidapp.myrides.cache.MyActiveRidesCache: getting active rides of user after the current time
10-19 07:16:02.253 27367 27504 D com.disha.quickride.androidapp.myrides.cache.MyClosedRidesCache: Loading closed rides from local database
10-19 07:16:02.257 27367 27519 E com.disha.quickride.androidapp.ridemgmt.SyncActiveRidesOfUserAsyncTask: SyncActiveRidesOfUser failed
10-19 07:16:02.257 27367 27519 E com.disha.quickride.androidapp.ridemgmt.SyncActiveRidesOfUserAsyncTask: com.disha.quickride.rest.client.RestClientException: [errorCode: 9204 ] [httpStatusCode: 500 ][userMsg: Data connection not found ][hintForCorrection: Please enable data connection ]
10-19 07:16:02.257 27367 27519 E com.disha.quickride.androidapp.ridemgmt.SyncActiveRidesOfUserAsyncTask: at com.disha.quickride.androidapp.common.AndroidRestClient.QuickRideServerRestClient.c heckDataConnectionAvailable(Unknown Source:14)
10-19 07:16:02.257 27367 27519 E com.disha.quickride.androidapp.ridemgmt.SyncActiveRidesOfUserAsyncTask: at com.disha.quickride.androidapp.common.AndroidRestClient.QuickRideServerRestClient.c allServiceForReturnObject(Unknown Source:0)
10-19 07:16:02.257 27367 27519 E com.disha.quickride.androidapp.ridemgmt.SyncActiveRidesOfUserAsyncTask: at com.disha.quickride.androidapp.common.AndroidRestClient.QuickRideServerRestClient.c allServiceWithParametersMapForReturnObject(Unknown Source:18)
10-19 07:16:02.257 27367 27519 E com.disha.quickride.androidapp.ridemgmt.SyncActiveRidesOfUserAsyncTask: at com.disha.quickride.androidapp.myrides.RideServicesClient.syncActiveRides(Unknown Source:26)
10-19 07:16:02.257 27367 27519 E com.disha.quickride.androidapp.ridemgmt.SyncActiveRidesOfUserAsyncTask: at com.disha.quickride.androidapp.ridemgmt.SyncActiveRidesOfUserAsyncTask.doInBackgrou nd(Unknown Source:12)
10-19 07:16:02.257 27367 27519 E com.disha.quickride.androidapp.ridemgmt.SyncActiveRidesOfUserAsyncTask: at com.disha.quickride.androidapp.ridemgmt.SyncActiveRidesOfUserAsyncTask.doInBackgrou nd(Unknown Source:2)
10-19 07:16:02.257 27367 27519 E com.disha.quickride.androidapp.ridemgmt.SyncActiveRidesOfUserAsyncTask: at android.os.AsyncTask$2.call(AsyncTask.java:333)
10-19 07:16:02.257 27367 27519 E com.disha.quickride.androidapp.ridemgmt.SyncActiveRidesOfUserAsyncTask: at java.util.concurrent.FutureTask.run(FutureTask.java:266)
10-19 07:16:02.257 27367 27519 E com.disha.quickride.androidapp.ridemgmt.SyncActiveRidesOfUserAsyncTask: at java.util.concurrent.ThreadPoolExecutor.runWorker(ThreadPoolExecutor.java:1167)
10-19 07:16:02.257 27367 27519 E com.disha.quickride.androidapp.ridemgmt.SyncActiveRidesOfUserAsyncTask: at java.util.concurrent.ThreadPoolExecutor$Worker.run(ThreadPoolExecutor.java:641)
10-19 07:16:02.257 27367 27519 E com.disha.quickride.androidapp.ridemgmt.SyncActiveRidesOfUserAsyncTask: at java.lang.Thread.run(Thread.java:764)
10-19 07:16:02.259 27367 27504 D com.disha.quickride.androidapp.myrides.cache.MyCompletedRidesCachePersistenceHelper : getting all rider rides from databse
10-19 07:16:02.263 27367 27504 D com.disha.quickride.androidapp.myrides.cache.MyCompletedRidesCachePersistenceHelper : getting all passenger rides
10-19 07:16:02.274 27367 27504 D com.disha.quickride.androidapp.myrides.cache.MyCompletedRidesCachePersistenceHelper : getting all regular passenger rides
10-19 07:16:02.278 27367 27504 D com.disha.quickride.androidapp.myrides.cache.MyCompletedRidesCachePersistenceHelper : getting all regular passenger rides
10-19 07:16:02.290 27367 27504 I com.disha.quickride.androidapp.usermgmt.cache.UserDataCache: getting of user name
10-19 07:16:02.291 27367 27504 D com.disha.quickride.androidapp.startup.session.SessionManagerController: Session change operation completed successfully
10-19 07:16:02.291 27367 27504 D com.disha.quickride.androidapp.startup.session.SessionResumeAsyncTask: Session resume operation completed
10-19 07:16:02.291 27367 27504 D com.disha.quickride.androidapp.notification.FCMTokenRegistrationHelper: Getting FCM token to update to server for user : 80505598142049
10-19 07:16:02.292 27367 27521 D com.disha.quickride.androidapp.startup.session.SetUserIdIdentifierToFabricAsyncTask : UserId set to Fabric
10-19 07:16:02.292 27367 27504 D com.disha.quickride.androidapp.startup.session.SessionSetupAsyncTask: Session change operation completed successfully
10-19 07:16:02.292 27367 27504 D com.disha.quickride.androidapp.startup.session.SessionManagerController: Starting WatchdogService
10-19 07:16:02.294 27367 27504 E com.disha.quickride.androidapp.startup.session.SessionSetupAsyncTask: Error during session initialization :
10-19 07:16:02.294 27367 27504 E com.disha.quickride.androidapp.startup.session.SessionSetupAsyncTask: java.lang.IllegalStateException: Not allowed to start service Intent { cmp=com.disha.quickride/.androidapp.watchdog.QuickRideWatchdogService }: app is in background uid UidRecord{1266087 u0a223 CEM idle change:cached procs:1 seq(0,0,0)}
10-19 07:16:02.294 27367 27504 E com.disha.quickride.androidapp.startup.session.SessionSetupAsyncTask: at android.app.ContextImpl.startServiceCommon(ContextImpl.java:1587)
10-19 07:16:02.294 27367 27504 E com.disha.quickride.androidapp.startup.session.SessionSetupAsyncTask: at android.app.ContextImpl.startService(ContextImpl.java:1542)
10-19 07:16:02.294 27367 27504 E com.disha.quickride.androidapp.startup.session.SessionSetupAsyncTask: at android.content.ContextWrapper.startService(ContextWrapper.java:674)
10-19 07:16:02.294 27367 27504 E com.disha.quickride.androidapp.startup.session.SessionSetupAsyncTask: at com.disha.quickride.androidapp.startup.session.SessionManagerController.startWatchd ogServiceAndAlarmManager(Unknown Source:14)
10-19 07:16:02.294 27367 27504 E com.disha.quickride.androidapp.startup.session.SessionSetupAsyncTask: at com.disha.quickride.androidapp.startup.session.SessionManagerController.sessionChan geOperationCompleted(Unknown Source:24)
10-19 07:16:02.294 27367 27504 E com.disha.quickride.androidapp.startup.session.SessionSetupAsyncTask: at com.disha.quickride.androidapp.startup.session.SessionManagerController.resumeUserS ession(Unknown Source:110)
10-19 07:16:02.294 27367 27504 E com.disha.quickride.androidapp.startup.session.SessionSetupAsyncTask: at com.disha.quickride.androidapp.startup.session.SessionResumeAsyncTask.performSessio nInitializationOperation(Unknown Source:6)
10-19 07:16:02.294 27367 27504 E com.disha.quickride.androidapp.startup.session.SessionSetupAsyncTask: at com.disha.quickride.androidapp.startup.session.SessionSetupAsyncTask.doInBackground (Unknown Source:10)
10-19 07:16:02.294 27367 27504 E com.disha.quickride.androidapp.startup.session.SessionSetupAsyncTask: at com.disha.quickride.androidapp.startup.session.SessionSetupAsyncTask.doInBackground (Unknown Source:2)
10-19 07:16:02.294 27367 27504 E com.disha.quickride.androidapp.startup.session.SessionSetupAsyncTask: at android.os.AsyncTask$2.call(AsyncTask.java:333)
10-19 07:16:02.294 27367 27504 E com.disha.quickride.androidapp.startup.session.SessionSetupAsyncTask: at java.util.concurrent.FutureTask.run(FutureTask.java:266)
10-19 07:16:02.294 27367 27504 E com.disha.quickride.androidapp.startup.session.SessionSetupAsyncTask: at java.util.concurrent.ThreadPoolExecutor.runWorker(ThreadPoolExecutor.java:1167)
10-19 07:16:02.294 27367 27504 E com.disha.quickride.androidapp.startup.session.SessionSetupAsyncTask: at java.util.concurrent.ThreadPoolExecutor$Worker.run(ThreadPoolExecutor.java:641)
10-19 07:16:02.294 27367 27504 E com.disha.quickride.androidapp.startup.session.SessionSetupAsyncTask: at java.lang.Thread.run(Thread.java:764)
10-19 07:16:02.298 27367 27367 D com.disha.quickride.androidapp.notification.FCMTokenRegistrationHelper: FCM token for userId : 80505598142049 is : fwa- szoeETA:APA91bHci0grz9Bo7d2ooIIYiENK615t_d0Bzu0AgG_7pJYbB5enQIRzCCNsLwUWG2a7TXrm6qy qkT0aDVwVv-ZIRkNrURExQnBGt6m7qAra9IOvOEmRiOX4o96qup6DBNuUvVipcE_E
10-19 07:16:02.299 27367 27523 D com.disha.quickride.androidapp.notification.FCMTokenRegistrationAsyncTask: Updating client device id to server : fwa- szoeETA:APA91bHci0grz9Bo7d2ooIIYiENK615t_d0Bzu0AgG_7pJYbB5enQIRzCCNsLwUWG2a7TXrm6qy qkT0aDVwVv-ZIRkNrURExQnBGt6m7qAra9IOvOEmRiOX4o96qup6DBNuUvVipcE_E
10-19 07:16:02.305 27367 27523 E com.disha.quickride.androidapp.notification.FCMTokenRegistrationAsyncTask: Error while updating FCM registration token to server; User may not get FCM notifications
10-19 07:16:02.306 27367 27367 D com.disha.quickride.androidapp.util.NetworkStateReceiver: Start listening to network state changes
10-19 07:16:02.309 27367 27367 D com.disha.quickride.androidapp.util.NetworkStateReceiver: Received connection status changed intent Intent { act=android.net.conn.CONNECTIVITY_CHANGE flg=0x4200010 (has extras) }
10-19 07:16:05.290 27367 27520 D com.disha.quickride.androidapp.event.EventModuleSessionManager: Resuming complete user session
10-19 07:16:05.355 27367 27520 D com.disha.quickride.androidapp.event.EventServicePersistenceHelper: Purging old messages with condition : time <= 1571427965291
10-19 07:16:05.355 27367 27520 D com.disha.quickride.androidapp.event.EventServicePersistenceHelper: No of old messages purged : 0
10-19 07:16:05.359 27367 27520 D com.disha.quickride.androidapp.event.EventServicePersistenceHelper: 0 messages read from persistence
10-19 07:16:05.359 27367 27520 D com.disha.quickride.androidapp.event.RideMgmtEventServiceProxy: Initializing unprocessed messages from persistence
10-19 07:16:05.363 27367 27520 D com.disha.quickride.androidapp.event.EventServicePersistenceHelper: 0 unprocessed messages read from persistence
10-19 07:16:05.366 27367 27520 D com.disha.quickride.androidapp.event.EventServicePersistenceHelper: Purging old messages with condition : time <= 1571427965363
10-19 07:16:05.366 27367 27520 D com.disha.quickride.androidapp.event.EventServicePersistenceHelper: No of old messages purged : 0
10-19 07:16:05.369 27367 27520 D com.disha.quickride.androidapp.event.EventServicePersistenceHelper: 0 messages read from persistence
10-19 07:16:05.370 27367 27520 D com.disha.quickride.androidapp.event.LocationUpdateEventServiceProxy: Initializing unprocessed messages from persistence
