10-19 15:46:05.377 6461 6579 E PluginLoader: at android.app.ActivityThread$H.handleMessage(ActivityThread.java:1673)
10-19 15:46:05.377 6461 6579 E PluginLoader: at android.os.Handler.dispatchMessage(Handler.java:106)
10-19 15:46:05.377 6461 6579 E PluginLoader: at android.os.Looper.loop(Looper.java:201)
10-19 15:46:05.377 6461 6579 E PluginLoader: at android.app.ActivityThread.main(ActivityThread.java:6810)
10-19 15:46:05.377 6461 6579 E PluginLoader: at java.lang.reflect.Method.invoke(Native Method)
10-19 15:46:05.377 6461 6579 E PluginLoader: at com.android.internal.os.RuntimeInit$MethodAndArgsCaller.run(RuntimeInit.java:547)
10-19 15:46:05.377 6461 6579 E PluginLoader: at com.android.internal.os.ZygoteInit.main(ZygoteInit.java:873)
10-19 15:46:05.377 6461 6579 E PluginLoader: Suppressed: java.io.IOException: No original dex files found for dex location /data/app/com.disha.quickride- sBc_lfpe8Lg-gv6TPtQs4w==/split_config.xhdpi.apk
10-19 15:46:05.377 6461 6579 E PluginLoader: at dalvik.system.DexFile.openDexFileNative(Native Method)
10-19 15:46:05.377 6461 6579 E PluginLoader: at dalvik.system.DexFile.openDexFile(DexFile.java:354)
10-19 15:46:05.377 6461 6579 E PluginLoader: at dalvik.system.DexFile.<init>(DexFile.java:101)
10-19 15:46:05.377 6461 6579 E PluginLoader: at dalvik.system.DexFile.<init>(DexFile.java:75)
10-19 15:46:05.377 6461 6579 E PluginLoader: at dalvik.system.DexPathList.loadDexFile(DexPathList.java:394)
10-19 15:46:05.377 6461 6579 E PluginLoader: at dalvik.system.DexPathList.makeDexElements(DexPathList.java:354)
10-19 15:46:05.377 6461 6579 E PluginLoader: at dalvik.system.DexPathList.<init>(DexPathList.java:164)
10-19 15:46:05.377 6461 6579 E PluginLoader: at dalvik.system.BaseDexClassLoader.<init>(BaseDexClassLoader.java:74)
10-19 15:46:05.377 6461 6579 E PluginLoader: at dalvik.system.BaseDexClassLoader.<init>(BaseDexClassLoader.java:65)
10-19 15:46:05.377 6461 6579 E PluginLoader: at dalvik.system.PathClassLoader.<init>(PathClassLoader.java:64)
10-19 15:46:05.377 6461 6579 E PluginLoader: at com.android.internal.os.ClassLoaderFactory.createClassLoader(ClassLoaderFactory.jav a:73)
10-19 15:46:05.377 6461 6579 E PluginLoader: at com.android.internal.os.ClassLoaderFactory.createClassLoader(ClassLoaderFactory.jav a:88)
10-19 15:46:05.377 6461 6579 E PluginLoader: at android.app.ApplicationLoaders.getClassLoader(ApplicationLoaders.java:74)
10-19 15:46:05.377 6461 6579 E PluginLoader: at android.app.ApplicationLoaders.getClassLoader(ApplicationLoaders.java:40)
10-19 15:46:05.377 6461 6579 E PluginLoader: at android.app.LoadedApk.createOrUpdateClassLoaderLocked(LoadedApk.java:729)
10-19 15:46:05.377 6461 6579 E PluginLoader: at android.app.LoadedApk.getClassLoader(LoadedApk.java:812)
10-19 15:46:05.377 6461 6579 E PluginLoader: at android.app.LoadedApk.getResources(LoadedApk.java:1034)
10-19 15:46:05.377 6461 6579 E PluginLoader: at android.app.ContextImpl.createAppContext(ContextImpl.java:2357)
10-19 15:46:05.377 6461 6579 E PluginLoader: at android.app.ActivityThread.handleBindApplication(ActivityThread.java:5821)
10-19 15:46:05.377 6461 6579 E PluginLoader: at android.app.ActivityThread.access$1200(ActivityThread.java:200)
10-19 15:46:05.377 6461 6579 E PluginLoader: at android.app.ActivityThread$H.handleMessage(ActivityThread.java:1673)
10-19 15:46:05.377 6461 6579 E PluginLoader: at android.os.Handler.dispatchMessage(Handler.java:106)
10-19 15:46:05.377 6461 6579 E PluginLoader: at android.os.Looper.loop(Looper.java:201)
10-19 15:46:05.377 6461 6579 E PluginLoader: at android.app.ActivityThread.main(ActivityThread.java:6810)
10-19 15:46:05.377 6461 6579 E PluginLoader: at java.lang.reflect.Method.invoke(Native Method)
10-19 15:46:05.377 6461 6579 E PluginLoader: at com.android.internal.os.RuntimeInit$MethodAndArgsCaller.run(RuntimeInit.java:547)
10-19 15:46:05.377 6461 6579 E PluginLoader: at com.android.internal.os.ZygoteInit.main(ZygoteInit.java:873)
10-19 15:46:05.377 6461 6579 I PluginLoader: Plugin: WYSIWYGPlugin initialization state: false
10-19 15:46:05.399 6461 6587 D com.disha.quickride.androidapp.common.AndroidRestClient.AndroidClientLogger: RestClient.callService response code : 200
10-19 15:46:05.407 6461 6488 W DynamiteModule: Local module descriptor class for providerinstaller not found.
10-19 15:46:05.420 6461 6488 I DynamiteModule: Considering local module providerinstaller:0 and remote module providerinstaller:0
10-19 15:46:05.420 6461 6488 W ProviderInstaller: Failed to load providerinstaller module: No acceptable module found. Local version is 0 and remote version is 0.
10-19 15:46:05.443 6461 6488 I disha.quickrid: The ClassLoaderContext is a special shared library.
10-19 15:46:05.446 6461 6488 I chatty : uid=10223(com.disha.quickride) AsyncTask #2 identical 1 line
10-19 15:46:05.449 6461 6488 I disha.quickrid: The ClassLoaderContext is a special shared library.
10-19 15:46:05.453 6461 6600 D com.disha.quickride.androidapp.common.AndroidRestClient.AndroidClientLogger: RestClient.callService response code : 200
10-19 15:46:05.466 6461 6489 E GraphResponse: {HttpStatus: 400, errorCode: 43003, subErrorCode: -1, errorType: OAuthException, errorMessage: (#43003) App button auto detection is disabled}
10-19 15:46:05.468 6461 6598 D com.disha.quickride.androidapp.common.AndroidRestClient.AndroidClientLogger: RestClient.callService response code : 200
10-19 15:46:05.482 6461 6598 D com.disha.quickride.androidapp.common.AndroidRestClient.AndroidClientLogger: RestClient.callService with httpRequestMethod = GET
10-19 15:46:05.520 6461 6579 I b : Sending old Meta Events...
10-19 15:46:05.520 6461 6579 I ApxorSDK: ApxorSDK successfully initialized for: d25af8de489a0ca420f9540aed14013a
10-19 15:46:05.525 6461 6488 V NativeCrypto: Registering com/google/android/gms/org/conscrypt/NativeCrypto's 284 native methods...
10-19 15:46:05.537 6461 6584 I com.disha.quickride.androidapp.myrides.cache.MyActiveRidesCache: getting active rides of user after the current time
10-19 15:46:05.538 6461 6584 D com.disha.quickride.androidapp.myrides.cache.MyClosedRidesCache: Loading closed rides from local database
10-19 15:46:05.550 6461 6584 D com.disha.quickride.androidapp.myrides.cache.MyCompletedRidesCachePersistenceHelper : getting all rider rides from databse
10-19 15:46:05.559 6461 6584 D com.disha.quickride.androidapp.myrides.cache.MyCompletedRidesCachePersistenceHelper : getting all passenger rides
10-19 15:46:05.560 6461 6609 D com.disha.quickride.androidapp.common.AndroidRestClient.AndroidClientLogger: RestClient.callService with httpRequestMethod = GET
10-19 15:46:05.576 6461 6488 I ProviderInstaller: Installed default security provider GmsCore_OpenSSL
10-19 15:46:05.576 6461 6461 D com.disha.quickride.androidapp.startup.QuickRideApplication: ProviderInstaller.installIfNeededAsync onProviderInstalled
10-19 15:46:05.577 6461 6584 D com.disha.quickride.androidapp.myrides.cache.MyCompletedRidesCachePersistenceHelper : getting all regular passenger rides
10-19 15:46:05.582 6461 6584 D com.disha.quickride.androidapp.myrides.cache.MyCompletedRidesCachePersistenceHelper : getting all regular passenger rides
10-19 15:46:05.595 6461 6584 I com.disha.quickride.androidapp.usermgmt.cache.UserDataCache: getting of user name
10-19 15:46:05.595 6461 6584 D com.disha.quickride.androidapp.startup.session.SessionManagerController: Session change operation completed successfully
10-19 15:46:05.595 6461 6584 D com.disha.quickride.androidapp.startup.session.SessionResumeAsyncTask: Session resume operation completed
10-19 15:46:05.595 6461 6584 D com.disha.quickride.androidapp.notification.FCMTokenRegistrationHelper: Getting FCM token to update to server for user : 80505598142049
10-19 15:46:05.596 6461 6613 D com.disha.quickride.androidapp.startup.session.SetUserIdIdentifierToFabricAsyncTask : UserId set to Fabric
10-19 15:46:05.596 6461 6584 D com.disha.quickride.androidapp.startup.session.SessionSetupAsyncTask: Session change operation completed successfully
10-19 15:46:05.597 6461 6584 D com.disha.quickride.androidapp.startup.session.SessionManagerController: Starting WatchdogService
10-19 15:46:05.601 6461 6584 E com.disha.quickride.androidapp.startup.session.SessionSetupAsyncTask: Error during session initialization :
10-19 15:46:05.601 6461 6584 E com.disha.quickride.androidapp.startup.session.SessionSetupAsyncTask: java.lang.IllegalStateException: Not allowed to start service Intent { cmp=com.disha.quickride/.androidapp.watchdog.QuickRideWatchdogService }: app is in background uid UidRecord{b7e4ae8 u0a223 TRNB idle change:uncached procs:1 seq(0,0,0)}
10-19 15:46:05.601 6461 6584 E com.disha.quickride.androidapp.startup.session.SessionSetupAsyncTask: at android.app.ContextImpl.startServiceCommon(ContextImpl.java:1587)
10-19 15:46:05.601 6461 6584 E com.disha.quickride.androidapp.startup.session.SessionSetupAsyncTask: at android.app.ContextImpl.startService(ContextImpl.java:1542)
10-19 15:46:05.601 6461 6584 E com.disha.quickride.androidapp.startup.session.SessionSetupAsyncTask: at android.content.ContextWrapper.startService(ContextWrapper.java:674)
10-19 15:46:05.601 6461 6584 E com.disha.quickride.androidapp.startup.session.SessionSetupAsyncTask: at com.disha.quickride.androidapp.startup.session.SessionManagerController.startWatchd ogServiceAndAlarmManager(Unknown Source:14)
10-19 15:46:05.601 6461 6584 E com.disha.quickride.androidapp.startup.session.SessionSetupAsyncTask: at com.disha.quickride.androidapp.startup.session.SessionManagerController.sessionChan geOperationCompleted(Unknown Source:24)
10-19 15:46:05.601 6461 6584 E com.disha.quickride.androidapp.startup.session.SessionSetupAsyncTask: at com.disha.quickride.androidapp.startup.session.SessionManagerController.resumeUserS ession(Unknown Source:110)
10-19 15:46:05.601 6461 6584 E com.disha.quickride.androidapp.startup.session.SessionSetupAsyncTask: at com.disha.quickride.androidapp.startup.session.SessionResumeAsyncTask.performSessio nInitializationOperation(Unknown Source:6)
10-19 15:46:05.601 6461 6584 E com.disha.quickride.androidapp.startup.session.SessionSetupAsyncTask: at com.disha.quickride.androidapp.startup.session.SessionSetupAsyncTask.doInBackground (Unknown Source:10)
10-19 15:46:05.601 6461 6584 E com.disha.quickride.androidapp.startup.session.SessionSetupAsyncTask: at com.disha.quickride.androidapp.startup.session.SessionSetupAsyncTask.doInBackground (Unknown Source:2)
10-19 15:46:05.601 6461 6584 E com.disha.quickride.androidapp.startup.session.SessionSetupAsyncTask: at android.os.AsyncTask$2.call(AsyncTask.java:333)
10-19 15:46:05.601 6461 6584 E com.disha.quickride.androidapp.startup.session.SessionSetupAsyncTask: at java.util.concurrent.FutureTask.run(FutureTask.java:266)
10-19 15:46:05.601 6461 6584 E com.disha.quickride.androidapp.startup.session.SessionSetupAsyncTask: at java.util.concurrent.ThreadPoolExecutor.runWorker(ThreadPoolExecutor.java:1167)
10-19 15:46:05.601 6461 6584 E com.disha.quickride.androidapp.startup.session.SessionSetupAsyncTask: at java.util.concurrent.ThreadPoolExecutor$Worker.run(ThreadPoolExecutor.java:641)
10-19 15:46:05.601 6461 6584 E com.disha.quickride.androidapp.startup.session.SessionSetupAsyncTask: at java.lang.Thread.run(Thread.java:764)
10-19 15:46:05.601 6461 6461 D com.disha.quickride.androidapp.notification.FCMTokenRegistrationHelper: FCM token for userId : 80505598142049 is : fwa- szoeETA:APA91bHci0grz9Bo7d2ooIIYiENK615t_d0Bzu0AgG_7pJYbB5enQIRzCCNsLwUWG2a7TXrm6qy qkT0aDVwVv-ZIRkNrURExQnBGt6m7qAra9IOvOEmRiOX4o96qup6DBNuUvVipcE_E
10-19 15:46:05.602 6461 6615 D com.disha.quickride.androidapp.notification.FCMTokenRegistrationAsyncTask: Updating client device id to server : fwa- szoeETA:APA91bHci0grz9Bo7d2ooIIYiENK615t_d0Bzu0AgG_7pJYbB5enQIRzCCNsLwUWG2a7TXrm6qy qkT0aDVwVv-ZIRkNrURExQnBGt6m7qAra9IOvOEmRiOX4o96qup6DBNuUvVipcE_E
10-19 15:46:05.605 6461 6615 D com.disha.quickride.androidapp.common.AndroidRestClient.AndroidClientLogger: RestClient.callService with httpRequestMethod = PUT
10-19 15:46:05.614 6461 6490 D Registration: POST: https://pn.netcoresmartech.com/pn_register -> data={"appid":"d25af8de489a0ca420f9540aed14013a","pushid":"d1fb11b7-4df0-47b6-abed- 77aee840eeb2","eventid":"25","sessionid":"1571465510600","identity":"80505598142049 ","tx":"1571465511315","token":"fwa- szoeETA:APA91bHci0grz9Bo7d2ooIIYiENK615t_d0Bzu0AgG_7pJYbB5enQIRzCCNsLwUWG2a7TXrm6qy qkT0aDVwVv-ZIRkNrURExQnBGt6m7qAra9IOvOEmRiOX4o96qup6DBNuUvVipcE_E","oldToken":"fwa- szoeETA:APA91bHci0grz9Bo7d2ooIIYiENK615t_d0Bzu0AgG_7pJYbB5enQIRzCCNsLwUWG2a7TXrm6qy qkT0aDVwVv- ZIRkNrURExQnBGt6m7qAra9IOvOEmRiOX4o96qup6DBNuUvVipcE_E","adid":"","ostype":"Android ","make":"Xiaomi","model":"Redmi Y3","osversion":"9","appname":"Quick Ride","appversion":"8.65","sdkversion":"1.1.3","cts":191019154605,"lat":null,"lng": null} --- 200 OK {"status":"success", "panelStatus":1}
10-19 15:46:05.616 6461 6490 I Registration: FCM Registration done
10-19 15:46:05.770 6461 6603 D com.disha.quickride.androidapp.common.AndroidRestClient.AndroidClientLogger: RestClient.callService response code : 200
10-19 15:46:05.846 6461 6469 W System : A resource failed to call end.
10-19 15:46:05.988 6461 6598 D com.disha.quickride.androidapp.common.AndroidRestClient.AndroidClientLogger: RestClient.callService response code : 200
10-19 15:46:06.029 6461 6496 I WM-WorkerWrapper: Worker result SUCCESS for Work [ id=45da2626-dc90-4e4d-9d2b-f021cd520a4a, tags={ com.disha.quickride.androidapp.notification.NotificationUpdateWorker } ]
10-19 15:46:06.039 6461 6609 D com.disha.quickride.androidapp.common.AndroidRestClient.AndroidClientLogger: RestClient.callService response code : 200
10-19 15:46:06.212 6461 6490 D Registration: POST: https://pn.netcoresmartech.com/pn_register -> data={"appid":"d25af8de489a0ca420f9540aed14013a","pushid":"d1fb11b7-4df0-47b6-abed- 77aee840eeb2","eventid":"25","sessionid":"1571465511353","identity":"80505598142049 ","tx":"1571465511353","token":"fwa- szoeETA:APA91bHci0grz9Bo7d2ooIIYiENK615t_d0Bzu0AgG_7pJYbB5enQIRzCCNsLwUWG2a7TXrm6qy qkT0aDVwVv-ZIRkNrURExQnBGt6m7qAra9IOvOEmRiOX4o96qup6DBNuUvVipcE_E","oldToken":"fwa- szoeETA:APA91bHci0grz9Bo7d2ooIIYiENK615t_d0Bzu0AgG_7pJYbB5enQIRzCCNsLwUWG2a7TXrm6qy qkT0aDVwVv- ZIRkNrURExQnBGt6m7qAra9IOvOEmRiOX4o96qup6DBNuUvVipcE_E","adid":"","ostype":"Android ","make":"Xiaomi","model":"Redmi Y3","osversion":"9","appname":"Quick Ride","appversion":"8.65","sdkversion":"1.1.3","cts":191019154605,"lat":null,"lng": null} --- 200 OK {"status":"success", "panelStatus":1}
10-19 15:46:06.260 6461 6615 D com.disha.quickride.androidapp.common.AndroidRestClient.AndroidClientLogger: RestClient.callService response code : 200
10-19 15:46:06.686 6461 6490 D Registration: POST: https://pn.netcoresmartech.com/app_activity -> data={"eventid":"21","cts":191019154606,"appid":"d25af8de489a0ca420f9540aed14013a", "pushid":"d1fb11b7-4df0-47b6-abed- 77aee840eeb2","identity":"80505598142049","ostype":"Android","adid":"","make":"Xiao mi","model":"Redmi Y3","osversion":"9","appname":"Quick Ride","appversion":"8.65","sdkversion":"1.1.3","lat":null,"lng":null,"tx":"15714655 11361","sessionid":"1571465511353"} --- 200 OK {"status":"success"}
10-19 15:46:06.690 6461 6490 I Registration: FCM Registration done
10-19 15:46:06.831 6461 6490 D Registration: POST: https://pn.netcoresmartech.com/pn_register -> data={"appid":"d25af8de489a0ca420f9540aed14013a","pushid":"d1fb11b7-4df0-47b6-abed- 77aee840eeb2","eventid":"25","sessionid":"1571480164528","identity":"80505598142049 ","tx":"1571480164889","token":"fwa- szoeETA:APA91bHci0grz9Bo7d2ooIIYiENK615t_d0Bzu0AgG_7pJYbB5enQIRzCCNsLwUWG2a7TXrm6qy qkT0aDVwVv-ZIRkNrURExQnBGt6m7qAra9IOvOEmRiOX4o96qup6DBNuUvVipcE_E","oldToken":"fwa- szoeETA:APA91bHci0grz9Bo7d2ooIIYiENK615t_d0Bzu0AgG_7pJYbB5enQIRzCCNsLwUWG2a7TXrm6qy qkT0aDVwVv- ZIRkNrURExQnBGt6m7qAra9IOvOEmRiOX4o96qup6DBNuUvVipcE_E","adid":"","ostype":"Android ","make":"Xiaomi","model":"Redmi Y3","osversion":"9","appname":"Quick Ride","appversion":"8.65","sdkversion":"1.1.3","cts":191019154606,"lat":null,"lng": null} --- 200 OK {"status":"success", "panelStatus":1}
10-19 15:46:06.846 6461 6490 I Registration: FCM Registration done
10-19 15:46:06.977 6461 6490 D Registration: POST: https://pn.netcoresmartech.com/pn_register -> data={"appid":"d25af8de489a0ca420f9540aed14013a","pushid":"d1fb11b7-4df0-47b6-abed- 77aee840eeb2","eventid":"25","sessionid":"1571480164895","identity":"80505598142049 ","tx":"1571480164895","token":"fwa- szoeETA:APA91bHci0grz9Bo7d2ooIIYiENK615t_d0Bzu0AgG_7pJYbB5enQIRzCCNsLwUWG2a7TXrm6qy qkT0aDVwVv-ZIRkNrURExQnBGt6m7qAra9IOvOEmRiOX4o96qup6DBNuUvVipcE_E","oldToken":"fwa- szoeETA:APA91bHci0grz9Bo7d2ooIIYiENK615t_d0Bzu0AgG_7pJYbB5enQIRzCCNsLwUWG2a7TXrm6qy qkT0aDVwVv- ZIRkNrURExQnBGt6m7qAra9IOvOEmRiOX4o96qup6DBNuUvVipcE_E","adid":"","ostype":"Android ","make":"Xiaomi","model":"Redmi Y3","osversion":"9","appname":"Quick Ride","appversion":"8.65","sdkversion":"1.1.3","cts":191019154606,"lat":null,"lng": null} --- 200 OK {"status":"success", "panelStatus":1}
10-19 15:46:07.158 6461 6490 D Registration: POST: https://pn.netcoresmartech.com/app_activity -> data={"eventid":"21","cts":191019154606,"appid":"d25af8de489a0ca420f9540aed14013a", "pushid":"d1fb11b7-4df0-47b6-abed- 77aee840eeb2","identity":"80505598142049","ostype":"Android","adid":"","make":"Xiao mi","model":"Redmi Y3","osversion":"9","appname":"Quick Ride","appversion":"8.65","sdkversion":"1.1.3","lat":null,"lng":null,"tx":"15714801 64895","sessionid":"1571480164895"} --- 200 OK {"status":"success"}
10-19 15:46:08.595 6461 6612 D com.disha.quickride.androidapp.event.EventModuleSessionManager: Resuming complete user session
10-19 15:46:08.674 6461 6612 D com.disha.quickride.androidapp.event.EventServicePersistenceHelper: Purging old messages with condition : time <= 1571458568596
10-19 15:46:08.674 6461 6612 D com.disha.quickride.androidapp.event.EventServicePersistenceHelper: No of old messages purged : 0
10-19 15:46:08.679 6461 6612 D com.disha.quickride.androidapp.event.EventServicePersistenceHelper: 0 messages read from persistence
10-19 15:46:08.679 6461 6612 D com.disha.quickride.androidapp.event.RideMgmtEventServiceProxy: Initializing unprocessed messages from persistence
10-19 15:46:08.682 6461 6612 D com.disha.quickride.androidapp.event.EventServicePersistenceHelper: 0 unprocessed messages read from persistence
10-19 15:46:08.685 6461 6612 D com.disha.quickride.androidapp.event.EventServicePersistenceHelper: Purging old messages with condition : time <= 1571458568682
10-19 15:46:08.685 6461 6612 D com.disha.quickride.androidapp.event.EventServicePersistenceHelper: No of old messages purged : 0
10-19 15:46:08.689 6461 6612 D com.disha.quickride.androidapp.event.EventServicePersistenceHelper: 0 messages read from persistence
10-19 15:46:08.689 6461 6612 D com.disha.quickride.androidapp.event.LocationUpdateEventServiceProxy: Initializing unprocessed messages from persistence
10-19 15:46:08.693 6461 6612 D com.disha.quickride.androidapp.event.EventServicePersistenceHelper: 0 unprocessed messages read from persistence
10-19 15:46:08.693 6461 6612 D com.disha.quickride.androidapp.usermgmt.UserMessageListener: subscribeToUserMsgUpdates
10-19 15:46:08.693 6461 6612 D com.disha.quickride.androidapp.event.RideMgmtEventServiceProxy: Adding topic name to subscriptions queue :userMsg/80505598142049
10-19 15:46:08.694 6461 6612 D com.disha.quickride.androidapp.event.EventModuleSessionManager: Establishing event service connection
10-19 15:46:08.694 6461 6612 D com.disha.quickride.androidapp.event.RideMgmtEventServiceProxy: Entering dispatchAllMessagesArrivedBeforeSessionWasInitialized
10-19 15:46:08.694 6461 6612 D com.disha.quickride.androidapp.event.LocationUpdateEventServiceProxy: Entering dispatchAllMessagesArrivedBeforeSessionWasInitialized
10-19 15:46:08.695 6461 6498 D com.disha.quickride.androidapp.event.InitialMessagesDispatchTask: Dispatching initial messages
10-19 15:46:08.695 6461 6498 D com.disha.quickride.androidapp.event.InitialMessagesDispatchTask: Dispatching initial messages
10-19 15:46:08.702 6461 6612 I com.disha.quickride.androidapp.ridemgmt.RideManagementMqttProxy: subscribing to topic of existing rides
10-19 15:46:08.702 6461 6612 I com.disha.quickride.androidapp.ridemgmt.RideManagementMqttProxy: subscribing to topic of existing rider rides
10-19 15:46:08.702 6461 6612 D com.disha.quickride.androidapp.groupchat.RideGroupChatMqttListener: Subscribing to collection of rides
10-19 15:46:08.702 6461 6612 I com.disha.quickride.androidapp.ridemgmt.RideManagementMqttProxy: subscribing to topic of existing passenger rides
10-19 15:46:08.702 6461 6612 D com.disha.quickride.androidapp.groupchat.RideGroupChatMqttListener: Subscribing to collection of rides
10-19 15:46:09.248 6461 6469 W System : A resource failed to call end.
10-19 15:46:09.248 6461 6469 I chatty : uid=10223(com.disha.quickride) FinalizerDaemon identical 3 lines
10-19 15:46:09.248 6461 6469 W System : A resource failed to call end.