-22, defaulting to interlaced_flag = 0
02-18 10:22:57.307 24833 24921 W qdgralloc: getInterlacedFlag: getMetaData returned
-22, defaulting to interlaced_flag = 0
02-18 10:22:57.341 24833 24921 W qdgralloc: getInterlacedFlag: getMetaData returned
-22, defaulting to interlaced_flag = 0
02-18 10:22:57.372 24833 24921 W qdgralloc: getInterlacedFlag: getMetaData returned
-22, defaulting to interlaced_flag = 0
02-18 10:22:57.406 24833 24921 W qdgralloc: getInterlacedFlag: getMetaData returned
-22, defaulting to interlaced_flag = 0
02-18 10:22:57.556 24833 24833 D Network : Network
02-18 10:22:57.557 24833 24833 D Network : Network
02-18 10:22:57.560 24833 24833 D Network : Network
02-18 10:22:57.563 24833 24833 I LogD2movil: Fecha: 2023/febrero/18
02-18 10:22:57.563 24833 24833 I LogD2movil: Hora: 10:22:57 a. m.
02-18 10:22:57.563 24833 24833 I LogD2movil: Subfunción: imgGPS.setOnClickListener
02-18 10:22:57.563 24833 24833 I LogD2movil: Send Data: lat/lng: (-1.1961019,-
78.5931897) HORAGPSGPS: 2023-02-18 10:22:55
02-18 10:22:57.563 24833 24833 I LogD2movil: Mensaje: Obtiene localización
02-18 10:22:57.998 24833 24921 W RenderInspector: DequeueBuffer time out on
ec.biometrika.d2web2/ec.biometrika.d2web2.MenuPrincipalActivity, count=60, avg=14
ms, max=18 ms.
02-18 10:22:58.031 24833 24833 I VerificarSesion: Guarda Sesión
02-18 10:22:58.031 24833 24833 I VerificarSesion: Contador: 0
02-18 10:22:58.163 24833 24921 W RenderInspector: DequeueBuffer time out on
ec.biometrika.d2web2/ec.biometrika.d2web2.MenuPrincipalActivity, count=7, avg=15
ms, max=15 ms.
02-18 10:22:59.032 24833 24833 I VerificarSesion: Guarda Sesión
02-18 10:22:59.033 24833 24833 I VerificarSesion: Contador: 1000
02-18 10:23:00.034 24833 24833 I VerificarSesion: Guarda Sesión
02-18 10:23:00.035 24833 24833 I VerificarSesion: Contador: 0
02-18 10:23:00.070 24833 24833 I ForceDarkHelperStubImpl: setViewRootImplForceDark:
false for ec.biometrika.d2web2.MenuPrincipalActivity@28c2c19, reason:
AppDarkModeEnable
02-18 10:23:00.091 24833 24833 D CameraDevice-JV-1: waitUntilIdle: E. id = 1
02-18 10:23:00.266 24833 24833 D CameraDevice-JV-1: waitUntilIdle: X
02-18 10:23:00.379 24833 24833 I ForceDarkHelperStubImpl: setViewRootImplForceDark:
false for ec.biometrika.d2web2.MenuPrincipalActivity@28c2c19, reason:
AppDarkModeEnable
02-18 10:23:00.384 24833 24921 W Parcel : Expecting binder but got null!
02-18 10:23:00.388 24833 24833 W Looper : PerfMonitor doFrame : time=17ms
vsyncFrame=0 latency=301ms procState=-1 historyMsgCount=13 (msgIndex=1 wall=330ms
seq=6547 running=31ms runnable=3ms io=11ms late=4ms
h=android.view.ViewRootImpl$ViewRootHandler c=android.view.View$PerformClick)
02-18 10:23:00.584 24833 31884 W ImageReader_JNI: Unable to acquire a buffer item,
very likely client tried to acquire more than maxImages buffers
02-18 10:23:00.584 24833 31884 D qdgralloc: GetYUVPlaneInfo: Invalid format passed:
0x21
02-18 10:23:00.646 24833 31884 D CameraDevice-JV-1: waitUntilIdle: E. id = 1
02-18 10:23:00.646 24833 31884 D CameraDevice-JV-1: waitUntilIdle: X
02-18 10:23:00.734 24833 32117 I LogD2movil: Fecha: 2023/febrero/18
02-18 10:23:00.734 24833 32117 I LogD2movil: Hora: 10:23:00 a. m.
02-18 10:23:00.734 24833 32117 I LogD2movil: Servicio Web: getAndroidID
02-18 10:23:00.734 24833 32117 I LogD2movil: Get Data: 1166445d84bfca5c
02-18 10:23:00.734 24833 32117 I LogD2movil: Mensaje: AndroidID
02-18 10:23:00.736 24833 32117 I LogD2movil: Fecha: 2023/febrero/18
02-18 10:23:00.736 24833 32117 I LogD2movil: Hora: 10:23:00 a. m.
02-18 10:23:00.736 24833 32117 I LogD2movil: Servicio Web: getAndroidID
02-18 10:23:00.736 24833 32117 I LogD2movil: Get Data: 1166445d84bfca5c
02-18 10:23:00.736 24833 32117 I LogD2movil: Mensaje: AndroidID
02-18 10:23:00.739 24833 32117 I LogD2movil: Fecha: 2023/febrero/18
02-18 10:23:00.739 24833 32117 I LogD2movil: Hora: 10:23:00 a. m.
02-18 10:23:00.739 24833 32117 I LogD2movil: Servicio Web: llamarWebService
02-18 10:23:00.739 24833 32117 I LogD2movil: Subfunción: getParams
02-18 10:23:00.739 24833 32117 I LogD2movil: Send Data: id_emp 616 fechaHora 2023-
02-18 10:22:55 lugar lat/lng: (-1.1961019,-78.5931897) pic: 60****Map: 60
02-18 10:23:00.879 24833 24921 W qdgralloc: getInterlacedFlag: getMetaData returned
-22, defaulting to interlaced_flag = 0
02-18 10:23:00.912 24833 24921 W qdgralloc: getInterlacedFlag: getMetaData returned
-22, defaulting to interlaced_flag = 0
02-18 10:23:00.945 24833 24921 W qdgralloc: getInterlacedFlag: getMetaData returned
-22, defaulting to interlaced_flag = 0
02-18 10:23:00.978 24833 24921 W qdgralloc: getInterlacedFlag: getMetaData returned
-22, defaulting to interlaced_flag = 0
02-18 10:23:01.011 24833 24921 W qdgralloc: getInterlacedFlag: getMetaData returned
-22, defaulting to interlaced_flag = 0
02-18 10:23:01.044 24833 24921 W qdgralloc: getInterlacedFlag: getMetaData returned
-22, defaulting to interlaced_flag = 0
02-18 10:23:01.045 24833 24833 I VerificarSesion: Guarda Sesión
02-18 10:23:01.045 24833 24833 I VerificarSesion: Contador: 1000
02-18 10:23:01.077 24833 24921 W qdgralloc: getInterlacedFlag: getMetaData returned
-22, defaulting to interlaced_flag = 0
02-18 10:23:01.110 24833 24921 W qdgralloc: getInterlacedFlag: getMetaData returned
-22, defaulting to interlaced_flag = 0
02-18 10:23:02.049 24833 24833 I VerificarSesion: Guarda Sesión
02-18 10:23:02.049 24833 24833 I VerificarSesion: Contador: 2000
02-18 10:23:02.655 24833 24833 I LogD2movil: Fecha: 2023/febrero/18
02-18 10:23:02.655 24833 24833 I LogD2movil: Hora: 10:23:02 a. m.
02-18 10:23:02.655 24833 24833 I LogD2movil: Servicio Web: llamarWebService -
https://www.d2servicios.com/d2web.api.uni/d2webdroid.asmx/RealizaMarcacionDroid
02-18 10:23:02.655 24833 24833 I LogD2movil: Subfunción: onResponse
02-18 10:23:02.655 24833 24833 I LogD2movil: Respuesta: 0
02-18 10:23:02.655 24833 24833 I LogD2movil: Mensaje: PROCESO OK.
02-18 10:23:02.671 24833 24833 I ForceDarkHelperStubImpl: setViewRootImplForceDark:
false for ec.biometrika.d2web2.MenuPrincipalActivity@28c2c19, reason:
AppDarkModeEnable
02-18 10:23:02.698 24833 24833 I ForceDarkHelperStubImpl: setViewRootImplForceDark:
false for ec.biometrika.d2web2.MenuPrincipalActivity@28c2c19, reason:
AppDarkModeEnable
02-18 10:23:02.709 24833 24921 W Parcel : Expecting binder but got null!
02-18 10:23:02.712 24833 24833 I HandWritingStubImpl: isKeyboardTypeChanged: false
02-18 10:23:02.712 24833 24833 I HandWritingStubImpl: refreshLastKeyboardType: 1
02-18 10:23:02.712 24833 24833 I HandWritingStubImpl: getCurrentKeyboardType: 1
02-18 10:23:02.727 24833 24833 I HandWritingStubImpl: isKeyboardTypeChanged: false
02-18 10:23:02.776 24833 24833 I HandWritingStubImpl: refreshLastKeyboardType: 1
02-18 10:23:02.777 24833 24833 I HandWritingStubImpl: getCurrentKeyboardType: 1
02-18 10:23:02.779 24833 24833 I HandWritingStubImpl: isKeyboardTypeChanged: false
02-18 10:23:03.057 24833 24833 I VerificarSesion: Guarda Sesión
02-18 10:23:03.057 24833 24833 I VerificarSesion: Contador: 3000
02-18 10:23:03.643 24833 24833 E AndroidCameraApi: onPause
02-18 10:23:03.650 24833 24833 D CameraExtImplXiaoMi: releaseCameraDevice: 1
02-18 10:23:03.715 24833 24833 D CameraDevice-JV-1: close: E. id = 1
02-18 10:23:03.723 24833 24855 W CameraDevice-JV-1: Device error received, code 4,
frame number 186, request ID 2, subseq ID 0
02-18 10:23:03.822 24833 24833 D CameraDevice-JV-1: close: X
02-18 10:23:03.823 24833 24855 W CameraDevice-JV-1: Device error received, code 4,
frame number 181, request ID 2, subseq ID 0
02-18 10:23:03.823 24833 24855 W CameraDevice-JV-1: Device error received, code 4,
frame number 185, request ID 2, subseq ID 0
02-18 10:23:03.824 24833 30473 W CameraDevice-JV-1: Device error received, code 5,
frame number 181, request ID 2, subseq ID 0
02-18 10:23:03.824 24833 30473 W CameraDevice-JV-1: Device error received, code 5,
frame number 186, request ID 2, subseq ID 0
02-18 10:23:03.824 24833 30473 W CameraDevice-JV-1: Device error received, code 4,
frame number 183, request ID 2, subseq ID 0
02-18 10:23:03.824 24833 30473 W CameraDevice-JV-1: Device error received, code 4,
frame number 182, request ID 2, subseq ID 0
02-18 10:23:03.825 24833 30473 W CameraDevice-JV-1: Device error received, code 5,
frame number 182, request ID 2, subseq ID 0
02-18 10:23:03.825 24833 30473 W CameraDevice-JV-1: Device error received, code 5,
frame number 183, request ID 2, subseq ID 0
02-18 10:23:03.825 24833 30473 W CameraDevice-JV-1: Device error received, code 4,
frame number 184, request ID 2, subseq ID 0
02-18 10:23:03.825 24833 24855 W CameraDevice-JV-1: Device error received, code 5,
frame number 184, request ID 2, subseq ID 0
02-18 10:23:03.825 24833 24855 W CameraDevice-JV-1: Device error received, code 5,
frame number 185, request ID 2, subseq ID 0
02-18 10:23:03.827 24833 24833 W Activity: PerfMonitor: Slow Operation: Activity
ec.biometrika.d2web2/.MenuPrincipalActivity onPause took 186ms
02-18 10:23:04.058 24833 24833 I VerificarSesion: Contador: 4000
02-18 10:23:05.058 24833 24833 I VerificarSesion: Contador: 5000
02-18 10:23:06.059 24833 24833 I VerificarSesion: Contador: 6000
02-18 10:23:07.060 24833 24833 I VerificarSesion: Contador: 7000
02-18 10:23:08.062 24833 24833 I VerificarSesion: Contador: 8000
02-18 10:23:08.747 24833 24853 W System : A resource failed to call
Surface.release.
02-18 10:23:08.752 24833 24853 W System : A resource failed to call
Surface.release.
02-18 10:23:08.755 24833 24853 W System : A resource failed to call
Surface.release.
02-18 10:23:08.755 24833 24853 W System : A resource failed to call close.
02-18 10:23:09.064 24833 24833 I VerificarSesion: Contador: 9000
02-18 10:23:10.066 24833 24833 I VerificarSesion: Contador: 10000
02-18 10:23:11.068 24833 24833 I VerificarSesion: Contador: 11000
02-18 10:23:17.822 24833 24833 I VerificarSesion: Contador: 12000
02-18 10:23:23.353 24833 24833 I VerificarSesion: Contador: 13000
02-18 10:23:24.355 24833 24833 I VerificarSesion: Contador: 14000
02-18 10:23:25.357 24833 24833 I VerificarSesion: Contador: 15000
02-18 10:23:26.359 24833 24833 I VerificarSesion: Contador: 16000
02-18 10:23:27.361 24833 24833 I VerificarSesion: Contador: 17000
02-18 10:23:28.362 24833 24833 I VerificarSesion: Contador: 18000
02-18 10:23:29.365 24833 24833 I VerificarSesion: Contador: 19000
02-18 10:23:30.367 24833 24833 I VerificarSesion: Contador: 20000
02-18 10:23:31.368 24833 24833 I VerificarSesion: Contador: 21000
02-18 10:23:32.369 24833 24833 I VerificarSesion: Contador: 22000
02-18 10:23:33.370 24833 24833 I VerificarSesion: Contador: 23000
02-18 10:23:34.373 24833 24833 I VerificarSesion: Contador: 24000
02-18 10:23:35.375 24833 24833 I VerificarSesion: Contador: 25000
02-18 10:23:36.376 24833 24833 I VerificarSesion: Contador: 26000
02-18 10:23:37.379 24833 24833 I VerificarSesion: Contador: 27000
02-18 10:23:38.382 24833 24833 I VerificarSesion: Contador: 28000
02-18 10:23:39.385 24833 24833 I VerificarSesion: Contador: 29000
02-18 10:23:40.262 24833 24833 I ForceDarkHelperStubImpl: setViewRootImplForceDark:
false for ec.biometrika.d2web2.MenuPrincipalActivity@28c2c19, reason:
AppDarkModeEnable
02-18 10:23:40.291 24833 24833 E AndroidCameraApi: is camera open
02-18 10:23:40.291 24833 24833 I Selfie : findFirstFrontFacingCamera - inicio
02-18 10:23:40.291 24833 24856 D AppScoutStateMachine: 24833-
ScoutStateMachinecreated
02-18 10:23:40.292 24833 24833 W libc : Access denied finding property
"vendor.camera.aux.packagelist"
02-18 10:23:40.293 24833 24833 W libc : Access denied finding property
"vendor.camera.aux.packagelist"
02-18 10:23:40.296 24833 24833 I Selfie : Camara: 0
02-18 10:23:40.296 24833 24833 W libc : Access denied finding property
"vendor.camera.aux.packagelist"
02-18 10:23:40.312 24833 24833 I Selfie : Camara: 1
02-18 10:23:40.312 24833 24833 I Selfie : findFirstFrontFacingCamera - fin
02-18 10:23:40.312 24833 24833 E AndroidCameraApi: CameraId: 1
02-18 10:23:40.312 24833 24833 E AndroidCameraApi: intent openCamera
02-18 10:23:40.316 24833 24833 W libc : Access denied finding property
"persist.vendor.camera.privapp.list"
02-18 10:23:40.316 24833 24833 D CameraExtImplXiaoMi: initCameraDevice: 1
02-18 10:23:40.503 24833 24833 E AndroidCameraApi: openCamera X
02-18 10:23:40.521 24833 24921 W qdgralloc: getInterlacedFlag: getMetaData returned
-22, defaulting to interlaced_flag = 0
02-18 10:23:40.525 24833 24833 I VerificarSesion: Guarda Sesión
02-18 10:23:40.526 24833 24833 I VerificarSesion: Contador: 30000
02-18 10:23:40.526 24833 24833 E AndroidCameraApi: onOpened
02-18 10:23:40.527 24833 24833 D CameraDevice-JV-1: waitUntilIdle: E. id = 1
02-18 10:23:40.527 24833 24833 D CameraDevice-JV-1: waitUntilIdle: X
02-18 10:23:40.659 24833 24833 I HandWritingStubImpl: isKeyboardTypeChanged: false
02-18 10:23:40.659 24833 24833 I HandWritingStubImpl: refreshLastKeyboardType: 1
02-18 10:23:40.659 24833 24833 I HandWritingStubImpl: getCurrentKeyboardType: 1
02-18 10:23:40.669 24833 24833 I HandWritingStubImpl: isKeyboardTypeChanged: false
02-18 10:23:40.669 24833 24833 I HandWritingStubImpl: isKeyboardTypeChanged: false
02-18 10:23:40.857 24833 24921 W qdgralloc: getInterlacedFlag: getMetaData returned
-22, defaulting to interlaced_flag = 0
02-18 10:23:40.877 24833 24921 W qdgralloc: getInterlacedFlag: getMetaData returned
-22, defaulting to interlaced_flag = 0
02-18 10:23:40.923 24833 24921 W qdgralloc: getInterlacedFlag: getMetaData returned
-22, defaulting to interlaced_flag = 0
02-18 10:23:40.956 24833 24921 W qdgralloc: getInterlacedFlag: getMetaData returned
-22, defaulting to interlaced_flag = 0
02-18 10:23:40.989 24833 24921 W qdgralloc: getInterlacedFlag: getMetaData returned
-22, defaulting to interlaced_flag = 0
02-18 10:23:41.023 24833 24921 W qdgralloc: getInterlacedFlag: getMetaData returned
-22, defaulting to interlaced_flag = 0
02-18 10:23:41.055 24833 24921 W qdgralloc: getInterlacedFlag: getMetaData returned
-22, defaulting to interlaced_flag = 0
02-18 10:23:41.088 24833 24921 W qdgralloc: getInterlacedFlag: getMetaData returned
-22, defaulting to interlaced_flag = 0
02-18 10:23:41.526 24833 24833 I VerificarSesion: Guarda Sesión
02-18 10:23:41.526 24833 24833 I VerificarSesion: Contador: 0
02-18 10:23:42.527 24833 24833 I VerificarSesion: Guarda Sesión
02-18 10:23:42.527 24833 24833 I VerificarSesion: Contador: 1000
02-18 10:23:43.304 24833 24833 E AndroidCameraApi: onPause
02-18 10:23:43.306 24833 24833 D CameraExtImplXiaoMi: releaseCameraDevice: 1
02-18 10:23:43.319 24833 24833 D CameraDevice-JV-1: close: E. id = 1
02-18 10:23:43.327 24833 24855 W CameraDevice-JV-1: Device error received, code 4,
frame number 80, request ID 0, subseq ID 0
02-18 10:23:43.449 24833 24833 D CameraDevice-JV-1: close: X
02-18 10:23:43.449 24833 24855 W ometrika.d2web2: Long monitor contention with
owner main (24833) at void android.hardware.camera2.impl.CameraDeviceImpl.close()
(CameraDeviceImpl.java:1532) waiters=0 in void
android.hardware.camera2.impl.CameraDeviceImpl.onDeviceError(int,
android.hardware.camera2.impl.CaptureResultExtras) for 121ms
02-18 10:23:43.450 24833 24855 W CameraDevice-JV-1: Device error received, code 4,
frame number 78, request ID 0, subseq ID 0
02-18 10:23:43.451 24833 24833 W Activity: PerfMonitor: Slow Operation: Activity
ec.biometrika.d2web2/.MenuPrincipalActivity onPause took 146ms
02-18 10:23:43.452 24833 333 W CameraDevice-JV-1: Device error received, code 4,
frame number 75, request ID 0, subseq ID 0
02-18 10:23:43.452 24833 30473 W CameraDevice-JV-1: Device error received, code 5,
frame number 75, request ID 0, subseq ID 0
02-18 10:23:43.452 24833 30473 W CameraDevice-JV-1: Device error received, code 5,
frame number 80, request ID 0, subseq ID 0
02-18 10:23:43.452 24833 30473 W CameraDevice-JV-1: Device error received, code 4,
frame number 76, request ID 0, subseq ID 0
02-18 10:23:43.453 24833 30473 W CameraDevice-JV-1: Device error received, code 5,
frame number 76, request ID 0, subseq ID 0
02-18 10:23:43.453 24833 30473 W CameraDevice-JV-1: Device error received, code 4,
frame number 77, request ID 0, subseq ID 0
02-18 10:23:43.453 24833 333 W CameraDevice-JV-1: Device error received, code 5,
frame number 77, request ID 0, subseq ID 0
02-18 10:23:43.453 24833 333 W CameraDevice-JV-1: Device error received, code 5,
frame number 78, request ID 0, subseq ID 0
02-18 10:23:43.453 24833 334 W CameraDevice-JV-1: Device error received, code 4,
frame number 79, request ID 0, subseq ID 0
02-18 10:23:43.453 24833 334 W CameraDevice-JV-1: Device error received, code 5,
frame number 79, request ID 0, subseq ID 0
02-18 10:23:43.528 24833 24833 I VerificarSesion: Guarda Sesión
02-18 10:23:43.529 24833 24833 I VerificarSesion: Contador: 0
02-18 10:23:44.529 24833 24833 I VerificarSesion: Guarda Sesión
02-18 10:23:44.530 24833 24833 I VerificarSesion: Contador: 1000
02-18 10:23:45.530 24833 24833 I VerificarSesion: Guarda Sesión
02-18 10:23:45.531 24833 24833 I VerificarSesion: Contador: 2000
02-18 10:23:46.532 24833 24833 I VerificarSesion: Guarda Sesión
02-18 10:23:46.533 24833 24833 I VerificarSesion: Contador: 3000
02-18 10:23:47.535 24833 24833 I VerificarSesion: Guarda Sesión
02-18 10:23:47.536 24833 24833 I VerificarSesion: Contador: 4000
02-18 10:23:48.537 24833 24833 I VerificarSesion: Guarda Sesión
02-18 10:23:48.538 24833 24833 I VerificarSesion: Contador: 5000
02-18 10:23:49.539 24833 24833 I VerificarSesion: Guarda Sesión
02-18 10:23:49.540 24833 24833 I VerificarSesion: Contador: 6000
02-18 10:23:50.540 24833 24833 I VerificarSesion: Guarda Sesión
02-18 10:23:50.542 24833 24833 I VerificarSesion: Contador: 7000
02-18 10:23:51.547 24833 24833 I VerificarSesion: Guarda Sesión
02-18 10:23:51.549 24833 24833 I VerificarSesion: Contador: 8000
02-18 10:23:52.551 24833 24833 I VerificarSesion: Guarda Sesión
02-18 10:23:52.552 24833 24833 I VerificarSesion: Contador: 9000
02-18 10:23:53.553 24833 24833 I VerificarSesion: Guarda Sesión
02-18 10:23:53.554 24833 24833 I VerificarSesion: Contador: 10000
02-18 10:23:54.555 24833 24833 I VerificarSesion: Guarda Sesión
02-18 10:23:54.556 24833 24833 I VerificarSesion: Contador: 11000
02-18 10:23:55.556 24833 24833 I VerificarSesion: Guarda Sesión
02-18 10:23:55.557 24833 24833 I VerificarSesion: Contador: 12000
02-18 10:23:56.558 24833 24833 I VerificarSesion: Guarda Sesión
02-18 10:23:56.558 24833 24833 I VerificarSesion: Contador: 13000
02-18 10:23:57.560 24833 24833 I VerificarSesion: Guarda Sesión
02-18 10:23:57.561 24833 24833 I VerificarSesion: Contador: 14000
02-18 10:23:58.562 24833 24833 I VerificarSesion: Guarda Sesión
02-18 10:23:58.563 24833 24833 I VerificarSesion: Contador: 15000
02-18 10:23:59.565 24833 24833 I VerificarSesion: Guarda Sesión
02-18 10:23:59.566 24833 24833 I VerificarSesion: Contador: 16000
02-18 10:24:00.569 24833 24833 I VerificarSesion: Guarda Sesión
02-18 10:24:00.570 24833 24833 I VerificarSesion: Contador: 17000
02-18 10:24:01.571 24833 24833 I VerificarSesion: Guarda Sesión
02-18 10:24:01.572 24833 24833 I VerificarSesion: Contador: 18000
02-18 10:24:02.573 24833 24833 I VerificarSesion: Guarda Sesión
02-18 10:24:02.574 24833 24833 I VerificarSesion: Contador: 19000
02-18 10:24:03.577 24833 24833 I VerificarSesion: Guarda Sesión
02-18 10:24:03.577 24833 24833 I VerificarSesion: Contador: 20000
02-18 10:24:04.581 24833 24833 I VerificarSesion: Guarda Sesión
02-18 10:24:04.582 24833 24833 I VerificarSesion: Contador: 21000
02-18 10:24:05.584 24833 24833 I VerificarSesion: Guarda Sesión
02-18 10:24:05.585 24833 24833 I VerificarSesion: Contador: 22000
02-18 10:24:06.587 24833 24833 I VerificarSesion: Guarda Sesión
02-18 10:24:06.588 24833 24833 I VerificarSesion: Contador: 23000
02-18 10:24:07.591 24833 24833 I VerificarSesion: Guarda Sesión
02-18 10:24:07.592 24833 24833 I VerificarSesion: Contador: 24000
02-18 10:24:08.595 24833 24833 I VerificarSesion: Guarda Sesión
02-18 10:24:08.596 24833 24833 I VerificarSesion: Contador: 25000
02-18 10:24:09.598 24833 24833 I VerificarSesion: Guarda Sesión
02-18 10:24:09.599 24833 24833 I VerificarSesion: Contador: 26000
02-18 10:24:10.601 24833 24833 I VerificarSesion: Guarda Sesión
02-18 10:24:10.602 24833 24833 I VerificarSesion: Contador: 27000
02-18 10:24:11.604 24833 24833 I VerificarSesion: Guarda Sesión
02-18 10:24:11.605 24833 24833 I VerificarSesion: Contador: 28000
02-18 10:24:17.460 24833 24833 I VerificarSesion: Guarda Sesión
02-18 10:24:17.461 24833 24833 I VerificarSesion: Contador: 29000
02-18 10:24:18.466 24833 24833 I VerificarSesion: Guarda Sesión
02-18 10:24:18.468 24833 24833 I VerificarSesion: Contador: 30000
02-18 10:24:19.470 24833 24833 I VerificarSesion: Guarda Sesión
02-18 10:24:19.471 24833 24833 I VerificarSesion: Contador: 31000
02-18 10:24:26.535 24833 24833 I VerificarSesion: Guarda Sesión
02-18 10:24:26.536 24833 24833 I VerificarSesion: Contador: 32000
02-18 10:24:27.540 24833 24833 I VerificarSesion: Guarda Sesión
02-18 10:24:27.541 24833 24833 I VerificarSesion: Contador: 33000
02-18 10:24:28.542 24833 24833 I VerificarSesion: Guarda Sesión
02-18 10:24:28.542 24833 24833 I VerificarSesion: Contador: 34000
02-18 10:24:30.150 24833 24833 I VerificarSesion: Guarda Sesión
02-18 10:24:30.151 24833 24833 I VerificarSesion: Contador: 35000
02-18 10:24:31.559 24833 24833 I VerificarSesion: Guarda Sesión
02-18 10:24:31.560 24833 24833 I VerificarSesion: Contador: 36000
02-18 10:24:32.561 24833 24833 I VerificarSesion: Guarda Sesión
02-18 10:24:32.562 24833 24833 I VerificarSesion: Contador: 37000
02-18 10:24:33.565 24833 24833 I VerificarSesion: Guarda Sesión
02-18 10:24:33.566 24833 24833 I VerificarSesion: Contador: 38000
02-18 10:24:34.567 24833 24833 I VerificarSesion: Guarda Sesión
02-18 10:24:34.569 24833 24833 I VerificarSesion: Contador: 39000
02-18 10:24:35.571 24833 24833 I VerificarSesion: Guarda Sesión
02-18 10:24:35.572 24833 24833 I VerificarSesion: Contador: 40000
02-18 10:24:36.575 24833 24833 I VerificarSesion: Guarda Sesión
02-18 10:24:36.576 24833 24833 I VerificarSesion: Contador: 41000
02-18 10:24:37.578 24833 24833 I VerificarSesion: Guarda Sesión
02-18 10:24:37.579 24833 24833 I VerificarSesion: Contador: 42000
02-18 10:24:47.011 24833 24833 I VerificarSesion: Guarda Sesión
02-18 10:24:47.012 24833 24833 I VerificarSesion: Contador: 43000
02-18 10:24:51.116 24833 24833 I VerificarSesion: Guarda Sesión
02-18 10:24:51.117 24833 24833 I VerificarSesion: Contador: 44000
02-18 10:24:52.118 24833 24833 I VerificarSesion: Guarda Sesión
02-18 10:24:52.119 24833 24833 I VerificarSesion: Contador: 45000
02-18 10:24:55.127 24833 24833 I VerificarSesion: Guarda Sesión
02-18 10:24:55.128 24833 24833 I VerificarSesion: Contador: 46000
02-18 10:25:05.650 24833 24833 I VerificarSesion: Guarda Sesión
02-18 10:25:05.651 24833 24833 I VerificarSesion: Contador: 47000
02-18 10:25:09.215 24833 24833 I VerificarSesion: Guarda Sesión
02-18 10:25:09.216 24833 24833 I VerificarSesion: Contador: 48000
02-18 10:25:20.484 24833 24833 I VerificarSesion: Guarda Sesión
02-18 10:25:20.485 24833 24833 I VerificarSesion: Contador: 49000
02-18 10:25:23.092 24833 24833 I VerificarSesion: Guarda Sesión
02-18 10:25:23.093 24833 24833 I VerificarSesion: Contador: 50000
02-18 10:25:27.397 24833 24833 I VerificarSesion: Guarda Sesión
02-18 10:25:27.398 24833 24833 I VerificarSesion: Contador: 51000
02-18 10:25:34.478 24833 24833 I VerificarSesion: Guarda Sesión
02-18 10:25:34.479 24833 24833 I VerificarSesion: Contador: 52000
02-18 10:25:35.481 24833 24833 I VerificarSesion: Guarda Sesión
02-18 10:25:35.484 24833 24833 I VerificarSesion: Contador: 53000
02-18 10:25:36.485 24833 24833 I VerificarSesion: Guarda Sesión
02-18 10:25:36.485 24833 24833 I VerificarSesion: Contador: 54000
02-18 10:25:37.485 24833 24833 I VerificarSesion: Guarda Sesión
02-18 10:25:37.486 24833 24833 I VerificarSesion: Contador: 55000
02-18 10:25:38.488 24833 24833 I VerificarSesion: Guarda Sesión
02-18 10:25:38.489 24833 24833 I VerificarSesion: Contador: 56000
02-18 10:25:39.490 24833 24833 I VerificarSesion: Guarda Sesión
02-18 10:25:39.491 24833 24833 I VerificarSesion: Contador: 57000
02-18 10:25:40.491 24833 24833 I VerificarSesion: Guarda Sesión
02-18 10:25:40.491 24833 24833 I VerificarSesion: Contador: 58000
02-18 10:25:41.491 24833 24833 I VerificarSesion: Guarda Sesión
02-18 10:25:41.492 24833 24833 I VerificarSesion: Contador: 59000
02-18 10:25:42.493 24833 24833 I VerificarSesion: Guarda Sesión
02-18 10:25:42.493 24833 24833 I VerificarSesion: Contador: 60000
02-18 10:25:43.494 24833 24833 I VerificarSesion: Guarda Sesión
02-18 10:25:43.494 24833 24833 I VerificarSesion: Contador: 61000
02-18 10:25:44.496 24833 24833 I VerificarSesion: Guarda Sesión
02-18 10:25:44.497 24833 24833 I VerificarSesion: Contador: 62000
02-18 10:25:45.499 24833 24833 I VerificarSesion: Guarda Sesión
02-18 10:25:45.501 24833 24833 I VerificarSesion: Contador: 63000
02-18 10:25:46.503 24833 24833 I VerificarSesion: Guarda Sesión
02-18 10:25:46.505 24833 24833 I VerificarSesion: Contador: 64000
02-18 10:25:47.505 24833 24833 I VerificarSesion: Guarda Sesión
02-18 10:25:47.506 24833 24833 I VerificarSesion: Contador: 65000
02-18 10:25:48.507 24833 24833 I VerificarSesion: Guarda Sesión
02-18 10:25:48.507 24833 24833 I VerificarSesion: Contador: 66000
02-18 10:25:49.508 24833 24833 I VerificarSesion: Guarda Sesión
02-18 10:25:49.509 24833 24833 I VerificarSesion: Contador: 67000
02-18 10:25:50.512 24833 24833 I VerificarSesion: Guarda Sesión
02-18 10:25:50.513 24833 24833 I VerificarSesion: Contador: 68000
02-18 10:25:51.515 24833 24833 I VerificarSesion: Guarda Sesión
02-18 10:25:51.516 24833 24833 I VerificarSesion: Contador: 69000
02-18 10:25:52.517 24833 24833 I VerificarSesion: Guarda Sesión
02-18 10:25:52.518 24833 24833 I VerificarSesion: Contador: 70000
02-18 10:25:53.520 24833 24833 I VerificarSesion: Guarda Sesión
02-18 10:25:53.521 24833 24833 I VerificarSesion: Contador: 71000
02-18 10:25:54.521 24833 24833 I VerificarSesion: Guarda Sesión
02-18 10:25:54.522 24833 24833 I VerificarSesion: Contador: 72000
02-18 10:25:55.523 24833 24833 I VerificarSesion: Guarda Sesión
02-18 10:25:55.523 24833 24833 I VerificarSesion: Contador: 73000
02-18 10:25:56.524 24833 24833 I VerificarSesion: Guarda Sesión
02-18 10:25:56.525 24833 24833 I VerificarSesion: Contador: 74000
02-18 10:25:57.527 24833 24833 I VerificarSesion: Guarda Sesión
02-18 10:25:57.527 24833 24833 I VerificarSesion: Contador: 75000
02-18 10:25:58.528 24833 24833 I VerificarSesion: Guarda Sesión
02-18 10:25:58.529 24833 24833 I VerificarSesion: Contador: 76000
02-18 10:25:59.530 24833 24833 I VerificarSesion: Guarda Sesión
02-18 10:25:59.531 24833 24833 I VerificarSesion: Contador: 77000
02-18 10:26:00.532 24833 24833 I VerificarSesion: Guarda Sesión
02-18 10:26:00.533 24833 24833 I VerificarSesion: Contador: 78000
02-18 10:26:01.538 24833 24833 I VerificarSesion: Guarda Sesión
02-18 10:26:01.539 24833 24833 I VerificarSesion: Contador: 79000
02-18 10:26:02.541 24833 24833 I VerificarSesion: Guarda Sesión
02-18 10:26:02.542 24833 24833 I VerificarSesion: Contador: 80000
02-18 10:26:03.543 24833 24833 I VerificarSesion: Guarda Sesión
02-18 10:26:03.544 24833 24833 I VerificarSesion: Contador: 81000
02-18 10:26:04.545 24833 24833 I VerificarSesion: Guarda Sesión
02-18 10:26:04.547 24833 24833 I VerificarSesion: Contador: 82000
02-18 10:26:05.548 24833 24833 I VerificarSesion: Guarda Sesión
02-18 10:26:05.549 24833 24833 I VerificarSesion: Contador: 83000
02-18 10:26:06.551 24833 24833 I VerificarSesion: Guarda Sesión
02-18 10:26:06.552 24833 24833 I VerificarSesion: Contador: 84000
02-18 10:26:07.553 24833 24833 I VerificarSesion: Guarda Sesión
02-18 10:26:07.554 24833 24833 I VerificarSesion: Contador: 85000
02-18 10:26:08.555 24833 24833 I VerificarSesion: Guarda Sesión
02-18 10:26:08.555 24833 24833 I VerificarSesion: Contador: 86000
02-18 10:26:09.559 24833 24833 I VerificarSesion: Guarda Sesión
02-18 10:26:09.560 24833 24833 I VerificarSesion: Contador: 87000
02-18 10:26:10.563 24833 24833 I VerificarSesion: Guarda Sesión
02-18 10:26:10.564 24833 24833 I VerificarSesion: Contador: 88000
02-18 10:26:11.567 24833 24833 I VerificarSesion: Guarda Sesión
02-18 10:26:11.568 24833 24833 I VerificarSesion: Contador: 89000
02-18 10:26:12.569 24833 24833 I VerificarSesion: Guarda Sesión
02-18 10:26:12.570 24833 24833 I VerificarSesion: Contador: 90000
02-18 10:26:13.570 24833 24833 I VerificarSesion: Guarda Sesión
02-18 10:26:13.571 24833 24833 I VerificarSesion: Contador: 91000
02-18 10:26:14.573 24833 24833 I VerificarSesion: Guarda Sesión
02-18 10:26:14.573 24833 24833 I VerificarSesion: Contador: 92000
02-18 10:26:15.575 24833 24833 I VerificarSesion: Guarda Sesión
02-18 10:26:15.576 24833 24833 I VerificarSesion: Contador: 93000
02-18 10:26:16.578 24833 24833 I VerificarSesion: Guarda Sesión
02-18 10:26:16.579 24833 24833 I VerificarSesion: Contador: 94000
02-18 10:26:17.581 24833 24833 I VerificarSesion: Guarda Sesión
02-18 10:26:17.582 24833 24833 I VerificarSesion: Contador: 95000
02-18 10:26:18.582 24833 24833 I VerificarSesion: Guarda Sesión
02-18 10:26:18.582 24833 24833 I VerificarSesion: Contador: 96000
02-18 10:26:19.583 24833 24833 I VerificarSesion: Guarda Sesión
02-18 10:26:19.583 24833 24833 I VerificarSesion: Contador: 97000
02-18 10:26:20.584 24833 24833 I VerificarSesion: Guarda Sesión
02-18 10:26:20.584 24833 24833 I VerificarSesion: Contador: 98000
02-18 10:26:21.584 24833 24833 I VerificarSesion: Guarda Sesión
02-18 10:26:21.585 24833 24833 I VerificarSesion: Contador: 99000
02-18 10:26:22.586 24833 24833 I VerificarSesion: Guarda Sesión
02-18 10:26:22.586 24833 24833 I VerificarSesion: Contador: 100000
02-18 10:26:23.587 24833 24833 I VerificarSesion: Guarda Sesión
02-18 10:26:23.587 24833 24833 I VerificarSesion: Contador: 101000
02-18 10:26:24.588 24833 24833 I VerificarSesion: Guarda Sesión
02-18 10:26:24.588 24833 24833 I VerificarSesion: Contador: 102000
02-18 10:26:25.590 24833 24833 I VerificarSesion: Guarda Sesión
02-18 10:26:25.590 24833 24833 I VerificarSesion: Contador: 103000
02-18 10:26:26.594 24833 24833 I VerificarSesion: Guarda Sesión
02-18 10:26:26.595 24833 24833 I VerificarSesion: Contador: 104000
02-18 10:26:27.596 24833 24833 I VerificarSesion: Guarda Sesión
02-18 10:26:27.597 24833 24833 I VerificarSesion: Contador: 105000
02-18 10:26:28.598 24833 24833 I VerificarSesion: Guarda Sesión
02-18 10:26:28.599 24833 24833 I VerificarSesion: Contador: 106000
02-18 10:26:29.600 24833 24833 I VerificarSesion: Guarda Sesión
02-18 10:26:29.601 24833 24833 I VerificarSesion: Contador: 107000
02-18 10:26:30.602 24833 24833 I VerificarSesion: Guarda Sesión
02-18 10:26:30.606 24833 24833 I VerificarSesion: Contador: 108000
02-18 10:26:31.607 24833 24833 I VerificarSesion: Guarda Sesión
02-18 10:26:31.608 24833 24833 I VerificarSesion: Contador: 109000
02-18 10:26:32.609 24833 24833 I VerificarSesion: Guarda Sesión
02-18 10:26:32.610 24833 24833 I VerificarSesion: Contador: 110000
02-18 10:26:33.612 24833 24833 I VerificarSesion: Guarda Sesión
02-18 10:26:33.613 24833 24833 I VerificarSesion: Contador: 111000
02-18 10:26:34.614 24833 24833 I VerificarSesion: Guarda Sesión
02-18 10:26:34.615 24833 24833 I VerificarSesion: Contador: 112000
02-18 10:26:34.819 24833 24853 W MessageQueue: Handler (android.os.Handler)
{bbad8af} sending message to a Handler on a dead thread
02-18 10:26:34.819 24833 24853 W MessageQueue: java.lang.IllegalStateException:
Handler (android.os.Handler) {bbad8af} sending message to a Handler on a dead
thread
02-18 10:26:34.819 24833 24853 W MessageQueue: at
android.os.MessageQueue.enqueueMessage(MessageQueue.java:574)
02-18 10:26:34.819 24833 24853 W MessageQueue: at
android.os.Handler.enqueueMessage(Handler.java:778)
02-18 10:26:34.819 24833 24853 W MessageQueue: at
android.os.Handler.sendMessageAtTime(Handler.java:727)
02-18 10:26:34.819 24833 24853 W MessageQueue: at
android.os.Handler.sendMessageDelayed(Handler.java:697)
02-18 10:26:34.819 24833 24853 W MessageQueue: at
android.os.Handler.post(Handler.java:427)
02-18 10:26:34.819 24833 24853 W MessageQueue: at
android.hardware.camera2.impl.CameraDeviceImpl$CameraHandlerExecutor.execute(Camera
DeviceImpl.java:2491)
02-18 10:26:34.819 24833 24853 W MessageQueue: at
android.hardware.camera2.impl.CallbackProxies$SessionStateCallbackProxy.onClosed(Ca
llbackProxies.java:104)
02-18 10:26:34.819 24833 24853 W MessageQueue: at
android.hardware.camera2.impl.CameraCaptureSessionImpl.close(CameraCaptureSessionIm
pl.java:596)
02-18 10:26:34.819 24833 24853 W MessageQueue: at
android.hardware.camera2.impl.CameraCaptureSessionImpl.finalize(CameraCaptureSessio
nImpl.java:887)
02-18 10:26:34.819 24833 24853 W MessageQueue: at
java.lang.Daemons$FinalizerDaemon.doFinalize(Daemons.java:319)
02-18 10:26:34.819 24833 24853 W MessageQueue: at
java.lang.Daemons$FinalizerDaemon.runInternal(Daemons.java:306)
02-18 10:26:34.819 24833 24853 W MessageQueue: at
java.lang.Daemons$Daemon.run(Daemons.java:140)
02-18 10:26:34.819 24833 24853 W MessageQueue: at
java.lang.Thread.run(Thread.java:1012)
02-18 10:26:34.820 24833 24853 W System : A resource failed to call
Surface.release.
02-18 10:26:34.820 24833 24853 W System : A resource failed to call
Surface.release.
02-18 10:26:35.617 24833 24833 I VerificarSesion: Guarda Sesión
02-18 10:26:35.618 24833 24833 I VerificarSesion: Contador: 113000
02-18 10:26:36.619 24833 24833 I VerificarSesion: Guarda Sesión
02-18 10:26:36.621 24833 24833 I VerificarSesion: Contador: 114000
02-18 10:26:37.622 24833 24833 I VerificarSesion: Guarda Sesión
02-18 10:26:37.622 24833 24833 I VerificarSesion: Contador: 115000
02-18 10:26:38.624 24833 24833 I VerificarSesion: Guarda Sesión
02-18 10:26:38.624 24833 24833 I VerificarSesion: Contador: 116000
02-18 10:26:39.625 24833 24833 I VerificarSesion: Guarda Sesión
02-18 10:26:39.625 24833 24833 I VerificarSesion: Contador: 117000
02-18 10:26:40.626 24833 24833 I VerificarSesion: Guarda Sesión
02-18 10:26:40.627 24833 24833 I VerificarSesion: Contador: 118000
02-18 10:26:41.628 24833 24833 I VerificarSesion: Guarda Sesión
02-18 10:26:41.629 24833 24833 I VerificarSesion: Contador: 119000
02-18 10:26:42.630 24833 24833 I VerificarSesion: Guarda Sesión
02-18 10:26:42.630 24833 24833 I VerificarSesion: Contador: 120000
02-18 10:26:43.631 24833 24833 I VerificarSesion: Guarda Sesión
02-18 10:26:43.633 24833 24833 I VerificarSesion: Contador: 121000
02-18 10:26:44.635 24833 24833 I VerificarSesion: Guarda Sesión
02-18 10:26:44.636 24833 24833 I VerificarSesion: Contador: 122000
02-18 10:26:45.637 24833 24833 I VerificarSesion: Guarda Sesión
02-18 10:26:45.637 24833 24833 I VerificarSesion: Contador: 123000
02-18 10:26:46.638 24833 24833 I VerificarSesion: Guarda Sesión
02-18 10:26:46.639 24833 24833 I VerificarSesion: Contador: 124000
02-18 10:26:47.640 24833 24833 I VerificarSesion: Guarda Sesión
02-18 10:26:47.640 24833 24833 I VerificarSesion: Contador: 125000
02-18 10:26:48.640 24833 24833 I VerificarSesion: Guarda Sesión
02-18 10:26:48.641 24833 24833 I VerificarSesion: Contador: 126000
02-18 10:26:49.642 24833 24833 I VerificarSesion: Guarda Sesión
02-18 10:26:49.643 24833 24833 I VerificarSesion: Contador: 127000
02-18 10:26:50.644 24833 24833 I VerificarSesion: Guarda Sesión
02-18 10:26:50.645 24833 24833 I VerificarSesion: Contador: 128000
02-18 10:26:51.646 24833 24833 I VerificarSesion: Guarda Sesión
02-18 10:26:51.647 24833 24833 I VerificarSesion: Contador: 129000
02-18 10:26:52.648 24833 24833 I VerificarSesion: Guarda Sesión
02-18 10:26:52.650 24833 24833 I VerificarSesion: Contador: 130000
02-18 10:26:53.652 24833 24833 I VerificarSesion: Guarda Sesión
02-18 10:26:53.652 24833 24833 I VerificarSesion: Contador: 131000
02-18 10:26:54.653 24833 24833 I VerificarSesion: Guarda Sesión
02-18 10:26:54.656 24833 24833 I VerificarSesion: Contador: 132000
02-18 10:26:55.658 24833 24833 I VerificarSesion: Guarda Sesión
02-18 10:26:55.661 24833 24833 I VerificarSesion: Contador: 133000
02-18 10:26:56.661 24833 24833 I VerificarSesion: Guarda Sesión
02-18 10:26:56.662 24833 24833 I VerificarSesion: Contador: 134000
02-18 10:26:57.664 24833 24833 I VerificarSesion: Guarda Sesión
02-18 10:26:57.664 24833 24833 I VerificarSesion: Contador: 135000
02-18 10:26:58.665 24833 24833 I VerificarSesion: Guarda Sesión
02-18 10:26:58.665 24833 24833 I VerificarSesion: Contador: 136000
02-18 10:26:59.666 24833 24833 I VerificarSesion: Guarda Sesión
02-18 10:26:59.667 24833 24833 I VerificarSesion: Contador: 137000
02-18 10:27:00.668 24833 24833 I VerificarSesion: Guarda Sesión
02-18 10:27:00.669 24833 24833 I VerificarSesion: Contador: 138000
02-18 10:27:01.671 24833 24833 I VerificarSesion: Guarda Sesión
02-18 10:27:01.672 24833 24833 I VerificarSesion: Contador: 139000
02-18 10:27:02.675 24833 24833 I VerificarSesion: Guarda Sesión
02-18 10:27:02.676 24833 24833 I VerificarSesion: Contador: 140000
02-18 10:27:03.678 24833 24833 I VerificarSesion: Guarda Sesión
02-18 10:27:03.679 24833 24833 I VerificarSesion: Contador: 141000
02-18 10:27:04.682 24833 24833 I VerificarSesion: Guarda Sesión
02-18 10:27:04.684 24833 24833 I VerificarSesion: Contador: 142000
02-18 10:27:05.686 24833 24833 I VerificarSesion: Guarda Sesión
02-18 10:27:05.687 24833 24833 I VerificarSesion: Contador: 143000
02-18 10:27:06.689 24833 24833 I VerificarSesion: Guarda Sesión
02-18 10:27:06.689 24833 24833 I VerificarSesion: Contador: 144000
02-18 10:27:07.694 24833 24833 I VerificarSesion: Guarda Sesión
02-18 10:27:07.695 24833 24833 I VerificarSesion: Contador: 145000
02-18 10:27:08.696 24833 24833 I VerificarSesion: Guarda Sesión
02-18 10:27:08.697 24833 24833 I VerificarSesion: Contador: 146000
02-18 10:27:09.699 24833 24833 I VerificarSesion: Guarda Sesión
02-18 10:27:09.699 24833 24833 I VerificarSesion: Contador: 147000
02-18 10:27:10.701 24833 24833 I VerificarSesion: Guarda Sesión
02-18 10:27:10.702 24833 24833 I VerificarSesion: Contador: 148000
02-18 10:27:11.702 24833 24833 I VerificarSesion: Guarda Sesión
02-18 10:27:11.703 24833 24833 I VerificarSesion: Contador: 149000
02-18 10:27:12.704 24833 24833 I VerificarSesion: Guarda Sesión
02-18 10:27:12.705 24833 24833 I VerificarSesion: Contador: 150000
02-18 10:27:13.708 24833 24833 I VerificarSesion: Guarda Sesión
02-18 10:27:13.710 24833 24833 I VerificarSesion: Contador: 151000
02-18 10:27:14.711 24833 24833 I VerificarSesion: Guarda Sesión
02-18 10:27:14.712 24833 24833 I VerificarSesion: Contador: 152000
02-18 10:27:15.713 24833 24833 I VerificarSesion: Guarda Sesión
02-18 10:27:15.714 24833 24833 I VerificarSesion: Contador: 153000
02-18 10:27:16.715 24833 24833 I VerificarSesion: Guarda Sesión
02-18 10:27:16.716 24833 24833 I VerificarSesion: Contador: 154000
02-18 10:27:17.718 24833 24833 I VerificarSesion: Guarda Sesión
02-18 10:27:17.719 24833 24833 I VerificarSesion: Contador: 155000
02-18 10:27:18.721 24833 24833 I VerificarSesion: Guarda Sesión
02-18 10:27:18.722 24833 24833 I VerificarSesion: Contador: 156000
02-18 10:27:19.727 24833 24833 I VerificarSesion: Guarda Sesión
02-18 10:27:19.728 24833 24833 I VerificarSesion: Contador: 157000
02-18 10:27:20.729 24833 24833 I VerificarSesion: Guarda Sesión
02-18 10:27:20.729 24833 24833 I VerificarSesion: Contador: 158000
02-18 10:27:21.733 24833 24833 I VerificarSesion: Guarda Sesión
02-18 10:27:21.734 24833 24833 I VerificarSesion: Contador: 159000
02-18 10:27:22.737 24833 24833 I VerificarSesion: Guarda Sesión
02-18 10:27:22.738 24833 24833 I VerificarSesion: Contador: 160000
02-18 10:27:23.740 24833 24833 I VerificarSesion: Guarda Sesión
02-18 10:27:23.741 24833 24833 I VerificarSesion: Contador: 161000
02-18 10:27:24.743 24833 24833 I VerificarSesion: Guarda Sesión
02-18 10:27:24.744 24833 24833 I VerificarSesion: Contador: 162000
02-18 10:27:25.746 24833 24833 I VerificarSesion: Guarda Sesión
02-18 10:27:25.746 24833 24833 I VerificarSesion: Contador: 163000
02-18 10:27:26.747 24833 24833 I VerificarSesion: Guarda Sesión
02-18 10:27:26.747 24833 24833 I VerificarSesion: Contador: 164000
02-18 10:27:27.749 24833 24833 I VerificarSesion: Guarda Sesión
02-18 10:27:27.749 24833 24833 I VerificarSesion: Contador: 165000
02-18 10:27:28.752 24833 24833 I VerificarSesion: Guarda Sesión
02-18 10:27:28.753 24833 24833 I VerificarSesion: Contador: 166000
02-18 10:27:29.754 24833 24833 I VerificarSesion: Guarda Sesión
02-18 10:27:29.755 24833 24833 I VerificarSesion: Contador: 167000
02-18 10:27:30.757 24833 24833 I VerificarSesion: Guarda Sesión
02-18 10:27:30.758 24833 24833 I VerificarSesion: Contador: 168000
02-18 10:27:31.760 24833 24833 I VerificarSesion: Guarda Sesión
02-18 10:27:31.761 24833 24833 I VerificarSesion: Contador: 169000
02-18 10:27:32.761 24833 24833 I VerificarSesion: Guarda Sesión
02-18 10:27:32.762 24833 24833 I VerificarSesion: Contador: 170000
02-18 10:27:33.763 24833 24833 I VerificarSesion: Guarda Sesión
02-18 10:27:33.764 24833 24833 I VerificarSesion: Contador: 171000
02-18 10:27:34.765 24833 24833 I VerificarSesion: Guarda Sesión
02-18 10:27:34.766 24833 24833 I VerificarSesion: Contador: 172000
02-18 10:27:35.769 24833 24833 I VerificarSesion: Guarda Sesión
02-18 10:27:35.770 24833 24833 I VerificarSesion: Contador: 173000
02-18 10:27:36.773 24833 24833 I VerificarSesion: Guarda Sesión
02-18 10:27:36.773 24833 24833 I VerificarSesion: Contador: 174000
02-18 10:27:37.774 24833 24833 I VerificarSesion: Guarda Sesión
02-18 10:27:37.775 24833 24833 I VerificarSesion: Contador: 175000
02-18 10:27:38.777 24833 24833 I VerificarSesion: Guarda Sesión
02-18 10:27:38.777 24833 24833 I VerificarSesion: Contador: 176000
02-18 10:27:39.778 24833 24833 I VerificarSesion: Guarda Sesión
02-18 10:27:39.779 24833 24833 I VerificarSesion: Contador: 177000
02-18 10:27:40.780 24833 24833 I VerificarSesion: Guarda Sesión
02-18 10:27:40.781 24833 24833 I VerificarSesion: Contador: 178000
02-18 10:27:41.782 24833 24833 I VerificarSesion: Guarda Sesión
02-18 10:27:41.782 24833 24833 I VerificarSesion: Contador: 179000
02-18 10:27:42.784 24833 24833 I VerificarSesion: Guarda Sesión
02-18 10:27:42.785 24833 24833 I VerificarSesion: Contador: 180000
02-18 10:27:43.786 24833 24833 I VerificarSesion: Guarda Sesión
02-18 10:27:43.787 24833 24833 I VerificarSesion: Contador: 181000
02-18 10:27:44.788 24833 24833 I VerificarSesion: Guarda Sesión
02-18 10:27:44.789 24833 24833 I VerificarSesion: Contador: 182000
02-18 10:27:45.790 24833 24833 I VerificarSesion: Guarda Sesión
02-18 10:27:45.791 24833 24833 I VerificarSesion: Contador: 183000
02-18 10:27:46.794 24833 24833 I VerificarSesion: Guarda Sesión
02-18 10:27:46.795 24833 24833 I VerificarSesion: Contador: 184000
02-18 10:27:47.798 24833 24833 I VerificarSesion: Guarda Sesión
02-18 10:27:47.799 24833 24833 I VerificarSesion: Contador: 185000
02-18 10:27:48.801 24833 24833 I VerificarSesion: Guarda Sesión
02-18 10:27:48.804 24833 24833 I VerificarSesion: Contador: 186000
02-18 10:27:49.806 24833 24833 I VerificarSesion: Guarda Sesión
02-18 10:27:49.809 24833 24833 I VerificarSesion: Contador: 187000
02-18 10:27:50.811 24833 24833 I VerificarSesion: Guarda Sesión
02-18 10:27:50.812 24833 24833 I VerificarSesion: Contador: 188000
02-18 10:27:51.813 24833 24833 I VerificarSesion: Guarda Sesión
02-18 10:27:51.814 24833 24833 I VerificarSesion: Contador: 189000
02-18 10:27:52.815 24833 24833 I VerificarSesion: Guarda Sesión
02-18 10:27:52.816 24833 24833 I VerificarSesion: Contador: 190000
02-18 10:27:53.818 24833 24833 I VerificarSesion: Guarda Sesión
02-18 10:27:53.819 24833 24833 I VerificarSesion: Contador: 191000
02-18 10:27:54.820 24833 24833 I VerificarSesion: Guarda Sesión
02-18 10:27:54.821 24833 24833 I VerificarSesion: Contador: 192000
02-18 10:27:55.824 24833 24833 I VerificarSesion: Guarda Sesión
02-18 10:27:55.825 24833 24833 I VerificarSesion: Contador: 193000
02-18 10:27:56.826 24833 24833 I VerificarSesion: Guarda Sesión
02-18 10:27:56.827 24833 24833 I VerificarSesion: Contador: 194000
02-18 10:27:57.828 24833 24833 I VerificarSesion: Guarda Sesión
02-18 10:27:57.831 24833 24833 I VerificarSesion: Contador: 195000
02-18 10:27:58.832 24833 24833 I VerificarSesion: Guarda Sesión
02-18 10:27:58.833 24833 24833 I VerificarSesion: Contador: 196000
02-18 10:27:59.833 24833 24833 I VerificarSesion: Guarda Sesión
02-18 10:27:59.833 24833 24833 I VerificarSesion: Contador: 197000
02-18 10:28:00.834 24833 24833 I VerificarSesion: Guarda Sesión
02-18 10:28:00.836 24833 24833 I VerificarSesion: Contador: 198000
02-18 10:28:01.836 24833 24833 I VerificarSesion: Guarda Sesión
02-18 10:28:01.837 24833 24833 I VerificarSesion: Contador: 199000
02-18 10:28:02.838 24833 24833 I VerificarSesion: Guarda Sesión
02-18 10:28:02.838 24833 24833 I VerificarSesion: Contador: 200000
02-18 10:28:03.840 24833 24833 I VerificarSesion: Guarda Sesión
02-18 10:28:03.840 24833 24833 I VerificarSesion: Contador: 201000
02-18 10:28:04.844 24833 24833 I VerificarSesion: Guarda Sesión
02-18 10:28:04.845 24833 24833 I VerificarSesion: Contador: 202000
02-18 10:28:05.847 24833 24833 I VerificarSesion: Guarda Sesión
02-18 10:28:05.849 24833 24833 I VerificarSesion: Contador: 203000
02-18 10:28:06.850 24833 24833 I VerificarSesion: Guarda Sesión
02-18 10:28:06.850 24833 24833 I VerificarSesion: Contador: 204000
02-18 10:28:07.851 24833 24833 I VerificarSesion: Guarda Sesión
02-18 10:28:07.851 24833 24833 I VerificarSesion: Contador: 205000
02-18 10:28:08.853 24833 24833 I VerificarSesion: Guarda Sesión
02-18 10:28:08.853 24833 24833 I VerificarSesion: Contador: 206000
02-18 10:28:09.854 24833 24833 I VerificarSesion: Guarda Sesión
02-18 10:28:09.855 24833 24833 I VerificarSesion: Contador: 207000
02-18 10:28:10.857 24833 24833 I VerificarSesion: Guarda Sesión
02-18 10:28:10.858 24833 24833 I VerificarSesion: Contador: 208000
02-18 10:28:11.860 24833 24833 I VerificarSesion: Guarda Sesión
02-18 10:28:11.861 24833 24833 I VerificarSesion: Contador: 209000
02-18 10:28:12.862 24833 24833 I VerificarSesion: Guarda Sesión
02-18 10:28:12.863 24833 24833 I VerificarSesion: Contador: 210000
02-18 10:28:13.866 24833 24833 I VerificarSesion: Guarda Sesión
02-18 10:28:13.866 24833 24833 I VerificarSesion: Contador: 211000
02-18 10:28:14.867 24833 24833 I VerificarSesion: Guarda Sesión
02-18 10:28:14.868 24833 24833 I VerificarSesion: Contador: 212000
02-18 10:28:15.869 24833 24833 I VerificarSesion: Guarda Sesión
02-18 10:28:15.870 24833 24833 I VerificarSesion: Contador: 213000
02-18 10:28:16.872 24833 24833 I VerificarSesion: Guarda Sesión
02-18 10:28:16.873 24833 24833 I VerificarSesion: Contador: 214000
02-18 10:28:17.874 24833 24833 I VerificarSesion: Guarda Sesión
02-18 10:28:17.876 24833 24833 I VerificarSesion: Contador: 215000
02-18 10:28:18.878 24833 24833 I VerificarSesion: Guarda Sesión
02-18 10:28:18.879 24833 24833 I VerificarSesion: Contador: 216000
02-18 10:28:19.880 24833 24833 I VerificarSesion: Guarda Sesión
02-18 10:28:19.881 24833 24833 I VerificarSesion: Contador: 217000
02-18 10:28:20.885 24833 24833 I VerificarSesion: Guarda Sesión
02-18 10:28:20.886 24833 24833 I VerificarSesion: Contador: 218000
02-18 10:28:21.888 24833 24833 I VerificarSesion: Guarda Sesión
02-18 10:28:21.889 24833 24833 I VerificarSesion: Contador: 219000
02-18 10:28:22.891 24833 24833 I VerificarSesion: Guarda Sesión
02-18 10:28:22.892 24833 24833 I VerificarSesion: Contador: 220000
02-18 10:28:23.893 24833 24833 I VerificarSesion: Guarda Sesión
02-18 10:28:23.894 24833 24833 I VerificarSesion: Contador: 221000
02-18 10:28:24.896 24833 24833 I VerificarSesion: Guarda Sesión
02-18 10:28:24.897 24833 24833 I VerificarSesion: Contador: 222000
02-18 10:28:25.899 24833 24833 I VerificarSesion: Guarda Sesión
02-18 10:28:25.900 24833 24833 I VerificarSesion: Contador: 223000
02-18 10:28:26.902 24833 24833 I VerificarSesion: Guarda Sesión
02-18 10:28:26.902 24833 24833 I VerificarSesion: Contador: 224000
02-18 10:28:27.904 24833 24833 I VerificarSesion: Guarda Sesión
02-18 10:28:27.905 24833 24833 I VerificarSesion: Contador: 225000
02-18 10:28:28.907 24833 24833 I VerificarSesion: Guarda Sesión
02-18 10:28:28.908 24833 24833 I VerificarSesion: Contador: 226000
02-18 10:28:29.910 24833 24833 I VerificarSesion: Guarda Sesión
02-18 10:28:29.911 24833 24833 I VerificarSesion: Contador: 227000
02-18 10:28:30.912 24833 24833 I VerificarSesion: Guarda Sesión
02-18 10:28:30.913 24833 24833 I VerificarSesion: Contador: 228000
02-18 10:28:31.915 24833 24833 I VerificarSesion: Guarda Sesión
02-18 10:28:31.916 24833 24833 I VerificarSesion: Contador: 229000
02-18 10:28:32.918 24833 24833 I VerificarSesion: Guarda Sesión
02-18 10:28:32.919 24833 24833 I VerificarSesion: Contador: 230000
02-18 10:28:33.922 24833 24833 I VerificarSesion: Guarda Sesión
02-18 10:28:33.922 24833 24833 I VerificarSesion: Contador: 231000
02-18 10:28:34.925 24833 24833 I VerificarSesion: Guarda Sesión
02-18 10:28:34.926 24833 24833 I VerificarSesion: Contador: 232000
02-18 10:28:35.928 24833 24833 I VerificarSesion: Guarda Sesión
02-18 10:28:35.929 24833 24833 I VerificarSesion: Contador: 233000
02-18 10:28:36.930 24833 24833 I VerificarSesion: Guarda Sesión
02-18 10:28:36.931 24833 24833 I VerificarSesion: Contador: 234000
02-18 10:28:37.934 24833 24833 I VerificarSesion: Guarda Sesión
02-18 10:28:37.935 24833 24833 I VerificarSesion: Contador: 235000
02-18 10:28:38.939 24833 24833 I VerificarSesion: Guarda Sesión
02-18 10:28:38.940 24833 24833 I VerificarSesion: Contador: 236000
02-18 10:28:39.942 24833 24833 I VerificarSesion: Guarda Sesión
02-18 10:28:39.944 24833 24833 I VerificarSesion: Contador: 237000
02-18 10:28:40.946 24833 24833 I VerificarSesion: Guarda Sesión
02-18 10:28:40.948 24833 24833 I VerificarSesion: Contador: 238000
02-18 10:28:41.949 24833 24833 I VerificarSesion: Guarda Sesión
02-18 10:28:41.949 24833 24833 I VerificarSesion: Contador: 239000
