may be doing too much work on its main thread.
02-15 20:05:39.676 3986 3986 W Looper : PerfMonitor doFrame : time=1ms
vsyncFrame=0 latency=365ms procState=-1 historyMsgCount=19 (msgIndex=1 wall=372ms
seq=254 running=181ms runnable=11ms io=12ms late=1ms
h=android.view.Choreographer$FrameHandler
c=android.view.Choreographer$FrameDisplayEventReceiver)
02-15 20:05:39.694 3986 3986 I LogD2movil: Fecha: 2023/febrero/15
02-15 20:05:39.694 3986 3986 I LogD2movil: Hora: 20:05:39 p. m.
02-15 20:05:39.694 3986 3986 I LogD2movil: Servicio Web: obtieneImagen -
https://www.d2servicios.com/d2web.api.uni/d2webdroid.asmx/ObtieneImagenPersonal
02-15 20:05:39.694 3986 3986 I LogD2movil: Subfunción: onResponse
02-15 20:05:39.694 3986 3986 I LogD2movil: Get Data: imagen-0
02-15 20:05:39.699 3986 4002 I bb : Successfully registered with Phenotype.
02-15 20:05:39.716 3986 3986 D Network : Network
02-15 20:05:39.719 3986 3986 D Network : Network
02-15 20:05:39.724 3986 3986 E AndroidCameraApi: onOpened
02-15 20:05:39.726 3986 3986 D CameraDevice-JV-1: waitUntilIdle: E. id = 1
02-15 20:05:39.726 3986 3986 D CameraDevice-JV-1: waitUntilIdle: X
02-15 20:05:39.855 3986 3986 I HandWritingStubImpl: refreshLastKeyboardType: 1
02-15 20:05:39.855 3986 3986 I HandWritingStubImpl: getCurrentKeyboardType: 1
02-15 20:05:39.919 3986 3986 I LogD2movil: Fecha: 2023/febrero/15
02-15 20:05:39.919 3986 3986 I LogD2movil: Hora: 20:05:39 p. m.
02-15 20:05:39.919 3986 3986 I LogD2movil: Servicio Web:
RecuperaTemplatesGraficos -
https://www.d2servicios.com/d2web.api.uni/d2webdroid.asmx/RecuperaTemplatesGraficos
02-15 20:05:39.919 3986 3986 I LogD2movil: Subfunción: onResponse
02-15 20:05:39.919 3986 3986 I LogD2movil: Get Data: Hay datos: true | Nº
Reportes: 1
02-15 20:05:39.932 3986 3986 I HandWritingStubImpl: isKeyboardTypeChanged: false
02-15 20:05:39.961 3986 4519 I LogD2movil: Fecha: 2023/febrero/15
02-15 20:05:39.961 3986 4519 I LogD2movil: Hora: 20:05:39 p. m.
02-15 20:05:39.961 3986 4519 I LogD2movil: Servicio Web: getAndroidID
02-15 20:05:39.961 3986 4519 I LogD2movil: Get Data: 1166445d84bfca5c
02-15 20:05:39.961 3986 4519 I LogD2movil: Mensaje: AndroidID
02-15 20:05:39.979 3986 4519 I LogD2movil: Fecha: 2023/febrero/15
02-15 20:05:39.979 3986 4519 I LogD2movil: Hora: 20:05:39 p. m.
02-15 20:05:39.979 3986 4519 I LogD2movil: Servicio Web: getAndroidID
02-15 20:05:39.979 3986 4519 I LogD2movil: Get Data: 1166445d84bfca5c
02-15 20:05:39.979 3986 4519 I LogD2movil: Mensaje: AndroidID
02-15 20:05:39.985 3986 4519 I LogD2movil: Fecha: 2023/febrero/15
02-15 20:05:39.985 3986 4519 I LogD2movil: Hora: 20:05:39 p. m.
02-15 20:05:39.985 3986 4519 I LogD2movil: Servicio Web: ejecutaReporteMv
02-15 20:05:39.985 3986 4519 I LogD2movil: Subfunción: getParams
02-15 20:05:39.985 3986 4519 I LogD2movil: Send Data: token: null| idReporte: 13|
fecha Desde y hasta: 2023-02-15
02-15 20:05:40.169 3986 3986 I LogD2movil: Fecha: 2023/febrero/15
02-15 20:05:40.169 3986 3986 I LogD2movil: Hora: 20:05:40 p. m.
02-15 20:05:40.169 3986 3986 I LogD2movil: Servicio Web: ejecutaReporteMv -
https://www.d2servicios.com/d2web.api.uni/d2webdroid.asmx/EjecutaReporteMv
02-15 20:05:40.169 3986 3986 I LogD2movil: Subfunción: onResponse
02-15 20:05:40.169 3986 3986 I LogD2movil: Send Data: id reporte: 13| Gráficos a
mostrar: 1
02-15 20:05:40.197 3986 4043 W qdgralloc: getInterlacedFlag: getMetaData returned
-22, defaulting to interlaced_flag = 0
02-15 20:05:40.250 3986 4043 W qdgralloc: getInterlacedFlag: getMetaData returned
-22, defaulting to interlaced_flag = 0
02-15 20:05:40.268 3986 3986 I VerificarSesion: Guarda Sesión
02-15 20:05:40.268 3986 3986 I VerificarSesion: Contador: 0
02-15 20:05:40.283 3986 4043 W qdgralloc: getInterlacedFlag: getMetaData returned
-22, defaulting to interlaced_flag = 0
02-15 20:05:40.316 3986 4043 W qdgralloc: getInterlacedFlag: getMetaData returned
-22, defaulting to interlaced_flag = 0
02-15 20:05:40.367 3986 4043 W qdgralloc: getInterlacedFlag: getMetaData returned
-22, defaulting to interlaced_flag = 0
02-15 20:05:40.396 3986 3986 I LogD2movil: Fecha: 2023/febrero/15
02-15 20:05:40.396 3986 3986 I LogD2movil: Hora: 20:05:40 p. m.
02-15 20:05:40.396 3986 3986 I LogD2movil: Servicio Web: getAndroidID
02-15 20:05:40.396 3986 3986 I LogD2movil: Get Data: 1166445d84bfca5c
02-15 20:05:40.396 3986 3986 I LogD2movil: Mensaje: AndroidID
02-15 20:05:40.403 3986 3986 I HandWritingStubImpl: isKeyboardTypeChanged: false
02-15 20:05:40.407 3986 3986 I LogD2movil: Fecha: 2023/febrero/15
02-15 20:05:40.407 3986 3986 I LogD2movil: Hora: 20:05:40 p. m.
02-15 20:05:40.407 3986 3986 I LogD2movil: ********* Módulo: Marcaciones
*********
02-15 20:05:40.407 3986 4558 I LogD2movil: Fecha: 2023/febrero/15
02-15 20:05:40.407 3986 4558 I LogD2movil: Hora: 20:05:40 p. m.
02-15 20:05:40.407 3986 4558 I LogD2movil: Servicio Web: historialNot -
https://www.d2servicios.com/d2web.api.uni/d2webdroid.asmx/HistNot
02-15 20:05:40.407 3986 4558 I LogD2movil: Subfunción: getParams
02-15 20:05:40.407 3986 4558 I LogD2movil: Send Data: N dias 0
02-15 20:05:40.407 3986 4558 I LogD2movil: Mensaje: Envío de parametros
02-15 20:05:40.413 3986 4043 W qdgralloc: getInterlacedFlag: getMetaData returned
-22, defaulting to interlaced_flag = 0
02-15 20:05:40.432 3986 4043 W qdgralloc: getInterlacedFlag: getMetaData returned
-22, defaulting to interlaced_flag = 0
02-15 20:05:40.483 3986 4043 W qdgralloc: getInterlacedFlag: getMetaData returned
-22, defaulting to interlaced_flag = 0
02-15 20:05:40.541 3986 3986 I LogD2movil: Fecha: 2023/febrero/15
02-15 20:05:40.541 3986 3986 I LogD2movil: Hora: 20:05:40 p. m.
02-15 20:05:40.541 3986 3986 I LogD2movil: Servicio Web: historialNot -
https://www.d2servicios.com/d2web.api.uni/d2webdroid.asmx/HistNot
02-15 20:05:40.541 3986 3986 I LogD2movil: Subfunción: OnResponse
02-15 20:05:40.541 3986 3986 I LogD2movil: Get Data: Num notificaciones: 0
02-15 20:05:41.275 3986 3986 I VerificarSesion: Guarda Sesión
02-15 20:05:41.275 3986 3986 I VerificarSesion: Contador: 0
02-15 20:05:41.370 3986 4205 D TrafficStats: tagSocket(149) with
statsTag=0x20001101, statsUid=-1
02-15 20:05:41.372 3986 4198 D TrafficStats: tagSocket(138) with
statsTag=0x20001101, statsUid=-1
02-15 20:05:41.374 3986 4199 D TrafficStats: tagSocket(117) with
statsTag=0x20001101, statsUid=-1
02-15 20:05:41.480 3986 4253 W DynamiteModule: Local module descriptor class for
com.google.android.gms.googlecertificates not found.
02-15 20:05:41.494 3986 4253 I DynamiteModule: Considering local module
com.google.android.gms.googlecertificates:0 and remote module
com.google.android.gms.googlecertificates:7
02-15 20:05:41.496 3986 4253 I DynamiteModule: Selected remote version of
com.google.android.gms.googlecertificates, version >= 7
02-15 20:05:41.505 3986 4253 W ometrika.d2web2: ClassLoaderContext type mismatch.
expected=PCL, found=DLC (PCL[] |
DLC[];PCL[/data/app/~~3X-_jtTHuaiVyBbUjmX7-A==/ec.biometrika.d2web2-
dpoGFV2cxUwSyDi_fguTzg==/base.apk*1236082082:/data/app/~~3X-_jtTHuaiVyBbUjmX7-A==/
ec.biometrika.d2web2-dpoGFV2cxUwSyDi_fguTzg==/base.apk!classes2.dex*3659325437]
{PCL[/system/framework/android.test.base.jar*1628045882]#PCL[/system/framework/
org.apache.http.legacy.jar*659110244]})
02-15 20:05:41.520 3986 4193 I SnapshotHandler: Unable to retrieve flag snapshot
for com.google.android.libraries.consentverifier#ec.biometrika.d2web2, using
defaults.
02-15 20:05:41.526 3986 4195 W MobStoreFlagStore: Unable to update local snapshot
for com.google.android.libraries.consentverifier#ec.biometrika.d2web2, may result
in stale flags.
02-15 20:05:41.526 3986 4195 W MobStoreFlagStore:
java.util.concurrent.ExecutionException: java.lang.SecurityException:
GoogleCertificatesRslt: not allowed: pkg=ec.biometrika.d2web2,
sha256=[c0d0bbf5bac59dda95681a9a5d1d032a63a82ba00086fb09c10aea04b12b3b52],
atk=false, ver=230413044.true (go/gsrlt)
02-15 20:05:41.526 3986 4195 W MobStoreFlagStore: at
ajq.s(:com.google.android.gms.dynamite_mapsdynamite@230413044@23.04.13 (190400-
0):3)
02-15 20:05:41.526 3986 4195 W MobStoreFlagStore: at
ajq.get(:com.google.android.gms.dynamite_mapsdynamite@230413044@23.04.13 (190400-
0):2)
02-15 20:05:41.526 3986 4195 W MobStoreFlagStore: at
ala.g(:com.google.android.gms.dynamite_mapsdynamite@230413044@23.04.13 (190400-
0):2)
02-15 20:05:41.526 3986 4195 W MobStoreFlagStore: at
ys.d(:com.google.android.gms.dynamite_mapsdynamite@230413044@23.04.13 (190400-0):1)
02-15 20:05:41.526 3986 4195 W MobStoreFlagStore: at
yu.run(:com.google.android.gms.dynamite_mapsdynamite@230413044@23.04.13 (190400-
0):0)
02-15 20:05:41.526 3986 4195 W MobStoreFlagStore: at
java.util.concurrent.Executors$RunnableAdapter.call(Executors.java:463)
02-15 20:05:41.526 3986 4195 W MobStoreFlagStore: at
java.util.concurrent.FutureTask.run(FutureTask.java:264)
02-15 20:05:41.526 3986 4195 W MobStoreFlagStore: at
java.util.concurrent.ScheduledThreadPoolExecutor$ScheduledFutureTask.run(ScheduledT
hreadPoolExecutor.java:307)
02-15 20:05:41.526 3986 4195 W MobStoreFlagStore: at
java.util.concurrent.ThreadPoolExecutor.runWorker(ThreadPoolExecutor.java:1137)
02-15 20:05:41.526 3986 4195 W MobStoreFlagStore: at
java.util.concurrent.ThreadPoolExecutor$Worker.run(ThreadPoolExecutor.java:637)
02-15 20:05:41.526 3986 4195 W MobStoreFlagStore: at
java.lang.Thread.run(Thread.java:1012)
02-15 20:05:41.526 3986 4195 W MobStoreFlagStore: Caused by:
java.lang.SecurityException: GoogleCertificatesRslt: not allowed:
pkg=ec.biometrika.d2web2,
sha256=[c0d0bbf5bac59dda95681a9a5d1d032a63a82ba00086fb09c10aea04b12b3b52],
atk=false, ver=230413044.true (go/gsrlt)
02-15 20:05:41.526 3986 4195 W MobStoreFlagStore: at
android.os.Parcel.createExceptionOrNull(Parcel.java:3011)
02-15 20:05:41.526 3986 4195 W MobStoreFlagStore: at
android.os.Parcel.createException(Parcel.java:2995)
02-15 20:05:41.526 3986 4195 W MobStoreFlagStore: at
android.os.Parcel.readException(Parcel.java:2978)
02-15 20:05:41.526 3986 4195 W MobStoreFlagStore: at
android.os.Parcel.readException(Parcel.java:2920)
02-15 20:05:41.526 3986 4195 W MobStoreFlagStore: at
ff.c(:com.google.android.gms.dynamite_mapsdynamite@230413044@23.04.13 (190400-0):2)
02-15 20:05:41.526 3986 4195 W MobStoreFlagStore: at
ru.a(:com.google.android.gms.dynamite_mapsdynamite@230413044@23.04.13 (190400-0):4)
02-15 20:05:41.526 3986 4195 W MobStoreFlagStore: at
jl.e(:com.google.android.gms.dynamite_mapsdynamite@230413044@23.04.13 (190400-0):2)
02-15 20:05:41.526 3986 4195 W MobStoreFlagStore: at
kk.t(:com.google.android.gms.dynamite_mapsdynamite@230413044@23.04.13 (190400-0):2)
02-15 20:05:41.526 3986 4195 W MobStoreFlagStore: at
kk.u(:com.google.android.gms.dynamite_mapsdynamite@230413044@23.04.13 (190400-0):3)
02-15 20:05:41.526 3986 4195 W MobStoreFlagStore: at
kk.e(:com.google.android.gms.dynamite_mapsdynamite@230413044@23.04.13 (190400-0):2)
02-15 20:05:41.526 3986 4195 W MobStoreFlagStore: at
ko.handleMessage(:com.google.android.gms.dynamite_mapsdynamite@230413044@23.04.13
(190400-0):69)
02-15 20:05:41.526 3986 4195 W MobStoreFlagStore: at
android.os.Handler.dispatchMessage(Handler.java:102)
02-15 20:05:41.526 3986 4195 W MobStoreFlagStore: at
android.os.Looper.loopOnce(Looper.java:210)
02-15 20:05:41.526 3986 4195 W MobStoreFlagStore: at
android.os.Looper.loop(Looper.java:299)
02-15 20:05:41.526 3986 4195 W MobStoreFlagStore: at
android.os.HandlerThread.run(HandlerThread.java:67)
02-15 20:05:42.090 3986 3986 D Network : Network
02-15 20:05:42.093 3986 3986 D Network : Network
02-15 20:05:42.099 3986 3986 D Network : Network
02-15 20:05:42.104 3986 3986 I LogD2movil: Fecha: 2023/febrero/15
02-15 20:05:42.104 3986 3986 I LogD2movil: Hora: 20:05:42 p. m.
02-15 20:05:42.104 3986 3986 I LogD2movil: Subfunción: imgGPS.setOnClickListener
02-15 20:05:42.104 3986 3986 I LogD2movil: Send Data: lat/lng: (-1.1964399,-
78.5927969) HORAGPSGPS: 2023-02-15 20:05:39
02-15 20:05:42.104 3986 3986 I LogD2movil: Mensaje: Obtiene localización
02-15 20:05:42.279 3986 3986 I VerificarSesion: Guarda Sesión
02-15 20:05:42.279 3986 3986 I VerificarSesion: Contador: 0
02-15 20:05:42.928 3986 3986 I ForceDarkHelperStubImpl: setViewRootImplForceDark:
false for ec.biometrika.d2web2.MenuPrincipalActivity@5d1b255, reason:
AppDarkModeEnable
02-15 20:05:42.945 3986 3986 D CameraDevice-JV-1: waitUntilIdle: E. id = 1
02-15 20:05:43.206 3986 3986 W BpBinder: Slow Binder: BpBinder transact took 260
ms, interface=android.hardware.camera2.ICameraDeviceUser, code=14 oneway=false
02-15 20:05:43.206 3986 3986 D CameraDevice-JV-1: waitUntilIdle: X
02-15 20:05:43.314 3986 4005 W ometrika.d2web2: Long monitor contention with
owner main (3986) at void
android.hardware.camera2.impl.CameraDeviceImpl.waitUntilIdle()
(CameraDeviceImpl.java:1445) waiters=0 in void
android.hardware.camera2.impl.CameraDeviceImpl$CameraDeviceCallbacks.onResultReceiv
ed(android.hardware.camera2.impl.CameraMetadataNative,
android.hardware.camera2.impl.CaptureResultExtras,
android.hardware.camera2.impl.PhysicalCaptureResultInfo[]) for 366ms
02-15 20:05:43.321 3986 3986 I ForceDarkHelperStubImpl: setViewRootImplForceDark:
false for ec.biometrika.d2web2.MenuPrincipalActivity@5d1b255, reason:
AppDarkModeEnable
02-15 20:05:43.326 3986 4043 W Parcel : Expecting binder but got null!
02-15 20:05:43.327 3986 3986 W Looper : PerfMonitor doFrame : time=14ms
vsyncFrame=0 latency=379ms procState=-1 historyMsgCount=15 (msgIndex=1 wall=410ms
seq=1697 running=34ms runnable=6ms late=5ms
h=android.view.ViewRootImpl$ViewRootHandler c=android.view.View$PerformClick)
02-15 20:05:43.328 3986 3986 I VerificarSesion: Guarda Sesión
02-15 20:05:43.329 3986 3986 I VerificarSesion: Contador: 0
02-15 20:05:43.551 3986 4258 D CameraDevice-JV-1: waitUntilIdle: E. id = 1
02-15 20:05:43.552 3986 4258 D CameraDevice-JV-1: waitUntilIdle: X
02-15 20:05:43.616 3986 4258 W ImageReader_JNI: Unable to acquire a buffer item,
very likely client tried to acquire more than maxImages buffers
02-15 20:05:43.616 3986 4258 D qdgralloc: GetYUVPlaneInfo: Invalid format passed:
0x21
02-15 20:05:43.712 3986 3999 W System : A resource failed to call
Surface.release.
02-15 20:05:43.713 3986 3999 W System : A resource failed to call
Surface.release.
02-15 20:05:43.728 3986 4815 I LogD2movil: Fecha: 2023/febrero/15
02-15 20:05:43.728 3986 4815 I LogD2movil: Hora: 20:05:43 p. m.
02-15 20:05:43.728 3986 4815 I LogD2movil: Servicio Web: getAndroidID
02-15 20:05:43.728 3986 4815 I LogD2movil: Get Data: 1166445d84bfca5c
02-15 20:05:43.728 3986 4815 I LogD2movil: Mensaje: AndroidID
02-15 20:05:43.730 3986 4815 I LogD2movil: Fecha: 2023/febrero/15
02-15 20:05:43.730 3986 4815 I LogD2movil: Hora: 20:05:43 p. m.
02-15 20:05:43.730 3986 4815 I LogD2movil: Servicio Web: getAndroidID
02-15 20:05:43.730 3986 4815 I LogD2movil: Get Data: 1166445d84bfca5c
02-15 20:05:43.730 3986 4815 I LogD2movil: Mensaje: AndroidID
02-15 20:05:43.732 3986 4815 I LogD2movil: Fecha: 2023/febrero/15
02-15 20:05:43.732 3986 4815 I LogD2movil: Hora: 20:05:43 p. m.
02-15 20:05:43.732 3986 4815 I LogD2movil: Servicio Web: llamarWebService
02-15 20:05:43.732 3986 4815 I LogD2movil: Subfunción: getParams
02-15 20:05:43.732 3986 4815 I LogD2movil: Send Data: id_emp 616 fechaHora 2023-
02-15 20:05:39 lugar lat/lng: (-1.1964399,-78.5927969) pic: 60****Map: 60
02-15 20:05:43.840 3986 4043 W qdgralloc: getInterlacedFlag: getMetaData returned
-22, defaulting to interlaced_flag = 0
02-15 20:05:43.889 3986 4043 W qdgralloc: getInterlacedFlag: getMetaData returned
-22, defaulting to interlaced_flag = 0
02-15 20:05:43.939 3986 4043 W qdgralloc: getInterlacedFlag: getMetaData returned
-22, defaulting to interlaced_flag = 0
02-15 20:05:44.005 3986 4043 W qdgralloc: getInterlacedFlag: getMetaData returned
-22, defaulting to interlaced_flag = 0
02-15 20:05:44.071 3986 4043 W qdgralloc: getInterlacedFlag: getMetaData returned
-22, defaulting to interlaced_flag = 0
02-15 20:05:44.120 3986 4043 W qdgralloc: getInterlacedFlag: getMetaData returned
-22, defaulting to interlaced_flag = 0
02-15 20:05:44.186 3986 4043 W qdgralloc: getInterlacedFlag: getMetaData returned
-22, defaulting to interlaced_flag = 0
02-15 20:05:44.252 3986 4043 W qdgralloc: getInterlacedFlag: getMetaData returned
-22, defaulting to interlaced_flag = 0
02-15 20:05:44.330 3986 3986 I VerificarSesion: Guarda Sesión
02-15 20:05:44.330 3986 3986 I VerificarSesion: Contador: 1000
02-15 20:05:45.050 3986 3986 I LogD2movil: Fecha: 2023/febrero/15
02-15 20:05:45.050 3986 3986 I LogD2movil: Hora: 20:05:45 p. m.
02-15 20:05:45.050 3986 3986 I LogD2movil: Servicio Web: llamarWebService -
https://www.d2servicios.com/d2web.api.uni/d2webdroid.asmx/RealizaMarcacionDroid
02-15 20:05:45.050 3986 3986 I LogD2movil: Subfunción: onResponse
02-15 20:05:45.050 3986 3986 I LogD2movil: Respuesta: 0
02-15 20:05:45.050 3986 3986 I LogD2movil: Mensaje: PROCESO OK.
02-15 20:05:45.059 3986 3986 I ForceDarkHelperStubImpl: setViewRootImplForceDark:
false for ec.biometrika.d2web2.MenuPrincipalActivity@5d1b255, reason:
AppDarkModeEnable
02-15 20:05:45.073 3986 3986 I ForceDarkHelperStubImpl: setViewRootImplForceDark:
false for ec.biometrika.d2web2.MenuPrincipalActivity@5d1b255, reason:
AppDarkModeEnable
02-15 20:05:45.079 3986 4043 W Parcel : Expecting binder but got null!
02-15 20:05:45.081 3986 3986 I HandWritingStubImpl: isKeyboardTypeChanged: false
02-15 20:05:45.081 3986 3986 I HandWritingStubImpl: refreshLastKeyboardType: 1
02-15 20:05:45.081 3986 3986 I HandWritingStubImpl: getCurrentKeyboardType: 1
02-15 20:05:45.092 3986 3986 I HandWritingStubImpl: isKeyboardTypeChanged: false
02-15 20:05:45.141 3986 3986 I HandWritingStubImpl: refreshLastKeyboardType: 1
02-15 20:05:45.141 3986 3986 I HandWritingStubImpl: getCurrentKeyboardType: 1
02-15 20:05:45.142 3986 3986 I HandWritingStubImpl: isKeyboardTypeChanged: false
02-15 20:05:45.330 3986 3986 I VerificarSesion: Guarda Sesión
02-15 20:05:45.330 3986 3986 I VerificarSesion: Contador: 2000
02-15 20:05:46.330 3986 3986 I VerificarSesion: Guarda Sesión
02-15 20:05:46.331 3986 3986 I VerificarSesion: Contador: 3000
02-15 20:05:46.473 3986 3986 E AndroidCameraApi: onPause
02-15 20:05:46.474 3986 3986 D CameraExtImplXiaoMi: releaseCameraDevice: 1
02-15 20:05:46.504 3986 3986 D CameraDevice-JV-1: close: E. id = 1
02-15 20:05:46.513 3986 4005 W CameraDevice-JV-1: Device error received, code 4,
frame number 112, request ID 2, subseq ID 0
02-15 20:05:46.649 3986 3986 D CameraDevice-JV-1: close: X
02-15 20:05:46.650 3986 4005 W CameraDevice-JV-1: Device error received, code 5,
frame number 112, request ID 2, subseq ID 0
02-15 20:05:46.650 3986 4005 W CameraDevice-JV-1: Device error received, code 4,
frame number 108, request ID 2, subseq ID 0
02-15 20:05:46.650 3986 4551 W CameraDevice-JV-1: Device error received, code 4,
frame number 110, request ID 2, subseq ID 0
02-15 20:05:46.650 3986 4551 W CameraDevice-JV-1: Device error received, code 4,
frame number 109, request ID 2, subseq ID 0
02-15 20:05:46.650 3986 4551 W CameraDevice-JV-1: Device error received, code 4,
frame number 111, request ID 2, subseq ID 0
02-15 20:05:46.651 3986 4551 W CameraDevice-JV-1: Device error received, code 5,
frame number 107, request ID 2, subseq ID 0
02-15 20:05:46.651 3986 4551 W CameraDevice-JV-1: Device error received, code 5,
frame number 108, request ID 2, subseq ID 0
02-15 20:05:46.651 3986 4551 W CameraDevice-JV-1: Device error received, code 5,
frame number 109, request ID 2, subseq ID 0
02-15 20:05:46.651 3986 4551 W CameraDevice-JV-1: Device error received, code 5,
frame number 110, request ID 2, subseq ID 0
02-15 20:05:46.651 3986 4551 W CameraDevice-JV-1: Device error received, code 5,
frame number 111, request ID 2, subseq ID 0
02-15 20:05:46.658 3986 3986 W Activity: PerfMonitor: Slow Operation: Activity
ec.biometrika.d2web2/.MenuPrincipalActivity onPause took 185ms
02-15 20:05:47.332 3986 3986 I VerificarSesion: Guarda Sesión
02-15 20:05:47.333 3986 3986 I VerificarSesion: Contador: 0
02-15 20:05:48.334 3986 3986 I VerificarSesion: Guarda Sesión
02-15 20:05:48.335 3986 3986 I VerificarSesion: Contador: 1000
02-15 20:05:49.337 3986 3986 I VerificarSesion: Guarda Sesión
02-15 20:05:49.339 3986 3986 I VerificarSesion: Contador: 2000
02-15 20:05:50.340 3986 3986 I VerificarSesion: Guarda Sesión
02-15 20:05:50.341 3986 3986 I VerificarSesion: Contador: 3000
02-15 20:05:51.342 3986 3986 I VerificarSesion: Guarda Sesión
02-15 20:05:51.343 3986 3986 I VerificarSesion: Contador: 4000
02-15 20:05:51.584 3986 3999 W System : A resource failed to call close.
02-15 20:05:52.344 3986 3986 I VerificarSesion: Guarda Sesión
02-15 20:05:52.345 3986 3986 I VerificarSesion: Contador: 5000
02-15 20:05:53.347 3986 3986 I VerificarSesion: Guarda Sesión
02-15 20:05:53.348 3986 3986 I VerificarSesion: Contador: 6000
02-15 20:05:54.349 3986 3986 I VerificarSesion: Guarda Sesión
02-15 20:05:54.350 3986 3986 I VerificarSesion: Contador: 7000
02-15 20:05:55.351 3986 3986 I VerificarSesion: Guarda Sesión
02-15 20:05:55.351 3986 3986 I VerificarSesion: Contador: 8000
02-15 20:05:56.352 3986 3986 I VerificarSesion: Guarda Sesión
02-15 20:05:56.353 3986 3986 I VerificarSesion: Contador: 9000
02-15 20:05:57.354 3986 3986 I VerificarSesion: Guarda Sesión
02-15 20:05:57.354 3986 3986 I VerificarSesion: Contador: 10000
02-15 20:05:58.355 3986 3986 I VerificarSesion: Guarda Sesión
02-15 20:05:58.355 3986 3986 I VerificarSesion: Contador: 11000
02-15 20:05:59.357 3986 3986 I VerificarSesion: Guarda Sesión
02-15 20:05:59.357 3986 3986 I VerificarSesion: Contador: 12000
02-15 20:06:00.359 3986 3986 I VerificarSesion: Guarda Sesión
02-15 20:06:00.360 3986 3986 I VerificarSesion: Contador: 13000
02-15 20:06:01.361 3986 3986 I VerificarSesion: Guarda Sesión
02-15 20:06:01.361 3986 3986 I VerificarSesion: Contador: 14000
02-15 20:06:02.362 3986 3986 I VerificarSesion: Guarda Sesión
02-15 20:06:02.363 3986 3986 I VerificarSesion: Contador: 15000
02-15 20:06:03.364 3986 3986 I VerificarSesion: Guarda Sesión
02-15 20:06:03.364 3986 3986 I VerificarSesion: Contador: 16000
02-15 20:06:04.366 3986 3986 I VerificarSesion: Guarda Sesión
02-15 20:06:04.367 3986 3986 I VerificarSesion: Contador: 17000
02-15 20:06:05.369 3986 3986 I VerificarSesion: Guarda Sesión
02-15 20:06:05.370 3986 3986 I VerificarSesion: Contador: 18000
02-15 20:06:06.373 3986 3986 I VerificarSesion: Guarda Sesión
02-15 20:06:06.374 3986 3986 I VerificarSesion: Contador: 19000
02-15 20:06:07.376 3986 3986 I VerificarSesion: Guarda Sesión
02-15 20:06:07.377 3986 3986 I VerificarSesion: Contador: 20000
02-15 20:06:08.379 3986 3986 I VerificarSesion: Guarda Sesión
02-15 20:06:08.380 3986 3986 I VerificarSesion: Contador: 21000
02-15 20:06:09.381 3986 3986 I VerificarSesion: Guarda Sesión
02-15 20:06:09.382 3986 3986 I VerificarSesion: Contador: 22000
02-15 20:06:10.384 3986 3986 I VerificarSesion: Guarda Sesión
02-15 20:06:10.385 3986 3986 I VerificarSesion: Contador: 23000
02-15 20:06:11.387 3986 3986 I VerificarSesion: Guarda Sesión
02-15 20:06:11.388 3986 3986 I VerificarSesion: Contador: 24000
02-15 20:06:12.389 3986 3986 I VerificarSesion: Guarda Sesión
02-15 20:06:12.390 3986 3986 I VerificarSesion: Contador: 25000
02-15 20:06:13.391 3986 3986 I VerificarSesion: Guarda Sesión
02-15 20:06:13.392 3986 3986 I VerificarSesion: Contador: 26000
02-15 20:06:14.394 3986 3986 I VerificarSesion: Guarda Sesión
02-15 20:06:14.394 3986 3986 I VerificarSesion: Contador: 27000
02-15 20:06:15.396 3986 3986 I VerificarSesion: Guarda Sesión
02-15 20:06:15.398 3986 3986 I VerificarSesion: Contador: 28000
02-15 20:06:16.399 3986 3986 I VerificarSesion: Guarda Sesión
02-15 20:06:16.400 3986 3986 I VerificarSesion: Contador: 29000
02-15 20:06:17.403 3986 3986 I VerificarSesion: Guarda Sesión
02-15 20:06:17.405 3986 3986 I VerificarSesion: Contador: 30000
02-15 20:06:18.407 3986 3986 I VerificarSesion: Guarda Sesión
02-15 20:06:18.408 3986 3986 I VerificarSesion: Contador: 31000
02-15 20:06:19.409 3986 3986 I VerificarSesion: Guarda Sesión
02-15 20:06:19.410 3986 3986 I VerificarSesion: Contador: 32000
02-15 20:06:20.411 3986 3986 I VerificarSesion: Guarda Sesión
02-15 20:06:20.412 3986 3986 I VerificarSesion: Contador: 33000
02-15 20:06:21.414 3986 3986 I VerificarSesion: Guarda Sesión
02-15 20:06:21.414 3986 3986 I VerificarSesion: Contador: 34000
02-15 20:06:22.417 3986 3986 I VerificarSesion: Guarda Sesión
02-15 20:06:22.418 3986 3986 I VerificarSesion: Contador: 35000
02-15 20:06:23.420 3986 3986 I VerificarSesion: Guarda Sesión
02-15 20:06:23.420 3986 3986 I VerificarSesion: Contador: 36000
02-15 20:06:24.423 3986 3986 I VerificarSesion: Guarda Sesión
02-15 20:06:24.424 3986 3986 I VerificarSesion: Contador: 37000
02-15 20:06:25.426 3986 3986 I VerificarSesion: Guarda Sesión
02-15 20:06:25.426 3986 3986 I VerificarSesion: Contador: 38000
02-15 20:06:26.429 3986 3986 I VerificarSesion: Guarda Sesión
02-15 20:06:26.429 3986 3986 I VerificarSesion: Contador: 39000
02-15 20:06:27.430 3986 3986 I VerificarSesion: Guarda Sesión
02-15 20:06:27.431 3986 3986 I VerificarSesion: Contador: 40000
02-15 20:06:28.433 3986 3986 I VerificarSesion: Guarda Sesión
02-15 20:06:28.434 3986 3986 I VerificarSesion: Contador: 41000
02-15 20:06:29.435 3986 3986 I VerificarSesion: Guarda Sesión
02-15 20:06:29.436 3986 3986 I VerificarSesion: Contador: 42000
02-15 20:06:30.438 3986 3986 I VerificarSesion: Guarda Sesión
02-15 20:06:30.439 3986 3986 I VerificarSesion: Contador: 43000
02-15 20:06:31.441 3986 3986 I VerificarSesion: Guarda Sesión
02-15 20:06:31.441 3986 3986 I VerificarSesion: Contador: 44000
02-15 20:06:32.443 3986 3986 I VerificarSesion: Guarda Sesión
02-15 20:06:32.444 3986 3986 I VerificarSesion: Contador: 45000
02-15 20:06:33.446 3986 3986 I VerificarSesion: Guarda Sesión
02-15 20:06:33.447 3986 3986 I VerificarSesion: Contador: 46000
02-15 20:06:34.448 3986 3986 I VerificarSesion: Guarda Sesión
02-15 20:06:34.449 3986 3986 I VerificarSesion: Contador: 47000
02-15 20:06:35.451 3986 3986 I VerificarSesion: Guarda Sesión
02-15 20:06:35.452 3986 3986 I VerificarSesion: Contador: 48000
02-15 20:06:36.453 3986 3986 I VerificarSesion: Guarda Sesión
02-15 20:06:36.454 3986 3986 I VerificarSesion: Contador: 49000
02-15 20:06:37.456 3986 3986 I VerificarSesion: Guarda Sesión
02-15 20:06:37.456 3986 3986 I VerificarSesion: Contador: 50000
02-15 20:06:38.458 3986 3986 I VerificarSesion: Guarda Sesión
02-15 20:06:38.459 3986 3986 I VerificarSesion: Contador: 51000
02-15 20:06:39.460 3986 3986 I VerificarSesion: Guarda Sesión
02-15 20:06:39.461 3986 3986 I VerificarSesion: Contador: 52000
02-15 20:06:40.462 3986 3986 I VerificarSesion: Guarda Sesión
02-15 20:06:40.462 3986 3986 I VerificarSesion: Contador: 53000
02-15 20:06:41.464 3986 3986 I VerificarSesion: Guarda Sesión
02-15 20:06:41.465 3986 3986 I VerificarSesion: Contador: 54000
02-15 20:06:42.467 3986 3986 I VerificarSesion: Guarda Sesión
02-15 20:06:42.467 3986 3986 I VerificarSesion: Contador: 55000
02-15 20:06:43.468 3986 3986 I VerificarSesion: Guarda Sesión
02-15 20:06:43.469 3986 3986 I VerificarSesion: Contador: 56000
02-15 20:06:44.471 3986 3986 I VerificarSesion: Guarda Sesión
02-15 20:06:44.471 3986 3986 I VerificarSesion: Contador: 57000
02-15 20:06:45.474 3986 3986 I VerificarSesion: Guarda Sesión
02-15 20:06:45.475 3986 3986 I VerificarSesion: Contador: 58000
02-15 20:06:46.476 3986 3986 I VerificarSesion: Guarda Sesión
02-15 20:06:46.477 3986 3986 I VerificarSesion: Contador: 59000
02-15 20:06:47.480 3986 3986 I VerificarSesion: Guarda Sesión
02-15 20:06:47.481 3986 3986 I VerificarSesion: Contador: 60000
02-15 20:06:48.482 3986 3986 I VerificarSesion: Guarda Sesión
02-15 20:06:48.483 3986 3986 I VerificarSesion: Contador: 61000
02-15 20:06:49.485 3986 3986 I VerificarSesion: Guarda Sesión
02-15 20:06:49.485 3986 3986 I VerificarSesion: Contador: 62000
02-15 20:06:50.487 3986 3986 I VerificarSesion: Guarda Sesión
02-15 20:06:50.488 3986 3986 I VerificarSesion: Contador: 63000
02-15 20:06:51.489 3986 3986 I VerificarSesion: Guarda Sesión
02-15 20:06:51.489 3986 3986 I VerificarSesion: Contador: 64000
02-15 20:06:52.491 3986 3986 I VerificarSesion: Guarda Sesión
02-15 20:06:52.492 3986 3986 I VerificarSesion: Contador: 65000
02-15 20:06:53.493 3986 3986 I VerificarSesion: Guarda Sesión
02-15 20:06:53.495 3986 3986 I VerificarSesion: Contador: 66000
02-15 20:06:54.497 3986 3986 I VerificarSesion: Guarda Sesión
02-15 20:06:54.498 3986 3986 I VerificarSesion: Contador: 67000
02-15 20:06:55.500 3986 3986 I VerificarSesion: Guarda Sesión
02-15 20:06:55.500 3986 3986 I VerificarSesion: Contador: 68000
02-15 20:06:56.503 3986 3986 I VerificarSesion: Guarda Sesión
02-15 20:06:56.504 3986 3986 I VerificarSesion: Contador: 69000
02-15 20:06:57.506 3986 3986 I VerificarSesion: Guarda Sesión
02-15 20:06:57.507 3986 3986 I VerificarSesion: Contador: 70000
02-15 20:06:58.514 3986 3986 I VerificarSesion: Guarda Sesión
02-15 20:06:58.514 3986 3986 I VerificarSesion: Contador: 71000
02-15 20:06:59.516 3986 3986 I VerificarSesion: Guarda Sesión
02-15 20:06:59.516 3986 3986 I VerificarSesion: Contador: 72000
02-15 20:07:00.520 3986 3986 I VerificarSesion: Guarda Sesión
02-15 20:07:00.520 3986 3986 I VerificarSesion: Contador: 73000
02-15 20:07:01.523 3986 3986 I VerificarSesion: Guarda Sesión
02-15 20:07:01.524 3986 3986 I VerificarSesion: Contador: 74000
02-15 20:07:02.526 3986 3986 I VerificarSesion: Guarda Sesión
02-15 20:07:02.528 3986 3986 I VerificarSesion: Contador: 75000
02-15 20:07:03.530 3986 3986 I VerificarSesion: Guarda Sesión
02-15 20:07:03.531 3986 3986 I VerificarSesion: Contador: 76000
02-15 20:07:04.532 3986 3986 I VerificarSesion: Guarda Sesión
02-15 20:07:04.533 3986 3986 I VerificarSesion: Contador: 77000
02-15 20:07:05.535 3986 3986 I VerificarSesion: Guarda Sesión
02-15 20:07:05.536 3986 3986 I VerificarSesion: Contador: 78000
02-15 20:07:06.538 3986 3986 I VerificarSesion: Guarda Sesión
02-15 20:07:06.539 3986 3986 I VerificarSesion: Contador: 79000
02-15 20:07:07.544 3986 3986 I VerificarSesion: Guarda Sesión
02-15 20:07:07.545 3986 3986 I VerificarSesion: Contador: 80000
02-15 20:07:08.547 3986 3986 I VerificarSesion: Guarda Sesión
02-15 20:07:08.548 3986 3986 I VerificarSesion: Contador: 81000
02-15 20:07:09.550 3986 3986 I VerificarSesion: Guarda Sesión
02-15 20:07:09.551 3986 3986 I VerificarSesion: Contador: 82000
02-15 20:07:10.552 3986 3986 I VerificarSesion: Guarda Sesión
02-15 20:07:10.553 3986 3986 I VerificarSesion: Contador: 83000
02-15 20:07:11.556 3986 3986 I VerificarSesion: Guarda Sesión
02-15 20:07:11.556 3986 3986 I VerificarSesion: Contador: 84000
02-15 20:07:12.558 3986 3986 I VerificarSesion: Guarda Sesión
02-15 20:07:12.559 3986 3986 I VerificarSesion: Contador: 85000
02-15 20:07:13.562 3986 3986 I VerificarSesion: Guarda Sesión
02-15 20:07:13.562 3986 3986 I VerificarSesion: Contador: 86000
02-15 20:07:14.565 3986 3986 I VerificarSesion: Guarda Sesión
02-15 20:07:14.566 3986 3986 I VerificarSesion: Contador: 87000
02-15 20:07:15.568 3986 3986 I VerificarSesion: Guarda Sesión
02-15 20:07:15.569 3986 3986 I VerificarSesion: Contador: 88000
02-15 20:07:16.570 3986 3986 I VerificarSesion: Guarda Sesión
02-15 20:07:16.571 3986 3986 I VerificarSesion: Contador: 89000
02-15 20:07:17.572 3986 3986 I VerificarSesion: Guarda Sesión
02-15 20:07:17.573 3986 3986 I VerificarSesion: Contador: 90000
02-15 20:07:18.576 3986 3986 I VerificarSesion: Guarda Sesión
02-15 20:07:18.576 3986 3986 I VerificarSesion: Contador: 91000
02-15 20:07:19.579 3986 3986 I VerificarSesion: Guarda Sesión
02-15 20:07:19.580 3986 3986 I VerificarSesion: Contador: 92000
02-15 20:07:20.582 3986 3986 I VerificarSesion: Guarda Sesión
02-15 20:07:20.583 3986 3986 I VerificarSesion: Contador: 93000
02-15 20:07:21.585 3986 3986 I VerificarSesion: Guarda Sesión
02-15 20:07:21.585 3986 3986 I VerificarSesion: Contador: 94000
02-15 20:07:22.588 3986 3986 I VerificarSesion: Guarda Sesión
02-15 20:07:22.589 3986 3986 I VerificarSesion: Contador: 95000
02-15 20:07:23.592 3986 3986 I VerificarSesion: Guarda Sesión
02-15 20:07:23.593 3986 3986 I VerificarSesion: Contador: 96000
02-15 20:07:24.595 3986 3986 I VerificarSesion: Guarda Sesión
02-15 20:07:24.596 3986 3986 I VerificarSesion: Contador: 97000
02-15 20:07:25.599 3986 3986 I VerificarSesion: Guarda Sesión
02-15 20:07:25.600 3986 3986 I VerificarSesion: Contador: 98000
02-15 20:07:26.602 3986 3986 I VerificarSesion: Guarda Sesión
02-15 20:07:26.603 3986 3986 I VerificarSesion: Contador: 99000
02-15 20:07:27.604 3986 3986 I VerificarSesion: Guarda Sesión
02-15 20:07:27.605 3986 3986 I VerificarSesion: Contador: 100000
02-15 20:07:28.607 3986 3986 I VerificarSesion: Guarda Sesión
02-15 20:07:28.608 3986 3986 I VerificarSesion: Contador: 101000
02-15 20:07:29.610 3986 3986 I VerificarSesion: Guarda Sesión
02-15 20:07:29.611 3986 3986 I VerificarSesion: Contador: 102000
02-15 20:07:30.613 3986 3986 I VerificarSesion: Guarda Sesión
02-15 20:07:30.613 3986 3986 I VerificarSesion: Contador: 103000
02-15 20:07:31.615 3986 3986 I VerificarSesion: Guarda Sesión
02-15 20:07:31.616 3986 3986 I VerificarSesion: Contador: 104000
02-15 20:07:32.618 3986 3986 I VerificarSesion: Guarda Sesión
02-15 20:07:32.619 3986 3986 I VerificarSesion: Contador: 105000
02-15 20:07:33.620 3986 3986 I VerificarSesion: Guarda Sesión
02-15 20:07:33.621 3986 3986 I VerificarSesion: Contador: 106000
02-15 20:07:34.623 3986 3986 I VerificarSesion: Guarda Sesión
02-15 20:07:34.624 3986 3986 I VerificarSesion: Contador: 107000
02-15 20:07:35.626 3986 3986 I VerificarSesion: Guarda Sesión
02-15 20:07:35.627 3986 3986 I VerificarSesion: Contador: 108000
02-15 20:07:36.629 3986 3986 I VerificarSesion: Guarda Sesión
02-15 20:07:36.630 3986 3986 I VerificarSesion: Contador: 109000
02-15 20:07:37.632 3986 3986 I VerificarSesion: Guarda Sesión
02-15 20:07:37.634 3986 3986 I VerificarSesion: Contador: 110000
02-15 20:07:38.636 3986 3986 I VerificarSesion: Guarda Sesión
02-15 20:07:38.637 3986 3986 I VerificarSesion: Contador: 111000
02-15 20:07:39.639 3986 3986 I VerificarSesion: Guarda Sesión
02-15 20:07:39.640 3986 3986 I VerificarSesion: Contador: 112000
02-15 20:07:40.642 3986 3986 I VerificarSesion: Guarda Sesión
02-15 20:07:40.643 3986 3986 I VerificarSesion: Contador: 113000
02-15 20:07:41.645 3986 3986 I VerificarSesion: Guarda Sesión
02-15 20:07:41.646 3986 3986 I VerificarSesion: Contador: 114000
02-15 20:07:42.648 3986 3986 I VerificarSesion: Guarda Sesión
02-15 20:07:42.648 3986 3986 I VerificarSesion: Contador: 115000
02-15 20:07:43.651 3986 3986 I VerificarSesion: Guarda Sesión
02-15 20:07:43.652 3986 3986 I VerificarSesion: Contador: 116000
02-15 20:07:44.654 3986 3986 I VerificarSesion: Guarda Sesión
02-15 20:07:44.655 3986 3986 I VerificarSesion: Contador: 117000
02-15 20:07:45.657 3986 3986 I VerificarSesion: Guarda Sesión
02-15 20:07:45.658 3986 3986 I VerificarSesion: Contador: 118000
02-15 20:07:46.660 3986 3986 I VerificarSesion: Guarda Sesión
02-15 20:07:46.661 3986 3986 I VerificarSesion: Contador: 119000
02-15 20:07:47.662 3986 3986 I VerificarSesion: Guarda Sesión
02-15 20:07:47.663 3986 3986 I VerificarSesion: Contador: 120000
02-15 20:07:48.665 3986 3986 I VerificarSesion: Guarda Sesión
02-15 20:07:48.666 3986 3986 I VerificarSesion: Contador: 121000
02-15 20:07:49.668 3986 3986 I VerificarSesion: Guarda Sesión
02-15 20:07:49.669 3986 3986 I VerificarSesion: Contador: 122000
02-15 20:07:50.671 3986 3986 I VerificarSesion: Guarda Sesión
02-15 20:07:50.672 3986 3986 I VerificarSesion: Contador: 123000
02-15 20:07:51.674 3986 3986 I VerificarSesion: Guarda Sesión
02-15 20:07:51.675 3986 3986 I VerificarSesion: Contador: 124000
02-15 20:07:52.677 3986 3986 I VerificarSesion: Guarda Sesión
02-15 20:07:52.678 3986 3986 I VerificarSesion: Contador: 125000
02-15 20:07:53.680 3986 3986 I VerificarSesion: Guarda Sesión
02-15 20:07:53.680 3986 3986 I VerificarSesion: Contador: 126000
02-15 20:07:54.682 3986 3986 I VerificarSesion: Guarda Sesión
02-15 20:07:54.683 3986 3986 I VerificarSesion: Contador: 127000
02-15 20:07:55.685 3986 3986 I VerificarSesion: Guarda Sesión
02-15 20:07:55.686 3986 3986 I VerificarSesion: Contador: 128000
02-15 20:07:56.688 3986 3986 I VerificarSesion: Guarda Sesión
02-15 20:07:56.689 3986 3986 I VerificarSesion: Contador: 129000
02-15 20:07:57.691 3986 3986 I VerificarSesion: Guarda Sesión
02-15 20:07:57.691 3986 3986 I VerificarSesion: Contador: 130000
02-15 20:07:58.694 3986 3986 I VerificarSesion: Guarda Sesión
02-15 20:07:58.695 3986 3986 I VerificarSesion: Contador: 131000
02-15 20:07:59.697 3986 3986 I VerificarSesion: Guarda Sesión
02-15 20:07:59.699 3986 3986 I VerificarSesion: Contador: 132000
02-15 20:08:00.701 3986 3986 I VerificarSesion: Guarda Sesión
02-15 20:08:00.701 3986 3986 I VerificarSesion: Contador: 133000
02-15 20:08:01.704 3986 3986 I VerificarSesion: Guarda Sesión
02-15 20:08:01.704 3986 3986 I VerificarSesion: Contador: 134000
02-15 20:08:02.707 3986 3986 I VerificarSesion: Guarda Sesión
02-15 20:08:02.708 3986 3986 I VerificarSesion: Contador: 135000
02-15 20:08:03.712 3986 3986 I VerificarSesion: Guarda Sesión
02-15 20:08:03.712 3986 3986 I VerificarSesion: Contador: 136000
02-15 20:08:04.715 3986 3986 I VerificarSesion: Guarda Sesión
02-15 20:08:04.716 3986 3986 I VerificarSesion: Contador: 137000
02-15 20:08:05.717 3986 3986 I VerificarSesion: Guarda Sesión
02-15 20:08:05.718 3986 3986 I VerificarSesion: Contador: 138000
02-15 20:08:06.719 3986 3986 I VerificarSesion: Guarda Sesión
02-15 20:08:06.720 3986 3986 I VerificarSesion: Contador: 139000
02-15 20:08:07.722 3986 3986 I VerificarSesion: Guarda Sesión
02-15 20:08:07.723 3986 3986 I VerificarSesion: Contador: 140000
02-15 20:08:08.725 3986 3986 I VerificarSesion: Guarda Sesión
02-15 20:08:08.725 3986 3986 I VerificarSesion: Contador: 141000
02-15 20:08:09.729 3986 3986 I VerificarSesion: Guarda Sesión
02-15 20:08:09.730 3986 3986 I VerificarSesion: Contador: 142000
02-15 20:08:10.732 3986 3986 I VerificarSesion: Guarda Sesión
02-15 20:08:10.733 3986 3986 I VerificarSesion: Contador: 143000
02-15 20:08:11.735 3986 3986 I VerificarSesion: Guarda Sesión
02-15 20:08:11.736 3986 3986 I VerificarSesion: Contador: 144000
02-15 20:08:12.738 3986 3986 I VerificarSesion: Guarda Sesión
02-15 20:08:12.739 3986 3986 I VerificarSesion: Contador: 145000
02-15 20:08:13.740 3986 3986 I VerificarSesion: Guarda Sesión
02-15 20:08:13.740 3986 3986 I VerificarSesion: Contador: 146000
02-15 20:08:14.743 3986 3986 I VerificarSesion: Guarda Sesión
02-15 20:08:14.744 3986 3986 I VerificarSesion: Contador: 147000
02-15 20:08:15.746 3986 3986 I VerificarSesion: Guarda Sesión
02-15 20:08:15.748 3986 3986 I VerificarSesion: Contador: 148000
02-15 20:08:16.750 3986 3986 I VerificarSesion: Guarda Sesión
02-15 20:08:16.751 3986 3986 I VerificarSesion: Contador: 149000
02-15 20:08:17.754 3986 3986 I VerificarSesion: Guarda Sesión
02-15 20:08:17.755 3986 3986 I VerificarSesion: Contador: 150000
02-15 20:08:18.757 3986 3986 I VerificarSesion: Guarda Sesión
02-15 20:08:18.758 3986 3986 I VerificarSesion: Contador: 151000
02-15 20:08:19.760 3986 3986 I VerificarSesion: Guarda Sesión
02-15 20:08:19.761 3986 3986 I VerificarSesion: Contador: 152000
02-15 20:08:20.763 3986 3986 I VerificarSesion: Guarda Sesión
02-15 20:08:20.763 3986 3986 I VerificarSesion: Contador: 153000
02-15 20:08:21.766 3986 3986 I VerificarSesion: Guarda Sesión
02-15 20:08:21.767 3986 3986 I VerificarSesion: Contador: 154000
02-15 20:08:22.771 3986 3986 I VerificarSesion: Guarda Sesión
02-15 20:08:22.772 3986 3986 I VerificarSesion: Contador: 155000
02-15 20:08:23.774 3986 3986 I VerificarSesion: Guarda Sesión
02-15 20:08:23.775 3986 3986 I VerificarSesion: Contador: 156000
02-15 20:08:24.776 3986 3986 I VerificarSesion: Guarda Sesión
02-15 20:08:24.777 3986 3986 I VerificarSesion: Contador: 157000
02-15 20:08:25.779 3986 3986 I VerificarSesion: Guarda Sesión
02-15 20:08:25.780 3986 3986 I VerificarSesion: Contador: 158000
02-15 20:08:26.781 3986 3986 I VerificarSesion: Guarda Sesión
02-15 20:08:26.782 3986 3986 I VerificarSesion: Contador: 159000
02-15 20:08:27.785 3986 3986 I VerificarSesion: Guarda Sesión
02-15 20:08:27.785 3986 3986 I VerificarSesion: Contador: 160000
02-15 20:08:28.788 3986 3986 I VerificarSesion: Guarda Sesión
02-15 20:08:28.789 3986 3986 I VerificarSesion: Contador: 161000
02-15 20:08:29.791 3986 3986 I VerificarSesion: Guarda Sesión
02-15 20:08:29.792 3986 3986 I VerificarSesion: Contador: 162000
02-15 20:08:30.793 3986 3986 I VerificarSesion: Guarda Sesión
02-15 20:08:30.794 3986 3986 I VerificarSesion: Contador: 163000
02-15 20:08:31.796 3986 3986 I VerificarSesion: Guarda Sesión
02-15 20:08:31.797 3986 3986 I VerificarSesion: Contador: 164000
02-15 20:08:32.799 3986 3986 I VerificarSesion: Guarda Sesión
02-15 20:08:32.800 3986 3986 I VerificarSesion: Contador: 165000
02-15 20:08:33.802 3986 3986 I VerificarSesion: Guarda Sesión
02-15 20:08:33.803 3986 3986 I VerificarSesion: Contador: 166000
02-15 20:08:34.805 3986 3986 I VerificarSesion: Guarda Sesión
02-15 20:08:34.806 3986 3986 I VerificarSesion: Contador: 167000
02-15 20:08:35.809 3986 3986 I VerificarSesion: Guarda Sesión
02-15 20:08:35.810 3986 3986 I VerificarSesion: Contador: 168000
02-15 20:08:36.812 3986 3986 I VerificarSesion: Guarda Sesión
02-15 20:08:36.813 3986 3986 I VerificarSesion: Contador: 169000
02-15 20:08:37.815 3986 3986 I VerificarSesion: Guarda Sesión
02-15 20:08:37.815 3986 3986 I VerificarSesion: Contador: 170000
02-15 20:08:38.818 3986 3986 I VerificarSesion: Guarda Sesión
02-15 20:08:38.819 3986 3986 I VerificarSesion: Contador: 171000
02-15 20:08:39.823 3986 3986 I VerificarSesion: Guarda Sesión
02-15 20:08:39.825 3986 3986 I VerificarSesion: Contador: 172000
02-15 20:08:40.827 3986 3986 I VerificarSesion: Guarda Sesión
02-15 20:08:40.828 3986 3986 I VerificarSesion: Contador: 173000
02-15 20:08:41.829 3986 3986 I VerificarSesion: Guarda Sesión
02-15 20:08:41.830 3986 3986 I VerificarSesion: Contador: 174000
02-15 20:08:42.832 3986 3986 I VerificarSesion: Guarda Sesión
02-15 20:08:42.833 3986 3986 I VerificarSesion: Contador: 175000
02-15 20:08:43.834 3986 3986 I VerificarSesion: Guarda Sesión
02-15 20:08:43.836 3986 3986 I VerificarSesion: Contador: 176000
02-15 20:08:44.838 3986 3986 I VerificarSesion: Guarda Sesión
02-15 20:08:44.840 3986 3986 I VerificarSesion: Contador: 177000
02-15 20:08:45.841 3986 3986 I VerificarSesion: Guarda Sesión
02-15 20:08:45.842 3986 3986 I VerificarSesion: Contador: 178000
02-15 20:08:50.797 3986 3986 I VerificarSesion: Guarda Sesión
02-15 20:08:50.799 3986 3986 I VerificarSesion: Contador: 179000
02-15 20:08:57.658 3986 3986 I VerificarSesion: Guarda Sesión
02-15 20:08:57.660 3986 3986 I VerificarSesion: Contador: 180000
02-15 20:08:58.662 3986 3986 I VerificarSesion: Guarda Sesión
02-15 20:08:58.662 3986 3986 I VerificarSesion: Contador: 181000
02-15 20:08:59.665 3986 3986 I VerificarSesion: Guarda Sesión
02-15 20:08:59.666 3986 3986 I VerificarSesion: Contador: 182000
02-15 20:09:00.714 3986 3986 I VerificarSesion: Guarda Sesión
02-15 20:09:00.715 3986 3986 I VerificarSesion: Contador: 183000
02-15 20:09:01.717 3986 3986 I VerificarSesion: Guarda Sesión
02-15 20:09:01.718 3986 3986 I VerificarSesion: Contador: 184000
02-15 20:09:02.720 3986 3986 I VerificarSesion: Guarda Sesión
02-15 20:09:02.721 3986 3986 I VerificarSesion: Contador: 185000
02-15 20:09:03.724 3986 3986 I VerificarSesion: Guarda Sesión
02-15 20:09:03.725 3986 3986 I VerificarSesion: Contador: 186000
02-15 20:09:04.727 3986 3986 I VerificarSesion: Guarda Sesión
02-15 20:09:04.728 3986 3986 I VerificarSesion: Contador: 187000
02-15 20:09:05.731 3986 3986 I VerificarSesion: Guarda Sesión
02-15 20:09:05.732 3986 3986 I VerificarSesion: Contador: 188000
02-15 20:09:06.734 3986 3986 I VerificarSesion: Guarda Sesión
02-15 20:09:06.735 3986 3986 I VerificarSesion: Contador: 189000
02-15 20:09:07.737 3986 3986 I VerificarSesion: Guarda Sesión
02-15 20:09:07.738 3986 3986 I VerificarSesion: Contador: 190000
02-15 20:09:08.740 3986 3986 I VerificarSesion: Guarda Sesión
02-15 20:09:08.741 3986 3986 I VerificarSesion: Contador: 191000
02-15 20:09:09.745 3986 3986 I VerificarSesion: Guarda Sesión
02-15 20:09:09.746 3986 3986 I VerificarSesion: Contador: 192000
02-15 20:09:10.749 3986 3986 I VerificarSesion: Guarda Sesión
02-15 20:09:10.749 3986 3986 I VerificarSesion: Contador: 193000
02-15 20:09:11.752 3986 3986 I VerificarSesion: Guarda Sesión
02-15 20:09:11.753 3986 3986 I VerificarSesion: Contador: 194000
02-15 20:09:12.755 3986 3986 I VerificarSesion: Guarda Sesión
02-15 20:09:12.757 3986 3986 I VerificarSesion: Contador: 195000
02-15 20:09:18.483 3986 3986 I VerificarSesion: Guarda Sesión
02-15 20:09:18.484 3986 3986 I VerificarSesion: Contador: 196000
02-15 20:09:25.801 3986 3986 I VerificarSesion: Guarda Sesión
02-15 20:09:25.803 3986 3986 I VerificarSesion: Contador: 197000
02-15 20:09:42.506 3986 3986 I VerificarSesion: Guarda Sesión
02-15 20:09:42.507 3986 3986 I VerificarSesion: Contador: 198000
02-15 20:09:43.871 3986 3986 I VerificarSesion: Guarda Sesión
02-15 20:09:43.872 3986 3986 I VerificarSesion: Contador: 199000
02-15 20:09:46.838 3986 3986 I VerificarSesion: Guarda Sesión
02-15 20:09:46.839 3986 3986 I VerificarSesion: Contador: 200000
02-15 20:09:48.963 3986 3986 I VerificarSesion: Guarda Sesión
02-15 20:09:48.963 3986 3986 I VerificarSesion: Contador: 201000
02-15 20:09:54.450 3986 3986 I VerificarSesion: Guarda Sesión
02-15 20:09:54.451 3986 3986 I VerificarSesion: Contador: 202000
02-15 20:10:05.733 3986 3986 I VerificarSesion: Guarda Sesión
02-15 20:10:05.734 3986 3986 I VerificarSesion: Contador: 203000
02-15 20:10:13.438 3986 3986 I VerificarSesion: Guarda Sesión
02-15 20:10:13.439 3986 3986 I VerificarSesion: Contador: 204000
02-15 20:10:26.864 3986 3986 I VerificarSesion: Guarda Sesión
02-15 20:10:26.865 3986 3986 I VerificarSesion: Contador: 205000
02-15 20:10:28.682 3986 3986 I VerificarSesion: Guarda Sesión
02-15 20:10:28.683 3986 3986 I VerificarSesion: Contador: 206000
02-15 20:10:31.527 3986 3986 I VerificarSesion: Guarda Sesión
02-15 20:10:31.528 3986 3986 I VerificarSesion: Contador: 207000
02-15 20:10:35.241 3986 3986 I VerificarSesion: Guarda Sesión
02-15 20:10:35.242 3986 3986 I VerificarSesion: Contador: 208000
02-15 20:10:38.009 3986 3986 I VerificarSesion: Guarda Sesión
02-15 20:10:38.010 3986 3986 I VerificarSesion: Contador: 209000
02-15 20:10:41.067 3986 3986 I VerificarSesion: Guarda Sesión
02-15 20:10:41.068 3986 3986 I VerificarSesion: Contador: 210000
02-15 20:10:59.916 3986 3986 I VerificarSesion: Guarda Sesión
02-15 20:10:59.917 3986 3986 I VerificarSesion: Contador: 211000
02-15 20:11:04.398 3986 3986 I VerificarSesion: Guarda Sesión
02-15 20:11:04.399 3986 3986 I VerificarSesion: Contador: 212000
02-15 20:11:05.720 3986 3986 I VerificarSesion: Guarda Sesión
02-15 20:11:05.722 3986 3986 I VerificarSesion: Contador: 213000
02-15 20:11:07.676 3986 3986 I VerificarSesion: Guarda Sesión
02-15 20:11:07.677 3986 3986 I VerificarSesion: Contador: 214000
02-15 20:11:10.589 3986 3986 I VerificarSesion: Guarda Sesión
02-15 20:11:10.589 3986 3986 I VerificarSesion: Contador: 215000
02-15 20:11:17.306 3986 3986 I VerificarSesion: Guarda Sesión
02-15 20:11:17.307 3986 3986 I VerificarSesion: Contador: 216000
02-15 20:11:20.864 3986 3986 I VerificarSesion: Guarda Sesión
02-15 20:11:20.865 3986 3986 I VerificarSesion: Contador: 217000
02-15 20:11:28.135 3986 3986 I VerificarSesion: Guarda Sesión
02-15 20:11:28.135 3986 3986 I VerificarSesion: Contador: 218000
02-15 20:11:43.524 3986 3986 I VerificarSesion: Guarda Sesión
02-15 20:11:43.525 3986 3986 I VerificarSesion: Contador: 219000
02-15 20:11:46.244 3986 3986 I VerificarSesion: Guarda Sesión
02-15 20:11:46.244 3986 3986 I VerificarSesion: Contador: 220000
02-15 20:11:52.541 3986 3986 I VerificarSesion: Guarda Sesión
02-15 20:11:52.542 3986 3986 I VerificarSesion: Contador: 221000
02-15 20:11:53.853 3986 3986 I VerificarSesion: Guarda Sesión
02-15 20:11:53.853 3986 3986 I VerificarSesion: Contador: 222000
02-15 20:11:58.885 3986 3986 I VerificarSesion: Guarda Sesión
02-15 20:11:58.886 3986 3986 I VerificarSesion: Contador: 223000
02-15 20:12:00.090 3986 3986 I VerificarSesion: Guarda Sesión
02-15 20:12:00.092 3986 3986 I VerificarSesion: Contador: 224000
02-15 20:12:04.764 3986 3986 I VerificarSesion: Guarda Sesión
02-15 20:12:04.764 3986 3986 I VerificarSesion: Contador: 225000
02-15 20:12:05.835 3986 3986 I VerificarSesion: Guarda Sesión
02-15 20:12:05.835 3986 3986 I VerificarSesion: Contador: 226000
02-15 20:12:21.612 3986 3986 I VerificarSesion: Guarda Sesión
02-15 20:12:21.612 3986 3986 I VerificarSesion: Contador: 227000
02-15 20:12:22.961 3986 3986 I VerificarSesion: Guarda Sesión
02-15 20:12:22.961 3986 3986 I VerificarSesion: Contador: 228000
02-15 20:12:24.271 3986 3986 I VerificarSesion: Guarda Sesión
02-15 20:12:24.272 3986 3986 I VerificarSesion: Contador: 229000
02-15 20:12:39.467 3986 3986 I VerificarSesion: Guarda Sesión
02-15 20:12:39.468 3986 3986 I VerificarSesion: Contador: 230000
02-15 20:13:00.313 3986 3986 I VerificarSesion: Guarda Sesión
02-15 20:13:00.314 3986 3986 I VerificarSesion: Contador: 231000
02-15 20:13:11.119 3986 3986 I VerificarSesion: Guarda Sesión
02-15 20:13:11.120 3986 3986 I VerificarSesion: Contador: 232000
02-15 20:13:13.775 3986 3986 I VerificarSesion: Guarda Sesión
02-15 20:13:13.779 3986 3986 I VerificarSesion: Contador: 233000
02-15 20:13:15.755 3986 3986 I VerificarSesion: Guarda Sesión
02-15 20:13:15.755 3986 3986 I VerificarSesion: Contador: 234000
02-15 20:13:26.581 3986 3986 I VerificarSesion: Guarda Sesión
02-15 20:13:26.581 3986 3986 I VerificarSesion: Contador: 235000
02-15 20:13:34.740 3986 3986 I VerificarSesion: Guarda Sesión
02-15 20:13:34.742 3986 3986 I VerificarSesion: Contador: 236000
02-15 20:13:37.527 3986 3986 I VerificarSesion: Guarda Sesión
