02-16 09:04:50.245 24466 24481 W libc : Access denied finding property
"vendor.camera.aux.packagelist"
02-16 09:04:50.245 24466 24481 W CameraManagerGlobal: ignore the torch status
update of camera: 2
02-16 09:04:50.245 24466 24481 W libc : Access denied finding property
"vendor.camera.aux.packagelist"
02-16 09:04:50.245 24466 24481 W CameraManagerGlobal: ignore the torch status
update of camera: 3
02-16 09:04:50.245 24466 24481 W libc : Access denied finding property
"vendor.camera.aux.packagelist"
02-16 09:04:50.245 24466 24481 W CameraManagerGlobal: ignore the torch status
update of camera: 4
02-16 09:04:50.245 24466 24481 W libc : Access denied finding property
"vendor.camera.aux.packagelist"
02-16 09:04:50.245 24466 24481 W CameraManagerGlobal: ignore the torch status
update of camera: 5
02-16 09:04:50.246 24466 24466 W libc : Access denied finding property
"persist.vendor.camera.privapp.list"
02-16 09:04:50.246 24466 24466 D CameraExtImplXiaoMi: initCameraDevice: 1
02-16 09:04:50.271 24466 24650 E libEGL : pre_cache appList: ,,
02-16 09:04:50.281 24466 24466 D MiuiMultiWindowUtils: freeform resolution args raw
data:{ "yunluo": { "freeform_args": { "vertical_portrait":
{"aspect_ratio":0.5625,
"original_ratio":0.48,"original_scale":0.6133,"top_margin":0.049,"left_margin":0.27
75}, "horizontal_portrait":{"aspect_ratio":0.5625,
"original_ratio":0.48,"original_scale":0.6133,"top_margin":-
1,"left_margin":0.6525}, "vertical_landscape":{"aspect_ratio":-1,
"original_ratio":1,"original_scale":0.468,"top_margin":0.049,"left_margin":-1},
"horizontal_landscape":{"aspect_ratio":-1,
"original_ratio":1,"original_scale":0.468,"top_margin":-
1,"left_margin":0.4976} }, "mini_freeform_args":{ "vertical_portrait":
{"aspect_ratio":0.5625, "original_ratio":0.1917}, "horizontal_portrait":
{"aspect_ratio":0.5625, "original_ratio":0.1917}, "vertical_landscape":
{"aspect_ratio":-1, "original_ratio":0.2667}, "horizontal_landscape":
{"aspect_ratio":-1, "original_ratio":0.2667} } }, "zizhan":
{ "freeform_args": { "inner":{ "vertical_portrait":
{"aspect_ratio":0.626,
"original_ratio":0.5643,"original_scale":0.74,"top_margin":0.168,"left_margin":0.48
4}, "horizontal_portrait":{"aspect_ratio":0.626,
"original_ratio":0.5643,"original_scale":0.74,"top_margin":0.1222,"left_margin":0.5
9745}, "vertical_landscape":{"aspect_ratio":1.6,
"original_ratio":1,"original_scale":0.604,"top_margin":0.2596,"left_margin":0.2624}
, "horizontal_landscape":{"aspect_ratio":1.6,
"original_ratio":1,"original_scale":0.604,"top_margin":0.213,"left_margin":0.3758}
}, "outer":{ "vertical_portrait":{"aspect_ratio":0.626,
"original_ratio":1,"original_scale":0.74,"top_margin":0.0753,"left_margin":-1},
"horizontal_portrait":{"aspect_ratio":0.626,
"original_ratio":1,"original_scale":0.5756,"top_margin":-1,"left_margin":0.0753},
"vertical_landscape":{"aspect_ratio":1.6,
"original_ratio":0.6847,"original_scale":0.587,"top_margin":0.0753,"left_margin":-
1}, "horizontal_landscape":{"aspect_ratio":1.6,
"original_ratio":0.6847,"original_scale":0.587,"top_margin":-
1,"left_margin":0.0753}} }, "mini_freeform_args":{ "inner":
{ "vertical_portrait":{"aspect_ratio":0.626, "original_ratio":0.147},
"horizontal_portrait":{"aspect_ratio":0.626, "original_ratio":0.147},
"vertical_landscape":{"aspect_ratio":1.6, "original_ratio":0.165},
"horizontal_landscape":{"aspect_ratio":1.6, "original_ratio":0.165} },
"outer":{ "vertical_portrait":{"aspect_ratio":0.626, "original_ratio":0.26},
"horizontal_portrait":{"aspect_ratio":0.626, "original_ratio":0.26},
"vertical_landscape":{"aspect_ratio":1.6, "original_ratio":0.293},
"horizontal_landscape":{"aspect_ratio":1.6, "original_ratio":0.293}} } },
"wide_default":{ "freeform_args": { "vertical_portrait":
{"aspect_ratio":0.625,
"original_ratio":0.5806,"original_scale":0.7574,"top_margin":0.125,"left_margin":0.
392}, "horizontal_portrait":{"aspect_ratio":0.625,
"original_ratio":0.5806,"original_scale":0.7574,"top_margin":-
1,"left_margin":0.6415}, "vertical_landscape":{"aspect_ratio":1.6,
"original_ratio":1,"original_scale":0.5153,"top_margin":0.125,"left_margin":0.206},
"horizontal_landscape":{"aspect_ratio":1.6,
"original_ratio":1,"original_scale":0.5153,"top_margin":-
1,"left_margin":0.456} }, "mini_freeform_args":{ "vertical_portrait":
{"aspect_ratio":0.5625, "original_ratio":0.144}, "horizontal_portrait":
{"aspect_ratio":0.5625, "original_ratio":0.144}, "vertical_landscape":
{"aspect_ratio":-1, "original_ratio":0.144}, "horizontal_landscape":
{"aspect_ratio":-1, "original_ratio":0.144} } }, "narrow_default":
{ "freeform_args": { "vertical_portrait":{"aspect_ratio":0.5625,
"original_ratio":1,"original_scale":0.7182,"top_margin":0.142,"left_margin":-1},
"horizontal_portrait":{"aspect_ratio":0.8,
"original_ratio":1,"original_scale":0.7182,"top_margin":-1,"left_margin":0.05},
"vertical_landscape":{"aspect_ratio":1
02-16 09:04:50.281 24466 24466 E MiuiMultiWindowUtils: initFreeFormResolutionArgs
failed, device is cupid
02-16 09:04:50.281 24466 24466 D IS_CTS_MODE: false
02-16 09:04:50.281 24466 24466 D MULTI_WINDOW_SWITCH_ENABLED: false
02-16 09:04:50.344 24466 24466 E AndroidCameraApi: openCamera X
02-16 09:04:50.360 24466 24523 W Parcel : Expecting binder but got null!
02-16 09:04:50.361 24466 24466 W Looper : PerfMonitor doFrame : time=372ms
vsyncFrame=0 latency=1ms procState=-1 historyMsgCount=44
02-16 09:04:50.362 24466 24466 I Choreographer: Skipped 44 frames! The application
may be doing too much work on its main thread.
02-16 09:04:50.363 24466 24466 W Looper : PerfMonitor doFrame : time=1ms
vsyncFrame=0 latency=366ms procState=-1 historyMsgCount=6 (msgIndex=1 wall=372ms
seq=203 running=175ms runnable=11ms io=10ms late=1ms
h=android.view.Choreographer$FrameHandler
c=android.view.Choreographer$FrameDisplayEventReceiver)
02-16 09:04:50.388 24466 24466 I LogD2movil: Fecha: 2023/febrero/16
02-16 09:04:50.388 24466 24466 I LogD2movil: Hora: 09:04:50 a. m.
02-16 09:04:50.388 24466 24466 I LogD2movil: Servicio Web: obtieneImagen -
https://www.d2servicios.com/d2web.api.uni/d2webdroid.asmx/ObtieneImagenPersonal
02-16 09:04:50.388 24466 24466 I LogD2movil: Subfunción: onResponse
02-16 09:04:50.388 24466 24466 I LogD2movil: Get Data: imagen-0
02-16 09:04:50.409 24466 24466 D Network : Network
02-16 09:04:50.411 24466 24466 D Network : Network
02-16 09:04:50.411 24466 24480 I bb : Successfully registered with Phenotype.
02-16 09:04:50.465 24466 24466 I LogD2movil: Fecha: 2023/febrero/16
02-16 09:04:50.465 24466 24466 I LogD2movil: Hora: 09:04:50 a. m.
02-16 09:04:50.465 24466 24466 I LogD2movil: Servicio Web:
RecuperaTemplatesGraficos -
https://www.d2servicios.com/d2web.api.uni/d2webdroid.asmx/RecuperaTemplatesGraficos
02-16 09:04:50.465 24466 24466 I LogD2movil: Subfunción: onResponse
02-16 09:04:50.465 24466 24466 I LogD2movil: Get Data: Hay datos: true | Nº
Reportes: 1
02-16 09:04:50.486 24466 24466 E AndroidCameraApi: onOpened
02-16 09:04:50.486 24466 24681 I LogD2movil: Fecha: 2023/febrero/16
02-16 09:04:50.486 24466 24681 I LogD2movil: Hora: 09:04:50 a. m.
02-16 09:04:50.486 24466 24681 I LogD2movil: Servicio Web: getAndroidID
02-16 09:04:50.486 24466 24681 I LogD2movil: Get Data: 1166445d84bfca5c
02-16 09:04:50.486 24466 24681 I LogD2movil: Mensaje: AndroidID
02-16 09:04:50.487 24466 24466 D CameraDevice-JV-1: waitUntilIdle: E. id = 1
02-16 09:04:50.487 24466 24466 D CameraDevice-JV-1: waitUntilIdle: X
02-16 09:04:50.492 24466 24681 I LogD2movil: Fecha: 2023/febrero/16
02-16 09:04:50.492 24466 24681 I LogD2movil: Hora: 09:04:50 a. m.
02-16 09:04:50.492 24466 24681 I LogD2movil: Servicio Web: getAndroidID
02-16 09:04:50.492 24466 24681 I LogD2movil: Get Data: 1166445d84bfca5c
02-16 09:04:50.492 24466 24681 I LogD2movil: Mensaje: AndroidID
02-16 09:04:50.498 24466 24681 I LogD2movil: Fecha: 2023/febrero/16
02-16 09:04:50.498 24466 24681 I LogD2movil: Hora: 09:04:50 a. m.
02-16 09:04:50.498 24466 24681 I LogD2movil: Servicio Web: ejecutaReporteMv
02-16 09:04:50.498 24466 24681 I LogD2movil: Subfunción: getParams
02-16 09:04:50.498 24466 24681 I LogD2movil: Send Data: token: null| idReporte: 13|
fecha Desde y hasta: 2023-02-16
02-16 09:04:50.576 24466 24466 I HandWritingStubImpl: refreshLastKeyboardType: 1
02-16 09:04:50.576 24466 24466 I HandWritingStubImpl: getCurrentKeyboardType: 1
02-16 09:04:50.589 24466 24466 I HandWritingStubImpl: isKeyboardTypeChanged: false
02-16 09:04:50.639 24466 24466 I LogD2movil: Fecha: 2023/febrero/16
02-16 09:04:50.639 24466 24466 I LogD2movil: Hora: 09:04:50 a. m.
02-16 09:04:50.639 24466 24466 I LogD2movil: Servicio Web: ejecutaReporteMv -
https://www.d2servicios.com/d2web.api.uni/d2webdroid.asmx/EjecutaReporteMv
02-16 09:04:50.639 24466 24466 I LogD2movil: Subfunción: onResponse
02-16 09:04:50.639 24466 24466 I LogD2movil: Send Data: id reporte: 13| Gráficos a
mostrar: 1
02-16 09:04:50.771 24466 24523 W qdgralloc: getInterlacedFlag: getMetaData returned
-22, defaulting to interlaced_flag = 0
02-16 09:04:50.804 24466 24523 W qdgralloc: getInterlacedFlag: getMetaData returned
-22, defaulting to interlaced_flag = 0
02-16 09:04:50.837 24466 24523 W qdgralloc: getInterlacedFlag: getMetaData returned
-22, defaulting to interlaced_flag = 0
02-16 09:04:50.870 24466 24523 W qdgralloc: getInterlacedFlag: getMetaData returned
-22, defaulting to interlaced_flag = 0
02-16 09:04:50.903 24466 24523 W qdgralloc: getInterlacedFlag: getMetaData returned
-22, defaulting to interlaced_flag = 0
02-16 09:04:50.936 24466 24523 W qdgralloc: getInterlacedFlag: getMetaData returned
-22, defaulting to interlaced_flag = 0
02-16 09:04:50.953 24466 24466 I VerificarSesion: Guarda Sesión
02-16 09:04:50.954 24466 24466 I VerificarSesion: Contador: 0
02-16 09:04:50.969 24466 24523 W qdgralloc: getInterlacedFlag: getMetaData returned
-22, defaulting to interlaced_flag = 0
02-16 09:04:51.002 24466 24523 W qdgralloc: getInterlacedFlag: getMetaData returned
-22, defaulting to interlaced_flag = 0
02-16 09:04:51.960 24466 24466 I VerificarSesion: Guarda Sesión
02-16 09:04:51.960 24466 24466 I VerificarSesion: Contador: 1000
02-16 09:04:52.036 24466 24626 D TrafficStats: tagSocket(114) with
statsTag=0x20001101, statsUid=-1
02-16 09:04:52.044 24466 24625 D TrafficStats: tagSocket(118) with
statsTag=0x20001101, statsUid=-1
02-16 09:04:52.051 24466 24624 D TrafficStats: tagSocket(129) with
statsTag=0x20001101, statsUid=-1
02-16 09:04:52.167 24466 24651 W DynamiteModule: Local module descriptor class for
com.google.android.gms.googlecertificates not found.
02-16 09:04:52.182 24466 24651 I DynamiteModule: Considering local module
com.google.android.gms.googlecertificates:0 and remote module
com.google.android.gms.googlecertificates:7
02-16 09:04:52.182 24466 24651 I DynamiteModule: Selected remote version of
com.google.android.gms.googlecertificates, version >= 7
02-16 09:04:52.213 24466 24620 I SnapshotHandler: Unable to retrieve flag snapshot
for com.google.android.libraries.consentverifier#ec.biometrika.d2web2, using
defaults.
02-16 09:04:52.227 24466 24622 W MobStoreFlagStore: Unable to update local snapshot
for com.google.android.libraries.consentverifier#ec.biometrika.d2web2, may result
in stale flags.
02-16 09:04:52.227 24466 24622 W MobStoreFlagStore:
java.util.concurrent.ExecutionException: java.lang.SecurityException:
GoogleCertificatesRslt: not allowed: pkg=ec.biometrika.d2web2,
sha256=[c0d0bbf5bac59dda95681a9a5d1d032a63a82ba00086fb09c10aea04b12b3b52],
atk=false, ver=230413044.true (go/gsrlt)
02-16 09:04:52.227 24466 24622 W MobStoreFlagStore: at
ajq.s(:com.google.android.gms.dynamite_mapsdynamite@230413044@23.04.13 (190400-
0):3)
02-16 09:04:52.227 24466 24622 W MobStoreFlagStore: at
ajq.get(:com.google.android.gms.dynamite_mapsdynamite@230413044@23.04.13 (190400-
0):2)
02-16 09:04:52.227 24466 24622 W MobStoreFlagStore: at
ala.g(:com.google.android.gms.dynamite_mapsdynamite@230413044@23.04.13 (190400-
0):2)
02-16 09:04:52.227 24466 24622 W MobStoreFlagStore: at
ys.d(:com.google.android.gms.dynamite_mapsdynamite@230413044@23.04.13 (190400-0):1)
02-16 09:04:52.227 24466 24622 W MobStoreFlagStore: at
yu.run(:com.google.android.gms.dynamite_mapsdynamite@230413044@23.04.13 (190400-
0):0)
02-16 09:04:52.227 24466 24622 W MobStoreFlagStore: at
java.util.concurrent.Executors$RunnableAdapter.call(Executors.java:463)
02-16 09:04:52.227 24466 24622 W MobStoreFlagStore: at
java.util.concurrent.FutureTask.run(FutureTask.java:264)
02-16 09:04:52.227 24466 24622 W MobStoreFlagStore: at
java.util.concurrent.ScheduledThreadPoolExecutor$ScheduledFutureTask.run(ScheduledT
hreadPoolExecutor.java:307)
02-16 09:04:52.227 24466 24622 W MobStoreFlagStore: at
java.util.concurrent.ThreadPoolExecutor.runWorker(ThreadPoolExecutor.java:1137)
02-16 09:04:52.227 24466 24622 W MobStoreFlagStore: at
java.util.concurrent.ThreadPoolExecutor$Worker.run(ThreadPoolExecutor.java:637)
02-16 09:04:52.227 24466 24622 W MobStoreFlagStore: at
java.lang.Thread.run(Thread.java:1012)
02-16 09:04:52.227 24466 24622 W MobStoreFlagStore: Caused by:
java.lang.SecurityException: GoogleCertificatesRslt: not allowed:
pkg=ec.biometrika.d2web2,
sha256=[c0d0bbf5bac59dda95681a9a5d1d032a63a82ba00086fb09c10aea04b12b3b52],
atk=false, ver=230413044.true (go/gsrlt)
02-16 09:04:52.227 24466 24622 W MobStoreFlagStore: at
android.os.Parcel.createExceptionOrNull(Parcel.java:3011)
02-16 09:04:52.227 24466 24622 W MobStoreFlagStore: at
android.os.Parcel.createException(Parcel.java:2995)
02-16 09:04:52.227 24466 24622 W MobStoreFlagStore: at
android.os.Parcel.readException(Parcel.java:2978)
02-16 09:04:52.227 24466 24622 W MobStoreFlagStore: at
android.os.Parcel.readException(Parcel.java:2920)
02-16 09:04:52.227 24466 24622 W MobStoreFlagStore: at
ff.c(:com.google.android.gms.dynamite_mapsdynamite@230413044@23.04.13 (190400-0):2)
02-16 09:04:52.227 24466 24622 W MobStoreFlagStore: at
ru.a(:com.google.android.gms.dynamite_mapsdynamite@230413044@23.04.13 (190400-0):4)
02-16 09:04:52.227 24466 24622 W MobStoreFlagStore: at
jl.e(:com.google.android.gms.dynamite_mapsdynamite@230413044@23.04.13 (190400-0):2)
02-16 09:04:52.227 24466 24622 W MobStoreFlagStore: at
kk.t(:com.google.android.gms.dynamite_mapsdynamite@230413044@23.04.13 (190400-0):2)
02-16 09:04:52.227 24466 24622 W MobStoreFlagStore: at
kk.u(:com.google.android.gms.dynamite_mapsdynamite@230413044@23.04.13 (190400-0):3)
02-16 09:04:52.227 24466 24622 W MobStoreFlagStore: at
kk.e(:com.google.android.gms.dynamite_mapsdynamite@230413044@23.04.13 (190400-0):2)
02-16 09:04:52.227 24466 24622 W MobStoreFlagStore: at
ko.handleMessage(:com.google.android.gms.dynamite_mapsdynamite@230413044@23.04.13
(190400-0):69)
02-16 09:04:52.227 24466 24622 W MobStoreFlagStore: at
android.os.Handler.dispatchMessage(Handler.java:102)
02-16 09:04:52.227 24466 24622 W MobStoreFlagStore: at
android.os.Looper.loopOnce(Looper.java:210)
02-16 09:04:52.227 24466 24622 W MobStoreFlagStore: at
android.os.Looper.loop(Looper.java:299)
02-16 09:04:52.227 24466 24622 W MobStoreFlagStore: at
android.os.HandlerThread.run(HandlerThread.java:67)
02-16 09:04:52.962 24466 24466 I VerificarSesion: Guarda Sesión
02-16 09:04:52.962 24466 24466 I VerificarSesion: Contador: 2000
02-16 09:04:53.962 24466 24466 I VerificarSesion: Guarda Sesión
02-16 09:04:53.963 24466 24466 I VerificarSesion: Contador: 3000
02-16 09:04:54.964 24466 24466 I VerificarSesion: Guarda Sesión
02-16 09:04:54.964 24466 24466 I VerificarSesion: Contador: 4000
02-16 09:04:55.981 24466 24466 I VerificarSesion: Guarda Sesión
02-16 09:04:55.981 24466 24466 I VerificarSesion: Contador: 5000
02-16 09:04:56.985 24466 24466 I VerificarSesion: Guarda Sesión
02-16 09:04:56.986 24466 24466 I VerificarSesion: Contador: 6000
02-16 09:04:57.985 24466 24466 I VerificarSesion: Guarda Sesión
02-16 09:04:57.986 24466 24466 I VerificarSesion: Contador: 7000
02-16 09:04:58.987 24466 24466 I VerificarSesion: Guarda Sesión
02-16 09:04:58.987 24466 24466 I VerificarSesion: Contador: 8000
02-16 09:04:59.656 24466 24466 I HandWritingStubImpl: isKeyboardTypeChanged: false
02-16 09:04:59.656 24466 24466 I HandWritingStubImpl: refreshLastKeyboardType: 1
02-16 09:04:59.656 24466 24466 I HandWritingStubImpl: getCurrentKeyboardType: 1
02-16 09:04:59.671 24466 24466 I HandWritingStubImpl: isKeyboardTypeChanged: false
02-16 09:04:59.988 24466 24466 I VerificarSesion: Guarda Sesión
02-16 09:04:59.988 24466 24466 I VerificarSesion: Contador: 9000
02-16 09:05:00.586 24466 24466 I LogD2movil: Fecha: 2023/febrero/16
02-16 09:05:00.586 24466 24466 I LogD2movil: Hora: 09:05:00 a. m.
02-16 09:05:00.586 24466 24466 I LogD2movil: Servicio Web: getAndroidID
02-16 09:05:00.586 24466 24466 I LogD2movil: Get Data: 1166445d84bfca5c
02-16 09:05:00.586 24466 24466 I LogD2movil: Mensaje: AndroidID
02-16 09:05:00.601 24466 24466 I HandWritingStubImpl: isKeyboardTypeChanged: false
02-16 09:05:00.607 24466 25600 I LogD2movil: Fecha: 2023/febrero/16
02-16 09:05:00.607 24466 25600 I LogD2movil: Hora: 09:05:00 a. m.
02-16 09:05:00.607 24466 25600 I LogD2movil: Servicio Web: historialNot -
https://www.d2servicios.com/d2web.api.uni/d2webdroid.asmx/HistNot
02-16 09:05:00.607 24466 25600 I LogD2movil: Subfunción: getParams
02-16 09:05:00.607 24466 25600 I LogD2movil: Send Data: N dias 0
02-16 09:05:00.607 24466 25600 I LogD2movil: Mensaje: Envío de parametros
02-16 09:05:00.608 24466 24466 I LogD2movil: Fecha: 2023/febrero/16
02-16 09:05:00.608 24466 24466 I LogD2movil: Hora: 09:05:00 a. m.
02-16 09:05:00.608 24466 24466 I LogD2movil: ********* Módulo: Marcaciones
*********
02-16 09:05:00.737 24466 24466 I LogD2movil: Fecha: 2023/febrero/16
02-16 09:05:00.737 24466 24466 I LogD2movil: Hora: 09:05:00 a. m.
02-16 09:05:00.737 24466 24466 I LogD2movil: Servicio Web: historialNot -
https://www.d2servicios.com/d2web.api.uni/d2webdroid.asmx/HistNot
02-16 09:05:00.737 24466 24466 I LogD2movil: Subfunción: OnResponse
02-16 09:05:00.737 24466 24466 I LogD2movil: Get Data: Num notificaciones: 0
02-16 09:05:00.989 24466 24466 I VerificarSesion: Guarda Sesión
02-16 09:05:00.989 24466 24466 I VerificarSesion: Contador: 0
02-16 09:05:01.990 24466 24466 I VerificarSesion: Guarda Sesión
02-16 09:05:01.991 24466 24466 I VerificarSesion: Contador: 1000
02-16 09:05:02.991 24466 24466 I VerificarSesion: Guarda Sesión
02-16 09:05:02.991 24466 24466 I VerificarSesion: Contador: 2000
02-16 09:05:03.992 24466 24466 I VerificarSesion: Guarda Sesión
02-16 09:05:03.992 24466 24466 I VerificarSesion: Contador: 3000
02-16 09:05:04.997 24466 24466 I VerificarSesion: Guarda Sesión
02-16 09:05:04.998 24466 24466 I VerificarSesion: Contador: 4000
02-16 09:05:05.999 24466 24466 I VerificarSesion: Guarda Sesión
02-16 09:05:05.999 24466 24466 I VerificarSesion: Contador: 5000
02-16 09:05:07.006 24466 24466 I VerificarSesion: Guarda Sesión
02-16 09:05:07.007 24466 24466 I VerificarSesion: Contador: 6000
02-16 09:05:08.010 24466 24466 I VerificarSesion: Guarda Sesión
02-16 09:05:08.011 24466 24466 I VerificarSesion: Contador: 7000
02-16 09:05:09.012 24466 24466 I VerificarSesion: Guarda Sesión
02-16 09:05:09.012 24466 24466 I VerificarSesion: Contador: 8000
02-16 09:05:10.013 24466 24466 I VerificarSesion: Guarda Sesión
02-16 09:05:10.014 24466 24466 I VerificarSesion: Contador: 9000
02-16 09:05:11.014 24466 24466 I VerificarSesion: Guarda Sesión
02-16 09:05:11.014 24466 24466 I VerificarSesion: Contador: 10000
02-16 09:05:12.015 24466 24466 I VerificarSesion: Guarda Sesión
02-16 09:05:12.015 24466 24466 I VerificarSesion: Contador: 11000
02-16 09:05:13.015 24466 24466 I VerificarSesion: Guarda Sesión
02-16 09:05:13.016 24466 24466 I VerificarSesion: Contador: 12000
02-16 09:05:14.016 24466 24466 I VerificarSesion: Guarda Sesión
02-16 09:05:14.017 24466 24466 I VerificarSesion: Contador: 13000
02-16 09:05:15.019 24466 24466 I VerificarSesion: Guarda Sesión
02-16 09:05:15.020 24466 24466 I VerificarSesion: Contador: 14000
02-16 09:05:16.020 24466 24466 I VerificarSesion: Guarda Sesión
02-16 09:05:16.020 24466 24466 I VerificarSesion: Contador: 15000
02-16 09:05:17.021 24466 24466 I VerificarSesion: Guarda Sesión
02-16 09:05:17.021 24466 24466 I VerificarSesion: Contador: 16000
02-16 09:05:18.022 24466 24466 I VerificarSesion: Guarda Sesión
02-16 09:05:18.023 24466 24466 I VerificarSesion: Contador: 17000
02-16 09:05:19.024 24466 24466 I VerificarSesion: Guarda Sesión
02-16 09:05:19.025 24466 24466 I VerificarSesion: Contador: 18000
02-16 09:05:20.033 24466 24466 I VerificarSesion: Guarda Sesión
02-16 09:05:20.034 24466 24466 I VerificarSesion: Contador: 19000
02-16 09:05:21.037 24466 24466 I VerificarSesion: Guarda Sesión
02-16 09:05:21.038 24466 24466 I VerificarSesion: Contador: 20000
02-16 09:05:22.040 24466 24466 I VerificarSesion: Guarda Sesión
02-16 09:05:22.040 24466 24466 I VerificarSesion: Contador: 21000
02-16 09:05:23.046 24466 24466 I VerificarSesion: Guarda Sesión
02-16 09:05:23.047 24466 24466 I VerificarSesion: Contador: 22000
02-16 09:05:24.047 24466 24466 I VerificarSesion: Guarda Sesión
02-16 09:05:24.047 24466 24466 I VerificarSesion: Contador: 23000
02-16 09:05:25.048 24466 24466 I VerificarSesion: Guarda Sesión
02-16 09:05:25.049 24466 24466 I VerificarSesion: Contador: 24000
02-16 09:05:26.049 24466 24466 I VerificarSesion: Guarda Sesión
02-16 09:05:26.049 24466 24466 I VerificarSesion: Contador: 0
02-16 09:05:27.050 24466 24466 I VerificarSesion: Guarda Sesión
02-16 09:05:27.051 24466 24466 I VerificarSesion: Contador: 1000
02-16 09:05:28.052 24466 24466 I VerificarSesion: Guarda Sesión
02-16 09:05:28.053 24466 24466 I VerificarSesion: Contador: 2000
02-16 09:05:29.058 24466 24466 I VerificarSesion: Guarda Sesión
02-16 09:05:29.059 24466 24466 I VerificarSesion: Contador: 3000
02-16 09:05:30.064 24466 24466 I VerificarSesion: Guarda Sesión
02-16 09:05:30.065 24466 24466 I VerificarSesion: Contador: 4000
02-16 09:05:31.068 24466 24466 I VerificarSesion: Guarda Sesión
02-16 09:05:31.069 24466 24466 I VerificarSesion: Contador: 5000
02-16 09:05:32.073 24466 24466 I VerificarSesion: Guarda Sesión
02-16 09:05:32.074 24466 24466 I VerificarSesion: Contador: 6000
02-16 09:05:33.075 24466 24466 I VerificarSesion: Guarda Sesión
02-16 09:05:33.075 24466 24466 I VerificarSesion: Contador: 7000
02-16 09:05:34.075 24466 24466 I VerificarSesion: Guarda Sesión
02-16 09:05:34.076 24466 24466 I VerificarSesion: Contador: 8000
02-16 09:05:34.221 24466 24466 D Network : Network
02-16 09:05:34.226 24466 24466 D Network : Network
02-16 09:05:34.232 24466 24466 D Network : Network
02-16 09:05:34.235 24466 24466 I LogD2movil: Fecha: 2023/febrero/16
02-16 09:05:34.235 24466 24466 I LogD2movil: Hora: 09:05:34 a. m.
02-16 09:05:34.235 24466 24466 I LogD2movil: Subfunción: imgGPS.setOnClickListener
02-16 09:05:34.235 24466 24466 I LogD2movil: Send Data: lat/lng: (-1.1967349,-
78.5932558) HORAGPSGPS: 2023-02-16 09:05:32
02-16 09:05:34.235 24466 24466 I LogD2movil: Mensaje: Obtiene localización
02-16 09:05:35.078 24466 24466 I VerificarSesion: Guarda Sesión
02-16 09:05:35.079 24466 24466 I VerificarSesion: Contador: 0
02-16 09:05:36.080 24466 24466 I VerificarSesion: Guarda Sesión
02-16 09:05:36.080 24466 24466 I VerificarSesion: Contador: 1000
02-16 09:05:37.081 24466 24466 I VerificarSesion: Guarda Sesión
02-16 09:05:37.082 24466 24466 I VerificarSesion: Contador: 2000
02-16 09:05:38.082 24466 24466 I VerificarSesion: Guarda Sesión
02-16 09:05:38.082 24466 24466 I VerificarSesion: Contador: 3000
02-16 09:05:39.083 24466 24466 I VerificarSesion: Guarda Sesión
02-16 09:05:39.084 24466 24466 I VerificarSesion: Contador: 4000
02-16 09:05:40.086 24466 24466 I VerificarSesion: Guarda Sesión
02-16 09:05:40.087 24466 24466 I VerificarSesion: Contador: 5000
02-16 09:05:41.088 24466 24466 I VerificarSesion: Guarda Sesión
02-16 09:05:41.089 24466 24466 I VerificarSesion: Contador: 6000
02-16 09:05:42.107 24466 24466 I VerificarSesion: Guarda Sesión
02-16 09:05:42.108 24466 24466 I VerificarSesion: Contador: 7000
02-16 09:05:43.109 24466 24466 I VerificarSesion: Guarda Sesión
02-16 09:05:43.109 24466 24466 I VerificarSesion: Contador: 8000
02-16 09:05:44.110 24466 24466 I VerificarSesion: Guarda Sesión
02-16 09:05:44.111 24466 24466 I VerificarSesion: Contador: 9000
02-16 09:05:45.112 24466 24466 I VerificarSesion: Guarda Sesión
02-16 09:05:45.114 24466 24466 I VerificarSesion: Contador: 10000
02-16 09:05:45.766 24466 24466 D Network : Network
02-16 09:05:45.768 24466 24466 D Network : Network
02-16 09:05:45.772 24466 24466 D Network : Network
02-16 09:05:45.776 24466 24466 I LogD2movil: Fecha: 2023/febrero/16
02-16 09:05:45.776 24466 24466 I LogD2movil: Hora: 09:05:45 a. m.
02-16 09:05:45.776 24466 24466 I LogD2movil: Subfunción: imgGPS.setOnClickListener
02-16 09:05:45.776 24466 24466 I LogD2movil: Send Data: lat/lng: (-1.1966046,-
78.5931956) HORAGPSGPS: 2023-02-16 09:05:42
02-16 09:05:45.776 24466 24466 I LogD2movil: Mensaje: Obtiene localización
02-16 09:05:46.124 24466 24466 I VerificarSesion: Guarda Sesión
02-16 09:05:46.124 24466 24466 I VerificarSesion: Contador: 0
02-16 09:05:47.130 24466 24466 I VerificarSesion: Guarda Sesión
02-16 09:05:47.131 24466 24466 I VerificarSesion: Contador: 1000
02-16 09:05:48.135 24466 24466 I VerificarSesion: Guarda Sesión
02-16 09:05:48.138 24466 24466 I VerificarSesion: Contador: 2000
02-16 09:05:48.600 24466 24466 D Network : Network
02-16 09:05:48.604 24466 24466 D Network : Network
02-16 09:05:48.611 24466 24466 D Network : Network
02-16 09:05:48.616 24466 24466 I LogD2movil: Fecha: 2023/febrero/16
02-16 09:05:48.616 24466 24466 I LogD2movil: Hora: 09:05:48 a. m.
02-16 09:05:48.616 24466 24466 I LogD2movil: Subfunción: imgGPS.setOnClickListener
02-16 09:05:48.616 24466 24466 I LogD2movil: Send Data: lat/lng: (-1.1966046,-
78.5931956) HORAGPSGPS: 2023-02-16 09:05:42
02-16 09:05:48.616 24466 24466 I LogD2movil: Mensaje: Obtiene localización
02-16 09:05:49.140 24466 24466 I VerificarSesion: Guarda Sesión
02-16 09:05:49.140 24466 24466 I VerificarSesion: Contador: 0
02-16 09:05:49.831 24466 24523 W qdgralloc: getInterlacedFlag: getMetaData returned
-22, defaulting to interlaced_flag = 0
02-16 09:05:50.146 24466 24466 I VerificarSesion: Guarda Sesión
02-16 09:05:50.147 24466 24466 I VerificarSesion: Contador: 1000
02-16 09:05:51.106 24466 24466 D Network : Network
02-16 09:05:51.111 24466 24466 D Network : Network
02-16 09:05:51.118 24466 24466 D Network : Network
02-16 09:05:51.124 24466 24466 I LogD2movil: Fecha: 2023/febrero/16
02-16 09:05:51.124 24466 24466 I LogD2movil: Hora: 09:05:51 a. m.
02-16 09:05:51.124 24466 24466 I LogD2movil: Subfunción: imgGPS.setOnClickListener
02-16 09:05:51.124 24466 24466 I LogD2movil: Send Data: lat/lng: (-1.1968634,-
78.5963928) HORAGPSGPS: 2023-02-16 09:05:47
02-16 09:05:51.124 24466 24466 I LogD2movil: Mensaje: Obtiene localización
02-16 09:05:51.149 24466 24466 I VerificarSesion: Guarda Sesión
02-16 09:05:51.149 24466 24466 I VerificarSesion: Contador: 0
02-16 09:05:52.155 24466 24466 I VerificarSesion: Guarda Sesión
02-16 09:05:52.155 24466 24466 I VerificarSesion: Contador: 1000
02-16 09:05:52.720 24466 24466 D Network : Network
02-16 09:05:52.723 24466 24466 D Network : Network
02-16 09:05:52.730 24466 24466 D Network : Network
02-16 09:05:52.734 24466 24466 I LogD2movil: Fecha: 2023/febrero/16
02-16 09:05:52.734 24466 24466 I LogD2movil: Hora: 09:05:52 a. m.
02-16 09:05:52.734 24466 24466 I LogD2movil: Subfunción: imgGPS.setOnClickListener
02-16 09:05:52.734 24466 24466 I LogD2movil: Send Data: lat/lng: (-1.1968634,-
78.5963928) HORAGPSGPS: 2023-02-16 09:05:47
02-16 09:05:52.734 24466 24466 I LogD2movil: Mensaje: Obtiene localización
02-16 09:05:53.158 24466 24466 I VerificarSesion: Guarda Sesión
02-16 09:05:53.159 24466 24466 I VerificarSesion: Contador: 0
02-16 09:05:54.163 24466 24466 I VerificarSesion: Guarda Sesión
02-16 09:05:54.164 24466 24466 I VerificarSesion: Contador: 1000
02-16 09:05:55.169 24466 24466 I VerificarSesion: Guarda Sesión
02-16 09:05:55.170 24466 24466 I VerificarSesion: Contador: 0
02-16 09:05:55.208 24466 24466 D Network : Network
02-16 09:05:55.213 24466 24466 D Network : Network
02-16 09:05:55.220 24466 24466 D Network : Network
02-16 09:05:55.225 24466 24466 I LogD2movil: Fecha: 2023/febrero/16
02-16 09:05:55.225 24466 24466 I LogD2movil: Hora: 09:05:55 a. m.
02-16 09:05:55.225 24466 24466 I LogD2movil: Subfunción: imgGPS.setOnClickListener
02-16 09:05:55.225 24466 24466 I LogD2movil: Send Data: lat/lng: (-1.1957194,-
78.5966165) HORAGPSGPS: 2023-02-16 09:05:52
02-16 09:05:55.225 24466 24466 I LogD2movil: Mensaje: Obtiene localización
02-16 09:05:56.173 24466 24466 I VerificarSesion: Guarda Sesión
02-16 09:05:56.174 24466 24466 I VerificarSesion: Contador: 1000
02-16 09:05:56.264 24466 24466 D Network : Network
02-16 09:05:56.267 24466 24466 D Network : Network
02-16 09:05:56.275 24466 24466 D Network : Network
02-16 09:05:56.283 24466 24466 I LogD2movil: Fecha: 2023/febrero/16
02-16 09:05:56.283 24466 24466 I LogD2movil: Hora: 09:05:56 a. m.
02-16 09:05:56.283 24466 24466 I LogD2movil: Subfunción: imgGPS.setOnClickListener
02-16 09:05:56.283 24466 24466 I LogD2movil: Send Data: lat/lng: (-1.1957194,-
78.5966165) HORAGPSGPS: 2023-02-16 09:05:52
02-16 09:05:56.283 24466 24466 I LogD2movil: Mensaje: Obtiene localización
02-16 09:05:57.151 24466 24466 D Network : Network
02-16 09:05:57.154 24466 24466 D Network : Network
02-16 09:05:57.161 24466 24466 D Network : Network
02-16 09:05:57.165 24466 24466 I LogD2movil: Fecha: 2023/febrero/16
02-16 09:05:57.165 24466 24466 I LogD2movil: Hora: 09:05:57 a. m.
02-16 09:05:57.165 24466 24466 I LogD2movil: Subfunción: imgGPS.setOnClickListener
02-16 09:05:57.165 24466 24466 I LogD2movil: Send Data: lat/lng: (-1.1957194,-
78.5966165) HORAGPSGPS: 2023-02-16 09:05:52
02-16 09:05:57.165 24466 24466 I LogD2movil: Mensaje: Obtiene localización
02-16 09:05:57.178 24466 24466 I VerificarSesion: Guarda Sesión
02-16 09:05:57.179 24466 24466 I VerificarSesion: Contador: 0
02-16 09:05:58.183 24466 24466 I VerificarSesion: Guarda Sesión
02-16 09:05:58.183 24466 24466 I VerificarSesion: Contador: 1000
02-16 09:05:58.407 24466 24466 I LogD2movil: Fecha: 2023/febrero/16
02-16 09:05:58.407 24466 24466 I LogD2movil: Hora: 09:05:58 a. m.
02-16 09:05:58.407 24466 24466 I LogD2movil: ********* Módulo: Mis Marcaciones
*********
02-16 09:05:58.408 24466 26021 I LogD2movil: Fecha: 2023/febrero/16
02-16 09:05:58.408 24466 26021 I LogD2movil: Hora: 09:05:58 a. m.
02-16 09:05:58.408 24466 26021 I LogD2movil: Servicio Web: getAndroidID
02-16 09:05:58.408 24466 26021 I LogD2movil: Get Data: 1166445d84bfca5c
02-16 09:05:58.408 24466 26021 I LogD2movil: Mensaje: AndroidID
02-16 09:05:58.412 24466 24466 D Network : Network
02-16 09:05:58.413 24466 26021 I LogD2movil: Fecha: 2023/febrero/16
02-16 09:05:58.413 24466 26021 I LogD2movil: Hora: 09:05:58 a. m.
02-16 09:05:58.413 24466 26021 I LogD2movil: Servicio Web: getAndroidID
02-16 09:05:58.413 24466 26021 I LogD2movil: Get Data: 1166445d84bfca5c
02-16 09:05:58.413 24466 26021 I LogD2movil: Mensaje: AndroidID
02-16 09:05:58.414 24466 26026 I LogD2movil: Fecha: 2023/febrero/16
02-16 09:05:58.414 24466 26026 I LogD2movil: Hora: 09:05:58 a. m.
02-16 09:05:58.414 24466 26026 I LogD2movil: Servicio Web: getAndroidID
02-16 09:05:58.414 24466 26026 I LogD2movil: Get Data: 1166445d84bfca5c
02-16 09:05:58.414 24466 26026 I LogD2movil: Mensaje: AndroidID
02-16 09:05:58.415 24466 24466 D Network : Network
02-16 09:05:58.417 24466 26021 I LogD2movil: Fecha: 2023/febrero/16
02-16 09:05:58.417 24466 26021 I LogD2movil: Hora: 09:05:58 a. m.
02-16 09:05:58.417 24466 26021 I LogD2movil: Servicio Web: llamarWebService
02-16 09:05:58.417 24466 26021 I LogD2movil: Subfunción: getParams
02-16 09:05:58.417 24466 26021 I LogD2movil: Send Data: empresa-AYASA fecha- 2023-
02-16 id_emp-616
02-16 09:05:58.424 24466 26026 I LogD2movil: Fecha: 2023/febrero/16
02-16 09:05:58.424 24466 26026 I LogD2movil: Hora: 09:05:58 a. m.
02-16 09:05:58.424 24466 26026 I LogD2movil: Servicio Web: getAndroidID
02-16 09:05:58.424 24466 26026 I LogD2movil: Get Data: 1166445d84bfca5c
02-16 09:05:58.424 24466 26026 I LogD2movil: Mensaje: AndroidID
02-16 09:05:58.427 24466 26026 I LogD2movil: Fecha: 2023/febrero/16
02-16 09:05:58.427 24466 26026 I LogD2movil: Hora: 09:05:58 a. m.
02-16 09:05:58.427 24466 26026 I LogD2movil: Servicio Web: llamarWebService
02-16 09:05:58.427 24466 26026 I LogD2movil: Subfunción: getParams
02-16 09:05:58.427 24466 26026 I LogD2movil: Send Data: id_emp: 616 |empresa: AYASA
|fecha: 2023-02-16
02-16 09:05:58.429 24466 26026 D TrafficStats: tagSocket(116) with
statsTag=0xc0437e8b, statsUid=-1
02-16 09:05:58.622 24466 24466 I LogD2movil: Fecha: 2023/febrero/16
02-16 09:05:58.622 24466 24466 I LogD2movil: Hora: 09:05:58 a. m.
02-16 09:05:58.622 24466 24466 I LogD2movil: Servicio Web: llamarWebService -
https://www.d2servicios.com/d2web.api.uni/d2webdroid.asmx/RecuperaMarcaciones
02-16 09:05:58.622 24466 24466 I LogD2movil: Subfunción: onResponse
02-16 09:05:58.622 24466 24466 I LogD2movil: Get Data: Marca Num: 0
02-16 09:05:58.816 24466 24466 I LogD2movil: Fecha: 2023/febrero/16
02-16 09:05:58.816 24466 24466 I LogD2movil: Hora: 09:05:58 a. m.
02-16 09:05:58.816 24466 24466 I LogD2movil: Servicio Web: llamarWebService -
https://www.d2servicios.com/d2web.api.uni/d2webdroid.asmx/RecuperaMarcacionesXY
02-16 09:05:58.816 24466 24466 I LogD2movil: Subfunción: onResponse
02-16 09:05:58.816 24466 24466 I LogD2movil: Send Data: Marcxy Num: 0
02-16 09:05:58.820 24466 24466 D Network : Network
02-16 09:05:58.824 24466 24466 D Network : Network
02-16 09:05:58.839 24466 24466 D CompatibilityChangeReporter: Compat change id
reported: 147798919; UID 10255; state: DISABLED
02-16 09:05:58.872 24466 24466 I LogD2movil: Fecha: 2023/febrero/16
02-16 09:05:58.872 24466 24466 I LogD2movil: Hora: 09:05:58 a. m.
02-16 09:05:58.872 24466 24466 I LogD2movil: ********* Módulo: Marcación *********
02-16 09:05:58.875 24466 24466 D Network : Network
02-16 09:05:58.877 24466 24466 D Network : Network
02-16 09:05:58.884 24466 24466 I ForceDarkHelperStubImpl: setViewRootImplForceDark:
false for ec.biometrika.d2web2.MenuPrincipalActivity@d0460e1, reason:
AppDarkModeEnable
02-16 09:05:58.908 24466 24466 I ForceDarkHelperStubImpl: setViewRootImplForceDark:
false for ec.biometrika.d2web2.MenuPrincipalActivity@d0460e1, reason:
AppDarkModeEnable
02-16 09:05:58.925 24466 24523 W Parcel : Expecting binder but got null!
02-16 09:05:59.188 24466 24466 I VerificarSesion: Guarda Sesión
02-16 09:05:59.189 24466 24466 I VerificarSesion: Contador: 0
02-16 09:06:00.192 24466 24466 I VerificarSesion: Guarda Sesión
02-16 09:06:00.193 24466 24466 I VerificarSesion: Contador: 1000
02-16 09:06:01.199 24466 24466 I VerificarSesion: Guarda Sesión
02-16 09:06:01.200 24466 24466 I VerificarSesion: Contador: 2000
02-16 09:06:02.203 24466 24466 I VerificarSesion: Guarda Sesión
02-16 09:06:02.203 24466 24466 I VerificarSesion: Contador: 3000
02-16 09:06:02.491 24466 24466 D Network : Network
02-16 09:06:02.497 24466 24466 D Network : Network
02-16 09:06:02.504 24466 24466 D Network : Network
02-16 09:06:02.507 24466 24466 I LogD2movil: Fecha: 2023/febrero/16
02-16 09:06:02.507 24466 24466 I LogD2movil: Hora: 09:06:02 a. m.
02-16 09:06:02.507 24466 24466 I LogD2movil: Subfunción: imgGPS.setOnClickListener
02-16 09:06:02.507 24466 24466 I LogD2movil: Send Data: lat/lng: (-1.1965974,-
78.5932246) HORAGPSGPS: 2023-02-16 09:05:57
02-16 09:06:02.507 24466 24466 I LogD2movil: Mensaje: Obtiene localización
02-16 09:06:03.204 24466 24466 I VerificarSesion: Guarda Sesión
02-16 09:06:03.206 24466 24466 I VerificarSesion: Contador: 0
02-16 09:06:03.641 24466 24466 D Network : Network
02-16 09:06:03.643 24466 24466 D Network : Network
02-16 09:06:03.648 24466 24466 D Network : Network
02-16 09:06:03.654 24466 24466 I LogD2movil: Fecha: 2023/febrero/16
02-16 09:06:03.654 24466 24466 I LogD2movil: Hora: 09:06:03 a. m.
02-16 09:06:03.654 24466 24466 I LogD2movil: Subfunción: imgGPS.setOnClickListener
02-16 09:06:03.654 24466 24466 I LogD2movil: Send Data: lat/lng: (-1.1961256,-
78.5931513) HORAGPSGPS: 2023-02-16 09:06:02
02-16 09:06:03.654 24466 24466 I LogD2movil: Mensaje: Obtiene localización
02-16 09:06:04.212 24466 24466 I VerificarSesion: Guarda Sesión
02-16 09:06:04.212 24466 24466 I VerificarSesion: Contador: 0
02-16 09:06:04.398 24466 24466 D Network : Network
02-16 09:06:04.402 24466 24466 D Network : Network
02-16 09:06:04.407 24466 24466 D Network : Network
02-16 09:06:04.412 24466 24466 I LogD2movil: Fecha: 2023/febrero/16
02-16 09:06:04.412 24466 24466 I LogD2movil: Hora: 09:06:04 a. m.
02-16 09:06:04.412 24466 24466 I LogD2movil: Subfunción: imgGPS.setOnClickListener
02-16 09:06:04.412 24466 24466 I LogD2movil: Send Data: lat/lng: (-1.1961256,-
78.5931513) HORAGPSGPS: 2023-02-16 09:06:02
02-16 09:06:04.412 24466 24466 I LogD2movil: Mensaje: Obtiene localización
02-16 09:06:05.061 24466 24466 D Network : Network
02-16 09:06:05.063 24466 24466 D Network : Network
02-16 09:06:05.072 24466 24466 D Network : Network
02-16 09:06:05.077 24466 24466 I LogD2movil: Fecha: 2023/febrero/16
02-16 09:06:05.077 24466 24466 I LogD2movil: Hora: 09:06:05 a. m.
02-16 09:06:05.077 24466 24466 I LogD2movil: Subfunción: imgGPS.setOnClickListener
02-16 09:06:05.077 24466 24466 I LogD2movil: Send Data: lat/lng: (-1.1961256,-
78.5931513) HORAGPSGPS: 2023-02-16 09:06:02
02-16 09:06:05.077 24466 24466 I LogD2movil: Mensaje: Obtiene localización
02-16 09:06:05.220 24466 24466 I VerificarSesion: Guarda Sesión
02-16 09:06:05.220 24466 24466 I VerificarSesion: Contador: 0
02-16 09:06:05.798 24466 24466 I ForceDarkHelperStubImpl: setViewRootImplForceDark:
false for ec.biometrika.d2web2.MenuPrincipalActivity@d0460e1, reason:
AppDarkModeEnable
02-16 09:06:05.811 24466 24466 D CameraDevice-JV-1: waitUntilIdle: E. id = 1
02-16 09:06:05.985 24466 24466 D CameraDevice-JV-1: waitUntilIdle: X
02-16 09:06:06.078 24466 24480 W ometrika.d2web2: Long monitor contention with
owner main (24466) at void
android.hardware.camera2.impl.CameraDeviceImpl.waitUntilIdle()
(CameraDeviceImpl.java:1445) waiters=0 in void
android.hardware.camera2.impl.CameraDeviceImpl$CameraDeviceCallbacks.onResultReceiv
ed(android.hardware.camera2.impl.CameraMetadataNative,
android.hardware.camera2.impl.CaptureResultExtras,
android.hardware.camera2.impl.PhysicalCaptureResultInfo[]) for 248ms
02-16 09:06:06.087 24466 24466 I ForceDarkHelperStubImpl: setViewRootImplForceDark:
false for ec.biometrika.d2web2.MenuPrincipalActivity@d0460e1, reason:
AppDarkModeEnable
02-16 09:06:06.093 24466 24523 W Parcel : Expecting binder but got null!
02-16 09:06:06.222 24466 24466 I VerificarSesion: Guarda Sesión
02-16 09:06:06.222 24466 24466 I VerificarSesion: Contador: 0
02-16 09:06:06.328 24466 24654 D CameraDevice-JV-1: waitUntilIdle: E. id = 1
02-16 09:06:06.329 24466 24654 D CameraDevice-JV-1: waitUntilIdle: X
02-16 09:06:06.388 24466 24654 W ImageReader_JNI: Unable to acquire a buffer item,
very likely client tried to acquire more than maxImages buffers
02-16 09:06:06.388 24466 24654 D qdgralloc: GetYUVPlaneInfo: Invalid format passed:
0x21
02-16 09:06:06.511 24466 27040 I LogD2movil: Fecha: 2023/febrero/16
02-16 09:06:06.511 24466 27040 I LogD2movil: Hora: 09:06:06 a. m.
02-16 09:06:06.511 24466 27040 I LogD2movil: Servicio Web: getAndroidID
02-16 09:06:06.511 24466 27040 I LogD2movil: Get Data: 1166445d84bfca5c
02-16 09:06:06.511 24466 27040 I LogD2movil: Mensaje: AndroidID
02-16 09:06:06.514 24466 27040 I LogD2movil: Fecha: 2023/febrero/16
02-16 09:06:06.514 24466 27040 I LogD2movil: Hora: 09:06:06 a. m.
02-16 09:06:06.514 24466 27040 I LogD2movil: Servicio Web: getAndroidID
02-16 09:06:06.514 24466 27040 I LogD2movil: Get Data: 1166445d84bfca5c
02-16 09:06:06.514 24466 27040 I LogD2movil: Mensaje: AndroidID
02-16 09:06:06.517 24466 27040 I LogD2movil: Fecha: 2023/febrero/16
02-16 09:06:06.517 24466 27040 I LogD2movil: Hora: 09:06:06 a. m.
02-16 09:06:06.517 24466 27040 I LogD2movil: Servicio Web: llamarWebService
02-16 09:06:06.517 24466 27040 I LogD2movil: Subfunción: getParams
02-16 09:06:06.517 24466 27040 I LogD2movil: Send Data: id_emp 616 fechaHora 2023-
02-16 09:06:02 lugar lat/lng: (-1.1961256,-78.5931513) pic: 60****Map: 60
02-16 09:06:06.615 24466 24523 W qdgralloc: getInterlacedFlag: getMetaData returned
-22, defaulting to interlaced_flag = 0
02-16 09:06:06.665 24466 24523 W qdgralloc: getInterlacedFlag: getMetaData returned
-22, defaulting to interlaced_flag = 0
02-16 09:06:06.683 24466 24523 W qdgralloc: getInterlacedFlag: getMetaData returned
-22, defaulting to interlaced_flag = 0
02-16 09:06:06.714 24466 24523 W qdgralloc: getInterlacedFlag: getMetaData returned
-22, defaulting to interlaced_flag = 0
02-16 09:06:06.764 24466 24523 W qdgralloc: getInterlacedFlag: getMetaData returned
-22, defaulting to interlaced_flag = 0
02-16 09:06:06.780 24466 24523 W qdgralloc: getInterlacedFlag: getMetaData returned
-22, defaulting to interlaced_flag = 0
02-16 09:06:06.813 24466 24523 W qdgralloc: getInterlacedFlag: getMetaData returned
-22, defaulting to interlaced_flag = 0
02-16 09:06:06.862 24466 24523 W qdgralloc: getInterlacedFlag: getMetaData returned
-22, defaulting to interlaced_flag = 0
02-16 09:06:07.224 24466 24466 I VerificarSesion: Guarda Sesión
02-16 09:06:07.225 24466 24466 I VerificarSesion: Contador: 1000
02-16 09:06:07.561 24466 24466 I LogD2movil: Fecha: 2023/febrero/16
02-16 09:06:07.561 24466 24466 I LogD2movil: Hora: 09:06:07 a. m.
02-16 09:06:07.561 24466 24466 I LogD2movil: Servicio Web: llamarWebService -
https://www.d2servicios.com/d2web.api.uni/d2webdroid.asmx/RealizaMarcacionDroid
02-16 09:06:07.561 24466 24466 I LogD2movil: Subfunción: onResponse
02-16 09:06:07.561 24466 24466 I LogD2movil: Respuesta: 0
02-16 09:06:07.561 24466 24466 I LogD2movil: Mensaje: PROCESO OK.
02-16 09:06:07.575 24466 24466 I ForceDarkHelperStubImpl: setViewRootImplForceDark:
false for ec.biometrika.d2web2.MenuPrincipalActivity@d0460e1, reason:
AppDarkModeEnable
02-16 09:06:07.595 24466 24466 I ForceDarkHelperStubImpl: setViewRootImplForceDark:
false for ec.biometrika.d2web2.MenuPrincipalActivity@d0460e1, reason:
AppDarkModeEnable
02-16 09:06:07.602 24466 24523 W Parcel : Expecting binder but got null!
02-16 09:06:07.607 24466 24466 I HandWritingStubImpl: isKeyboardTypeChanged: false
02-16 09:06:07.607 24466 24466 I HandWritingStubImpl: refreshLastKeyboardType: 1
02-16 09:06:07.607 24466 24466 I HandWritingStubImpl: getCurrentKeyboardType: 1
02-16 09:06:07.621 24466 24466 I HandWritingStubImpl: isKeyboardTypeChanged: false
02-16 09:06:07.670 24466 24466 I HandWritingStubImpl: refreshLastKeyboardType: 1
02-16 09:06:07.670 24466 24466 I HandWritingStubImpl: getCurrentKeyboardType: 1
02-16 09:06:07.671 24466 24466 I HandWritingStubImpl: isKeyboardTypeChanged: false
02-16 09:06:08.225 24466 24466 I VerificarSesion: Guarda Sesión
02-16 09:06:08.225 24466 24466 I VerificarSesion: Contador: 2000
02-16 09:06:08.663 24466 24466 E AndroidCameraApi: onPause
02-16 09:06:08.664 24466 24466 D CameraExtImplXiaoMi: releaseCameraDevice: 1
02-16 09:06:08.733 24466 24466 D CameraDevice-JV-1: close: E. id = 1
02-16 09:06:08.746 24466 24485 W CameraDevice-JV-1: Device error received, code 4,
frame number 2328, request ID 2, subseq ID 0
02-16 09:06:08.852 24466 24466 D CameraDevice-JV-1: close: X
02-16 09:06:08.854 24466 24485 W CameraDevice-JV-1: Device error received, code 4,
frame number 2325, request ID 2, subseq ID 0
02-16 09:06:08.855 24466 24485 W CameraDevice-JV-1: Device error received, code 4,
frame number 2326, request ID 2, subseq ID 0
02-16 09:06:08.855 24466 24485 W CameraDevice-JV-1: Device error received, code 4,
frame number 2324, request ID 2, subseq ID 0
02-16 09:06:08.855 24466 24485 W CameraDevice-JV-1: Device error received, code 4,
frame number 2323, request ID 2, subseq ID 0
02-16 09:06:08.855 24466 24485 W CameraDevice-JV-1: Device error received, code 5,
frame number 2323, request ID 2, subseq ID 0
02-16 09:06:08.856 24466 24485 W CameraDevice-JV-1: Device error received, code 5,
frame number 2328, request ID 2, subseq ID 0
02-16 09:06:08.856 24466 24485 W CameraDevice-JV-1: Device error received, code 5,
frame number 2324, request ID 2, subseq ID 0
02-16 09:06:08.857 24466 24485 W CameraDevice-JV-1: Device error received, code 5,
frame number 2325, request ID 2, subseq ID 0
02-16 09:06:08.857 24466 24485 W CameraDevice-JV-1: Device error received, code 5,
frame number 2326, request ID 2, subseq ID 0
02-16 09:06:08.857 24466 24485 W CameraDevice-JV-1: Device error received, code 4,
frame number 2327, request ID 2, subseq ID 0
02-16 09:06:08.858 24466 24481 W CameraDevice-JV-1: Device error received, code 5,
frame number 2327, request ID 2, subseq ID 0
02-16 09:06:08.860 24466 24466 W Activity: PerfMonitor: Slow Operation: Activity
ec.biometrika.d2web2/.MenuPrincipalActivity onPause took 198ms
02-16 09:06:09.226 24466 24466 I VerificarSesion: Contador: 3000
02-16 09:06:10.227 24466 24466 I VerificarSesion: Contador: 4000
02-16 09:06:11.228 24466 24466 I VerificarSesion: Contador: 5000
02-16 09:06:12.229 24466 24466 I VerificarSesion: Contador: 6000
02-16 09:06:13.231 24466 24466 I VerificarSesion: Contador: 7000
02-16 09:06:13.774 24466 24478 W System : A resource failed to call
Surface.release.
02-16 09:06:13.775 24466 24478 W System : A resource failed to call
Surface.release.
02-16 09:06:13.776 24466 24478 W System : A resource failed to call close.
02-16 09:06:14.232 24466 24466 I VerificarSesion: Contador: 8000
02-16 09:06:15.234 24466 24466 I VerificarSesion: Contador: 9000
02-16 09:06:16.235 24466 24466 I VerificarSesion: Contador: 10000
02-16 09:06:17.237 24466 24466 I VerificarSesion: Contador: 11000
02-16 09:06:18.239 24466 24466 I VerificarSesion: Contador: 12000
02-16 09:06:19.242 24466 24466 I VerificarSesion: Contador: 13000
02-16 09:06:20.244 24466 24466 I VerificarSesion: Contador: 14000
02-16 09:06:21.248 24466 24466 I VerificarSesion: Contador: 15000
02-16 09:06:22.300 24466 24466 I VerificarSesion: Contador: 16000
02-16 09:06:23.303 24466 24466 I VerificarSesion: Contador: 17000
02-16 09:06:28.015 24466 24466 I VerificarSesion: Contador: 18000
02-16 09:06:29.952 24466 24466 I VerificarSesion: Contador: 19000
02-16 09:06:34.589 24466 24466 I VerificarSesion: Contador: 20000
02-16 09:06:39.965 24466 24466 I VerificarSesion: Contador: 21000
02-16 09:06:47.124 24466 24466 I VerificarSesion: Contador: 22000
02-16 09:06:48.194 24466 24466 I VerificarSesion: Contador: 23000
02-16 09:06:48.319 24466 24466 I ForceDarkHelperStubImpl: setViewRootImplForceDark:
false for ec.biometrika.d2web2.MenuPrincipalActivity@d0460e1, reason:
AppDarkModeEnable
02-16 09:06:48.325 24466 24480 D AppScoutStateMachine: 24466-
ScoutStateMachinecreated
02-16 09:06:48.338 24466 24466 E AndroidCameraApi: is camera open
02-16 09:06:48.338 24466 24466 I Selfie : findFirstFrontFacingCamera - inicio
02-16 09:06:48.338 24466 24466 W libc : Access denied finding property
"vendor.camera.aux.packagelist"
02-16 09:06:48.340 24466 24466 W libc : Access denied finding property
"vendor.camera.aux.packagelist"
02-16 09:06:48.344 24466 24466 I Selfie : Camara: 0
02-16 09:06:48.344 24466 24466 W libc : Access denied finding property
"vendor.camera.aux.packagelist"
02-16 09:06:48.345 24466 24466 I Selfie : Camara: 1
02-16 09:06:48.345 24466 24466 I Selfie : findFirstFrontFacingCamera - fin
02-16 09:06:48.345 24466 24466 E AndroidCameraApi: CameraId: 1
02-16 09:06:48.345 24466 24466 E AndroidCameraApi: intent openCamera
02-16 09:06:48.348 24466 24466 W libc : Access denied finding property
"persist.vendor.camera.privapp.list"
02-16 09:06:48.348 24466 24466 D CameraExtImplXiaoMi: initCameraDevice: 1
02-16 09:06:48.492 24466 24466 E AndroidCameraApi: openCamera X
02-16 09:06:48.512 24466 24523 W qdgralloc: getInterlacedFlag: getMetaData returned
-22, defaulting to interlaced_flag = 0
02-16 09:06:48.516 24466 24466 E AndroidCameraApi: onOpened
02-16 09:06:48.517 24466 24466 D CameraDevice-JV-1: waitUntilIdle: E. id = 1
02-16 09:06:48.517 24466 24466 D CameraDevice-JV-1: waitUntilIdle: X
02-16 09:06:48.582 24466 24466 I HandWritingStubImpl: isKeyboardTypeChanged: false
02-16 09:06:48.582 24466 24466 I HandWritingStubImpl: refreshLastKeyboardType: 1
02-16 09:06:48.582 24466 24466 I HandWritingStubImpl: getCurrentKeyboardType: 1
02-16 09:06:48.593 24466 24466 I HandWritingStubImpl: isKeyboardTypeChanged: false
02-16 09:06:48.593 24466 24466 I HandWritingStubImpl: isKeyboardTypeChanged: false
02-16 09:06:48.783 24466 24523 W qdgralloc: getInterlacedFlag: getMetaData returned
-22, defaulting to interlaced_flag = 0
02-16 09:06:48.801 24466 24523 W qdgralloc: getInterlacedFlag: getMetaData returned
-22, defaulting to interlaced_flag = 0
02-16 09:06:48.850 24466 24523 W qdgralloc: getInterlacedFlag: getMetaData returned
-22, defaulting to interlaced_flag = 0
02-16 09:06:48.883 24466 24523 W qdgralloc: getInterlacedFlag: getMetaData returned
-22, defaulting to interlaced_flag = 0
02-16 09:06:48.915 24466 24523 W qdgralloc: getInterlacedFlag: getMetaData returned
-22, defaulting to interlaced_flag = 0
02-16 09:06:48.948 24466 24523 W qdgralloc: getInterlacedFlag: getMetaData returned
-22, defaulting to interlaced_flag = 0
02-16 09:06:49.015 24466 24523 W qdgralloc: getInterlacedFlag: getMetaData returned
-22, defaulting to interlaced_flag = 0
02-16 09:06:49.195 24466 24466 I VerificarSesion: Guarda Sesión
02-16 09:06:49.195 24466 24466 I VerificarSesion: Contador: 24000
02-16 09:06:49.211 24466 24523 W qdgralloc: getInterlacedFlag: getMetaData returned
-22, defaulting to interlaced_flag = 0
02-16 09:06:49.565 24466 24466 E AndroidCameraApi: onPause
02-16 09:06:49.565 24466 24466 D CameraExtImplXiaoMi: releaseCameraDevice: 1
02-16 09:06:49.610 24466 24466 D CameraDevice-JV-1: close: E. id = 1
02-16 09:06:49.624 24466 24766 W CameraDevice-JV-1: Device error received, code 4,
