02-16 18:27:52.359 25168 25168 I VerificarSesion: Guarda Sesión
02-16 18:27:52.360 25168 25168 I VerificarSesion: Contador: 589000
02-16 18:27:53.361 25168 25168 I VerificarSesion: Guarda Sesión
02-16 18:27:53.362 25168 25168 I VerificarSesion: Contador: 590000
02-16 18:27:54.365 25168 25168 I VerificarSesion: Guarda Sesión
02-16 18:27:54.366 25168 25168 I VerificarSesion: Contador: 591000
02-16 18:27:55.369 25168 25168 I VerificarSesion: Guarda Sesión
02-16 18:27:55.370 25168 25168 I VerificarSesion: Contador: 592000
02-16 18:27:56.374 25168 25168 I VerificarSesion: Guarda Sesión
02-16 18:27:56.375 25168 25168 I VerificarSesion: Contador: 593000
02-16 18:27:57.381 25168 25168 I VerificarSesion: Guarda Sesión
02-16 18:27:57.382 25168 25168 I VerificarSesion: Contador: 594000
02-16 18:27:58.385 25168 25168 I VerificarSesion: Guarda Sesión
02-16 18:27:58.386 25168 25168 I VerificarSesion: Contador: 595000
02-16 18:27:59.388 25168 25168 I VerificarSesion: Guarda Sesión
02-16 18:27:59.389 25168 25168 I VerificarSesion: Contador: 596000
02-16 18:28:00.392 25168 25168 I VerificarSesion: Guarda Sesión
02-16 18:28:00.393 25168 25168 I VerificarSesion: Contador: 597000
02-16 18:28:01.397 25168 25168 I VerificarSesion: Guarda Sesión
02-16 18:28:01.399 25168 25168 I VerificarSesion: Contador: 598000
02-16 18:28:02.400 25168 25168 I VerificarSesion: Guarda Sesión
02-16 18:28:02.401 25168 25168 I VerificarSesion: Contador: 599000
02-16 18:28:03.404 25168 25168 I VerificarSesion: Guarda Sesión
02-16 18:28:03.404 25168 25168 I VerificarSesion: Contador: 600000
02-16 18:28:04.407 25168 25168 I VerificarSesion: Guarda Sesión
02-16 18:28:04.408 25168 25168 I VerificarSesion: Contador: 601000
02-16 18:28:05.409 25168 25168 I VerificarSesion: Guarda Sesión
02-16 18:28:05.413 25168 25168 I VerificarSesion: Contador: 602000
02-16 18:28:06.415 25168 25168 I VerificarSesion: Guarda Sesión
02-16 18:28:06.417 25168 25168 I VerificarSesion: Contador: 603000
02-16 18:28:07.421 25168 25168 I VerificarSesion: Guarda Sesión
02-16 18:28:07.422 25168 25168 I VerificarSesion: Contador: 604000
02-16 18:28:08.424 25168 25168 I VerificarSesion: Guarda Sesión
02-16 18:28:08.425 25168 25168 I VerificarSesion: Contador: 605000
02-16 18:28:09.427 25168 25168 I VerificarSesion: Guarda Sesión
02-16 18:28:09.429 25168 25168 I VerificarSesion: Contador: 606000
02-16 18:28:10.430 25168 25168 I VerificarSesion: Guarda Sesión
02-16 18:28:10.431 25168 25168 I VerificarSesion: Contador: 607000
02-16 18:28:11.433 25168 25168 I VerificarSesion: Guarda Sesión
02-16 18:28:11.433 25168 25168 I VerificarSesion: Contador: 608000
02-16 18:28:12.436 25168 25168 I VerificarSesion: Guarda Sesión
02-16 18:28:12.437 25168 25168 I VerificarSesion: Contador: 609000
02-16 18:28:13.439 25168 25168 I VerificarSesion: Guarda Sesión
02-16 18:28:13.439 25168 25168 I VerificarSesion: Contador: 610000
02-16 18:28:14.440 25168 25168 I VerificarSesion: Guarda Sesión
02-16 18:28:14.442 25168 25168 I VerificarSesion: Contador: 611000
02-16 18:28:15.444 25168 25168 I VerificarSesion: Guarda Sesión
02-16 18:28:15.444 25168 25168 I VerificarSesion: Contador: 612000
02-16 18:28:16.446 25168 25168 I VerificarSesion: Guarda Sesión
02-16 18:28:16.446 25168 25168 I VerificarSesion: Contador: 613000
02-16 18:28:17.448 25168 25168 I VerificarSesion: Guarda Sesión
02-16 18:28:17.449 25168 25168 I VerificarSesion: Contador: 614000
02-16 18:28:18.451 25168 25168 I VerificarSesion: Guarda Sesión
02-16 18:28:18.452 25168 25168 I VerificarSesion: Contador: 615000
02-16 18:28:19.453 25168 25168 I VerificarSesion: Guarda Sesión
02-16 18:28:19.454 25168 25168 I VerificarSesion: Contador: 616000
02-16 18:28:20.456 25168 25168 I VerificarSesion: Guarda Sesión
02-16 18:28:20.457 25168 25168 I VerificarSesion: Contador: 617000
02-16 18:28:21.458 25168 25168 I VerificarSesion: Guarda Sesión
02-16 18:28:21.458 25168 25168 I VerificarSesion: Contador: 618000
02-16 18:28:22.459 25168 25168 I VerificarSesion: Guarda Sesión
02-16 18:28:22.460 25168 25168 I VerificarSesion: Contador: 619000
02-16 18:28:23.463 25168 25168 I VerificarSesion: Guarda Sesión
02-16 18:28:23.464 25168 25168 I VerificarSesion: Contador: 620000
02-16 18:28:24.466 25168 25168 I VerificarSesion: Guarda Sesión
02-16 18:28:24.467 25168 25168 I VerificarSesion: Contador: 621000
02-16 18:28:25.469 25168 25168 I VerificarSesion: Guarda Sesión
02-16 18:28:25.470 25168 25168 I VerificarSesion: Contador: 622000
02-16 18:28:26.472 25168 25168 I VerificarSesion: Guarda Sesión
02-16 18:28:26.472 25168 25168 I VerificarSesion: Contador: 623000
02-16 18:28:27.473 25168 25168 I VerificarSesion: Guarda Sesión
02-16 18:28:27.474 25168 25168 I VerificarSesion: Contador: 624000
02-16 18:28:28.476 25168 25168 I VerificarSesion: Guarda Sesión
02-16 18:28:28.477 25168 25168 I VerificarSesion: Contador: 625000
02-16 18:28:29.478 25168 25168 I VerificarSesion: Guarda Sesión
02-16 18:28:29.479 25168 25168 I VerificarSesion: Contador: 626000
02-16 18:28:30.481 25168 25168 I VerificarSesion: Guarda Sesión
02-16 18:28:30.482 25168 25168 I VerificarSesion: Contador: 627000
02-16 18:28:31.484 25168 25168 I VerificarSesion: Guarda Sesión
02-16 18:28:31.484 25168 25168 I VerificarSesion: Contador: 628000
02-16 18:28:32.486 25168 25168 I VerificarSesion: Guarda Sesión
02-16 18:28:32.487 25168 25168 I VerificarSesion: Contador: 629000
02-16 18:28:33.488 25168 25168 I VerificarSesion: Guarda Sesión
02-16 18:28:33.489 25168 25168 I VerificarSesion: Contador: 630000
02-16 18:28:34.491 25168 25168 I VerificarSesion: Guarda Sesión
02-16 18:28:34.492 25168 25168 I VerificarSesion: Contador: 631000
02-16 18:28:35.494 25168 25168 I VerificarSesion: Guarda Sesión
02-16 18:28:35.494 25168 25168 I VerificarSesion: Contador: 632000
02-16 18:28:36.496 25168 25168 I VerificarSesion: Guarda Sesión
02-16 18:28:36.497 25168 25168 I VerificarSesion: Contador: 633000
02-16 18:28:37.498 25168 25168 I VerificarSesion: Guarda Sesión
02-16 18:28:37.498 25168 25168 I VerificarSesion: Contador: 634000
02-16 18:28:38.501 25168 25168 I VerificarSesion: Guarda Sesión
02-16 18:28:38.502 25168 25168 I VerificarSesion: Contador: 635000
02-16 18:28:39.504 25168 25168 I VerificarSesion: Guarda Sesión
02-16 18:28:39.505 25168 25168 I VerificarSesion: Contador: 636000
02-16 18:28:40.507 25168 25168 I VerificarSesion: Guarda Sesión
02-16 18:28:40.508 25168 25168 I VerificarSesion: Contador: 637000
02-16 18:28:41.509 25168 25168 I VerificarSesion: Guarda Sesión
02-16 18:28:41.510 25168 25168 I VerificarSesion: Contador: 638000
02-16 18:28:42.513 25168 25168 I VerificarSesion: Guarda Sesión
02-16 18:28:42.513 25168 25168 I VerificarSesion: Contador: 639000
02-16 18:28:43.515 25168 25168 I VerificarSesion: Guarda Sesión
02-16 18:28:43.516 25168 25168 I VerificarSesion: Contador: 640000
02-16 18:28:44.519 25168 25168 I VerificarSesion: Guarda Sesión
02-16 18:28:44.520 25168 25168 I VerificarSesion: Contador: 641000
02-16 18:28:45.522 25168 25168 I VerificarSesion: Guarda Sesión
02-16 18:28:45.525 25168 25168 I VerificarSesion: Contador: 642000
02-16 18:28:46.526 25168 25168 I VerificarSesion: Guarda Sesión
02-16 18:28:46.526 25168 25168 I VerificarSesion: Contador: 643000
02-16 18:28:47.529 25168 25168 I VerificarSesion: Guarda Sesión
02-16 18:28:47.529 25168 25168 I VerificarSesion: Contador: 644000
02-16 18:28:48.532 25168 25168 I VerificarSesion: Guarda Sesión
02-16 18:28:48.533 25168 25168 I VerificarSesion: Contador: 645000
02-16 18:28:49.535 25168 25168 I VerificarSesion: Guarda Sesión
02-16 18:28:49.536 25168 25168 I VerificarSesion: Contador: 646000
02-16 18:28:50.540 25168 25168 I VerificarSesion: Guarda Sesión
02-16 18:28:50.540 25168 25168 I VerificarSesion: Contador: 647000
02-16 18:28:51.542 25168 25168 I VerificarSesion: Guarda Sesión
02-16 18:28:51.542 25168 25168 I VerificarSesion: Contador: 648000
02-16 18:28:52.542 25168 25168 I VerificarSesion: Guarda Sesión
02-16 18:28:52.543 25168 25168 I VerificarSesion: Contador: 649000
02-16 18:28:53.544 25168 25168 I VerificarSesion: Guarda Sesión
02-16 18:28:53.544 25168 25168 I VerificarSesion: Contador: 650000
02-16 18:28:54.547 25168 25168 I VerificarSesion: Guarda Sesión
02-16 18:28:54.547 25168 25168 I VerificarSesion: Contador: 651000
02-16 18:28:55.549 25168 25168 I VerificarSesion: Guarda Sesión
02-16 18:28:55.550 25168 25168 I VerificarSesion: Contador: 652000
02-16 18:28:56.552 25168 25168 I VerificarSesion: Guarda Sesión
02-16 18:28:56.552 25168 25168 I VerificarSesion: Contador: 653000
02-16 18:28:57.554 25168 25168 I VerificarSesion: Guarda Sesión
02-16 18:28:57.555 25168 25168 I VerificarSesion: Contador: 654000
02-16 18:28:58.558 25168 25168 I VerificarSesion: Guarda Sesión
02-16 18:28:58.560 25168 25168 I VerificarSesion: Contador: 655000
02-16 18:28:59.562 25168 25168 I VerificarSesion: Guarda Sesión
02-16 18:28:59.562 25168 25168 I VerificarSesion: Contador: 656000
02-16 18:29:00.566 25168 25168 I VerificarSesion: Guarda Sesión
02-16 18:29:00.567 25168 25168 I VerificarSesion: Contador: 657000
02-16 18:29:01.569 25168 25168 I VerificarSesion: Guarda Sesión
02-16 18:29:01.569 25168 25168 I VerificarSesion: Contador: 658000
02-16 18:29:02.572 25168 25168 I VerificarSesion: Guarda Sesión
02-16 18:29:02.573 25168 25168 I VerificarSesion: Contador: 659000
02-16 18:29:03.575 25168 25168 I VerificarSesion: Guarda Sesión
02-16 18:29:03.575 25168 25168 I VerificarSesion: Contador: 660000
02-16 18:29:04.578 25168 25168 I VerificarSesion: Guarda Sesión
02-16 18:29:04.579 25168 25168 I VerificarSesion: Contador: 661000
02-16 18:29:05.580 25168 25168 I VerificarSesion: Guarda Sesión
02-16 18:29:05.581 25168 25168 I VerificarSesion: Contador: 662000
02-16 18:29:06.583 25168 25168 I VerificarSesion: Guarda Sesión
02-16 18:29:06.583 25168 25168 I VerificarSesion: Contador: 663000
02-16 18:29:07.584 25168 25168 I VerificarSesion: Guarda Sesión
02-16 18:29:07.585 25168 25168 I VerificarSesion: Contador: 664000
02-16 18:29:08.586 25168 25168 I VerificarSesion: Guarda Sesión
02-16 18:29:08.587 25168 25168 I VerificarSesion: Contador: 665000
02-16 18:29:09.590 25168 25168 I VerificarSesion: Guarda Sesión
02-16 18:29:09.590 25168 25168 I VerificarSesion: Contador: 666000
02-16 18:29:10.592 25168 25168 I VerificarSesion: Guarda Sesión
02-16 18:29:10.593 25168 25168 I VerificarSesion: Contador: 667000
02-16 18:29:11.594 25168 25168 I VerificarSesion: Guarda Sesión
02-16 18:29:11.594 25168 25168 I VerificarSesion: Contador: 668000
02-16 18:29:12.597 25168 25168 I VerificarSesion: Guarda Sesión
02-16 18:29:12.598 25168 25168 I VerificarSesion: Contador: 669000
02-16 18:29:13.600 25168 25168 I VerificarSesion: Guarda Sesión
02-16 18:29:13.600 25168 25168 I VerificarSesion: Contador: 670000
02-16 18:29:14.602 25168 25168 I VerificarSesion: Guarda Sesión
02-16 18:29:14.602 25168 25168 I VerificarSesion: Contador: 671000
02-16 18:29:15.604 25168 25168 I VerificarSesion: Guarda Sesión
02-16 18:29:15.604 25168 25168 I VerificarSesion: Contador: 672000
02-16 18:29:16.606 25168 25168 I VerificarSesion: Guarda Sesión
02-16 18:29:16.606 25168 25168 I VerificarSesion: Contador: 673000
02-16 18:29:17.609 25168 25168 I VerificarSesion: Guarda Sesión
02-16 18:29:17.610 25168 25168 I VerificarSesion: Contador: 674000
02-16 18:29:18.613 25168 25168 I VerificarSesion: Guarda Sesión
02-16 18:29:18.613 25168 25168 I VerificarSesion: Contador: 675000
02-16 18:29:19.614 25168 2--------- beginning of main
02-17 01:44:13.047 14675 14675 I libc : SetHeapTaggingLevel: tag level set to 0
02-17 01:44:13.055 14675 14675 E ometrika.d2web2: Not starting debugger since
process cannot load the jdwp agent.
02-17 01:44:13.065 14675 14675 I MessageMonitor: Load libmiui_runtime
02-17 01:44:13.108 14675 14675 D CompatibilityChangeReporter: Compat change id
reported: 171979766; UID 10255; state: DISABLED
02-17 01:44:13.112 14675 14675 D ApplicationLoaders: Returning zygote-cached class
loader: /system/framework/android.test.base.jar
02-17 01:44:13.117 14675 14692 D AppScoutStateMachine: 14675-
ScoutStateMachinecreated
02-17 01:44:13.117 14675 14675 D nativeloader: Configuring classloader-namespace
for other apk /system/framework/org.apache.http.legacy.jar. target_sdk_version=29,
uses_libraries=ALL,
library_path=/data/app/~~3X-_jtTHuaiVyBbUjmX7-A==/ec.biometrika.d2web2-
dpoGFV2cxUwSyDi_fguTzg==/lib/arm64:/data/app/~~3X-_jtTHuaiVyBbUjmX7-A==/
ec.biometrika.d2web2-dpoGFV2cxUwSyDi_fguTzg==/base.apk!/lib/arm64-v8a,
permitted_path=/data:/mnt/expand:/data/user/0/ec.biometrika.d2web2
02-17 01:44:13.117 14675 14675 D nativeloader: Extending system_exposed_libraries:
libbinauralrenderer_wrapper.qti.so:libhoaeffects.qti.so:libQOC.qti.so:libmisys_jni.
xiaomi.so:libupdateprof.qti.so:libthermalclient.qti.so:libQOC.qti.so:libdiag_system
.qti.so:libqape.qti.so:liblistenjni.qti.so
02-17 01:44:13.122 14675 14675 D nativeloader: Configuring classloader-namespace
for other apk /data/app/~~3X-_jtTHuaiVyBbUjmX7-A==/ec.biometrika.d2web2-
dpoGFV2cxUwSyDi_fguTzg==/base.apk. target_sdk_version=29, uses_libraries=,
library_path=/data/app/~~3X-_jtTHuaiVyBbUjmX7-A==/ec.biometrika.d2web2-
dpoGFV2cxUwSyDi_fguTzg==/lib/arm64:/data/app/~~3X-_jtTHuaiVyBbUjmX7-A==/
ec.biometrika.d2web2-dpoGFV2cxUwSyDi_fguTzg==/base.apk!/lib/arm64-v8a,
permitted_path=/data:/mnt/expand:/data/user/0/ec.biometrika.d2web2
02-17 01:44:13.122 14675 14675 D nativeloader: Extending system_exposed_libraries:
libbinauralrenderer_wrapper.qti.so:libhoaeffects.qti.so:libQOC.qti.so:libmisys_jni.
xiaomi.so:libupdateprof.qti.so:libthermalclient.qti.so:libQOC.qti.so:libdiag_system
.qti.so:libqape.qti.so:liblistenjni.qti.so
02-17 01:44:13.127 14675 14675 I Perf : Connecting to perf service.
02-17 01:44:13.131 14675 14675 V GraphicsEnvironment: ANGLE Developer option for
'ec.biometrika.d2web2' set to: 'default'
02-17 01:44:13.131 14675 14675 V GraphicsEnvironment: ANGLE GameManagerService for
ec.biometrika.d2web2: false
02-17 01:44:13.131 14675 14675 V GraphicsEnvironment: Updatable production driver
is not supported on the device.
02-17 01:44:13.140 14675 14675 I ForceDarkHelperStubImpl: initialize for
ec.biometrika.d2web2 , ForceDarkAppConfig: null
02-17 01:44:13.141 14675 14675 D ometrika.d2web2: JNI_OnLoad success
02-17 01:44:13.141 14675 14675 I MiuiForceDarkConfig: setConfig density:2.750000,
mainRule:0, secondaryRule:0, tertiaryRule:0
02-17 01:44:13.141 14675 14675 D NetworkSecurityConfig: No Network Security Config
specified, using platform default
02-17 01:44:13.141 14675 14675 D NetworkSecurityConfig: No Network Security Config
specified, using platform default
02-17 01:44:13.142 14675 14675 I MultiDex: VM with version 2.1.0 has multidex
support
02-17 01:44:13.142 14675 14675 I MultiDex: Installing application
02-17 01:44:13.142 14675 14675 I MultiDex: VM has multidex support, MultiDex
support library is disabled.
02-17 01:44:13.145 14675 14675 D CompatibilityChangeReporter: Compat change id
reported: 183155436; UID 10255; state: DISABLED
02-17 01:44:13.165 14675 14675 I FirebaseInitProvider: FirebaseApp initialization
successful
02-17 01:44:13.176 14675 14675 I com.veridiumid.sdk.fourfintegration.FourFLoader:
set resource path to /storage/emulated/0/Android/data/ec.biometrika.d2web2/files/
02-17 01:44:13.200 14675 14675 E 4F : Licence has expired. (Current date is:
2023-02-17, expiration date was: 2020-01-08)
02-17 01:44:13.200 14675 14675 W System.err: java.lang.Error: 4FID Failed to init.
Code:-4
02-17 01:44:13.200 14675 14675 W System.err: at
com.veridiumid.sdk.fourfintegration.FourFLoader.<init>(FourFLoader.java:39)
02-17 01:44:13.200 14675 14675 W System.err: at
com.veridiumid.sdk.fourfintegration.FourFLoader.safeStaticLoading(FourFLoader.java:
50)
02-17 01:44:13.200 14675 14675 W System.err: at
com.veridiumid.sdk.fourf.VeridiumFourFInitializer.initializeModule(VeridiumFourFIni
tializer.java:39)
02-17 01:44:13.200 14675 14675 W System.err: at
com.veridiumid.sdk.VeridiumSDK.init(VeridiumSDK.java:47)
02-17 01:44:13.200 14675 14675 W System.err: at
ec.biometrika.d2web2.TouchlessID.TouchlessIdAplication.inicializarVeridium(Touchles
sIdAplication.java:132)
02-17 01:44:13.200 14675 14675 W System.err: at
ec.biometrika.d2web2.TouchlessID.TouchlessIdAplication.onCreate(TouchlessIdAplicati
on.java:91)
02-17 01:44:13.200 14675 14675 W System.err: at
android.app.Instrumentation.callApplicationOnCreate(Instrumentation.java:1267)
02-17 01:44:13.200 14675 14675 W System.err: at
android.app.ActivityThread.handleBindApplication(ActivityThread.java:6963)
02-17 01:44:13.200 14675 14675 W System.err: at android.app.ActivityThread.-$
$Nest$mhandleBindApplication(Unknown Source:0)
02-17 01:44:13.200 14675 14675 W System.err: at
android.app.ActivityThread$H.handleMessage(ActivityThread.java:2189)
02-17 01:44:13.200 14675 14675 W System.err: at
android.os.Handler.dispatchMessage(Handler.java:106)
02-17 01:44:13.200 14675 14675 W System.err: at
android.os.Looper.loopOnce(Looper.java:210)
02-17 01:44:13.200 14675 14675 W System.err: at
android.os.Looper.loop(Looper.java:299)
02-17 01:44:13.200 14675 14675 W System.err: at
android.app.ActivityThread.main(ActivityThread.java:8116)
02-17 01:44:13.200 14675 14675 W System.err: at
java.lang.reflect.Method.invoke(Native Method)
02-17 01:44:13.200 14675 14675 W System.err: at
com.android.internal.os.RuntimeInit$MethodAndArgsCaller.run(RuntimeInit.java:559)
02-17 01:44:13.200 14675 14675 W System.err: at
com.android.internal.os.ZygoteInit.main(ZygoteInit.java:950)
02-17 01:44:13.200 14675 14705 I DynamiteModule: Considering local module
com.google.android.gms.measurement.dynamite:20 and remote module
com.google.android.gms.measurement.dynamite:87
02-17 01:44:13.201 14675 14705 I DynamiteModule: Selected remote version of
com.google.android.gms.measurement.dynamite, version >= 87
02-17 01:44:13.201 14675 14705 V DynamiteModule: Dynamite loader version >= 2,
using loadModule2NoCrashUtils
02-17 01:44:13.209 14675 14705 W System : ClassLoader referenced unknown path:
02-17 01:44:13.209 14675 14705 D nativeloader: Configuring classloader-namespace
for other apk . target_sdk_version=33, uses_libraries=,
library_path=/data/app/~~INsFP8qKVyE7uJtUk-NP5A==/com.google.android.gms-NcynU8-
nqaYl_nZ6QONDzg==/lib/arm64:/data/app/~~INsFP8qKVyE7uJtUk-NP5A==/
com.google.android.gms-NcynU8-nqaYl_nZ6QONDzg==/base.apk!/lib/arm64-v8a,
permitted_path=/data:/mnt/expand:/data/user/0/com.google.android.gms
02-17 01:44:13.250 14675 14730 I FA : App measurement initialized, version:
75108
02-17 01:44:13.250 14675 14730 I FA : To enable debug logging run: adb shell
setprop log.tag.FA VERBOSE
02-17 01:44:13.250 14675 14730 I FA : To enable faster debug mode event
logging run:
02-17 01:44:13.250 14675 14730 I FA : adb shell setprop
debug.firebase.analytics.app ec.biometrika.d2web2
02-17 01:44:13.271 14675 14730 I FA : Tag Manager is not found and thus will
not be used
02-17 01:44:13.271 14675 14675 D com.veridiumid.sdk.defaultdata.DataStorage:
Initialized
02-17 01:44:13.271 14675 14675 D com.veridiumid.sdk.VeridiumSDK: Initialized
com.veridiumid.sdk.defaultdata.VeridiumDataInitializer@be7e46d in 70ms
02-17 01:44:13.271 14675 14675 D com.veridiumid.sdk.VeridiumSDK: Total SDK
initializeModule time: 95ms
02-17 01:44:13.293 14675 14675 D DecorView[]: getWindowModeFromSystem windowmode
is 1
02-17 01:44:13.397 14675 14675 D CompatibilityChangeReporter: Compat change id
reported: 210923482; UID 10255; state: DISABLED
02-17 01:44:13.397 14675 14675 D CompatibilityChangeReporter: Compat change id
reported: 37756858; UID 10255; state: ENABLED
--------- beginning of system
02-17 01:44:13.443 14675 14675 I ForceDarkHelperStubImpl: setViewRootImplForceDark:
false for ec.biometrika.d2web2.LoginPrincipalActivity@4c658dc, reason:
AppDarkModeEnable
02-17 01:44:13.444 14675 14675 D DecorView[]: getWindowModeFromSystem windowmode
is 1
02-17 01:44:13.448 14675 14675 W Looper : PerfMonitor looperActivity :
package=ec.biometrika.d2web2/.LoginPrincipalActivity time=0ms latency=347ms
running=0ms procState=-1 historyMsgCount=3 (msgIndex=2 wall=168ms seq=2
running=100ms runnable=22ms io=18ms late=14ms h=android.app.ActivityThread$H w=110)
(msgIndex=3 wall=172ms seq=3 running=118ms runnable=15ms io=7ms late=177ms
h=android.app.ActivityThread$H w=159)
02-17 01:44:13.488 14675 14736 I AdrenoGLES-0: QUALCOMM build :
ab32fc8fad, Ie934a85479
02-17 01:44:13.488 14675 14736 I AdrenoGLES-0: Build Date :
07/28/22
02-17 01:44:13.488 14675 14736 I AdrenoGLES-0: OpenGL ES Shader Compiler Version:
EV031.36.08.09
02-17 01:44:13.488 14675 14736 I AdrenoGLES-0: Local Branch :
02-17 01:44:13.488 14675 14736 I AdrenoGLES-0: Remote Branch :
02-17 01:44:13.488 14675 14736 I AdrenoGLES-0: Remote Branch :
02-17 01:44:13.488 14675 14736 I AdrenoGLES-0: Reconstruct Branch :
02-17 01:44:13.488 14675 14736 I AdrenoGLES-0: Build Config : S
P 12.1.1 AArch64
02-17 01:44:13.488 14675 14736 I AdrenoGLES-0: Driver
Path : /vendor/lib64/egl/libGLESv2_adreno.so
02-17 01:44:13.488 14675 14736 I AdrenoGLES-0: Driver Version :
0615.0
02-17 01:44:13.492 14675 14736 I AdrenoGLES-0: PFP: 0x01730147, ME: 0x00000000
02-17 01:44:13.501 14675 14736 W libc : Access denied finding property
"vendor.migl.debug"
02-17 01:44:13.503 14675 14736 E libEGL : pre_cache appList: ,,
02-17 01:44:13.511 14754 14754 W libprocessgroup: JoinCgroup: controller schedtune
is not found
02-17 01:44:13.512 14675 14736 D ometrika.d2web2: MiuiProcessManagerServiceStub
setSchedFifo
02-17 01:44:13.512 14675 14736 I MiuiProcessManagerImpl: setSchedFifo pid:14675,
mode:3
02-17 01:44:13.541 14675 14736 W Parcel : Expecting binder but got null!
02-17 01:44:13.550 14675 14675 I HandWritingStubImpl: refreshLastKeyboardType: 1
02-17 01:44:13.550 14675 14675 I HandWritingStubImpl: getCurrentKeyboardType: 1
02-17 01:44:13.553 14675 14675 I HandWritingStubImpl: isKeyboardTypeChanged: false
02-17 01:44:13.686 14675 14675 D CompatibilityChangeReporter: Compat change id
reported: 78294732; UID 10255; state: DISABLED
02-17 01:44:13.699 14675 14675 I HandWritingStubImpl: isKeyboardTypeChanged: false
02-17 01:44:13.699 14675 14675 I HandWritingStubImpl: refreshLastKeyboardType: 1
02-17 01:44:13.699 14675 14675 I HandWritingStubImpl: getCurrentKeyboardType: 1
02-17 01:44:13.701 14675 14675 I HandWritingStubImpl: isKeyboardTypeChanged: false
02-17 01:44:13.701 14675 14675 I HandWritingStubImpl: isKeyboardTypeChanged: false
02-17 01:44:13.705 14675 14675 I HandWritingStubImpl: getCurrentKeyboardType: 1
02-17 09:02:47.791 14675 14690 D AppScoutStateMachine: 14675-
ScoutStateMachinecreated
02-17 09:02:47.793 14675 14675 D DecorView[]: getWindowModeFromSystem windowmode
is 1
02-17 09:02:47.862 14675 14675 I ForceDarkHelperStubImpl: setViewRootImplForceDark:
false for ec.biometrika.d2web2.LoginPrincipalActivity@e18173d, reason:
AppDarkModeEnable
02-17 09:02:47.863 14675 14675 D DecorView[]: getWindowModeFromSystem windowmode
is 1
02-17 09:02:47.886 14675 14736 I AdrenoGLES-0: QUALCOMM build :
ab32fc8fad, Ie934a85479
02-17 09:02:47.886 14675 14736 I AdrenoGLES-0: Build Date :
07/28/22
02-17 09:02:47.886 14675 14736 I AdrenoGLES-0: OpenGL ES Shader Compiler Version:
EV031.36.08.09
02-17 09:02:47.886 14675 14736 I AdrenoGLES-0: Local Branch :
02-17 09:02:47.886 14675 14736 I AdrenoGLES-0: Remote Branch :
02-17 09:02:47.886 14675 14736 I AdrenoGLES-0: Remote Branch :
02-17 09:02:47.886 14675 14736 I AdrenoGLES-0:--------- beginning of main
02-17 09:02:47.886 14675 14736 I AdrenoGLES-0: QUALCOMM build :
ab32fc8fad, Ie934a85479
02-17 09:02:47.886 14675 14736 I AdrenoGLES-0: Build Date :
07/28/22
02-17 09:02:47.886 14675 14736 I AdrenoGLES-0: OpenGL ES Shader Compiler Version:
EV031.36.08.09
02-17 09:02:47.886 14675 14736 I AdrenoGLES-0: Local Branch :
02-17 09:02:47.886 14675 14736 I AdrenoGLES-0: Remote Branch :
02-17 09:02:47.886 14675 14736 I AdrenoGLES-0: Remote Branch :
02-17 09:02:47.886 14675 14736 I AdrenoGLES-0: Reconstruct Branch :
02-17 09:02:47.886 14675 14736 I AdrenoGLES-0: Build Config : S
P 12.1.1 AArch64
02-17 09:02:47.887 14675 14736 I AdrenoGLES-0: Driver
Path : /vendor/lib64/egl/libGLESv2_adreno.so
02-17 09:02:47.887 14675 14736 I AdrenoGLES-0: Driver Version :
0615.0
02-17 09:02:47.904 14675 14736 I AdrenoGLES-0: PFP: 0x01730147, ME: 0x00000000
02-17 09:02:47.922 14675 14736 E libEGL : pre_cache appList: ,,
02-17 09:02:47.952 17375 17375 W libprocessgroup: JoinCgroup: controller schedtune
is not found
02-17 09:02:47.984 14675 14736 W Parcel : Expecting binder but got null!
02-17 09:02:48.110 14675 14675 I HandWritingStubImpl: refreshLastKeyboardType: 1
02-17 09:02:48.110 14675 14675 I HandWritingStubImpl: getCurrentKeyboardType: 1
02-17 09:02:48.112 14675 14675 I HandWritingStubImpl: isKeyboardTypeChanged: false
02-17 09:02:48.112 14675 14675 I HandWritingStubImpl: isKeyboardTypeChanged: false
02-17 09:02:48.662 14675 14675 W MirrorManager: this model don't Support
--------- beginning of system
02-17 09:02:49.087 14675 14675 I ForceDarkHelperStubImpl: setViewRootImplForceDark:
false for ec.biometrika.d2web2.LoginPrincipalActivity@e18173d, reason:
AppDarkModeEnable
02-17 09:02:49.099 14675 14675 I ForceDarkHelperStubImpl: setViewRootImplForceDark:
false for ec.biometrika.d2web2.LoginPrincipalActivity@e18173d, reason:
AppDarkModeEnable
02-17 09:02:49.104 14675 14736 W Parcel : Expecting binder but got null!
02-17 09:02:49.105 14675 14675 W FingerprintManager: Invalid acquired message: 6,
21
02-17 09:02:49.131 14675 14675 I HandWritingStubImpl: refreshLastKeyboardType: 1
02-17 09:02:49.131 14675 14675 I HandWritingStubImpl: getCurrentKeyboardType: 1
02-17 09:02:49.132 14675 14675 I HandWritingStubImpl: isKeyboardTypeChanged: false
02-17 09:02:49.433 14675 14675 W FingerprintManager: Invalid acquired message: 6,
22
02-17 09:02:49.597 14675 14675 I LogD2movil: Fecha: 2023/febrero/17
02-17 09:02:49.597 14675 14675 I LogD2movil: Hora: 09:02:49 a. m.
02-17 09:02:49.597 14675 14675 I LogD2movil: Servicio Web: webservice -
https://www.d2servicios.com/d2web.api.uni/d2webdroid.asmx/ValidaUsuarioDroid
02-17 09:02:49.597 14675 14675 I LogD2movil: Mensaje: Antes de llamar a
ValidaUsuarioDroid.
02-17 09:02:49.598 14675 14675 I LogD2movil: Fecha: 2023/febrero/17
02-17 09:02:49.598 14675 14675 I LogD2movil: Hora: 09:02:49 a. m.
02-17 09:02:49.598 14675 14675 I LogD2movil: Servicio Web: webservice -
https://www.d2servicios.com/d2web.api.uni/d2webdroid.asmx/ValidaUsuarioDroid
02-17 09:02:49.598 14675 14675 I LogD2movil: Mensaje: Modo de inicio: Huella
digital
02-17 09:02:49.602 14675 14675 I LogD2movil: Fecha: 2023/febrero/17
02-17 09:02:49.602 14675 14675 I LogD2movil: Hora: 09:02:49 a. m.
02-17 09:02:49.602 14675 14675 I LogD2movil: Servicio Web: getAndroidID
02-17 09:02:49.602 14675 14675 I LogD2movil: Get Data: 1166445d84bfca5c
02-17 09:02:49.602 14675 14675 I LogD2movil: Mensaje: AndroidID
02-17 09:02:49.604 14675 14675 I LogD2movil: Fecha: 2023/febrero/17
02-17 09:02:49.604 14675 14675 I LogD2movil: Hora: 09:02:49 a. m.
02-17 09:02:49.604 14675 14675 I LogD2movil: Servicio Web: webservice -
https://www.d2servicios.com/d2web.api.uni/d2webdroid.asmx/ValidaUsuarioDroid
02-17 09:02:49.604 14675 14675 I LogD2movil: Mensaje: Validación tipo de red
02-17 09:02:49.605 14675 14675 I LogD2movil: Fecha: 2023/febrero/17
02-17 09:02:49.605 Reconstruct Branch :
02-17 09:02:47.886 14675 14736 I AdrenoGLES-0: Build Config : S
P 12.1.1 AArch64
02-17 09:02:47.887 14675 14736 I AdrenoGLES-0: Driver
Path : /vendor/lib64/egl/libGLESv2_adreno.so
02-17 09:02:47.887 14675 14736 I AdrenoGLES-0: Driver Version :
0615.0
02-17 09:02:47.904 14675 14736 I AdrenoGLES-0: PFP: 0x01730147, ME: 0x00000000
02-17 09:02:47.922 14675 14736 E libEGL : pre_cache appList: ,,
02-17 09:02:47.952 17375 17375 W libprocessgroup: JoinCgroup: controller schedtune
is not found
02-17 09:02:47.984 14675 14736 W Parcel : Expecting binder but got null!
02-17 09:02:48.110 14675 14675 I HandWritingStubImpl: refreshLastKeyboardType: 1
02-17 09:02:48.110 14675 14675 I HandWritingStubImpl: getCurrentKeyboardType: 1
02-17 09:02:48.112 14675 14675 I HandWritingStubImpl: isKeyboardTypeChanged: false
02-17 09:02:48.112 14675 14675 I HandWritingStubImpl: isKeyboardTypeChanged: false
02-17 09:02:48.662 14675 14675 W MirrorManager: this model don't Support
02-17 09:02:49.087 14675 14675 I ForceDarkHelperStubImpl: setViewRootImplForceDark:
false for ec.biometrika.d2web2.LoginPrincipalActivity@e18173d, reason:
AppDarkModeEnable
02-17 09:02:49.099 14675 14675 I ForceDarkHelperStubImpl: setViewRootImplForceDark:
false for ec.biometrika.d2web2.LoginPrincipalActivity@e18173d, reason:
AppDarkModeEnable
02-17 09:02:49.104 14675 14736 W Parcel : Expecting binder but got null!
02-17 09:02:49.105 14675 14675 W FingerprintManager: Invalid acquired message: 6,
21
02-17 09:02:49.131 14675 14675 I HandWritingStubImpl: refreshLastKeyboardType: 1
02-17 09:02:49.131 14675 14675 I HandWritingStubImpl: getCurrentKeyboardType: 1
02-17 09:02:49.132 14675 14675 I HandWritingStubImpl: isKeyboardTypeChanged: false
02-17 09:02:49.433 14675 14675 W FingerprintManager: Invalid acquired message: 6,
22
02-17 09:02:49.597 14675 14675 I LogD2movil: Fecha: 2023/febrero/17
02-17 09:02:49.597 14675 14675 I LogD2movil: Hora: 09:02:49 a. m.
02-17 09:02:49.597 14675 14675 I LogD2movil: Servicio Web: webservice -
https://www.d2servicios.com/d2web.api.uni/d2webdroid.asmx/ValidaUsuarioDroid
02-17 09:02:49.597 14675 14675 I LogD2movil: Mensaje: Antes de llamar a
ValidaUsuarioDroid.
02-17 09:02:49.598 14675 14675 I LogD2movil: Fecha: 2023/febrero/17
02-17 09:02:49.598 14675 14675 I LogD2movil: Hora: 09:02:49 a. m.
02-17 09:02:49.598 14675 14675 I LogD2movil: Servicio Web: webservice -
https://www.d2servicios.com/d2web.api.uni/d2webdroid.asmx/ValidaUsuarioDroid
02-17 09:02:49.598 14675 14675 I LogD2movil: Mensaje: Modo de inicio: Huella
digital
02-17 09:02:49.602 14675 14675 I LogD2movil: Fecha: 2023/febrero/17
02-17 09:02:49.602 14675 14675 I LogD2movil: Hora: 09:02:49 a. m.
02-17 09:02:49.602 14675 14675 I LogD2movil: Servicio Web: getAndroidID
02-17 09:02:49.602 14675 14675 I LogD2movil: Get Data: 1166445d84bfca5c
02-17 09:02:49.602 14675 14675 I LogD2movil: Mensaje: AndroidID
02-17 09:02:49.604 14675 14675 I LogD2movil: Fecha: 2023/febrero/17
02-17 09:02:49.604 14675 14675 I LogD2movil: Hora: 09:02:49 a. m.
02-17 09:02:49.604 14675 14675 I LogD2movil: Servicio Web: webservice -
https://www.d2servicios.com/d2web.api.uni/d2webdroid.asmx/ValidaUsuarioDroid
02-17 09:02:49.604 14675 14675 I LogD2movil: Mensaje: Validación tipo de red
02-17 09:02:49.605 14675 14675 I LogD2movil: Fecha: 2023/febrero/17
02-17 09:02:49.605 14675 14675 I LogD2movil: Hora: 09:02:49 a. m.
02-17 09:02:49.605 14675 14675 I LogD2movil: Servicio Web: webservice -
https://www.d2servicios.com/d2web.api.uni/d2webdroid.asmx/ValidaUsuarioDroid
02-17 09:02:49.605 14675 14675 I LogD2movil: Send Data: wifi
02-17 09:02:49.605 14675 14675 I LogD2movil: Mensaje: Tipo de red
02-17 09:02:49.606 14675 14675 I LogD2movil: Fecha: 2023/febrero/17
02-17 09:02:49.606 14675 14675 I LogD2movil: Hora: 09:02:49 a. m.
02-17 09:02:49.606 14675 14675 I LogD2movil: Servicio Web: webservice -
https://www.d2servicios.com/d2web.api.uni/d2webdroid.asmx/ValidaUsuarioDroid
02-17 09:02:49.606 14675 14675 14675 14675 I LogD2movil: Hora: 09:02:49 a. m.
02-17 09:02:49.605 14675 14675 I LogD2movil: Servicio Web: webservice -
https://www.d2servicios.com/d2web.api.uni/d2webdroid.asmx/ValidaUsuarioDroid
02-17 09:02:49.605 14675 14675 I LogD2movil: Send Data: wifi
02-17 09:02:49.605 14675 14675 I LogD2movil: Mensaje: Tipo de red
02-17 09:02:49.606 14675 14675 I LogD2movil: Fecha: 2023/febrero/17
02-17 09:02:49.606 14675 14675 I LogD2movil: Hora: 09:02:49 a. m.
02-17 09:02:49.606 14675 14675 I LogD2movil: Servicio Web: webservice -
https://www.d2servicios.com/d2web.api.uni/d2webdroid.asmx/ValidaUsuarioDroid
02-17 09:02:49.606 14675 14675 I LogD2movil: Mensaje: Fin validación tipo de red
02-17 09:02:49.607 14675 17403 I LogD2movil: Fecha: 2023/febrero/17
02-17 09:02:49.607 14675 17403 I LogD2movil: Hora: 09:02:49 a. m.
02-17 09:02:49.607 14675 17403 I LogD2movil: Servicio Web: webservice -
https://www.d2servicios.com/d2web.api.uni/d2webdroid.asmx/ValidaUsuarioDroid
02-17 09:02:49.607 14675 17403 I LogD2movil: Subfunción: getHeaders
02-17 09:02:49.607 14675 17403 I LogD2movil: Send Data: ANDROID|d2Movil|4.1.8.1
02-17 09:02:49.607 14675 17403 I LogD2movil: Mensaje: Añadiendo headers.
02-17 09:02:49.609 14675 17403 I LogD2movil: Fecha: 2023/febrero/17
02-17 09:02:49.609 14675 17403 I LogD2movil: Hora: 09:02:49 a. m.
02-17 09:02:49.609 14675 17403 I LogD2movil: Servicio Web: webservice -
https://www.d2servicios.com/d2web.api.uni/d2webdroid.asmx/ValidaUsuarioDroid
02-17 09:02:49.609 14675 17403 I LogD2movil: Subfunción: getParams
02-17 09:02:49.609 14675 17403 I LogD2movil: Send Data: id_emp: 616
02-17 09:02:49.609 14675 17403 I LogD2movil: empresa: AYASA
02-17 09:02:49.609 14675 17403 I LogD2movil: Mensaje: Añadiendo parámetros.
02-17 09:02:49.626 14675 14675 I HandWritingStubImpl: isKeyboardTypeChanged: false
02-17 09:02:49.626 14675 14675 I HandWritingStubImpl: refreshLastKeyboardType: 1
02-17 09:02:49.626 14675 14675 I HandWritingStubImpl: getCurrentKeyboardType: 1
02-17 09:02:49.627 14675 14675 I HandWritingStubImpl: isKeyboardTypeChanged: false
02-17 09:02:49.666 14675 17403 D TrafficStats: tagSocket(121) with
statsTag=0xc0437e8b, statsUid=-1
02-17 09:02:49.817 14675 14684 W ometrika.d2web2: Reducing the number of considered
missed Gc histogram windows from 594 to 100
02-17 09:02:50.915 14675 14675 I LogD2movil: Fecha: 2023/febrero/17
02-17 09:02:50.915 14675 14675 I LogD2movil: Hora: 09:02:50 a. m.
02-17 09:02:50.915 14675 14675 I LogD2movil: Servicio Web: webservice -
https://www.d2servicios.com/d2web.api.uni/d2webdroid.asmx/ValidaUsuarioDroid
02-17 09:02:50.915 14675 14675 I LogD2movil: Subfunción: OnResponse
02-17 09:02:50.915 14675 14675 I LogD2movil: Mensaje: Respondió ValidaUsuarioDroid
02-17 09:02:50.989 14675 14675 I LogD2movil: Fecha: 2023/febrero/17
02-17 09:02:50.989 14675 14675 I LogD2movil: Hora: 09:02:50 a. m.
02-17 09:02:50.989 14675 14675 I LogD2movil: Servicio Web: webservice -
https://www.d2servicios.com/d2web.api.uni/d2webdroid.asmx/ValidaUsuarioDroid
02-17 09:02:50.989 14675 14675 I LogD2movil: Subfunción: OnResponse
02-17 09:02:50.989 14675 14675 I LogD2movil: Get Data: identif: 1804679288 |
nombres:MACHADO SOLIS CHRISTIAN JAVIER | autori: [1000.130, 1000.150, 1000.50,
1000.80]
02-17 09:02:50.989 14675 14675 I LogD2movil: Respuesta: 0
02-17 09:02:50.989 14675 14675 I LogD2movil: Mensaje: PROCESO OK
02-17 09:02:51.013 14675 14675 I LogD2movil: Fecha: 2023/febrero/17
02-17 09:02:51.013 14675 14675 I LogD2movil: Hora: 09:02:51 a. m.
02-17 09:02:51.013 14675 14675 I LogD2movil: Servicio Web: webservice -
https://www.d2servicios.com/d2web.api.uni/d2webdroid.asmx/ValidaUsuarioDroid
02-17 09:02:51.013 14675 14675 I LogD2movil: Subfunción: OnResponse
02-17 09:02:51.013 14675 14675 I LogD2movil: Mensaje: Terminó Respuesta
ValidaUsuarioDroid
02-17 09:02:51.016 14675 14675 I LogD2movil: Fecha: 2023/febrero/17
02-17 09:02:51.016 14675 14675 I LogD2movil: Hora: 09:02:51 a. m.
02-17 09:02:51.016 14675 14675 I LogD2movil: Servicio Web: webservice -
https://www.d2sI LogD2movil: Mensaje: Fin validación tipo de red
02-17 09:02:49.607 14675 17403 I LogD2movil: Fecha: 2023/febrero/17
02-17 09:02:49.607 14675 17403 I LogD2movil: Hora: 09:02:49 a. m.
02-17 09:02:49.607 14675 17403 I LogD2movil: Servicio Web: webservice -
https://www.d2servicios.com/d2web.api.uni/d2webdroid.asmx/ValidaUsuarioDroid
02-17 09:02:49.607 14675 17403 I LogD2movil: Subfunción: getHeaders
02-17 09:02:49.607 14675 17403 I LogD2movil: Send Data: ANDROID|d2Movil|4.1.8.1
02-17 09:02:49.607 14675 17403 I LogD2movil: Mensaje: Añadiendo headers.
02-17 09:02:49.609 14675 17403 I LogD2movil: Fecha: 2023/febrero/17
02-17 09:02:49.609 14675 17403 I LogD2movil: Hora: 09:02:49 a. m.
02-17 09:02:49.609 14675 17403 I LogD2movil: Servicio Web: webservice -
https://www.d2servicios.com/d2web.api.uni/d2webdroid.asmx/ValidaUsuarioDroid
02-17 09:02:49.609 14675 17403 I LogD2movil: Subfunción: getParams
02-17 09:02:49.609 14675 17403 I LogD2movil: Send Data: id_emp: 616
02-17 09:02:49.609 14675 17403 I LogD2movil: empresa: AYASA
02-17 09:02:49.609 14675 17403 I LogD2movil: Mensaje: Añadiendo parámetros.
02-17 09:02:49.626 14675 14675 I HandWritingStubImpl: isKeyboardTypeChanged: false
02-17 09:02:49.626 14675 14675 I HandWritingStubImpl: refreshLastKeyboardType: 1
02-17 09:02:49.626 14675 14675 I HandWritingStubImpl: getCurrentKeyboardType: 1
02-17 09:02:49.627 14675 14675 I HandWritingStubImpl: isKeyboardTypeChanged: false
02-17 09:02:49.666 14675 17403 D TrafficStats: tagSocket(121) with
statsTag=0xc0437e8b, statsUid=-1
02-17 09:02:49.817 14675 14684 W ometrika.d2web2: Reducing the number of considered
missed Gc histogram windows from 594 to 100
02-17 09:02:50.915 14675 14675 I LogD2movil: Fecha: 2023/febrero/17
02-17 09:02:50.915 14675 14675 I LogD2movil: Hora: 09:02:50 a. m.
02-17 09:02:50.915 14675 14675 I LogD2movil: Servicio Web: webservice -
https://www.d2servicios.com/d2web.api.uni/d2webdroid.asmx/ValidaUsuarioDroid
02-17 09:02:50.915 14675 14675 I LogD2movil: Subfunción: OnResponse
02-17 09:02:50.915 14675 14675 I LogD2movil: Mensaje: Respondió ValidaUsuarioDroid
02-17 09:02:50.989 14675 14675 I LogD2movil: Fecha: 2023/febrero/17
02-17 09:02:50.989 14675 14675 I LogD2movil: Hora: 09:02:50 a. m.
02-17 09:02:50.989 14675 14675 I LogD2movil: Servicio Web: webservice -
https://www.d2servicios.com/d2web.api.uni/d2webdroid.asmx/ValidaUsuarioDroid
02-17 09:02:50.989 14675 14675 I LogD2movil: Subfunción: OnResponse
02-17 09:02:50.989 14675 14675 I LogD2movil: Get Data: identif: 1804679288 |
nombres:MACHADO SOLIS CHRISTIAN JAVIER | autori: [1000.130, 1000.150, 1000.50,
1000.80]
02-17 09:02:50.989 14675 14675 I LogD2movil: Respuesta: 0
02-17 09:02:50.989 14675 14675 I LogD2movil: Mensaje: PROCESO OK
02-17 09:02:51.013 14675 14675 I LogD2movil: Fecha: 2023/febrero/17
02-17 09:02:51.013 14675 14675 I LogD2movil: Hora: 09:02:51 a. m.
02-17 09:02:51.013 14675 14675 I LogD2movil: Servicio Web: webservice -
https://www.d2servicios.com/d2web.api.uni/d2webdroid.asmx/ValidaUsuarioDroid
02-17 09:02:51.013 14675 14675 I LogD2movil: Subfunción: OnResponse
02-17 09:02:51.013 14675 14675 I LogD2movil: Mensaje: Terminó Respuesta
ValidaUsuarioDroid
02-17 09:02:51.016 14675 14675 I LogD2movil: Fecha: 2023/febrero/17
02-17 09:02:51.016 14675 14675 I LogD2movil: Hora: 09:02:51 a. m.
02-17 09:02:51.016 14675 14675 I LogD2movil: Servicio Web: webservice -
https://www.d2servicios.com/d2web.api.uni/d2webdroid.asmx/ValidaUsuarioDroid
02-17 09:02:51.016 14675 14675 I LogD2movil: Subfunción: Firebase.onComplete
02-17 09:02:51.016 14675 14675 I LogD2movil: Get Data: token: fpL3oyS1Rs-
eSZYfORZbTP:APA91bFw3vTy-
IHL9SK86Rs1VreZgew84THzxT2ABENSWtQx3HJMYYAatz3DFBTHfQILiQp1rZAhEuKC-
iSc42l40FRwSzM2Ifbt6DdN4h_jgY1CCxvWjVeeCGbZflQdDGScUEks8wyw
02-17 09:02:51.016 14675 14675 I LogD2movil: Mensaje: Token Firebase
02-17 09:02:51.017 14675 14675 I LogD2movil: Fecha: 2023/febrero/17
02-17 09:02:51.017 14675 14675 I LogD2movil: Hora: 09:02:51 a. m.
02-17 09:02:51.017 14675 14675 I LogD2movil: Servicio Web:
buscaDisposiervicios.com/d2web.api.uni/d2webdroid.asmx/ValidaUsuarioDroid
02-17 09:02:51.016 14675 14675 I LogD2movil: Subfunción: Firebase.onComplete
02-17 09:02:51.016 14675 14675 I LogD2movil: Get Data: token: fpL3oyS1Rs-
eSZYfORZbTP:APA91bFw3vTy-
IHL9SK86Rs1VreZgew84THzxT2ABENSWtQx3HJMYYAatz3DFBTHfQILiQp1rZAhEuKC-
iSc42l40FRwSzM2Ifbt6DdN4h_jgY1CCxvWjVeeCGbZflQdDGScUEks8wyw
02-17 09:02:51.016 14675 14675 I LogD2movil: Mensaje: Token Firebase
02-17 09:02:51.017 14675 14675 I LogD2movil: Fecha: 2023/febrero/17
02-17 09:02:51.017 14675 14675 I LogD2movil: Hora: 09:02:51 a. m.
02-17 09:02:51.017 14675 14675 I LogD2movil: Servicio Web: buscaDispositivo -
https://www.d2servicios.com/d2web.api.uni/d2webdroid.asmx/BuscaIdDespositivo
02-17 09:02:51.017 14675 14675 I LogD2movil: Subfunción: OnResponse
02-17 09:02:51.017 14675 14675 I LogD2movil: Mensaje: Antes de llamar a
BuscaIdDespositivo
02-17 09:02:51.019 14675 14675 I LogD2movil: Fecha: 2023/febrero/17
02-17 09:02:51.019 14675 14675 I LogD2movil: Hora: 09:02:51 a. m.
02-17 09:02:51.019 14675 14675 I LogD2movil: Servicio Web: buscaDispositivo -
https://www.d2servicios.com/d2web.api.uni/d2webdroid.asmx/BuscaIdDespositivo
02-17 09:02:51.019 14675 14675 I LogD2movil: Mensaje: Validación tipo de red
02-17 09:02:51.023 14675 14675 I LogD2movil: Fecha: 2023/febrero/17
02-17 09:02:51.023 14675 14675 I LogD2movil: Hora: 09:02:51 a. m.
02-17 09:02:51.023 14675 14675 I LogD2movil: Servicio Web: buscaDispositivo -
https://www.d2servicios.com/d2web.api.uni/d2webdroid.asmx/BuscaIdDespositivo
02-17 09:02:51.023 14675 14675 I LogD2movil: Send Data: wifi
02-17 09:02:51.023 14675 14675 I LogD2movil: Mensaje: Tipo de red
02-17 09:02:51.024 14675 14675 I LogD2movil: Fecha: 2023/febrero/17
02-17 09:02:51.024 14675 14675 I LogD2movil: Hora: 09:02:51 a. m.
02-17 09:02:51.024 14675 14675 I LogD2movil: Servicio Web: buscaDispositivo -
https://www.d2servicios.com/d2web.api.uni/d2webdroid.asmx/BuscaIdDespositivo
02-17 09:02:51.024 14675 14675 I LogD2movil: Mensaje: Fin validación tipo de red
02-17 09:02:51.024 14675 14675 D Token : fpL3oyS1Rs-eSZYfORZbTP:APA91bFw3vTy-
IHL9SK86Rs1VreZgew84THzxT2ABENSWtQx3HJMYYAatz3DFBTHfQILiQp1rZAhEuKC-
iSc42l40FRwSzM2Ifbt6DdN4h_jgY1CCxvWjVeeCGbZflQdDGScUEks8wyw
02-17 09:02:51.030 14675 17755 I LogD2movil: Fecha: 2023/febrero/17
02-17 09:02:51.030 14675 17755 I LogD2movil: Hora: 09:02:51 a. m.
02-17 09:02:51.030 14675 17755 I LogD2movil: Servicio Web: buscaDispositivo -
https://www.d2servicios.com/d2web.api.uni/d2webdroid.asmx/BuscaIdDespositivo
02-17 09:02:51.030 14675 17755 I LogD2movil: Send Data: BtkVrs: d2Movil|4.1.8.1,
BtkValidador: CNT.ec:Mobile.ec
02-17 09:02:51.030 14675 17755 I LogD2movil: Mensaje: Añadiendo headers
02-17 09:02:51.038 14675 17755 I LogD2movil: Fecha: 2023/febrero/17
02-17 09:02:51.038 14675 17755 I LogD2movil: Hora: 09:02:51 a. m.
02-17 09:02:51.038 14675 17755 I LogD2movil: Servicio Web: getAndroidID
02-17 09:02:51.038 14675 17755 I LogD2movil: Get Data: 1166445d84bfca5c
02-17 09:02:51.038 14675 17755 I LogD2movil: Mensaje: AndroidID
02-17 09:02:51.043 14675 17755 I LogD2movil: Fecha: 2023/febrero/17
02-17 09:02:51.043 14675 17755 I LogD2movil: Hora: 09:02:51 a. m.
02-17 09:02:51.043 14675 17755 I LogD2movil: Servicio Web: getAndroidID
02-17 09:02:51.043 14675 17755 I LogD2movil: Get Data: 1166445d84bfca5c
02-17 09:02:51.043 14675 17755 I LogD2movil: Mensaje: AndroidID
02-17 09:02:51.044 14675 17755 I LogD2movil: Fecha: 2023/febrero/17
02-17 09:02:51.044 14675 17755 I LogD2movil: Hora: 09:02:51 a. m.
02-17 09:02:51.044 14675 17755 I LogD2movil: Servicio Web: buscaDispositivo -
https://www.d2servicios.com/d2web.api.uni/d2webdroid.asmx/BuscaIdDespositivo
02-17 09:02:51.044 14675 17755 I LogD2movil: Subfunción: getParams
02-17 09:02:51.044 14675 17755 I LogD2movil: Send Data: empresaAYASA token:
fpL3oyS1Rs-eSZYfORZbTP:APA91bFw3vTy-
IHL9SK86Rs1VreZgew84THzxT2ABENSWtQx3HJMYYAatz3DFBTHfQILiQp1rZAhEuKC-
iSc42l40FRwSzM2Ifbt6DdN4h_jgY1CCxvWjVeeCGbZflQdDGScUEks8wyw idMovil:
1166445d84bfca5c
02-17 09:02:51.044 1tivo -
https://www.d2servicios.com/d2web.api.uni/d2webdroid.asmx/BuscaIdDespositivo
02-17 09:02:51.017 14675 14675 I LogD2movil: Subfunción: OnResponse
02-17 09:02:51.017 14675 14675 I LogD2movil: Mensaje: Antes de llamar a
BuscaIdDespositivo
02-17 09:02:51.019 14675 14675 I LogD2movil: Fecha: 2023/febrero/17
02-17 09:02:51.019 14675 14675 I LogD2movil: Hora: 09:02:51 a. m.
02-17 09:02:51.019 14675 14675 I LogD2movil: Servicio Web: buscaDispositivo -
https://www.d2servicios.com/d2web.api.uni/d2webdroid.asmx/BuscaIdDespositivo
02-17 09:02:51.019 14675 14675 I LogD2movil: Mensaje: Validación tipo de red
02-17 09:02:51.023 14675 14675 I LogD2movil: Fecha: 2023/febrero/17
02-17 09:02:51.023 14675 14675 I LogD2movil: Hora: 09:02:51 a. m.
02-17 09:02:51.023 14675 14675 I LogD2movil: Servicio Web: buscaDispositivo -
https://www.d2servicios.com/d2web.api.uni/d2webdroid.asmx/BuscaIdDespositivo
02-17 09:02:51.023 14675 14675 I LogD2movil: Send Data: wifi
02-17 09:02:51.023 14675 14675 I LogD2movil: Mensaje: Tipo de red
02-17 09:02:51.024 14675 14675 I LogD2movil: Fecha: 2023/febrero/17
02-17 09:02:51.024 14675 14675 I LogD2movil: Hora: 09:02:51 a. m.
02-17 09:02:51.024 14675 14675 I LogD2movil: Servicio Web: buscaDispositivo -
https://www.d2servicios.com/d2web.api.uni/d2webdroid.asmx/BuscaIdDespositivo
02-17 09:02:51.024 14675 14675 I LogD2movil: Mensaje: Fin validación tipo de red
02-17 09:02:51.024 14675 14675 D Token : fpL3oyS1Rs-eSZYfORZbTP:APA91bFw3vTy-
IHL9SK86Rs1VreZgew84THzxT2ABENSWtQx3HJMYYAatz3DFBTHfQILiQp1rZAhEuKC-
iSc42l40FRwSzM2Ifbt6DdN4h_jgY1CCxvWjVeeCGbZflQdDGScUEks8wyw
02-17 09:02:51.030 14675 17755 I LogD2movil: Fecha: 2023/febrero/17
02-17 09:02:51.030 14675 17755 I LogD2movil: Hora: 09:02:51 a. m.
02-17 09:02:51.030 14675 17755 I LogD2movil: Servicio Web: buscaDispositivo -
https://www.d2servicios.com/d2web.api.uni/d2webdroid.asmx/BuscaIdDespositivo
02-17 09:02:51.030 14675 17755 I LogD2movil: Send Data: BtkVrs: d2Movil|4.1.8.1,
BtkValidador: CNT.ec:Mobile.ec
02-17 09:02:51.030 14675 17755 I LogD2movil: Mensaje: Añadiendo headers
02-17 09:02:51.038 14675 17755 I LogD2movil: Fecha: 2023/febrero/17
02-17 09:02:51.038 14675 17755 I LogD2movil: Hora: 09:02:51 a. m.
02-17 09:02:51.038 14675 17755 I LogD2movil: Servicio Web: getAndroidID
02-17 09:02:51.038 14675 17755 I LogD2movil: Get Data: 1166445d84bfca5c
02-17 09:02:51.038 14675 17755 I LogD2movil: Mensaje: AndroidID
02-17 09:02:51.043 14675 17755 I LogD2movil: Fecha: 2023/febrero/17
02-17 09:02:51.043 14675 17755 I LogD2movil: Hora: 09:02:51 a. m.
02-17 09:02:51.043 14675 17755 I LogD2movil: Servicio Web: getAndroidID
02-17 09:02:51.043 14675 17755 I LogD2movil: Get Data: 1166445d84bfca5c
02-17 09:02:51.043 14675 17755 I LogD2movil: Mensaje: AndroidID
02-17 09:02:51.044 14675 17755 I LogD2movil: Fecha: 2023/febrero/17
02-17 09:02:51.044 14675 17755 I LogD2movil: Hora: 09:02:51 a. m.
02-17 09:02:51.044 14675 17755 I LogD2movil: Servicio Web: buscaDispositivo -
https://www.d2servicios.com/d2web.api.uni/d2webdroid.asmx/BuscaIdDespositivo
02-17 09:02:51.044 14675 17755 I LogD2movil: Subfunción: getParams
02-17 09:02:51.044 14675 17755 I LogD2movil: Send Data: empresaAYASA token:
fpL3oyS1Rs-eSZYfORZbTP:APA91bFw3vTy-
IHL9SK86Rs1VreZgew84THzxT2ABENSWtQx3HJMYYAatz3DFBTHfQILiQp1rZAhEuKC-
iSc42l40FRwSzM2Ifbt6DdN4h_jgY1CCxvWjVeeCGbZflQdDGScUEks8wyw idMovil:
1166445d84bfca5c
02-17 09:02:51.044 14675 17755 I LogD2movil: Mensaje: Añadiendo parámetros
02-17 09:02:51.296 14675 14675 I LogD2movil: Fecha: 2023/febrero/17
02-17 09:02:51.296 14675 14675 I LogD2movil: Hora: 09:02:51 a. m.
02-17 09:02:51.296 14675 14675 I LogD2movil: Servicio Web: buscaDispositivo -
https://www.d2servicios.com/d2web.api.uni/d2webdroid.asmx/BuscaIdDespositivo
02-17 09:02:51.296 14675 14675 I LogD2movil: Subfunción: OnResponse
02-17 09:02:51.296 14675 14675 I LogD2movil: Mensaje: Respondió BuscaIdDespositivo
02-17 09:02:51.297 14675 14675 D RESP : <?xml version="1.0" encoding="utf-8"?>
02-17 09:02:51.297 14675 14675 D RESP : <d2Respuesta xm4675 17755 I LogD2movil:
Mensaje: Añadiendo parámetros
02-17 09:02:51.296 14675 14675 I LogD2movil: Fecha: 2023/febrero/17
02-17 09:02:51.296 14675 14675 I LogD2movil: Hora: 09:02:51 a. m.
02-17 09:02:51.296 14675 14675 I LogD2movil: Servicio Web: buscaDispositivo -
https://www.d2servicios.com/d2web.api.uni/d2webdroid.asmx/BuscaIdDespositivo
02-17 09:02:51.296 14675 14675 I LogD2movil: Subfunción: OnResponse
02-17 09:02:51.296 14675 14675 I LogD2movil: Mensaje: Respondió BuscaIdDespositivo
02-17 09:02:51.297 14675 14675 D RESP : <?xml version="1.0" encoding="utf-8"?>
02-17 09:02:51.297 14675 14675 D RESP : <d2Respuesta
xmlns:xsd="http://www.w3.org/2001/XMLSchema"
xmlns:xsi="http://www.w3.org/2001/XMLSchema-instance" xmlns="http://tempuri.org/">
02-17 09:02:51.297 14675 14675 D RESP : <Respuesta>0</Respuesta>
02-17 09:02:51.297 14675 14675 D RESP : <Mensaje>PROCESO OK</Mensaje>
02-17 09:02:51.297 14675 14675 D RESP : <Fecha>2023-02-17T09:02:51.1245851-
05:00</Fecha>
02-17 09:02:51.297 14675 14675 D RESP :
<TransaccionId>AF7D907064C22A480BD30B5B2FC27AF7BA14</TransaccionId>
02-17 09:02:51.297 14675 14675 D RESP : <Auxiliar>AYASA|MACHADO SOLIS
CHRISTIAN JAVIER|616|140|1804679288|LGTKN5391704.638095430954800000.F823</Auxiliar>
02-17 09:02:51.297 14675 14675 D RESP :
<TransaccionIdProcesada>AF7D907064C22A480BD30B5B2FC27AF7BA14|9611</
TransaccionIdProcesada>
02-17 09:02:51.297 14675 14675 D RESP : <Radio>140</Radio>
02-17 09:02:51.297 14675 14675 D RESP : <ModoMarcacion>0</ModoMarcacion>
02-17 09:02:51.297 14675 14675 D RESP : <SoloEnLinea>true</SoloEnLinea>
02-17 09:02:51.297 14675 14675 D RESP : <IdRegistro>5391704</IdRegistro>
02-17 09:02:51.297 14675 14675 D RESP : </d2Respuesta>
02-17 09:02:51.319 14675 14675 I LogD2movil: Fecha: 2023/febrero/17
02-17 09:02:51.319 14675 14675 I LogD2movil: Hora: 09:02:51 a. m.
02-17 09:02:51.319 14675 14675 I LogD2movil: Servicio Web: buscaDispositivo -
https://www.d2servicios.com/d2web.api.uni/d2webdroid.asmx/BuscaIdDespositivo
02-17 09:02:51.319 14675 14675 I LogD2movil: Subfunción: OnResponse
02-17 09:02:51.319 14675 14675 I LogD2movil: Respuesta: 0
02-17 09:02:51.319 14675 14675 I LogD2movil: Mensaje: PROCESO OK
02-17 09:02:51.321 14675 14675 I LogD2movil: Fecha: 2023/febrero/17
02-17 09:02:51.321 14675 14675 I LogD2movil: Hora: 09:02:51 a. m.
02-17 09:02:51.321 14675 14675 I LogD2movil: Servicio Web: buscaDispositivo -
https://www.d2servicios.com/d2web.api.uni/d2webdroid.asmx/BuscaIdDespositivo
02-17 09:02:51.321 14675 14675 I LogD2movil: Subfunción: OnResponse
