02-15 20:39:01.861 3986 3986 I VerificarSesion: Guarda Sesión
02-15 20:39:01.862 3986 3986 I VerificarSesion: Contador: 1022000
02-15 20:39:02.864 3986 3986 I VerificarSesion: Guarda Sesión
02-15 20:39:02.865 3986 3986 I VerificarSesion: Contador: 1023000
02-15 20:39:03.866 3986 3986 I VerificarSesion: Guarda Sesión
02-15 20:39:03.867 3986 3986 I VerificarSesion: Contador: 1024000
02-15 20:39:04.869 3986 3986 I VerificarSesion: Guarda Sesión
02-15 20:39:04.871 3986 3986 I VerificarSesion: Contador: 1025000
02-15 20:39:05.875 3986 3986 I VerificarSesion: Guarda Sesión
02-15 20:39:05.876 3986 3986 I VerificarSesion: Contador: 1026000
02-15 20:39:06.880 3986 3986 I VerificarSesion: Guarda Sesión
02-15 20:39:06.881 3986 3986 I VerificarSesion: Contador: 1027000
02-15 20:39:07.884 3986 3986 I VerificarSesion: Guarda Sesión
02-15 20:39:07.886 3986 3986 I VerificarSesion: Contador: 1028000
02-15 20:39:08.888 3986 3986 I VerificarSesion: Guarda Sesión
02-15 20:39:08.889 3986 3986 I VerificarSesion: Contador: 1029000
02-15 20:39:09.891 3986 3986 I VerificarSesion: Guarda Sesión
02-15 20:39:09.891 3986 3986 I VerificarSesion: Contador: 1030000
02-15 20:39:10.894 3986 3986 I VerificarSesion: Guarda Sesión
02-15 20:39:10.895 3986 3986 I VerificarSesion: Contador: 1031000
02-15 20:39:11.897 3986 3986 I VerificarSesion: Guarda Sesión
02-15 20:39:11.899 3986 3986 I VerificarSesion: Contador: 1032000
02-15 20:39:12.901 3986 3986 I VerificarSesion: Guarda Sesión
02-15 20:39:12.902 3986 3986 I VerificarSesion: Contador: 1033000
02-15 20:39:13.904 3986 3986 I VerificarSesion: Guarda Sesión
02-15 20:39:13.904 3986 3986 I VerificarSesion: Contador: 1034000
02-15 20:39:14.905 3986 3986 I VerificarSesion: Guarda Sesión
02-15 20:39:14.906 3986 3986 I VerificarSesion: Contador: 1035000
02-15 20:39:15.908 3986 3986 I VerificarSesion: Guarda Sesión
02-15 20:39:15.908 3986 3986 I VerificarSesion: Contador: 1036000
02-15 20:39:16.910 3986 3986 I VerificarSesion: Guarda Sesión
02-15 20:39:16.911 3986 3986 I VerificarSesion: Contador: 1037000
02-15 20:39:17.913 3986 3986 I VerificarSesion: Guarda Sesión
02-15 20:39:17.914 3986 3986 I VerificarSesion: Contador: 1038000
02-15 20:39:18.916 3986 3986 I VerificarSesion: Guarda Sesión
02-15 20:39:18.918 3986 3986 I VerificarSesion: Contador: 1039000
02-15 20:39:19.919 3986 3986 I VerificarSesion: Guarda Sesión
02-15 20:39:19.921 3986 3986 I VerificarSesion: Contador: 1040000
02-15 20:39:20.923 3986 3986 I VerificarSesion: Guarda Sesión
02-15 20:39:20.923 3986 3986 I VerificarSesion: Contador: 1041000
02-15 20:39:21.924 3986 3986 I VerificarSesion: Guarda Sesión
02-15 20:39:21.925 3986 3986 I VerificarSesion: Contador: 1042000
02-15 20:39:22.927 3986 3986 I VerificarSesion: Guarda Sesión
02-15 20:39:22.927 3986 3986 I VerificarSesion: Contador: 1043000
02-15 20:39:23.929 3986 3986 I VerificarSesion: Guarda Sesión
02-15 20:39:23.931 3986 3986 I VerificarSesion: Contador: 1044000
02-15 20:39:24.932 3986 3986 I VerificarSesion: Guarda Sesión
02-15 20:39:24.932 3986 3986 I VerificarSesion: Contador: 1045000
02-15 20:39:25.934 3986 3986 I VerificarSesion: Guarda Sesión
02-15 20:39:25.935 3986 3986 I VerificarSesion: Contador: 1046000
02-15 20:39:26.937 3986 3986 I VerificarSesion: Guarda Sesión
02-15 20:39:26.939 3986 3986 I VerificarSesion: Contador: 1047000
02-15 20:39:27.941 3986 3986 I VerificarSesion: Guarda Sesión
02-15 20:39:27.942 3986 3986 I VerificarSesion: Contador: 1048000
02-15 20:39:28.944 3986 3986 I VerificarSesion: Guarda Sesión
02-15 20:39:28.946 3986 3986 I VerificarSesion: Contador: 1049000
02-15 20:39:29.948 3986 3986 I VerificarSesion: Guarda Sesión
02-15 20:39:29.949 3986 3986 I VerificarSesion: Contador: 1050000
02-15 20:39:30.951 3986 3986 I VerificarSesion: Guarda Sesión
02-15 20:39:30.951 3986 3986 I VerificarSesion: Contador: 1051000
02-15 20:39:31.953 3986 3986 I VerificarSesion: Guarda Sesión
02-15 20:39:31.953 3986 3986 I VerificarSesion: Contador: 1052000
02-15 20:39:32.955 3986 3986 I VerificarSesion: Guarda Sesión
02-15 20:39:32.956 3986 3986 I VerificarSesion: Contador: 1053000
02-15 20:39:33.957 3986 3986 I VerificarSesion: Guarda Sesión
02-15 20:39:33.959 3986 3986 I VerificarSesion: Contador: 1054000
02-15 20:39:34.961 3986 3986 I VerificarSesion: Guarda Sesión
02-15 20:39:34.962 3986 3986 I VerificarSesion: Contador: 1055000
02-15 20:39:35.965 3986 3986 I VerificarSesion: Guarda Sesión
02-15 20:39:35.966 3986 3986 I VerificarSesion: Contador: 1056000
02-15 20:39:36.968 3986 3986 I VerificarSesion: Guarda Sesión
02-15 20:39:36.970 3986 3986 I VerificarSesion: Contador: 1057000
02-15 20:39:37.972 3986 3986 I VerificarSesion: Guarda Sesión
02-15 20:39:37.973 3986 3986 I VerificarSesion: Contador: 1058000
02-15 20:39:38.974 3986 3986 I VerificarSesion: Guarda Sesión
02-15 20:39:38.975 3986 3986 I VerificarSesion: Contador: 1059000
02-15 20:39:39.977 3986 3986 I VerificarSesion: Guarda Sesión
02-15 20:39:39.978 3986 3986 I VerificarSesion: Contador: 1060000
02-15 20:39:40.980 3986 3986 I VerificarSesion: Guarda Sesión
02-15 20:39:40.981 3986 3986 I VerificarSesion: Contador: 1061000
02-15 20:39:41.983 3986 3986 I VerificarSesion: Guarda Sesión
02-15 20:39:41.984 3986 3986 I VerificarSesion: Contador: 1062000
02-15 20:39:42.985 3986 3986 I VerificarSesion: Guarda Sesión
02-15 20:39:42.986 3986 3986 I VerificarSesion: Contador: 1063000
02-15 20:39:43.988 3986 3986 I VerificarSesion: Guarda Sesión
02-15 20:39:43.989 3986 3986 I VerificarSesion: Contador: 1064000
02-15 20:39:44.992 3986 3986 I VerificarSesion: Guarda Sesión
02-15 20:39:44.993 3986 3986 I VerificarSesion: Contador: 1065000
02-15 20:39:45.995 3986 3986 I VerificarSesion: Guarda Sesión
02-15 20:39:45.995 3986 3986 I VerificarSesion: Contador: 1066000
02-15 20:39:46.998 3986 3986 I VerificarSesion: Guarda Sesión
02-15 20:39:46.999 3986 3986 I VerificarSesion: Contador: 1067000
02-15 20:39:48.001 3986 3986 I VerificarSesion: Guarda Sesión
02-15 20:39:48.002 3986 3986 I VerificarSesion: Contador: 1068000
02-15 20:39:49.003 3986 3986 I VerificarSesion: Guarda Sesión
02-15 20:39:49.004 3986 3986 I VerificarSesion: Contador: 1069000
02-15 20:39:50.007 3986 3986 I VerificarSesion: Guarda Sesión
02-15 20:39:50.008 3986 3986 I VerificarSesion: Contador: 1070000
02-15 20:39:51.009 3986 3986 I VerificarSesion: Guarda Sesión
02-15 20:39:51.010 3986 3986 I VerificarSesion: Contador: 1071000
02-15 20:39:52.012 3986 3986 I VerificarSesion: Guarda Sesión
02-15 20:39:52.013 3986 3986 I VerificarSesion: Contador: 1072000
02-15 20:39:53.014 3986 3986 I VerificarSesion: Guarda Sesión
02-15 20:39:53.015 3986 3986 I VerificarSesion: Contador: 1073000
02-15 20:39:54.016 3986 3986 I VerificarSesion: Guarda Sesión
02-15 20:39:54.016 3986 3986 I VerificarSesion: Contador: 1074000
02-15 20:39:55.019 3986 3986 I VerificarSesion: Guarda Sesión
02-15 20:39:55.020 3986 3986 I VerificarSesion: Contador: 1075000
02-15 20:39:56.021 3986 3986 I VerificarSesion: Guarda Sesión
02-15 20:39:56.022 3986 3986 I VerificarSesion: Contador: 1076000
02-15 20:39:57.024 3986 3986 I VerificarSesion: Guarda Sesión
02-15 20:39:57.026 3986 3986 I VerificarSesion: Contador: 1077000
02-15 20:39:58.029 3986 3986 I VerificarSesion: Guarda Sesión
02-15 20:39:58.030 3986 3986 I VerificarSesion: Contador: 1078000
02-15 20:39:59.032 3986 3986 I VerificarSesion: Guarda Sesión
02-15 20:39:59.033 3986 3986 I VerificarSesion: Contador: 1079000
02-15 20:40:00.035 3986 3986 I VerificarSesion: Guarda Sesión
02-15 20:40:00.035 3986 3986 I VerificarSesion: Contador: 1080000
02-15 20:40:01.038 3986 3986 I VerificarSesion: Guarda Sesión
02-15 20:40:01.039 3986 3986 I VerificarSesion: Contador: 1081000
02-15 20:40:02.041 3986 3986 I VerificarSesion: Guarda Sesión
02-15 20:40:02.042 3986 3986 I VerificarSesion: Contador: 1082000
02-15 20:40:03.043 3986 3986 I VerificarSesion: Guarda Sesión
02-15 20:40:03.045 3986 3986 I VerificarSesion: Contador: 1083000
02-15 20:40:04.046 3986 3986 I VerificarSesion: Guarda Sesión
02-15 20:40:04.047 3986 3986 I VerificarSesion: Contador: 1084000
02-15 20:40:05.049 3986 3986 I VerificarSesion: Guarda Sesión
02-15 20:40:05.051 3986 3986 I VerificarSesion: Contador: 1085000
02-15 20:40:06.054 3986 3986 I VerificarSesion: Guarda Sesión
02-15 20:40:06.054 3986 3986 I VerificarSesion: Contador: 1086000
02-15 20:40:07.056 3986 3986 I VerificarSesion: Guarda Sesión
02-15 20:40:07.056 3986 3986 I VerificarSesion: Contador: 1087000
02-15 20:40:08.058 3986 3986 I VerificarSesion: Guarda Sesión
02-15 20:40:08.059 3986 3986 I VerificarSesion: Contador: 1088000
02-15 20:40:09.061 3986 3986 I VerificarSesion: Guarda Sesión
02-15 20:40:09.063 3986 3986 I VerificarSesion: Contador: 1089000
02-15 20:40:10.065 3986 3986 I VerificarSesion: Guarda Sesión
02-15 20:40:10.067 3986 3986 I VerificarSesion: Contador: 1090000
02-15 20:40:11.069 3986 3986 I VerificarSesion: Guarda Sesión
02-15 20:40:11.071 3986 3986 I VerificarSesion: Contador: 1091000
02-15 20:40:12.073 3986 3986 I VerificarSesion: Guarda Sesión
02-15 20:40:12.075 3986 3986 I VerificarSesion: Contador: 1092000
02-15 20:40:13.077 3986 3986 I VerificarSesion: Guarda Sesión
02-15 20:40:13.079 3986 3986 I VerificarSesion: Contador: 1093000
02-15 20:40:14.082 3986 3986 I VerificarSesion: Guarda Sesión
02-15 20:40:14.083 3986 3986 I VerificarSesion: Contador: 1094000
02-15 20:40:15.085 3986 3986 I VerificarSesion: Guarda Sesión
02-15 20:40:15.086 3986 3986 I VerificarSesion: Contador: 1095000
02-15 20:40:16.089 3986 3986 I VerificarSesion: Guarda Sesión
02-15 20:40:16.090 3986 3986 I VerificarSesion: Contador: 1096000
02-15 20:40:17.092 3986 3986 I VerificarSesion: Guarda Sesión
02-15 20:40:17.093 3986 3986 I VerificarSesion: Contador: 1097000
02-15 20:40:18.095 3986 3986 I VerificarSesion: Guarda Sesión
02-15 20:40:18.098 3986 3986 I VerificarSesion: Contador: 1098000
02-15 20:40:19.099 3986 3986 I VerificarSesion: Guarda Sesión
02-15 20:40:19.100 3986 3986 I VerificarSesion: Contador: 1099000
02-15 20:40:20.102 3986 3986 I VerificarSesion: Guarda Sesión
02-15 20:40:20.103 3986 3986 I VerificarSesion: Contador: 1100000
02-15 20:40:21.105 3986 3986 I VerificarSesion: Guarda Sesión
02-15 20:40:21.107 3986 3986 I VerificarSesion: Contador: 1101000
02-15 20:40:22.109 3986 3986 I VerificarSesion: Guarda Sesión
02-15 20:40:22.110 3986 3986 I VerificarSesion: Contador: 1102000
02-15 20:40:23.111 3986 3986 I VerificarSesion: Guarda Sesión
02-15 20:40:23.112 3986 3986 I VerificarSesion: Contador: 1103000
02-15 20:40:24.114 3986 3986 I VerificarSesion: Guarda Sesión
02-15 20:40:24.116 3986 3986 I VerificarSesion: Contador: 1104000
02-15 20:40:25.119 3986 3986 I VerificarSesion: Guarda Sesión
02-15 20:40:25.119 3986 3986 I VerificarSesion: Contador: 1105000
02-15 20:40:26.122 3986 3986 I VerificarSesion: Guarda Sesión
02-15 20:40:26.123 3986 3986 I VerificarSesion: Contador: 1106000
02-15 20:40:27.125 3986 3986 I VerificarSesion: Guarda Sesión
02-15 20:40:27.127 3986 3986 I VerificarSesion: Contador: 1107000
02-15 20:40:28.129 3986 3986 I VerificarSesion: Guarda Sesión
02-15 20:40:28.130 3986 3986 I VerificarSesion: Contador: 1108000
02-15 20:40:29.131 3986 3986 I VerificarSesion: Guarda Sesión
02-15 20:40:29.132 3986 3986 I VerificarSesion: Contador: 1109000
02-15 20:40:30.134 3986 3986 I VerificarSesion: Guarda Sesión
02-15 20:40:30.135 3986 3986 I VerificarSesion: Contador: 1110000
02-15 20:40:31.137 3986 3986 I VerificarSesion: Guarda Sesión
02-15 20:40:31.138 3986 3986 I VerificarSesion: Contador: 1111000
02-15 20:40:32.140 3986 3986 I VerificarSesion: Guarda Sesión
02-15 20:40:32.140 3986 3986 I VerificarSesion: Contador: 1112000
02-15 20:40:33.142 3986 3986 I VerificarSesion: Guarda Sesión
02-15 20:40:33.143 3986 3986 I VerificarSesion: Contador: 1113000
02-15 20:40:34.144 3986 3986 I VerificarSesion: Guarda Sesión
02-15 20:40:34.144 3986 3986 I VerificarSesion: Contador: 1114000
02-15 20:40:35.146 3986 3986 I VerificarSesion: Guarda Sesión
02-15 20:40:35.147 3986 3986 I VerificarSesion: Contador: 1115000
02-15 20:40:36.150 3986 3986 I VerificarSesion: Guarda Sesión
02-15 20:40:36.151 3986 3986 I VerificarSesion: Contador: 1116000
02-15 20:40:37.153 3986 3986 I VerificarSesion: Guarda Sesión
02-15 20:40:37.154 3986 3986 I VerificarSesion: Contador: 1117000
02-15 20:40:38.156 3986 3986 I VerificarSesion: Guarda Sesión
02-15 20:40:38.158 3986 3986 I VerificarSesion: Contador: 1118000
02-15 20:40:39.160 3986 3986 I VerificarSesion: Guarda Sesión
02-15 20:40:39.161 3986 3986 I VerificarSesion: Contador: 1119000
02-15 20:40:40.163 3986 3986 I VerificarSesion: Guarda Sesión
02-15 20:40:40.165 3986 3986 I VerificarSesion: Contador: 1120000
02-15 20:40:41.166 3986 3986 I VerificarSesion: Guarda Sesión
02-15 20:40:41.167 3986 3986 I VerificarSesion: Contador: 1121000
02-15 20:40:42.169 3986 3986 I VerificarSesion: Guarda Sesión
02-15 20:40:42.171 3986 3986 I VerificarSesion: Contador: 1122000
02-15 20:40:43.173 3986 3986 I VerificarSesion: Guarda Sesión
02-15 20:40:43.173 3986 3986 I VerificarSesion: Contador: 1123000
02-15 20:40:44.175 3986 3986 I VerificarSesion: Guarda Sesión
02-15 20:40:44.175 3986 3986 I VerificarSesion: Contador: 1124000
02-15 20:40:45.177 3986 3986 I VerificarSesion: Guarda Sesión
02-15 20:40:45.178 3986 3986 I VerificarSesion: Contador: 1125000
02-15 20:40:46.180 3986 3986 I VerificarSesion: Guarda Sesión
02-15 20:40:46.181 3986 3986 I VerificarSesion: Contador: 1126000
02-15 20:40:47.183 3986 3986 I VerificarSesion: Guarda Sesión
02-15 20:40:47.184 3986 3986 I VerificarSesion: Contador: 1127000
02-15 20:40:48.187 3986 3986 I VerificarSesion: Guarda Sesión
02-15 20:40:48.189 3986 3986 I VerificarSesion: Contador: 1128000
02-15 20:40:49.190 3986 3986 I VerificarSesion: Guarda Sesión
02-15 20:40:49.191 3986 3986 I VerificarSesion: Contador: 1129000
02-15 20:40:50.197 3986 3986 I VerificarSesion: Guarda Sesión
02-15 20:40:50.199 3986 3986 I VerificarSesion: Contador: 1130000
02-15 20:40:51.201 3986 3986 I VerificarSesion: Guarda Sesión
02-15 20:40:51.204 3986 3986 I VerificarSesion: Contador: 1131000
02-15 20:40:52.206 3986 3986 I VerificarSesion: Guarda Sesión
02-15 20:40:52.207 3986 3986 I VerificarSesion: Contador: 1132000
02-15 20:40:53.208 3986 3986 I VerificarSesion: Guarda Sesión
02-15 20:40:53.209 3986 3986 I VerificarSesion: Contador: 1133000
02-15 20:40:54.211 3986 3986 I VerificarSesion: Guarda Sesión
02-15 20:40:54.212 3986 3986 I VerificarSesion: Contador: 1134000
02-15 20:40:55.214 3986 3986 I VerificarSesion: Guarda Sesión
02-15 20:40:55.215 3986 3986 I VerificarSesion: Contador: 1135000
02-15 20:40:56.218 3986 3986 I VerificarSesion: Guarda Sesión
02-15 20:40:56.219 3986 3986 I VerificarSesion: Contador: 1136000
02-15 20:40:57.221 3986 3986 I VerificarSesion: Guarda Sesión
02-15 20:40:57.223 3986 3986 I VerificarSesion: Contador: 1137000
02-15 20:40:58.227 3986 3986 I VerificarSesion: Guarda Sesión
02-15 20:40:58.228 3986 3986 I VerificarSesion: Contador: 1138000
02-15 20:40:59.230 3986 3986 I VerificarSesion: Guarda Sesión
02-15 20:40:59.231 3986 3986 I VerificarSesion: Contador: 1139000
02-15 20:41:00.233 3986 3986 I VerificarSesion: Guarda Sesión
02-15 20:41:00.234 3986 3986 I VerificarSesion: Contador: 1140000
02-15 20:41:01.236 3986 3986 I VerificarSesion: Guarda Sesión
02-15 20:41:01.237 3986 3986 I VerificarSesion: Contador: 1141000
02-15 20:41:02.239 3986 3986 I VerificarSesion: Guarda Sesión
02-15 20:41:02.241 3986 3986 I VerificarSesion: Contador: 1142000
02-15 20:41:03.243 3986 3986 I VerificarSesion: Guarda Sesión
02-15 20:41:03.243 3986 3986 I VerificarSesion: Contador: 1143000
02-15 20:41:04.245 3986 3986 I VerificarSesion: Guarda Sesión
02-15 20:41:04.246 3986 3986 I VerificarSesion: Contador: 1144000
02-15 20:41:05.248 3986 3986 I VerificarSesion: Guarda Sesión
02-15 20:41:05.249 3986 3986 I VerificarSesion: Contador: 1145000
02-15 20:41:06.252 3986 3986 I VerificarSesion: Guarda Sesión
02-15 20:41:06.252 3986 3986 I VerificarSesion: Contador: 1146000
02-15 20:41:07.254 3986 3986 I VerificarSesion: Guarda Sesión
02-15 20:41:07.254 3986 3986 I VerificarSesion: Contador: 1147000
02-15 20:41:08.256 3986 3986 I VerificarSesion: Guarda Sesión
02-15 20:41:08.256 3986 3986 I VerificarSesion: Contador: 1148000
02-15 20:41:09.260 3986 3986 I VerificarSesion: Guarda Sesión
02-15 20:41:09.261 3986 3986 I VerificarSesion: Contador: 1149000
02-15 20:41:10.263 3986 3986 I VerificarSesion: Guarda Sesión
02-15 20:41:10.264 3986 3986 I VerificarSesion: Contador: 1150000
02-15 20:41:11.266 3986 3986 I VerificarSesion: Guarda Sesión
02-15 20:41:11.267 3986 3986 I VerificarSesion: Contador: 1151000
02-15 20:41:12.269 3986 3986 I VerificarSesion: Guarda Sesión
02-15 20:41:12.270 3986 3986 I VerificarSesion: Contador: 1152000
02-15 20:41:13.272 3986 3986 I VerificarSesion: Guarda Sesión
02-15 20:41:13.272 3986 3986 I VerificarSesion: Contador: 1153000
02-15 20:41:14.273 3986 3986 I VerificarSesion: Guarda Sesión
02-15 20:41:14.274 3986 3986 I VerificarSesion: Contador: 1154000
02-15 20:41:15.276 3986 3986 I VerificarSesion: Guarda Sesión
02-15 20:41:15.277 3986 3986 I VerificarSesion: Contador: 1155000
02-15 20:41:16.281 3986 3986 I VerificarSesion: Guarda Sesión
02-15 20:41:16.282 3986 3986 I VerificarSesion: Contador: 1156000
02-15 20:41:17.284 3986 3986 I VerificarSesion: Guarda Sesión
02-15 20:41:17.285 3986 3986 I VerificarSesion: Contador: 1157000
02-15 20:41:18.286 3986 3986 I VerificarSesion: Guarda Sesión
02-15 20:41:18.286 3986 3986 I VerificarSesion: Contador: 1158000
02-15 20:41:19.287 3986 3986 I VerificarSesion: Guarda Sesión
02-15 20:41:19.287 3986 3986 I VerificarSesion: Contador: 1159000
02-15 20:41:20.288 3986 3986 I VerificarSesion: Guarda Sesión
02-15 20:41:20.289 3986 3986 I VerificarSesion: Contador: 1160000
02-15 20:41:21.290 3986 3986 I VerificarSesion: Guarda Sesión
02-15 20:41:21.291 3986 3986 I VerificarSesion: Contador: 1161000
02-15 20:41:22.293 3986 3986 I VerificarSesion: Guarda Sesión
02-15 20:41:22.293 3986 3986 I VerificarSesion: Contador: 1162000
02-15 20:41:23.295 3986 3986 I VerificarSesion: Guarda Sesión
02-15 20:41:23.296 3986 3986 I VerificarSesion: Contador: 1163000
02-15 20:41:24.297 3986 3986 I VerificarSesion: Guarda Sesión
02-15 20:41:24.298 3986 3986 I VerificarSesion: Contador: 1164000
02-15 20:41:25.300 3986 3986 I VerificarSesion: Guarda Sesión
02-15 20:41:25.301 3986 3986 I VerificarSesion: Contador: 1165000
02-15 20:41:26.305 3986 3986 I VerificarSesion: Guarda Sesión
02-15 20:41:26.306 3986 3986 I VerificarSesion: Contador: 1166000
02-15 20:41:27.308 3986 3986 I VerificarSesion: Guarda Sesión
02-15 20:41:27.308 3986 3986 I VerificarSesion: Contador: 1167000
02-15 20:41:28.311 3986 3986 I VerificarSesion: Guarda Sesión
02-15 20:41:28.311 3986 3986 I VerificarSesion: Contador: 1168000
02-15 20:41:29.312 3986 3986 I VerificarSesion: Guarda Sesión
02-15 20:41:29.313 3986 3986 I VerificarSesion: Contador: 1169000
02-15 20:41:30.315 3986 3986 I VerificarSesion: Guarda Sesión
02-15 20:41:30.316 3986 3986 I VerificarSesion: Contador: 1170000
02-15 20:41:31.316 3986 3986 I VerificarSesion: Guarda Sesión
02-15 20:41:31.317 3986 3986 I VerificarSesion: Contador: 1171000
02-15 20:41:32.318 3986 3986 I VerificarSesion: Guarda Sesión
02-15 20:41:32.319 3986 3986 I VerificarSesion: Contador: 1172000
02-15 20:41:33.319 3986 3986 I Ve--------- beginning of main
02-16 09:04:42.031 24466 24466 I libc : SetHeapTaggingLevel: tag level set to 0
02-16 09:04:42.041 24466 24466 E ometrika.d2web2: Not starting debugger since
process cannot load the jdwp agent.
02-16 09:04:42.048 24466 24466 I MessageMonitor: Load libmiui_runtime
02-16 09:04:42.067 24466 24466 D CompatibilityChangeReporter: Compat change id
reported: 171979766; UID 10255; state: DISABLED
02-16 09:04:42.071 24466 24466 D ApplicationLoaders: Returning zygote-cached class
loader: /system/framework/android.test.base.jar
02-16 09:04:42.076 24466 24466 D nativeloader: Configuring classloader-namespace
for other apk /system/framework/org.apache.http.legacy.jar. target_sdk_version=29,
uses_libraries=ALL,
library_path=/data/app/~~3X-_jtTHuaiVyBbUjmX7-A==/ec.biometrika.d2web2-
dpoGFV2cxUwSyDi_fguTzg==/lib/arm64:/data/app/~~3X-_jtTHuaiVyBbUjmX7-A==/
ec.biometrika.d2web2-dpoGFV2cxUwSyDi_fguTzg==/base.apk!/lib/arm64-v8a,
permitted_path=/data:/mnt/expand:/data/user/0/ec.biometrika.d2web2
02-16 09:04:42.076 24466 24466 D nativeloader: Extending system_exposed_libraries:
libbinauralrenderer_wrapper.qti.so:libhoaeffects.qti.so:libQOC.qti.so:libmisys_jni.
xiaomi.so:libupdateprof.qti.so:libthermalclient.qti.so:libQOC.qti.so:libdiag_system
.qti.so:libqape.qti.so:liblistenjni.qti.so
02-16 09:04:42.077 24466 24480 D AppScoutStateMachine: 24466-
ScoutStateMachinecreated
02-16 09:04:42.082 24466 24466 D nativeloader: Configuring classloader-namespace
for other apk /data/app/~~3X-_jtTHuaiVyBbUjmX7-A==/ec.biometrika.d2web2-
dpoGFV2cxUwSyDi_fguTzg==/base.apk. target_sdk_version=29, uses_libraries=,
library_path=/data/app/~~3X-_jtTHuaiVyBbUjmX7-A==/ec.biometrika.d2web2-
dpoGFV2cxUwSyDi_fguTzg==/lib/arm64:/data/app/~~3X-_jtTHuaiVyBbUjmX7-A==/
ec.biometrika.d2web2-dpoGFV2cxUwSyDi_fguTzg==/base.apk!/lib/arm64-v8a,
permitted_path=/data:/mnt/expand:/data/user/0/ec.biometrika.d2web2
02-16 09:04:42.082 24466 24466 D nativeloader: Extending system_exposed_libraries:
libbinauralrenderer_wrapper.qti.so:libhoaeffects.qti.so:libQOC.qti.so:libmisys_jni.
xiaomi.so:libupdateprof.qti.so:libthermalclient.qti.so:libQOC.qti.so:libdiag_system
.qti.so:libqape.qti.so:liblistenjni.qti.so
02-16 09:04:42.089 24466 24466 I Perf : Connecting to perf service.
02-16 09:04:42.094 24466 24466 V GraphicsEnvironment: ANGLE Developer option for
'ec.biometrika.d2web2' set to: 'default'
02-16 09:04:42.095 24466 24466 V GraphicsEnvironment: ANGLE GameManagerService for
ec.biometrika.d2web2: false
02-16 09:04:42.095 24466 24466 V GraphicsEnvironment: Updatable production driver
is not supported on the device.
02-16 09:04:42.099 24466 24466 I ForceDarkHelperStubImpl: initialize for
ec.biometrika.d2web2 , ForceDarkAppConfig: null
02-16 09:04:42.100 24466 24466 D ometrika.d2web2: JNI_OnLoad success
02-16 09:04:42.100 24466 24466 I MiuiForceDarkConfig: setConfig density:2.750000,
mainRule:0, secondaryRule:0, tertiaryRule:0
02-16 09:04:42.100 24466 24466 D NetworkSecurityConfig: No Network Security Config
specified, using platform default
02-16 09:04:42.100 24466 24466 D NetworkSecurityConfig: No Network Security Config
specified, using platform default
02-16 09:04:42.101 24466 24466 I MultiDex: VM with version 2.1.0 has multidex
support
02-16 09:04:42.101 24466 24466 I MultiDex: Installing application
02-16 09:04:42.101 24466 24466 I MultiDex: VM has multidex support, MultiDex
support library is disabled.
02-16 09:04:42.104 24466 24466 D CompatibilityChangeReporter: Compat change id
reported: 183155436; UID 10255; state: DISABLED
02-16 09:04:42.111 24466 24466 I FirebaseInitProvider: FirebaseApp initialization
successful
02-16 09:04:42.121 24466 24466 I com.veridiumid.sdk.fourfintegration.FourFLoader:
set resource path to /storage/emulated/0/Android/data/ec.biometrika.d2web2/files/
02-16 09:04:42.147 24466 24466 E 4F : Licence has expired. (Current date is:
2023-02-16, expiration date was: 2020-01-08)
02-16 09:04:42.147 24466 24466 W System.err: java.lang.Error: 4FID Failed to init.
Code:-4
02-16 09:04:42.148 24466 24466 W System.err: at
com.veridiumid.sdk.fourfintegration.FourFLoader.<init>(FourFLoader.java:39)
02-16 09:04:42.148 24466 24466 W System.err: at
com.veridiumid.sdk.fourfintegration.FourFLoader.safeStaticLoading(FourFLoader.java:
50)
02-16 09:04:42.148 24466 24466 W System.err: at
com.veridiumid.sdk.fourf.VeridiumFourFInitializer.initializeModule(VeridiumFourFIni
tializer.java:39)
02-16 09:04:42.148 24466 24466 W System.err: at
com.veridiumid.sdk.VeridiumSDK.init(VeridiumSDK.java:47)
02-16 09:04:42.148 24466 24466 W System.err: at
ec.biometrika.d2web2.TouchlessID.TouchlessIdAplication.inicializarVeridium(Touchles
sIdAplication.java:132)
02-16 09:04:42.148 24466 24466 W System.err: at
ec.biometrika.d2web2.TouchlessID.TouchlessIdAplication.onCreate(TouchlessIdAplicati
on.java:91)
02-16 09:04:42.148 24466 24466 W System.err: at
android.app.Instrumentation.callApplicationOnCreate(Instrumentation.java:1267)
02-16 09:04:42.148 24466 24466 W System.err: at
android.app.ActivityThread.handleBindApplication(ActivityThread.java:6963)
02-16 09:04:42.148 24466 24466 W System.err: at android.app.ActivityThread.-$
$Nest$mhandleBindApplication(Unknown Source:0)
02-16 09:04:42.148 24466 24466 W System.err: at
android.app.ActivityThread$H.handleMessage(ActivityThread.java:2189)
02-16 09:04:42.148 24466 24466 W System.err: at
android.os.Handler.dispatchMessage(Handler.java:106)
02-16 09:04:42.148 24466 24466 W System.err: at
android.os.Looper.loopOnce(Looper.java:210)
02-16 09:04:42.148 24466 24466 W System.err: at
android.os.Looper.loop(Looper.java:299)
02-16 09:04:42.148 24466 24466 W System.err: at
android.app.ActivityThread.main(ActivityThread.java:8116)
02-16 09:04:42.148 24466 24466 W System.err: at
java.lang.reflect.Method.invoke(Native Method)
02-16 09:04:42.148 24466 24466 W System.err: at
com.android.internal.os.RuntimeInit$MethodAndArgsCaller.run(RuntimeInit.java:559)
02-16 09:04:42.148 24466 24466 W System.err: at
com.android.internal.os.ZygoteInit.main(ZygoteInit.java:950)
02-16 09:04:42.150 24466 24492 I DynamiteModule: Considering local module
com.google.android.gms.measurement.dynamite:20 and remote module
com.google.android.gms.measurement.dynamite:87
02-16 09:04:42.150 24466 24492 I DynamiteModule: Selected remote version of
com.google.android.gms.measurement.dynamite, version >= 87
02-16 09:04:42.150 24466 24492 V DynamiteModule: Dynamite loader version >= 2,
using loadModule2NoCrashUtils
02-16 09:04:42.179 24466 24492 W System : ClassLoader referenced unknown path:
02-16 09:04:42.179 24466 24492 D nativeloader: Configuring classloader-namespace
for other apk . target_sdk_version=33, uses_libraries=,
library_path=/data/app/~~INsFP8qKVyE7uJtUk-NP5A==/com.google.android.gms-NcynU8-
nqaYl_nZ6QONDzg==/lib/arm64:/data/app/~~INsFP8qKVyE7uJtUk-NP5A==/
com.google.android.gms-NcynU8-nqaYl_nZ6QONDzg==/base.apk!/lib/arm64-v8a,
permitted_path=/data:/mnt/expand:/data/user/0/com.google.android.gms
02-16 09:04:42.209 24466 24466 D com.veridiumid.sdk.defaultdata.DataStorage:
Initialized
02-16 09:04:42.209 24466 24466 D com.veridiumid.sdk.VeridiumSDK: Initialized
com.veridiumid.sdk.defaultdata.VeridiumDataInitializer@196e3cf in 61ms
02-16 09:04:42.209 24466 24466 D com.veridiumid.sdk.VeridiumSDK: Total SDK
initializeModule time: 88ms
02-16 09:04:42.236 24466 24466 D DecorView[]: getWindowModeFromSystem windowmode
is 1
02-16 09:04:42.241 24466 24522 I FA : App measurement initialized, version:
75108
02-16 09:04:42.241 24466 24522 I FA : To enable debug logging run: adb shell
setprop log.tag.FA VERBOSE
02-16 09:04:42.241 24466 24522 I FA : To enable faster debug mode event
logging run:
02-16 09:04:42.241 24466 24522 I FA : adb shell setprop
debug.firebase.analytics.app ec.biometrika.d2web2
02-16 09:04:42.275 24466 24522 I FA : Tag Manager is not found and thus will
not be used
02-16 09:04:42.322 24466 24466 D CompatibilityChangeReporter: Compat change id
reported: 210923482; UID 10255; state: DISABLED
02-16 09:04:42.323 24466 24466 D CompatibilityChangeReporter: Compat change id
reported: 37756858; UID 10255; state: ENABLED
--------- beginning of system
02-16 09:04:42.371 24466 24466 I ForceDarkHelperStubImpl: setViewRootImplForceDark:
false for ec.biometrika.d2web2.LoginPrincipalActivity@f746f13, reason:
AppDarkModeEnable
02-16 09:04:42.372 24466 24466 D DecorView[]: getWindowModeFromSystem windowmode
is 1
02-16 09:04:42.376 24466 24466 W Looper : PerfMonitor looperActivity :
package=ec.biometrika.d2web2/.LoginPrincipalActivity time=0ms latency=309ms
running=0ms procState=-1 historyMsgCount=3 (msgIndex=2 wall=151ms seq=2
running=98ms runnable=9ms io=25ms late=7ms h=android.app.ActivityThread$H w=110)
(msgIndex=3 wall=157ms seq=3 running=112ms runnable=3ms io=9ms late=152ms
h=android.app.ActivityThread$H w=159)
02-16 09:04:42.399 24466 24523 I AdrenoGLES-0: QUALCOMM build :
ab32fc8fad, Ie934a85479
02-16 09:04:42.399 24466 24523 I AdrenoGLES-0: Build Date :
07/28/22
02-16 09:04:42.399 24466 24523 I AdrenoGLES-0: OpenGL ES Shader Compiler Version:
EV031.36.08.09
02-16 09:04:42.399 24466 24523 I AdrenoGLES-0: Local Branch :
02-16 09:04:42.399 24466 24523 I AdrenoGLES-0: Remote Branch :
02-16 09:04:42.399 24466 24523 I AdrenoGLES-0: Remote Branch :
02-16 09:04:42.399 24466 24523 I AdrenoGLES-0: Reconstruct Branch :
02-16 09:04:42.399 24466 24523 I AdrenoGLES-0: Build Config : S
P 12.1.1 AArch64
02-16 09:04:42.400 24466 24523 I AdrenoGLES-0: Driver
Path : /vendor/lib64/egl/libGLESv2_adreno.so
02-16 09:04:42.400 24466 24523 I AdrenoGLES-0: Driver Version :
0615.0
02-16 09:04:42.404 24466 24523 I AdrenoGLES-0: PFP: 0x01730147, ME: 0x00000000
02-16 09:04:42.429 24466 24523 W libc : Access denied finding property
"vendor.migl.debug"
02-16 09:04:42.436 24466 24523 E libEGL : pre_cache appList: ,,
02-16 09:04:42.447 24466 24523 D ometrika.d2web2: MiuiProcessManagerServiceStub
setSchedFifo
02-16 09:04:42.447 24466 24523 I MiuiProcessManagerImpl: setSchedFifo pid:24466,
mode:3
02-16 09:04:42.457 24547 24547 W libprocessgroup: JoinCgroup: controller schedtune
is not found
02-16 09:04:42.488 24466 24523 W Parcel : Expecting binder but got null!
02-16 09:04:42.610 24466 24466 D CompatibilityChangeReporter: Compat change id
reported: 78294732; UID 10255; state: DISABLED
02-16 09:04:42.626 24466 24466 I HandWritingStubImpl: refreshLastKeyboardType: 1
02-16 09:04:42.626 24466 24466 I HandWritingStubImpl: getCurrentKeyboardType: 1
02-16 09:04:42.628 24466 24466 I HandWritingStubImpl: isKeyboardTypeChanged: false
02-16 09:04:42.629 24466 24466 I HandWritingStubImpl: isKeyboardTypeChanged: false
02-16 09:04:42.634 24466 24466 I HandWritingStubImpl: getCurrentKeyboardType: 1
02-16 09:04:46.524 24466 24466 W MirrorManager: this model don't Support
02-16 09:04:48.349 24466 24466 I ForceDarkHelperStubImpl: setViewRootImplForceDark:
false for ec.biometrika.d2web2.LoginPrincipalActivity@f746f13, reason:
AppDarkModeEnable
02-16 09:04:48.379 24466 24466 I ForceDarkHelperStubImpl: setViewRootImplForceDark:
false for ec.biometrika.d2web2.LoginPrincipalActivity@f746f13, reason:
AppDarkModeEnable
02-16 09:04:48.399 24466 24523 W Parcel : Expecting binder but got null!
02-16 09:04:48.401 24466 24466 W FingerprintManager: Invalid acquired message: 6,
21
02-16 09:04:48.438 24466 24466 I HandWritingStubImpl: refreshLastKeyboardType: 1
02-16 09:04:48.438 24466 24466 I HandWritingStubImpl: getCurrentKeyboardType: 1
02-16 09:04:48.440 24466 24466 I HandWritingStubImpl: isKeyboardTypeChanged: false
02-16 09:04:48.743 24466 24466 W FingerprintManager: Invalid acquired message: 6,
22
02-16 09:04:48.925 24466 24466 I LogD2movil: Fecha: 2023/febrero/16
02-16 09:04:48.925 24466 24466 I LogD2movil: Hora: 09:04:48 a. m.
02-16 09:04:48.925 24466 24466 I LogD2movil: Servicio Web: webservice -
https://www.d2servicios.com/d2web.api.uni/d2webdroid.asmx/ValidaUsuarioDroid
02-16 09:04:48.925 24466 24466 I LogD2movil: Mensaje: Antes de llamar a
ValidaUsuarioDroid.
02-16 09:04:48.927 24466 24466 I LogD2movil: Fecha: 2023/febrero/16
02-16 09:04:48.927 24466 24466 I LogD2movil: Hora: 09:04:48 a. m.
02-16 09:04:48.927 24466 24466 I LogD2movil: Servicio Web: webservice -
https://www.d2servicios.com/d2web.api.uni/d2webdroid.asmx/ValidaUsuarioDroid
02-16 09:04:48.927 24466 24466 I LogD2movil: Mensaje: Modo de inicio: Huella
digital
02-16 09:04:48.932 24466 24466 I LogD2movil: Fecha: 2023/febrero/16
02-16 09:04:48.932 24466 24466 I LogD2movil: Hora: 09:04:48 a. m.
02-16 09:04:48.932 24466 24466 I LogD2movil: Servicio Web: getAndroidID
02-16 09:04:48.932 24466 24466 I LogD2movil: Get Data: 1166445d84bfca5c
02-16 09:04:48.932 24466 24466 I LogD2movil: Mensaje: AndroidID
02-16 09:04:48.934 24466 24466 I LogD2movil: Fecha: 2023/febrero/16
02-16 09:04:48.934 24466 24466 I LogD2movil: Hora: 09:04:48 a. m.
02-16 09:04:48.934 24466 24466 I LogD2movil: Servicio Web: webservice -
https://www.d2servicios.com/d2web.api.uni/d2webdroid.asmx/ValidaUsuarioDroid
02-16 09:04:48.934 24466 24466 I LogD2movil: Mensaje: Validación tipo de red
02-16 09:04:48.937 24466 24466 I LogD2movil: Fecha: 2023/febrero/16
02-16 09:04:48.937 24466 24466 I LogD2movil: Hora: 09:04:48 a. m.
02-16 09:04:48.937 24466 24466 I LogD2movil: Servicio Web: webservice -
https://www.d2servicios.com/d2web.api.uni/d2webdroid.asmx/ValidaUsuarioDroid
02-16 09:04:48.937 24466 24466 I LogD2movil: Send Data: wifi
02-16 09:04:48.937 24466 24466 I LogD2movil: Mensaje: Tipo de red
02-16 09:04:48.938 24466 24466 I LogD2movil: Fecha: 2023/febrero/16
02-16 09:04:48.938 24466 24466 I LogD2movil: Hora: 09:04:48 a. m.
02-16 09:04:48.938 24466 24466 I LogD2movil: Servicio Web: webservice -
https://www.d2servicios.com/d2web.api.uni/d2webdroid.asmx/ValidaUsuarioDroid
02-16 09:04:48.938 24466 24466 I LogD2movil: Mensaje: Fin validación tipo de red
02-16 09:04:48.940 24466 24587 I LogD2movil: Fecha: 2023/febrero/16
02-16 09:04:48.940 24466 24587 I LogD2movil: Hora: 09:04:48 a. m.
02-16 09:04:48.940 24466 24587 I LogD2movil: Servicio Web: webservice -
https://www.d2servicios.com/d2web.api.uni/d2webdroid.asmx/ValidaUsuarioDroid
02-16 09:04:48.940 24466 24587 I LogD2movil: Subfunción: getHeaders
02-16 09:04:48.940 24466 24587 I LogD2movil: Send Data: ANDROID|d2Movil|4.1.8.1
02-16 09:04:48.940 24466 24587 I LogD2movil: Mensaje: Añadiendo headers.
02-16 09:04:48.946 24466 24587 I LogD2movil: Fecha: 2023/febrero/16
02-16 09:04:48.946 24466 24587 I LogD2movil: Hora: 09:04:48 a. m.
02-16 09:04:48.946 24466 24587 I LogD2movil: Servicio Web: webservice -
https://www.d2servicios.com/d2web.api.uni/d2webdroid.asmx/ValidaUsuarioDroid
02-16 09:04:48.946 24466 24587 I LogD2movil: Subfunción: getParams
02-16 09:04:48.946 24466 24587 I LogD2movil: Send Data: id_emp: 616
02-16 09:04:48.946 24466 24587 I LogD2movil: empresa: AYASA
02-16 09:04:48.946 24466 24587 I LogD2movil: Mensaje: Añadiendo parámetros.
02-16 09:04:48.954 24466 24466 I HandWritingStubImpl: isKeyboardTypeChanged: false
02-16 09:04:48.954 24466 24466 I HandWritingStubImpl: refreshLastKeyboardType: 1
02-16 09:04:48.954 24466 24466 I HandWritingStubImpl: getCurrentKeyboardType: 1
02-16 09:04:48.955 24466 24466 I HandWritingStubImpl: isKeyboardTypeChanged: false
02-16 09:04:48.974 24466 24587 D TrafficStats: tagSocket(126) with
statsTag=0xc0437e8b, statsUid=-1
02-16 09:04:49.582 24466 24466 I LogD2movil: Fecha: 2023/febrero/16
02-16 09:04:49.582 24466 24466 I LogD2movil: Hora: 09:04:49 a. m.
02-16 09:04:49.582 24466 24466 I LogD2movil: Servicio Web: webservice -
https://www.d2servicios.com/d2web.api.uni/d2webdroid.asmx/ValidaUsuarioDroid
02-16 09:04:49.582 24466 24466 I LogD2movil: Subfunción: OnResponse
02-16 09:04:49.582 24466 24466 I LogD2movil: Mensaje: Respondió ValidaUsuarioDroid
02-16 09:04:49.631 24466 24466 I LogD2movil: Fecha: 2023/febrero/16
02-16 09:04:49.631 24466 24466 I LogD2movil: Hora: 09:04:49 a. m.
02-16 09:04:49.631 24466 24466 I LogD2movil: Servicio Web: webservice -
https://www.d2servicios.com/d2web.api.uni/d2webdroid.asmx/ValidaUsuarioDroid
02-16 09:04:49.631 24466 24466 I LogD2movil: Subfunción: OnResponse
02-16 09:04:49.631 24466 24466 I LogD2movil: Get Data: identif: 1804679288 |
nombres:MACHADO SOLIS CHRISTIAN JAVIER | autori: [1000.130, 1000.150, 1000.50,
1000.80]
02-16 09:04:49.631 24466 24466 I LogD2movil: Respuesta: 0
02-16 09:04:49.631 24466 24466 I LogD2movil: Mensaje: PROCESO OK
02-16 09:04:49.655 24466 24466 I LogD2movil: Fecha: 2023/febrero/16
02-16 09:04:49.655 24466 24466 I LogD2movil: Hora: 09:04:49 a. m.
02-16 09:04:49.655 24466 24466 I LogD2movil: Servicio Web: webservice -
https://www.d2servicios.com/d2web.api.uni/d2webdroid.asmx/ValidaUsuarioDroid
02-16 09:04:49.655 24466 24466 I LogD2movil: Subfunción: OnResponse
02-16 09:04:49.655 24466 24466 I LogD2movil: Mensaje: Terminó Respuesta
ValidaUsuarioDroid
02-16 09:04:49.658 24466 24466 I LogD2movil: Fecha: 2023/febrero/16
02-16 09:04:49.658 24466 24466 I LogD2movil: Hora: 09:04:49 a. m.
02-16 09:04:49.658 24466 24466 I LogD2movil: Servicio Web: webservice -
https://www.d2servicios.com/d2web.api.uni/d2webdroid.asmx/ValidaUsuarioDroid
02-16 09:04:49.658 24466 24466 I LogD2movil: Subfunción: Firebase.onComplete
02-16 09:04:49.658 24466 24466 I LogD2movil: Get Data: token: fpL3oyS1Rs-
eSZYfORZbTP:APA91bFw3vTy-
IHL9SK86Rs1VreZgew84THzxT2ABENSWtQx3HJMYYAatz3DFBTHfQILiQp1rZAhEuKC-
iSc42l40FRwSzM2Ifbt6DdN4h_jgY1CCxvWjVeeCGbZflQdDGScUEks8wyw
02-16 09:04:49.658 24466 24466 I LogD2movil: Mensaje: Token Firebase
02-16 09:04:49.661 24466 24466 I LogD2movil: Fecha: 2023/febrero/16
02-16 09:04:49.661 24466 24466 I LogD2movil: Hora: 09:04:49 a. m.
02-16 09:04:49.661 24466 24466 I LogD2movil: Servicio Web: buscaDispositivo -
https://www.d2servicios.com/d2web.api.uni/d2webdroid.asmx/BuscaIdDespositivo
02-16 09:04:49.661 24466 24466 I LogD2movil: Subfunción: OnResponse
02-16 09:04:49.661 24466 24466 I LogD2movil: Mensaje: Antes de llamar a
BuscaIdDespositivo
02-16 09:04:49.664 24466 24466 I LogD2movil: Fecha: 2023/febrero/16
02-16 09:04:49.664 24466 24466 I LogD2movil: Hora: 09:04:49 a. m.
02-16 09:04:49.664 24466 24466 I LogD2movil: Servicio Web: buscaDispositivo -
https://www.d2servicios.com/d2web.api.uni/d2webdroid.asmx/BuscaIdDespositivo
02-16 09:04:49.664 24466 24466 I LogD2movil: Mensaje: Validación tipo de red
02-16 09:04:49.667 24466 24466 I LogD2movil: Fecha: 2023/febrero/16
02-16 09:04:49.667 24466 24466 I LogD2movil: Hora: 09:04:49 a. m.
02-16 09:04:49.667 24466 24466 I LogD2movil: Servicio Web: buscaDispositivo -
https://www.d2servicios.com/d2web.api.uni/d2webdroid.asmx/BuscaIdDespositivo
02-16 09:04:49.667 24466 24466 I LogD2movil: Send Data: wifi
02-16 09:04:49.667 24466 24466 I LogD2movil: Mensaje: Tipo de red
02-16 09:04:49.668 24466 24466 I LogD2movil: Fecha: 2023/febrero/16
02-16 09:04:49.668 24466 24466 I LogD2movil: Hora: 09:04:49 a. m.
02-16 09:04:49.668 24466 24466 I LogD2movil: Servicio Web: buscaDispositivo -
https://www.d2servicios.com/d2web.api.uni/d2webdroid.asmx/BuscaIdDespositivo
02-16 09:04:49.668 24466 24466 I LogD2movil: Mensaje: Fin validación tipo de red
02-16 09:04:49.668 24466 24466 D Token : fpL3oyS1Rs-eSZYfORZbTP:APA91bFw3vTy-
IHL9SK86Rs1VreZgew84THzxT2ABENSWtQx3HJMYYAatz3DFBTHfQILiQp1rZAhEuKC-
iSc42l40FRwSzM2Ifbt6DdN4h_jgY1CCxvWjVeeCGbZflQdDGScUEks8wyw
02-16 09:04:49.675 24466 24599 I LogD2movil: Fecha: 2023/febrero/16
02-16 09:04:49.675 24466 24599 I LogD2movil: Hora: 09:04:49 a. m.
02-16 09:04:49.675 24466 24599 I LogD2movil: Servicio Web: buscaDispositivo -
https://www.d2servicios.com/d2web.api.uni/d2webdroid.asmx/BuscaIdDespositivo
02-16 09:04:49.675 24466 24599 I LogD2movil: Send Data: BtkVrs: d2Movil|4.1.8.1,
BtkValidador: CNT.ec:Mobile.ec
02-16 09:04:49.675 24466 24599 I LogD2movil: Mensaje: Añadiendo headers
02-16 09:04:49.681 24466 24599 I LogD2movil: Fecha: 2023/febrero/16
02-16 09:04:49.681 24466 24599 I LogD2movil: Hora: 09:04:49 a. m.
02-16 09:04:49.681 24466 24599 I LogD2movil: Servicio Web: getAndroidID
02-16 09:04:49.681 24466 24599 I LogD2movil: Get Data: 1166445d84bfca5c
02-16 09:04:49.681 24466 24599 I LogD2movil: Mensaje: AndroidID
02-16 09:04:49.684 24466 24599 I LogD2movil: Fecha: 2023/febrero/16
02-16 09:04:49.684 24466 24599 I LogD2movil: Hora: 09:04:49 a. m.
02-16 09:04:49.684 24466 24599 I LogD2movil: Servicio Web: getAndroidID
02-16 09:04:49.684 24466 24599 I LogD2movil: Get Data: 1166445d84bfca5c
02-16 09:04:49.684 24466 24599 I LogD2movil: Mensaje: AndroidID
02-16 09:04:49.686 24466 24599 I LogD2movil: Fecha: 2023/febrero/16
02-16 09:04:49.686 24466 24599 I LogD2movil: Hora: 09:04:49 a. m.
02-16 09:04:49.686 24466 24599 I LogD2movil: Servicio Web: buscaDispositivo -
https://www.d2servicios.com/d2web.api.uni/d2webdroid.asmx/BuscaIdDespositivo
02-16 09:04:49.686 24466 24599 I LogD2movil: Subfunción: getParams
02-16 09:04:49.686 24466 24599 I LogD2movil: Send Data: empresaAYASA token:
fpL3oyS1Rs-eSZYfORZbTP:APA91bFw3vTy-
IHL9SK86Rs1VreZgew84THzxT2ABENSWtQx3HJMYYAatz3DFBTHfQILiQp1rZAhEuKC-
iSc42l40FRwSzM2Ifbt6DdN4h_jgY1CCxvWjVeeCGbZflQdDGScUEks8wyw idMovil:
1166445d84bfca5c
02-16 09:04:49.686 24466 24599 I LogD2movil: Mensaje: Añadiendo parámetros
02-16 09:04:49.879 24466 24466 I LogD2movil: Fecha: 2023/febrero/16
02-16 09:04:49.879 24466 24466 I LogD2movil: Hora: 09:04:49 a. m.
02-16 09:04:49.879 24466 24466 I LogD2movil: Servicio Web: buscaDispositivo -
https://www.d2servicios.com/d2web.api.uni/d2webdroid.asmx/BuscaIdDespositivo
02-16 09:04:49.879 24466 24466 I LogD2movil: Subfunción: OnResponse
02-16 09:04:49.879 24466 24466 I LogD2movil: Mensaje: Respondió BuscaIdDespositivo
02-16 09:04:49.879 24466 24466 D RESP : <?xml version="1.0" encoding="utf-8"?>
02-16 09:04:49.879 24466 24466 D RESP : <d2Respuesta
xmlns:xsd="http://www.w3.org/2001/XMLSchema"
xmlns:xsi="http://www.w3.org/2001/XMLSchema-instance" xmlns="http://tempuri.org/">
02-16 09:04:49.879 24466 24466 D RESP : <Respuesta>0</Respuesta>
02-16 09:04:49.879 24466 24466 D RESP : <Mensaje>PROCESO OK</Mensaje>
02-16 09:04:49.879 24466 24466 D RESP : <Fecha>2023-02-16T09:04:49.6852871-
05:00</Fecha>
02-16 09:04:49.879 24466 24466 D RESP :
<TransaccionId>C8EC6A5434D419E71413DEA48381EC8EC0AF</TransaccionId>
02-16 09:04:49.879 24466 24466 D RESP : <Auxiliar>AYASA|MACHADO SOLIS
CHRISTIAN JAVIER|616|140|1804679288|LGTKN5391704.638095430954800000.F823</Auxiliar>
02-16 09:04:49.879 24466 24466 D RESP :
<TransaccionIdProcesada>C8EC6A5434D419E71413DEA48381EC8EC0AF|F804</
TransaccionIdProcesada>
02-16 09:04:49.879 24466 24466 D RESP : <Radio>140</Radio>
02-16 09:04:49.879 24466 24466 D RESP : <ModoMarcacion>0</ModoMarcacion>
02-16 09:04:49.879 24466 24466 D RESP : <SoloEnLinea>true</SoloEnLinea>
02-16 09:04:49.879 24466 24466 D RESP : <IdRegistro>5391704</IdRegistro>
02-16 09:04:49.879 24466 24466 D RESP : </d2Respuesta>
02-16 09:04:49.912 24466 24466 I LogD2movil: Fecha: 2023/febrero/16
02-16 09:04:49.912 24466 24466 I LogD2movil: Hora: 09:04:49 a. m.
02-16 09:04:49.912 24466 24466 I LogD2movil: Servicio Web: buscaDispositivo -
https://www.d2servicios.com/d2web.api.uni/d2webdroid.asmx/BuscaIdDespositivo
02-16 09:04:49.912 24466 24466 I LogD2movil: Subfunción: OnResponse
02-16 09:04:49.912 24466 24466 I LogD2movil: Respuesta: 0
02-16 09:04:49.912 24466 24466 I LogD2movil: Mensaje: PROCESO OK
02-16 09:04:49.914 24466 24466 I LogD2movil: Fecha: 2023/febrero/16
02-16 09:04:49.914 24466 24466 I LogD2movil: Hora: 09:04:49 a. m.
02-16 09:04:49.914 24466 24466 I LogD2movil: Servicio Web: buscaDispositivo -
https://www.d2servicios.com/d2web.api.uni/d2webdroid.asmx/BuscaIdDespositivo
02-16 09:04:49.914 24466 24466 I LogD2movil: Subfunción: OnResponse
02-16 09:04:49.914 24466 24466 I LogD2movil: Get Data: empresa: AYASAnombres:
MACHADO SOLIS CHRISTIAN JAVIERidEmp: 616distancia: 140Transaccion:
C8EC6A5434D419E71413DEA48381EC8EC0AF|F804
02-16 09:04:49.914 24466 24466 I LogD2movil: Respuesta: 0
02-16 09:04:49.914 24466 24466 I LogD2movil: Mensaje: PROCESO OK
02-16 09:04:49.930 24466 24466 I LogD2movil: Fecha: 2023/febrero/16
02-16 09:04:49.930 24466 24466 I LogD2movil: Hora: 09:04:49 a. m.
02-16 09:04:49.930 24466 24466 I LogD2movil: Servicio Web: buscaDispositivo -
https://www.d2servicios.com/d2web.api.uni/d2webdroid.asmx/BuscaIdDespositivo
02-16 09:04:49.930 24466 24466 I LogD2movil: Subfunción: OnResponse
02-16 09:04:49.930 24466 24466 I LogD2movil: Mensaje: Terminó Respuesta
BuscaIdDespositivo
02-16 09:04:49.945 24466 24466 D DecorView[]: getWindowModeFromSystem windowmode
is 1
02-16 09:04:49.963 24466 24466 D CompatibilityChangeReporter: Compat change id
reported: 171228096; UID 10255; state: ENABLED
02-16 09:04:49.967 24466 24466 W ViewPager: Requested offscreen page limit 0 too
small; defaulting to 1
02-16 09:04:49.978 24466 24466 I LogD2movil: Fecha: 2023/febrero/16
02-16 09:04:49.978 24466 24466 I LogD2movil: Hora: 09:04:49 a. m.
02-16 09:04:49.978 24466 24466 I LogD2movil: ********* Módulo: Menu Principal
*********
02-16 09:04:49.979 24466 24609 I LogD2movil: Fecha: 2023/febrero/16
02-16 09:04:49.979 24466 24609 I LogD2movil: Hora: 09:04:49 a. m.
02-16 09:04:49.979 24466 24609 I LogD2movil: Servicio Web: getAndroidID
02-16 09:04:49.979 24466 24609 I LogD2movil: Get Data: 1166445d84bfca5c
02-16 09:04:49.979 24466 24609 I LogD2movil: Mensaje: AndroidID
02-16 09:04:49.980 24466 24609 I LogD2movil: Fecha: 2023/febrero/16
02-16 09:04:49.980 24466 24609 I LogD2movil: Hora: 09:04:49 a. m.
02-16 09:04:49.980 24466 24609 I LogD2movil: Servicio Web: getAndroidID
02-16 09:04:49.980 24466 24609 I LogD2movil: Get Data: 1166445d84bfca5c
02-16 09:04:49.980 24466 24609 I LogD2movil: Mensaje: AndroidID
02-16 09:04:49.980 24466 24609 I LogD2movil: Fecha: 2023/febrero/16
02-16 09:04:49.980 24466 24609 I LogD2movil: Hora: 09:04:49 a. m.
02-16 09:04:49.980 24466 24609 I LogD2movil: Servicio Web: obtieneImagen
02-16 09:04:49.980 24466 24609 I LogD2movil: Subfunción: getParams
02-16 09:04:49.980 24466 24609 I LogD2movil: Send Data: identificacion-1804679288
empresa- AYASA
02-16 09:04:49.984 24466 24466 I ForceDarkHelperStubImpl: setViewRootImplForceDark:
false for ec.biometrika.d2web2.MenuPrincipalActivity@d0460e1, reason:
AppDarkModeEnable
02-16 09:04:49.984 24466 24466 D DecorView[]: getWindowModeFromSystem windowmode
is 1
02-16 09:04:50.009 24466 24614 I LogD2movil: Fecha: 2023/febrero/16
02-16 09:04:50.009 24466 24614 I LogD2movil: Hora: 09:04:50 a. m.
02-16 09:04:50.009 24466 24614 I LogD2movil: Servicio Web: getAndroidID
02-16 09:04:50.009 24466 24614 I LogD2movil: Get Data: 1166445d84bfca5c
02-16 09:04:50.009 24466 24614 I LogD2movil: Mensaje: AndroidID
02-16 09:04:50.011 24466 24614 I LogD2movil: Fecha: 2023/febrero/16
02-16 09:04:50.011 24466 24614 I LogD2movil: Hora: 09:04:50 a. m.
02-16 09:04:50.011 24466 24614 I LogD2movil: Servicio Web: getAndroidID
02-16 09:04:50.011 24466 24614 I LogD2movil: Get Data: 1166445d84bfca5c
02-16 09:04:50.011 24466 24614 I LogD2movil: Mensaje: AndroidID
02-16 09:04:50.011 24466 24614 I LogD2movil: Fecha: 2023/febrero/16
02-16 09:04:50.011 24466 24614 I LogD2movil: Hora: 09:04:50 a. m.
02-16 09:04:50.011 24466 24614 I LogD2movil: Servicio Web:
RecuperaTemplatesGraficos
02-16 09:04:50.011 24466 24614 I LogD2movil: Subfunción: getParams
02-16 09:04:50.011 24466 24614 I LogD2movil: Send Data: token: null| idReporte: 13
02-16 09:04:50.012 24466 24614 D TrafficStats: tagSocket(124) with
statsTag=0xc0437e8b, statsUid=-1
02-16 09:04:50.014 24466 24466 I zzbz : Making Creator dynamically
02-16 09:04:50.018 24466 24466 I DynamiteModule: Considering local module
com.google.android.gms.maps_dynamite:0 and remote module
com.google.android.gms.maps_dynamite:203115000
02-16 09:04:50.018 24466 24466 I DynamiteModule: Selected remote version of
com.google.android.gms.maps_dynamite, version >= 203115000
02-16 09:04:50.018 24466 24466 V DynamiteModule: Dynamite loader version >= 2,
using loadModule2NoCrashUtils
02-16 09:04:50.033 24466 24466 I Google Maps Android API: Google Play services
client version: 12451000
02-16 09:04:50.041 24466 24466 I Google Maps Android API: Google Play services
package version: 230413044
02-16 09:04:50.041 24466 24466 I Google Maps Android API: Google Play services maps
renderer version(legacy): 203115000
02-16 09:04:50.160 24466 24625 D TrafficStats: tagSocket(177) with
statsTag=0x20001101, statsUid=-1
02-16 09:04:50.170 24466 24466 W ViewPager: Requested offscreen page limit 0 too
small; defaulting to 1
02-16 09:04:50.216 24466 24466 E AndroidCameraApi: is camera open
02-16 09:04:50.216 24466 24466 I Selfie : findFirstFrontFacingCamera - inicio
02-16 09:04:50.216 24466 24466 D CameraExtStub: init
android.hardware.camera2.impl.CameraExtImplXiaoMi
02-16 09:04:50.217 24466 24658 D CameraInjector:
updateCloudCameraControllerInfoAsync: E
02-16 09:04:50.236 24466 24658 D CameraInjector:
updateCloudCameraControllerInfoAsync: X
02-16 09:04:50.237 24466 24466 W libc : Access denied finding property
"vendor.camera.aux.packagelist"
02-16 09:04:50.238 24466 24466 W libc : Access denied finding property
"vendor.camera.aux.packagelist"
02-16 09:04:50.239 24466 24466 I Selfie : Camara: 0
02-16 09:04:50.239 24466 24466 W libc : Access denied finding property
"vendor.camera.aux.packagelist"
02-16 09:04:50.240 24466 24466 I Selfie : Camara: 1
02-16 09:04:50.240 24466 24466 I Selfie : findFirstFrontFacingCamera - fin
02-16 09:04:50.240 24466 24466 E AndroidCameraApi: CameraId: 1
02-16 09:04:50.240 24466 24466 E AndroidCameraApi: intent openCamera
02-16 09:04:50.241 24466 24466 I CameraManagerGlobal: Connecting to camera service
02-16 09:04:50.244 24466 24466 W libc : Access denied finding property
"vendor.camera.aux.packagelist"
02-16 09:04:50.244 24466 24466 W CameraManagerGlobal: [soar.cts] ignore the status
update of camera: 2
02-16 09:04:50.244 24466 24466 W libc : Access denied finding property
"vendor.camera.aux.packagelist"
02-16 09:04:50.244 24466 24466 W CameraManagerGlobal: [soar.cts] ignore the status
update of camera: 3
02-16 09:04:50.244 24466 24466 W libc : Access denied finding property
"vendor.camera.aux.packagelist"
02-16 09:04:50.244 24466 24466 W CameraManagerGlobal: [soar.cts] ignore the status
update of camera: 4
02-16 09:04:50.244 24466 24466 W libc : Access denied finding property
"vendor.camera.aux.packagelist"
02-16 09:04:50.244 24466 24466 W CameraManagerGlobal: [soar.cts] ignore the status
update of camera: 5
02-16 09:04:50.244 24466 24466 W libc : Access denied finding property
"vendor.camera.aux.packagelist"
02-16 09:04:50.244 24466 24466 W CameraManagerGlobal: [soar.cts] ignore the status
update of camera: 6
