02-14 19:59:46.692 16488 16510 W CameraDevice-JV-1: Device error received, code 5,
frame number 52, request ID 0, subseq ID 0
02-14 19:59:46.692 16488 16510 W CameraDevice-JV-1: Device error received, code 5,
frame number 48, request ID 0, subseq ID 0
02-14 19:59:46.693 16488 16510 W CameraDevice-JV-1: Device error received, code 5,
frame number 49, request ID 0, subseq ID 0
02-14 19:59:46.693 16488 16510 W CameraDevice-JV-1: Device error received, code 5,
frame number 50, request ID 0, subseq ID 0
02-14 19:59:46.693 16488 16510 W CameraDevice-JV-1: Device error received, code 4,
frame number 51, request ID 0, subseq ID 0
02-14 19:59:46.693 16488 16510 W CameraDevice-JV-1: Device error received, code 5,
frame number 51, request ID 0, subseq ID 0
02-14 19:59:46.693 16488 16488 W Activity: PerfMonitor: Slow Operation: Activity
ec.biometrika.d2web2/.MenuPrincipalActivity onPause took 100ms
02-14 19:59:47.048 16488 16488 I VerificarSesion: Guarda Sesión
02-14 19:59:47.048 16488 16488 I VerificarSesion: Contador: 0
02-14 19:59:49.554 16488 16488 D Network : Network
02-14 19:59:49.561 16488 16488 D Network : Network
02-14 19:59:49.569 16488 16488 D Network : Network
02-14 19:59:49.570 16488 16488 W Activity: PerfMonitor: Slow Operation: Activity
ec.biometrika.d2web2/.MenuPrincipalActivity onActivityResult took 2031ms
02-14 19:59:49.572 16488 16488 E AndroidCameraApi: is camera open
02-14 19:59:49.572 16488 16488 I Selfie : findFirstFrontFacingCamera - inicio
02-14 19:59:49.572 16488 16488 W libc : Access denied finding property
"vendor.camera.aux.packagelist"
02-14 19:59:49.573 16488 16488 W libc : Access denied finding property
"vendor.camera.aux.packagelist"
02-14 19:59:49.574 16488 16488 I Selfie : Camara: 0
02-14 19:59:49.574 16488 16488 W libc : Access denied finding property
"vendor.camera.aux.packagelist"
02-14 19:59:49.576 16488 16488 I Selfie : Camara: 1
02-14 19:59:49.576 16488 16488 I Selfie : findFirstFrontFacingCamera - fin
02-14 19:59:49.576 16488 16488 E AndroidCameraApi: CameraId: 1
02-14 19:59:49.576 16488 16488 E AndroidCameraApi: intent openCamera
02-14 19:59:49.576 16488 16488 W libc : Access denied finding property
"persist.vendor.camera.privapp.list"
02-14 19:59:49.577 16488 16488 D CameraExtImplXiaoMi: initCameraDevice: 1
02-14 19:59:49.624 16488 16488 E AndroidCameraApi: openCamera X
02-14 19:59:49.625 16488 16488 W Looper : PerfMonitor longMsg : seq=1193
plan=19:59:47.539 late=0ms wall=2086ms running=19ms runnable=8ms
h=android.app.ActivityThread$H w=159 procState=-1
02-14 19:59:49.625 16488 16488 I VerificarSesion: Guarda Sesión
02-14 19:59:49.625 16488 16488 I VerificarSesion: Contador: 1000
02-14 19:59:49.632 16488 16488 E AndroidCameraApi: onOpened
02-14 19:59:49.632 16488 16488 D CameraDevice-JV-1: waitUntilIdle: E. id = 1
02-14 19:59:49.633 16488 16488 D CameraDevice-JV-1: waitUntilIdle: X
02-14 19:59:49.683 16488 16488 I HandWritingStubImpl: isKeyboardTypeChanged: false
02-14 19:59:49.683 16488 16488 I HandWritingStubImpl: refreshLastKeyboardType: 1
02-14 19:59:49.683 16488 16488 I HandWritingStubImpl: getCurrentKeyboardType: 1
02-14 19:59:49.688 16488 16488 I HandWritingStubImpl: isKeyboardTypeChanged: false
02-14 19:59:49.896 16488 16547 W qdgralloc: getInterlacedFlag: getMetaData returned
-22, defaulting to interlaced_flag = 0
02-14 19:59:49.929 16488 16547 W qdgralloc: getInterlacedFlag: getMetaData returned
-22, defaulting to interlaced_flag = 0
02-14 19:59:49.945 16488 16547 W qdgralloc: getInterlacedFlag: getMetaData returned
-22, defaulting to interlaced_flag = 0
02-14 19:59:49.995 16488 16547 W qdgralloc: getInterlacedFlag: getMetaData returned
-22, defaulting to interlaced_flag = 0
02-14 19:59:50.011 16488 16547 W qdgralloc: getInterlacedFlag: getMetaData returned
-22, defaulting to interlaced_flag = 0
02-14 19:59:50.044 16488 16547 W qdgralloc: getInterlacedFlag: getMetaData returned
-22, defaulting to interlaced_flag = 0
02-14 19:59:50.110 16488 16547 W qdgralloc: getInterlacedFlag: getMetaData returned
-22, defaulting to interlaced_flag = 0
02-14 19:59:50.126 16488 16547 W qdgralloc: getInterlacedFlag: getMetaData returned
-22, defaulting to interlaced_flag = 0
02-14 19:59:50.639 16488 16488 I VerificarSesion: Guarda Sesión
02-14 19:59:50.639 16488 16488 I VerificarSesion: Contador: 0
02-14 19:59:51.103 16488 16488 D Network : Network
02-14 19:59:51.106 16488 16488 D Network : Network
02-14 19:59:51.115 16488 16488 D Network : Network
02-14 19:59:51.120 16488 16488 I LogD2movil: Fecha: 2023/febrero/14
02-14 19:59:51.120 16488 16488 I LogD2movil: Hora: 19:59:51 p. m.
02-14 19:59:51.120 16488 16488 I LogD2movil: Subfunción: imgGPS.setOnClickListener
02-14 19:59:51.120 16488 16488 I LogD2movil: Send Data: lat/lng: (-1.1948198,-
78.5925204) HORAGPSGPS: 2023-02-14 19:59:48
02-14 19:59:51.120 16488 16488 I LogD2movil: Mensaje: Obtiene localización
02-14 19:59:51.581 16488 16488 D Network : Network
02-14 19:59:51.583 16488 16488 D Network : Network
02-14 19:59:51.588 16488 16488 D Network : Network
02-14 19:59:51.591 16488 16488 I LogD2movil: Fecha: 2023/febrero/14
02-14 19:59:51.591 16488 16488 I LogD2movil: Hora: 19:59:51 p. m.
02-14 19:59:51.591 16488 16488 I LogD2movil: Subfunción: imgGPS.setOnClickListener
02-14 19:59:51.591 16488 16488 I LogD2movil: Send Data: lat/lng: (-1.1948198,-
78.5925204) HORAGPSGPS: 2023-02-14 19:59:48
02-14 19:59:51.591 16488 16488 I LogD2movil: Mensaje: Obtiene localización
02-14 19:59:51.644 16488 16488 I VerificarSesion: Guarda Sesión
02-14 19:59:51.644 16488 16488 I VerificarSesion: Contador: 0
02-14 19:59:51.761 16488 16488 D Network : Network
02-14 19:59:51.763 16488 16488 D Network : Network
02-14 19:59:51.767 16488 16488 D Network : Network
02-14 19:59:51.770 16488 16488 I LogD2movil: Fecha: 2023/febrero/14
02-14 19:59:51.770 16488 16488 I LogD2movil: Hora: 19:59:51 p. m.
02-14 19:59:51.770 16488 16488 I LogD2movil: Subfunción: imgGPS.setOnClickListener
02-14 19:59:51.770 16488 16488 I LogD2movil: Send Data: lat/lng: (-1.1948198,-
78.5925204) HORAGPSGPS: 2023-02-14 19:59:48
02-14 19:59:51.770 16488 16488 I LogD2movil: Mensaje: Obtiene localización
02-14 19:59:52.648 16488 16488 I VerificarSesion: Guarda Sesión
02-14 19:59:52.649 16488 16488 I VerificarSesion: Contador: 0
02-14 19:59:53.070 16488 16659 D TrafficStats: tagSocket(97) with
statsTag=0x20001101, statsUid=-1
02-14 19:59:53.072 16488 16660 D TrafficStats: tagSocket(148) with
statsTag=0x20001101, statsUid=-1
02-14 19:59:53.074 16488 16657 D TrafficStats: tagSocket(134) with
statsTag=0x20001101, statsUid=-1
02-14 19:59:53.228 16488 16488 D Network : Network
02-14 19:59:53.231 16488 16488 D Network : Network
02-14 19:59:53.235 16488 16488 D Network : Network
02-14 19:59:53.238 16488 16488 I LogD2movil: Fecha: 2023/febrero/14
02-14 19:59:53.238 16488 16488 I LogD2movil: Hora: 19:59:53 p. m.
02-14 19:59:53.238 16488 16488 I LogD2movil: Subfunción: imgGPS.setOnClickListener
02-14 19:59:53.238 16488 16488 I LogD2movil: Send Data: lat/lng: (-1.1948198,-
78.5925204) HORAGPSGPS: 2023-02-14 19:59:48
02-14 19:59:53.238 16488 16488 I LogD2movil: Mensaje: Obtiene localización
02-14 19:59:53.654 16488 16488 I VerificarSesion: Guarda Sesión
02-14 19:59:53.654 16488 16488 I VerificarSesion: Contador: 0
02-14 19:59:53.755 16488 16488 D Network : Network
02-14 19:59:53.758 16488 16488 D Network : Network
02-14 19:59:53.764 16488 16488 D Network : Network
02-14 19:59:53.769 16488 16488 I LogD2movil: Fecha: 2023/febrero/14
02-14 19:59:53.769 16488 16488 I LogD2movil: Hora: 19:59:53 p. m.
02-14 19:59:53.769 16488 16488 I LogD2movil: Subfunción: imgGPS.setOnClickListener
02-14 19:59:53.769 16488 16488 I LogD2movil: Send Data: lat/lng: (-1.1948198,-
78.5925204) HORAGPSGPS: 2023-02-14 19:59:48
02-14 19:59:53.769 16488 16488 I LogD2movil: Mensaje: Obtiene localización
02-14 19:59:54.329 16488 16488 I ForceDarkHelperStubImpl: setViewRootImplForceDark:
false for ec.biometrika.d2web2.MenuPrincipalActivity@7696ddc, reason:
AppDarkModeEnable
02-14 19:59:54.340 16488 16488 D CameraDevice-JV-1: waitUntilIdle: E. id = 1
02-14 19:59:54.517 16488 16488 D CameraDevice-JV-1: waitUntilIdle: X
02-14 19:59:54.618 16488 16488 I ForceDarkHelperStubImpl: setViewRootImplForceDark:
false for ec.biometrika.d2web2.MenuPrincipalActivity@7696ddc, reason:
AppDarkModeEnable
02-14 19:59:54.625 16488 16547 W Parcel : Expecting binder but got null!
02-14 19:59:54.657 16488 16488 I VerificarSesion: Guarda Sesión
02-14 19:59:54.657 16488 16488 I VerificarSesion: Contador: 0
02-14 19:59:54.868 16488 17129 W ImageReader_JNI: Unable to acquire a buffer item,
very likely client tried to acquire more than maxImages buffers
02-14 19:59:54.868 16488 17129 D qdgralloc: GetYUVPlaneInfo: Invalid format passed:
0x21
02-14 19:59:54.953 16488 17129 D CameraDevice-JV-1: waitUntilIdle: E. id = 1
02-14 19:59:54.953 16488 17129 D CameraDevice-JV-1: waitUntilIdle: X
02-14 19:59:54.987 16488 16502 W System : A resource failed to call
Surface.release.
02-14 19:59:54.987 16488 16502 W System : A resource failed to call
Surface.release.
02-14 19:59:54.988 16488 16502 W System : A resource failed to call
Surface.release.
02-14 19:59:55.025 16488 17444 I LogD2movil: Fecha: 2023/febrero/14
02-14 19:59:55.025 16488 17444 I LogD2movil: Hora: 19:59:55 p. m.
02-14 19:59:55.025 16488 17444 I LogD2movil: Servicio Web: getAndroidID
02-14 19:59:55.025 16488 17444 I LogD2movil: Get Data: 1166445d84bfca5c
02-14 19:59:55.025 16488 17444 I LogD2movil: Mensaje: AndroidID
02-14 19:59:55.032 16488 17444 I LogD2movil: Fecha: 2023/febrero/14
02-14 19:59:55.032 16488 17444 I LogD2movil: Hora: 19:59:55 p. m.
02-14 19:59:55.032 16488 17444 I LogD2movil: Servicio Web: getAndroidID
02-14 19:59:55.032 16488 17444 I LogD2movil: Get Data: 1166445d84bfca5c
02-14 19:59:55.032 16488 17444 I LogD2movil: Mensaje: AndroidID
02-14 19:59:55.037 16488 17444 I LogD2movil: Fecha: 2023/febrero/14
02-14 19:59:55.037 16488 17444 I LogD2movil: Hora: 19:59:55 p. m.
02-14 19:59:55.037 16488 17444 I LogD2movil: Servicio Web: llamarWebService
02-14 19:59:55.037 16488 17444 I LogD2movil: Subfunción: getParams
02-14 19:59:55.037 16488 17444 I LogD2movil: Send Data: id_emp 616 fechaHora 2023-
02-14 19:59:48 lugar lat/lng: (-1.1948198,-78.5925204) pic: 60****Map: 60
02-14 19:59:55.184 16488 16547 W qdgralloc: getInterlacedFlag: getMetaData returned
-22, defaulting to interlaced_flag = 0
02-14 19:59:55.200 16488 16547 W qdgralloc: getInterlacedFlag: getMetaData returned
-22, defaulting to interlaced_flag = 0
02-14 19:59:55.250 16488 16547 W qdgralloc: getInterlacedFlag: getMetaData returned
-22, defaulting to interlaced_flag = 0
02-14 19:59:55.266 16488 16547 W qdgralloc: getInterlacedFlag: getMetaData returned
-22, defaulting to interlaced_flag = 0
02-14 19:59:55.315 16488 16547 W qdgralloc: getInterlacedFlag: getMetaData returned
-22, defaulting to interlaced_flag = 0
02-14 19:59:55.349 16488 16547 W qdgralloc: getInterlacedFlag: getMetaData returned
-22, defaulting to interlaced_flag = 0
02-14 19:59:55.365 16488 16547 W qdgralloc: getInterlacedFlag: getMetaData returned
-22, defaulting to interlaced_flag = 0
02-14 19:59:55.415 16488 16547 W qdgralloc: getInterlacedFlag: getMetaData returned
-22, defaulting to interlaced_flag = 0
02-14 19:59:55.657 16488 16488 I VerificarSesion: Guarda Sesión
02-14 19:59:55.657 16488 16488 I VerificarSesion: Contador: 1000
02-14 19:59:55.784 16488 16488 I LogD2movil: Fecha: 2023/febrero/14
02-14 19:59:55.784 16488 16488 I LogD2movil: Hora: 19:59:55 p. m.
02-14 19:59:55.784 16488 16488 I LogD2movil: Servicio Web: llamarWebService -
https://www.d2servicios.com/d2web.api.uni/d2webdroid.asmx/RealizaMarcacionDroid
02-14 19:59:55.784 16488 16488 I LogD2movil: Subfunción: onResponse
02-14 19:59:55.784 16488 16488 I LogD2movil: Respuesta: 0
02-14 19:59:55.784 16488 16488 I LogD2movil: Mensaje: PROCESO OK.
02-14 19:59:55.796 16488 16488 I ForceDarkHelperStubImpl: setViewRootImplForceDark:
false for ec.biometrika.d2web2.MenuPrincipalActivity@7696ddc, reason:
AppDarkModeEnable
02-14 19:59:55.812 16488 16488 I ForceDarkHelperStubImpl: setViewRootImplForceDark:
false for ec.biometrika.d2web2.MenuPrincipalActivity@7696ddc, reason:
AppDarkModeEnable
02-14 19:59:55.821 16488 16547 W Parcel : Expecting binder but got null!
02-14 19:59:55.823 16488 16488 I HandWritingStubImpl: isKeyboardTypeChanged: false
02-14 19:59:55.823 16488 16488 I HandWritingStubImpl: refreshLastKeyboardType: 1
02-14 19:59:55.823 16488 16488 I HandWritingStubImpl: getCurrentKeyboardType: 1
02-14 19:59:55.830 16488 16488 I HandWritingStubImpl: isKeyboardTypeChanged: false
02-14 19:59:55.860 16488 16488 I HandWritingStubImpl: refreshLastKeyboardType: 1
02-14 19:59:55.860 16488 16488 I HandWritingStubImpl: getCurrentKeyboardType: 1
02-14 19:59:55.861 16488 16488 I HandWritingStubImpl: isKeyboardTypeChanged: false
02-14 19:59:56.658 16488 16488 I VerificarSesion: Guarda Sesión
02-14 19:59:56.658 16488 16488 I VerificarSesion: Contador: 2000
02-14 19:59:57.436 16488 16488 E AndroidCameraApi: onPause
02-14 19:59:57.438 16488 16488 D CameraExtImplXiaoMi: releaseCameraDevice: 1
02-14 19:59:57.475 16488 16488 D CameraDevice-JV-1: close: E. id = 1
02-14 19:59:57.481 16488 16505 W CameraDevice-JV-1: Device error received, code 4,
frame number 216, request ID 2, subseq ID 0
02-14 19:59:57.550 16488 16488 D CameraDevice-JV-1: close: X
02-14 19:59:57.552 16488 16505 W CameraDevice-JV-1: Device error received, code 4,
frame number 211, request ID 2, subseq ID 0
02-14 19:59:57.552 16488 16505 W CameraDevice-JV-1: Device error received, code 5,
frame number 211, request ID 2, subseq ID 0
02-14 19:59:57.552 16488 16505 W CameraDevice-JV-1: Device error received, code 5,
frame number 216, request ID 2, subseq ID 0
02-14 19:59:57.552 16488 16505 W CameraDevice-JV-1: Device error received, code 4,
frame number 212, request ID 2, subseq ID 0
02-14 19:59:57.552 16488 16584 W CameraDevice-JV-1: Device error received, code 4,
frame number 213, request ID 2, subseq ID 0
02-14 19:59:57.553 16488 16584 W CameraDevice-JV-1: Device error received, code 4,
frame number 214, request ID 2, subseq ID 0
02-14 19:59:57.553 16488 16584 W CameraDevice-JV-1: Device error received, code 5,
frame number 212, request ID 2, subseq ID 0
02-14 19:59:57.553 16488 16584 W CameraDevice-JV-1: Device error received, code 5,
frame number 213, request ID 2, subseq ID 0
02-14 19:59:57.553 16488 16584 W CameraDevice-JV-1: Device error received, code 5,
frame number 214, request ID 2, subseq ID 0
02-14 19:59:57.554 16488 16584 W CameraDevice-JV-1: Device error received, code 4,
frame number 215, request ID 2, subseq ID 0
02-14 19:59:57.554 16488 16584 W CameraDevice-JV-1: Device error received, code 5,
frame number 215, request ID 2, subseq ID 0
02-14 19:59:57.555 16488 16488 W Activity: PerfMonitor: Slow Operation: Activity
ec.biometrika.d2web2/.MenuPrincipalActivity onPause took 118ms
02-14 19:59:57.660 16488 16488 I VerificarSesion: Guarda Sesión
02-14 19:59:57.660 16488 16488 I VerificarSesion: Contador: 0
02-14 19:59:58.661 16488 16488 I VerificarSesion: Guarda Sesión
02-14 19:59:58.662 16488 16488 I VerificarSesion: Contador: 1000
02-14 19:59:59.664 16488 16488 I VerificarSesion: Guarda Sesión
02-14 19:59:59.667 16488 16488 I VerificarSesion: Contador: 2000
02-14 20:00:00.668 16488 16488 I VerificarSesion: Guarda Sesión
02-14 20:00:00.669 16488 16488 I VerificarSesion: Contador: 3000
02-14 20:00:01.670 16488 16488 I VerificarSesion: Guarda Sesión
02-14 20:00:01.671 16488 16488 I VerificarSesion: Contador: 4000
02-14 20:00:02.672 16488 16488 I VerificarSesion: Guarda Sesión
02-14 20:00:02.673 16488 16488 I VerificarSesion: Contador: 5000
02-14 20:00:03.674 16488 16488 I VerificarSesion: Guarda Sesión
02-14 20:00:03.675 16488 16488 I VerificarSesion: Contador: 6000
02-14 20:00:04.676 16488 16488 I VerificarSesion: Guarda Sesión
02-14 20:00:04.676 16488 16488 I VerificarSesion: Contador: 7000
02-14 20:00:05.677 16488 16488 I VerificarSesion: Guarda Sesión
02-14 20:00:05.678 16488 16488 I VerificarSesion: Contador: 8000
02-14 20:00:06.679 16488 16488 I VerificarSesion: Guarda Sesión
02-14 20:00:06.681 16488 16488 I VerificarSesion: Contador: 9000
02-14 20:00:07.681 16488 16488 I VerificarSesion: Guarda Sesión
02-14 20:00:07.682 16488 16488 I VerificarSesion: Contador: 10000
02-14 20:00:08.685 16488 16488 I VerificarSesion: Guarda Sesión
02-14 20:00:08.686 16488 16488 I VerificarSesion: Contador: 11000
02-14 20:00:09.687 16488 16488 I VerificarSesion: Guarda Sesión
02-14 20:00:09.688 16488 16488 I VerificarSesion: Contador: 12000
02-14 20:00:10.691 16488 16488 I VerificarSesion: Guarda Sesión
02-14 20:00:10.691 16488 16488 I VerificarSesion: Contador: 13000
02-14 20:00:11.695 16488 16488 I VerificarSesion: Guarda Sesión
02-14 20:00:11.696 16488 16488 I VerificarSesion: Contador: 14000
02-14 20:00:12.699 16488 16488 I VerificarSesion: Guarda Sesión
02-14 20:00:12.701 16488 16488 I VerificarSesion: Contador: 15000
02-14 20:00:13.702 16488 16488 I VerificarSesion: Guarda Sesión
02-14 20:00:13.703 16488 16488 I VerificarSesion: Contador: 16000
02-14 20:00:14.707 16488 16488 I VerificarSesion: Guarda Sesión
02-14 20:00:14.708 16488 16488 I VerificarSesion: Contador: 17000
02-14 20:00:15.711 16488 16488 I VerificarSesion: Guarda Sesión
02-14 20:00:15.712 16488 16488 I VerificarSesion: Contador: 18000
02-14 20:00:16.715 16488 16488 I VerificarSesion: Guarda Sesión
02-14 20:00:16.716 16488 16488 I VerificarSesion: Contador: 19000
02-14 20:00:17.719 16488 16488 I VerificarSesion: Guarda Sesión
02-14 20:00:17.719 16488 16488 I VerificarSesion: Contador: 20000
02-14 20:00:18.721 16488 16488 I VerificarSesion: Guarda Sesión
02-14 20:00:18.722 16488 16488 I VerificarSesion: Contador: 21000
02-14 20:00:19.724 16488 16488 I VerificarSesion: Guarda Sesión
02-14 20:00:19.725 16488 16488 I VerificarSesion: Contador: 22000
02-14 20:00:20.726 16488 16488 I VerificarSesion: Guarda Sesión
02-14 20:00:20.727 16488 16488 I VerificarSesion: Contador: 23000
02-14 20:00:21.728 16488 16488 I VerificarSesion: Guarda Sesión
02-14 20:00:21.728 16488 16488 I VerificarSesion: Contador: 24000
02-14 20:00:22.729 16488 16488 I VerificarSesion: Guarda Sesión
02-14 20:00:22.731 16488 16488 I VerificarSesion: Contador: 25000
02-14 20:00:23.734 16488 16488 I VerificarSesion: Guarda Sesión
02-14 20:00:23.735 16488 16488 I VerificarSesion: Contador: 26000
02-14 20:00:24.737 16488 16488 I VerificarSesion: Guarda Sesión
02-14 20:00:24.738 16488 16488 I VerificarSesion: Contador: 27000
02-14 20:00:25.739 16488 16488 I VerificarSesion: Guarda Sesión
02-14 20:00:25.740 16488 16488 I VerificarSesion: Contador: 28000
02-14 20:00:26.742 16488 16488 I VerificarSesion: Guarda Sesión
02-14 20:00:26.743 16488 16488 I VerificarSesion: Contador: 29000
02-14 20:00:27.745 16488 16488 I VerificarSesion: Guarda Sesión
02-14 20:00:27.746 16488 16488 I VerificarSesion: Contador: 30000
02-14 20:00:28.748 16488 16488 I VerificarSesion: Guarda Sesión
02-14 20:00:28.749 16488 16488 I VerificarSesion: Contador: 31000
02-14 20:00:29.751 16488 16488 I VerificarSesion: Guarda Sesión
02-14 20:00:29.752 16488 16488 I VerificarSesion: Contador: 32000
02-14 20:00:30.753 16488 16488 I VerificarSesion: Guarda Sesión
02-14 20:00:30.754 16488 16488 I VerificarSesion: Contador: 33000
02-14 20:00:31.756 16488 16488 I VerificarSesion: Guarda Sesión
02-14 20:00:31.757 16488 16488 I VerificarSesion: Contador: 34000
02-14 20:00:32.759 16488 16488 I VerificarSesion: Guarda Sesión
02-14 20:00:32.760 16488 16488 I VerificarSesion: Contador: 35000
02-14 20:00:33.763 16488 16488 I VerificarSesion: Guarda Sesión
02-14 20:00:33.764 16488 16488 I VerificarSesion: Contador: 36000
02-14 20:00:34.765 16488 16488 I VerificarSesion: Guarda Sesión
02-14 20:00:34.766 16488 16488 I VerificarSesion: Contador: 37000
02-14 20:00:35.769 16488 16488 I VerificarSesion: Guarda Sesión
02-14 20:00:35.770 16488 16488 I VerificarSesion: Contador: 38000
02-14 20:00:36.773 16488 16488 I VerificarSesion: Guarda Sesión
02-14 20:00:36.774 16488 16488 I VerificarSesion: Contador: 39000
02-14 20:00:37.777 16488 16488 I VerificarSesion: Guarda Sesión
02-14 20:00:37.778 16488 16488 I VerificarSesion: Contador: 40000
02-14 20:00:38.779 16488 16488 I VerificarSesion: Guarda Sesión
02-14 20:00:38.781 16488 16488 I VerificarSesion: Contador: 41000
02-14 20:00:39.784 16488 16488 I VerificarSesion: Guarda Sesión
02-14 20:00:39.785 16488 16488 I VerificarSesion: Contador: 42000
02-14 20:00:40.786 16488 16488 I VerificarSesion: Guarda Sesión
02-14 20:00:40.788 16488 16488 I VerificarSesion: Contador: 43000
02-14 20:00:41.790 16488 16488 I VerificarSesion: Guarda Sesión
02-14 20:00:41.791 16488 16488 I VerificarSesion: Contador: 44000
02-14 20:00:42.794 16488 16488 I VerificarSesion: Guarda Sesión
02-14 20:00:42.795 16488 16488 I VerificarSesion: Contador: 45000
02-14 20:00:43.797 16488 16488 I VerificarSesion: Guarda Sesión
02-14 20:00:43.798 16488 16488 I VerificarSesion: Contador: 46000
02-14 20:00:44.800 16488 16488 I VerificarSesion: Guarda Sesión
02-14 20:00:44.801 16488 16488 I VerificarSesion: Contador: 47000
02-14 20:00:45.802 16488 16488 I VerificarSesion: Guarda Sesión
02-14 20:00:45.803 16488 16488 I VerificarSesion: Contador: 48000
02-14 20:00:46.805 16488 16488 I VerificarSesion: Guarda Sesión
02-14 20:00:46.806 16488 16488 I VerificarSesion: Contador: 49000
02-14 20:00:47.808 16488 16488 I VerificarSesion: Guarda Sesión
02-14 20:00:47.809 16488 16488 I VerificarSesion: Contador: 50000
02-14 20:00:48.810 16488 16488 I VerificarSesion: Guarda Sesión
02-14 20:00:48.812 16488 16488 I VerificarSesion: Contador: 51000
02-14 20:00:49.814 16488 16488 I VerificarSesion: Guarda Sesión
02-14 20:00:49.815 16488 16488 I VerificarSesion: Contador: 52000
02-14 20:00:50.817 16488 16488 I VerificarSesion: Guarda Sesión
02-14 20:00:50.818 16488 16488 I VerificarSesion: Contador: 53000
02-14 20:00:51.821 16488 16488 I VerificarSesion: Guarda Sesión
02-14 20:00:51.822 16488 16488 I VerificarSesion: Contador: 54000
02-14 20:00:52.825 16488 16488 I VerificarSesion: Guarda Sesión
02-14 20:00:52.826 16488 16488 I VerificarSesion: Contador: 55000
02-14 20:00:53.829 16488 16488 I VerificarSesion: Guarda Sesión
02-14 20:00:53.830 16488 16488 I VerificarSesion: Contador: 56000
02-14 20:00:54.832 16488 16488 I VerificarSesion: Guarda Sesión
02-14 20:00:54.833 16488 16488 I VerificarSesion: Contador: 57000
02-14 20:00:55.834 16488 16488 I VerificarSesion: Guarda Sesión
02-14 20:00:55.835 16488 16488 I VerificarSesion: Contador: 58000
02-14 20:00:56.837 16488 16488 I VerificarSesion: Guarda Sesión
02-14 20:00:56.838 16488 16488 I VerificarSesion: Contador: 59000
02-14 20:00:57.841 16488 16488 I VerificarSesion: Guarda Sesión
02-14 20:00:57.842 16488 16488 I VerificarSesion: Contador: 60000
02-14 20:00:58.846 16488 16488 I VerificarSesion: Guarda Sesión
02-14 20:00:58.847 16488 16488 I VerificarSesion: Contador: 61000
02-14 20:00:59.850 16488 16488 I VerificarSesion: Guarda Sesión
02-14 20:00:59.851 16488 16488 I VerificarSesion: Contador: 62000
02-14 20:01:00.852 16488 16488 I VerificarSesion: Guarda Sesión
02-14 20:01:00.853 16488 16488 I VerificarSesion: Contador: 63000
02-14 20:01:01.855 16488 16488 I VerificarSesion: Guarda Sesión
02-14 20:01:01.856 16488 16488 I VerificarSesion: Contador: 64000
02-14 20:01:02.859 16488 16488 I VerificarSesion: Guarda Sesión
02-14 20:01:02.861 16488 16488 I VerificarSesion: Contador: 65000
02-14 20:01:03.863 16488 16488 I VerificarSesion: Guarda Sesión
02-14 20:01:03.864 16488 16488 I VerificarSesion: Contador: 66000
02-14 20:01:04.868 16488 16488 I VerificarSesion: Guarda Sesión
02-14 20:01:04.869 16488 16488 I VerificarSesion: Contador: 67000
02-14 20:01:05.872 16488 16488 I VerificarSesion: Guarda Sesión
02-14 20:01:05.873 16488 16488 I VerificarSesion: Contador: 68000
02-14 20:01:06.878 16488 16488 I VerificarSesion: Guarda Sesión
02-14 20:01:06.879 16488 16488 I VerificarSesion: Contador: 69000
02-14 20:01:07.881 16488 16488 I VerificarSesion: Guarda Sesión
02-14 20:01:07.882 16488 16488 I VerificarSesion: Contador: 70000
02-14 20:01:08.883 16488 16488 I VerificarSesion: Guarda Sesión
02-14 20:01:08.884 16488 16488 I VerificarSesion: Contador: 71000
02-14 20:01:09.888 16488 16488 I VerificarSesion: Guarda Sesión
02-14 20:01:09.889 16488 16488 I VerificarSesion: Contador: 72000
02-14 20:01:10.890 16488 16488 I VerificarSesion: Guarda Sesión
02-14 20:01:10.891 16488 16488 I VerificarSesion: Contador: 73000
02-14 20:01:11.893 16488 16488 I VerificarSesion: Guarda Sesión
02-14 20:01:11.895 16488 16488 I VerificarSesion: Contador: 74000
02-14 20:01:12.897 16488 16488 I VerificarSesion: Guarda Sesión
02-14 20:01:12.898 16488 16488 I VerificarSesion: Contador: 75000
02-14 20:01:13.899 16488 16488 I VerificarSesion: Guarda Sesión
02-14 20:01:13.900 16488 16488 I VerificarSesion: Contador: 76000
02-14 20:01:14.901 16488 16488 I VerificarSesion: Guarda Sesión
02-14 20:01:14.902 16488 16488 I VerificarSesion: Contador: 77000
02-14 20:01:15.905 16488 16488 I VerificarSesion: Guarda Sesión
02-14 20:01:15.906 16488 16488 I VerificarSesion: Contador: 78000
02-14 20:01:16.908 16488 16488 I VerificarSesion: Guarda Sesión
02-14 20:01:16.908 16488 16488 I VerificarSesion: Contador: 79000
02-14 20:01:17.910 16488 16488 I VerificarSesion: Guarda Sesión
02-14 20:01:17.912 16488 16488 I VerificarSesion: Contador: 80000
02-14 20:01:18.913 16488 16488 I VerificarSesion: Guarda Sesión
02-14 20:01:18.913 16488 16488 I VerificarSesion: Contador: 81000
02-14 20:01:19.913 16488 16488 I VerificarSesion: Guarda Sesión
02-14 20:01:19.914 16488 16488 I VerificarSesion: Contador: 82000
02-14 20:01:20.915 16488 16488 I VerificarSesion: Guarda Sesión
02-14 20:01:20.915 16488 16488 I VerificarSesion: Contador: 83000
02-14 20:01:21.917 16488 16488 I VerificarSesion: Guarda Sesión
02-14 20:01:21.918 16488 16488 I VerificarSesion: Contador: 84000
02-14 20:01:22.921 16488 16488 I VerificarSesion: Guarda Sesión
02-14 20:01:22.923 16488 16488 I VerificarSesion: Contador: 85000
02-14 20:01:23.926 16488 16488 I VerificarSesion: Guarda Sesión
02-14 20:01:23.927 16488 16488 I VerificarSesion: Contador: 86000
02-14 20:01:24.928 16488 16488 I VerificarSesion: Guarda Sesión
02-14 20:01:24.929 16488 16488 I VerificarSesion: Contador: 87000
02-14 20:01:25.930 16488 16488 I VerificarSesion: Guarda Sesión
02-14 20:01:25.930 16488 16488 I VerificarSesion: Contador: 88000
02-14 20:01:26.932 16488 16488 I VerificarSesion: Guarda Sesión
02-14 20:01:26.932 16488 16488 I VerificarSesion: Contador: 89000
02-14 20:01:27.934 16488 16488 I VerificarSesion: Guarda Sesión
02-14 20:01:27.935 16488 16488 I VerificarSesion: Contador: 90000
02-14 20:01:28.937 16488 16488 I VerificarSesion: Guarda Sesión
02-14 20:01:28.937 16488 16488 I VerificarSesion: Contador: 91000
02-14 20:01:29.938 16488 16488 I VerificarSesion: Guarda Sesión
02-14 20:01:29.939 16488 16488 I VerificarSesion: Contador: 92000
02-14 20:01:30.940 16488 16488 I VerificarSesion: Guarda Sesión
02-14 20:01:30.940 16488 16488 I VerificarSesion: Contador: 93000
02-14 20:01:31.941 16488 16488 I VerificarSesion: Guarda Sesión
02-14 20:01:31.942 16488 16488 I VerificarSesion: Contador: 94000
02-14 20:01:32.943 16488 16488 I VerificarSesion: Guarda Sesión
02-14 20:01:32.944 16488 16488 I VerificarSesion: Contador: 95000
02-14 20:01:33.945 16488 16488 I VerificarSesion: Guarda Sesión
02-14 20:01:33.945 16488 16488 I VerificarSesion: Contador: 96000
02-14 20:01:34.946 16488 16488 I VerificarSesion: Guarda Sesión
02-14 20:01:34.947 16488 16488 I VerificarSesion: Contador: 97000
02-14 20:01:35.948 16488 16488 I VerificarSesion: Guarda Sesión
02-14 20:01:35.949 16488 16488 I VerificarSesion: Contador: 98000
02-14 20:01:36.950 16488 16488 I VerificarSesion: Guarda Sesión
02-14 20:01:36.952 16488 16488 I VerificarSesion: Contador: 99000
02-14 20:01:37.953 16488 16488 I VerificarSesion: Guarda Sesión
02-14 20:01:37.953 16488 16488 I VerificarSesion: Contador: 100000
02-14 20:01:38.954 16488 16488 I VerificarSesion: Guarda Sesión
02-14 20:01:38.955 16488 16488 I VerificarSesion: Contador: 101000
02-14 20:01:39.956 16488 16488 I VerificarSesion: Guarda Sesión
02-14 20:01:39.957 16488 16488 I VerificarSesion: Contador: 102000
02-14 20:01:40.958 16488 16488 I VerificarSesion: Guarda Sesión
02-14 20:01:40.959 16488 16488 I VerificarSesion: Contador: 103000
02-14 20:01:41.960 16488 16488 I VerificarSesion: Guarda Sesión
02-14 20:01:41.960 16488 16488 I VerificarSesion: Contador: 104000
02-14 20:01:42.962 16488 16488 I VerificarSesion: Guarda Sesión
02-14 20:01:42.962 16488 16488 I VerificarSesion: Contador: 105000
02-14 20:01:43.963 16488 16488 I VerificarSesion: Guarda Sesión
02-14 20:01:43.965 16488 16488 I VerificarSesion: Contador: 106000
02-14 20:01:44.966 16488 16488 I VerificarSesion: Guarda Sesión
02-14 20:01:44.967 16488 16488 I VerificarSesion: Contador: 107000
02-14 20:01:45.969 16488 16488 I VerificarSesion: Guarda Sesión
02-14 20:01:45.971 16488 16488 I VerificarSesion: Contador: 108000
02-14 20:01:46.973 16488 16488 I VerificarSesion: Guarda Sesión
02-14 20:01:46.973 16488 16488 I VerificarSesion: Contador: 109000
02-14 20:01:47.976 16488 16488 I VerificarSesion: Guarda Sesión
02-14 20:01:47.978 16488 16488 I VerificarSesion: Contador: 110000
02-14 20:01:48.979 16488 16488 I VerificarSesion: Guarda Sesión
02-14 20:01:48.981 16488 16488 I VerificarSesion: Contador: 111000
02-14 20:01:49.982 16488 16488 I VerificarSesion: Guarda Sesión
02-14 20:01:49.983 16488 16488 I VerificarSesion: Contador: 112000
02-14 20:01:50.985 16488 16488 I VerificarSesion: Guarda Sesión
02-14 20:01:50.986 16488 16488 I VerificarSesion: Contador: 113000
02-14 20:01:51.989 16488 16488 I VerificarSesion: Guarda Sesión
02-14 20:01:51.990 16488 16488 I VerificarSesion: Contador: 114000
02-14 20:01:52.993 16488 16488 I VerificarSesion: Guarda Sesión
02-14 20:01:52.994 16488 16488 I VerificarSesion: Contador: 115000
02-14 20:01:53.995 16488 16488 I VerificarSesion: Guarda Sesión
02-14 20:01:53.996 16488 16488 I VerificarSesion: Contador: 116000
02-14 20:01:54.998 16488 16488 I VerificarSesion: Guarda Sesión
02-14 20:01:54.999 16488 16488 I VerificarSesion: Contador: 117000
02-14 20:01:56.002 16488 16488 I VerificarSesion: Guarda Sesión
02-14 20:01:56.003 16488 16488 I VerificarSesion: Contador: 118000
02-14 20:01:57.005 16488 16488 I VerificarSesion: Guarda Sesión
02-14 20:01:57.006 16488 16488 I VerificarSesion: Contador: 119000
02-14 20:01:58.007 16488 16488 I VerificarSesion: Guarda Sesión
02-14 20:01:58.008 16488 16488 I VerificarSesion: Contador: 120000
02-14 20:01:59.010 16488 16488 I VerificarSesion: Guarda Sesión
02-14 20:01:59.011 16488 16488 I VerificarSesion: Contador: 121000
02-14 20:02:00.014 16488 16488 I VerificarSesion: Guarda Sesión
02-14 20:02:00.015 16488 16488 I VerificarSesion: Contador: 122000
02-14 20:02:01.016 16488 16488 I VerificarSesion: Guarda Sesión
02-14 20:02:01.017 16488 16488 I VerificarSesion: Contador: 123000
02-14 20:02:02.019 16488 16488 I VerificarSesion: Guarda Sesión
02-14 20:02:02.020 16488 16488 I VerificarSesion: Contador: 124000
02-14 20:02:03.022 16488 16488 I VerificarSesion: Guarda Sesión
02-14 20:02:03.023 16488 16488 I VerificarSesion: Contador: 125000
02-14 20:02:04.028 16488 16488 I VerificarSesion: Guarda Sesión
02-14 20:02:04.029 16488 16488 I VerificarSesion: Contador: 126000
02-14 20:02:05.030 16488 16488 I VerificarSesion: Guarda Sesión
02-14 20:02:05.031 16488 16488 I VerificarSesion: Contador: 127000
02-14 20:02:06.032 16488 16488 I VerificarSesion: Guarda Sesión
02-14 20:02:06.032 16488 16488 I VerificarSesion: Contador: 128000
02-14 20:02:07.033 16488 16488 I VerificarSesion: Guarda Sesión
02-14 20:02:07.034 16488 16488 I VerificarSesion: Contador: 129000
02-14 20:02:08.036 16488 16488 I VerificarSesion: Guarda Sesión
02-14 20:02:08.037 16488 16488 I VerificarSesion: Contador: 130000
02-14 20:02:09.039 16488 16488 I VerificarSesion: Guarda Sesión
02-14 20:02:09.040 16488 16488 I VerificarSesion: Contador: 131000
02-14 20:02:10.040 16488 16488 I VerificarSesion: Guarda Sesión
02-14 20:02:10.041 16488 16488 I VerificarSesion: Contador: 132000
02-14 20:02:11.042 16488 16488 I VerificarSesion: Guarda Sesión
02-14 20:02:11.042 16488 16488 I VerificarSesion: Contador: 133000
02-14 20:02:12.042 16488 16488 I VerificarSesion: Guarda Sesión
02-14 20:02:12.042 16488 16488 I VerificarSesion: Contador: 134000
02-14 20:02:13.043 16488 16488 I VerificarSesion: Guarda Sesión
02-14 20:02:13.045 16488 16488 I VerificarSesion: Contador: 135000
02-14 20:02:14.046 16488 16488 I VerificarSesion: Guarda Sesión
02-14 20:02:14.048 16488 16488 I VerificarSesion: Contador: 136000
02-14 20:02:15.049 16488 16488 I VerificarSesion: Guarda Sesión
02-14 20:02:15.051 16488 16488 I VerificarSesion: Contador: 137000
02-14 20:02:16.052 16488 16488 I VerificarSesion: Guarda Sesión
02-14 20:02:16.052 16488 16488 I VerificarSesion: Contador: 138000
02-14 20:02:17.053 16488 16488 I VerificarSesion: Guarda Sesión
02-14 20:02:17.054 16488 16488 I VerificarSesion: Contador: 139000
02-14 20:02:18.055 16488 16488 I VerificarSesion: Guarda Sesión
02-14 20:02:18.056 16488 16488 I VerificarSesion: Contador: 140000
02-14 20:02:19.057 16488 16488 I VerificarSesion: Guarda Sesión
02-14 20:02:19.057 16488 16488 I VerificarSesion: Contador: 141000
02-14 20:02:20.058 16488 16488 I VerificarSesion: Guarda Sesión
02-14 20:02:20.060 16488 16488 I VerificarSesion: Contador: 142000
02-14 20:02:21.062 16488 16488 I VerificarSesion: Guarda Sesión
02-14 20:02:21.062 16488 16488 I VerificarSesion: Contador: 143000
02-14 20:02:22.064 16488 16488 I VerificarSesion: Guarda Sesión
02-14 20:02:22.064 16488 16488 I VerificarSesion: Contador: 144000
02-14 20:02:23.065 16488 16488 I VerificarSesion: Guarda Sesión
02-14 20:02:23.066 16488 16488 I VerificarSesion: Contador: 145000
02-14 20:02:24.068 16488 16488 I VerificarSesion: Guarda Sesión
02-14 20:02:24.069 16488 16488 I VerificarSesion: Contador: 146000
02-14 20:02:25.070 16488 16488 I VerificarSesion: Guarda Sesión
02-14 20:02:25.071 16488 16488 I VerificarSesion: Contador: 147000
02-14 20:02:26.072 16488 16488 I VerificarSesion: Guarda Sesión
02-14 20:02:26.073 16488 16488 I VerificarSesion: Contador: 148000
02-14 20:02:27.074 16488 16488 I VerificarSesion: Guarda Sesión
02-14 20:02:27.076 16488 16488 I VerificarSesion: Contador: 149000
02-14 20:02:28.077 16488 16488 I VerificarSesion: Guarda Sesión
02-14 20:02:28.079 16488 16488 I VerificarSesion: Contador: 150000
02-14 20:02:29.081 16488 16488 I VerificarSesion: Guarda Sesión
02-14 20:02:29.081 16488 16488 I VerificarSesion: Contador: 151000
02-14 20:02:30.082 16488 16488 I VerificarSesion: Guarda Sesión
02-14 20:02:30.083 16488 16488 I VerificarSesion: Contador: 152000
02-14 20:02:31.085 16488 16488 I VerificarSesion: Guarda Sesión
02-14 20:02:31.086 16488 16488 I VerificarSesion: Contador: 153000
02-14 20:02:32.087 16488 16488 I VerificarSesion: Guarda Sesión
02-14 20:02:32.088 16488 16488 I VerificarSesion: Contador: 154000
02-14 20:02:33.090 16488 16488 I VerificarSesion: Guarda Sesión
02-14 20:02:33.090 16488 16488 I VerificarSesion: Contador: 155000
02-14 20:02:34.091 16488 16488 I VerificarSesion: Guarda Sesión
02-14 20:02:34.092 16488 16488 I VerificarSesion: Contador: 156000
02-14 20:02:35.094 16488 16488 I VerificarSesion: Guarda Sesión
02-14 20:02:35.095 16488 16488 I VerificarSesion: Contador: 157000
02-14 20:02:36.096 16488 16488 I VerificarSesion: Guarda Sesión
02-14 20:02:36.097 16488 16488 I VerificarSesion: Contador: 158000
02-14 20:02:37.099 16488 16488 I VerificarSesion: Guarda Sesión
02-14 20:02:37.100 16488 16488 I VerificarSesion: Contador: 159000
02-14 20:02:38.101 16488 16488 I VerificarSesion: Guarda Sesión
02-14 20:02:38.103 16488 16488 I VerificarSesion: Contador: 160000
02-14 20:02:38.229 16488 16502 W System : A resource failed to call close.
02-14 20:02:39.105 16488 16488 I VerificarSesion: Guarda Sesión
02-14 20:02:39.106 16488 16488 I VerificarSesion: Contador: 161000
02-14 20:02:40.109 16488 16488 I VerificarSesion: Guarda Sesión
02-14 20:02:40.110 16488 16488 I VerificarSesion: Contador: 162000
02-14 20:02:41.113 16488 16488 I VerificarSesion: Guarda Sesión
02-14 20:02:41.114 16488 16488 I VerificarSesion: Contador: 163000
02-14 20:02:42.117 16488 16488 I VerificarSesion: Guarda Sesión
02-14 20:02:42.118 16488 16488 I VerificarSesion: Contador: 164000
02-14 20:02:43.123 16488 16488 I VerificarSesion: Guarda Sesión
02-14 20:02:43.124 16488 16488 I VerificarSesion: Contador: 165000
02-14 20:02:44.125 16488 16488 I VerificarSesion: Guarda Sesión
02-14 20:02:44.127 16488 16488 I VerificarSesion: Contador: 166000
02-14 20:02:45.129 16488 16488 I VerificarSesion: Guarda Sesión
02-14 20:02:45.132 16488 16488 I VerificarSesion: Contador: 167000
02-14 20:02:46.133 16488 16488 I VerificarSesion: Guarda Sesión
02-14 20:02:46.134 16488 16488 I VerificarSesion: Contador: 168000
02-14 20:02:47.136 16488 16488 I VerificarSesion: Guarda Sesión
02-14 20:02:47.137 16488 16488 I VerificarSesion: Contador: 169000
02-14 20:02:48.140 16488 16488 I VerificarSesion: Guarda Sesión
02-14 20:02:48.141 16488 16488 I VerificarSesion: Contador: 170000
02-14 20:02:49.143 16488 16488 I VerificarSesion: Guarda Sesión
02-14 20:02:49.144 16488 16488 I VerificarSesion: Contador: 171000
02-14 20:02:50.145 16488 16488 I VerificarSesion: Guarda Sesión
02-14 20:02:50.146 16488 16488 I VerificarSesion: Contador: 172000
02-14 20:02:51.149 16488 16488 I VerificarSesion: Guarda Sesión
02-14 20:02:51.150 16488 16488 I VerificarSesion: Contador: 173000
02-14 20:02:52.152 16488 16488 I VerificarSesion: Guarda Sesión
02-14 20:02:52.153 16488 16488 I VerificarSesion: Contador: 174000
02-14 20:02:53.154 16488 16488 I VerificarSesion: Guarda Sesión
02-14 20:02:53.155 16488 16488 I VerificarSesion: Contador: 175000
02-14 20:02:54.157 16488 16488 I VerificarSesion: Guarda Sesión
02-14 20:02:54.157 16488 16488 I VerificarSesion: Contador: 176000
02-14 20:02:55.159 16488 16488 I VerificarSesion: Guarda Sesión
02-14 20:02:55.160 16488 16488 I VerificarSesion: Contador: 177000
02-14 20:02:56.163 16488 16488 I VerificarSesion: Guarda Sesión
02-14 20:02:56.163 16488 16488 I VerificarSesion: Contador: 178000
02-14 20:02:57.165 16488 16488 I VerificarSesion: Guarda Sesión
02-14 20:02:57.166 16488 16488 I VerificarSesion: Contador: 179000
02-14 20:02:58.167 16488 16488 I VerificarSesion: Guarda Sesión
02-14 20:02:58.168 16488 16488 I VerificarSesion: Contador: 180000
02-14 20:02:59.170 16488 16488 I VerificarSesion: Guarda Sesión
02-14 20:02:59.171 16488 16488 I VerificarSesion: Contador: 181000
02-14 20:03:00.173 16488 16488 I VerificarSesion: Guarda Sesión
02-14 20:03:00.174 16488 16488 I VerificarSesion: Contador: 182000
02-14 20:03:01.176 16488 16488 I VerificarSesion: Guarda Sesión
02-14 20:03:01.176 16488 16488 I VerificarSesion: Contador: 183000
02-14 20:03:02.177 16488 16488 I VerificarSesion: Guarda Sesión
02-14 20:03:02.178 16488 16488 I VerificarSesion: Contador: 184000
02-14 20:03:03.179 16488 16488 I VerificarSesion: Guarda Sesión
02-14 20:03:03.180 16488 16488 I VerificarSesion: Contador: 185000
02-14 20:03:04.181 16488 16488 I VerificarSesion: Guarda Sesión
02-14 20:03:04.182 16488 16488 I VerificarSesion: Contador: 186000
02-14 20:03:05.184 16488 16488 I VerificarSesion: Guarda Sesión
02-14 20:03:05.185 16488 16488 I VerificarSesion: Contador: 187000
02-14 20:03:06.186 16488 16488 I VerificarSesion: Guarda Sesión
02-14 20:03:06.187 16488 16488 I VerificarSesion: Contador: 188000
02-14 20:03:07.189 16488 16488 I VerificarSesion: Guarda Sesión
02-14 20:03:07.190 16488 16488 I VerificarSesion: Contador: 189000
02-14 20:03:08.191 16488 16488 I VerificarSesion: Guarda Sesión
02-14 20:03:08.192 16488 16488 I VerificarSesion: Contador: 190000
02-14 20:03:09.193 16488 16488 I VerificarSesion: Guarda Sesión
02-14 20:03:09.193 16488 16488 I VerificarSesion: Contador: 191000
02-14 20:03:10.194 16488 16488 I VerificarSesion: Guarda Sesión
02-14 20:03:10.196 16488 16488 I VerificarSesion: Contador: 192000
02-14 20:03:11.197 16488 16488 I VerificarSesion: Guarda Sesión
02-14 20:03:11.198 16488 16488 I VerificarSesion: Contador: 193000
02-14 20:03:12.199 16488 16488 I VerificarSesion: Guarda Sesión
02-14 20:03:12.200 16488 16488 I VerificarSesion: Contador: 194000
02-14 20:03:13.201 16488 16488 I VerificarSesion: Guarda Sesión
02-14 20:03:13.202 16488 16488 I VerificarSesion: Contador: 195000
02-14 20:03:14.203 16488 16488 I VerificarSesion: Guarda Sesión
02-14 20:03:14.204 16488 16488 I VerificarSesion: Contador: 196000
02-14 20:03:15.205 16488 16488 I VerificarSesion: Guarda Sesión
02-14 20:03:15.206 16488 16488 I VerificarSesion: Contador: 197000
02-14 20:03:16.208 16488 16488 I VerificarSesion: Guarda Sesión
02-14 20:03:16.209 16488 16488 I VerificarSesion: Contador: 198000
02-14 20:03:17.212 16488 16488 I VerificarSesion: Guarda Sesión
02-14 20:03:17.213 16488 16488 I VerificarSesion: Contador: 199000
02-14 20:03:18.215 16488 16488 I VerificarSesion: Guarda Sesión
02-14 20:03:18.216 16488 16488 I VerificarSesion: Contador: 200000
02-14 20:03:19.218 16488 16488 I VerificarSesion: Guarda Sesión
02-14 20:03:19.219 16488 16488 I VerificarSesion: Contador: 201000
02-14 20:03:20.221 16488 16488 I VerificarSesion: Guarda Sesión
02-14 20:03:20.222 16488 16488 I VerificarSesion: Contador: 202000
02-14 20:03:21.223 16488 16488 I VerificarSesion: Guarda Sesión
02-14 20:03:21.225 16488 16488 I VerificarSesion: Contador: 203000
02-14 20:03:22.227 16488 16488 I VerificarSesion: Guarda Sesión
02-14 20:03:22.228 16488 16488 I VerificarSesion: Contador: 204000
02-14 20:03:23.229 16488 16488 I VerificarSesion: Guarda Sesión
02-14 20:03:23.230 16488 16488 I VerificarSesion: Contador: 205000
02-14 20:03:24.232 16488 16488 I VerificarSesion: Guarda Sesión
02-14 20:03:24.233 16488 16488 I VerificarSesion: Contador: 206000
02-14 20:03:25.234 16488 16488 I VerificarSesion: Guarda Sesión
02-14 20:03:25.235 16488 16488 I VerificarSesion: Contador: 207000
02-14 20:03:26.237 16488 16488 I VerificarSesion: Guarda Sesión
02-14 20:03:26.238 16488 16488 I VerificarSesion: Contador: 208000
02-14 20:03:27.239 16488 16488 I VerificarSesion: Guarda Sesión
02-14 20:03:27.240 16488 16488 I VerificarSesion: Contador: 209000
02-14 20:03:28.241 16488 16488 I VerificarSesion: Guarda Sesión
02-14 20:03:28.242 16488 16488 I VerificarSesion: Contador: 210000
02-14 20:03:29.244 16488 16488 I VerificarSesion: Guarda Sesión
02-14 20:03:29.245 16488 16488 I VerificarSesion: Contador: 211000
02-14 20:03:30.246 16488 16488 I VerificarSesion: Guarda Sesión
02-14 20:03:30.247 16488 16488 I VerificarSesion: Contador: 212000
02-14 20:03:31.249 16488 16488 I VerificarSesion: Guarda Sesión
02-14 20:03:31.250 16488 16488 I VerificarSesion: Contador: 213000
02-14 20:03:32.251 16488 16488 I VerificarSesion: Guarda Sesión
02-14 20:03:32.251 16488 16488 I VerificarSesion: Contador: 214000
02-14 20:03:33.251 16488 16488 I VerificarSesion: Guarda Sesión
02-14 20:03:33.252 16488 16488 I VerificarSesion: Contador: 215000
02-14 20:03:34.253 16488 16488 I VerificarSesion: Guarda Sesión
02-14 20:03:34.253 16488 16488 I VerificarSesion: Contador: 216000
02-14 20:03:35.254 16488 16488 I VerificarSesion: Guarda Sesión
02-14 20:03:35.255 16488 16488 I VerificarSesion: Contador: 217000
02-14 20:03:36.256 16488 16488 I VerificarSesion: Guarda Sesión
02-14 20:03:36.257 16488 16488 I VerificarSesion: Contador: 218000
02-14 20:03:37.258 16488 16488 I VerificarSesion: Guarda Sesión
02-14 20:03:37.258 16488 16488 I VerificarSesion: Contador: 219000
02-14 20:03:38.260 16488 16488 I VerificarSesion: Guarda Sesión
02-14 20:03:38.261 16488 16488 I VerificarSesion: Contador: 220000
02-14 20:03:39.263 16488 16488 I VerificarSesion: Guarda Sesión
02-14 20:03:39.264 16488 16488 I VerificarSesion: Contador: 221000
02-14 20:03:40.266 16488 16488 I VerificarSesion: Guarda Sesión
02-14 20:03:40.267 16488 16488 I VerificarSesion: Contador: 222000
02-14 20:03:41.270 16488 16488 I VerificarSesion: Guarda Sesión
02-14 20:03:41.272 16488 16488 I VerificarSesion: Contador: 223000
02-14 20:03:42.272 16488 16488 I VerificarSesion: Guarda Sesión
02-14 20:03:42.274 16488 16488 I VerificarSesion: Contador: 224000
02-14 20:03:43.275 16488 16488 I VerificarSesion: Guarda Sesión
02-14 20:03:43.276 16488 16488 I VerificarSesion: Contador: 225000
02-14 20:03:44.278 16488 16488 I VerificarSesion: Guarda Sesión
02-14 20:03:44.279 16488 16488 I VerificarSesion: Contador: 226000
02-14 20:03:45.281 16488 16488 I VerificarSesion: Guarda Sesión
02-14 20:03:45.282 16488 16488 I VerificarSesion: Contador: 227000
02-14 20:03:46.285 16488 16488 I VerificarSesion: Guarda Sesión
02-14 20:03:46.286 16488 16488 I VerificarSesion: Contador: 228000
02-14 20:03:47.288 16488 16488 I VerificarSesion: Guarda Sesión
02-14 20:03:47.289 16488 16488 I VerificarSesion: Contador: 229000
02-14 20:03:48.290 16488 16488 I VerificarSesion: Guarda Sesión
02-14 20:03:48.291 16488 16488 I VerificarSesion: Contador: 230000
02-14 20:03:49.292 16488 16488 I VerificarSesion: Guarda Sesión
02-14 20:03:49.293 16488 16488 I VerificarSesion: Contador: 231000
02-14 20:03:50.295 16488 16488 I VerificarSesion: Guarda Sesión
02-14 20:03:50.296 16488 16488 I VerificarSesion: Contador: 232000
02-14 20:03:51.297 16488 16488 I VerificarSesion: Guarda Sesión
02-14 20:03:51.298 16488 16488 I VerificarSesion: Contador: 233000
02-14 20:03:52.300 16488 16488 I VerificarSesion: Guarda Sesión
02-14 20:03:52.301 16488 16488 I VerificarSesion: Contador: 234000
02-14 20:03:53.302 16488 16488 I VerificarSesion: Guarda Sesión
02-14 20:03:53.303 16488 16488 I VerificarSesion: Contador: 235000
02-14 20:03:54.304 16488 16488 I VerificarSesion: Guarda Sesión
02-14 20:03:54.305 16488 16488 I VerificarSesion: Contador: 236000
02-14 20:03:55.306 16488 16488 I VerificarSesion: Guarda Sesión
02-14 20:03:55.308 16488 16488 I VerificarSesion: Contador: 237000
02-14 20:03:56.309 16488 16488 I VerificarSesion: Guarda Sesión
02-14 20:03:56.310 16488 16488 I VerificarSesion: Contador: 238000
02-14 20:03:57.312 16488 16488 I VerificarSesion: Guarda Sesión
02-14 20:03:57.313 16488 16488 I VerificarSesion: Contador: 239000
02-14 20:03:58.314 16488 16488 I VerificarSesion: Guarda Sesión
02-14 20:03:58.316 16488 16488 I VerificarSesion: Contador: 240000
02-14 20:03:59.317 16488 16488 I VerificarSesion: Guarda Sesión
02-14 20:03:59.318 16488 16488 I VerificarSesion: Contador: 241000
02-14 20:04:00.321 16488 16488 I VerificarSesion: Guarda Sesión
02-14 20:04:00.322 16488 16488 I VerificarSesion: Contador: 242000
02-14 20:04:01.323 16488 16488 I VerificarSesion: Guarda Sesión
02-14 20:04:01.324 16488 16488 I VerificarSesion: Contador: 243000
02-14 20:04:02.326 16488 16488 I VerificarSesion: Guarda Sesión
02-14 20:04:02.327 16488 16488 I VerificarSesion: Contador: 244000
02-14 20:04:03.329 16488 16488 I VerificarSesion: Guarda Sesión
02-14 20:04:03.330 16488 16488 I VerificarSesion: Contador: 245000
02-14 20:04:04.332 16488 16488 I VerificarSesion: Guarda Sesión
02-14 20:04:04.333 16488 16488 I VerificarSesion: Contador: 246000
02-14 20:04:05.335 16488 16488 I VerificarSesion: Guarda Sesión
02-14 20:04:05.336 16488 16488 I VerificarSesion: Contador: 247000
02-14 20:04:06.338 16488 16488 I VerificarSesion: Guarda Sesión
02-14 20:04:06.339 16488 16488 I VerificarSesion: Contador: 248000
02-14 20:04:07.341 16488 16488 I VerificarSesion: Guarda Sesión
02-14 20:04:07.342 16488 16488 I VerificarSesion: Contador: 249000
02-14 20:04:08.343 16488 16488 I VerificarSesion: Guarda Sesión
02-14 20:04:08.344 16488 16488 I VerificarSesion: Contador: 250000
02-14 20:04:09.345 16488 16488 I VerificarSesion: Guarda Sesión
02-14 20:04:09.346 16488 16488 I VerificarSesion: Contador: 251000
02-14 20:04:10.348 16488 16488 I VerificarSesion: Guarda Sesión
02-14 20:04:10.349 16488 16488 I VerificarSesion: Contador: 252000
02-14 20:04:11.351 16488 16488 I VerificarSesion: Guarda Sesión
02-14 20:04:11.352 16488 16488 I VerificarSesion: Contador: 253000
02-14 20:04:12.355 16488 16488 I VerificarSesion: Guarda Sesión
02-14 20:04:12.355 16488 16488 I VerificarSesion: Contador: 254000
02-14 20:04:13.357 16488 16488 I VerificarSesion: Guarda Sesión
02-14 20:04:13.358 16488 16488 I VerificarSesion: Contador: 255000
02-14 20:04:14.360 16488 16488 I VerificarSesion: Guarda Sesión
02-14 20:04:14.361 16488 16488 I VerificarSesion: Contador: 256000
02-14 20:04:15.363 16488 16488 I VerificarSesion: Guarda Sesión
02-14 20:04:15.365 16488 16488 I VerificarSesion: Contador: 257000
02-14 20:04:16.368 16488 16488 I VerificarSesion: Guarda Sesión
02-14 20:04:16.369 16488 16488 I VerificarSesion: Contador: 258000
02-14 20:04:17.373 16488 16488 I VerificarSesion: Guarda Sesión
02-14 20:04:17.374 16488 16488 I VerificarSesion: Contador: 259000
02-14 20:04:18.376 16488 16488 I VerificarSesion: Guarda Sesión
02-14 20:04:18.377 16488 16488 I VerificarSesion: Contador: 260000
02-14 20:04:19.379 16488 16488 I VerificarSesion: Guarda Sesión
02-14 20:04:19.380 16488 16488 I VerificarSesion: Contador: 261000
02-14 20:04:20.383 16488 16488 I VerificarSesion: Guarda Sesión
02-14 20:04:20.385 16488 16488 I VerificarSesion: Contador: 262000
02-14 20:04:21.387 16488 16488 I VerificarSesion: Guarda Sesión
02-14 20:04:21.388 16488 16488 I VerificarSesion: Contador: 263000
02-14 20:04:22.391 16488 16488 I VerificarSesion: Guarda Sesión
02-14 20:04:22.392 16488 16488 I VerificarSesion: Contador: 264000
02-14 20:04:23.393 16488 16488 I VerificarSesion: Guarda Sesión
02-14 20:04:23.394 16488 16488 I VerificarSesion: Contador: 265000
02-14 20:04:24.395 16488 16488 I VerificarSesion: Guarda Sesión
02-14 20:04:24.396 16488 16488 I VerificarSesion: Contador: 266000
02-14 20:04:25.399 16488 16488 I VerificarSesion: Guarda Sesión
02-14 20:04:25.400 16488 16488 I VerificarSesion: Contador: 267000
