02-17 09:03:08.436 14675 14675 I VerificarSesion: Contador: 0
02-17 09:03:09.022 14675 14675 E AndroidCameraApi: onPause
02-17 09:03:09.022 14675 14675 D CameraExtImplXiaoMi: releaseCameraDevice: 1
02-17 09:03:09.040 14675 14675 D CameraDevice-JV-1: close: E. id = 1
02-17 09:03:09.052 14675 17388 W CameraDevice-JV-1: Device error received, code 4,
frame number 510, request ID 0, subseq ID 0
02-17 09:03:09.135 1ificarSesion: Contador: 5000
02-17 09:02:58.397 14675 14675 I VerificarSesion: Guarda Sesión
02-17 09:02:58.398 14675 14675 I VerificarSesion: Contador: 6000
02-17 09:02:59.399 14675 14675 I VerificarSesion: Guarda Sesión
02-17 09:02:59.399 14675 14675 I VerificarSesion: Contador: 7000
02-17 09:03:00.401 14675 14675 I VerificarSesion: Guarda Sesión
02-17 09:03:00.402 14675 14675 I VerificarSesion: Contador: 8000
02-17 09:03:01.403 14675 14675 I VerificarSesion: Guarda Sesión
02-17 09:03:01.405 14675 14675 I VerificarSesion: Contador: 9000
02-17 09:03:02.406 14675 14675 I VerificarSesion: Guarda Sesión
02-17 09:03:02.408 14675 14675 I VerificarSesion: Contador: 10000
02-17 09:03:03.423 14675 14675 I VerificarSesion: Guarda Sesión
02-17 09:03:03.425 14675 14675 I VerificarSesion: Contador: 11000
02-17 09:03:04.426 14675 14675 I VerificarSesion: Guarda Sesión
02-17 09:03:04.427 14675 14675 I VerificarSesion: Contador: 12000
02-17 09:03:05.428 14675 14675 I VerificarSesion: Guarda Sesión
02-17 09:03:05.429 14675 14675 I VerificarSesion: Contador: 13000
02-17 09:03:06.430 14675 14675 I VerificarSesion: Guarda Sesión
02-17 09:03:06.431 14675 14675 I VerificarSesion: Contador: 14000
02-17 09:03:07.432 14675 14675 I VerificarSesion: Guarda Sesión
02-17 09:03:07.434 14675 14675 I VerificarSesion: Contador: 15000
02-17 09:03:08.123 14675 14675 I LogD2movil: Fecha: 2023/febrero/17
02-17 09:03:08.123 14675 14675 I LogD2movil: Hora: 09:03:08 a. m.
02-17 09:03:08.123 14675 14675 I LogD2movil: Servicio Web: getAndroidID
02-17 09:03:08.123 14675 14675 I LogD2movil: Get Data: 1166445d84bfca5c
02-17 09:03:08.123 14675 14675 I LogD2movil: Mensaje: AndroidID
02-17 09:03:08.134 14675 14675 I HandWritingStubImpl: isKeyboardTypeChanged: false
02-17 09:03:08.140 14675 21744 I LogD2movil: Fecha: 2023/febrero/17
02-17 09:03:08.140 14675 21744 I LogD2movil: Hora: 09:03:08 a. m.
02-17 09:03:08.140 14675 21744 I LogD2movil: Servicio Web: historialNot -
https://www.d2servicios.com/d2web.api.uni/d2webdroid.asmx/HistNot
02-17 09:03:08.140 14675 21744 I LogD2movil: Subfunción: getParams
02-17 09:03:08.140 14675 21744 I LogD2movil: Send Data: N dias 0
02-17 09:03:08.140 14675 21744 I LogD2movil: Mensaje: Envío de parametros
02-17 09:03:08.141 14675 14675 I LogD2movil: Fecha: 2023/febrero/17
02-17 09:03:08.141 14675 14675 I LogD2movil: Hora: 09:03:08 a. m.
02-17 09:03:08.141 14675 14675 I LogD2movil: ********* Módulo: Marcaciones
*********
02-17 09:03:08.321 14675 14675 I LogD2movil: Fecha: 2023/febrero/17
02-17 09:03:08.321 14675 14675 I LogD2movil: Hora: 09:03:08 a. m.
02-17 09:03:08.321 14675 14675 I LogD2movil: Servicio Web: historialNot -
https://www.d2servicios.com/d2web.api.uni/d2webdroid.asmx/HistNot
02-17 09:03:08.321 14675 14675 I LogD2movil: Subfunción: OnResponse
02-17 09:03:08.321 14675 14675 I LogD2movil: Get Data: Num notificaciones: 0
02-17 09:03:08.436 14675 14675 I VerificarSesion: Guarda Sesión
02-17 09:03:08.436 14675 14675 I VerificarSesion: Contador: 0
02-17 09:03:09.022 14675 14675 E AndroidCameraApi: onPause
02-17 09:03:09.022 14675 14675 D CameraExtImplXiaoMi: releaseCameraDevice: 1
02-17 09:03:09.040 14675 14675 D CameraDevice-JV-1: close: E. id = 1
02-17 09:03:09.052 14675 17388 W CameraDevice-JV-1: Device error received, code 4,
frame number 510, request ID 0, subseq ID 0
02-17 09:03:09.135 14675 14675 D CameraDevice-JV-1: close: X
02-17 09:03:09.135 14675 17388 W CameraDevice-JV-1: Device error received, code 4,
frame number 508, request ID 0, subseq ID 0
02-17 09:03:09.135 14675 14910 W CameraDevice-JV-1: Device error received, code 4,
frame number 505, request ID 0, subseq ID 0
02-17 09:03:09.135 14675 14910 W CameraDevice-JV-1: Device error received, code 5,
frame number 505, request ID 0, subseq ID 0
02-17 09:03:09.135 14675 17388 W CameraDevice-JV-1: Device error received, code 5,
frame number 510, request ID 0, subseq ID 0
02-17 09:03:09.135 14675 17388 W CameraDevice-JV-1: Device error received, code 4,
frame number 506, request ID 0, subseq ID 0
02-17 09:03:09.135 14675 17388 W Cam4675 14675 D CameraDevice-JV-1: close: X
02-17 09:03:09.135 14675 17388 W CameraDevice-JV-1: Device error received, code 4,
frame number 508, request ID 0, subseq ID 0
02-17 09:03:09.135 14675 14910 W CameraDevice-JV-1: Device error received, code 4,
frame number 505, request ID 0, subseq ID 0
02-17 09:03:09.135 14675 14910 W CameraDevice-JV-1: Device error received, code 5,
frame number 505, request ID 0, subseq ID 0
02-17 09:03:09.135 14675 17388 W CameraDevice-JV-1: Device error received, code 5,
frame number 510, request ID 0, subseq ID 0
02-17 09:03:09.135 14675 17388 W CameraDevice-JV-1: Device error received, code 4,
frame number 506, request ID 0, subseq ID 0
02-17 09:03:09.135 14675 17388 W CameraDevice-JV-1: Device error received, code 5,
frame number 506, request ID 0, subseq ID 0
02-17 09:03:09.135 14675 17388 W CameraDevice-JV-1: Device error received, code 4,
frame number 507, request ID 0, subseq ID 0
02-17 09:03:09.135 14675 17388 W CameraDevice-JV-1: Device error received, code 5,
frame number 507, request ID 0, subseq ID 0
02-17 09:03:09.135 14675 17388 W CameraDevice-JV-1: Device error received, code 5,
frame number 508, request ID 0, subseq ID 0
02-17 09:03:09.135 14675 17388 W CameraDevice-JV-1: Device error received, code 4,
frame number 509, request ID 0, subseq ID 0
02-17 09:03:09.136 14675 17388 W CameraDevice-JV-1: Device error received, code 5,
frame number 509, request ID 0, subseq ID 0
02-17 09:03:09.136 14675 14675 W Activity: PerfMonitor: Slow Operation: Activity
ec.biometrika.d2web2/.MenuPrincipalActivity onPause took 114ms
02-17 09:03:09.437 14675 14675 I VerificarSesion: Guarda Sesión
02-17 09:03:09.437 14675 14675 I VerificarSesion: Contador: 0
02-17 09:03:10.438 14675 14675 I VerificarSesion: Guarda Sesión
02-17 09:03:10.438 14675 14675 I VerificarSesion: Contador: 1000
02-17 09:03:12.560 14675 14675 D Network : Network
02-17 09:03:12.567 14675 14675 D Network : Network
02-17 09:03:12.579 14675 14675 D Network : Network
02-17 09:03:12.580 14675 14675 W Activity: PerfMonitor: Slow Operation: Activity
ec.biometrika.d2web2/.MenuPrincipalActivity onActivityResult took 2032ms
02-17 09:03:12.582 14675 14675 E AndroidCameraApi: is camera open
02-17 09:03:12.582 14675 14675 I Selfie : findFirstFrontFacingCamera - inicio
02-17 09:03:12.582 14675 14675 W libc : Access denied finding property
"vendor.camera.aux.packagelist"
02-17 09:03:12.583 14675 14675 W libc : Access denied finding property
"vendor.camera.aux.packagelist"
02-17 09:03:12.585 14675 14675 I Selfie : Camara: 0
02-17 09:03:12.585 14675 14675 W libc : Access denied finding property
"vendor.camera.aux.packagelist"
02-17 09:03:12.586 14675 14675 I Selfie : Camara: 1
02-17 09:03:12.586 14675 14675 I Selfie : findFirstFrontFacingCamera - fin
02-17 09:03:12.586 14675 14675 E AndroidCameraApi: CameraId: 1
02-17 09:03:12.586 14675 14675 E AndroidCameraApi: intent openCamera
02-17 09:03:12.588 14675 14675 W libc : Access denied finding property
"persist.vendor.camera.privapp.list"
02-17 09:03:12.588 14675 14675 D CameraExtImplXiaoMi: initCameraDevice: 1
02-17 09:03:12.636 14675 14675 E AndroidCameraApi: openCamera X
02-17 09:03:12.637 14675 14675 W Looper : PerfMonitor longMsg : seq=3709
plan=09:03:10.548 late=0ms wall=2088ms running=23ms runnable=9ms
h=android.app.ActivityThread$H w=159 procState=-1
02-17 09:03:12.637 14675 14675 I VerificarSesion: Guarda Sesión
02-17 09:03:12.637 14675 14675 I VerificarSesion: Contador: 2000
02-17 09:03:12.642 14675 14675 E AndroidCameraApi: onOpened
02-17 09:03:12.644 14675 14675 D CameraDevice-JV-1: waitUntilIdle: E. id = 1
02-17 09:03:12.644 14675 14675 D CameraDevice-JV-1: waitUntilIdle: X
02-17 09:03:12.691 14675 14675 I HandWritingStubImpl: isKeyboardTypeChanged: false
02-17 09:03:12.691 14675 14675 I HandWritingStubImpl: refreshLastKeyboardType: 1
02-17 09:03:12.691 14675 14675 I HandWritingStubImpl: getCurrentKeyboardType: 1
02-17 09:03:12.696 14675 14675 I HandWritingStubImpl: isKeyboardTypeChanged: false
02-17 09:03:12.769 14675 14675 D Network : Network
02-17 09:03:12.771 14eraDevice-JV-1: Device error received, code 5, frame number
506, request ID 0, subseq ID 0
02-17 09:03:09.135 14675 17388 W CameraDevice-JV-1: Device error received, code 4,
frame number 507, request ID 0, subseq ID 0
02-17 09:03:09.135 14675 17388 W CameraDevice-JV-1: Device error received, code 5,
frame number 507, request ID 0, subseq ID 0
02-17 09:03:09.135 14675 17388 W CameraDevice-JV-1: Device error received, code 5,
frame number 508, request ID 0, subseq ID 0
02-17 09:03:09.135 14675 17388 W CameraDevice-JV-1: Device error received, code 4,
frame number 509, request ID 0, subseq ID 0
02-17 09:03:09.136 14675 17388 W CameraDevice-JV-1: Device error received, code 5,
frame number 509, request ID 0, subseq ID 0
02-17 09:03:09.136 14675 14675 W Activity: PerfMonitor: Slow Operation: Activity
ec.biometrika.d2web2/.MenuPrincipalActivity onPause took 114ms
02-17 09:03:09.437 14675 14675 I VerificarSesion: Guarda Sesión
02-17 09:03:09.437 14675 14675 I VerificarSesion: Contador: 0
02-17 09:03:10.438 14675 14675 I VerificarSesion: Guarda Sesión
02-17 09:03:10.438 14675 14675 I VerificarSesion: Contador: 1000
02-17 09:03:12.560 14675 14675 D Network : Network
02-17 09:03:12.567 14675 14675 D Network : Network
02-17 09:03:12.579 14675 14675 D Network : Network
02-17 09:03:12.580 14675 14675 W Activity: PerfMonitor: Slow Operation: Activity
ec.biometrika.d2web2/.MenuPrincipalActivity onActivityResult took 2032ms
02-17 09:03:12.582 14675 14675 E AndroidCameraApi: is camera open
02-17 09:03:12.582 14675 14675 I Selfie : findFirstFrontFacingCamera - inicio
02-17 09:03:12.582 14675 14675 W libc : Access denied finding property
"vendor.camera.aux.packagelist"
02-17 09:03:12.583 14675 14675 W libc : Access denied finding property
"vendor.camera.aux.packagelist"
02-17 09:03:12.585 14675 14675 I Selfie : Camara: 0
02-17 09:03:12.585 14675 14675 W libc : Access denied finding property
"vendor.camera.aux.packagelist"
02-17 09:03:12.586 14675 14675 I Selfie : Camara: 1
02-17 09:03:12.586 14675 14675 I Selfie : findFirstFrontFacingCamera - fin
02-17 09:03:12.586 14675 14675 E AndroidCameraApi: CameraId: 1
02-17 09:03:12.586 14675 14675 E AndroidCameraApi: intent openCamera
02-17 09:03:12.588 14675 14675 W libc : Access denied finding property
"persist.vendor.camera.privapp.list"
02-17 09:03:12.588 14675 14675 D CameraExtImplXiaoMi: initCameraDevice: 1
02-17 09:03:12.636 14675 14675 E AndroidCameraApi: openCamera X
02-17 09:03:12.637 14675 14675 W Looper : PerfMonitor longMsg : seq=3709
plan=09:03:10.548 late=0ms wall=2088ms running=23ms runnable=9ms
h=android.app.ActivityThread$H w=159 procState=-1
02-17 09:03:12.637 14675 14675 I VerificarSesion: Guarda Sesión
02-17 09:03:12.637 14675 14675 I VerificarSesion: Contador: 2000
02-17 09:03:12.642 14675 14675 E AndroidCameraApi: onOpened
02-17 09:03:12.644 14675 14675 D CameraDevice-JV-1: waitUntilIdle: E. id = 1
02-17 09:03:12.644 14675 14675 D CameraDevice-JV-1: waitUntilIdle: X
02-17 09:03:12.691 14675 14675 I HandWritingStubImpl: isKeyboardTypeChanged: false
02-17 09:03:12.691 14675 14675 I HandWritingStubImpl: refreshLastKeyboardType: 1
02-17 09:03:12.691 14675 14675 I HandWritingStubImpl: getCurrentKeyboardType: 1
02-17 09:03:12.696 14675 14675 I HandWritingStubImpl: isKeyboardTypeChanged: false
02-17 09:03:12.769 14675 14675 D Network : Network
02-17 09:03:12.771 14675 14675 D Network : Network
02-17 09:03:12.774 14675 14675 D Network : Network
02-17 09:03:12.781 14675 14675 I LogD2movil: Fecha: 2023/febrero/17
02-17 09:03:12.781 14675 14675 I LogD2movil: Hora: 09:03:12 a. m.
02-17 09:03:12.781 14675 14675 I LogD2movil: Subfunción: imgGPS.setOnClickListener
02-17 09:03:12.781 14675 14675 I LogD2movil: Send Data: lat/lng: (-1.1948198,-
78.5925204) HORAGPSGPS: 2023-02-17 09:03:11
02-17 09:03:12.781 14675 14675 I LogD2movil: Mensaje: Obtiene localización
02-17 09:03:12.897 14675 14736 W qdgralloc: getInterlacedFlag: getMetaData returned
-22, defaulting to interlaced_flag = 0
02-17 09:03:12.931 14675 14736 W qdgralloc: getInterlacedFlag: getMetaData returned
-2675 14675 D Network : Network
02-17 09:03:12.774 14675 14675 D Network : Network
02-17 09:03:12.781 14675 14675 I LogD2movil: Fecha: 2023/febrero/17
02-17 09:03:12.781 14675 14675 I LogD2movil: Hora: 09:03:12 a. m.
02-17 09:03:12.781 14675 14675 I LogD2movil: Subfunción: imgGPS.setOnClickListener
02-17 09:03:12.781 14675 14675 I LogD2movil: Send Data: lat/lng: (-1.1948198,-
78.5925204) HORAGPSGPS: 2023-02-17 09:03:11
02-17 09:03:12.781 14675 14675 I LogD2movil: Mensaje: Obtiene localización
02-17 09:03:12.897 14675 14736 W qdgralloc: getInterlacedFlag: getMetaData returned
-22, defaulting to interlaced_flag = 0
02-17 09:03:12.931 14675 14736 W qdgralloc: getInterlacedFlag: getMetaData returned
-22, defaulting to interlaced_flag = 0
02-17 09:03:12.967 14675 14736 W qdgralloc: getInterlacedFlag: getMetaData returned
-22, defaulting to interlaced_flag = 0
02-17 09:03:12.996 14675 14736 W qdgralloc: getInterlacedFlag: getMetaData returned
-22, defaulting to interlaced_flag = 0
02-17 09:03:13.029 14675 14736 W qdgralloc: getInterlacedFlag: getMetaData returned
-22, defaulting to interlaced_flag = 0
02-17 09:03:13.046 14675 14736 W qdgralloc: getInterlacedFlag: getMetaData returned
-22, defaulting to interlaced_flag = 0
02-17 09:03:13.095 14675 14736 W qdgralloc: getInterlacedFlag: getMetaData returned
-22, defaulting to interlaced_flag = 0
02-17 09:03:13.128 14675 14736 W qdgralloc: getInterlacedFlag: getMetaData returned
-22, defaulting to interlaced_flag = 0
02-17 09:03:13.642 14675 14675 I VerificarSesion: Guarda Sesión
02-17 09:03:13.642 14675 14675 I VerificarSesion: Contador: 0
02-17 09:03:14.477 14675 17829 D TrafficStats: tagSocket(117) with
statsTag=0x20001101, statsUid=-1
02-17 09:03:14.478 14675 17827 D TrafficStats: tagSocket(120) with
statsTag=0x20001101, statsUid=-1
02-17 09:03:14.481 14675 17826 D TrafficStats: tagSocket(149) with
statsTag=0x20001101, statsUid=-1
02-17 09:03:14.645 14675 14675 I VerificarSesion: Guarda Sesión
02-17 09:03:14.646 14675 14675 I VerificarSesion: Contador: 1000
02-17 09:03:15.309 14675 14675 D Network : Network
02-17 09:03:15.314 14675 14675 D Network : Network
02-17 09:03:15.322 14675 14675 D Network : Network
02-17 09:03:15.328 14675 14675 I LogD2movil: Fecha: 2023/febrero/17
02-17 09:03:15.328 14675 14675 I LogD2movil: Hora: 09:03:15 a. m.
02-17 09:03:15.328 14675 14675 I LogD2movil: Subfunción: imgGPS.setOnClickListener
02-17 09:03:15.328 14675 14675 I LogD2movil: Send Data: lat/lng: (-1.1948198,-
78.5925204) HORAGPSGPS: 2023-02-17 09:03:11
02-17 09:03:15.328 14675 14675 I LogD2movil: Mensaje: Obtiene localización
02-17 09:03:15.658 14675 14675 I VerificarSesion: Guarda Sesión
02-17 09:03:15.658 14675 14675 I VerificarSesion: Contador: 0
02-17 09:03:15.949 14675 14675 D Network : Network
02-17 09:03:15.952 14675 14675 D Network : Network
02-17 09:03:15.957 14675 14675 D Network : Network
02-17 09:03:15.962 14675 14675 I LogD2movil: Fecha: 2023/febrero/17
02-17 09:03:15.962 14675 14675 I LogD2movil: Hora: 09:03:15 a. m.
02-17 09:03:15.962 14675 14675 I LogD2movil: Subfunción: imgGPS.setOnClickListener
02-17 09:03:15.962 14675 14675 I LogD2movil: Send Data: lat/lng: (-1.1948198,-
78.5925204) HORAGPSGPS: 2023-02-17 09:03:11
02-17 09:03:15.962 14675 14675 I LogD2movil: Mensaje: Obtiene localización
02-17 09:03:16.666 14675 14675 I VerificarSesion: Guarda Sesión
02-17 09:03:16.667 14675 14675 I VerificarSesion: Contador: 0
02-17 09:03:17.114 14675 14675 I ForceDarkHelperStubImpl: setViewRootImplForceDark:
false for ec.biometrika.d2web2.MenuPrincipalActivity@83c43d3, reason:
AppDarkModeEnable
02-17 09:03:17.128 14675 14675 D CameraDevice-JV-1: waitUntilIdle: E. id = 1
02-17 09:03:17.338 14675 14675 W BpBinder: Slow Binder: BpBinder transact took 210
ms, interface=android.hardware.camera2.ICameraDeviceUser, code=14 oneway=false
02-17 09:03:17.338 14675 14675 D CameraDevice-JV-1: waitUntilIdle: X
02-17 09:03:17.433 14675 22658 W ometrika.d2web2: Long monitor contention with
owner main (14675) at void
android.hardware.camera2.impl.CameraDeviceImpl.waitUntilIdle()2, defaulting to
interlaced_flag = 0
02-17 09:03:12.967 14675 14736 W qdgralloc: getInterlacedFlag: getMetaData returned
-22, defaulting to interlaced_flag = 0
02-17 09:03:12.996 14675 14736 W qdgralloc: getInterlacedFlag: getMetaData returned
-22, defaulting to interlaced_flag = 0
02-17 09:03:13.029 14675 14736 W qdgralloc: getInterlacedFlag: getMetaData returned
-22, defaulting to interlaced_flag = 0
02-17 09:03:13.046 14675 14736 W qdgralloc: getInterlacedFlag: getMetaData returned
-22, defaulting to interlaced_flag = 0
02-17 09:03:13.095 14675 14736 W qdgralloc: getInterlacedFlag: getMetaData returned
-22, defaulting to interlaced_flag = 0
02-17 09:03:13.128 14675 14736 W qdgralloc: getInterlacedFlag: getMetaData returned
-22, defaulting to interlaced_flag = 0
02-17 09:03:13.642 14675 14675 I VerificarSesion: Guarda Sesión
02-17 09:03:13.642 14675 14675 I VerificarSesion: Contador: 0
02-17 09:03:14.477 14675 17829 D TrafficStats: tagSocket(117) with
statsTag=0x20001101, statsUid=-1
02-17 09:03:14.478 14675 17827 D TrafficStats: tagSocket(120) with
statsTag=0x20001101, statsUid=-1
02-17 09:03:14.481 14675 17826 D TrafficStats: tagSocket(149) with
statsTag=0x20001101, statsUid=-1
02-17 09:03:14.645 14675 14675 I VerificarSesion: Guarda Sesión
02-17 09:03:14.646 14675 14675 I VerificarSesion: Contador: 1000
02-17 09:03:15.309 14675 14675 D Network : Network
02-17 09:03:15.314 14675 14675 D Network : Network
02-17 09:03:15.322 14675 14675 D Network : Network
02-17 09:03:15.328 14675 14675 I LogD2movil: Fecha: 2023/febrero/17
02-17 09:03:15.328 14675 14675 I LogD2movil: Hora: 09:03:15 a. m.
02-17 09:03:15.328 14675 14675 I LogD2movil: Subfunción: imgGPS.setOnClickListener
02-17 09:03:15.328 14675 14675 I LogD2movil: Send Data: lat/lng: (-1.1948198,-
78.5925204) HORAGPSGPS: 2023-02-17 09:03:11
02-17 09:03:15.328 14675 14675 I LogD2movil: Mensaje: Obtiene localización
02-17 09:03:15.658 14675 14675 I VerificarSesion: Guarda Sesión
02-17 09:03:15.658 14675 14675 I VerificarSesion: Contador: 0
02-17 09:03:15.949 14675 14675 D Network : Network
02-17 09:03:15.952 14675 14675 D Network : Network
02-17 09:03:15.957 14675 14675 D Network : Network
02-17 09:03:15.962 14675 14675 I LogD2movil: Fecha: 2023/febrero/17
02-17 09:03:15.962 14675 14675 I LogD2movil: Hora: 09:03:15 a. m.
02-17 09:03:15.962 14675 14675 I LogD2movil: Subfunción: imgGPS.setOnClickListener
02-17 09:03:15.962 14675 14675 I LogD2movil: Send Data: lat/lng: (-1.1948198,-
78.5925204) HORAGPSGPS: 2023-02-17 09:03:11
02-17 09:03:15.962 14675 14675 I LogD2movil: Mensaje: Obtiene localización
02-17 09:03:16.666 14675 14675 I VerificarSesion: Guarda Sesión
02-17 09:03:16.667 14675 14675 I VerificarSesion: Contador: 0
02-17 09:03:17.114 14675 14675 I ForceDarkHelperStubImpl: setViewRootImplForceDark:
false for ec.biometrika.d2web2.MenuPrincipalActivity@83c43d3, reason:
AppDarkModeEnable
02-17 09:03:17.128 14675 14675 D CameraDevice-JV-1: waitUntilIdle: E. id = 1
02-17 09:03:17.338 14675 14675 W BpBinder: Slow Binder: BpBinder transact took 210
ms, interface=android.hardware.camera2.ICameraDeviceUser, code=14 oneway=false
02-17 09:03:17.338 14675 14675 D CameraDevice-JV-1: waitUntilIdle: X
02-17 09:03:17.433 14675 22658 W ometrika.d2web2: Long monitor contention with
owner main (14675) at void
android.hardware.camera2.impl.CameraDeviceImpl.waitUntilIdle()
(CameraDeviceImpl.java:1445) waiters=0 in void
android.hardware.camera2.impl.CameraDeviceImpl$CameraDeviceCallbacks.onResultReceiv
ed(android.hardware.camera2.impl.CameraMetadataNative,
android.hardware.camera2.impl.CaptureResultExtras,
android.hardware.camera2.impl.PhysicalCaptureResultInfo[]) for 296ms
02-17 09:03:17.438 14675 14675 I ForceDarkHelperStubImpl: setViewRootImplForceDark:
false for ec.biometrika.d2web2.MenuPrincipalActivity@83c43d3, reason:
AppDarkModeEnable
02-17 09:03:17.446 14675 14736 W Parcel : Expecting binder but got null!
02-17 09:03:17.448 14675 14675 W Looper : PerfMonitor doFrame : time=16ms
vsyncFrame=0 latency=302ms procState=-1 historyMsgCount=11 (msgIndex=1 wall=333ms
seq=(CameraDeviceImpl.java:1445) waiters=0 in void
android.hardware.camera2.impl.CameraDeviceImpl$CameraDeviceCallbacks.onResultReceiv
ed(android.hardware.camera2.impl.CameraMetadataNative,
android.hardware.camera2.impl.CaptureResultExtras,
android.hardware.camera2.impl.PhysicalCaptureResultInfo[]) for 296ms
02-17 09:03:17.438 14675 14675 I ForceDarkHelperStubImpl: setViewRootImplForceDark:
false for ec.biometrika.d2web2.MenuPrincipalActivity@83c43d3, reason:
AppDarkModeEnable
02-17 09:03:17.446 14675 14736 W Parcel : Expecting binder but got null!
02-17 09:03:17.448 14675 14675 W Looper : PerfMonitor doFrame : time=16ms
vsyncFrame=0 latency=302ms procState=-1 historyMsgCount=11 (msgIndex=1 wall=333ms
seq=5147 running=25ms runnable=3ms io=1ms
h=android.view.ViewRootImpl$ViewRootHandler c=android.view.View$PerformClick)
02-17 09:03:17.651 14675 23014 W ImageReader_JNI: Unable to acquire a buffer item,
very likely client tried to acquire more than maxImages buffers
02-17 09:03:17.651 14675 23014 D qdgralloc: GetYUVPlaneInfo: Invalid format passed:
0x21
02-17 09:03:17.667 14675 14675 I VerificarSesion: Guarda Sesión
02-17 09:03:17.667 14675 14675 I VerificarSesion: Contador: 0
02-17 09:03:17.705 14675 23014 D CameraDevice-JV-1: waitUntilIdle: E. id = 1
02-17 09:03:17.705 14675 23014 D CameraDevice-JV-1: waitUntilIdle: X
02-17 09:03:17.784 14675 23551 I LogD2movil: Fecha: 2023/febrero/17
02-17 09:03:17.784 14675 23551 I LogD2movil: Hora: 09:03:17 a. m.
02-17 09:03:17.784 14675 23551 I LogD2movil: Servicio Web: getAndroidID
02-17 09:03:17.784 14675 23551 I LogD2movil: Get Data: 1166445d84bfca5c
02-17 09:03:17.784 14675 23551 I LogD2movil: Mensaje: AndroidID
02-17 09:03:17.788 14675 23551 I LogD2movil: Fecha: 2023/febrero/17
02-17 09:03:17.788 14675 23551 I LogD2movil: Hora: 09:03:17 a. m.
02-17 09:03:17.788 14675 23551 I LogD2movil: Servicio Web: getAndroidID
02-17 09:03:17.788 14675 23551 I LogD2movil: Get Data: 1166445d84bfca5c
02-17 09:03:17.788 14675 23551 I LogD2movil: Mensaje: AndroidID
02-17 09:03:17.793 14675 23551 I LogD2movil: Fecha: 2023/febrero/17
02-17 09:03:17.793 14675 23551 I LogD2movil: Hora: 09:03:17 a. m.
02-17 09:03:17.793 14675 23551 I LogD2movil: Servicio Web: llamarWebService
02-17 09:03:17.793 14675 23551 I LogD2movil: Subfunción: getParams
02-17 09:03:17.793 14675 23551 I LogD2movil: Send Data: id_emp 616 fechaHora 2023-
02-17 09:03:11 lugar lat/lng: (-1.1948198,-78.5925204) pic: 60****Map: 60
02-17 09:03:17.938 14675 14736 W qdgralloc: getInterlacedFlag: getMetaData returned
-22, defaulting to interlaced_flag = 0
02-17 09:03:17.971 14675 14736 W qdgralloc: getInterlacedFlag: getMetaData returned
-22, defaulting to interlaced_flag = 0
02-17 09:03:18.004 14675 14736 W qdgralloc: getInterlacedFlag: getMetaData returned
-22, defaulting to interlaced_flag = 0
02-17 09:03:18.037 14675 14736 W qdgralloc: getInterlacedFlag: getMetaData returned
-22, defaulting to interlaced_flag = 0
02-17 09:03:18.070 14675 14736 W qdgralloc: getInterlacedFlag: getMetaData returned
-22, defaulting to interlaced_flag = 0
02-17 09:03:18.103 14675 14736 W qdgralloc: getInterlacedFlag: getMetaData returned
-22, defaulting to interlaced_flag = 0
02-17 09:03:18.136 14675 14736 W qdgralloc: getInterlacedFlag: getMetaData returned
-22, defaulting to interlaced_flag = 0
02-17 09:03:18.169 14675 14736 W qdgralloc: getInterlacedFlag: getMetaData returned
-22, defaulting to interlaced_flag = 0
02-17 09:03:18.679 14675 14675 I VerificarSesion: Guarda Sesión
02-17 09:03:18.680 14675 14675 I VerificarSesion: Contador: 1000
02-17 09:03:19.071 14675 14675 I LogD2movil: Fecha: 2023/febrero/17
02-17 09:03:19.071 14675 14675 I LogD2movil: Hora: 09:03:19 a. m.
02-17 09:03:19.071 14675 14675 I LogD2movil: Servicio Web: llamarWebService -
https://www.d2servicios.com/d2web.api.uni/d2webdroid.asmx/RealizaMarcacionDroid
02-17 09:03:19.071 14675 14675 I LogD2movil: Subfunción: onResponse
02-17 09:03:19.071 14675 14675 I LogD2movil: Respuesta: 0
02-17 09:03:19.071 14675 14675 I LogD2movil: Mensaje: PROCESO OK.
02-17 09:03:19.085147 running=25ms runnable=3ms io=1ms
h=android.view.ViewRootImpl$ViewRootHandler c=android.view.View$PerformClick)
02-17 09:03:17.651 14675 23014 W ImageReader_JNI: Unable to acquire a buffer item,
very likely client tried to acquire more than maxImages buffers
02-17 09:03:17.651 14675 23014 D qdgralloc: GetYUVPlaneInfo: Invalid format passed:
0x21
02-17 09:03:17.667 14675 14675 I VerificarSesion: Guarda Sesión
02-17 09:03:17.667 14675 14675 I VerificarSesion: Contador: 0
02-17 09:03:17.705 14675 23014 D CameraDevice-JV-1: waitUntilIdle: E. id = 1
02-17 09:03:17.705 14675 23014 D CameraDevice-JV-1: waitUntilIdle: X
02-17 09:03:17.784 14675 23551 I LogD2movil: Fecha: 2023/febrero/17
02-17 09:03:17.784 14675 23551 I LogD2movil: Hora: 09:03:17 a. m.
02-17 09:03:17.784 14675 23551 I LogD2movil: Servicio Web: getAndroidID
02-17 09:03:17.784 14675 23551 I LogD2movil: Get Data: 1166445d84bfca5c
02-17 09:03:17.784 14675 23551 I LogD2movil: Mensaje: AndroidID
02-17 09:03:17.788 14675 23551 I LogD2movil: Fecha: 2023/febrero/17
02-17 09:03:17.788 14675 23551 I LogD2movil: Hora: 09:03:17 a. m.
02-17 09:03:17.788 14675 23551 I LogD2movil: Servicio Web: getAndroidID
02-17 09:03:17.788 14675 23551 I LogD2movil: Get Data: 1166445d84bfca5c
02-17 09:03:17.788 14675 23551 I LogD2movil: Mensaje: AndroidID
02-17 09:03:17.793 14675 23551 I LogD2movil: Fecha: 2023/febrero/17
02-17 09:03:17.793 14675 23551 I LogD2movil: Hora: 09:03:17 a. m.
02-17 09:03:17.793 14675 23551 I LogD2movil: Servicio Web: llamarWebService
02-17 09:03:17.793 14675 23551 I LogD2movil: Subfunción: getParams
02-17 09:03:17.793 14675 23551 I LogD2movil: Send Data: id_emp 616 fechaHora 2023-
02-17 09:03:11 lugar lat/lng: (-1.1948198,-78.5925204) pic: 60****Map: 60
02-17 09:03:17.938 14675 14736 W qdgralloc: getInterlacedFlag: getMetaData returned
-22, defaulting to interlaced_flag = 0
02-17 09:03:17.971 14675 14736 W qdgralloc: getInterlacedFlag: getMetaData returned
-22, defaulting to interlaced_flag = 0
02-17 09:03:18.004 14675 14736 W qdgralloc: getInterlacedFlag: getMetaData returned
-22, defaulting to interlaced_flag = 0
02-17 09:03:18.037 14675 14736 W qdgralloc: getInterlacedFlag: getMetaData returned
-22, defaulting to interlaced_flag = 0
02-17 09:03:18.070 14675 14736 W qdgralloc: getInterlacedFlag: getMetaData returned
-22, defaulting to interlaced_flag = 0
02-17 09:03:18.103 14675 14736 W qdgralloc: getInterlacedFlag: getMetaData returned
-22, defaulting to interlaced_flag = 0
02-17 09:03:18.136 14675 14736 W qdgralloc: getInterlacedFlag: getMetaData returned
-22, defaulting to interlaced_flag = 0
02-17 09:03:18.169 14675 14736 W qdgralloc: getInterlacedFlag: getMetaData returned
-22, defaulting to interlaced_flag = 0
02-17 09:03:18.679 14675 14675 I VerificarSesion: Guarda Sesión
02-17 09:03:18.680 14675 14675 I VerificarSesion: Contador: 1000
02-17 09:03:19.071 14675 14675 I LogD2movil: Fecha: 2023/febrero/17
02-17 09:03:19.071 14675 14675 I LogD2movil: Hora: 09:03:19 a. m.
02-17 09:03:19.071 14675 14675 I LogD2movil: Servicio Web: llamarWebService -
https://www.d2servicios.com/d2web.api.uni/d2webdroid.asmx/RealizaMarcacionDroid
02-17 09:03:19.071 14675 14675 I LogD2movil: Subfunción: onResponse
02-17 09:03:19.071 14675 14675 I LogD2movil: Respuesta: 0
02-17 09:03:19.071 14675 14675 I LogD2movil: Mensaje: PROCESO OK.
02-17 09:03:19.082 14675 14675 I ForceDarkHelperStubImpl: setViewRootImplForceDark:
false for ec.biometrika.d2web2.MenuPrincipalActivity@83c43d3, reason:
AppDarkModeEnable
02-17 09:03:19.106 14675 14675 I ForceDarkHelperStubImpl: setViewRootImplForceDark:
false for ec.biometrika.d2web2.MenuPrincipalActivity@83c43d3, reason:
AppDarkModeEnable
02-17 09:03:19.113 14675 14736 W Parcel : Expecting binder but got null!
02-17 09:03:19.115 14675 14675 I HandWritingStubImpl: isKeyboardTypeChanged: false
02-17 09:03:19.115 14675 14675 I HandWritingStubImpl: refreshLastKeyboardType: 1
02-17 09:03:19.115 14675 14675 I HandWritingStubImpl: getCurrentKeyboardType: 1
02-17 09:03:19.124 14675 14675 I HandWritingStubImpl: isKeyboardTyp2 14675 14675 I
ForceDarkHelperStubImpl: setViewRootImplForceDark: false for
ec.biometrika.d2web2.MenuPrincipalActivity@83c43d3, reason: AppDarkModeEnable
02-17 09:03:19.106 14675 14675 I ForceDarkHelperStubImpl: setViewRootImplForceDark:
false for ec.biometrika.d2web2.MenuPrincipalActivity@83c43d3, reason:
AppDarkModeEnable
02-17 09:03:19.113 14675 14736 W Parcel : Expecting binder but got null!
02-17 09:03:19.115 14675 14675 I HandWritingStubImpl: isKeyboardTypeChanged: false
02-17 09:03:19.115 14675 14675 I HandWritingStubImpl: refreshLastKeyboardType: 1
02-17 09:03:19.115 14675 14675 I HandWritingStubImpl: getCurrentKeyboardType: 1
02-17 09:03:19.124 14675 14675 I HandWritingStubImpl: isKeyboardTypeChanged: false
02-17 09:03:19.174 14675 14675 I HandWritingStubImpl: refreshLastKeyboardType: 1
02-17 09:03:19.174 14675 14675 I HandWritingStubImpl: getCurrentKeyboardType: 1
02-17 09:03:19.175 14675 14675 I HandWritingStubImpl: isKeyboardTypeChanged: false
02-17 09:03:19.680 14675 14675 I VerificarSesion: Guarda Sesión
02-17 09:03:19.681 14675 14675 I VerificarSesion: Contador: 2000
02-17 09:03:20.115 14675 14675 E AndroidCameraApi: onPause
02-17 09:03:20.120 14675 14675 D CameraExtImplXiaoMi: releaseCameraDevice: 1
02-17 09:03:20.150 14675 14675 D CameraDevice-JV-1: close: E. id = 1
02-17 09:03:20.168 14675 14690 W CameraDevice-JV-1: Device error received, code 4,
frame number 203, request ID 2, subseq ID 0
02-17 09:03:20.274 14675 14675 D CameraDevice-JV-1: close: X
02-17 09:03:20.275 14675 14690 W CameraDevice-JV-1: Device error received, code 4,
frame number 205, request ID 2, subseq ID 0
02-17 09:03:20.275 14675 14690 W CameraDevice-JV-1: Device error received, code 4,
frame number 202, request ID 2, subseq ID 0
02-17 09:03:20.275 14675 14690 W CameraDevice-JV-1: Device error received, code 4,
frame number 204, request ID 2, subseq ID 0
02-17 09:03:20.275 14675 14690 W CameraDevice-JV-1: Device error received, code 4,
frame number 206, request ID 2, subseq ID 0
02-17 09:03:20.276 14675 17388 W CameraDevice-JV-1: Device error received, code 5,
frame number 202, request ID 2, subseq ID 0
02-17 09:03:20.276 14675 17388 W CameraDevice-JV-1: Device error received, code 5,
frame number 203, request ID 2, subseq ID 0
02-17 09:03:20.276 14675 17388 W CameraDevice-JV-1: Device error received, code 5,
frame number 204, request ID 2, subseq ID 0
02-17 09:03:20.276 14675 17388 W CameraDevice-JV-1: Device error received, code 5,
frame number 205, request ID 2, subseq ID 0
02-17 09:03:20.276 14675 17388 W CameraDevice-JV-1: Device error received, code 5,
frame number 206, request ID 2, subseq ID 0
02-17 09:03:20.277 14675 14675 W Activity: PerfMonitor: Slow Operation: Activity
ec.biometrika.d2web2/.MenuPrincipalActivity onPause took 162ms
02-17 09:03:20.682 14675 14675 I VerificarSesion: Contador: 3000
02-17 09:03:21.684 14675 14675 I VerificarSesion: Contador: 4000
02-17 09:03:22.684 14675 14675 I VerificarSesion: Contador: 5000
02-17 09:03:23.771 14675 14675 I VerificarSesion: Contador: 6000
02-17 09:03:24.772 14675 14675 I VerificarSesion: Contador: 7000
02-17 09:03:25.225 14675 14688 W System : A resource failed to call
Surface.release.
02-17 09:03:25.226 14675 14688 W System : A resource failed to call
Surface.release.
02-17 09:03:25.227 14675 14688 W System : A resource failed to call
Surface.release.
02-17 09:03:25.228 14675 14688 W System : A resource failed to call close.
02-17 09:03:25.773 14675 14675 I VerificarSesion: Contador: 8000
02-17 09:03:26.774 14675 14675 I VerificarSesion: Contador: 9000
02-17 09:03:27.776 14675 14675 I VerificarSesion: Contador: 10000
02-17 09:03:28.778 14675 14675 I VerificarSesion: Contador: 11000
02-17 09:03:29.779 14675 14675 I VerificarSesion: Contador: 12000
02-17 09:03:32.208 14675 14675 I VerificarSesion: Contador: 13000
02-17 09:03:33.209 14675 14675 I VerificarSesion: Contador: 14000
02-17 09:03:34.210 14675 14675 I VerificarSesion: Contador: 15000
02-17 09:03:35.212 14675 14675 I VerificarSesion: Contador: 16000
02-17 09:03:41.179 14675 14675 I VerificarSesion: Contador:eChanged: false
02-17 09:03:19.174 14675 14675 I HandWritingStubImpl: refreshLastKeyboardType: 1
02-17 09:03:19.174 14675 14675 I HandWritingStubImpl: getCurrentKeyboardType: 1
02-17 09:03:19.175 14675 14675 I HandWritingStubImpl: isKeyboardTypeChanged: false
02-17 09:03:19.680 14675 14675 I VerificarSesion: Guarda Sesión
02-17 09:03:19.681 14675 14675 I VerificarSesion: Contador: 2000
02-17 09:03:20.115 14675 14675 E AndroidCameraApi: onPause
02-17 09:03:20.120 14675 14675 D CameraExtImplXiaoMi: releaseCameraDevice: 1
02-17 09:03:20.150 14675 14675 D CameraDevice-JV-1: close: E. id = 1
02-17 09:03:20.168 14675 14690 W CameraDevice-JV-1: Device error received, code 4,
frame number 203, request ID 2, subseq ID 0
02-17 09:03:20.274 14675 14675 D CameraDevice-JV-1: close: X
02-17 09:03:20.275 14675 14690 W CameraDevice-JV-1: Device error received, code 4,
frame number 205, request ID 2, subseq ID 0
02-17 09:03:20.275 14675 14690 W CameraDevice-JV-1: Device error received, code 4,
frame number 202, request ID 2, subseq ID 0
02-17 09:03:20.275 14675 14690 W CameraDevice-JV-1: Device error received, code 4,
frame number 204, request ID 2, subseq ID 0
02-17 09:03:20.275 14675 14690 W CameraDevice-JV-1: Device error received, code 4,
frame number 206, request ID 2, subseq ID 0
02-17 09:03:20.276 14675 17388 W CameraDevice-JV-1: Device error received, code 5,
frame number 202, request ID 2, subseq ID 0
02-17 09:03:20.276 14675 17388 W CameraDevice-JV-1: Device error received, code 5,
frame number 203, request ID 2, subseq ID 0
02-17 09:03:20.276 14675 17388 W CameraDevice-JV-1: Device error received, code 5,
frame number 204, request ID 2, subseq ID 0
02-17 09:03:20.276 14675 17388 W CameraDevice-JV-1: Device error received, code 5,
frame number 205, request ID 2, subseq ID 0
02-17 09:03:20.276 14675 17388 W CameraDevice-JV-1: Device error received, code 5,
frame number 206, request ID 2, subseq ID 0
02-17 09:03:20.277 14675 14675 W Activity: PerfMonitor: Slow Operation: Activity
ec.biometrika.d2web2/.MenuPrincipalActivity onPause took 162ms
02-17 09:03:20.682 14675 14675 I VerificarSesion: Contador: 3000
02-17 09:03:21.684 14675 14675 I VerificarSesion: Contador: 4000
02-17 09:03:22.684 14675 14675 I VerificarSesion: Contador: 5000
02-17 09:03:23.771 14675 14675 I VerificarSesion: Contador: 6000
02-17 09:03:24.772 14675 14675 I VerificarSesion: Contador: 7000
02-17 09:03:25.225 14675 14688 W System : A resource failed to call
Surface.release.
02-17 09:03:25.226 14675 14688 W System : A resource failed to call
Surface.release.
02-17 09:03:25.227 14675 14688 W System : A resource failed to call
Surface.release.
02-17 09:03:25.228 14675 14688 W System : A resource failed to call close.
02-17 09:03:25.773 14675 14675 I VerificarSesion: Contador: 8000
02-17 09:03:26.774 14675 14675 I VerificarSesion: Contador: 9000
02-17 09:03:27.776 14675 14675 I VerificarSesion: Contador: 10000
02-17 09:03:28.778 14675 14675 I VerificarSesion: Contador: 11000
02-17 09:03:29.779 14675 14675 I VerificarSesion: Contador: 12000
02-17 09:03:32.208 14675 14675 I VerificarSesion: Contador: 13000
02-17 09:03:33.209 14675 14675 I VerificarSesion: Contador: 14000
02-17 09:03:34.210 14675 14675 I VerificarSesion: Contador: 15000
02-17 09:03:35.212 14675 14675 I VerificarSesion: Contador: 16000
02-17 09:03:41.179 14675 14675 I VerificarSesion: Contador: 17000
02-17 09:03:42.181 14675 14675 I VerificarSesion: Contador: 18000
02-17 09:03:43.182 14675 14675 I VerificarSesion: Contador: 19000
02-17 09:03:50.184 14675 14675 I VerificarSesion: Contador: 20000
02-17 09:03:51.186 14675 14675 I VerificarSesion: Contador: 21000
02-17 09:03:52.188 14675 14675 I VerificarSesion: Contador: 22000
02-17 09:03:53.189 14675 14675 I VerificarSesion: Contador: 23000
02-17 09:04:00.389 14675 14675 I VerificarSesion: Contador: 24000
02-17 09:04:01.389 14675 14675 I VerificarSesion: Contador: 25000
02-17 09:04:02.391 14675 14675 I VerificarSesion: Contador: 26000
02-17 09:04:03.393 14675 14675 I VerificarSesion: Contador: 27000
02-17 09:04:07.468 14675 14675 I VerificarSes 17000
02-17 09:03:42.181 14675 14675 I VerificarSesion: Contador: 18000
02-17 09:03:43.182 14675 14675 I VerificarSesion: Contador: 19000
02-17 09:03:50.184 14675 14675 I VerificarSesion: Contador: 20000
02-17 09:03:51.186 14675 14675 I VerificarSesion: Contador: 21000
02-17 09:03:52.188 14675 14675 I VerificarSesion: Contador: 22000
02-17 09:03:53.189 14675 14675 I VerificarSesion: Contador: 23000
02-17 09:04:00.389 14675 14675 I VerificarSesion: Contador: 24000
02-17 09:04:01.389 14675 14675 I VerificarSesion: Contador: 25000
02-17 09:04:02.391 14675 14675 I VerificarSesion: Contador: 26000
02-17 09:04:03.393 14675 14675 I VerificarSesion: Contador: 27000
02-17 09:04:07.468 14675 14675 I VerificarSesion: Contador: 28000
02-17 09:04:08.131 14675 14675 I ForceDarkHelperStubImpl: setViewRootImplForceDark:
false for ec.biometrika.d2web2.MenuPrincipalActivity@83c43d3, reason:
AppDarkModeEnable
02-17 09:04:08.142 14675 23951 D AppScoutStateMachine: 14675-
ScoutStateMachinecreated
02-17 09:04:08.158 14675 14675 E AndroidCameraApi: is camera open
02-17 09:04:08.158 14675 14675 I Selfie : findFirstFrontFacingCamera - inicio
02-17 09:04:08.159 14675 14675 W libc : Access denied finding property
"vendor.camera.aux.packagelist"
02-17 09:04:08.160 14675 14675 W libc : Access denied finding property
"vendor.camera.aux.packagelist"
02-17 09:04:08.161 14675 14675 I Selfie : Camara: 0
02-17 09:04:08.161 14675 14675 W libc : Access denied finding property
"vendor.camera.aux.packagelist"
02-17 09:04:08.169 14675 14675 I Selfie : Camara: 1
02-17 09:04:08.169 14675 14675 I Selfie : findFirstFrontFacingCamera - fin
02-17 09:04:08.169 14675 14675 E AndroidCameraApi: CameraId: 1
02-17 09:04:08.169 14675 14675 E AndroidCameraApi: intent openCamera
02-17 09:04:08.170 14675 14675 W libc : Access denied finding property
"persist.vendor.camera.privapp.list"
02-17 09:04:08.170 14675 14675 D CameraExtImplXiaoMi: initCameraDevice: 1
02-17 09:04:08.269 14675 14675 E AndroidCameraApi: openCamera X
02-17 09:04:08.303 14675 14736 W qdgralloc: getInterlacedFlag: getMetaData returned
-22, defaulting to interlaced_flag = 0
02-17 09:04:08.314 14675 14675 E AndroidCameraApi: onOpened
02-17 09:04:08.333 14675 14675 D CameraDevice-JV-1: waitUntilIdle: E. id = 1
02-17 09:04:08.333 14675 14675 D CameraDevice-JV-1: waitUntilIdle: X
02-17 09:04:08.402 14675 14675 I HandWritingStubImpl: isKeyboardTypeChanged: false
02-17 09:04:08.402 14675 14675 I HandWritingStubImpl: refreshLastKeyboardType: 1
02-17 09:04:08.402 14675 14675 I HandWritingStubImpl: getCurrentKeyboardType: 1
02-17 09:04:08.405 14675 14675 I HandWritingStubImpl: isKeyboardTypeChanged: false
02-17 09:04:08.412 14675 14675 I HandWritingStubImpl: isKeyboardTypeChanged: false
02-17 09:04:08.476 14675 14675 I VerificarSesion: Guarda Sesión
02-17 09:04:08.477 14675 14675 I VerificarSesion: Contador: 29000
02-17 09:04:08.617 14675 14736 W qdgralloc: getInterlacedFlag: getMetaData returned
-22, defaulting to interlaced_flag = 0
02-17 09:04:08.631 14675 14736 W qdgralloc: getInterlacedFlag: getMetaData returned
-22, defaulting to interlaced_flag = 0
02-17 09:04:08.666 14675 14736 W qdgralloc: getInterlacedFlag: getMetaData returned
-22, defaulting to interlaced_flag = 0
02-17 09:04:08.697 14675 14736 W qdgralloc: getInterlacedFlag: getMetaData returned
-22, defaulting to interlaced_flag = 0
02-17 09:04:08.747 14675 14736 W qdgralloc: getInterlacedFlag: getMetaData returned
-22, defaulting to interlaced_flag = 0
02-17 09:04:08.780 14675 14736 W qdgralloc: getInterlacedFlag: getMetaData returned
-22, defaulting to interlaced_flag = 0
02-17 09:04:08.812 14675 14736 W qdgralloc: getInterlacedFlag: getMetaData returned
-22, defaulting to interlaced_flag = 0
02-17 09:04:08.829 14675 14736 W qdgralloc: getInterlacedFlag: getMetaData returned
-22, defaulting to interlaced_flag = 0
02-17 09:04:09.477 14675 14675 I VerificarSesion: Guarda Sesión
02-17 09:04:09.477 14675 14675 I VerificarSesion: Contador: 30000
02-17 09:04:09.695 14675 14675 E AndroidCameraApi: onPause
02-17 09:04:09.696 14675 14675 D Caion: Contador: 28000
02-17 09:04:08.131 14675 14675 I ForceDarkHelperStubImpl: setViewRootImplForceDark:
false for ec.biometrika.d2web2.MenuPrincipalActivity@83c43d3, reason:
AppDarkModeEnable
02-17 09:04:08.142 14675 23951 D AppScoutStateMachine: 14675-
ScoutStateMachinecreated
02-17 09:04:08.158 14675 14675 E AndroidCameraApi: is camera open
02-17 09:04:08.158 14675 14675 I Selfie : findFirstFrontFacingCamera - inicio
02-17 09:04:08.159 14675 14675 W libc : Access denied finding property
"vendor.camera.aux.packagelist"
02-17 09:04:08.160 14675 14675 W libc : Access denied finding property
"vendor.camera.aux.packagelist"
02-17 09:04:08.161 14675 14675 I Selfie : Camara: 0
02-17 09:04:08.161 14675 14675 W libc : Access denied finding property
"vendor.camera.aux.packagelist"
02-17 09:04:08.169 14675 14675 I Selfie : Camara: 1
02-17 09:04:08.169 14675 14675 I Selfie : findFirstFrontFacingCamera - fin
02-17 09:04:08.169 14675 14675 E AndroidCameraApi: CameraId: 1
02-17 09:04:08.169 14675 14675 E AndroidCameraApi: intent openCamera
02-17 09:04:08.170 14675 14675 W libc : Access denied finding property
"persist.vendor.camera.privapp.list"
02-17 09:04:08.170 14675 14675 D CameraExtImplXiaoMi: initCameraDevice: 1
02-17 09:04:08.269 14675 14675 E AndroidCameraApi: openCamera X
02-17 09:04:08.303 14675 14736 W qdgralloc: getInterlacedFlag: getMetaData returned
-22, defaulting to interlaced_flag = 0
02-17 09:04:08.314 14675 14675 E AndroidCameraApi: onOpened
02-17 09:04:08.333 14675 14675 D CameraDevice-JV-1: waitUntilIdle: E. id = 1
02-17 09:04:08.333 14675 14675 D CameraDevice-JV-1: waitUntilIdle: X
02-17 09:04:08.402 14675 14675 I HandWritingStubImpl: isKeyboardTypeChanged: false
02-17 09:04:08.402 14675 14675 I HandWritingStubImpl: refreshLastKeyboardType: 1
02-17 09:04:08.402 14675 14675 I HandWritingStubImpl: getCurrentKeyboardType: 1
02-17 09:04:08.405 14675 14675 I HandWritingStubImpl: isKeyboardTypeChanged: false
02-17 09:04:08.412 14675 14675 I HandWritingStubImpl: isKeyboardTypeChanged: false
02-17 09:04:08.476 14675 14675 I VerificarSesion: Guarda Sesión
02-17 09:04:08.477 14675 14675 I VerificarSesion: Contador: 29000
02-17 09:04:08.617 14675 14736 W qdgralloc: getInterlacedFlag: getMetaData returned
-22, defaulting to interlaced_flag = 0
02-17 09:04:08.631 14675 14736 W qdgralloc: getInterlacedFlag: getMetaData returned
-22, defaulting to interlaced_flag = 0
02-17 09:04:08.666 14675 14736 W qdgralloc: getInterlacedFlag: getMetaData returned
-22, defaulting to interlaced_flag = 0
02-17 09:04:08.697 14675 14736 W qdgralloc: getInterlacedFlag: getMetaData returned
-22, defaulting to interlaced_flag = 0
02-17 09:04:08.747 14675 14736 W qdgralloc: getInterlacedFlag: getMetaData returned
-22, defaulting to interlaced_flag = 0
02-17 09:04:08.780 14675 14736 W qdgralloc: getInterlacedFlag: getMetaData returned
-22, defaulting to interlaced_flag = 0
02-17 09:04:08.812 14675 14736 W qdgralloc: getInterlacedFlag: getMetaData returned
-22, defaulting to interlaced_flag = 0
02-17 09:04:08.829 14675 14736 W qdgralloc: getInterlacedFlag: getMetaData returned
-22, defaulting to interlaced_flag = 0
02-17 09:04:09.477 14675 14675 I VerificarSesion: Guarda Sesión
02-17 09:04:09.477 14675 14675 I VerificarSesion: Contador: 30000
02-17 09:04:09.695 14675 14675 E AndroidCameraApi: onPause
02-17 09:04:09.696 14675 14675 D CameraExtImplXiaoMi: releaseCameraDevice: 1
02-17 09:04:09.719 14675 14675 D CameraDevice-JV-1: close: E. id = 1
02-17 09:04:09.880 14675 14675 D CameraDevice-JV-1: close: X
02-17 09:04:09.881 14675 14910 W CameraDevice-JV-1: Device error received, code 4,
frame number 35, request ID 0, subseq ID 0
02-17 09:04:09.881 14675 14910 W CameraDevice-JV-1: Device error received, code 4,
frame number 37, request ID 0, subseq ID 0
02-17 09:04:09.882 14675 14910 W CameraDevice-JV-1: Device error received, code 5,
frame number 35, request ID 0, subseq ID 0
02-17 09:04:09.882 14675 14690 W CameraDevice-JV-1: Device error received, code 4,
frame number 36, request ID 0, subseq ID 0
02-17 09:04:09.882 14675 17388 W CammeraExtImplXiaoMi: releaseCameraDevice: 1
02-17 09:04:09.719 14675 14675 D CameraDevice-JV-1: close: E. id = 1
02-17 09:04:09.880 14675 14675 D CameraDevice-JV-1: close: X
02-17 09:04:09.881 14675 14910 W CameraDevice-JV-1: Device error received, code 4,
frame number 35, request ID 0, subseq ID 0
02-17 09:04:09.881 14675 14910 W CameraDevice-JV-1: Device error received, code 4,
frame number 37, request ID 0, subseq ID 0
02-17 09:04:09.882 14675 14910 W CameraDevice-JV-1: Device error received, code 5,
frame number 35, request ID 0, subseq ID 0
02-17 09:04:09.882 14675 14690 W CameraDevice-JV-1: Device error received, code 4,
frame number 36, request ID 0, subseq ID 0
02-17 09:04:09.882 14675 17388 W CameraDevice-JV-1: Device error received, code 4,
frame number 38, request ID 0, subseq ID 0
02-17 09:04:09.882 14675 17388 W CameraDevice-JV-1: Device error received, code 4,
frame number 39, request ID 0, subseq ID 0
02-17 09:04:09.882 14675 17388 W CameraDevice-JV-1: Device error received, code 5,
frame number 36, request ID 0, subseq ID 0
02-17 09:04:09.882 14675 17388 W CameraDevice-JV-1: Device error received, code 5,
frame number 37, request ID 0, subseq ID 0
02-17 09:04:09.882 14675 17388 W CameraDevice-JV-1: Device error received, code 5,
frame number 38, request ID 0, subseq ID 0
02-17 09:04:09.882 14675 17388 W CameraDevice-JV-1: Device error received, code 5,
frame number 39, request ID 0, subseq ID 0
02-17 09:04:09.884 14675 14675 W Activity: PerfMonitor: Slow Operation: Activity
ec.biometrika.d2web2/.MenuPrincipalActivity onPause took 189ms
02-17 09:04:10.478 14675 14675 I VerificarSesion: Guarda Sesión
02-17 09:04:10.479 14675 14675 I VerificarSesion: Contador: 0
02-17 09:04:11.479 14675 14675 I VerificarSesion: Guarda Sesión
02-17 09:04:11.479 14675 14675 I VerificarSesion: Contador: 1000
02-17 09:04:12.480 14675 14675 I VerificarSesion: Guarda Sesión
02-17 09:04:12.481 14675 14675 I VerificarSesion: Contador: 2000
02-17 09:04:13.481 14675 14675 I VerificarSesion: Guarda Sesión
02-17 09:04:13.481 14675 14675 I VerificarSesion: Contador: 3000
02-17 09:04:14.483 14675 14675 I VerificarSesion: Guarda Sesión
02-17 09:04:14.483 14675 14675 I VerificarSesion: Contador: 4000
02-17 09:04:15.484 14675 14675 I VerificarSesion: Guarda Sesión
02-17 09:04:15.484 14675 14675 I VerificarSesion: Contador: 5000
02-17 09:04:16.484 14675 14675 I VerificarSesion: Guarda Sesión
02-17 09:04:16.485 14675 14675 I VerificarSesion: Contador: 6000
02-17 09:04:17.485 14675 14675 I VerificarSesion: Guarda Sesión
02-17 09:04:17.486 14675 14675 I VerificarSesion: Contador: 7000
02-17 09:04:18.487 14675 14675 I VerificarSesion: Guarda Sesión
02-17 09:04:18.488 14675 14675 I VerificarSesion: Contador: 8000
02-17 09:04:19.490 14675 14675 I VerificarSesion: Guarda Sesión
02-17 09:04:19.491 14675 14675 I VerificarSesion: Contador: 9000
02-17 09:04:20.492 14675 14675 I VerificarSesion: Guarda Sesión
02-17 09:04:20.494 14675 14675 I VerificarSesion: Contador: 10000
02-17 09:04:21.494 14675 14675 I VerificarSesion: Guarda Sesión
02-17 09:04:21.495 14675 14675 I VerificarSesion: Contador: 11000
02-17 09:04:22.496 14675 14675 I VerificarSesion: Guarda Sesión
02-17 09:04:22.497 14675 14675 I VerificarSesion: Contador: 12000
02-17 09:04:23.497 14675 14675 I VerificarSesion: Guarda Sesión
02-17 09:04:23.498 14675 14675 I VerificarSesion: Contador: 13000
02-17 09:04:24.500 14675 14675 I VerificarSesion: Guarda Sesión
02-17 09:04:24.500 14675 14675 I VerificarSesion: Contador: 14000
02-17 09:04:25.501 14675 14675 I VerificarSesion: Guarda Sesión
02-17 09:04:25.503 14675 14675 I VerificarSesion: Contador: 15000
02-17 09:04:26.503 14675 14675 I VerificarSesion: Guarda Sesión
02-17 09:04:26.504 14675 14675 I VerificarSesion: Contador: 16000
02-17 09:04:27.505 14675 14675 I VerificarSesion: Guarda Sesión
02-17 09:04:27.506 14675 14675 I VerificarSesion: Contador: 17000
02-17 09:04:28.507 14675 14675 I VerificarSesion: Guarda Sesión
02-17 09:04:28.508 14675 14675 I VerificarSesion: Contador: 18000
02-17 09:04:29.509 14675 14675 I VerificarSeeraDevice-JV-1: Device error received,
code 4, frame number 38, request ID 0, subseq ID 0
02-17 09:04:09.882 14675 17388 W CameraDevice-JV-1: Device error received, code 4,
frame number 39, request ID 0, subseq ID 0
02-17 09:04:09.882 14675 17388 W CameraDevice-JV-1: Device error received, code 5,
frame number 36, request ID 0, subseq ID 0
02-17 09:04:09.882 14675 17388 W CameraDevice-JV-1: Device error received, code 5,
frame number 37, request ID 0, subseq ID 0
02-17 09:04:09.882 14675 17388 W CameraDevice-JV-1: Device error received, code 5,
frame number 38, request ID 0, subseq ID 0
02-17 09:04:09.882 14675 17388 W CameraDevice-JV-1: Device error received, code 5,
