02-14 20:11:40.872 16488 16488 I VerificarSesion: Contador: 649000
02-14 20:11:52.281 16488 16488 I VerificarSesion: Guarda Sesión
02-14 20:11:52.281 16488 16488 I VerificarSesion: Contador: 650000
02-14 20:12:05.195 16488 16488 I VerificarSesion: Guarda Sesión
02-14 20:12:05.195 16488 16488 I VerificarSesion: Contador: 651000
02-14 20:12:08.328 16488 16488 I VerificarSesion: Guarda Sesión
02-14 20:12:08.329 16488 16488 I VerificarSesion: Contador: 652000
02-14 20:12:09.330 16488 16488 I VerificarSesion: Guarda Sesión
02-14 20:12:09.331 16488 16488 I VerificarSesion: Contador: 653000
02-14 20:12:15.283 16488 16488 I VerificarSesion: Guarda Sesión
02-14 20:12:15.284 16488 16488 I VerificarSesion: Contador: 654000
02-14 20:12:20.248 16488 16488 I VerificarSesion: Guarda Sesión
02-14 20:12:20.250 16488 16488 I VerificarSesion: Contador: 655000
02-14 20:12:21.252 16488 16488 I VerificarSesion: Guarda Sesión
02-14 20:12:21.253 16488 16488 I VerificarSesion: Contador: 656000
02-14 20:12:24.817 16488 16488 I VerificarSesion: Guarda Sesión
02-14 20:12:24.820 16488 16488 I VerificarSesion: Contador: 657000
02-14 20:12:25.823 16488 16488 I VerificarSesion: Guarda Sesión
02-14 20:12:25.824 16488 16488 I VerificarSesion: Contador: 658000
02-14 20:12:26.827 16488 16488 I VerificarSesion: Guarda Sesión
02-14 20:12:26.828 16488 16488 I VerificarSesion: Contador: 659000
02-14 20:12:36.518 16488 16488 I VerificarSesion: Guarda Sesión
02-14 20:12:36.519 16488 16488 I VerificarSesion: Contador: 660000
02-14 20:12:46.398 16488 16488 I VerificarSesion: Guarda Sesión
02-14 20:12:46.399 16488 16488 I VerificarSesion: Contador: 661000
02-14 20:12:47.401 16488 16488 I VerificarSesion: Guarda Sesión
02-14 20:12:47.402 16488 16488 I VerificarSesion: Contador: 662000
02-14 20:12:53.289 16488 16488 I VerificarSesion: Guarda Sesión
02-14 20:12:53.290 16488 16488 I VerificarSesion: Contador: 663000
02-14 20:12:56.903 16488 16488 I VerificarSesion: Guarda Sesión
02-14 20:12:56.904 16488 16488 I VerificarSesion: Contador: 664000
02-14 20:12:57.906 16488 16488 I VerificarSesion: Guarda Sesión
02-14 20:12:57.907 16488 16488 I VerificarSesion: Contador: 665000
02-14 20:13:04.275 16488 16488 I VerificarSesion: Guarda Sesión
02-14 20:13:04.277 16488 16488 I VerificarSesion: Contador: 666000
02-14 20:13:10.958 16488 16488 I VerificarSesion: Guarda Sesión
02-14 20:13:10.959 16488 16488 I VerificarSesion: Contador: 667000
02-14 20:13:11.962 16488 16488 I VerificarSesion: Guarda Sesión
02-14 20:13:11.963 16488 16488 I VerificarSesion: Contador: 668000
02-14 20:13:12.965 16488 16488 I VerificarSesion: Guarda Sesión
02-14 20:13:12.966 16488 16488 I VerificarSesion: Contador: 669000
02-14 20:13:13.969 16488 16488 I VerificarSesion: Guarda Sesión
02-14 20:13:13.971 16488 16488 I VerificarSesion: Contador: 670000
02-14 20:13:14.974 16488 16488 I VerificarSesion: Guarda Sesión
02-14 20:13:14.975 16488 16488 I VerificarSesion: Contador: 671000
02-14 20:13:24.543 16488 16488 I VerificarSesion: Guarda Sesión
02-14 20:13:24.545 16488 16488 I VerificarSesion: Contador: 672000
02-14 20:13:25.548 16488 16488 I VerificarSesion: Guarda Sesión
02-14 20:13:25.549 16488 16488 I VerificarSesion: Contador: 673000
02-14 20:13:26.551 16488 16488 I VerificarSesion: Guarda Sesión
02-14 20:13:26.552 16488 16488 I VerificarSesion: Contador: 674000
02-14 20:13:39.267 16488 16488 I VerificarSesion: Guarda Sesión
02-14 20:13:39.268 16488 16488 I VerificarSesion: Contador: 675000
02-14 20:13:43.485 16488 16488 I VerificarSesion: Guarda Sesión
02-14 20:13:43.487 16488 16488 I VerificarSesion: Contador: 676000
02-14 20:13:44.488 16488 16488 I VerificarSesion: Guarda Sesión
02-14 20:13:44.489 16488 16488 I VerificarSesion: Contador: 677000
02-14 20:13:45.705 16488 16488 I VerificarSesion: Guarda Sesión
02-14 20:13:45.706 16488 16488 I VerificarSesion: Contador: 678000
02-14 20:13:57.721 16488 16488 I VerificarSesion: Guarda Sesión
02-14 20:13:57.722 16488 16488 I VerificarSesion: Contador: 679000
02-14 20:14:13.332 16488 16488 I VerificarSesion: Guarda Sesión
02-14 20:14:13.333 16488 16488 I VerificarSesion: Contador: 680000
02-14 20:14:24.473 16488 16488 I VerificarSesion: Guarda Sesión
02-14 20:14:24.474 16488 16488 I VerificarSesion: Contador: 681000
02-14 20:14:25.477 16488 16488 I VerificarSesion: Guarda Sesión
02-14 20:14:25.478 16488 16488 I VerificarSesion: Contador: 682000
02-14 20:14:31.285 16488 16488 I VerificarSesion: Guarda Sesión
02-14 20:14:31.286 16488 16488 I VerificarSesion: Contador: 683000
02-14 20:14:48.346 16488 16488 I VerificarSesion: Guarda Sesión
02-14 20:14:48.346 16488 16488 I VerificarSesion: Contador: 684000
02-14 20:14:54.726 16488 16488 I VerificarSesion: Guarda Sesión
02-14 20:14:54.728 16488 16488 I VerificarSesion: Contador: 685000
02-14 20:14:55.730 16488 16488 I VerificarSesion: Guarda Sesión
02-14 20:14:55.731 16488 16488 I VerificarSesion: Contador: 686000
02-14 20:15:00.316 16488 16488 I VerificarSesion: Guarda Sesión
02-14 20:15:00.317 16488 16488 I VerificarSesion: Contador: 687000
02-14 20:15:08.311 16488 16488 I VerificarSesion: Guarda Sesión
02-14 20:15:08.312 16488 16488 I VerificarSesion: Contador: 688000
02-14 20:15:13.323 16488 16488 I VerificarSesion: Guarda Sesión
02-14 20:15:13.324 16488 16488 I VerificarSesion: Contador: 689000
02-14 20:15:14.326 16488 16488 I VerificarSesion: Guarda Sesión
02-14 20:15:14.327 16488 16488 I VerificarSesion: Contador: 690000
02-14 20:15:15.331 16488 16488 I VerificarSesion: Guarda Sesión
02-14 20:15:15.333 16488 16488 I VerificarSesion: Contador: 691000
02-14 20:15:16.335 16488 16488 I VerificarSesion: Guarda Sesión
02-14 20:15:16.337 16488 16488 I VerificarSesion: Contador: 692000
02-14 20:15:17.341 16488 16488 I VerificarSesion: Guarda Sesión
02-14 20:15:17.343 16488 16488 I VerificarSesion: Contador: 693000
02-14 20:15:18.346 16488 16488 I VerificarSesion: Guarda Sesión
02-14 20:15:18.347 16488 16488 I VerificarSesion: Contador: 694000
02-14 20:15:24.294 16488 16488 I VerificarSesion: Guarda Sesión
02-14 20:15:24.295 16488 16488 I VerificarSesion: Contador: 695000
02-14 20:15:27.965 16488 16488 I VerificarSesion: Guarda Sesión
02-14 20:15:27.966 16488 16488 I VerificarSesion: Contador: 696000
02-14 20:15:28.968 16488 16488 I VerificarSesion: Guarda Sesión
02-14 20:15:28.968 16488 16488 I VerificarSesion: Contador: 697000
02-14 20:15:35.303 16488 16488 I VerificarSesion: Guarda Sesión
02-14 20:15:35.303 16488 16488 I VerificarSesion: Contador: 698000
02-14 20:15:40.172 16488 16488 I VerificarSesion: Guarda Sesión
02-14 20:15:40.172 16488 16488 I VerificarSesion: Contador: 699000
02-14 20:15:41.176 16488 16488 I VerificarSesion: Guarda Sesión
02-14 20:15:41.177 16488 16488 I VerificarSesion: Contador: 700000
02-14 20:15:46.304 16488 16488 I VerificarSesion: Guarda Sesión
02-14 20:15:46.307 16488 16488 I VerificarSesion: Contador: 701000
02-14 20:15:58.305 16488 16488 I VerificarSesion: Guarda Sesión
02-14 20:15:58.306 16488 16488 I VerificarSesion: Contador: 702000
02-14 20:16:07.006 16488 16488 I VerificarSesion: Guarda Sesión
02-14 20:16:07.007 16488 16488 I VerificarSesion: Contador: 703000
02-14 20:16:08.009 16488 16488 I VerificarSesion: Guarda Sesión
02-14 20:16:08.011 16488 16488 I VerificarSesion: Contador: 704000
02-14 20:16:09.015 16488 16488 I VerificarSesion: Guarda Sesión
02-14 20:16:09.016 16488 16488 I VerificarSesion: Contador: 705000
02-14 20:16:15.279 16488 16488 I VerificarSesion: Guarda Sesión
02-14 20:16:15.280 16488 16488 I VerificarSesion: Contador: 706000
02-14 20:16:25.631 16488 16488 I VerificarSesion: Guarda Sesión
02-14 20:16:25.632 16488 16488 I VerificarSesion: Contador: 707000
02-14 20:16:26.635 16488 16488 I VerificarSesion: Guarda Sesión
02-14 20:16:26.636 16488 16488 I VerificarSesion: Contador: 708000
02-14 20:16:27.941 16488 16488 I VerificarSesion: Guarda Sesión
02-14 20:16:27.942 16488 16488 I VerificarSesion: Contador: 709000
02-14 20:16:43.282 16488 16488 I VerificarSesion: Guarda Sesión
02-14 20:16:43.283 16488 16488 I VerificarSesion: Contador: 710000
02-14 20:16:55.092 16488 16488 I VerificarSesion: Guarda Sesión
02-14 20:16:55.093 16488 16488 I VerificarSesion: Contador: 711000
02-14 20:16:59.518 16488 16488 I VerificarSesion: Guarda Sesión
02-14 20:16:59.519 16488 16488 I VerificarSesion: Contador: 712000
02-14 20:17:00.523 16488 16488 I VerificarSesion: Guarda Sesión
02-14 20:17:00.524 16488 16488 I VerificarSesion: Contador: 713000
02-14 20:17:07.350 16488 16488 I VerificarSesion: Guarda Sesión
02-14 20:17:07.350 16488 16488 I VerificarSesion: Contador: 714000
02-14 20:17:17.381 16488 16488 I VerificarSesion: Guarda Sesión
02-14 20:17:17.382 16488 16488 I VerificarSesion: Contador: 715000
02-14 20:17:18.384 16488 16488 I VerificarSesion: Guarda Sesión
02-14 20:17:18.385 16488 16488 I VerificarSesion: Contador: 716000
02-14 20:17:24.378 16488 16488 I VerificarSesion: Guarda Sesión
02-14 20:17:24.379 16488 16488 I VerificarSesion: Contador: 717000
02-14 20:17:38.989 16488 16488 I VerificarSesion: Guarda Sesión
02-14 20:17:38.990 16488 16488 I VerificarSesion: Contador: 718000
02-14 20:17:39.991 16488 16488 I VerificarSesion: Guarda Sesión
02-14 20:17:39.992 16488 16488 I VerificarSesion: Contador: 719000
02-14 20:17:40.995 16488 16488 I VerificarSesion: Guarda Sesión
02-14 20:17:40.996 16488 16488 I VerificarSesion: Contador: 720000
02-14 20:17:49.314 16488 16488 I VerificarSesion: Guarda Sesión
02-14 20:17:49.317 16488 16488 I VerificarSesion: Contador: 721000
02-14 20:17:54.547 16488 16488 I VerificarSesion: Guarda Sesión
02-14 20:17:54.549 16488 16488 I VerificarSesion: Contador: 722000
02-14 20:18:09.307 16488 16488 I VerificarSesion: Guarda Sesión
02-14 20:18:09.309 16488 16488 I VerificarSesion: Contador: 723000
02-14 20:18:10.311 16488 16488 I VerificarSesion: Guarda Sesión
02-14 20:18:10.313 16488 16488 I VerificarSesion: Contador: 724000
02-14 20:18:11.315 16488 16488 I VerificarSesion: Guarda Sesión
02-14 20:18:11.316 16488 16488 I VerificarSesion: Contador: 725000
02-14 20:18:22.290 16488 16488 I VerificarSesion: Guarda Sesión
02-14 20:18:22.291 16488 16488 I VerificarSesion: Contador: 726000
02-14 20:18:34.289 16488 16488 I VerificarSesion: Guarda Sesión
02-14 20:18:34.291 16488 16488 I VerificarSesion: Contador: 727000
02-14 20:18:47.864 16488 16488 I VerificarSesion: Guarda Sesión
02-14 20:18:47.864 16488 16488 I VerificarSesion: Contador: 728000
02-14 20:18:55.985 16488 16488 I VerificarSesion: Guarda Sesión
02-14 20:18:55.986 16488 16488 I VerificarSesion: Contador: 729000
02-14 20:18:56.988 16488 16488 I VerificarSesion: Guarda Sesión
02-14 20:18:56.990 16488 16488 I VerificarSesion: Contador: 730000
02-14 20:18:57.992 16488 16488 I VerificarSesion: Guarda Sesión
02-14 20:18:57.993 16488 16488 I VerificarSesion: Contador: 731000
02-14 20:19:14.278 16488 16488 I VerificarSesion: Guarda Sesión
02-14 20:19:14.278 16488 16488 I VerificarSesion: Contador: 732000
02-14 20:19:32.342 16488 16488 I VerificarSesion: Guarda Sesión
02-14 20:19:32.342 16488 16488 I VerificarSesion: Contador: 733000
02-14 20:19:50.281 16488 16488 I VerificarSesion: Guarda Sesión
02-14 20:19:50.283 16488 16488 I VerificarSesion: Contador: 734000
02-14 20:20:01.931 16488 16488 I VerificarSesion: Guarda Sesión
02-14 20:20:01.938 16488 16488 I VerificarSesion: Contador: 735000
02-14 20:20:05.548 16488 16488 I VerificarSesion: Guarda Sesión
02-14 20:20:05.550 16488 16488 I VerificarSesion: Contador: 736000
02-14 20:20:06.552 16488 16488 I VerificarSesion: Guarda Sesión
02-14 20:20:06.553 16488 16488 I VerificarSesion: Contador: 737000
02-14 20:20:13.532 16488 16488 I VerificarSesion: Guarda Sesión
02-14 20:20:13.532 16488 16488 I VerificarSesion: Contador: 738000
02-14 20:20:14.537 16488 16488 I VerificarSesion: Guarda Sesión
02-14 20:20:14.538 16488 16488 I VerificarSesion: Contador: 739000
02-14 20:20:19.292 16488 16488 I VerificarSesion: Guarda Sesión
02-14 20:20:19.293 16488 16488 I VerificarSesion: Contador: 740000
02-14 20:20:24.360 16488 16488 I VerificarSesion: Guarda Sesión
02-14 20:20:24.361 16488 16488 I VerificarSesion: Contador: 741000
02-14 20:20:25.362 16488 16488 I VerificarSesion: Guarda Sesión
02-14 20:20:25.363 16488 16488 I VerificarSesion: Contador: 742000
02-14 20:20:36.301 16488 16488 I VerificarSesion: Guarda Sesión
02-14 20:20:36.303 16488 16488 I VerificarSesion: Contador: 743000
02-14 20:20:49.645 16488 16488 I VerificarSesion: Guarda Sesión
02-14 20:20:49.645 16488 16488 I VerificarSesion: Contador: 744000
02-14 20:20:51.656 16488 16488 I VerificarSesion: Guarda Sesión
02-14 20:20:51.657 16488 16488 I VerificarSesion: Contador: 745000
02-14 20:20:52.660 16488 16488 I VerificarSesion: Guarda Sesión
02-14 20:20:52.661 16488 16488 I VerificarSesion: Contador: 746000
02-14 20:20:53.664 16488 16488 I VerificarSesion: Guarda Sesión
02-14 20:20:53.665 16488 16488 I VerificarSesion: Contador: 747000
02-14 20:20:58.228 16488 16488 I VerificarSesion: Guarda Sesión
02-14 20:20:58.228 16488 16488 I VerificarSesion: Contador: 748000
02-14 20:20:59.230 16488 16488 I VerificarSesion: Guarda Sesión
02-14 20:20:59.231 16488 16488 I VerificarSesion: Contador: 749000
02-14 20:21:02.843 16488 16488 I VerificarSesion: Guarda Sesión
02-14 20:21:02.844 16488 16488 I VerificarSesion: Contador: 750000
02-14 20:21:03.846 16488 16488 I VerificarSesion: Guarda Sesión
02-14 20:21:03.847 16488 16488 I VerificarSesion: Contador: 751000
02-14 20:21:04.849 16488 16488 I VerificarSesion: Guarda Sesión
02-14 20:21:04.851 16488 16488 I VerificarSesion: Contador: 752000
02-14 20:21:07.605 16488 16488 I VerificarSesion: Guarda Sesión
02-14 20:21:07.606 16488 16488 I VerificarSesion: Contador: 753000
02-14 20:21:08.610 16488 16488 I VerificarSesion: Guarda Sesión
02-14 20:21:08.611 16488 16488 I VerificarSesion: Contador: 754000
02-14 20:21:09.723 16488 16488 I VerificarSesion: Guarda Sesión
02-14 20:21:09.724 16488 16488 I VerificarSesion: Contador: 755000
02-14 20:21:22.689 16488 16488 I VerificarSesion: Guarda Sesión
02-14 20:21:22.690 16488 16488 I VerificarSesion: Contador: 756000
02-14 20:21:25.522 16488 16488 I VerificarSesion: Guarda Sesión
02-14 20:21:25.523 16488 16488 I VerificarSesion: Contador: 757000
02-14 20:21:26.526 16488 16488 I VerificarSesion: Guarda Sesión
02-14 20:21:26.527 16488 16488 I VerificarSesion: Contador: 758000
02-14 20:21:27.835 16488 16488 I VerificarSesion: Guarda Sesión
02-14 20:21:27.835 16488 16488 I VerificarSesion: Contador: 759000
02-14 20:21:28.838 16488 16488 I VerificarSesion: Guarda Sesión
02-14 20:21:28.839 16488 16488 I VerificarSesion: Contador: 760000
02-14 20:21:29.843 16488 16488 I VerificarSesion: Guarda Sesión
02-14 20:21:29.844 16488 16488 I VerificarSesion: Contador: 761000
02-14 20:21:30.847 16488 16488 I VerificarSesion: Guarda Sesión
02-14 20:21:30.848 16488 16488 I VerificarSesion: Contador: 762000
02-14 20:21:31.853 16488 16488 I VerificarSesion: Guarda Sesión
02-14 20:21:31.854 16488 16488 I VerificarSesion: Contador: 763000
02-14 20:21:43.303 16488 16488 I VerificarSesion: Guarda Sesión
02-14 20:21:43.304 16488 16488 I VerificarSesion: Contador: 764000
02-14 20:21:46.847 16488 16488 I VerificarSesion: Guarda Sesión
02-14 20:21:46.848 16488 16488 I VerificarSesion: Contador: 765000
02-14 20:21:47.850 16488 16488 I VerificarSesion: Guarda Sesión
02-14 20:21:47.851 16488 16488 I VerificarSesion: Contador: 766000
02-14 20:21:54.293 16488 16488 I VerificarSesion: Guarda Sesión
02-14 20:21:54.294 16488 16488 I VerificarSesion: Contador: 767000
02-14 20:21:59.253 16488 16488 I VerificarSesion: Guarda Sesión
02-14 20:21:59.253 16488 16488 I VerificarSesion: Contador: 768000
02-14 20:22:09.941 16488 16488 I VerificarSesion: Guarda Sesión
02-14 20:22:09.942 16488 16488 I VerificarSesion: Contador: 769000
02-14 20:22:16.319 16488 16488 I VerificarSesion: Guarda Sesión
02-14 20:22:16.321 16488 16488 I VerificarSesion: Contador: 770000
02-14 20:22:20.670 16488 16488 I VerificarSesion: Guarda Sesión
02-14 20:22:20.671 16488 16488 I VerificarSesion: Contador: 771000
02-14 20:22:21.673 16488 16488 I VerificarSesion: Guarda Sesión
02-14 20:22:21.674 16488 16488 I VerificarSesion: Contador: 772000
02-14 20:22:25.222 16488 16488 I VerificarSesion: Guarda Sesión
02-14 20:22:25.224 16488 16488 I VerificarSesion: Contador: 773000
02-14 20:22:26.226 16488 16488 I VerificarSesion: Guarda Sesión
02-14 20:22:26.227 16488 16488 I VerificarSesion: Contador: 774000
02-14 20:22:27.230 16488 16488 I VerificarSesion: Guarda Sesión
02-14 20:22:27.231 16488 16488 I VerificarSesion: Contador: 775000
02-14 20:22:34.571 16488 16488 I VerificarSesion: Guarda Sesión
02-14 20:22:34.572 16488 16488 I VerificarSesion: Contador: 776000
02-14 20:22:44.393 16488 16488 I VerificarSesion: Guarda Sesión
02-14 20:22:44.393 16488 16488 I VerificarSesion: Contador: 777000
02-14 20:22:53.619 16488 16488 I VerificarSesion: Guarda Sesión
02-14 20:22:53.619 16488 16488 I VerificarSesion: Contador: 778000
02-14 20:22:54.622 16488 16488 I VerificarSesion: Guarda Sesión
02-14 20:22:54.623 16488 16488 I VerificarSesion: Contador: 779000
02-14 20:22:55.625 16488 16488 I VerificarSesion: Guarda Sesión
02-14 20:22:55.626 16488 16488 I VerificarSesion: Contador: 780000
02-14 20:22:59.070 16488 16488 I VerificarSesion: Guarda Sesión
02-14 20:22:59.073 16488 16488 I VerificarSesion: Contador: 781000
02-14 20:23:00.075 16488 16488 I VerificarSesion: Guarda Sesión
02-14 20:23:00.076 16488 16488 I VerificarSesion: Contador: 782000
02-14 20:23:02.244 16488 16488 I VerificarSesion: Guarda Sesión
02-14 20:23:02.245 16488 16488 I VerificarSesion: Contador: 783000
02-14 20:23:12.346 16488 16488 I VerificarSesion: Guarda Sesión
02-14 20:23:12.346 16488 16488 I VerificarSesion: Contador: 784000
02-14 20:23:13.348 16488 16488 I VerificarSesion: Guarda Sesión
02-14 20:23:13.348 16488 16488 I VerificarSesion: Contador: 785000
02-14 20:23:14.351 16488 16488 I VerificarSesion: Guarda Sesión
02-14 20:23:14.352 16488 16488 I VerificarSesion: Contador: 786000
02-14 20:23:24.056 16488 16488 I VerificarSesion: Guarda Sesión
02-14 20:23:24.057 16488 16488 I VerificarSesion: Contador: 787000
02-14 20:23:41.283 16488 16488 I VerificarSesion: Guarda Sesión
02-14 20:23:41.284 16488 16488 I VerificarSesion: Contador: 788000
02-14 20:23:53.369 16488 16488 I VerificarSesion: Guarda Sesión
02-14 20:23:53.370 16488 16488 I VerificarSesion: Contador: 789000
02-14 20:23:59.294 16488 16488 I VerificarSesion: Guarda Sesión
02-14 20:23:59.298 16488 16488 I VerificarSesion: Contador: 790000
02-14 20:24:10.053 16488 16488 I VerificarSesion: Guarda Sesión
02-14 20:24:10.054 16488 16488 I VerificarSesion: Contador: 791000
02-14 20:24:11.055 16488 16488 I VerificarSesion: Guarda Sesión
02-14 20:24:11.056 16488 16488 I VerificarSesion: Contador: 792000
02-14 20:24:16.289 16488 16488 I VerificarSesion: Guarda Sesión
02-14 20:24:16.290 16488 16488 I VerificarSesion: Contador: 793000
02-14 20:24:27.887 16488 16488 I VerificarSesion: Guarda Sesión
02-14 20:24:27.888 16488 16488 I VerificarSesion: Contador: 794000
02-14 20:24:28.889 16488 16488 I VerificarSesion: Guarda Sesión
02-14 20:24:28.891 16488 16488 I VerificarSesion: Contador: 795000
02-14 20:24:29.895 16488 16488 I VerificarSesion: Guarda Sesión
02-14 20:24:29.896 16488 16488 I VerificarSesion: Contador: 796000
02-14 20:24:37.114 16488 16488 I VerificarSesion: Guarda Sesión
02-14 20:24:37.115 16488 16488 I VerificarSesion: Contador: 797000
02-14 20:24:38.118 16488 16488 I VerificarSesion: Guarda Sesión
02-14 20:24:38.119 16488 16488 I VerificarSesion: Contador: 798000
02-14 20:24:40.523 16488 16488 I VerificarSesion: Guarda Sesión
02-14 20:24:40.524 16488 16488 I VerificarSesion: Contador: 799000
02-14 20:24:49.308 16488 16488 I VerificarSesion: Guarda Sesión
02-14 20:24:49.310 16488 16488 I VerificarSesion: Contador: 800000
02-14 20:24:50.312 16488 16488 I VerificarSesion: Guarda Sesión
02-14 20:24:50.314 16488 16488 I VerificarSesion: Contador: 801000
02-14 20:24:56.260 16488 16488 I VerificarSesion: Guarda Sesión
02-14 20:24:56.266 16488 16488 I VerificarSesion: Contador: 802000
02-14 20:25:14.283 16488 16488 I VerificarSesion: Guarda Sesión
02-14 20:25:14.283 16488 16488 I VerificarSesion: Contador: 803000
02-14 20:25:15.288 16488 16488 I VerificarSesion: Guarda Sesión
02-14 20:25:15.289 16488 16488 I VerificarSesion: Contador: 804000
02-14 20:25:32.281 16488 16488 I VerificarSesion: Guarda Sesión
02-14 20:25:32.282 16488 16488 I VerificarSesion: Contador: 805000
02-14 20:25:43.810 16488 16488 I VerificarSesion: Guarda Sesión
02-14 20:25:43.812 16488 16488 I VerificarSesion: Contador: 806000
02-14 20:25:47.738 16488 16488 I VerificarSesion: Guarda Sesión
02-14 20:25:47.739 16488 16488 I VerificarSesion: Contador: 807000
02-14 20:25:48.742 16488 16488 I VerificarSesion: Guarda Sesión
02-14 20:25:48.743 16488 16488 I VerificarSesion: Contador: 808000
02-14 20:25:52.201 16488 16488 I VerificarSesion: Guarda Sesión
02-14 20:25:52.202 16488 16488 I VerificarSesion: Contador: 809000
02-14 20:25:53.204 16488 16488 I VerificarSesion: Guarda Sesión
02-14 20:25:53.205 16488 16488 I VerificarSesion: Contador: 810000
02-14 20:25:54.207 16488 16488 I VerificarSesion: Guarda Sesión
02-14 20:25:54.207 16488 16488 I VerificarSesion: Contador: 811000
02-14 20:26:10.293 16488 16488 I VerificarSesion: Guarda Sesión
02-14 20:26:10.294 16488 16488 I VerificarSesion: Contador: 812000
02-14 20:26:11.297 16488 16488 I VerificarSesion: Guarda Sesión
02-14 20:26:11.298 16488 16488 I VerificarSesion: Contador: 813000
02-14 20:26:12.300 16488 16488 I VerificarSesion: Guarda Sesión
02-14 20:26:12.301 16488 16488 I VerificarSesion: Contador: 814000
02-14 20:26:20.276 16488 16488 I VerificarSesion: Guarda Sesión
02-14 20:26:20.277 16488 16488 I VerificarSesion: Contador: 815000
02-14 20:26:21.279 16488 16488 I VerificarSesion: Guarda Sesión
02-14 20:26:21.280 16488 16488 I VerificarSesion: Contador: 816000
02-14 20:26:22.281 16488 16488 I VerificarSesion: Guarda Sesión
02-14 20:26:22.282 16488 16488 I VerificarSesion: Contador: 817000
02-14 20:26:27.824 16488 16488 I VerificarSesion: Guarda Sesión
02-14 20:26:27.825 16488 16488 I VerificarSesion: Contador: 818000
02-14 20:26:34.631 16488 16488 I VerificarSesion: Guarda Sesión
02-14 20:26:34.632 16488 16488 I VerificarSesion: Contador: 819000
02-14 20:26:38.088 16488 16488 I VerificarSesion: Guarda Sesión
02-14 20:26:38.090 16488 16488 I VerificarSesion: Contador: 820000
02-14 20:26:39.094 16488 16488 I VerificarSesion: Guarda Sesión
02-14 20:26:39.095 16488 16488 I VerificarSesion: Contador: 821000
02-14 20:26:42.168 16488 16488 I VerificarSesion: Guarda Sesión
02-14 20:26:42.169 16488 16488 I VerificarSesion: Contador: 822000
02-14 20:26:43.172 16488 16488 I VerificarSesion: Guarda Sesión
02-14 20:26:43.173 16488 16488 I VerificarSesion: Contador: 823000
02-14 20:26:44.176 16488 16488 I VerificarSesion: Guarda Sesión
02-14 20:26:44.177 16488 16488 I VerificarSesion: Contador: 824000
02-14 20:26:52.754 16488 16488 I VerificarSesion: Guarda Sesión
02-14 20:26:52.755 16488 16488 I VerificarSesion: Contador: 825000
02-14 20:27:08.347 16488 16488 I VerificarSesion: Guarda Sesión
02-14 20:27:08.348 16488 16488 I VerificarSesion: Contador: 826000
02-14 20:27:26.360 16488 16488 I VerificarSesion: Guarda Sesión
02-14 20:27:26.361 16488 16488 I VerificarSesion: Contador: 827000
02-14 20:27:40.603 16488 16488 I VerificarSesion: Guarda Sesión
02-14 20:27:40.604 16488 16488 I VerificarSesion: Contador: 828000
02-14 20:27:48.691 16488 16488 I VerificarSesion: Guarda Sesión
02-14 20:27:48.692 16488 16488 I VerificarSesion: Contador: 829000
02-14 20:27:49.698 16488 16488 I VerificarSesion: Guarda Sesión
02-14 20:27:49.699 16488 16488 I VerificarSesion: Contador: 830000
02-14 20:27:54.529 16488 16488 I VerificarSesion: Guarda Sesión
02-14 20:27:54.530 16488 16488 I VerificarSesion: Contador: 831000
02-14 20:27:55.534 16488 16488 I VerificarSesion: Guarda Sesión
02-14 20:27:55.534 16488 16488 I VerificarSesion: Contador: 832000
02-14 20:27:56.538 16488 16488 I VerificarSesion: Guarda Sesión
02-14 20:27:56.539 16488 16488 I VerificarSesion: Contador: 833000
02-14 20:28:06.547 16488 16488 I VerificarSesion: Guarda Sesión
02-14 20:28:06.548 16488 16488 I VerificarSesion: Contador: 834000
02-14 20:28:07.551 16488 16488 I VerificarSesion: Guarda Sesión
02-14 20:28:07.552 16488 16488 I VerificarSesion: Contador: 835000
02-14 20:28:13.287 16488 16488 I VerificarSesion: Guarda Sesión
02-14 20:28:13.288 16488 16488 I VerificarSesion: Contador: 836000
02-14 20:28:16.963 16488 16488 I VerificarSesion: Guarda Sesión
02-14 20:28:16.964 16488 16488 I VerificarSesion: Contador: 837000
02-14 20:28:17.967 16488 16488 I VerificarSesion: Guarda Sesión
02-14 20:28:17.968 16488 16488 I VerificarSesion: Contador: 838000
02-14 20:28:24.304 16488 16488 I VerificarSesion: Guarda Sesión
02-14 20:28:24.305 16488 16488 I VerificarSesion: Contador: 839000
02-14 20:28:42.274 16488 16488 I VerificarSesion: Guarda Sesión
02-14 20:28:42.275 16488 16488 I VerificarSesion: Contador: 840000
02-14 20:29:00.323 16488 16488 I VerificarSesion: Guarda Sesión
02-14 20:29:00.324 16488 16488 I VerificarSesion: Contador: 841000
02-14 20:29:06.034 16488 16488 I VerificarSesion: Guarda Sesión
02-14 20:29:06.035 16488 16488 I VerificarSesion: Contador: 842000
02-14 20:29:07.375 16488 16488 I VerificarSesion: Guarda Sesión
02-14 20:29:07.376 16488 16488 I VerificarSesion: Contador: 843000
02-14 20:29:10.646 16488 16488 I VerificarSesion: Guarda Sesión
02-14 20:29:10.647 16488 16488 I VerificarSesion: Contador: 844000
02-14 20:29:11.650 16488 16488 I VerificarSesion: Guarda Sesión
02-14 20:29:11.651 16488 16488 I VerificarSesion: Contador: 845000
02-14 20:29:16.491 16488 16488 I VerificarSesion: Guarda Sesión
02-14 20:29:16.492 16488 16488 I VerificarSesion: Contador: 846000
02-14 20:29:34.287 16488 16488 I VerificarSesion: Guarda Sesión
02-14 20:29:34.289 16488 16488 I VerificarSesion: Contador: 847000
02-14 20:29:52.335 16488 16488 I VerificarSesion: Guarda Sesión
02-14 20:29:52.336 16488 16488 I VerificarSesion: Contador: 848000
02-14 20:30:09.127 16488 16488 I VerificarSesion: Guarda Sesión
02-14 20:30:09.128 16488 16488 I VerificarSesion: Contador: 849000
02-14 20:30:10.130 16488 16488 I VerificarSesion: Guarda Sesión
02-14 20:30:10.131 16488 16488 I VerificarSesion: Contador: 850000
02-14 20:30:11.133 16488 16488 I VerificarSesion: Guarda Sesión
02-14 20:30:11.134 16488 16488 I VerificarSesion: Contador: 851000
02-14 20:30:19.373 16488 16488 I VerificarSesion: Guarda Sesión
02-14 20:30:19.374 16488 16488 I VerificarSesion: Contador: 852000
02-14 20:30:20.377 16488 16488 I VerificarSesion: Guarda Sesión
02-14 20:30:20.379 16488 16488 I VerificarSesion: Contador: 853000
02-14 20:30:21.381 16488 16488 I VerificarSesion: Guarda Sesión
02-14 20:30:21.383 16488 16488 I VerificarSesion: Contador: 854000
02-14 20:30:27.733 16488 16488 I VerificarSesion: Guarda Sesión
02-14 20:30:27.734 16488 16488 I VerificarSesion: Contador: 855000
02-14 20:30:28.736 16488 16488 I VerificarSesion: Guarda Sesión
02-14 20:30:28.737 16488 16488 I VerificarSesion: Contador: 856000
02-14 20:30:35.213 16488 16488 I VerificarSesion: Guarda Sesión
02-14 20:30:35.214 16488 16488 I VerificarSesion: Contador: 857000
02-14 20:31:04.041 16488 16488 I VerificarSesion: Guarda Sesión
02-14 20:31:04.041 16488 16488 I VerificarSesion: Contador: 858000
02-14 20:31:30.311 16488 16488 I VerificarSesion: Guarda Sesión
02-14 20:31:30.312 16488 16488 I VerificarSesion: Contador: 859000
02-14 20:32:22.025 16488 16488 I VerificarSesion: Guarda Sesión
02-14 20:32:22.025 16488 16488 I VerificarSesion: Contador: 860000
02-14 20:33:03.193 16488 16488 I VerificarSesion: Guarda Sesión
02-14 20:33:03.193 16488 16488 I VerificarSesion: Contador: 861000
02-14 20:33:04.194 16488 16488 I VerificarSesion: Guarda Sesión
02-14 20:33:04.195 16488 16488 I VerificarSesion: Contador: 862000
02-14 20:33:05.196 16488 16488 I VerificarSesion: Guarda Sesión
02-14 20:33:05.196 16488 16488 I VerificarSesion: Contador: 863000
02-14 20:33:06.198 16488 16488 I VerificarSesion: Guarda Sesión
02-14 20:33:06.200 16488 16488 I VerificarSesion: Contador: 864000
02-14 20:33:07.202 16488 16488 I VerificarSesion: Guarda Sesión
02-14 20:33:07.202 16488 16488 I VerificarSesion: Contador: 865000
02-14 20:33:08.203 16488 16488 I VerificarSesion: Guarda Sesión
02-14 20:33:08.203 16488 16488 I VerificarSesion: Contador: 866000
02-14 20:33:09.205 16488 16488 I VerificarSesion: Guarda Sesión
02-14 20:33:09.206 16488 16488 I VerificarSesion: Contador: 867000
02-14 20:33:10.207 16488 16488 I VerificarSesion: Guarda Sesión
02-14 20:33:10.208 16488 16488 I VerificarSesion: Contador: 868000
02-14 20:33:11.209 16488 16488 I VerificarSesion: Guarda Sesión
02-14 20:33:11.210 16488 16488 I VerificarSesion: Contador: 869000
02-14 20:33:12.212 16488 16488 I VerificarSesion: Guarda Sesión
02-14 20:33:12.212 16488 16488 I VerificarSesion: Contador: 870000
02-14 20:33:13.213 16488 16488 I VerificarSesion: Guarda Sesión
02-14 20:33:13.214 16488 16488 I VerificarSesion: Contador: 871000
02-14 20:33:14.215 16488 16488 I VerificarSesion: Guarda Sesión
02-14 20:33:14.215 16488 16488 I VerificarSesion: Contador: 872000
02-14 20:33:15.218 16488 16488 I VerificarSesion: Guarda Sesión
02-14 20:33:15.218 16488 16488 I V--------- beginning of main
02-15 09:09:10.001 6166 6166 I libc : SetHeapTaggingLevel: tag level set to 0
02-15 09:09:10.010 6166 6166 E ometrika.d2web2: Not starting debugger since
process cannot load the jdwp agent.
02-15 09:09:10.020 6166 6166 I MessageMonitor: Load libmiui_runtime
02-15 09:09:10.034 6166 6166 D CompatibilityChangeReporter: Compat change id
reported: 171979766; UID 10255; state: DISABLED
02-15 09:09:10.041 6166 6166 D ApplicationLoaders: Returning zygote-cached class
loader: /system/framework/android.test.base.jar
02-15 09:09:10.041 6166 6202 D AppScoutStateMachine: 6166-
ScoutStateMachinecreated
02-15 09:09:10.046 6166 6166 D nativeloader: Configuring classloader-namespace
for other apk /system/framework/org.apache.http.legacy.jar. target_sdk_version=29,
uses_libraries=ALL,
library_path=/data/app/~~3X-_jtTHuaiVyBbUjmX7-A==/ec.biometrika.d2web2-
dpoGFV2cxUwSyDi_fguTzg==/lib/arm64:/data/app/~~3X-_jtTHuaiVyBbUjmX7-A==/
ec.biometrika.d2web2-dpoGFV2cxUwSyDi_fguTzg==/base.apk!/lib/arm64-v8a,
permitted_path=/data:/mnt/expand:/data/user/0/ec.biometrika.d2web2
02-15 09:09:10.046 6166 6166 D nativeloader: Extending system_exposed_libraries:
libbinauralrenderer_wrapper.qti.so:libhoaeffects.qti.so:libQOC.qti.so:libmisys_jni.
xiaomi.so:libupdateprof.qti.so:libthermalclient.qti.so:libQOC.qti.so:libdiag_system
.qti.so:libqape.qti.so:liblistenjni.qti.so
02-15 09:09:10.054 6166 6166 D nativeloader: Configuring classloader-namespace
for other apk /data/app/~~3X-_jtTHuaiVyBbUjmX7-A==/ec.biometrika.d2web2-
dpoGFV2cxUwSyDi_fguTzg==/base.apk. target_sdk_version=29, uses_libraries=,
library_path=/data/app/~~3X-_jtTHuaiVyBbUjmX7-A==/ec.biometrika.d2web2-
dpoGFV2cxUwSyDi_fguTzg==/lib/arm64:/data/app/~~3X-_jtTHuaiVyBbUjmX7-A==/
ec.biometrika.d2web2-dpoGFV2cxUwSyDi_fguTzg==/base.apk!/lib/arm64-v8a,
permitted_path=/data:/mnt/expand:/data/user/0/ec.biometrika.d2web2
02-15 09:09:10.054 6166 6166 D nativeloader: Extending system_exposed_libraries:
libbinauralrenderer_wrapper.qti.so:libhoaeffects.qti.so:libQOC.qti.so:libmisys_jni.
xiaomi.so:libupdateprof.qti.so:libthermalclient.qti.so:libQOC.qti.so:libdiag_system
.qti.so:libqape.qti.so:liblistenjni.qti.so
02-15 09:09:10.060 6166 6166 I Perf : Connecting to perf service.
02-15 09:09:10.065 6166 6166 V GraphicsEnvironment: ANGLE Developer option for
'ec.biometrika.d2web2' set to: 'default'
02-15 09:09:10.066 6166 6166 V GraphicsEnvironment: ANGLE GameManagerService for
ec.biometrika.d2web2: false
02-15 09:09:10.066 6166 6166 V GraphicsEnvironment: Updatable production driver
is not supported on the device.
02-15 09:09:10.069 6166 6166 I ForceDarkHelperStubImpl: initialize for
ec.biometrika.d2web2 , ForceDarkAppConfig: null
02-15 09:09:10.070 6166 6166 D ometrika.d2web2: JNI_OnLoad success
02-15 09:09:10.070 6166 6166 I MiuiForceDarkConfig: setConfig density:2.750000,
mainRule:0, secondaryRule:0, tertiaryRule:0
02-15 09:09:10.070 6166 6166 D NetworkSecurityConfig: No Network Security Config
specified, using platform default
02-15 09:09:10.071 6166 6166 D NetworkSecurityConfig: No Network Security Config
specified, using platform default
02-15 09:09:10.072 6166 6166 I MultiDex: VM with version 2.1.0 has multidex
support
02-15 09:09:10.072 6166 6166 I MultiDex: Installing application
02-15 09:09:10.072 6166 6166 I MultiDex: VM has multidex support, MultiDex
support library is disabled.
02-15 09:09:10.076 6166 6166 D CompatibilityChangeReporter: Compat change id
reported: 183155436; UID 10255; state: DISABLED
02-15 09:09:10.087 6166 6166 I FirebaseInitProvider: FirebaseApp initialization
successful
02-15 09:09:10.097 6166 6166 I com.veridiumid.sdk.fourfintegration.FourFLoader:
set resource path to /storage/emulated/0/Android/data/ec.biometrika.d2web2/files/
02-15 09:09:10.129 6166 6166 E 4F : Licence has expired. (Current date is:
2023-02-15, expiration date was: 2020-01-08)
02-15 09:09:10.129 6166 6166 W System.err: java.lang.Error: 4FID Failed to init.
Code:-4
02-15 09:09:10.129 6166 6166 W System.err: at
com.veridiumid.sdk.fourfintegration.FourFLoader.<init>(FourFLoader.java:39)
02-15 09:09:10.129 6166 6166 W System.err: at
com.veridiumid.sdk.fourfintegration.FourFLoader.safeStaticLoading(FourFLoader.java:
50)
02-15 09:09:10.129 6166 6166 W System.err: at
com.veridiumid.sdk.fourf.VeridiumFourFInitializer.initializeModule(VeridiumFourFIni
tializer.java:39)
02-15 09:09:10.129 6166 6166 W System.err: at
com.veridiumid.sdk.VeridiumSDK.init(VeridiumSDK.java:47)
02-15 09:09:10.129 6166 6166 W System.err: at
ec.biometrika.d2web2.TouchlessID.TouchlessIdAplication.inicializarVeridium(Touchles
sIdAplication.java:132)
02-15 09:09:10.129 6166 6166 W System.err: at
ec.biometrika.d2web2.TouchlessID.TouchlessIdAplication.onCreate(TouchlessIdAplicati
on.java:91)
02-15 09:09:10.129 6166 6166 W System.err: at
android.app.Instrumentation.callApplicationOnCreate(Instrumentation.java:1267)
02-15 09:09:10.129 6166 6166 W System.err: at
android.app.ActivityThread.handleBindApplication(ActivityThread.java:6963)
02-15 09:09:10.129 6166 6166 W System.err: at android.app.ActivityThread.-$
$Nest$mhandleBindApplication(Unknown Source:0)
02-15 09:09:10.129 6166 6166 W System.err: at
android.app.ActivityThread$H.handleMessage(ActivityThread.java:2189)
02-15 09:09:10.129 6166 6166 W System.err: at
android.os.Handler.dispatchMessage(Handler.java:106)
02-15 09:09:10.129 6166 6166 W System.err: at
android.os.Looper.loopOnce(Looper.java:210)
02-15 09:09:10.129 6166 6166 W System.err: at
android.os.Looper.loop(Looper.java:299)
02-15 09:09:10.129 6166 6166 W System.err: at
android.app.ActivityThread.main(ActivityThread.java:8116)
02-15 09:09:10.129 6166 6166 W System.err: at
java.lang.reflect.Method.invoke(Native Method)
02-15 09:09:10.129 6166 6166 W System.err: at
com.android.internal.os.RuntimeInit$MethodAndArgsCaller.run(RuntimeInit.java:559)
02-15 09:09:10.129 6166 6166 W System.err: at
com.android.internal.os.ZygoteInit.main(ZygoteInit.java:950)
02-15 09:09:10.130 6166 6214 I DynamiteModule: Considering local module
com.google.android.gms.measurement.dynamite:20 and remote module
com.google.android.gms.measurement.dynamite:87
02-15 09:09:10.130 6166 6214 I DynamiteModule: Selected remote version of
com.google.android.gms.measurement.dynamite, version >= 87
02-15 09:09:10.131 6166 6214 V DynamiteModule: Dynamite loader version >= 2,
using loadModule2NoCrashUtils
02-15 09:09:10.140 6166 6214 W System : ClassLoader referenced unknown path:
02-15 09:09:10.140 6166 6214 D nativeloader: Configuring classloader-namespace
for other apk . target_sdk_version=33, uses_libraries=,
library_path=/data/app/~~INsFP8qKVyE7uJtUk-NP5A==/com.google.android.gms-NcynU8-
nqaYl_nZ6QONDzg==/lib/arm64:/data/app/~~INsFP8qKVyE7uJtUk-NP5A==/
com.google.android.gms-NcynU8-nqaYl_nZ6QONDzg==/base.apk!/lib/arm64-v8a,
permitted_path=/data:/mnt/expand:/data/user/0/com.google.android.gms
02-15 09:09:10.157 6166 6214 W ometrika.d2web2: ClassLoaderContext type mismatch.
expected=PCL, found=DLC (PCL[] |
DLC[];PCL[/data/app/~~3X-_jtTHuaiVyBbUjmX7-A==/ec.biometrika.d2web2-
dpoGFV2cxUwSyDi_fguTzg==/base.apk*1236082082:/data/app/~~3X-_jtTHuaiVyBbUjmX7-A==/
ec.biometrika.d2web2-dpoGFV2cxUwSyDi_fguTzg==/base.apk!classes2.dex*3659325437]
{PCL[/system/framework/android.test.base.jar*1628045882]#PCL[/system/framework/
org.apache.http.legacy.jar*659110244]})
02-15 09:09:10.207 6166 6166 D com.veridiumid.sdk.defaultdata.DataStorage:
Initialized
02-15 09:09:10.207 6166 6166 D com.veridiumid.sdk.VeridiumSDK: Initialized
com.veridiumid.sdk.defaultdata.VeridiumDataInitializer@1e419ae in 77ms
02-15 09:09:10.207 6166 6166 D com.veridiumid.sdk.VeridiumSDK: Total SDK
initializeModule time: 110ms
02-15 09:09:10.212 6166 6220 I FA : App measurement initialized, version:
75108
02-15 09:09:10.212 6166 6220 I FA : To enable debug logging run: adb shell
setprop log.tag.FA VERBOSE
02-15 09:09:10.212 6166 6220 I FA : To enable faster debug mode event
logging run:
02-15 09:09:10.212 6166 6220 I FA : adb shell setprop
debug.firebase.analytics.app ec.biometrika.d2web2
02-15 09:09:10.224 6166 6166 D DecorView[]: getWindowModeFromSystem windowmode
is 1
02-15 09:09:10.244 6166 6220 I FA : Tag Manager is not found and thus will
not be used
02-15 09:09:10.316 6166 6166 D CompatibilityChangeReporter: Compat change id
reported: 210923482; UID 10255; state: DISABLED
02-15 09:09:10.316 6166 6166 D CompatibilityChangeReporter: Compat change id
reported: 37756858; UID 10255; state: ENABLED
--------- beginning of system
02-15 09:09:10.369 6166 6166 I ForceDarkHelperStubImpl: setViewRootImplForceDark:
false for ec.biometrika.d2web2.LoginPrincipalActivity@6019f6, reason:
AppDarkModeEnable
02-15 09:09:10.370 6166 6166 D DecorView[]: getWindowModeFromSystem windowmode
is 1
02-15 09:09:10.373 6166 6166 W Looper : PerfMonitor looperActivity :
package=ec.biometrika.d2web2/.LoginPrincipalActivity time=1ms latency=341ms
running=0ms procState=-1 historyMsgCount=3 (msgIndex=2 wall=177ms seq=2
running=109ms runnable=18ms io=21ms reclaim=2ms late=6ms
h=android.app.ActivityThread$H w=110) (msgIndex=3 wall=162ms seq=3 running=115ms
runnable=3ms io=9ms late=180ms h=android.app.ActivityThread$H w=159)
02-15 09:09:10.385 6245 6245 W libprocessgroup: JoinCgroup: controller schedtune
is not found
02-15 09:09:10.393 6166 6224 I AdrenoGLES-0: QUALCOMM build :
ab32fc8fad, Ie934a85479
02-15 09:09:10.393 6166 6224 I AdrenoGLES-0: Build Date :
07/28/22
02-15 09:09:10.393 6166 6224 I AdrenoGLES-0: OpenGL ES Shader Compiler Version:
EV031.36.08.09
02-15 09:09:10.393 6166 6224 I AdrenoGLES-0: Local Branch :
02-15 09:09:10.393 6166 6224 I AdrenoGLES-0: Remote Branch :
02-15 09:09:10.393 6166 6224 I AdrenoGLES-0: Remote Branch :
02-15 09:09:10.393 6166 6224 I AdrenoGLES-0: Reconstruct Branch :
02-15 09:09:10.393 6166 6224 I AdrenoGLES-0: Build Config : S
P 12.1.1 AArch64
02-15 09:09:10.393 6166 6224 I AdrenoGLES-0: Driver
Path : /vendor/lib64/egl/libGLESv2_adreno.so
02-15 09:09:10.393 6166 6224 I AdrenoGLES-0: Driver Version :
0615.0
02-15 09:09:10.397 6166 6224 I AdrenoGLES-0: PFP: 0x01730147, ME: 0x00000000
02-15 09:09:10.414 6166 6224 W libc : Access denied finding property
"vendor.migl.debug"
02-15 09:09:10.416 6166 6224 E libEGL : pre_cache appList: ,,
02-15 09:09:10.423 6166 6224 D ometrika.d2web2: MiuiProcessManagerServiceStub
setSchedFifo
02-15 09:09:10.423 6166 6224 I MiuiProcessManagerImpl: setSchedFifo pid:6166,
mode:3
02-15 09:09:10.541 6166 6224 W Parcel : Expecting binder but got null!
02-15 09:09:10.605 6166 6166 D CompatibilityChangeReporter: Compat change id
reported: 78294732; UID 10255; state: DISABLED
02-15 09:09:10.616 6166 6166 I HandWritingStubImpl: refreshLastKeyboardType: 1
02-15 09:09:10.616 6166 6166 I HandWritingStubImpl: getCurrentKeyboardType: 1
02-15 09:09:10.619 6166 6166 I HandWritingStubImpl: isKeyboardTypeChanged: false
02-15 09:09:10.619 6166 6166 I HandWritingStubImpl: isKeyboardTypeChanged: false
02-15 09:09:10.628 6166 6166 I HandWritingStubImpl: getCurrentKeyboardType: 1
02-15 09:09:11.210 6166 6166 W MirrorManager: this model don't Support
02-15 09:09:11.315 6166 6166 I ForceDarkHelperStubImpl: setViewRootImplForceDark:
false for ec.biometrika.d2web2.LoginPrincipalActivity@6019f6, reason:
AppDarkModeEnable
02-15 09:09:11.325 6166 6166 I ForceDarkHelperStubImpl: setViewRootImplForceDark:
false for ec.biometrika.d2web2.LoginPrincipalActivity@6019f6, reason:
AppDarkModeEnable
02-15 09:09:11.332 6166 6224 W Parcel : Expecting binder but got null!
02-15 09:09:11.333 6166 6166 W FingerprintManager: Invalid acquired message: 6,
21
02-15 09:09:11.363 6166 6166 I HandWritingStubImpl: refreshLastKeyboardType: 1
02-15 09:09:11.363 6166 6166 I HandWritingStubImpl: getCurrentKeyboardType: 1
02-15 09:09:11.364 6166 6166 I HandWritingStubImpl: isKeyboardTypeChanged: false
02-15 09:09:11.742 6166 6166 W FingerprintManager: Invalid acquired message: 6,
22
02-15 09:09:12.030 6166 6166 I LogD2movil: Fecha: 2023/febrero/15
02-15 09:09:12.030 6166 6166 I LogD2movil: Hora: 09:09:12 a. m.
02-15 09:09:12.030 6166 6166 I LogD2movil: Servicio Web: webservice -
https://www.d2servicios.com/d2web.api.uni/d2webdroid.asmx/ValidaUsuarioDroid
02-15 09:09:12.030 6166 6166 I LogD2movil: Mensaje: Antes de llamar a
ValidaUsuarioDroid.
02-15 09:09:12.033 6166 6166 I LogD2movil: Fecha: 2023/febrero/15
02-15 09:09:12.033 6166 6166 I LogD2movil: Hora: 09:09:12 a. m.
02-15 09:09:12.033 6166 6166 I LogD2movil: Servicio Web: webservice -
https://www.d2servicios.com/d2web.api.uni/d2webdroid.asmx/ValidaUsuarioDroid
02-15 09:09:12.033 6166 6166 I LogD2movil: Mensaje: Modo de inicio: Huella
digital
02-15 09:09:12.041 6166 6166 I LogD2movil: Fecha: 2023/febrero/15
02-15 09:09:12.041 6166 6166 I LogD2movil: Hora: 09:09:12 a. m.
02-15 09:09:12.041 6166 6166 I LogD2movil: Servicio Web: getAndroidID
02-15 09:09:12.041 6166 6166 I LogD2movil: Get Data: 1166445d84bfca5c
02-15 09:09:12.041 6166 6166 I LogD2movil: Mensaje: AndroidID
02-15 09:09:12.045 6166 6166 I LogD2movil: Fecha: 2023/febrero/15
02-15 09:09:12.045 6166 6166 I LogD2movil: Hora: 09:09:12 a. m.
02-15 09:09:12.045 6166 6166 I LogD2movil: Servicio Web: webservice -
https://www.d2servicios.com/d2web.api.uni/d2webdroid.asmx/ValidaUsuarioDroid
02-15 09:09:12.045 6166 6166 I LogD2movil: Mensaje: Validación tipo de red
02-15 09:09:12.047 6166 6166 I LogD2movil: Fecha: 2023/febrero/15
02-15 09:09:12.047 6166 6166 I LogD2movil: Hora: 09:09:12 a. m.
02-15 09:09:12.047 6166 6166 I LogD2movil: Servicio Web: webservice -
https://www.d2servicios.com/d2web.api.uni/d2webdroid.asmx/ValidaUsuarioDroid
02-15 09:09:12.047 6166 6166 I LogD2movil: Send Data: wifi
02-15 09:09:12.047 6166 6166 I LogD2movil: Mensaje: Tipo de red
02-15 09:09:12.048 6166 6166 I LogD2movil: Fecha: 2023/febrero/15
02-15 09:09:12.048 6166 6166 I LogD2movil: Hora: 09:09:12 a. m.
02-15 09:09:12.048 6166 6166 I LogD2movil: Servicio Web: webservice -
https://www.d2servicios.com/d2web.api.uni/d2webdroid.asmx/ValidaUsuarioDroid
02-15 09:09:12.048 6166 6166 I LogD2movil: Mensaje: Fin validación tipo de red
02-15 09:09:12.050 6166 6350 I LogD2movil: Fecha: 2023/febrero/15
02-15 09:09:12.050 6166 6350 I LogD2movil: Hora: 09:09:12 a. m.
02-15 09:09:12.050 6166 6350 I LogD2movil: Servicio Web: webservice -
https://www.d2servicios.com/d2web.api.uni/d2webdroid.asmx/ValidaUsuarioDroid
02-15 09:09:12.050 6166 6350 I LogD2movil: Subfunción: getHeaders
02-15 09:09:12.050 6166 6350 I LogD2movil: Send Data: ANDROID|d2Movil|4.1.8.1
02-15 09:09:12.050 6166 6350 I LogD2movil: Mensaje: Añadiendo headers.
02-15 09:09:12.053 6166 6350 I LogD2movil: Fecha: 2023/febrero/15
02-15 09:09:12.053 6166 6350 I LogD2movil: Hora: 09:09:12 a. m.
02-15 09:09:12.053 6166 6350 I LogD2movil: Servicio Web: webservice -
https://www.d2servicios.com/d2web.api.uni/d2webdroid.asmx/ValidaUsuarioDroid
02-15 09:09:12.053 6166 6350 I LogD2movil: Subfunción: getParams
02-15 09:09:12.053 6166 6350 I LogD2movil: Send Data: id_emp: 616
02-15 09:09:12.053 6166 6350 I LogD2movil: empresa: AYASA
02-15 09:09:12.053 6166 6350 I LogD2movil: Mensaje: Añadiendo parámetros.
02-15 09:09:12.072 6166 6166 I HandWritingStubImpl: isKeyboardTypeChanged: false
02-15 09:09:12.072 6166 6166 I HandWritingStubImpl: refreshLastKeyboardType: 1
02-15 09:09:12.072 6166 6166 I HandWritingStubImpl: getCurrentKeyboardType: 1
02-15 09:09:12.074 6166 6166 I HandWritingStubImpl: isKeyboardTypeChanged: false
02-15 09:09:12.121 6166 6350 D TrafficStats: tagSocket(111) with
statsTag=0xc0437e8b, statsUid=-1
02-15 09:09:13.237 6166 6166 I LogD2movil: Fecha: 2023/febrero/15
02-15 09:09:13.237 6166 6166 I LogD2movil: Hora: 09:09:13 a. m.
02-15 09:09:13.237 6166 6166 I LogD2movil: Servicio Web: webservice -
https://www.d2servicios.com/d2web.api.uni/d2webdroid.asmx/ValidaUsuarioDroid
02-15 09:09:13.237 6166 6166 I LogD2movil: Subfunción: OnResponse
02-15 09:09:13.237 6166 6166 I LogD2movil: Mensaje: Respondió ValidaUsuarioDroid
02-15 09:09:13.298 6166 6166 I LogD2movil: Fecha: 2023/febrero/15
02-15 09:09:13.298 6166 6166 I LogD2movil: Hora: 09:09:13 a. m.
02-15 09:09:13.298 6166 6166 I LogD2movil: Servicio Web: webservice -
https://www.d2servicios.com/d2web.api.uni/d2webdroid.asmx/ValidaUsuarioDroid
02-15 09:09:13.298 6166 6166 I LogD2movil: Subfunción: OnResponse
02-15 09:09:13.298 6166 6166 I LogD2movil: Get Data: identif: 1804679288 |
nombres:MACHADO SOLIS CHRISTIAN JAVIER | autori: [1000.130, 1000.150, 1000.50,
1000.80]
02-15 09:09:13.298 6166 6166 I LogD2movil: Respuesta: 0
02-15 09:09:13.298 6166 6166 I LogD2movil: Mensaje: PROCESO OK
02-15 09:09:13.321 6166 6166 I LogD2movil: Fecha: 2023/febrero/15
02-15 09:09:13.321 6166 6166 I LogD2movil: Hora: 09:09:13 a. m.
02-15 09:09:13.321 6166 6166 I LogD2movil: Servicio Web: webservice -
https://www.d2servicios.com/d2web.api.uni/d2webdroid.asmx/ValidaUsuarioDroid
02-15 09:09:13.321 6166 6166 I LogD2movil: Subfunción: OnResponse
02-15 09:09:13.321 6166 6166 I LogD2movil: Mensaje: Terminó Respuesta
ValidaUsuarioDroid
02-15 09:09:13.328 6166 6166 I LogD2movil: Fecha: 2023/febrero/15
02-15 09:09:13.328 6166 6166 I LogD2movil: Hora: 09:09:13 a. m.
02-15 09:09:13.328 6166 6166 I LogD2movil: Servicio Web: webservice -
https://www.d2servicios.com/d2web.api.uni/d2webdroid.asmx/ValidaUsuarioDroid
02-15 09:09:13.328 6166 6166 I LogD2movil: Subfunción: Firebase.onComplete
02-15 09:09:13.328 6166 6166 I LogD2movil: Get Data: token: fpL3oyS1Rs-
eSZYfORZbTP:APA91bFw3vTy-
IHL9SK86Rs1VreZgew84THzxT2ABENSWtQx3HJMYYAatz3DFBTHfQILiQp1rZAhEuKC-
iSc42l40FRwSzM2Ifbt6DdN4h_jgY1CCxvWjVeeCGbZflQdDGScUEks8wyw
02-15 09:09:13.328 6166 6166 I LogD2movil: Mensaje: Token Firebase
02-15 09:09:13.330 6166 6166 I LogD2movil: Fecha: 2023/febrero/15
02-15 09:09:13.330 6166 6166 I LogD2movil: Hora: 09:09:13 a. m.
02-15 09:09:13.330 6166 6166 I LogD2movil: Servicio Web: buscaDispositivo -
https://www.d2servicios.com/d2web.api.uni/d2webdroid.asmx/BuscaIdDespositivo
02-15 09:09:13.330 6166 6166 I LogD2movil: Subfunción: OnResponse
02-15 09:09:13.330 6166 6166 I LogD2movil: Mensaje: Antes de llamar a
BuscaIdDespositivo
02-15 09:09:13.337 6166 6166 I LogD2movil: Fecha: 2023/febrero/15
02-15 09:09:13.337 6166 6166 I LogD2movil: Hora: 09:09:13 a. m.
02-15 09:09:13.337 6166 6166 I LogD2movil: Servicio Web: buscaDispositivo -
https://www.d2servicios.com/d2web.api.uni/d2webdroid.asmx/BuscaIdDespositivo
02-15 09:09:13.337 6166 6166 I LogD2movil: Mensaje: Validación tipo de red
02-15 09:09:13.340 6166 6166 I LogD2movil: Fecha: 2023/febrero/15
02-15 09:09:13.340 6166 6166 I LogD2movil: Hora: 09:09:13 a. m.
02-15 09:09:13.340 6166 6166 I LogD2movil: Servicio Web: buscaDispositivo -
https://www.d2servicios.com/d2web.api.uni/d2webdroid.asmx/BuscaIdDespositivo
02-15 09:09:13.340 6166 6166 I LogD2movil: Send Data: wifi
02-15 09:09:13.340 6166 6166 I LogD2movil: Mensaje: Tipo de red
02-15 09:09:13.342 6166 6166 I LogD2movil: Fecha: 2023/febrero/15
02-15 09:09:13.342 6166 6166 I LogD2movil: Hora: 09:09:13 a. m.
02-15 09:09:13.342 6166 6166 I LogD2movil: Servicio Web: buscaDispositivo -
https://www.d2servicios.com/d2web.api.uni/d2webdroid.asmx/BuscaIdDespositivo
02-15 09:09:13.342 6166 6166 I LogD2movil: Mensaje: Fin validación tipo de red
02-15 09:09:13.342 6166 6166 D Token : fpL3oyS1Rs-eSZYfORZbTP:APA91bFw3vTy-
IHL9SK86Rs1VreZgew84THzxT2ABENSWtQx3HJMYYAatz3DFBTHfQILiQp1rZAhEuKC-
iSc42l40FRwSzM2Ifbt6DdN4h_jgY1CCxvWjVeeCGbZflQdDGScUEks8wyw
02-15 09:09:13.350 6166 6381 I LogD2movil: Fecha: 2023/febrero/15
02-15 09:09:13.350 6166 6381 I LogD2movil: Hora: 09:09:13 a. m.
02-15 09:09:13.350 6166 6381 I LogD2movil: Servicio Web: buscaDispositivo -
https://www.d2servicios.com/d2web.api.uni/d2webdroid.asmx/BuscaIdDespositivo
02-15 09:09:13.350 6166 6381 I LogD2movil: Send Data: BtkVrs: d2Movil|4.1.8.1,
BtkValidador: CNT.ec:Mobile.ec
02-15 09:09:13.350 6166 6381 I LogD2movil: Mensaje: Añadiendo headers
02-15 09:09:13.358 6166 6381 I LogD2movil: Fecha: 2023/febrero/15
02-15 09:09:13.358 6166 6381 I LogD2movil: Hora: 09:09:13 a. m.
02-15 09:09:13.358 6166 6381 I LogD2movil: Servicio Web: getAndroidID
02-15 09:09:13.358 6166 6381 I LogD2movil: Get Data: 1166445d84bfca5c
02-15 09:09:13.358 6166 6381 I LogD2movil: Mensaje: AndroidID
02-15 09:09:13.364 6166 6381 I LogD2movil: Fecha: 2023/febrero/15
02-15 09:09:13.364 6166 6381 I LogD2movil: Hora: 09:09:13 a. m.
02-15 09:09:13.364 6166 6381 I LogD2movil: Servicio Web: getAndroidID
02-15 09:09:13.364 6166 6381 I LogD2movil: Get Data: 1166445d84bfca5c
02-15 09:09:13.364 6166 6381 I LogD2movil: Mensaje: AndroidID
02-15 09:09:13.366 6166 6381 I LogD2movil: Fecha: 2023/febrero/15
