02-15 09:09:35.286 6166 6224 W qdgralloc: getInterlacedFlag: getMetaData returned
-22, defaulting to interlaced_flag = 0
02-15 09:09:35.336 6166 6224 W qdgralloc: getInterlacedFlag: getMetaData returned
-22, defaulting to interlaced_flag = 0
02-15 09:09:35.369 6166 6224 W qdgralloc: getInterlacedFlag: getMetaData returned
-22, defaulting to interlaced_flag = 0
02-15 09:09:35.567 6166 6166 I VerificarSesion: Guarda Sesión
02-15 09:09:35.567 6166 6166 I VerificarSesion: Contador: 1000
02-15 09:09:36.278 6166 6166 I LogD2movil: Fecha: 2023/febrero/15
02-15 09:09:36.278 6166 6166 I LogD2movil: Hora: 09:09:36 a. m.
02-15 09:09:36.278 6166 6166 I LogD2movil: Servicio Web: llamarWebService -
https://www.d2servicios.com/d2web.api.uni/d2webdroid.asmx/RealizaMarcacionDroid
02-15 09:09:36.278 6166 6166 I LogD2movil: Subfunción: onResponse
02-15 09:09:36.278 6166 6166 I LogD2movil: Respuesta: 0
02-15 09:09:36.278 6166 6166 I LogD2movil: Mensaje: PROCESO OK.
02-15 09:09:36.293 6166 6166 I ForceDarkHelperStubImpl: setViewRootImplForceDark:
false for ec.biometrika.d2web2.MenuPrincipalActivity@7696ddc, reason:
AppDarkModeEnable
02-15 09:09:36.320 6166 6166 I ForceDarkHelperStubImpl: setViewRootImplForceDark:
false for ec.biometrika.d2web2.MenuPrincipalActivity@7696ddc, reason:
AppDarkModeEnable
02-15 09:09:36.326 6166 6224 W Parcel : Expecting binder but got null!
02-15 09:09:36.327 6166 6166 I HandWritingStubImpl: isKeyboardTypeChanged: false
02-15 09:09:36.327 6166 6166 I HandWritingStubImpl: refreshLastKeyboardType: 1
02-15 09:09:36.327 6166 6166 I HandWritingStubImpl: getCurrentKeyboardType: 1
02-15 09:09:36.334 6166 6166 I HandWritingStubImpl: isKeyboardTypeChanged: false
02-15 09:09:36.374 6166 6166 I HandWritingStubImpl: refreshLastKeyboardType: 1
02-15 09:09:36.374 6166 6166 I HandWritingStubImpl: getCurrentKeyboardType: 1
02-15 09:09:36.375 6166 6166 I HandWritingStubImpl: isKeyboardTypeChanged: false
02-15 09:09:36.572 6166 6166 I VerificarSesion: Guarda Sesión
02-15 09:09:36.573 6166 6166 I VerificarSesion: Contador: 2000
02-15 09:09:37.583 6166 6166 I VerificarSesion: Guarda Sesión
02-15 09:09:37.584 6166 6166 I VerificarSesion: Contador: 3000
02-15 09:09:38.587 6166 6166 I VerificarSesion: Guarda Sesión
02-15 09:09:38.587 6166 6166 I VerificarSesion: Contador: 4000
02-15 09:09:39.588 6166 6166 I VerificarSesion: Guarda Sesión
02-15 09:09:39.589 6166 6166 I VerificarSesion: Contador: 5000
02-15 09:09:40.597 6166 6166 I VerificarSesion: Guarda Sesión
02-15 09:09:40.597 6166 6166 I VerificarSesion: Contador: 6000
02-15 09:09:40.873 6166 6166 I HandWritingStubImpl: isKeyboardTypeChanged: false
02-15 09:09:40.873 6166 6166 I HandWritingStubImpl: refreshLastKeyboardType: 1
02-15 09:09:40.873 6166 6166 I HandWritingStubImpl: getCurrentKeyboardType: 1
02-15 09:09:40.888 6166 6166 I HandWritingStubImpl: isKeyboardTypeChanged: false
02-15 09:09:41.477 6166 6166 E AndroidCameraApi: onPause
02-15 09:09:41.480 6166 6166 D CameraExtImplXiaoMi: releaseCameraDevice: 1
02-15 09:09:41.710 6166 6166 D CameraDevice-JV-1: close: E. id = 1
02-15 09:09:41.910 6166 6166 D CameraDevice-JV-1: close: X
02-15 09:09:41.914 6166 6636 W CameraDevice-JV-1: Device error received, code 4,
frame number 292, request ID 2, subseq ID 0
02-15 09:09:41.914 6166 6636 W CameraDevice-JV-1: Device error received, code 4,
frame number 287, request ID 2, subseq ID 0
02-15 09:09:41.914 6166 6636 W CameraDevice-JV-1: Device error received, code 4,
frame number 289, request ID 2, subseq ID 0
02-15 09:09:41.914 6166 6636 W CameraDevice-JV-1: Device error received, code 4,
frame number 290, request ID 2, subseq ID 0
02-15 09:09:41.914 6166 6636 W CameraDevice-JV-1: Device error received, code 4,
frame number 288, request ID 2, subseq ID 0
02-15 09:09:41.914 6166 6636 W CameraDevice-JV-1: Device error received, code 5,
frame number 287, request ID 2, subseq ID 0
02-15 09:09:41.915 6166 6636 W CameraDevice-JV-1: Device error received, code 5,
frame number 292, request ID 2, subseq ID 0
02-15 09:09:41.915 6166 6636 W CameraDevice-JV-1: Device error received, code 5,
frame number 288, request ID 2, subseq ID 0
02-15 09:09:41.915 6166 6636 W CameraDevice-JV-1: Device error received, code 5,
frame number 289, request ID 2, subseq ID 0
02-15 09:09:41.915 6166 6636 W CameraDevice-JV-1: Device error received, code 5,
frame number 290, request ID 2, subseq ID 0
02-15 09:09:41.915 6166 6636 W CameraDevice-JV-1: Device error received, code 4,
frame number 291, request ID 2, subseq ID 0
02-15 09:09:41.917 6166 6636 W CameraDevice-JV-1: Device error received, code 5,
frame number 291, request ID 2, subseq ID 0
02-15 09:09:41.919 6166 6166 W Activity: PerfMonitor: Slow Operation: Activity
ec.biometrika.d2web2/.MenuPrincipalActivity onPause took 442ms
02-15 09:09:41.926 6166 6166 I VerificarSesion: Contador: 7000
02-15 09:09:42.928 6166 6166 I VerificarSesion: Contador: 8000
02-15 09:09:43.929 6166 6166 I VerificarSesion: Contador: 9000
02-15 09:09:44.930 6166 6166 I VerificarSesion: Contador: 10000
02-15 09:09:45.932 6166 6166 I VerificarSesion: Contador: 11000
02-15 09:09:46.632 6166 6178 W System : A resource failed to call
Surface.release.
02-15 09:09:46.632 6166 6178 W System : A resource failed to call close.
02-15 09:09:46.934 6166 6166 I VerificarSesion: Contador: 12000
02-15 09:09:47.935 6166 6166 I VerificarSesion: Contador: 13000
02-15 09:09:48.937 6166 6166 I VerificarSesion: Contador: 14000
02-15 09:09:51.089 6166 6166 I VerificarSesion: Contador: 15000
02-15 09:09:52.094 6166 6166 I VerificarSesion: Contador: 16000
02-15 09:09:53.096 6166 6166 I VerificarSesion: Contador: 17000
02-15 09:09:54.097 6166 6166 I VerificarSesion: Contador: 18000
02-15 09:09:55.099 6166 6166 I VerificarSesion: Contador: 19000
02-15 09:09:56.968 6166 6166 I VerificarSesion: Contador: 20000
02-15 09:10:02.204 6166 6166 I VerificarSesion: Contador: 21000
02-15 09:10:03.206 6166 6166 I VerificarSesion: Contador: 22000
02-15 09:10:04.208 6166 6166 I VerificarSesion: Contador: 23000
02-15 09:10:08.188 6166 6166 I VerificarSesion: Contador: 24000
02-15 09:10:09.190 6166 6166 I VerificarSesion: Contador: 25000
02-15 09:10:10.191 6166 6166 I VerificarSesion: Contador: 26000
02-15 09:10:11.193 6166 6166 I VerificarSesion: Contador: 27000
02-15 09:10:12.194 6166 6166 I VerificarSesion: Contador: 28000
02-15 09:10:13.195 6166 6166 I VerificarSesion: Contador: 29000
02-15 09:10:19.446 6166 6166 I VerificarSesion: Contador: 30000
02-15 09:10:20.448 6166 6166 I VerificarSesion: Contador: 31000
02-15 09:10:21.450 6166 6166 I VerificarSesion: Contador: 32000
02-15 09:10:22.452 6166 6166 I VerificarSesion: Contador: 33000
02-15 09:10:23.453 6166 6166 I VerificarSesion: Contador: 34000
02-15 09:10:24.454 6166 6166 I VerificarSesion: Contador: 35000
02-15 09:10:26.763 6166 6166 I VerificarSesion: Contador: 36000
02-15 09:10:27.764 6166 6166 I VerificarSesion: Contador: 37000
02-15 09:10:28.766 6166 6166 I VerificarSesion: Contador: 38000
02-15 09:10:29.768 6166 6166 I VerificarSesion: Contador: 39000
02-15 09:10:30.770 6166 6166 I VerificarSesion: Contador: 40000
02-15 09:10:33.750 6166 6166 I VerificarSesion: Contador: 41000
02-15 09:10:34.759 6166 6166 I VerificarSesion: Contador: 42000
02-15 09:10:35.761 6166 6166 I VerificarSesion: Contador: 43000
02-15 09:10:36.763 6166 6166 I VerificarSesion: Contador: 44000
02-15 09:10:37.764 6166 6166 I VerificarSesion: Contador: 45000
02-15 09:10:38.766 6166 6166 I VerificarSesion: Contador: 46000
02-15 09:10:39.768 6166 6166 I VerificarSesion: Contador: 47000
02-15 09:10:41.115 6166 6166 I VerificarSesion: Contador: 48000
02-15 09:10:52.244 6166 6166 I VerificarSesion: Contador: 49000
02-15 09:10:53.246 6166 6166 I VerificarSesion: Contador: 50000
02-15 09:10:54.355 6166 6166 I VerificarSesion: Contador: 51000
02-15 09:10:55.358 6166 6166 I VerificarSesion: Contador: 52000
02-15 09:10:56.480 6166 6166 I VerificarSesion: Contador: 53000
02-15 09:10:57.481 6166 6166 I VerificarSesion: Contador: 54000
02-15 09:10:58.483 6166 6166 I VerificarSesion: Contador: 55000
02-15 09:10:59.484 6166 6166 I VerificarSesion: Contador: 56000
02-15 09:11:00.486 6166 6166 I VerificarSesion: Contador: 57000
02-15 09:11:01.488 6166 6166 I VerificarSesion: Contador: 58000
02-15 09:11:08.156 6166 6166 I VerificarSesion: Contador: 59000
02-15 09:11:09.157 6166 6166 I VerificarSesion: Contador: 60000
02-15 09:11:10.159 6166 6166 I VerificarSesion: Contador: 61000
02-15 09:11:11.160 6166 6166 I VerificarSesion: Contador: 62000
02-15 09:11:15.370 6166 6166 I VerificarSesion: Contador: 63000
02-15 09:11:16.370 6166 6166 I VerificarSesion: Contador: 64000
02-15 09:11:17.372 6166 6166 I VerificarSesion: Contador: 65000
02-15 09:11:18.374 6166 6166 I VerificarSesion: Contador: 66000
02-15 09:11:19.375 6166 6166 I VerificarSesion: Contador: 67000
02-15 09:11:21.157 6166 6166 I VerificarSesion: Contador: 68000
02-15 09:11:26.852 6166 6166 I VerificarSesion: Contador: 69000
02-15 09:11:27.855 6166 6166 I VerificarSesion: Contador: 70000
02-15 09:11:28.857 6166 6166 I VerificarSesion: Contador: 71000
02-15 09:11:29.858 6166 6166 I VerificarSesion: Contador: 72000
02-15 09:11:30.859 6166 6166 I VerificarSesion: Contador: 73000
02-15 09:11:37.330 6166 6166 I VerificarSesion: Contador: 74000
02-15 09:11:38.332 6166 6166 I VerificarSesion: Contador: 75000
02-15 09:11:39.335 6166 6166 I VerificarSesion: Contador: 76000
02-15 09:11:40.337 6166 6166 I VerificarSesion: Contador: 77000
02-15 09:11:44.053 6166 6166 I VerificarSesion: Contador: 78000
02-15 09:11:45.056 6166 6166 I VerificarSesion: Contador: 79000
02-15 09:11:46.057 6166 6166 I VerificarSesion: Contador: 80000
02-15 09:11:47.059 6166 6166 I VerificarSesion: Contador: 81000
02-15 09:11:48.060 6166 6166 I VerificarSesion: Contador: 82000
02-15 09:11:49.300 6166 6166 I VerificarSesion: Contador: 83000
02-15 09:11:56.543 6166 6166 I VerificarSesion: Contador: 84000
02-15 09:11:57.544 6166 6166 I VerificarSesion: Contador: 85000
02-15 09:11:58.546 6166 6166 I VerificarSesion: Contador: 86000
02-15 09:12:04.905 6166 6166 I VerificarSesion: Contador: 87000
02-15 09:12:05.906 6166 6166 I VerificarSesion: Contador: 88000
02-15 09:12:06.907 6166 6166 I VerificarSesion: Contador: 89000
02-15 09:12:07.912 6166 6166 I VerificarSesion: Contador: 90000
02-15 09:12:15.149 6166 6166 I VerificarSesion: Contador: 91000
02-15 09:12:16.150 6166 6166 I VerificarSesion: Contador: 92000
02-15 09:12:17.151 6166 6166 I VerificarSesion: Contador: 93000
02-15 09:12:18.153 6166 6166 I VerificarSesion: Contador: 94000
02-15 09:12:22.443 6166 6166 I VerificarSesion: Contador: 95000
02-15 09:12:23.445 6166 6166 I VerificarSesion: Contador: 96000
02-15 09:12:24.446 6166 6166 I VerificarSesion: Contador: 97000
02-15 09:12:25.447 6166 6166 I VerificarSesion: Contador: 98000
02-15 09:12:26.449 6166 6166 I VerificarSesion: Contador: 99000
02-15 09:12:40.951 6166 6166 I VerificarSesion: Contador: 100000
02-15 09:12:46.331 6166 6166 I VerificarSesion: Contador: 101000
02-15 09:12:47.332 6166 6166 I VerificarSesion: Contador: 102000
02-15 09:12:48.488 6166 6166 I VerificarSesion: Contador: 103000
02-15 09:12:53.924 6166 6166 I VerificarSesion: Contador: 104000
02-15 09:13:00.721 6166 6166 I VerificarSesion: Contador: 105000
02-15 09:13:02.595 6166 6166 I VerificarSesion: Contador: 106000
02-15 09:13:03.762 6166 6166 I VerificarSesion: Contador: 107000
02-15 09:13:04.763 6166 6166 I VerificarSesion: Contador: 108000
02-15 09:13:05.765 6166 6166 I VerificarSesion: Contador: 109000
02-15 09:13:16.554 6166 6166 I VerificarSesion: Contador: 110000
02-15 09:13:17.556 6166 6166 I VerificarSesion: Contador: 111000
02-15 09:13:18.556 6166 6166 I VerificarSesion: Contador: 112000
02-15 09:13:19.558 6166 6166 I VerificarSesion: Contador: 113000
02-15 09:13:20.559 6166 6166 I VerificarSesion: Contador: 114000
02-15 09:13:24.118 6166 6166 I VerificarSesion: Contador: 115000
02-15 09:13:25.119 6166 6166 I VerificarSesion: Contador: 116000
02-15 09:13:26.121 6166 6166 I VerificarSesion: Contador: 117000
02-15 09:13:31.204 6166 6166 I VerificarSesion: Contador: 118000
02-15 09:13:32.206 6166 6166 I VerificarSesion: Contador: 119000
02-15 09:13:33.208 6166 6166 I VerificarSesion: Contador: 120000
02-15 09:13:34.209 6166 6166 I VerificarSesion: Contador: 121000
02-15 09:13:35.212 6166 6166 I VerificarSesion: Contador: 122000
02-15 09:13:36.213 6166 6166 I VerificarSesion: Contador: 123000
02-15 09:13:43.191 6166 6166 I VerificarSesion: Contador: 124000
02-15 09:13:44.192 6166 6166 I VerificarSesion: Contador: 125000
02-15 09:13:45.193 6166 6166 I VerificarSesion: Contador: 126000
02-15 09:13:56.092 6166 6166 I VerificarSesion: Contador: 127000
02-15 09:14:01.481 6166 6166 I VerificarSesion: Contador: 128000
02-15 09:14:02.483 6166 6166 I VerificarSesion: Contador: 129000
02-15 09:14:15.849 6166 6166 I VerificarSesion: Contador: 130000
02-15 09:14:31.857 6166 6166 I VerificarSesion: Contador: 131000
02-15 09:14:36.849 6166 6166 I VerificarSesion: Contador: 132000
02-15 09:14:47.937 6166 6166 I VerificarSesion: Contador: 133000
02-15 09:14:48.939 6166 6166 I VerificarSesion: Contador: 134000
02-15 09:14:49.941 6166 6166 I VerificarSesion: Contador: 135000
02-15 09:14:58.509 6166 6166 I VerificarSesion: Contador: 136000
02-15 09:15:03.379 6166 6166 I VerificarSesion: Contador: 137000
02-15 09:15:04.381 6166 6166 I VerificarSesion: Contador: 138000
02-15 09:15:09.960 6166 6166 I VerificarSesion: Contador: 139000
02-15 09:15:22.850 6166 6166 I VerificarSesion: Contador: 140000
02-15 09:15:29.926 6166 6166 I VerificarSesion: Contador: 141000
02-15 09:15:30.927 6166 6166 I VerificarSesion: Contador: 142000
02-15 09:15:31.928 6166 6166 I VerificarSesion: Contador: 143000
02-15 09:15:36.688 6166 6166 I VerificarSesion: Contador: 144000
02-15 09:15:46.042 6166 6166 I VerificarSesion: Contador: 145000
02-15 09:15:50.701 6166 6166 I VerificarSesion: Contador: 146000
02-15 09:16:00.091 6166 6166 I VerificarSesion: Contador: 147000
02-15 09:16:04.638 6166 6166 I VerificarSesion: Contador: 148000
02-15 09:16:05.641 6166 6166 I VerificarSesion: Contador: 149000
02-15 09:16:17.845 6166 6166 I VerificarSesion: Contador: 150000
02-15 09:16:38.892 6166 6166 I VerificarSesion: Contador: 151000
02-15 09:17:00.033 6166 6166 I VerificarSesion: Contador: 152000
02-15 09:17:27.842 6166 6166 I VerificarSesion: Contador: 153000
02-15 09:17:28.844 6166 6166 I VerificarSesion: Contador: 154000
02-15 09:17:29.847 6166 6166 I VerificarSesion: Contador: 155000
02-15 09:17:30.855 6166 6166 I VerificarSesion: Contador: 156000
02-15 09:17:44.330 6166 6166 I VerificarSesion: Contador: 157000
02-15 09:17:45.611 6166 6166 I VerificarSesion: Contador: 158000
02-15 09:17:46.617 6166 6166 I VerificarSesion: Contador: 159000
02-15 09:17:47.618 6166 6166 I VerificarSesion: Contador: 160000
02-15 09:17:48.619 6166 6166 I VerificarSesion: Contador: 161000
02-15 09:17:52.963 6166 6166 I VerificarSesion: Contador: 162000
02-15 09:18:05.242 6166 6166 I VerificarSesion: Contador: 163000
02-15 09:18:06.244 6166 6166 I VerificarSesion: Contador: 164000
02-15 09:18:12.858 6166 6166 I VerificarSesion: Contador: 165000
02-15 09:18:13.860 6166 6166 I VerificarSesion: Contador: 166000
02-15 09:18:14.861 6166 6166 I VerificarSesion: Contador: 167000
02-15 09:18:16.207 6166 6166 I VerificarSesion: Contador: 168000
02-15 09:18:17.208 6166 6166 I VerificarSesion: Contador: 169000
02-15 09:18:18.210 6166 6166 I VerificarSesion: Contador: 170000
02-15 09:18:25.728 6166 6166 I VerificarSesion: Contador: 171000
02-15 09:18:45.916 6166 6166 I VerificarSesion: Contador: 172000
02-15 09:18:46.920 6166 6166 I VerificarSesion: Contador: 173000
02-15 09:18:47.921 6166 6166 I VerificarSesion: Contador: 174000
02-15 09:18:48.923 6166 6166 I VerificarSesion: Contador: 175000
02-15 09:18:49.924 6166 6166 I VerificarSesion: Contador: 176000
02-15 09:18:50.926 6166 6166 I VerificarSesion: Contador: 177000
02-15 09:18:51.927 6166 6166 I VerificarSesion: Contador: 178000
02-15 09:18:52.927 6166 6166 I VerificarSesion: Contador: 179000
02-15 09:19:02.946 6166 6166 I VerificarSesion: Contador: 180000
02-15 09:19:03.947 6166 6166 I VerificarSesion: Contador: 181000
02-15 09:19:04.949 6166 6166 I VerificarSesion: Contador: 182000
02-15 09:19:09.960 6166 6166 I VerificarSesion: Contador: 183000
02-15 09:19:15.797 6166 6166 I VerificarSesion: Contador: 184000
02-15 09:19:16.403 6166 6166 I ForceDarkHelperStubImpl: setViewRootImplForceDark:
false for ec.biometrika.d2web2.MenuPrincipalActivity@7696ddc, reason:
AppDarkModeEnable
02-15 09:19:16.420 6166 8761 D AppScoutStateMachine: 6166-
ScoutStateMachinecreated
02-15 09:19:16.442 6166 6166 E AndroidCameraApi: is camera open
02-15 09:19:16.442 6166 6166 I Selfie : findFirstFrontFacingCamera - inicio
02-15 09:19:16.442 6166 6166 W libc : Access denied finding property
"vendor.camera.aux.packagelist"
02-15 09:19:16.444 6166 6166 W libc : Access denied finding property
"vendor.camera.aux.packagelist"
02-15 09:19:16.446 6166 6166 I Selfie : Camara: 0
02-15 09:19:16.446 6166 6166 W libc : Access denied finding property
"vendor.camera.aux.packagelist"
02-15 09:19:16.447 6166 6166 I Selfie : Camara: 1
02-15 09:19:16.447 6166 6166 I Selfie : findFirstFrontFacingCamera - fin
02-15 09:19:16.447 6166 6166 E AndroidCameraApi: CameraId: 1
02-15 09:19:16.447 6166 6166 E AndroidCameraApi: intent openCamera
02-15 09:19:16.450 6166 6166 W libc : Access denied finding property
"persist.vendor.camera.privapp.list"
02-15 09:19:16.450 6166 6166 D CameraExtImplXiaoMi: initCameraDevice: 1
02-15 09:19:16.653 6166 6166 E AndroidCameraApi: openCamera X
02-15 09:19:16.680 6166 6224 W qdgralloc: getInterlacedFlag: getMetaData returned
-22, defaulting to interlaced_flag = 0
02-15 09:19:16.688 6166 6166 E AndroidCameraApi: onOpened
02-15 09:19:16.694 6166 6166 D CameraDevice-JV-1: waitUntilIdle: E. id = 1
02-15 09:19:16.694 6166 6166 D CameraDevice-JV-1: waitUntilIdle: X
02-15 09:19:16.745 6166 6166 I HandWritingStubImpl: refreshLastKeyboardType: 1
02-15 09:19:16.745 6166 6166 I HandWritingStubImpl: getCurrentKeyboardType: 1
02-15 09:19:16.751 6166 6166 I HandWritingStubImpl: isKeyboardTypeChanged: false
02-15 09:19:16.758 6166 6166 I HandWritingStubImpl: isKeyboardTypeChanged: false
02-15 09:19:16.803 6166 6166 I VerificarSesion: Guarda Sesión
02-15 09:19:16.803 6166 6166 I VerificarSesion: Contador: 185000
02-15 09:19:16.995 6166 6224 W qdgralloc: getInterlacedFlag: getMetaData returned
-22, defaulting to interlaced_flag = 0
02-15 09:19:17.027 6166 6224 W qdgralloc: getInterlacedFlag: getMetaData returned
-22, defaulting to interlaced_flag = 0
02-15 09:19:17.060 6166 6224 W qdgralloc: getInterlacedFlag: getMetaData returned
-22, defaulting to interlaced_flag = 0
02-15 09:19:17.093 6166 6224 W qdgralloc: getInterlacedFlag: getMetaData returned
-22, defaulting to interlaced_flag = 0
02-15 09:19:17.126 6166 6224 W qdgralloc: getInterlacedFlag: getMetaData returned
-22, defaulting to interlaced_flag = 0
02-15 09:19:17.159 6166 6224 W qdgralloc: getInterlacedFlag: getMetaData returned
-22, defaulting to interlaced_flag = 0
02-15 09:19:17.191 6166 6224 W qdgralloc: getInterlacedFlag: getMetaData returned
-22, defaulting to interlaced_flag = 0
02-15 09:19:17.225 6166 6224 W qdgralloc: getInterlacedFlag: getMetaData returned
-22, defaulting to interlaced_flag = 0
02-15 09:19:17.820 6166 6166 I VerificarSesion: Guarda Sesión
02-15 09:19:17.821 6166 6166 I VerificarSesion: Contador: 186000
02-15 09:19:18.825 6166 6166 I VerificarSesion: Guarda Sesión
02-15 09:19:18.825 6166 6166 I VerificarSesion: Contador: 187000
02-15 09:19:19.116 6166 6166 E AndroidCameraApi: onPause
02-15 09:19:19.124 6166 6166 D CameraExtImplXiaoMi: releaseCameraDevice: 1
02-15 09:19:19.194 6166 6166 D CameraDevice-JV-1: close: E. id = 1
02-15 09:19:19.205 6166 6323 W CameraDevice-JV-1: Device error received, code 4,
frame number 72, request ID 0, subseq ID 0
02-15 09:19:19.370 6166 6166 D CameraDevice-JV-1: close: X
02-15 09:19:19.372 6166 6323 W CameraDevice-JV-1: Device error received, code 4,
frame number 67, request ID 0, subseq ID 0
02-15 09:19:19.372 6166 6323 W CameraDevice-JV-1: Device error received, code 5,
frame number 67, request ID 0, subseq ID 0
02-15 09:19:19.372 6166 6323 W CameraDevice-JV-1: Device error received, code 5,
frame number 72, request ID 0, subseq ID 0
02-15 09:19:19.372 6166 6323 W CameraDevice-JV-1: Device error received, code 4,
frame number 68, request ID 0, subseq ID 0
02-15 09:19:19.372 6166 6323 W CameraDevice-JV-1: Device error received, code 5,
frame number 68, request ID 0, subseq ID 0
02-15 09:19:19.372 6166 6323 W CameraDevice-JV-1: Device error received, code 4,
frame number 70, request ID 0, subseq ID 0
02-15 09:19:19.372 6166 6323 W CameraDevice-JV-1: Device error received, code 4,
frame number 69, request ID 0, subseq ID 0
02-15 09:19:19.372 6166 6323 W CameraDevice-JV-1: Device error received, code 4,
frame number 71, request ID 0, subseq ID 0
02-15 09:19:19.373 6166 6323 W CameraDevice-JV-1: Device error received, code 5,
frame number 69, request ID 0, subseq ID 0
02-15 09:19:19.373 6166 6323 W CameraDevice-JV-1: Device error received, code 5,
frame number 70, request ID 0, subseq ID 0
02-15 09:19:19.374 6166 6323 W CameraDevice-JV-1: Device error received, code 5,
frame number 71, request ID 0, subseq ID 0
02-15 09:19:19.375 6166 6166 W Activity: PerfMonitor: Slow Operation: Activity
ec.biometrika.d2web2/.MenuPrincipalActivity onPause took 261ms
02-15 09:19:19.401 6166 6166 I Choreographer: Skipped 34 frames! The application
may be doing too much work on its main thread.
02-15 09:19:19.825 6166 6166 I VerificarSesion: Guarda Sesión
02-15 09:19:19.826 6166 6166 I VerificarSesion: Contador: 0
02-15 09:19:20.639 6166 6636 W libc : Access denied finding property
"vendor.camera.aux.packagelist"
02-15 09:19:20.639 6166 6636 W CameraManagerGlobal: ignore the torch status
update of camera: 4
02-15 09:19:20.639 6166 6636 W libc : Access denied finding property
"vendor.camera.aux.packagelist"
02-15 09:19:20.639 6166 6636 W CameraManagerGlobal: [soar.cts] ignore the status
update of camera: 4
02-15 09:19:20.644 6166 8830 W libc : Access denied finding property
"vendor.camera.aux.packagelist"
02-15 09:19:20.644 6166 8830 W CameraManagerGlobal: ignore the torch status
update of camera: 2
02-15 09:19:20.644 6166 8830 W libc : Access denied finding property
"vendor.camera.aux.packagelist"
02-15 09:19:20.644 6166 8830 W CameraManagerGlobal: ignore the torch status
update of camera: 3
02-15 09:19:20.828 6166 6166 I VerificarSesion: Guarda Sesión
02-15 09:19:20.829 6166 6166 I VerificarSesion: Contador: 1000
02-15 09:19:21.831 6166 6166 I VerificarSesion: Guarda Sesión
02-15 09:19:21.832 6166 6166 I VerificarSesion: Contador: 2000
02-15 09:19:22.832 6166 6166 I VerificarSesion: Guarda Sesión
02-15 09:19:22.833 6166 6166 I VerificarSesion: Contador: 3000
02-15 09:19:23.834 6166 6166 I VerificarSesion: Guarda Sesión
02-15 09:19:23.835 6166 6166 I VerificarSesion: Contador: 4000
02-15 09:19:24.837 6166 6166 I VerificarSesion: Guarda Sesión
02-15 09:19:24.837 6166 6166 I VerificarSesion: Contador: 5000
02-15 09:19:25.838 6166 6166 I VerificarSesion: Guarda Sesión
02-15 09:19:25.839 6166 6166 I VerificarSesion: Contador: 6000
02-15 09:19:26.484 6166 6636 W libc : Access denied finding property
"vendor.camera.aux.packagelist"
02-15 09:19:26.485 6166 6636 W CameraManagerGlobal: ignore the torch status
update of camera: 5
02-15 09:19:26.485 6166 6636 W libc : Access denied finding property
"vendor.camera.aux.packagelist"
02-15 09:19:26.485 6166 6636 W CameraManagerGlobal: [soar.cts] ignore the status
update of camera: 5
02-15 09:19:26.839 6166 6166 I VerificarSesion: Guarda Sesión
02-15 09:19:26.840 6166 6166 I VerificarSesion: Contador: 7000
02-15 09:19:26.842 6166 8830 W libc : Access denied finding property
"vendor.camera.aux.packagelist"
02-15 09:19:26.842 6166 8830 W CameraManagerGlobal: ignore the torch status
update of camera: 2
02-15 09:19:26.842 6166 8830 W libc : Access denied finding property
"vendor.camera.aux.packagelist"
02-15 09:19:26.842 6166 8830 W CameraManagerGlobal: ignore the torch status
update of camera: 3
02-15 09:19:26.928 6166 8830 W libc : Access denied finding property
"vendor.camera.aux.packagelist"
02-15 09:19:26.928 6166 8830 W CameraManagerGlobal: ignore the torch status
update of camera: 4
02-15 09:19:26.928 6166 8830 W libc : Access denied finding property
"vendor.camera.aux.packagelist"
02-15 09:19:26.928 6166 8830 W CameraManagerGlobal: [soar.cts] ignore the status
update of camera: 4
02-15 09:19:27.841 6166 6166 I VerificarSesion: Guarda Sesión
02-15 09:19:27.841 6166 6166 I VerificarSesion: Contador: 8000
02-15 09:19:28.842 6166 6166 I VerificarSesion: Guarda Sesión
02-15 09:19:28.842 6166 6166 I VerificarSesion: Contador: 9000
02-15 09:19:29.844 6166 6166 I VerificarSesion: Guarda Sesión
02-15 09:19:29.846 6166 6166 I VerificarSesion: Contador: 10000
02-15 09:19:30.847 6166 6166 I VerificarSesion: Guarda Sesión
02-15 09:19:30.848 6166 6166 I VerificarSesion: Contador: 11000
02-15 09:19:31.853 6166 6166 I VerificarSesion: Guarda Sesión
02-15 09:19:31.853 6166 6166 I VerificarSesion: Contador: 12000
02-15 09:19:32.856 6166 6166 I VerificarSesion: Guarda Sesión
02-15 09:19:32.856 6166 6166 I VerificarSesion: Contador: 13000
02-15 09:19:33.858 6166 6166 I VerificarSesion: Guarda Sesión
02-15 09:19:33.860 6166 6166 I VerificarSesion: Contador: 14000
02-15 09:19:34.861 6166 6166 I VerificarSesion: Guarda Sesión
02-15 09:19:34.862 6166 6166 I VerificarSesion: Contador: 15000
02-15 09:19:35.863 6166 6166 I VerificarSesion: Guarda Sesión
02-15 09:19:35.866 6166 6166 I VerificarSesion: Contador: 16000
02-15 09:19:36.868 6166 6166 I VerificarSesion: Guarda Sesión
02-15 09:19:36.869 6166 6166 I VerificarSesion: Contador: 17000
02-15 09:19:37.870 6166 6166 I VerificarSesion: Guarda Sesión
02-15 09:19:37.871 6166 6166 I VerificarSesion: Contador: 18000
02-15 09:19:38.872 6166 6166 I VerificarSesion: Guarda Sesión
02-15 09:19:38.873 6166 6166 I VerificarSesion: Contador: 19000
02-15 09:19:39.874 6166 6166 I VerificarSesion: Guarda Sesión
02-15 09:19:39.875 6166 6166 I VerificarSesion: Contador: 20000
02-15 09:19:40.876 6166 6166 I VerificarSesion: Guarda Sesión
02-15 09:19:40.878 6166 6166 I VerificarSesion: Contador: 21000
02-15 09:19:41.879 6166 6166 I VerificarSesion: Guarda Sesión
02-15 09:19:41.880 6166 6166 I VerificarSesion: Contador: 22000
02-15 09:19:42.881 6166 6166 I VerificarSesion: Guarda Sesión
02-15 09:19:42.882 6166 6166 I VerificarSesion: Contador: 23000
02-15 09:19:43.883 6166 6166 I VerificarSesion: Guarda Sesión
02-15 09:19:43.884 6166 6166 I VerificarSesion: Contador: 24000
02-15 09:19:44.886 6166 6166 I VerificarSesion: Guarda Sesión
02-15 09:19:44.886 6166 6166 I VerificarSesion: Contador: 25000
02-15 09:19:45.888 6166 6166 I VerificarSesion: Guarda Sesión
02-15 09:19:45.889 6166 6166 I VerificarSesion: Contador: 26000
02-15 09:19:46.890 6166 6166 I VerificarSesion: Guarda Sesión
02-15 09:19:46.891 6166 6166 I VerificarSesion: Contador: 27000
02-15 09:19:47.892 6166 6166 I VerificarSesion: Guarda Sesión
02-15 09:19:47.894 6166 6166 I VerificarSesion: Contador: 28000
02-15 09:19:48.895 6166 6166 I VerificarSesion: Guarda Sesión
02-15 09:19:48.897 6166 6166 I VerificarSesion: Contador: 29000
02-15 09:19:49.901 6166 6166 I VerificarSesion: Guarda Sesión
02-15 09:19:49.903 6166 6166 I VerificarSesion: Contador: 30000
02-15 09:19:50.905 6166 6166 I VerificarSesion: Guarda Sesión
02-15 09:19:50.907 6166 6166 I VerificarSesion: Contador: 31000
02-15 09:19:51.908 6166 6166 I VerificarSesion: Guarda Sesión
02-15 09:19:51.909 6166 6166 I VerificarSesion: Contador: 32000
02-15 09:19:52.910 6166 6166 I VerificarSesion: Guarda Sesión
02-15 09:19:52.912 6166 6166 I VerificarSesion: Contador: 33000
02-15 09:19:53.913 6166 6166 I VerificarSesion: Guarda Sesión
02-15 09:19:53.914 6166 6166 I VerificarSesion: Contador: 34000
02-15 09:19:54.915 6166 6166 I VerificarSesion: Guarda Sesión
02-15 09:19:54.916 6166 6166 I VerificarSesion: Contador: 35000
02-15 09:19:55.917 6166 6166 I VerificarSesion: Guarda Sesión
02-15 09:19:55.918 6166 6166 I VerificarSesion: Contador: 36000
02-15 09:19:56.919 6166 6166 I VerificarSesion: Guarda Sesión
02-15 09:19:56.920 6166 6166 I VerificarSesion: Contador: 37000
02-15 09:19:56.945 6166 6323 W libc : Access denied finding property
"vendor.camera.aux.packagelist"
02-15 09:19:56.945 6166 6323 W CameraManagerGlobal: ignore the torch status
update of camera: 5
02-15 09:19:56.945 6166 6323 W libc : Access denied finding property
"vendor.camera.aux.packagelist"
02-15 09:19:56.946 6166 6323 W CameraManagerGlobal: [soar.cts] ignore the status
update of camera: 5
02-15 09:19:57.921 6166 6166 I VerificarSesion: Guarda Sesión
02-15 09:19:57.921 6166 6166 I VerificarSesion: Contador: 38000
02-15 09:19:58.228 6166 6636 W libc : Access denied finding property
"vendor.camera.aux.packagelist"
02-15 09:19:58.229 6166 6636 W CameraManagerGlobal: ignore the torch status
update of camera: 4
02-15 09:19:58.230 6166 6636 W libc : Access denied finding property
"vendor.camera.aux.packagelist"
02-15 09:19:58.230 6166 6636 W CameraManagerGlobal: [soar.cts] ignore the status
update of camera: 4
02-15 09:19:58.231 6166 6323 W libc : Access denied finding property
"vendor.camera.aux.packagelist"
02-15 09:19:58.231 6166 6323 W CameraManagerGlobal: ignore the torch status
update of camera: 2
02-15 09:19:58.231 6166 6323 W libc : Access denied finding property
"vendor.camera.aux.packagelist"
02-15 09:19:58.231 6166 6323 W CameraManagerGlobal: ignore the torch status
update of camera: 3
02-15 09:19:58.927 6166 6166 I VerificarSesion: Guarda Sesión
02-15 09:19:58.928 6166 6166 I VerificarSesion: Contador: 39000
02-15 09:19:59.930 6166 6166 I VerificarSesion: Guarda Sesión
02-15 09:19:59.930 6166 6166 I VerificarSesion: Contador: 40000
02-15 09:20:00.173 6166 8830 W libc : Access denied finding property
"vendor.camera.aux.packagelist"
02-15 09:20:00.173 6166 8830 W CameraManagerGlobal: ignore the torch status
update of camera: 2
02-15 09:20:00.182 6166 8830 W libc : Access denied finding property
"vendor.camera.aux.packagelist"
02-15 09:20:00.182 6166 8830 W CameraManagerGlobal: ignore the torch status
update of camera: 3
02-15 09:20:00.224 6166 6202 W libc : Access denied finding property
"vendor.camera.aux.packagelist"
02-15 09:20:00.224 6166 6202 W CameraManagerGlobal: ignore the torch status
update of camera: 4
02-15 09:20:00.224 6166 6202 W libc : Access denied finding property
"vendor.camera.aux.packagelist"
02-15 09:20:00.224 6166 6202 W CameraManagerGlobal: [soar.cts] ignore the status
update of camera: 4
02-15 09:20:00.931 6166 6166 I VerificarSesion: Guarda Sesión
02-15 09:20:00.931 6166 6166 I VerificarSesion: Contador: 41000
02-15 09:20:01.933 6166 6166 I VerificarSesion: Guarda Sesión
02-15 09:20:01.933 6166 6166 I VerificarSesion: Contador: 42000
02-15 09:20:02.935 6166 6166 I VerificarSesion: Guarda Sesión
02-15 09:20:02.936 6166 6166 I VerificarSesion: Contador: 43000
02-15 09:20:03.939 6166 6166 I VerificarSesion: Guarda Sesión
02-15 09:20:03.943 6166 6166 I VerificarSesion: Contador: 44000
02-15 09:20:04.390 6166 6202 W libc : Access denied finding property
"vendor.camera.aux.packagelist"
02-15 09:20:04.390 6166 6202 W CameraManagerGlobal: ignore the torch status
update of camera: 4
02-15 09:20:04.390 6166 6202 W libc : Access denied finding property
"vendor.camera.aux.packagelist"
02-15 09:20:04.390 6166 6202 W CameraManagerGlobal: [soar.cts] ignore the status
update of camera: 4
02-15 09:20:04.393 6166 6202 W libc : Access denied finding property
"vendor.camera.aux.packagelist"
02-15 09:20:04.393 6166 6202 W CameraManagerGlobal: ignore the torch status
update of camera: 2
02-15 09:20:04.394 6166 6202 W libc : Access denied finding property
"vendor.camera.aux.packagelist"
02-15 09:20:04.394 6166 6202 W CameraManagerGlobal: ignore the torch status
update of camera: 3
02-15 09:20:04.949 6166 6166 I VerificarSesion: Guarda Sesión
02-15 09:20:04.951 6166 6166 I VerificarSesion: Contador: 45000
02-15 09:20:05.958 6166 6166 I VerificarSesion: Guarda Sesión
02-15 09:20:05.959 6166 6166 I VerificarSesion: Contador: 46000
02-15 09:20:06.935 6166 6202 W libc : Access denied finding property
"vendor.camera.aux.packagelist"
02-15 09:20:06.935 6166 6202 W CameraManagerGlobal: ignore the torch status
update of camera: 2
02-15 09:20:06.936 6166 6202 W libc : Access denied finding property
"vendor.camera.aux.packagelist"
02-15 09:20:06.936 6166 6202 W CameraManagerGlobal: ignore the torch status
update of camera: 3
02-15 09:20:06.959 6166 6166 I VerificarSesion: Guarda Sesión
02-15 09:20:06.960 6166 6166 I VerificarSesion: Contador: 47000
02-15 09:20:07.047 6166 6636 W libc : Access denied finding property
"vendor.camera.aux.packagelist"
02-15 09:20:07.047 6166 6636 W CameraManagerGlobal: ignore the torch status
update of camera: 4
02-15 09:20:07.047 6166 6636 W libc : Access denied finding property
"vendor.camera.aux.packagelist"
02-15 09:20:07.047 6166 6636 W CameraManagerGlobal: [soar.cts] ignore the status
update of camera: 4
02-15 09:20:07.961 6166 6166 I VerificarSesion: Guarda Sesión
02-15 09:20:07.962 6166 6166 I VerificarSesion: Contador: 48000
02-15 09:20:08.964 6166 6166 I VerificarSesion: Guarda Sesión
02-15 09:20:08.966 6166 6166 I VerificarSesion: Contador: 49000
02-15 09:20:09.967 6166 6166 I VerificarSesion: Guarda Sesión
02-15 09:20:09.968 6166 6166 I VerificarSesion: Contador: 50000
02-15 09:20:10.968 6166 6166 I VerificarSesion: Guarda Sesión
02-15 09:20:10.968 6166 6166 I VerificarSesion: Contador: 51000
02-15 09:20:11.968 6166 6166 I VerificarSesion: Guarda Sesión
02-15 09:20:11.969 6166 6166 I VerificarSesion: Contador: 52000
02-15 09:20:12.970 6166 6166 I VerificarSesion: Guarda Sesión
02-15 09:20:12.970 6166 6166 I VerificarSesion: Contador: 53000
02-15 09:20:13.851 6166 6202 E CameraManagerGlobal: Camera 4 is not available.
Ignore physical camera status change
02-15 09:20:13.851 6166 6202 E CameraManagerGlobal: Camera 5 is not available.
Ignore physical camera status change
02-15 09:20:13.852 6166 6202 W libc : Access denied finding property
"vendor.camera.aux.packagelist"
02-15 09:20:13.852 6166 6202 W CameraManagerGlobal: ignore the torch status
update of camera: 2
02-15 09:20:13.852 6166 6202 W libc : Access denied finding property
"vendor.camera.aux.packagelist"
02-15 09:20:13.852 6166 6202 W CameraManagerGlobal: ignore the torch status
update of camera: 3
02-15 09:20:13.972 6166 6166 I VerificarSesion: Guarda Sesión
02-15 09:20:13.973 6166 6166 I VerificarSesion: Contador: 54000
02-15 09:20:14.745 6166 8830 W libc : Access denied finding property
"vendor.camera.aux.packagelist"
02-15 09:20:14.745 6166 8830 W CameraManagerGlobal: ignore the torch status
update of camera: 2
02-15 09:20:14.745 6166 8830 W libc : Access denied finding property
"vendor.camera.aux.packagelist"
02-15 09:20:14.745 6166 8830 W CameraManagerGlobal: ignore the torch status
update of camera: 3
02-15 09:20:14.854 6166 7299 E CameraManagerGlobal: Camera 4 is not available.
Ignore physical camera status change
02-15 09:20:14.854 6166 7299 E CameraManagerGlobal: Camera 5 is not available.
Ignore physical camera status change
02-15 09:20:14.976 6166 6166 I VerificarSesion: Guarda Sesión
02-15 09:20:14.977 6166 6166 I VerificarSesion: Contador: 55000
02-15 09:20:15.977 6166 6166 I VerificarSesion: Guarda Sesión
02-15 09:20:15.977 6166 6166 I VerificarSesion: Contador: 56000
02-15 09:20:16.979 6166 6166 I VerificarSesion: Guarda Sesión
02-15 09:20:16.980 6166 6166 I VerificarSesion: Contador: 57000
02-15 09:20:17.981 6166 6166 I VerificarSesion: Guarda Sesión
02-15 09:20:17.982 6166 6166 I VerificarSesion: Contador: 58000
02-15 09:20:18.983 6166 6166 I VerificarSesion: Guarda Sesión
02-15 09:20:18.983 6166 6166 I VerificarSesion: Contador: 59000
02-15 09:20:19.984 6166 6166 I VerificarSesion: Guarda Sesión
02-15 09:20:19.985 6166 6166 I VerificarSesion: Contador: 60000
02-15 09:20:20.987 6166 6166 I VerificarSesion: Guarda Sesión
02-15 09:20:20.989 6166 6166 I VerificarSesion: Contador: 61000
02-15 09:20:21.990 6166 6166 I VerificarSesion: Guarda Sesión
02-15 09:20:21.994 6166 6166 I VerificarSesion: Contador: 62000
02-15 09:20:22.995 6166 6166 I VerificarSesion: Guarda Sesión
02-15 09:20:22.995 6166 6166 I VerificarSesion: Contador: 63000
02-15 09:20:23.997 6166 6166 I VerificarSesion: Guarda Sesión
02-15 09:20:23.998 6166 6166 I VerificarSesion: Contador: 64000
02-15 09:20:24.998 6166 6166 I VerificarSesion: Guarda Sesión
02-15 09:20:24.998 6166 6166 I VerificarSesion: Contador: 65000
02-15 09:20:26.000 6166 6166 I VerificarSesion: Guarda Sesión
02-15 09:20:26.001 6166 6166 I VerificarSesion: Contador: 66000
02-15 09:20:27.003 6166 6166 I VerificarSesion: Guarda Sesión
02-15 09:20:27.003 6166 6166 I VerificarSesion: Contador: 67000
02-15 09:20:28.007 6166 6166 I VerificarSesion: Guarda Sesión
02-15 09:20:28.009 6166 6166 I VerificarSesion: Contador: 68000
02-15 09:20:29.009 6166 6166 I VerificarSesion: Guarda Sesión
02-15 09:20:29.009 6166 6166 I VerificarSesion: Contador: 69000
02-15 09:20:30.010 6166 6166 I VerificarSesion: Guarda Sesión
02-15 09:20:30.010 6166 6166 I VerificarSesion: Contador: 70000
02-15 09:20:31.013 6166 6166 I VerificarSesion: Guarda Sesión
02-15 09:20:31.021 6166 6166 I VerificarSesion: Contador: 71000
02-15 09:20:32.022 6166 6166 I VerificarSesion: Guarda Sesión
02-15 09:20:32.023 6166 6166 I VerificarSesion: Contador: 72000
02-15 09:20:33.025 6166 6166 I VerificarSesion: Guarda Sesión
02-15 09:20:33.025 6166 6166 I VerificarSesion: Contador: 73000
02-15 09:20:34.027 6166 6166 I VerificarSesion: Guarda Sesión
02-15 09:20:34.028 6166 6166 I VerificarSesion: Contador: 74000
02-15 09:20:35.029 6166 6166 I VerificarSesion: Guarda Sesión
02-15 09:20:35.030 6166 6166 I VerificarSesion: Contador: 75000
02-15 09:20:36.032 6166 6166 I VerificarSesion: Guarda Sesión
02-15 09:20:36.033 6166 6166 I VerificarSesion: Contador: 76000
02-15 09:20:37.034 6166 6166 I VerificarSesion: Guarda Sesión
02-15 09:20:37.035 6166 6166 I VerificarSesion: Contador: 77000
02-15 09:20:38.036 6166 6166 I VerificarSesion: Guarda Sesión
02-15 09:20:38.037 6166 6166 I VerificarSesion: Contador: 78000
02-15 09:20:39.039 6166 6166 I VerificarSesion: Guarda Sesión
02-15 09:20:39.040 6166 6166 I VerificarSesion: Contador: 79000
02-15 09:20:40.041 6166 6166 I VerificarSesion: Guarda Sesión
02-15 09:20:40.042 6166 6166 I VerificarSesion: Contador: 80000
02-15 09:20:41.044 6166 6166 I VerificarSesion: Guarda Sesión
02-15 09:20:41.046 6166 6166 I VerificarSesion: Contador: 81000
02-15 09:20:42.051 6166 6166 I VerificarSesion: Guarda Sesión
02-15 09:20:42.051 6166 6166 I VerificarSesion: Contador: 82000
02-15 09:20:43.060 6166 6166 I VerificarSesion: Guarda Sesión
02-15 09:20:43.060 6166 6166 I VerificarSesion: Contador: 83000
02-15 09:20:44.061 6166 6166 I VerificarSesion: Guarda Sesión
02-15 09:20:44.062 6166 6166 I VerificarSesion: Contador: 84000
02-15 09:20:45.064 6166 6166 I VerificarSesion: Guarda Sesión
02-15 09:20:45.066 6166 6166 I VerificarSesion: Contador: 85000
02-15 09:20:46.067 6166 6166 I VerificarSesion: Guarda Sesión
02-15 09:20:46.068 6166 6166 I VerificarSesion: Contador: 86000
02-15 09:20:47.070 6166 6166 I VerificarSesion: Guarda Sesión
02-15 09:20:47.071 6166 6166 I VerificarSesion: Contador: 87000
02-15 09:20:48.073 6166 6166 I VerificarSesion: Guarda Sesión
02-15 09:20:48.074 6166 6166 I VerificarSesion: Contador: 88000
02-15 09:20:49.075 6166 6166 I VerificarSesion: Guarda Sesión
02-15 09:20:49.076 6166 6166 I VerificarSesion: Contador: 89000
02-15 09:20:50.079 6166 6166 I VerificarSesion: Guarda Sesión
02-15 09:20:50.080 6166 6166 I VerificarSesion: Contador: 90000
02-15 09:20:51.081 6166 6166 I VerificarSesion: Guarda Sesión
02-15 09:20:51.082 6166 6166 I VerificarSesion: Contador: 91000
02-15 09:20:52.083 6166 6166 I VerificarSesion: Guarda Sesión
02-15 09:20:52.084 6166 6166 I VerificarSesion: Contador: 92000
02-15 09:20:53.085 6166 6166 I VerificarSesion: Guarda Sesión
02-15 09:20:53.086 6166 6166 I VerificarSesion: Contador: 93000
02-15 09:20:54.089 6166 6166 I VerificarSesion: Guarda Sesión
02-15 09:20:54.090 6166 6166 I VerificarSesion: Contador: 94000
02-15 09:20:55.091 6166 6166 I VerificarSesion: Guarda Sesión
02-15 09:20:55.093 6166 6166 I VerificarSesion: Contador: 95000
02-15 09:20:56.094 6166 6166 I VerificarSesion: Guarda Sesión
02-15 09:20:56.095 6166 6166 I VerificarSesion: Contador: 96000
02-15 09:20:57.096 6166 6166 I VerificarSesion: Guarda Sesión
02-15 09:20:57.097 6166 6166 I VerificarSesion: Contador: 97000
02-15 09:20:58.098 6166 6166 I VerificarSesion: Guarda Sesión
02-15 09:20:58.099 6166 6166 I VerificarSesion: Contador: 98000
02-15 09:20:59.100 6166 6166 I VerificarSesion: Guarda Sesión
02-15 09:20:59.102 6166 6166 I VerificarSesion: Contador: 99000
02-15 09:21:00.103 6166 6166 I VerificarSesion: Guarda Sesión
02-15 09:21:00.104 6166 6166 I VerificarSesion: Contador: 100000
02-15 09:21:01.105 6166 6166 I VerificarSesion: Guarda Sesión
02-15 09:21:01.106 6166 6166 I VerificarSesion: Contador: 101000
02-15 09:21:02.108 6166 6166 I VerificarSesion: Guarda Sesión
02-15 09:21:02.109 6166 6166 I VerificarSesion: Contador: 102000
02-15 09:21:03.110 6166 6166 I VerificarSesion: Guarda Sesión
02-15 09:21:03.111 6166 6166 I VerificarSesion: Contador: 103000
02-15 09:21:04.113 6166 6166 I VerificarSesion: Guarda Sesión
02-15 09:21:04.114 6166 6166 I VerificarSesion: Contador: 104000
02-15 09:21:05.115 6166 6166 I VerificarSesion: Guarda Sesión
02-15 09:21:05.115 6166 6166 I VerificarSesion: Contador: 105000
02-15 09:21:06.115 6166 6166 I VerificarSesion: Guarda Sesión
02-15 09:21:06.115 6166 6166 I VerificarSesion: Contador: 106000
02-15 09:21:07.117 6166 6166 I VerificarSesion: Guarda Sesión
02-15 09:21:07.118 6166 6166 I VerificarSesion: Contador: 107000
02-15 09:21:08.119 6166 6166 I VerificarSesion: Guarda Sesión
02-15 09:21:08.120 6166 6166 I VerificarSesion: Contador: 108000
02-15 09:21:08.300 6166 6178 W System : A resource failed to call
Surface.release.
02-15 09:21:08.301 6166 6178 W MessageQueue: Handler (android.os.Handler)
{3a4cc5e} sending message to a Handler on a dead thread
02-15 09:21:08.301 6166 6178 W MessageQueue: java.lang.IllegalStateException:
Handler (android.os.Handler) {3a4cc5e} sending message to a Handler on a dead
thread
02-15 09:21:08.301 6166 6178 W MessageQueue: at
android.os.MessageQueue.enqueueMessage(MessageQueue.java:574)
02-15 09:21:08.301 6166 6178 W MessageQueue: at
android.os.Handler.enqueueMessage(Handler.java:778)
02-15 09:21:08.301 6166 6178 W MessageQueue: at
android.os.Handler.sendMessageAtTime(Handler.java:727)
02-15 09:21:08.301 6166 6178 W MessageQueue: at
android.os.Handler.sendMessageDelayed(Handler.java:697)
02-15 09:21:08.301 6166 6178 W MessageQueue: at
android.os.Handler.post(Handler.java:427)
02-15 09:21:08.301 6166 6178 W MessageQueue: at
android.hardware.camera2.impl.CameraDeviceImpl$CameraHandlerExecutor.execute(Camera
DeviceImpl.java:2491)
02-15 09:21:08.301 6166 6178 W MessageQueue: at
android.hardware.camera2.impl.CallbackProxies$SessionStateCallbackProxy.onClosed(Ca
llbackProxies.java:104)
02-15 09:21:08.301 6166 6178 W MessageQueue: at
android.hardware.camera2.impl.CameraCaptureSessionImpl.close(CameraCaptureSessionIm
pl.java:596)
02-15 09:21:08.301 6166 6178 W MessageQueue: at
android.hardware.camera2.impl.CameraCaptureSessionImpl.finalize(CameraCaptureSessio
nImpl.java:887)
02-15 09:21:08.301 6166 6178 W MessageQueue: at
java.lang.Daemons$FinalizerDaemon.doFinalize(Daemons.java:319)
02-15 09:21:08.301 6166 6178 W MessageQueue: at
java.lang.Daemons$FinalizerDaemon.runInternal(Daemons.java:306)
02-15 09:21:08.301 6166 6178 W MessageQueue: at
java.lang.Daemons$Daemon.run(Daemons.java:140)
02-15 09:21:08.301 6166 6178 W MessageQueue: at
java.lang.Thread.run(Thread.java:1012)
02-15 09:21:09.122 6166 6166 I VerificarSesion: Guarda Sesión
02-15 09:21:09.122 6166 6166 I VerificarSesion: Contador: 109000
02-15 09:21:10.123 6166 6166 I VerificarSesion: Guarda Sesión
02-15 09:21:10.125 6166 6166 I VerificarSesion: Contador: 110000
02-15 09:21:11.128 6166 6166 I VerificarSesion: Guarda Sesión
02-15 09:21:11.128 6166 6166 I VerificarSesion: Contador: 111000
02-15 09:21:12.130 6166 6166 I VerificarSesion: Guarda Sesión
02-15 09:21:12.131 6166 6166 I VerificarSesion: Contador: 112000
02-15 09:21:13.133 6166 6166 I VerificarSesion: Guarda Sesión
02-15 09:21:13.133 6166 6166 I VerificarSesion: Contador: 113000
02-15 09:21:14.134 6166 6166 I VerificarSesion: Guarda Sesión
02-15 09:21:14.135 6166 6166 I VerificarSesion: Contador: 114000
02-15 09:21:15.136 6166 6166 I VerificarSesion: Guarda Sesión
02-15 09:21:15.138 6166 6166 I VerificarSesion: Contador: 115000
02-15 09:21:16.139 6166 6166 I VerificarSesion: Guarda Sesión
02-15 09:21:16.140 6166 6166 I VerificarSesion: Contador: 116000
02-15 09:21:17.142 6166 6166 I VerificarSesion: Guarda Sesión
02-15 09:21:17.142 6166 6166 I VerificarSesion: Contador: 117000
02-15 09:21:18.143 6166 6166 I VerificarSesion: Guarda Sesión
02-15 09:21:18.144 6166 6166 I VerificarSesion: Contador: 118000
02-15 09:21:19.145 6166 6166 I VerificarSesion: Guarda Sesión
02-15 09:21:19.145 6166 6166 I VerificarSesion: Contador: 119000
02-15 09:21:20.147 6166 6166 I VerificarSesion: Guarda Sesión
02-15 09:21:20.147 6166 6166 I VerificarSesion: Contador: 120000
02-15 09:21:21.149 6166 6166 I VerificarSesion: Guarda Sesión
02-15 09:21:21.150 6166 6166 I VerificarSesion: Contador: 121000
02-15 09:21:22.151 6166 6166 I VerificarSesion: Guarda Sesión
02-15 09:21:22.152 6166 6166 I VerificarSesion: Contador: 122000
02-15 09:21:23.153 6166 6166 I VerificarSesion: Guarda Sesión
02-15 09:21:23.155 6166 6166 I VerificarSesion: Contador: 123000
02-15 09:21:24.156 6166 6166 I VerificarSesion: Guarda Sesión
02-15 09:21:24.158 6166 6166 I VerificarSesion: Contador: 124000
02-15 09:21:25.160 6166 6166 I VerificarSesion: Guarda Sesión
02-15 09:21:25.161 6166 6166 I VerificarSesion: Contador: 125000
02-15 09:21:26.163 6166 6166 I VerificarSesion: Guarda Sesión
02-15 09:21:26.164 6166 6166 I VerificarSesion: Contador: 126000
02-15 09:21:27.165 6166 6166 I VerificarSesion: Guarda Sesión
02-15 09:21:27.167 6166 6166 I VerificarSesion: Contador: 127000
02-15 09:21:28.169 6166 6166 I VerificarSesion: Guarda Sesión
02-15 09:21:28.170 6166 6166 I VerificarSesion: Contador: 128000
02-15 09:21:29.173 6166 6166 I VerificarSesion: Guarda Sesión
02-15 09:21:29.174 6166 6166 I VerificarSesion: Contador: 129000
02-15 09:21:30.177 6166 6166 I VerificarSesion: Guarda Sesión
02-15 09:21:30.178 6166 6166 I VerificarSesion: Contador: 130000
02-15 09:21:31.179 6166 6166 I VerificarSesion: Guarda Sesión
02-15 09:21:31.179 6166 6166 I VerificarSesion: Contador: 131000
02-15 09:21:32.181 6166 6166 I VerificarSesion: Guarda Sesión
02-15 09:21:32.182 6166 6166 I VerificarSesion: Contador: 132000
02-15 09:21:33.183 6166 6166 I VerificarSesion: Guarda Sesión
02-15 09:21:33.185 6166 6166 I VerificarSesion: Contador: 133000
02-15 09:21:34.187 6166 6166 I VerificarSesion: Guarda Sesión
02-15 09:21:34.188 6166 6166 I VerificarSesion: Contador: 134000
02-15 09:21:35.190 6166 6166 I VerificarSesion: Guarda Sesión
02-15 09:21:35.190 6166 6166 I VerificarSesion: Contador: 135000
02-15 09:21:36.192 6166 6166 I VerificarSesion: Guarda Sesión
02-15 09:21:36.194 6166 6166 I VerificarSesion: Contador: 136000
02-15 09:21:37.195 6166 6166 I VerificarSesion: Guarda Sesión
02-15 09:21:37.195 6166 6166 I VerificarSesion: Contador: 137000
02-15 09:21:38.197 6166 6166 I VerificarSesion: Guarda Sesión
02-15 09:21:38.198 6166 6166 I VerificarSesion: Contador: 138000
02-15 09:21:39.201 6166 6166 I VerificarSesion: Guarda Sesión
02-15 09:21:39.202 6166 6166 I VerificarSesion: Contador: 139000
02-15 09:21:40.203 6166 6166 I VerificarSesion: Guarda Sesión
02-15 09:21:40.205 6166 6166 I VerificarSesion: Contador: 140000
02-15 09:21:41.206 6166 6166 I VerificarSesion: Guarda Sesión
02-15 09:21:41.207 6166 6166 I VerificarSesion: Contador: 141000
02-15 09:21:42.207 6166 6166 I VerificarSesion: Guarda Sesión
02-15 09:21:42.208 6166 6166 I VerificarSesion: Contador: 142000
02-15 09:21:43.209 6166 6166 I VerificarSesion: Guarda Sesión
02-15 09:21:43.210 6166 6166 I VerificarSesion: Contador: 143000
02-15 09:21:44.213 6166 6166 I VerificarSesion: Guarda Sesión
02-15 09:21:44.215 6166 6166 I VerificarSesion: Contador: 144000
02-15 09:21:45.217 6166 6166 I VerificarSesion: Guarda Sesión
02-15 09:21:45.219 6166 6166 I VerificarSesion: Contador: 145000
02-15 09:21:46.220 6166 6166 I VerificarSesion: Guarda Sesión
02-15 09:21:46.221 6166 6166 I VerificarSesion: Contador: 146000
02-15 09:21:47.222 6166 6166 I VerificarSesion: Guarda Sesión
02-15 09:21:47.222 6166 6166 I VerificarSesion: Contador: 147000
02-15 09:21:48.225 6166 6166 I VerificarSesion: Guarda Sesión
02-15 09:21:48.226 6166 6166 I VerificarSesion: Contador: 148000
02-15 09:21:49.226 6166 6166 I VerificarSesion: Guarda Sesión
02-15 09:21:49.227 6166 6166 I VerificarSesion: Contador: 149000
02-15 09:21:55.292 6166 6166 I VerificarSesion: Guarda Sesión
02-15 09:21:55.293 6166 6166 I VerificarSesion: Contador: 150000
02-15 09:21:56.294 6166 6166 I VerificarSesion: Guarda Sesión
02-15 09:21:56.296 6166 6166 I VerificarSesion: Contador: 151000
02-15 09:21:57.298 6166 6166 I VerificarSesion: Guarda Sesión
02-15 09:21:57.300 6166 6166 I VerificarSesion: Contador: 152000
02-15 09:21:58.301 6166 6166 I VerificarSesion: Guarda Sesión
02-15 09:21:58.303 6166 6166 I VerificarSesion: Contador: 153000
02-15 09:21:59.304 6166 6166 I VerificarSesion: Guarda Sesión
02-15 09:21:59.305 6166 6166 I VerificarSesion: Contador: 154000
02-15 09:22:00.307 6166 6166 I VerificarSesion: Guarda Sesión
