02-17 19:05:41.232 23519 23519 I LogD2movil: Fecha: 2023/febrero/17
02-17 19:05:41.232 23519 23519 I LogD2movil: Hora: 19:05:41 p. m.
02-17 19:05:41.232 23519 23519 I LogD2movil: Servicio Web:
RecuperaTemplatesGraficos -
https://www.d2servicios.com/d2web.api.uni/d2webdroid.asmx/RecuperaTemplatesGraficos
02-17 19:05:41.232 23519 23519 I LogD2movil: Subfunción: onResponse
02-17 19:05:41.232 23519 23519 I LogD2movil: Get Data: Hay datos: true | Nº
Reportes: 1
02-17 19:05:41.244 23519 23758 I LogD2movil: Fecha: 2023/febrero/17
02-17 19:05:41.244 23519 23758 I LogD2movil: Hora: 19:05:41 p. m.
02-17 19:05:41.244 23519 23758 I LogD2movil: Servicio Web: getAndroidID
02-17 19:05:41.244 23519 23758 I LogD2movil: Get Data: 1166445d84bfca5c
02-17 19:05:41.244 23519 23758 I LogD2movil: Mensaje: AndroidID
02-17 19:05:41.245 23519 23519 I HandWritingStubImpl: isKeyboardTypeChanged: false
02-17 19:05:41.270 23519 23758 I LogD2movil: Fecha: 2023/febrero/17
02-17 19:05:41.270 23519 23758 I LogD2movil: Hora: 19:05:41 p. m.
02-17 19:05:41.270 23519 23758 I LogD2movil: Servicio Web: getAndroidID
02-17 19:05:41.270 23519 23758 I LogD2movil: Get Data: 1166445d84bfca5c
02-17 19:05:41.270 23519 23758 I LogD2movil: Mensaje: AndroidID
02-17 19:05:41.279 23519 23758 I LogD2movil: Fecha: 2023/febrero/17
02-17 19:05:41.279 23519 23758 I LogD2movil: Hora: 19:05:41 p. m.
02-17 19:05:41.279 23519 23758 I LogD2movil: Servicio Web: ejecutaReporteMv
02-17 19:05:41.279 23519 23758 I LogD2movil: Subfunción: getParams
02-17 19:05:41.279 23519 23758 I LogD2movil: Send Data: token: null| idReporte: 13|
fecha Desde y hasta: 2023-02-17
02-17 19:05:41.406 23519 23562 W qdgralloc: getInterlacedFlag: getMetaData returned
-22, defaulting to interlaced_flag = 0
02-17 19:05:41.452 23519 23519 I LogD2movil: Fecha: 2023/febrero/17
02-17 19:05:41.452 23519 23519 I LogD2movil: Hora: 19:05:41 p. m.
02-17 19:05:41.452 23519 23519 I LogD2movil: Servicio Web: ejecutaReporteMv -
https://www.d2servicios.com/d2web.api.uni/d2webdroid.asmx/EjecutaReporteMv
02-17 19:05:41.452 23519 23519 I LogD2movil: Subfunción: onResponse
02-17 19:05:41.452 23519 23519 I LogD2movil: Send Data: id reporte: 13| Gráficos a
mostrar: 1
02-17 19:05:41.478 23519 23562 W qdgralloc: getInterlacedFlag: getMetaData returned
-22, defaulting to interlaced_flag = 0
02-17 19:05:41.506 23519 23562 W qdgralloc: getInterlacedFlag: getMetaData returned
-22, defaulting to interlaced_flag = 0
02-17 19:05:41.555 23519 23562 W qdgralloc: getInterlacedFlag: getMetaData returned
-22, defaulting to interlaced_flag = 0
02-17 19:05:41.572 23519 23562 W qdgralloc: getInterlacedFlag: getMetaData returned
-22, defaulting to interlaced_flag = 0
02-17 19:05:41.605 23519 23562 W qdgralloc: getInterlacedFlag: getMetaData returned
-22, defaulting to interlaced_flag = 0
02-17 19:05:41.654 23519 23562 W qdgralloc: getInterlacedFlag: getMetaData returned
-22, defaulting to interlaced_flag = 0
02-17 19:05:41.671 23519 23562 W qdgralloc: getInterlacedFlag: getMetaData returned
-22, defaulting to interlaced_flag = 0
02-17 19:05:41.672 23519 23519 I VerificarSesion: Guarda Sesión
02-17 19:05:41.672 23519 23519 I VerificarSesion: Contador: 0
02-17 19:05:42.654 23519 23644 D TrafficStats: tagSocket(117) with
statsTag=0x20001101, statsUid=-1
02-17 19:05:42.654 23519 23645 D TrafficStats: tagSocket(126) with
statsTag=0x20001101, statsUid=-1
02-17 19:05:42.670 23519 23642 D TrafficStats: tagSocket(134) with
statsTag=0x20001101, statsUid=-1
02-17 19:05:42.681 23519 23519 I VerificarSesion: Guarda Sesión
02-17 19:05:42.682 23519 23519 I VerificarSesion: Contador: 0
02-17 19:05:42.881 23519 23519 I LogD2movil: Fecha: 2023/febrero/17
02-17 19:05:42.881 23519 23519 I LogD2movil: Hora: 19:05:42 p. m.
02-17 19:05:42.881 23519 23519 I LogD2movil: Servicio Web: getAndroidID
02-17 19:05:42.881 23519 23519 I LogD2movil: Get Data: 1166445d84bfca5c
02-17 19:05:42.881 23519 23519 I LogD2movil: Mensaje: AndroidID
02-17 19:05:42.890 23519 23669 W DynamiteModule: Local module descriptor class for
com.google.android.gms.googlecertificates not found.
02-17 19:05:42.891 23519 23519 I HandWritingStubImpl: isKeyboardTypeChanged: false
02-17 19:05:42.896 23519 23813 I LogD2movil: Fecha: 2023/febrero/17
02-17 19:05:42.896 23519 23813 I LogD2movil: Hora: 19:05:42 p. m.
02-17 19:05:42.896 23519 23813 I LogD2movil: Servicio Web: historialNot -
https://www.d2servicios.com/d2web.api.uni/d2webdroid.asmx/HistNot
02-17 19:05:42.896 23519 23813 I LogD2movil: Subfunción: getParams
02-17 19:05:42.896 23519 23813 I LogD2movil: Send Data: N dias 0
02-17 19:05:42.896 23519 23813 I LogD2movil: Mensaje: Envío de parametros
02-17 19:05:42.897 23519 23669 I DynamiteModule: Considering local module
com.google.android.gms.googlecertificates:0 and remote module
com.google.android.gms.googlecertificates:7
02-17 19:05:42.897 23519 23519 I LogD2movil: Fecha: 2023/febrero/17
02-17 19:05:42.897 23519 23519 I LogD2movil: Hora: 19:05:42 p. m.
02-17 19:05:42.897 23519 23519 I LogD2movil: ********* Módulo: Marcaciones
*********
02-17 19:05:42.898 23519 23669 I DynamiteModule: Selected remote version of
com.google.android.gms.googlecertificates, version >= 7
02-17 19:05:42.926 23519 23638 I SnapshotHandler: Unable to retrieve flag snapshot
for com.google.android.libraries.consentverifier#ec.biometrika.d2web2, using
defaults.
02-17 19:05:42.939 23519 23640 W MobStoreFlagStore: Unable to update local snapshot
for com.google.android.libraries.consentverifier#ec.biometrika.d2web2, may result
in stale flags.
02-17 19:05:42.939 23519 23640 W MobStoreFlagStore:
java.util.concurrent.ExecutionException: java.lang.SecurityException:
GoogleCertificatesRslt: not allowed: pkg=ec.biometrika.d2web2,
sha256=[c0d0bbf5bac59dda95681a9a5d1d032a63a82ba00086fb09c10aea04b12b3b52],
atk=false, ver=230413044.true (go/gsrlt)
02-17 19:05:42.939 23519 23640 W MobStoreFlagStore: at
ajq.s(:com.google.android.gms.dynamite_mapsdynamite@230413044@23.04.13 (190400-
0):3)
02-17 19:05:42.939 23519 23640 W MobStoreFlagStore: at
ajq.get(:com.google.android.gms.dynamite_mapsdynamite@230413044@23.04.13 (190400-
0):2)
02-17 19:05:42.939 23519 23640 W MobStoreFlagStore: at
ala.g(:com.google.android.gms.dynamite_mapsdynamite@230413044@23.04.13 (190400-
0):2)
02-17 19:05:42.939 23519 23640 W MobStoreFlagStore: at
ys.d(:com.google.android.gms.dynamite_mapsdynamite@230413044@23.04.13 (190400-0):1)
02-17 19:05:42.939 23519 23640 W MobStoreFlagStore: at
yu.run(:com.google.android.gms.dynamite_mapsdynamite@230413044@23.04.13 (190400-
0):0)
02-17 19:05:42.939 23519 23640 W MobStoreFlagStore: at
java.util.concurrent.Executors$RunnableAdapter.call(Executors.java:463)
02-17 19:05:42.939 23519 23640 W MobStoreFlagStore: at
java.util.concurrent.FutureTask.run(FutureTask.java:264)
02-17 19:05:42.939 23519 23640 W MobStoreFlagStore: at
java.util.concurrent.ScheduledThreadPoolExecutor$ScheduledFutureTask.run(ScheduledT
hreadPoolExecutor.java:307)
02-17 19:05:42.939 23519 23640 W MobStoreFlagStore: at
java.util.concurrent.ThreadPoolExecutor.runWorker(ThreadPoolExecutor.java:1137)
02-17 19:05:42.939 23519 23640 W MobStoreFlagStore: at
java.util.concurrent.ThreadPoolExecutor$Worker.run(ThreadPoolExecutor.java:637)
02-17 19:05:42.939 23519 23640 W MobStoreFlagStore: at
java.lang.Thread.run(Thread.java:1012)
02-17 19:05:42.939 23519 23640 W MobStoreFlagStore: Caused by:
java.lang.SecurityException: GoogleCertificatesRslt: not allowed:
pkg=ec.biometrika.d2web2,
sha256=[c0d0bbf5bac59dda95681a9a5d1d032a63a82ba00086fb09c10aea04b12b3b52],
atk=false, ver=230413044.true (go/gsrlt)
02-17 19:05:42.939 23519 23640 W MobStoreFlagStore: at
android.os.Parcel.createExceptionOrNull(Parcel.java:3011)
02-17 19:05:42.939 23519 23640 W MobStoreFlagStore: at
android.os.Parcel.createException(Parcel.java:2995)
02-17 19:05:42.939 23519 23640 W MobStoreFlagStore: at
android.os.Parcel.readException(Parcel.java:2978)
02-17 19:05:42.939 23519 23640 W MobStoreFlagStore: at
android.os.Parcel.readException(Parcel.java:2920)
02-17 19:05:42.939 23519 23640 W MobStoreFlagStore: at
ff.c(:com.google.android.gms.dynamite_mapsdynamite@230413044@23.04.13 (190400-0):2)
02-17 19:05:42.939 23519 23640 W MobStoreFlagStore: at
ru.a(:com.google.android.gms.dynamite_mapsdynamite@230413044@23.04.13 (190400-0):4)
02-17 19:05:42.939 23519 23640 W MobStoreFlagStore: at
jl.e(:com.google.android.gms.dynamite_mapsdynamite@230413044@23.04.13 (190400-0):2)
02-17 19:05:42.939 23519 23640 W MobStoreFlagStore: at
kk.t(:com.google.android.gms.dynamite_mapsdynamite@230413044@23.04.13 (190400-0):2)
02-17 19:05:42.939 23519 23640 W MobStoreFlagStore: at
kk.u(:com.google.android.gms.dynamite_mapsdynamite@230413044@23.04.13 (190400-0):3)
02-17 19:05:42.939 23519 23640 W MobStoreFlagStore: at
kk.e(:com.google.android.gms.dynamite_mapsdynamite@230413044@23.04.13 (190400-0):2)
02-17 19:05:42.939 23519 23640 W MobStoreFlagStore: at
ko.handleMessage(:com.google.android.gms.dynamite_mapsdynamite@230413044@23.04.13
(190400-0):69)
02-17 19:05:42.939 23519 23640 W MobStoreFlagStore: at
android.os.Handler.dispatchMessage(Handler.java:102)
02-17 19:05:42.939 23519 23640 W MobStoreFlagStore: at
android.os.Looper.loopOnce(Looper.java:210)
02-17 19:05:42.939 23519 23640 W MobStoreFlagStore: at
android.os.Looper.loop(Looper.java:299)
02-17 19:05:42.939 23519 23640 W MobStoreFlagStore: at
android.os.HandlerThread.run(HandlerThread.java:67)
02-17 19:05:42.993 23519 23519 I LogD2movil: Fecha: 2023/febrero/17
02-17 19:05:42.993 23519 23519 I LogD2movil: Hora: 19:05:42 p. m.
02-17 19:05:42.993 23519 23519 I LogD2movil: Servicio Web: historialNot -
https://www.d2servicios.com/d2web.api.uni/d2webdroid.asmx/HistNot
02-17 19:05:42.993 23519 23519 I LogD2movil: Subfunción: OnResponse
02-17 19:05:42.993 23519 23519 I LogD2movil: Get Data: Num notificaciones: 0
02-17 19:05:43.682 23519 23519 I VerificarSesion: Guarda Sesión
02-17 19:05:43.682 23519 23519 I VerificarSesion: Contador: 0
02-17 19:05:43.820 23519 23519 D Network : Network
02-17 19:05:43.825 23519 23519 D Network : Network
02-17 19:05:43.833 23519 23519 D Network : Network
02-17 19:05:43.838 23519 23519 I LogD2movil: Fecha: 2023/febrero/17
02-17 19:05:43.838 23519 23519 I LogD2movil: Hora: 19:05:43 p. m.
02-17 19:05:43.838 23519 23519 I LogD2movil: Subfunción: imgGPS.setOnClickListener
02-17 19:05:43.838 23519 23519 I LogD2movil: Send Data: lat/lng: (-1.1960922,-
78.5931688) HORAGPSGPS: 2023-02-17 19:05:41
02-17 19:05:43.838 23519 23519 I LogD2movil: Mensaje: Obtiene localización
02-17 19:05:44.396 23519 23519 D Network : Network
02-17 19:05:44.400 23519 23519 D Network : Network
02-17 19:05:44.407 23519 23519 D Network : Network
02-17 19:05:44.412 23519 23519 I LogD2movil: Fecha: 2023/febrero/17
02-17 19:05:44.412 23519 23519 I LogD2movil: Hora: 19:05:44 p. m.
02-17 19:05:44.412 23519 23519 I LogD2movil: Subfunción: imgGPS.setOnClickListener
02-17 19:05:44.412 23519 23519 I LogD2movil: Send Data: lat/lng: (-1.1960922,-
78.5931688) HORAGPSGPS: 2023-02-17 19:05:41
02-17 19:05:44.412 23519 23519 I LogD2movil: Mensaje: Obtiene localización
02-17 19:05:44.687 23519 23519 I VerificarSesion: Guarda Sesión
02-17 19:05:44.688 23519 23519 I VerificarSesion: Contador: 0
02-17 19:05:45.451 23519 23519 I ForceDarkHelperStubImpl: setViewRootImplForceDark:
false for ec.biometrika.d2web2.MenuPrincipalActivity@28c2c19, reason:
AppDarkModeEnable
02-17 19:05:45.466 23519 23519 D CameraDevice-JV-1: waitUntilIdle: E. id = 1
02-17 19:05:45.641 23519 23519 D CameraDevice-JV-1: waitUntilIdle: X
02-17 19:05:45.731 23519 23519 I ForceDarkHelperStubImpl: setViewRootImplForceDark:
false for ec.biometrika.d2web2.MenuPrincipalActivity@28c2c19, reason:
AppDarkModeEnable
02-17 19:05:45.735 23519 23562 W Parcel : Expecting binder but got null!
02-17 19:05:45.737 23519 23519 I VerificarSesion: Guarda Sesión
02-17 19:05:45.737 23519 23519 I VerificarSesion: Contador: 0
02-17 19:05:45.951 23519 23672 W ImageReader_JNI: Unable to acquire a buffer item,
very likely client tried to acquire more than maxImages buffers
02-17 19:05:45.951 23519 23672 D qdgralloc: GetYUVPlaneInfo: Invalid format passed:
0x21
02-17 19:05:46.012 23519 23672 D CameraDevice-JV-1: waitUntilIdle: E. id = 1
02-17 19:05:46.012 23519 23672 D CameraDevice-JV-1: waitUntilIdle: X
02-17 19:05:46.091 23519 23949 I LogD2movil: Fecha: 2023/febrero/17
02-17 19:05:46.091 23519 23949 I LogD2movil: Hora: 19:05:46 p. m.
02-17 19:05:46.091 23519 23949 I LogD2movil: Servicio Web: getAndroidID
02-17 19:05:46.091 23519 23949 I LogD2movil: Get Data: 1166445d84bfca5c
02-17 19:05:46.091 23519 23949 I LogD2movil: Mensaje: AndroidID
02-17 19:05:46.096 23519 23949 I LogD2movil: Fecha: 2023/febrero/17
02-17 19:05:46.096 23519 23949 I LogD2movil: Hora: 19:05:46 p. m.
02-17 19:05:46.096 23519 23949 I LogD2movil: Servicio Web: getAndroidID
02-17 19:05:46.096 23519 23949 I LogD2movil: Get Data: 1166445d84bfca5c
02-17 19:05:46.096 23519 23949 I LogD2movil: Mensaje: AndroidID
02-17 19:05:46.102 23519 23949 I LogD2movil: Fecha: 2023/febrero/17
02-17 19:05:46.102 23519 23949 I LogD2movil: Hora: 19:05:46 p. m.
02-17 19:05:46.102 23519 23949 I LogD2movil: Servicio Web: llamarWebService
02-17 19:05:46.102 23519 23949 I LogD2movil: Subfunción: getParams
02-17 19:05:46.102 23519 23949 I LogD2movil: Send Data: id_emp 616 fechaHora 2023-
02-17 19:05:41 lugar lat/lng: (-1.1960922,-78.5931688) pic: 60****Map: 60
02-17 19:05:46.251 23519 23562 W qdgralloc: getInterlacedFlag: getMetaData returned
-22, defaulting to interlaced_flag = 0
02-17 19:05:46.267 23519 23562 W qdgralloc: getInterlacedFlag: getMetaData returned
-22, defaulting to interlaced_flag = 0
02-17 19:05:46.316 23519 23562 W qdgralloc: getInterlacedFlag: getMetaData returned
-22, defaulting to interlaced_flag = 0
02-17 19:05:46.350 23519 23562 W qdgralloc: getInterlacedFlag: getMetaData returned
-22, defaulting to interlaced_flag = 0
02-17 19:05:46.382 23519 23562 W qdgralloc: getInterlacedFlag: getMetaData returned
-22, defaulting to interlaced_flag = 0
02-17 19:05:46.415 23519 23562 W qdgralloc: getInterlacedFlag: getMetaData returned
-22, defaulting to interlaced_flag = 0
02-17 19:05:46.448 23519 23562 W qdgralloc: getInterlacedFlag: getMetaData returned
-22, defaulting to interlaced_flag = 0
02-17 19:05:46.465 23519 23562 W qdgralloc: getInterlacedFlag: getMetaData returned
-22, defaulting to interlaced_flag = 0
02-17 19:05:46.745 23519 23519 I VerificarSesion: Guarda Sesión
02-17 19:05:46.745 23519 23519 I VerificarSesion: Contador: 1000
02-17 19:05:47.414 23519 23519 I LogD2movil: Fecha: 2023/febrero/17
02-17 19:05:47.414 23519 23519 I LogD2movil: Hora: 19:05:47 p. m.
02-17 19:05:47.414 23519 23519 I LogD2movil: Servicio Web: llamarWebService -
https://www.d2servicios.com/d2web.api.uni/d2webdroid.asmx/RealizaMarcacionDroid
02-17 19:05:47.414 23519 23519 I LogD2movil: Subfunción: onResponse
02-17 19:05:47.414 23519 23519 I LogD2movil: Respuesta: 0
02-17 19:05:47.414 23519 23519 I LogD2movil: Mensaje: PROCESO OK.
02-17 19:05:47.423 23519 23519 I ForceDarkHelperStubImpl: setViewRootImplForceDark:
false for ec.biometrika.d2web2.MenuPrincipalActivity@28c2c19, reason:
AppDarkModeEnable
02-17 19:05:47.438 23519 23519 I ForceDarkHelperStubImpl: setViewRootImplForceDark:
false for ec.biometrika.d2web2.MenuPrincipalActivity@28c2c19, reason:
AppDarkModeEnable
02-17 19:05:47.444 23519 23562 W Parcel : Expecting binder but got null!
02-17 19:05:47.446 23519 23519 I HandWritingStubImpl: isKeyboardTypeChanged: false
02-17 19:05:47.446 23519 23519 I HandWritingStubImpl: refreshLastKeyboardType: 1
02-17 19:05:47.446 23519 23519 I HandWritingStubImpl: getCurrentKeyboardType: 1
02-17 19:05:47.454 23519 23519 I HandWritingStubImpl: isKeyboardTypeChanged: false
02-17 19:05:47.503 23519 23519 I HandWritingStubImpl: refreshLastKeyboardType: 1
02-17 19:05:47.503 23519 23519 I HandWritingStubImpl: getCurrentKeyboardType: 1
02-17 19:05:47.504 23519 23519 I HandWritingStubImpl: isKeyboardTypeChanged: false
02-17 19:05:47.750 23519 23519 I VerificarSesion: Guarda Sesión
02-17 19:05:47.750 23519 23519 I VerificarSesion: Contador: 2000
02-17 19:05:48.758 23519 23519 I VerificarSesion: Guarda Sesión
02-17 19:05:48.758 23519 23519 I VerificarSesion: Contador: 3000
02-17 19:05:49.763 23519 23519 I VerificarSesion: Guarda Sesión
02-17 19:05:49.764 23519 23519 I VerificarSesion: Contador: 4000
02-17 19:05:50.766 23519 23519 I VerificarSesion: Guarda Sesión
02-17 19:05:50.766 23519 23519 I VerificarSesion: Contador: 5000
02-17 19:05:51.111 23519 23519 E AndroidCameraApi: onPause
02-17 19:05:51.112 23519 23519 D CameraExtImplXiaoMi: releaseCameraDevice: 1
02-17 19:05:51.150 23519 23519 D CameraDevice-JV-1: close: E. id = 1
02-17 19:05:51.162 23519 23880 W CameraDevice-JV-1: Device error received, code 4,
frame number 263, request ID 2, subseq ID 0
02-17 19:05:51.248 23519 23519 D CameraDevice-JV-1: close: X
02-17 19:05:51.248 23519 23880 W CameraDevice-JV-1: Device error received, code 4,
frame number 258, request ID 2, subseq ID 0
02-17 19:05:51.249 23519 23880 W CameraDevice-JV-1: Device error received, code 5,
frame number 258, request ID 2, subseq ID 0
02-17 19:05:51.249 23519 23539 W CameraDevice-JV-1: Device error received, code 5,
frame number 263, request ID 2, subseq ID 0
02-17 19:05:51.249 23519 23535 W CameraDevice-JV-1: Device error received, code 4,
frame number 261, request ID 2, subseq ID 0
02-17 19:05:51.249 23519 23880 W CameraDevice-JV-1: Device error received, code 4,
frame number 259, request ID 2, subseq ID 0
02-17 19:05:51.249 23519 23880 W CameraDevice-JV-1: Device error received, code 5,
frame number 259, request ID 2, subseq ID 0
02-17 19:05:51.249 23519 23880 W CameraDevice-JV-1: Device error received, code 4,
frame number 260, request ID 2, subseq ID 0
02-17 19:05:51.249 23519 23880 W CameraDevice-JV-1: Device error received, code 5,
frame number 260, request ID 2, subseq ID 0
02-17 19:05:51.249 23519 23880 W CameraDevice-JV-1: Device error received, code 5,
frame number 261, request ID 2, subseq ID 0
02-17 19:05:51.249 23519 23880 W CameraDevice-JV-1: Device error received, code 4,
frame number 262, request ID 2, subseq ID 0
02-17 19:05:51.250 23519 23880 W CameraDevice-JV-1: Device error received, code 5,
frame number 262, request ID 2, subseq ID 0
02-17 19:05:51.252 23519 23519 W Activity: PerfMonitor: Slow Operation: Activity
ec.biometrika.d2web2/.MenuPrincipalActivity onPause took 141ms
02-17 19:05:51.768 23519 23519 I VerificarSesion: Guarda Sesión
02-17 19:05:51.768 23519 23519 I VerificarSesion: Contador: 0
02-17 19:05:52.770 23519 23519 I VerificarSesion: Guarda Sesión
02-17 19:05:52.770 23519 23519 I VerificarSesion: Contador: 1000
02-17 19:05:53.772 23519 23519 I VerificarSesion: Guarda Sesión
02-17 19:05:53.772 23519 23519 I VerificarSesion: Contador: 2000
02-17 19:05:54.774 23519 23519 I VerificarSesion: Guarda Sesión
02-17 19:05:54.774 23519 23519 I VerificarSesion: Contador: 3000
02-17 19:05:55.776 23519 23519 I VerificarSesion: Guarda Sesión
02-17 19:05:55.777 23519 23519 I VerificarSesion: Contador: 4000
02-17 19:05:56.206 23519 23532 W System : A resource failed to call
Surface.release.
02-17 19:05:56.211 23519 23532 W System : A resource failed to call
Surface.release.
02-17 19:05:56.212 23519 23532 W System : A resource failed to call close.
02-17 19:05:56.778 23519 23519 I VerificarSesion: Guarda Sesión
02-17 19:05:56.779 23519 23519 I VerificarSesion: Contador: 5000
02-17 19:05:57.780 23519 23519 I VerificarSesion: Guarda Sesión
02-17 19:05:57.781 23519 23519 I VerificarSesion: Contador: 6000
02-17 19:05:58.781 23519 23519 I VerificarSesion: Guarda Sesión
02-17 19:05:58.782 23519 23519 I VerificarSesion: Contador: 7000
02-17 19:05:59.783 23519 23519 I VerificarSesion: Guarda Sesión
02-17 19:05:59.783 23519 23519 I VerificarSesion: Contador: 8000
02-17 19:06:00.785 23519 23519 I VerificarSesion: Guarda Sesión
02-17 19:06:00.785 23519 23519 I VerificarSesion: Contador: 9000
02-17 19:06:01.787 23519 23519 I VerificarSesion: Guarda Sesión
02-17 19:06:01.787 23519 23519 I VerificarSesion: Contador: 10000
02-17 19:06:02.788 23519 23519 I VerificarSesion: Guarda Sesión
02-17 19:06:02.789 23519 23519 I VerificarSesion: Contador: 11000
02-17 19:06:03.790 23519 23519 I VerificarSesion: Guarda Sesión
02-17 19:06:03.791 23519 23519 I VerificarSesion: Contador: 12000
02-17 19:06:04.793 23519 23519 I VerificarSesion: Guarda Sesión
02-17 19:06:04.793 23519 23519 I VerificarSesion: Contador: 13000
02-17 19:06:05.795 23519 23519 I VerificarSesion: Guarda Sesión
02-17 19:06:05.796 23519 23519 I VerificarSesion: Contador: 14000
02-17 19:06:06.798 23519 23519 I VerificarSesion: Guarda Sesión
02-17 19:06:06.799 23519 23519 I VerificarSesion: Contador: 15000
02-17 19:06:07.802 23519 23519 I VerificarSesion: Guarda Sesión
02-17 19:06:07.803 23519 23519 I VerificarSesion: Contador: 16000
02-17 19:06:08.805 23519 23519 I VerificarSesion: Guarda Sesión
02-17 19:06:08.806 23519 23519 I VerificarSesion: Contador: 17000
02-17 19:06:09.807 23519 23519 I VerificarSesion: Guarda Sesión
02-17 19:06:09.807 23519 23519 I VerificarSesion: Contador: 18000
02-17 19:06:10.809 23519 23519 I VerificarSesion: Guarda Sesión
02-17 19:06:10.810 23519 23519 I VerificarSesion: Contador: 19000
02-17 19:06:11.812 23519 23519 I VerificarSesion: Guarda Sesión
02-17 19:06:11.812 23519 23519 I VerificarSesion: Contador: 20000
02-17 19:06:12.813 23519 23519 I VerificarSesion: Guarda Sesión
02-17 19:06:12.814 23519 23519 I VerificarSesion: Contador: 21000
02-17 19:06:13.817 23519 23519 I VerificarSesion: Guarda Sesión
02-17 19:06:13.818 23519 23519 I VerificarSesion: Contador: 22000
02-17 19:06:14.820 23519 23519 I VerificarSesion: Guarda Sesión
02-17 19:06:14.821 23519 23519 I VerificarSesion: Contador: 23000
02-17 19:06:15.824 23519 23519 I VerificarSesion: Guarda Sesión
02-17 19:06:15.825 23519 23519 I VerificarSesion: Contador: 24000
02-17 19:06:16.827 23519 23519 I VerificarSesion: Guarda Sesión
02-17 19:06:16.827 23519 23519 I VerificarSesion: Contador: 25000
02-17 19:06:17.829 23519 23519 I VerificarSesion: Guarda Sesión
02-17 19:06:17.829 23519 23519 I VerificarSesion: Contador: 26000
02-17 19:06:18.831 23519 23519 I VerificarSesion: Guarda Sesión
02-17 19:06:18.832 23519 23519 I VerificarSesion: Contador: 27000
02-17 19:06:19.834 23519 23519 I VerificarSesion: Guarda Sesión
02-17 19:06:19.835 23519 23519 I VerificarSesion: Contador: 28000
02-17 19:06:20.837 23519 23519 I VerificarSesion: Guarda Sesión
02-17 19:06:20.838 23519 23519 I VerificarSesion: Contador: 29000
02-17 19:06:21.841 23519 23519 I VerificarSesion: Guarda Sesión
02-17 19:06:21.843 23519 23519 I VerificarSesion: Contador: 30000
02-17 19:06:22.844 23519 23519 I VerificarSesion: Guarda Sesión
02-17 19:06:22.846 23519 23519 I VerificarSesion: Contador: 31000
02-17 19:06:23.847 23519 23519 I VerificarSesion: Guarda Sesión
02-17 19:06:23.847 23519 23519 I VerificarSesion: Contador: 32000
02-17 19:06:24.849 23519 23519 I VerificarSesion: Guarda Sesión
02-17 19:06:24.850 23519 23519 I VerificarSesion: Contador: 33000
02-17 19:06:25.853 23519 23519 I VerificarSesion: Guarda Sesión
02-17 19:06:25.853 23519 23519 I VerificarSesion: Contador: 34000
02-17 19:06:26.855 23519 23519 I VerificarSesion: Guarda Sesión
02-17 19:06:26.857 23519 23519 I VerificarSesion: Contador: 35000
02-17 19:06:27.859 23519 23519 I VerificarSesion: Guarda Sesión
02-17 19:06:27.860 23519 23519 I VerificarSesion: Contador: 36000
02-17 19:06:28.861 23519 23519 I VerificarSesion: Guarda Sesión
02-17 19:06:28.861 23519 23519 I VerificarSesion: Contador: 37000
02-17 19:06:29.863 23519 23519 I VerificarSesion: Guarda Sesión
02-17 19:06:29.863 23519 23519 I VerificarSesion: Contador: 38000
02-17 19:06:30.865 23519 23519 I VerificarSesion: Guarda Sesión
02-17 19:06:30.866 23519 23519 I VerificarSesion: Contador: 39000
02-17 19:06:31.868 23519 23519 I VerificarSesion: Guarda Sesión
02-17 19:06:31.869 23519 23519 I VerificarSesion: Contador: 40000
02-17 19:06:32.872 23519 23519 I VerificarSesion: Guarda Sesión
02-17 19:06:32.872 23519 23519 I VerificarSesion: Contador: 41000
02-17 19:06:33.873 23519 23519 I VerificarSesion: Guarda Sesión
02-17 19:06:33.874 23519 23519 I VerificarSesion: Contador: 42000
02-17 19:06:34.876 23519 23519 I VerificarSesion: Guarda Sesión
02-17 19:06:34.876 23519 23519 I VerificarSesion: Contador: 43000
02-17 19:06:35.878 23519 23519 I VerificarSesion: Guarda Sesión
02-17 19:06:35.878 23519 23519 I VerificarSesion: Contador: 44000
02-17 19:06:36.880 23519 23519 I VerificarSesion: Guarda Sesión
02-17 19:06:36.881 23519 23519 I VerificarSesion: Contador: 45000
02-17 19:06:37.884 23519 23519 I VerificarSesion: Guarda Sesión
02-17 19:06:37.885 23519 23519 I VerificarSesion: Contador: 46000
02-17 19:06:38.886 23519 23519 I VerificarSesion: Guarda Sesión
02-17 19:06:38.886 23519 23519 I VerificarSesion: Contador: 47000
02-17 19:06:39.888 23519 23519 I VerificarSesion: Guarda Sesión
02-17 19:06:39.889 23519 23519 I VerificarSesion: Contador: 48000
02-17 19:06:40.894 23519 23519 I VerificarSesion: Guarda Sesión
02-17 19:06:40.895 23519 23519 I VerificarSesion: Contador: 49000
02-17 19:06:41.896 23519 23519 I VerificarSesion: Guarda Sesión
02-17 19:06:41.897 23519 23519 I VerificarSesion: Contador: 50000
02-17 19:06:42.898 23519 23519 I VerificarSesion: Guarda Sesión
02-17 19:06:42.899 23519 23519 I VerificarSesion: Contador: 51000
02-17 19:06:43.900 23519 23519 I VerificarSesion: Guarda Sesión
02-17 19:06:43.901 23519 23519 I VerificarSesion: Contador: 52000
02-17 19:06:44.903 23519 23519 I VerificarSesion: Guarda Sesión
02-17 19:06:44.904 23519 23519 I VerificarSesion: Contador: 53000
02-17 19:06:45.905 23519 23519 I VerificarSesion: Guarda Sesión
02-17 19:06:45.906 23519 23519 I VerificarSesion: Contador: 54000
02-17 19:06:46.907 23519 23519 I VerificarSesion: Guarda Sesión
02-17 19:06:46.908 23519 23519 I VerificarSesion: Contador: 55000
02-17 19:06:47.910 23519 23519 I VerificarSesion: Guarda Sesión
02-17 19:06:47.911 23519 23519 I VerificarSesion: Contador: 56000
02-17 19:06:48.913 23519 23519 I VerificarSesion: Guarda Sesión
02-17 19:06:48.914 23519 23519 I VerificarSesion: Contador: 57000
02-17 19:06:49.916 23519 23519 I VerificarSesion: Guarda Sesión
02-17 19:06:49.916 23519 23519 I VerificarSesion: Contador: 58000
02-17 19:06:50.920 23519 23519 I VerificarSesion: Guarda Sesión
02-17 19:06:50.920 23519 23519 I VerificarSesion: Contador: 59000
02-17 19:06:51.922 23519 23519 I VerificarSesion: Guarda Sesión
02-17 19:06:51.923 23519 23519 I VerificarSesion: Contador: 60000
02-17 19:06:52.925 23519 23519 I VerificarSesion: Guarda Sesión
02-17 19:06:52.926 23519 23519 I VerificarSesion: Contador: 61000
02-17 19:06:53.926 23519 23519 I VerificarSesion: Guarda Sesión
02-17 19:06:53.927 23519 23519 I VerificarSesion: Contador: 62000
02-17 19:06:54.929 23519 23519 I VerificarSesion: Guarda Sesión
02-17 19:06:54.930 23519 23519 I VerificarSesion: Contador: 63000
02-17 19:06:55.931 23519 23519 I VerificarSesion: Guarda Sesión
02-17 19:06:55.933 23519 23519 I VerificarSesion: Contador: 64000
02-17 19:06:56.935 23519 23519 I VerificarSesion: Guarda Sesión
02-17 19:06:56.937 23519 23519 I VerificarSesion: Contador: 65000
02-17 19:06:57.937 23519 23519 I VerificarSesion: Guarda Sesión
02-17 19:06:57.937 23519 23519 I VerificarSesion: Contador: 66000
02-17 19:06:58.938 23519 23519 I VerificarSesion: Guarda Sesión
02-17 19:06:58.939 23519 23519 I VerificarSesion: Contador: 67000
02-17 19:06:59.940 23519 23519 I VerificarSesion: Guarda Sesión
02-17 19:06:59.941 23519 23519 I VerificarSesion: Contador: 68000
02-17 19:07:00.942 23519 23519 I VerificarSesion: Guarda Sesión
02-17 19:07:00.942 23519 23519 I VerificarSesion: Contador: 69000
02-17 19:07:01.945 23519 23519 I VerificarSesion: Guarda Sesión
02-17 19:07:01.946 23519 23519 I VerificarSesion: Contador: 70000
02-17 19:07:02.947 23519 23519 I VerificarSesion: Guarda Sesión
02-17 19:07:02.948 23519 23519 I VerificarSesion: Contador: 71000
02-17 19:07:03.949 23519 23519 I VerificarSesion: Guarda Sesión
02-17 19:07:03.950 23519 23519 I VerificarSesion: Contador: 72000
02-17 19:07:04.951 23519 23519 I VerificarSesion: Guarda Sesión
02-17 19:07:04.953 23519 23519 I VerificarSesion: Contador: 73000
02-17 19:07:05.954 23519 23519 I VerificarSesion: Guarda Sesión
02-17 19:07:05.955 23519 23519 I VerificarSesion: Contador: 74000
02-17 19:07:06.957 23519 23519 I VerificarSesion: Guarda Sesión
02-17 19:07:06.958 23519 23519 I VerificarSesion: Contador: 75000
02-17 19:07:07.960 23519 23519 I VerificarSesion: Guarda Sesión
02-17 19:07:07.962 23519 23519 I VerificarSesion: Contador: 76000
02-17 19:07:08.965 23519 23519 I VerificarSesion: Guarda Sesión
02-17 19:07:08.966 23519 23519 I VerificarSesion: Contador: 77000
02-17 19:07:09.969 23519 23519 I VerificarSesion: Guarda Sesión
02-17 19:07:09.970 23519 23519 I VerificarSesion: Contador: 78000
02-17 19:07:10.971 23519 23519 I VerificarSesion: Guarda Sesión
02-17 19:07:10.972 23519 23519 I VerificarSesion: Contador: 79000
02-17 19:07:11.974 23519 23519 I VerificarSesion: Guarda Sesión
02-17 19:07:11.975 23519 23519 I VerificarSesion: Contador: 80000
02-17 19:07:12.977 23519 23519 I VerificarSesion: Guarda Sesión
02-17 19:07:12.978 23519 23519 I VerificarSesion: Contador: 81000
02-17 19:07:13.981 23519 23519 I VerificarSesion: Guarda Sesión
02-17 19:07:13.983 23519 23519 I VerificarSesion: Contador: 82000
02-17 19:07:14.985 23519 23519 I VerificarSesion: Guarda Sesión
02-17 19:07:14.986 23519 23519 I VerificarSesion: Contador: 83000
02-17 19:07:15.989 23519 23519 I VerificarSesion: Guarda Sesión
02-17 19:07:15.990 23519 23519 I VerificarSesion: Contador: 84000
02-17 19:07:16.993 23519 23519 I VerificarSesion: Guarda Sesión
02-17 19:07:16.995 23519 23519 I VerificarSesion: Contador: 85000
02-17 19:07:17.998 23519 23519 I VerificarSesion: Guarda Sesión
02-17 19:07:17.998 23519 23519 I VerificarSesion: Contador: 86000
02-17 19:07:19.000 23519 23519 I VerificarSesion: Guarda Sesión
02-17 19:07:19.001 23519 23519 I VerificarSesion: Contador: 87000
02-17 19:07:20.003 23519 23519 I VerificarSesion: Guarda Sesión
02-17 19:07:20.004 23519 23519 I VerificarSesion: Contador: 88000
02-17 19:07:21.005 23519 23519 I VerificarSesion: Guarda Sesión
02-17 19:07:21.006 23519 23519 I VerificarSesion: Contador: 89000
02-17 19:07:22.007 23519 23519 I VerificarSesion: Guarda Sesión
02-17 19:07:22.008 23519 23519 I VerificarSesion: Contador: 90000
02-17 19:07:23.010 23519 23519 I VerificarSesion: Guarda Sesión
02-17 19:07:23.011 23519 23519 I VerificarSesion: Contador: 91000
02-17 19:07:24.013 23519 23519 I VerificarSesion: Guarda Sesión
02-17 19:07:24.014 23519 23519 I VerificarSesion: Contador: 92000
02-17 19:07:25.015 23519 23519 I VerificarSesion: Guarda Sesión
02-17 19:07:25.016 23519 23519 I VerificarSesion: Contador: 93000
02-17 19:07:26.018 23519 23519 I VerificarSesion: Guarda Sesión
02-17 19:07:26.018 23519 23519 I VerificarSesion: Contador: 94000
02-17 19:07:27.020 23519 23519 I VerificarSesion: Guarda Sesión
02-17 19:07:27.021 23519 23519 I VerificarSesion: Contador: 95000
02-17 19:07:28.022 23519 23519 I VerificarSesion: Guarda Sesión
02-17 19:07:28.023 23519 23519 I VerificarSesion: Contador: 96000
02-17 19:07:29.023 23519 23519 I VerificarSesion: Guarda Sesión
02-17 19:07:29.024 23519 23519 I VerificarSesion: Contador: 97000
02-17 19:07:30.025 23519 23519 I VerificarSesion: Guarda Sesión
02-17 19:07:30.025 23519 23519 I VerificarSesion: Contador: 98000
02-17 19:07:31.027 23519 23519 I VerificarSesion: Contador: 99000
02-17 19:07:32.031 23519 23519 I VerificarSesion: Guarda Sesión
02-17 19:07:32.032 23519 23519 I VerificarSesion: Contador: 100000
02-17 19:07:33.035 23519 23519 I VerificarSesion: Guarda Sesión
02-17 19:07:33.036 23519 23519 I VerificarSesion: Contador: 101000
02-17 19:07:34.039 23519 23519 I VerificarSesion: Guarda Sesión
02-17 19:07:34.040 23519 23519 I VerificarSesion: Contador: 102000
02-17 19:07:35.042 23519 23519 I VerificarSesion: Guarda Sesión
02-17 19:07:35.043 23519 23519 I VerificarSesion: Contador: 103000
02-17 19:07:36.045 23519 23519 I VerificarSesion: Guarda Sesión
02-17 19:07:36.046 23519 23519 I VerificarSesion: Contador: 104000
02-17 19:07:38.052 23519 23519 I VerificarSesion: Guarda Sesión
02-17 19:07:38.052 23519 23519 I VerificarSesion: Contador: 106000
02-17 19:07:39.053 23519 23519 I VerificarSesion: Guarda Sesión
02-17 19:07:39.054 23519 23519 I VerificarSesion: Contador: 107000
02-17 19:07:40.057 23519 23519 I VerificarSesion: Guarda Sesión
02-17 19:07:40.057 23519 23519 I VerificarSesion: Contador: 108000
02-17 19:07:41.059 23519 23519 I VerificarSesion: Guarda Sesión
02-17 19:07:41.059 23519 23519 I VerificarSesion: Contador: 109000
02-17 19:07:42.061 23519 23519 I VerificarSesion: Guarda Sesión
02-17 19:07:42.061 23519 23519 I VerificarSesion: Contador: 110000
02-17 19:07:43.063 23519 23519 I VerificarSesion: Guarda Sesión
02-17 19:07:43.064 23519 23519 I VerificarSesion: Contador: 111000
02-17 19:07:44.066 23519 23519 I VerificarSesion: Guarda Sesión
02-17 19:07:44.066 23519 23519 I VerificarSesion: Contador: 112000
02-17 19:07:45.068 23519 23519 I VerificarSesion: Guarda Sesión
02-17 19:07:45.069 23519 23519 I VerificarSesion: Contador: 113000
02-17 19:07:46.071 23519 23519 I VerificarSesion: Guarda Sesión
02-17 19:07:46.072 23519 23519 I VerificarSesion: Contador: 114000
02-17 19:07:47.074 23519 23519 I VerificarSesion: Guarda Sesión
02-17 19:07:47.075 23519 23519 I VerificarSesion: Contador: 115000
02-17 19:07:48.078 23519 23519 I VerificarSesion: Guarda Sesión
02-17 19:07:48.078 23519 23519 I VerificarSesion: Contador: 116000
02-17 19:07:49.080 23519 23519 I VerificarSesion: Guarda Sesión
02-17 19:07:49.081 23519 23519 I VerificarSesion: Contador: 117000
02-17 19:07:50.084 23519 23519 I VerificarSesion: Guarda Sesión
02-17 19:07:50.085 23519 23519 I VerificarSesion: Contador: 118000
02-17 19:07:51.086 23519 23519 I VerificarSesion: Guarda Sesión
02-17 19:07:51.086 23519 23519 I VerificarSesion: Contador: 119000
02-17 19:07:52.088 23519 23519 I VerificarSesion: Guarda Sesión
02-17 19:07:52.088 23519 23519 I VerificarSesion: Contador: 120000
02-17 19:07:53.090 23519 23519 I VerificarSesion: Guarda Sesión
02-17 19:07:53.090 23519 23519 I VerificarSesion: Contador: 121000
02-17 19:07:54.092 23519 23519 I VerificarSesion: Guarda Sesión
02-17 19:07:54.094 23519 23519 I VerificarSesion: Contador: 122000
02-17 19:07:55.097 23519 23519 I VerificarSesion: Guarda Sesión
02-17 19:07:55.097 23519 23519 I VerificarSesion: Contador: 123000
02-17 19:07:56.099 23519 23519 I VerificarSesion: Guarda Sesión
02-17 19:07:56.100 23519 23519 I VerificarSesion: Contador: 124000
02-17 19:07:57.102 23519 23519 I VerificarSesion: Guarda Sesión
02-17 19:07:57.103 23519 23519 I VerificarSesion: Contador: 125000
02-17 19:07:58.105 23519 23519 I VerificarSesion: Guarda Sesión
02-17 19:07:58.106 23519 23519 I VerificarSesion: Contador: 126000
02-17 19:07:59.107 23519 23519 I VerificarSesion: Guarda Sesión
02-17 19:07:59.108 23519 23519 I VerificarSesion: Contador: 127000
02-17 19:08:00.110 23519 23519 I VerificarSesion: Guarda Sesión
02-17 19:08:00.110 23519 23519 I VerificarSesion: Contador: 128000
02-17 19:08:01.113 23519 23519 I VerificarSesion: Guarda Sesión
02-17 19:08:01.113 23519 23519 I VerificarSesion: Contador: 129000
02-17 19:08:02.115 23519 23519 I VerificarSesion: Guarda Sesión
02-17 19:08:02.118 23519 23519 I VerificarSesion: Contador: 130000
02-17 19:08:03.121 23519 23519 I VerificarSesion: Guarda Sesión
02-17 19:08:03.122 23519 23519 I VerificarSesion: Contador: 131000
02-17 19:08:04.125 23519 23519 I VerificarSesion: Guarda Sesión
02-17 19:08:04.127 23519 23519 I VerificarSesion: Contador: 132000
02-17 19:08:05.128 23519 23519 I VerificarSesion: Guarda Sesión
02-17 19:08:05.129 23519 23519 I VerificarSesion: Contador: 133000
02-17 19:08:06.131 23519 23519 I VerificarSesion: Guarda Sesión
02-17 19:08:06.131 23519 23519 I VerificarSesion: Contador: 134000
02-17 19:08:07.134 23519 23519 I VerificarSesion: Guarda Sesión
02-17 19:08:07.134 23519 23519 I VerificarSesion: Contador: 135000
02-17 19:08:08.136 23519 23519 I VerificarSesion: Guarda Sesión
02-17 19:08:08.137 23519 23519 I VerificarSesion: Contador: 136000
02-17 19:08:09.139 23519 23519 I VerificarSesion: Guarda Sesión
02-17 19:08:09.141 23519 23519 I VerificarSesion: Contador: 137000
02-17 19:08:10.143 23519 23519 I VerificarSesion: Guarda Sesión
02-17 19:08:10.144 23519 23519 I VerificarSesion: Contador: 138000
02-17 19:08:11.146 23519 23519 I VerificarSesion: Guarda Sesión
02-17 19:08:11.147 23519 23519 I VerificarSesion: Contador: 139000
02-17 19:08:12.150 23519 23519 I VerificarSesion: Guarda Sesión
02-17 19:08:12.151 23519 23519 I VerificarSesion: Contador: 140000
02-17 19:08:13.154 23519 23519 I VerificarSesion: Guarda Sesión
02-17 19:08:13.154 23519 23519 I VerificarSesion: Contador: 141000
02-17 19:08:14.156 23519 23519 I VerificarSesion: Guarda Sesión
02-17 19:08:14.157 23519 23519 I VerificarSesion: Contador: 142000
02-17 19:08:15.159 23519 23519 I VerificarSesion: Guarda Sesión
02-17 19:08:15.160 23519 23519 I VerificarSesion: Contador: 143000
02-17 19:08:16.163 23519 23519 I VerificarSesion: Guarda Sesión
02-17 19:08:16.165 23519 23519 I VerificarSesion: Contador: 144000
02-17 19:08:17.166 23519 23519 I VerificarSesion: Guarda Sesión
02-17 19:08:17.168 23519 23519 I VerificarSesion: Contador: 145000
02-17 19:08:18.169 23519 23519 I VerificarSesion: Guarda Sesión
02-17 19:08:18.170 23519 23519 I VerificarSesion: Contador: 146000
02-17 19:08:19.172 23519 23519 I VerificarSesion: Guarda Sesión
02-17 19:08:19.173 23519 23519 I VerificarSesion: Contador: 147000
02-17 19:08:20.175 23519 23519 I VerificarSesion: Guarda Sesión
02-17 19:08:20.176 23519 23519 I VerificarSesion: Contador: 148000
02-17 19:08:21.178 23519 23519 I VerificarSesion: Guarda Sesión
02-17 19:08:21.179 23519 23519 I VerificarSesion: Contador: 149000
02-17 19:08:22.181 23519 23519 I VerificarSesion: Guarda Sesión
02-17 19:08:22.182 23519 23519 I VerificarSesion: Contador: 150000
02-17 19:08:23.184 23519 23519 I VerificarSesion: Guarda Sesión
02-17 19:08:23.185 23519 23519 I VerificarSesion: Contador: 151000
02-17 19:08:24.186 23519 23519 I VerificarSesion: Guarda Sesión
02-17 19:08:24.187 23519 23519 I VerificarSesion: Contador: 152000
02-17 19:08:25.188 23519 23519 I VerificarSesion: Guarda Sesión
02-17 19:08:25.188 23519 23519 I VerificarSesion: Contador: 153000
02-17 19:08:26.189 23519 23519 I VerificarSesion: Guarda Sesión
02-17 19:08:26.189 23519 23519 I VerificarSesion: Contador: 154000
02-17 19:08:27.191 23519 23519 I VerificarSesion: Guarda Sesión
02-17 19:08:27.191 23519 23519 I VerificarSesion: Contador: 155000
02-17 19:08:28.193 23519 23519 I VerificarSesion: Guarda Sesión
02-17 19:08:28.194 23519 23519 I VerificarSesion: Contador: 156000
02-17 19:08:29.196 23519 23519 I VerificarSesion: Guarda Sesión
02-17 19:08:29.197 23519 23519 I VerificarSesion: Contador: 157000
02-17 19:08:30.200 23519 23519 I VerificarSesion: Guarda Sesión
02-17 19:08:30.201 23519 23519 I VerificarSesion: Contador: 158000
02-17 19:08:31.204 23519 23519 I VerificarSesion: Guarda Sesión
02-17 19:08:31.205 23519 23519 I VerificarSesion: Contador: 159000
02-17 19:08:32.207 23519 23519 I VerificarSesion: Guarda Sesión
02-17 19:08:32.208 23519 23519 I VerificarSesion: Contador: 160000
02-17 19:08:33.209 23519 23519 I VerificarSesion: Guarda Sesión
02-17 19:08:33.210 23519 23519 I VerificarSesion: Contador: 161000
02-17 19:08:34.213 23519 23519 I VerificarSesion: Guarda Sesión
02-17 19:08:34.214 23519 23519 I VerificarSesion: Contador: 162000
02-17 19:08:35.217 23519 23519 I VerificarSesion: Guarda Sesión
02-17 19:08:35.217 23519 23519 I VerificarSesion: Contador: 163000
02-17 19:08:36.219 23519 23519 I VerificarSesion: Guarda Sesión
02-17 19:08:36.220 23519 23519 I VerificarSesion: Contador: 164000
02-17 19:08:37.221 23519 23519 I VerificarSesion: Guarda Sesión
02-17 19:08:37.222 23519 23519 I VerificarSesion: Contador: 165000
02-17 19:08:38.225 23519 23519 I VerificarSesion: Guarda Sesión
02-17 19:08:38.226 23519 23519 I VerificarSesion: Contador: 166000
02-17 19:08:39.229 23519 23519 I VerificarSesion: Guarda Sesión
02-17 19:08:39.230 23519 23519 I VerificarSesion: Contador: 167000
02-17 19:08:40.232 23519 23519 I VerificarSesion: Guarda Sesión
02-17 19:08:40.233 23519 23519 I VerificarSesion: Contador: 168000
02-17 19:08:41.235 23519 23519 I VerificarSesion: Guarda Sesión
02-17 19:08:41.236 23519 23519 I VerificarSesion: Contador: 169000
02-17 19:08:42.239 23519 23519 I VerificarSesion: Guarda Sesión
02-17 19:08:42.240 23519 23519 I VerificarSesion: Contador: 170000
02-17 19:08:43.241 23519 23519 I VerificarSesion: Guarda Sesión
02-17 19:08:43.242 23519 23519 I VerificarSesion: Contador: 171000
02-17 19:08:44.244 23519 23519 I VerificarSesion: Guarda Sesión
02-17 19:08:44.245 23519 23519 I VerificarSesion: Contador: 172000
02-17 19:08:45.246 23519 23519 I VerificarSesion: Guarda Sesión
02-17 19:08:45.248 23519 23519 I VerificarSesion: Contador: 173000
02-17 19:08:46.249 23519 23519 I VerificarSesion: Guarda Sesión
02-17 19:08:46.250 23519 23519 I VerificarSesion: Contador: 174000
02-17 19:08:47.252 23519 23519 I VerificarSesion: Guarda Sesión
02-17 19:08:47.253 23519 23519 I VerificarSesion: Contador: 175000
02-17 19:08:48.255 23519 23519 I VerificarSesion: Guarda Sesión
02-17 19:08:48.256 23519 23519 I VerificarSesion: Contador: 176000
02-17 19:08:49.257 23519 23519 I VerificarSesion: Guarda Sesión
02-17 19:08:49.258 23519 23519 I VerificarSesion: Contador: 177000
02-17 19:08:50.260 23519 23519 I VerificarSesion: Guarda Sesión
02-17 19:08:50.261 23519 23519 I VerificarSesion: Contador: 178000
02-17 19:08:51.263 23519 23519 I VerificarSesion: Guarda Sesión
02-17 19:08:51.264 23519 23519 I VerificarSesion: Contador: 179000
02-17 19:08:52.265 23519 23519 I VerificarSesion: Guarda Sesión
02-17 19:08:52.266 23519 23519 I VerificarSesion: Contador: 180000
02-17 19:08:53.269 23519 23519 I VerificarSesion: Guarda Sesión
02-17 19:08:53.269 23519 23519 I VerificarSesion: Contador: 181000
02-17 19:08:54.271 23519 23519 I VerificarSesion: Guarda Sesión
02-17 19:08:54.273 23519 23519 I VerificarSesion: Contador: 182000
02-17 19:08:55.275 23519 23519 I VerificarSesion: Guarda Sesión
02-17 19:08:55.276 23519 23519 I VerificarSesion: Contador: 183000
02-17 19:08:56.278 23519 23519 I VerificarSesion: Guarda Sesión
02-17 19:08:56.278 23519 23519 I VerificarSesion: Contador: 184000
02-17 19:08:57.281 23519 23519 I VerificarSesion: Guarda Sesión
02-17 19:08:57.282 23519 23519 I VerificarSesion: Contador: 185000
02-17 19:08:58.284 23519 23519 I VerificarSesion: Guarda Sesión
02-17 19:08:58.284 23519 23519 I VerificarSesion: Contador: 186000
02-17 19:08:59.286 23519 23519 I VerificarSesion: Guarda Sesión
02-17 19:08:59.287 23519 23519 I VerificarSesion: Contador: 187000
02-17 19:09:00.289 23519 23519 I VerificarSesion: Guarda Sesión
02-17 19:09:00.289 23519 23519 I VerificarSesion: Contador: 188000
02-17 19:09:01.291 23519 23519 I VerificarSesion: Guarda Sesión
02-17 19:09:01.291 23519 23519 I VerificarSesion: Contador: 189000
02-17 19:09:02.293 23519 23519 I VerificarSesion: Guarda Sesión
02-17 19:09:02.294 23519 23519 I VerificarSesion: Contador: 190000
02-17 19:09:03.297 23519 23519 I VerificarSesion: Guarda Sesión
02-17 19:09:03.297 23519 23519 I VerificarSesion: Contador: 191000
02-17 19:09:04.299 23519 23519 I VerificarSesion: Guarda Sesión
02-17 19:09:04.300 23519 23519 I VerificarSesion: Contador: 192000
02-17 19:09:05.303 23519 23519 I VerificarSesion: Guarda Sesión
02-17 19:09:05.303 23519 23519 I VerificarSesion: Contador: 193000
02-17 19:09:06.305 23519 23519 I VerificarSesion: Guarda Sesión
02-17 19:09:06.306 23519 23519 I VerificarSesion: Contador: 194000
02-17 19:09:07.309 23519 23519 I VerificarSesion: Guarda Sesión
02-17 19:09:07.309 23519 23519 I VerificarSesion: Contador: 195000
02-17 19:09:08.311 23519 23519 I VerificarSesion: Guarda Sesión
02-17 19:09:08.313 23519 23519 I VerificarSesion: Contador: 196000
02-17 19:09:09.315 23519 23519 I VerificarSesion: Guarda Sesión
02-17 19:09:09.316 23519 23519 I VerificarSesion: Contador: 197000
02-17 19:09:10.318 23519 23519 I VerificarSesion: Guarda Sesión
02-17 19:09:10.319 23519 23519 I VerificarSesion: Contador: 198000
02-17 19:09:11.322 23519 23519 I VerificarSesion: Guarda Sesión
02-17 19:09:11.324 23519 23519 I VerificarSesion: Contador: 199000
02-17 19:09:12.326 23519 23519 I VerificarSesion: Guarda Sesión
02-17 19:09:12.327 23519 23519 I VerificarSesion: Contador: 200000
02-17 19:09:13.329 23519 23519 I VerificarSesion: Guarda Sesión
02-17 19:09:13.330 23519 23519 I VerificarSesion: Contador: 201000
02-17 19:09:14.331 23519 23519 I VerificarSesion: Guarda Sesión
02-17 19:09:14.332 23519 23519 I VerificarSesion: Contador: 202000
02-17 19:09:15.334 23519 23519 I VerificarSesion: Guarda Sesión
02-17 19:09:15.334 23519 23519 I VerificarSesion: Contador: 203000
02-17 19:09:16.337 23519 23519 I VerificarSesion: Guarda Sesión
02-17 19:09:16.337 23519 23519 I VerificarSesion: Contador: 204000
02-17 19:09:17.339 23519 23519 I VerificarSesion: Guarda Sesión
02-17 19:09:17.340 23519 23519 I VerificarSesion: Contador: 205000
02-17 19:09:18.341 23519 23519 I VerificarSesion: Guarda Sesión
02-17 19:09:18.342 23519 23519 I VerificarSesion: Contador: 206000
02-17 19:09:19.343 23519 23519 I VerificarSesion: Guarda Sesión
02-17 19:09:19.344 23519 23519 I VerificarSesion: Contador: 207000
02-17 19:09:20.345 23519 23519 I VerificarSesion: Guarda Sesión
02-17 19:09:20.345 23519 23519 I VerificarSesion: Contador: 208000
02-17 19:09:21.346 23519 23519 I VerificarSesion: Guarda Sesión
02-17 19:09:21.347 23519 23519 I VerificarSesion: Contador: 209000
02-17 19:09:22.349 23519 23519 I VerificarSesion: Guarda Sesión
02-17 19:09:22.350 23519 23519 I VerificarSesion: Contador: 210000
02-17 19:09:23.351 23519 23519 I VerificarSesion: Guarda Sesión
02-17 19:09:23.351 23519 23519 I VerificarSesion: Contador: 211000
02-17 19:09:24.353 23519 23519 I VerificarSesion: Guarda Sesión
02-17 19:09:24.353 23519 23519 I VerificarSesion: Contador: 212000
02-17 19:09:25.356 23519 23519 I VerificarSesion: Guarda Sesión
02-17 19:09:25.357 23519 23519 I VerificarSesion: Contador: 213000
02-17 19:09:26.359 23519 23519 I VerificarSesion: Guarda Sesión
02-17 19:09:26.359 23519 23519 I VerificarSesion: Contador: 214000
02-17 19:09:27.361 23519 23519 I VerificarSesion: Guarda Sesión
02-17 19:09:27.362 23519 23519 I VerificarSesion: Contador: 215000
02-17 19:09:28.364 23519 23519 I VerificarSesion: Guarda Sesión
02-17 19:09:28.364 23519 23519 I VerificarSesion: Contador: 216000
02-17 19:09:29.367 23519 23519 I VerificarSesion: Guarda Sesión
02-17 19:09:29.368 23519 23519 I VerificarSesion: Contador: 217000
02-17 19:09:30.369 23519 23519 I VerificarSesion: Guarda Sesión
02-17 19:09:30.370 23519 23519 I VerificarSesion: Contador: 218000
02-17 19:09:31.373 23519 23519 I VerificarSesion: Guarda Sesión
02-17 19:09:31.374 23519 23519 I VerificarSesion: Contador: 219000
02-17 19:09:32.376 23519 23519 I VerificarSesion: Guarda Sesión
02-17 19:09:32.377 23519 23519 I VerificarSesion: Contador: 220000
02-17 19:09:33.379 23519 23519 I VerificarSesion: Guarda Sesión
02-17 19:09:33.380 23519 23519 I VerificarSesion: Contador: 221000
02-17 19:09:34.382 23519 23519 I VerificarSesion: Guarda Sesión
02-17 19:09:34.383 23519 23519 I VerificarSesion: Contador: 222000
02-17 19:09:35.386 23519 23519 I VerificarSesion: Guarda Sesión
02-17 19:09:35.387 23519 23519 I VerificarSesion: Contador: 223000
02-17 19:09:36.389 23519 23519 I VerificarSesion: Guarda Sesión
02-17 19:09:36.390 23519 23519 I VerificarSesion: Contador: 224000
02-17 19:09:37.393 23519 23519 I VerificarSesion: Guarda Sesión
02-17 19:09:37.394 23519 23519 I VerificarSesion: Contador: 225000
02-17 19:09:38.397 23519 23519 I VerificarSesion: Guarda Sesión
02-17 19:09:38.398 23519 23519 I VerificarSesion: Contador: 226000
02-17 19:09:39.400 23519 23519 I VerificarSesion: Guarda Sesión
02-17 19:09:39.400 23519 23519 I VerificarSesion: Contador: 227000
02-17 19:09:40.402 23519 23519 I VerificarSesion: Guarda Sesión
02-17 19:09:40.403 23519 23519 I VerificarSesion: Contador: 228000
02-17 19:09:41.404 23519 23519 I VerificarSesion: Guarda Sesión
02-17 19:09:41.404 23519 23519 I VerificarSesion: Contador: 229000
02-17 19:09:42.407 23519 23519 I VerificarSesion: Guarda Sesión
02-17 19:09:42.408 23519 23519 I VerificarSesion: Contador: 230000
02-17 19:09:43.410 23519 23519 I VerificarSesion: Guarda Sesión
02-17 19:09:43.410 23519 23519 I VerificarSesion: Contador: 231000
02-17 19:09:44.412 23519 23519 I VerificarSesion: Guarda Sesión
02-17 19:09:44.412 23519 23519 I VerificarSesion: Contador: 232000
02-17 19:09:45.414 23519 23519 I VerificarSesion: Guarda Sesión
02-17 19:09:45.414 23519 23519 I VerificarSesion: Contador: 233000
02-17 19:09:46.416 23519 23519 I VerificarSesion: Guarda Sesión
02-17 19:09:46.417 23519 23519 I VerificarSesion: Contador: 234000
02-17 19:09:47.417 23519 23519 I VerificarSesion: Guarda Sesión
02-17 19:09:47.418 23519 23519 I VerificarSesion: Contador: 235000
02-17 19:09:48.418 23519 23519 I VerificarSesion: Guarda Sesión
02-17 19:09:48.419 23519 23519 I VerificarSesion: Contador: 236000
02-17 19:09:49.420 23519 23519 I VerificarSesion: Guarda Sesión
02-17 19:09:49.421 23519 23519 I VerificarSesion: Contador: 237000
02-17 19:09:50.423 23519 23519 I VerificarSesion: Guarda Sesión
02-17 19:09:50.424 23519 23519 I VerificarSesion: Contador: 238000
02-17 19:09:52.428 23519 23519 I VerificarSesion: Guarda Sesión
02-17 19:09:52.429 23519 23519 I VerificarSesion: Contador: 240000
02-17 19:09:53.430 23519 23519 I VerificarSesion: Guarda Sesión
02-17 19:09:53.430 23519 23519 I VerificarSesion: Contador: 241000
