1}, "horizontal_landscape":{"aspect_ratio":1.6,
"original_ratio":0.6847,"original_scale":0.587,"top_margin":-
1,"left_margin":0.0753}} }, "mini_freeform_args":{ "inner":
{ "vertical_portrait":{"aspect_ratio":0.626, "original_ratio":0.147},
"horizontal_portrait":{"aspect_ratio":0.626, "original_ratio":0.147},
"vertical_landscape":{"aspect_ratio":1.6, "original_ratio":0.165},
"horizontal_landscape":{"aspect_ratio":1.6, "original_ratio":0.165} },
"outer":{ "vertical_portrait":{"aspect_ratio":0.626, "original_ratio":0.26},
"horizontal_portrait":{"aspect_ratio":0.626, "original_ratio":0.26},
"vertical_landscape":{"aspect_ratio":1.6, "original_ratio":0.293},
"horizontal_landscape":{"aspect_ratio":1.6, "original_ratio":0.293}} } },
"wide_default":{ "freeform_args": { "vertical_portrait":
{"aspect_ratio":0.625,
"original_ratio":0.5806,"original_scale":0.7574,"top_margin":0.125,"left_margin":0.
392}, "horizontal_portrait":{"aspect_ratio":0.625,
"original_ratio":0.5806,"original_scale":0.7574,"top_margin":-
1,"left_margin":0.6415}, "vertical_landscape":{"aspect_ratio":1.6,
"original_ratio":1,"original_scale":0.5153,"top_margin":0.125,"left_margin":0.206},
"horizontal_landscape":{"aspect_ratio":1.6,
"original_ratio":1,"original_scale":0.5153,"top_margin":-
1,"left_margin":0.456} }, "mini_freeform_args":{ "vertical_portrait":
{"aspect_ratio":0.5625, "original_ratio":0.144}, "horizontal_portrait":
{"aspect_ratio":0.5625, "original_ratio":0.144}, "vertical_landscape":
{"aspect_ratio":-1, "original_ratio":0.144}, "horizontal_landscape":
{"aspect_ratio":-1, "original_ratio":0.144} } }, "narrow_default":
{ "freeform_args": { "vertical_portrait":{"aspect_ratio":0.5625,
"original_ratio":1,"original_scale":0.7182,"top_margin":0.142,"left_margin":-1},
"horizontal_portrait":{"aspect_ratio":0.8,
"original_ratio":1,"original_scale":0.7182,"top_margin":-1,"left_margin":0.05},
"vertical_landscape":{"aspect_ratio":1
02-16 18:12:18.761 25168 25168 E MiuiMultiWindowUtils: initFreeFormResolutionArgs
failed, device is cupid
02-16 18:12:18.761 25168 25168 D IS_CTS_MODE: false
02-16 18:12:18.761 25168 25168 D MULTI_WINDOW_SWITCH_ENABLED: false
02-16 18:12:18.862 25168 25168 E AndroidCameraApi: openCamera X
02-16 18:12:18.872 25168 25212 W Parcel : Expecting binder but got null!
02-16 18:12:18.872 25168 25168 W Looper : PerfMonitor doFrame : time=402ms
vsyncFrame=0 latency=2ms procState=-1 historyMsgCount=45 (msgIndex=1 wall=54ms
seq=204 running=45ms runnable=1ms io=3ms late=2ms h=android.app.ActivityThread$H
w=159)
02-16 18:12:18.873 25168 25168 I Choreographer: Skipped 48 frames! The application
may be doing too much work on its main thread.
02-16 18:12:18.874 25168 25168 W Looper : PerfMonitor doFrame : time=1ms
vsyncFrame=0 latency=396ms procState=-1 historyMsgCount=11 (msgIndex=1 wall=402ms
seq=249 running=174ms runnable=19ms io=11ms late=2ms
h=android.view.Choreographer$FrameHandler
c=android.view.Choreographer$FrameDisplayEventReceiver)
02-16 18:12:18.881 25168 25168 D Network : Network
02-16 18:12:18.883 25168 25168 D Network : Network
02-16 18:12:18.925 25168 25168 I LogD2movil: Fecha: 2023/febrero/16
02-16 18:12:18.925 25168 25168 I LogD2movil: Hora: 18:12:18 p. m.
02-16 18:12:18.925 25168 25168 I LogD2movil: Servicio Web: obtieneImagen -
https://www.d2servicios.com/d2web.api.uni/d2webdroid.asmx/ObtieneImagenPersonal
02-16 18:12:18.925 25168 25168 I LogD2movil: Subfunción: onResponse
02-16 18:12:18.925 25168 25168 I LogD2movil: Get Data: imagen-0
02-16 18:12:18.978 25168 25168 I LogD2movil: Fecha: 2023/febrero/16
02-16 18:12:18.978 25168 25168 I LogD2movil: Hora: 18:12:18 p. m.
02-16 18:12:18.978 25168 25168 I LogD2movil: Servicio Web:
RecuperaTemplatesGraficos -
https://www.d2servicios.com/d2web.api.uni/d2webdroid.asmx/RecuperaTemplatesGraficos
02-16 18:12:18.978 25168 25168 I LogD2movil: Subfunción: onResponse
02-16 18:12:18.978 25168 25168 I LogD2movil: Get Data: Hay datos: true | Nº
Reportes: 1
02-16 18:12:18.991 25168 25168 E AndroidCameraApi: onOpened
02-16 18:12:18.992 25168 25359 I LogD2movil: Fecha: 2023/febrero/16
02-16 18:12:18.992 25168 25359 I LogD2movil: Hora: 18:12:18 p. m.
02-16 18:12:18.992 25168 25359 I LogD2movil: Servicio Web: getAndroidID
02-16 18:12:18.992 25168 25359 I LogD2movil: Get Data: 1166445d84bfca5c
02-16 18:12:18.992 25168 25359 I LogD2movil: Mensaje: AndroidID
02-16 18:12:18.992 25168 25168 D CameraDevice-JV-1: waitUntilIdle: E. id = 1
02-16 18:12:18.993 25168 25168 D CameraDevice-JV-1: waitUntilIdle: X
02-16 18:12:19.002 25168 25359 I LogD2movil: Fecha: 2023/febrero/16
02-16 18:12:19.002 25168 25359 I LogD2movil: Hora: 18:12:18 p. m.
02-16 18:12:19.002 25168 25359 I LogD2movil: Servicio Web: getAndroidID
02-16 18:12:19.002 25168 25359 I LogD2movil: Get Data: 1166445d84bfca5c
02-16 18:12:19.002 25168 25359 I LogD2movil: Mensaje: AndroidID
02-16 18:12:19.005 25168 25359 I LogD2movil: Fecha: 2023/febrero/16
02-16 18:12:19.005 25168 25359 I LogD2movil: Hora: 18:12:19 p. m.
02-16 18:12:19.005 25168 25359 I LogD2movil: Servicio Web: ejecutaReporteMv
02-16 18:12:19.005 25168 25359 I LogD2movil: Subfunción: getParams
02-16 18:12:19.005 25168 25359 I LogD2movil: Send Data: token: null| idReporte: 13|
fecha Desde y hasta: 2023-02-16
02-16 18:12:19.125 25168 25168 I HandWritingStubImpl: refreshLastKeyboardType: 1
02-16 18:12:19.125 25168 25168 I HandWritingStubImpl: getCurrentKeyboardType: 1
02-16 18:12:19.139 25168 25168 I HandWritingStubImpl: isKeyboardTypeChanged: false
02-16 18:12:19.185 25168 25421 I bb : Successfully registered with Phenotype.
02-16 18:12:19.213 25168 25168 I LogD2movil: Fecha: 2023/febrero/16
02-16 18:12:19.213 25168 25168 I LogD2movil: Hora: 18:12:19 p. m.
02-16 18:12:19.213 25168 25168 I LogD2movil: Servicio Web: ejecutaReporteMv -
https://www.d2servicios.com/d2web.api.uni/d2webdroid.asmx/EjecutaReporteMv
02-16 18:12:19.213 25168 25168 I LogD2movil: Subfunción: onResponse
02-16 18:12:19.213 25168 25168 I LogD2movil: Send Data: id reporte: 13| Gráficos a
mostrar: 1
02-16 18:12:19.376 25168 25212 W qdgralloc: getInterlacedFlag: getMetaData returned
-22, defaulting to interlaced_flag = 0
02-16 18:12:19.408 25168 25212 W qdgralloc: getInterlacedFlag: getMetaData returned
-22, defaulting to interlaced_flag = 0
02-16 18:12:19.426 25168 25168 I VerificarSesion: Guarda Sesión
02-16 18:12:19.426 25168 25168 I VerificarSesion: Contador: 0
02-16 18:12:19.441 25168 25212 W qdgralloc: getInterlacedFlag: getMetaData returned
-22, defaulting to interlaced_flag = 0
02-16 18:12:19.475 25168 25212 W qdgralloc: getInterlacedFlag: getMetaData returned
-22, defaulting to interlaced_flag = 0
02-16 18:12:19.507 25168 25212 W qdgralloc: getInterlacedFlag: getMetaData returned
-22, defaulting to interlaced_flag = 0
02-16 18:12:19.540 25168 25212 W qdgralloc: getInterlacedFlag: getMetaData returned
-22, defaulting to interlaced_flag = 0
02-16 18:12:19.574 25168 25212 W qdgralloc: getInterlacedFlag: getMetaData returned
-22, defaulting to interlaced_flag = 0
02-16 18:12:19.606 25168 25212 W qdgralloc: getInterlacedFlag: getMetaData returned
-22, defaulting to interlaced_flag = 0
02-16 18:12:19.735 25168 25168 I LogD2movil: Fecha: 2023/febrero/16
02-16 18:12:19.735 25168 25168 I LogD2movil: Hora: 18:12:19 p. m.
02-16 18:12:19.735 25168 25168 I LogD2movil: Servicio Web: getAndroidID
02-16 18:12:19.735 25168 25168 I LogD2movil: Get Data: 1166445d84bfca5c
02-16 18:12:19.735 25168 25168 I LogD2movil: Mensaje: AndroidID
02-16 18:12:19.740 25168 25168 I HandWritingStubImpl: isKeyboardTypeChanged: false
02-16 18:12:19.744 25168 25168 I LogD2movil: Fecha: 2023/febrero/16
02-16 18:12:19.744 25168 25168 I LogD2movil: Hora: 18:12:19 p. m.
02-16 18:12:19.744 25168 25168 I LogD2movil: ********* Módulo: Marcaciones
*********
02-16 18:12:19.744 25168 25438 I LogD2movil: Fecha: 2023/febrero/16
02-16 18:12:19.744 25168 25438 I LogD2movil: Hora: 18:12:19 p. m.
02-16 18:12:19.744 25168 25438 I LogD2movil: Servicio Web: historialNot -
https://www.d2servicios.com/d2web.api.uni/d2webdroid.asmx/HistNot
02-16 18:12:19.744 25168 25438 I LogD2movil: Subfunción: getParams
02-16 18:12:19.744 25168 25438 I LogD2movil: Send Data: N dias 0
02-16 18:12:19.744 25168 25438 I LogD2movil: Mensaje: Envío de parametros
02-16 18:12:19.848 25168 25168 I LogD2movil: Fecha: 2023/febrero/16
02-16 18:12:19.848 25168 25168 I LogD2movil: Hora: 18:12:19 p. m.
02-16 18:12:19.848 25168 25168 I LogD2movil: Servicio Web: historialNot -
https://www.d2servicios.com/d2web.api.uni/d2webdroid.asmx/HistNot
02-16 18:12:19.848 25168 25168 I LogD2movil: Subfunción: OnResponse
02-16 18:12:19.848 25168 25168 I LogD2movil: Get Data: Num notificaciones: 0
02-16 18:12:20.255 25168 25168 D Network : Network
02-16 18:12:20.257 25168 25168 D Network : Network
02-16 18:12:20.261 25168 25168 D Network : Network
02-16 18:12:20.264 25168 25168 I LogD2movil: Fecha: 2023/febrero/16
02-16 18:12:20.264 25168 25168 I LogD2movil: Hora: 18:12:20 p. m.
02-16 18:12:20.264 25168 25168 I LogD2movil: Subfunción: imgGPS.setOnClickListener
02-16 18:12:20.264 25168 25168 I LogD2movil: Send Data: lat/lng: (-1.1960664,-
78.5931714) HORAGPSGPS: 2023-02-16 18:12:19
02-16 18:12:20.264 25168 25168 I LogD2movil: Mensaje: Obtiene localización
02-16 18:12:20.433 25168 25168 I VerificarSesion: Guarda Sesión
02-16 18:12:20.434 25168 25168 I VerificarSesion: Contador: 0
02-16 18:12:20.647 25168 25320 W DynamiteModule: Local module descriptor class for
com.google.android.gms.googlecertificates not found.
02-16 18:12:20.654 25168 25320 I DynamiteModule: Considering local module
com.google.android.gms.googlecertificates:0 and remote module
com.google.android.gms.googlecertificates:7
02-16 18:12:20.654 25168 25320 I DynamiteModule: Selected remote version of
com.google.android.gms.googlecertificates, version >= 7
02-16 18:12:20.682 25168 25288 I SnapshotHandler: Unable to retrieve flag snapshot
for com.google.android.libraries.consentverifier#ec.biometrika.d2web2, using
defaults.
02-16 18:12:20.692 25168 25290 W MobStoreFlagStore: Unable to update local snapshot
for com.google.android.libraries.consentverifier#ec.biometrika.d2web2, may result
in stale flags.
02-16 18:12:20.692 25168 25290 W MobStoreFlagStore:
java.util.concurrent.ExecutionException: java.lang.SecurityException:
GoogleCertificatesRslt: not allowed: pkg=ec.biometrika.d2web2,
sha256=[c0d0bbf5bac59dda95681a9a5d1d032a63a82ba00086fb09c10aea04b12b3b52],
atk=false, ver=230413044.true (go/gsrlt)
02-16 18:12:20.692 25168 25290 W MobStoreFlagStore: at
ajq.s(:com.google.android.gms.dynamite_mapsdynamite@230413044@23.04.13 (190400-
0):3)
02-16 18:12:20.692 25168 25290 W MobStoreFlagStore: at
ajq.get(:com.google.android.gms.dynamite_mapsdynamite@230413044@23.04.13 (190400-
0):2)
02-16 18:12:20.692 25168 25290 W MobStoreFlagStore: at
ala.g(:com.google.android.gms.dynamite_mapsdynamite@230413044@23.04.13 (190400-
0):2)
02-16 18:12:20.692 25168 25290 W MobStoreFlagStore: at
ys.d(:com.google.android.gms.dynamite_mapsdynamite@230413044@23.04.13 (190400-0):1)
02-16 18:12:20.692 25168 25290 W MobStoreFlagStore: at
yu.run(:com.google.android.gms.dynamite_mapsdynamite@230413044@23.04.13 (190400-
0):0)
02-16 18:12:20.692 25168 25290 W MobStoreFlagStore: at
java.util.concurrent.Executors$RunnableAdapter.call(Executors.java:463)
02-16 18:12:20.692 25168 25290 W MobStoreFlagStore: at
java.util.concurrent.FutureTask.run(FutureTask.java:264)
02-16 18:12:20.692 25168 25290 W MobStoreFlagStore: at
java.util.concurrent.ScheduledThreadPoolExecutor$ScheduledFutureTask.run(ScheduledT
hreadPoolExecutor.java:307)
02-16 18:12:20.692 25168 25290 W MobStoreFlagStore: at
java.util.concurrent.ThreadPoolExecutor.runWorker(ThreadPoolExecutor.java:1137)
02-16 18:12:20.692 25168 25290 W MobStoreFlagStore: at
java.util.concurrent.ThreadPoolExecutor$Worker.run(ThreadPoolExecutor.java:637)
02-16 18:12:20.692 25168 25290 W MobStoreFlagStore: at
java.lang.Thread.run(Thread.java:1012)
02-16 18:12:20.692 25168 25290 W MobStoreFlagStore: Caused by:
java.lang.SecurityException: GoogleCertificatesRslt: not allowed:
pkg=ec.biometrika.d2web2,
sha256=[c0d0bbf5bac59dda95681a9a5d1d032a63a82ba00086fb09c10aea04b12b3b52],
atk=false, ver=230413044.true (go/gsrlt)
02-16 18:12:20.692 25168 25290 W MobStoreFlagStore: at
android.os.Parcel.createExceptionOrNull(Parcel.java:3011)
02-16 18:12:20.692 25168 25290 W MobStoreFlagStore: at
android.os.Parcel.createException(Parcel.java:2995)
02-16 18:12:20.692 25168 25290 W MobStoreFlagStore: at
android.os.Parcel.readException(Parcel.java:2978)
02-16 18:12:20.692 25168 25290 W MobStoreFlagStore: at
android.os.Parcel.readException(Parcel.java:2920)
02-16 18:12:20.692 25168 25290 W MobStoreFlagStore: at
ff.c(:com.google.android.gms.dynamite_mapsdynamite@230413044@23.04.13 (190400-0):2)
02-16 18:12:20.692 25168 25290 W MobStoreFlagStore: at
ru.a(:com.google.android.gms.dynamite_mapsdynamite@230413044@23.04.13 (190400-0):4)
02-16 18:12:20.692 25168 25290 W MobStoreFlagStore: at
jl.e(:com.google.android.gms.dynamite_mapsdynamite@230413044@23.04.13 (190400-0):2)
02-16 18:12:20.692 25168 25290 W MobStoreFlagStore: at
kk.t(:com.google.android.gms.dynamite_mapsdynamite@230413044@23.04.13 (190400-0):2)
02-16 18:12:20.692 25168 25290 W MobStoreFlagStore: at
kk.u(:com.google.android.gms.dynamite_mapsdynamite@230413044@23.04.13 (190400-0):3)
02-16 18:12:20.692 25168 25290 W MobStoreFlagStore: at
kk.e(:com.google.android.gms.dynamite_mapsdynamite@230413044@23.04.13 (190400-0):2)
02-16 18:12:20.692 25168 25290 W MobStoreFlagStore: at
ko.handleMessage(:com.google.android.gms.dynamite_mapsdynamite@230413044@23.04.13
(190400-0):69)
02-16 18:12:20.692 25168 25290 W MobStoreFlagStore: at
android.os.Handler.dispatchMessage(Handler.java:102)
02-16 18:12:20.692 25168 25290 W MobStoreFlagStore: at
android.os.Looper.loopOnce(Looper.java:210)
02-16 18:12:20.692 25168 25290 W MobStoreFlagStore: at
android.os.Looper.loop(Looper.java:299)
02-16 18:12:20.692 25168 25290 W MobStoreFlagStore: at
android.os.HandlerThread.run(HandlerThread.java:67)
02-16 18:12:21.438 25168 25168 D Network : Network
02-16 18:12:21.441 25168 25168 D Network : Network
02-16 18:12:21.451 25168 25168 D Network : Network
02-16 18:12:21.456 25168 25168 I LogD2movil: Fecha: 2023/febrero/16
02-16 18:12:21.456 25168 25168 I LogD2movil: Hora: 18:12:21 p. m.
02-16 18:12:21.456 25168 25168 I LogD2movil: Subfunción: imgGPS.setOnClickListener
02-16 18:12:21.456 25168 25168 I LogD2movil: Send Data: lat/lng: (-1.1960664,-
78.5931714) HORAGPSGPS: 2023-02-16 18:12:19
02-16 18:12:21.456 25168 25168 I LogD2movil: Mensaje: Obtiene localización
02-16 18:12:21.457 25168 25168 I VerificarSesion: Guarda Sesión
02-16 18:12:21.457 25168 25168 I VerificarSesion: Contador: 0
02-16 18:12:22.393 25168 25295 D TrafficStats: tagSocket(5) with
statsTag=0x20001101, statsUid=-1
02-16 18:12:22.457 25168 25168 I VerificarSesion: Guarda Sesión
02-16 18:12:22.458 25168 25168 I VerificarSesion: Contador: 1000
02-16 18:12:22.648 25168 25294 D TrafficStats: tagSocket(120) with
statsTag=0x20001101, statsUid=-1
02-16 18:12:22.649 25168 25293 D TrafficStats: tagSocket(153) with
statsTag=0x20001101, statsUid=-1
02-16 18:12:22.889 25168 25168 D Network : Network
02-16 18:12:22.892 25168 25168 D Network : Network
02-16 18:12:22.897 25168 25168 D Network : Network
02-16 18:12:22.907 25168 25168 I LogD2movil: Fecha: 2023/febrero/16
02-16 18:12:22.907 25168 25168 I LogD2movil: Hora: 18:12:22 p. m.
02-16 18:12:22.907 25168 25168 I LogD2movil: Subfunción: imgGPS.setOnClickListener
02-16 18:12:22.907 25168 25168 I LogD2movil: Send Data: lat/lng: (-1.1960664,-
78.5931714) HORAGPSGPS: 2023-02-16 18:12:19
02-16 18:12:22.907 25168 25168 I LogD2movil: Mensaje: Obtiene localización
02-16 18:12:23.461 25168 25168 I VerificarSesion: Guarda Sesión
02-16 18:12:23.461 25168 25168 I VerificarSesion: Contador: 0
02-16 18:12:23.604 25168 25168 I ForceDarkHelperStubImpl: setViewRootImplForceDark:
false for ec.biometrika.d2web2.MenuPrincipalActivity@8b5db1c, reason:
AppDarkModeEnable
02-16 18:12:23.616 25168 25168 D CameraDevice-JV-1: waitUntilIdle: E. id = 1
02-16 18:12:23.804 25168 25168 D CameraDevice-JV-1: waitUntilIdle: X
02-16 18:12:23.900 25168 25182 W ometrika.d2web2: Long monitor contention with
owner main (25168) at void
android.hardware.camera2.impl.CameraDeviceImpl.waitUntilIdle()
(CameraDeviceImpl.java:1445) waiters=0 in void
android.hardware.camera2.impl.CameraDeviceImpl$CameraDeviceCallbacks.onResultReceiv
ed(android.hardware.camera2.impl.CameraMetadataNative,
android.hardware.camera2.impl.CaptureResultExtras,
android.hardware.camera2.impl.PhysicalCaptureResultInfo[]) for 282ms
02-16 18:12:23.908 25168 25168 I ForceDarkHelperStubImpl: setViewRootImplForceDark:
false for ec.biometrika.d2web2.MenuPrincipalActivity@8b5db1c, reason:
AppDarkModeEnable
02-16 18:12:23.912 25168 25212 W Parcel : Expecting binder but got null!
02-16 18:12:24.118 25168 25323 W ImageReader_JNI: Unable to acquire a buffer item,
very likely client tried to acquire more than maxImages buffers
02-16 18:12:24.118 25168 25323 D qdgralloc: GetYUVPlaneInfo: Invalid format passed:
0x21
02-16 18:12:24.194 25168 25323 D CameraDevice-JV-1: waitUntilIdle: E. id = 1
02-16 18:12:24.194 25168 25323 D CameraDevice-JV-1: waitUntilIdle: X
02-16 18:12:24.273 25168 25754 I LogD2movil: Fecha: 2023/febrero/16
02-16 18:12:24.273 25168 25754 I LogD2movil: Hora: 18:12:24 p. m.
02-16 18:12:24.273 25168 25754 I LogD2movil: Servicio Web: getAndroidID
02-16 18:12:24.273 25168 25754 I LogD2movil: Get Data: 1166445d84bfca5c
02-16 18:12:24.273 25168 25754 I LogD2movil: Mensaje: AndroidID
02-16 18:12:24.278 25168 25754 I LogD2movil: Fecha: 2023/febrero/16
02-16 18:12:24.278 25168 25754 I LogD2movil: Hora: 18:12:24 p. m.
02-16 18:12:24.278 25168 25754 I LogD2movil: Servicio Web: getAndroidID
02-16 18:12:24.278 25168 25754 I LogD2movil: Get Data: 1166445d84bfca5c
02-16 18:12:24.278 25168 25754 I LogD2movil: Mensaje: AndroidID
02-16 18:12:24.283 25168 25754 I LogD2movil: Fecha: 2023/febrero/16
02-16 18:12:24.283 25168 25754 I LogD2movil: Hora: 18:12:24 p. m.
02-16 18:12:24.283 25168 25754 I LogD2movil: Servicio Web: llamarWebService
02-16 18:12:24.283 25168 25754 I LogD2movil: Subfunción: getParams
02-16 18:12:24.283 25168 25754 I LogD2movil: Send Data: id_emp 616 fechaHora 2023-
02-16 18:12:19 lugar lat/lng: (-1.1960664,-78.5931714) pic: 60****Map: 60
02-16 18:12:24.415 25168 25212 W qdgralloc: getInterlacedFlag: getMetaData returned
-22, defaulting to interlaced_flag = 0
02-16 18:12:24.465 25168 25212 W qdgralloc: getInterlacedFlag: getMetaData returned
-22, defaulting to interlaced_flag = 0
02-16 18:12:24.465 25168 25168 I VerificarSesion: Guarda Sesión
02-16 18:12:24.465 25168 25168 I VerificarSesion: Contador: 0
02-16 18:12:24.498 25168 25212 W qdgralloc: getInterlacedFlag: getMetaData returned
-22, defaulting to interlaced_flag = 0
02-16 18:12:24.531 25168 25212 W qdgralloc: getInterlacedFlag: getMetaData returned
-22, defaulting to interlaced_flag = 0
02-16 18:12:24.564 25168 25212 W qdgralloc: getInterlacedFlag: getMetaData returned
-22, defaulting to interlaced_flag = 0
02-16 18:12:24.597 25168 25212 W qdgralloc: getInterlacedFlag: getMetaData returned
-22, defaulting to interlaced_flag = 0
02-16 18:12:24.613 25168 25212 W qdgralloc: getInterlacedFlag: getMetaData returned
-22, defaulting to interlaced_flag = 0
02-16 18:12:24.662 25168 25212 W qdgralloc: getInterlacedFlag: getMetaData returned
-22, defaulting to interlaced_flag = 0
02-16 18:12:25.466 25168 25168 I VerificarSesion: Guarda Sesión
02-16 18:12:25.466 25168 25168 I VerificarSesion: Contador: 1000
02-16 18:12:26.466 25168 25168 I VerificarSesion: Guarda Sesión
02-16 18:12:26.467 25168 25168 I VerificarSesion: Contador: 2000
02-16 18:12:27.144 25168 25168 I LogD2movil: Fecha: 2023/febrero/16
02-16 18:12:27.144 25168 25168 I LogD2movil: Hora: 18:12:27 p. m.
02-16 18:12:27.144 25168 25168 I LogD2movil: Servicio Web: llamarWebService -
https://www.d2servicios.com/d2web.api.uni/d2webdroid.asmx/RealizaMarcacionDroid
02-16 18:12:27.144 25168 25168 I LogD2movil: Subfunción: onResponse
02-16 18:12:27.144 25168 25168 I LogD2movil: Respuesta: 0
02-16 18:12:27.144 25168 25168 I LogD2movil: Mensaje: PROCESO OK.
02-16 18:12:27.163 25168 25168 I ForceDarkHelperStubImpl: setViewRootImplForceDark:
false for ec.biometrika.d2web2.MenuPrincipalActivity@8b5db1c, reason:
AppDarkModeEnable
02-16 18:12:27.188 25168 25168 I ForceDarkHelperStubImpl: setViewRootImplForceDark:
false for ec.biometrika.d2web2.MenuPrincipalActivity@8b5db1c, reason:
AppDarkModeEnable
02-16 18:12:27.196 25168 25212 W Parcel : Expecting binder but got null!
02-16 18:12:27.199 25168 25168 I HandWritingStubImpl: isKeyboardTypeChanged: false
02-16 18:12:27.199 25168 25168 I HandWritingStubImpl: refreshLastKeyboardType: 1
02-16 18:12:27.199 25168 25168 I HandWritingStubImpl: getCurrentKeyboardType: 1
02-16 18:12:27.210 25168 25168 I HandWritingStubImpl: isKeyboardTypeChanged: false
02-16 18:12:27.251 25168 25168 I HandWritingStubImpl: refreshLastKeyboardType: 1
02-16 18:12:27.251 25168 25168 I HandWritingStubImpl: getCurrentKeyboardType: 1
02-16 18:12:27.253 25168 25168 I HandWritingStubImpl: isKeyboardTypeChanged: false
02-16 18:12:27.468 25168 25168 I VerificarSesion: Guarda Sesión
02-16 18:12:27.469 25168 25168 I VerificarSesion: Contador: 3000
02-16 18:12:28.254 25168 25212 W qdgralloc: getInterlacedFlag: getMetaData returned
-22, defaulting to interlaced_flag = 0
02-16 18:12:28.469 25168 25168 I VerificarSesion: Guarda Sesión
02-16 18:12:28.469 25168 25168 I VerificarSesion: Contador: 4000
02-16 18:12:28.785 25168 25168 E AndroidCameraApi: onPause
02-16 18:12:28.787 25168 25168 D CameraExtImplXiaoMi: releaseCameraDevice: 1
02-16 18:12:28.819 25168 25168 D CameraDevice-JV-1: close: E. id = 1
02-16 18:12:28.830 25168 25549 W CameraDevice-JV-1: Device error received, code 4,
frame number 273, request ID 2, subseq ID 0
02-16 18:12:28.892 25168 25179 W System : A resource failed to call
Surface.release.
02-16 18:12:28.932 25168 25168 D CameraDevice-JV-1: close: X
02-16 18:12:28.932 25168 25549 W CameraDevice-JV-1: Device error received, code 4,
frame number 271, request ID 2, subseq ID 0
02-16 18:12:28.932 25168 25549 W CameraDevice-JV-1: Device error received, code 4,
frame number 268, request ID 2, subseq ID 0
02-16 18:12:28.932 25168 25549 W CameraDevice-JV-1: Device error received, code 5,
frame number 268, request ID 2, subseq ID 0
02-16 18:12:28.932 25168 25549 W CameraDevice-JV-1: Device error received, code 5,
frame number 273, request ID 2, subseq ID 0
02-16 18:12:28.933 25168 25549 W CameraDevice-JV-1: Device error received, code 4,
frame number 272, request ID 2, subseq ID 0
02-16 18:12:28.933 25168 25549 W CameraDevice-JV-1: Device error received, code 4,
frame number 269, request ID 2, subseq ID 0
02-16 18:12:28.933 25168 25549 W CameraDevice-JV-1: Device error received, code 5,
frame number 269, request ID 2, subseq ID 0
02-16 18:12:28.933 25168 25549 W CameraDevice-JV-1: Device error received, code 4,
frame number 270, request ID 2, subseq ID 0
02-16 18:12:28.933 25168 25549 W CameraDevice-JV-1: Device error received, code 5,
frame number 270, request ID 2, subseq ID 0
02-16 18:12:28.933 25168 25549 W CameraDevice-JV-1: Device error received, code 5,
frame number 271, request ID 2, subseq ID 0
02-16 18:12:28.933 25168 25549 W CameraDevice-JV-1: Device error received, code 5,
frame number 272, request ID 2, subseq ID 0
02-16 18:12:28.934 25168 25179 W System : A resource failed to call
Surface.release.
02-16 18:12:28.934 25168 25179 W System : A resource failed to call close.
02-16 18:12:28.935 25168 25168 W Activity: PerfMonitor: Slow Operation: Activity
ec.biometrika.d2web2/.MenuPrincipalActivity onPause took 150ms
02-16 18:12:29.471 25168 25168 I VerificarSesion: Guarda Sesión
02-16 18:12:29.471 25168 25168 I VerificarSesion: Contador: 0
02-16 18:12:30.472 25168 25168 I VerificarSesion: Guarda Sesión
02-16 18:12:30.472 25168 25168 I VerificarSesion: Contador: 1000
02-16 18:12:31.474 25168 25168 I VerificarSesion: Guarda Sesión
02-16 18:12:31.476 25168 25168 I VerificarSesion: Contador: 2000
02-16 18:12:32.476 25168 25168 I VerificarSesion: Guarda Sesión
02-16 18:12:32.477 25168 25168 I VerificarSesion: Contador: 3000
02-16 18:12:33.478 25168 25168 I VerificarSesion: Guarda Sesión
02-16 18:12:33.480 25168 25168 I VerificarSesion: Contador: 4000
02-16 18:12:34.481 25168 25168 I VerificarSesion: Guarda Sesión
02-16 18:12:34.482 25168 25168 I VerificarSesion: Contador: 5000
02-16 18:12:35.482 25168 25168 I VerificarSesion: Guarda Sesión
02-16 18:12:35.482 25168 25168 I VerificarSesion: Contador: 6000
02-16 18:12:36.483 25168 25168 I VerificarSesion: Guarda Sesión
02-16 18:12:36.484 25168 25168 I VerificarSesion: Contador: 7000
02-16 18:12:37.485 25168 25168 I VerificarSesion: Guarda Sesión
02-16 18:12:37.486 25168 25168 I VerificarSesion: Contador: 8000
02-16 18:12:38.488 25168 25168 I VerificarSesion: Guarda Sesión
02-16 18:12:38.488 25168 25168 I VerificarSesion: Contador: 9000
02-16 18:12:39.490 25168 25168 I VerificarSesion: Guarda Sesión
02-16 18:12:39.491 25168 25168 I VerificarSesion: Contador: 10000
02-16 18:12:40.492 25168 25168 I VerificarSesion: Guarda Sesión
02-16 18:12:40.495 25168 25168 I VerificarSesion: Contador: 11000
02-16 18:12:41.497 25168 25168 I VerificarSesion: Guarda Sesión
02-16 18:12:41.498 25168 25168 I VerificarSesion: Contador: 12000
02-16 18:12:42.502 25168 25168 I VerificarSesion: Guarda Sesión
02-16 18:12:42.502 25168 25168 I VerificarSesion: Contador: 13000
02-16 18:12:43.506 25168 25168 I VerificarSesion: Guarda Sesión
02-16 18:12:43.507 25168 25168 I VerificarSesion: Contador: 14000
02-16 18:12:44.509 25168 25168 I VerificarSesion: Guarda Sesión
02-16 18:12:44.510 25168 25168 I VerificarSesion: Contador: 15000
02-16 18:12:45.511 25168 25168 I VerificarSesion: Guarda Sesión
02-16 18:12:45.512 25168 25168 I VerificarSesion: Contador: 16000
02-16 18:12:46.513 25168 25168 I VerificarSesion: Guarda Sesión
02-16 18:12:46.514 25168 25168 I VerificarSesion: Contador: 17000
02-16 18:12:47.515 25168 25168 I VerificarSesion: Guarda Sesión
02-16 18:12:47.516 25168 25168 I VerificarSesion: Contador: 18000
02-16 18:12:48.518 25168 25168 I VerificarSesion: Guarda Sesión
02-16 18:12:48.518 25168 25168 I VerificarSesion: Contador: 19000
02-16 18:12:49.520 25168 25168 I VerificarSesion: Guarda Sesión
02-16 18:12:49.520 25168 25168 I VerificarSesion: Contador: 20000
02-16 18:12:50.522 25168 25168 I VerificarSesion: Guarda Sesión
02-16 18:12:50.522 25168 25168 I VerificarSesion: Contador: 21000
02-16 18:12:51.524 25168 25168 I VerificarSesion: Guarda Sesión
02-16 18:12:51.524 25168 25168 I VerificarSesion: Contador: 22000
02-16 18:12:52.526 25168 25168 I VerificarSesion: Guarda Sesión
02-16 18:12:52.527 25168 25168 I VerificarSesion: Contador: 23000
02-16 18:12:53.527 25168 25168 I VerificarSesion: Guarda Sesión
02-16 18:12:53.528 25168 25168 I VerificarSesion: Contador: 24000
02-16 18:12:54.530 25168 25168 I VerificarSesion: Guarda Sesión
02-16 18:12:54.531 25168 25168 I VerificarSesion: Contador: 25000
02-16 18:12:55.532 25168 25168 I VerificarSesion: Guarda Sesión
02-16 18:12:55.533 25168 25168 I VerificarSesion: Contador: 26000
02-16 18:12:56.535 25168 25168 I VerificarSesion: Guarda Sesión
02-16 18:12:56.535 25168 25168 I VerificarSesion: Contador: 27000
02-16 18:12:57.536 25168 25168 I VerificarSesion: Guarda Sesión
02-16 18:12:57.537 25168 25168 I VerificarSesion: Contador: 28000
02-16 18:12:58.538 25168 25168 I VerificarSesion: Guarda Sesión
02-16 18:12:58.539 25168 25168 I VerificarSesion: Contador: 29000
02-16 18:12:59.543 25168 25168 I VerificarSesion: Guarda Sesión
02-16 18:12:59.546 25168 25168 I VerificarSesion: Contador: 30000
02-16 18:13:00.547 25168 25168 I VerificarSesion: Guarda Sesión
02-16 18:13:00.547 25168 25168 I VerificarSesion: Contador: 31000
02-16 18:13:01.549 25168 25168 I VerificarSesion: Guarda Sesión
02-16 18:13:01.549 25168 25168 I VerificarSesion: Contador: 32000
02-16 18:13:02.551 25168 25168 I VerificarSesion: Guarda Sesión
02-16 18:13:02.552 25168 25168 I VerificarSesion: Contador: 33000
02-16 18:13:03.553 25168 25168 I VerificarSesion: Guarda Sesión
02-16 18:13:03.554 25168 25168 I VerificarSesion: Contador: 34000
02-16 18:13:04.558 25168 25168 I VerificarSesion: Guarda Sesión
02-16 18:13:04.559 25168 25168 I VerificarSesion: Contador: 35000
02-16 18:13:05.561 25168 25168 I VerificarSesion: Guarda Sesión
02-16 18:13:05.562 25168 25168 I VerificarSesion: Contador: 36000
02-16 18:13:06.562 25168 25168 I VerificarSesion: Guarda Sesión
02-16 18:13:06.563 25168 25168 I VerificarSesion: Contador: 37000
02-16 18:13:07.564 25168 25168 I VerificarSesion: Guarda Sesión
02-16 18:13:07.566 25168 25168 I VerificarSesion: Contador: 38000
02-16 18:13:08.567 25168 25168 I VerificarSesion: Guarda Sesión
02-16 18:13:08.568 25168 25168 I VerificarSesion: Contador: 39000
02-16 18:13:09.569 25168 25168 I VerificarSesion: Guarda Sesión
02-16 18:13:09.570 25168 25168 I VerificarSesion: Contador: 40000
02-16 18:13:10.573 25168 25168 I VerificarSesion: Guarda Sesión
02-16 18:13:10.574 25168 25168 I VerificarSesion: Contador: 41000
02-16 18:13:11.576 25168 25168 I VerificarSesion: Guarda Sesión
02-16 18:13:11.577 25168 25168 I VerificarSesion: Contador: 42000
02-16 18:13:12.579 25168 25168 I VerificarSesion: Guarda Sesión
02-16 18:13:12.580 25168 25168 I VerificarSesion: Contador: 43000
02-16 18:13:13.582 25168 25168 I VerificarSesion: Guarda Sesión
02-16 18:13:13.583 25168 25168 I VerificarSesion: Contador: 44000
02-16 18:13:14.586 25168 25168 I VerificarSesion: Guarda Sesión
02-16 18:13:14.586 25168 25168 I VerificarSesion: Contador: 45000
02-16 18:13:15.588 25168 25168 I VerificarSesion: Guarda Sesión
02-16 18:13:15.589 25168 25168 I VerificarSesion: Contador: 46000
02-16 18:13:16.590 25168 25168 I VerificarSesion: Guarda Sesión
02-16 18:13:16.591 25168 25168 I VerificarSesion: Contador: 47000
02-16 18:13:17.594 25168 25168 I VerificarSesion: Guarda Sesión
02-16 18:13:17.594 25168 25168 I VerificarSesion: Contador: 48000
02-16 18:13:18.596 25168 25168 I VerificarSesion: Guarda Sesión
02-16 18:13:18.597 25168 25168 I VerificarSesion: Contador: 49000
02-16 18:13:19.598 25168 25168 I VerificarSesion: Guarda Sesión
02-16 18:13:19.599 25168 25168 I VerificarSesion: Contador: 50000
02-16 18:13:20.602 25168 25168 I VerificarSesion: Guarda Sesión
02-16 18:13:20.602 25168 25168 I VerificarSesion: Contador: 51000
02-16 18:13:21.604 25168 25168 I VerificarSesion: Guarda Sesión
02-16 18:13:21.604 25168 25168 I VerificarSesion: Contador: 52000
02-16 18:13:22.606 25168 25168 I VerificarSesion: Guarda Sesión
02-16 18:13:22.607 25168 25168 I VerificarSesion: Contador: 53000
02-16 18:13:23.608 25168 25168 I VerificarSesion: Guarda Sesión
02-16 18:13:23.609 25168 25168 I VerificarSesion: Contador: 54000
02-16 18:13:24.611 25168 25168 I VerificarSesion: Guarda Sesión
02-16 18:13:24.612 25168 25168 I VerificarSesion: Contador: 55000
02-16 18:13:25.614 25168 25168 I VerificarSesion: Guarda Sesión
02-16 18:13:25.615 25168 25168 I VerificarSesion: Contador: 56000
02-16 18:13:26.617 25168 25168 I VerificarSesion: Guarda Sesión
02-16 18:13:26.618 25168 25168 I VerificarSesion: Contador: 57000
02-16 18:13:27.619 25168 25168 I VerificarSesion: Guarda Sesión
02-16 18:13:27.620 25168 25168 I VerificarSesion: Contador: 58000
02-16 18:13:28.621 25168 25168 I VerificarSesion: Guarda Sesión
02-16 18:13:28.621 25168 25168 I VerificarSesion: Contador: 59000
02-16 18:13:29.624 25168 25168 I VerificarSesion: Guarda Sesión
02-16 18:13:29.624 25168 25168 I VerificarSesion: Contador: 60000
02-16 18:13:30.626 25168 25168 I VerificarSesion: Guarda Sesión
02-16 18:13:30.627 25168 25168 I VerificarSesion: Contador: 61000
02-16 18:13:31.629 25168 25168 I VerificarSesion: Guarda Sesión
02-16 18:13:31.630 25168 25168 I VerificarSesion: Contador: 62000
02-16 18:13:32.633 25168 25168 I VerificarSesion: Guarda Sesión
02-16 18:13:32.634 25168 25168 I VerificarSesion: Contador: 63000
02-16 18:13:33.636 25168 25168 I VerificarSesion: Guarda Sesión
02-16 18:13:33.636 25168 25168 I VerificarSesion: Contador: 64000
02-16 18:13:34.638 25168 25168 I VerificarSesion: Guarda Sesión
02-16 18:13:34.639 25168 25168 I VerificarSesion: Contador: 65000
02-16 18:13:35.642 25168 25168 I VerificarSesion: Guarda Sesión
02-16 18:13:35.642 25168 25168 I VerificarSesion: Contador: 66000
02-16 18:13:36.643 25168 25168 I VerificarSesion: Guarda Sesión
02-16 18:13:36.644 25168 25168 I VerificarSesion: Contador: 67000
02-16 18:13:37.646 25168 25168 I VerificarSesion: Guarda Sesión
02-16 18:13:37.647 25168 25168 I VerificarSesion: Contador: 68000
02-16 18:13:38.649 25168 25168 I VerificarSesion: Guarda Sesión
02-16 18:13:38.650 25168 25168 I VerificarSesion: Contador: 69000
02-16 18:13:39.652 25168 25168 I VerificarSesion: Guarda Sesión
02-16 18:13:39.653 25168 25168 I VerificarSesion: Contador: 70000
02-16 18:13:40.654 25168 25168 I VerificarSesion: Guarda Sesión
02-16 18:13:40.655 25168 25168 I VerificarSesion: Contador: 71000
02-16 18:13:41.656 25168 25168 I VerificarSesion: Guarda Sesión
02-16 18:13:41.658 25168 25168 I VerificarSesion: Contador: 72000
02-16 18:13:42.660 25168 25168 I VerificarSesion: Guarda Sesión
02-16 18:13:42.661 25168 25168 I VerificarSesion: Contador: 73000
02-16 18:13:43.662 25168 25168 I VerificarSesion: Guarda Sesión
02-16 18:13:43.663 25168 25168 I VerificarSesion: Contador: 74000
02-16 18:13:44.666 25168 25168 I VerificarSesion: Guarda Sesión
02-16 18:13:44.666 25168 25168 I VerificarSesion: Contador: 75000
02-16 18:13:45.668 25168 25168 I VerificarSesion: Guarda Sesión
02-16 18:13:45.668 25168 25168 I VerificarSesion: Contador: 76000
02-16 18:13:46.670 25168 25168 I VerificarSesion: Guarda Sesión
02-16 18:13:46.671 25168 25168 I VerificarSesion: Contador: 77000
02-16 18:13:47.673 25168 25168 I VerificarSesion: Guarda Sesión
02-16 18:13:47.674 25168 25168 I VerificarSesion: Contador: 78000
02-16 18:13:48.675 25168 25168 I VerificarSesion: Guarda Sesión
02-16 18:13:48.676 25168 25168 I VerificarSesion: Contador: 79000
02-16 18:13:49.679 25168 25168 I VerificarSesion: Guarda Sesión
02-16 18:13:49.680 25168 25168 I VerificarSesion: Contador: 80000
02-16 18:13:50.681 25168 25168 I VerificarSesion: Guarda Sesión
02-16 18:13:50.682 25168 25168 I VerificarSesion: Contador: 81000
02-16 18:13:51.682 25168 25168 I VerificarSesion: Guarda Sesión
02-16 18:13:51.683 25168 25168 I VerificarSesion: Contador: 82000
02-16 18:13:52.685 25168 25168 I VerificarSesion: Guarda Sesión
02-16 18:13:52.686 25168 25168 I VerificarSesion: Contador: 83000
02-16 18:13:53.688 25168 25168 I VerificarSesion: Guarda Sesión
02-16 18:13:53.689 25168 25168 I VerificarSesion: Contador: 84000
02-16 18:13:54.690 25168 25168 I VerificarSesion: Guarda Sesión
02-16 18:13:54.691 25168 25168 I VerificarSesion: Contador: 85000
02-16 18:13:55.692 25168 25168 I VerificarSesion: Guarda Sesión
02-16 18:13:55.693 25168 25168 I VerificarSesion: Contador: 86000
02-16 18:13:56.695 25168 25168 I VerificarSesion: Guarda Sesión
02-16 18:13:56.695 25168 25168 I VerificarSesion: Contador: 87000
02-16 18:13:57.697 25168 25168 I VerificarSesion: Guarda Sesión
02-16 18:13:57.698 25168 25168 I VerificarSesion: Contador: 88000
02-16 18:13:58.699 25168 25168 I VerificarSesion: Guarda Sesión
02-16 18:13:58.700 25168 25168 I VerificarSesion: Contador: 89000
02-16 18:13:59.702 25168 25168 I VerificarSesion: Guarda Sesión
02-16 18:13:59.703 25168 25168 I VerificarSesion: Contador: 90000
02-16 18:14:00.705 25168 25168 I VerificarSesion: Guarda Sesión
02-16 18:14:00.706 25168 25168 I VerificarSesion: Contador: 91000
02-16 18:14:01.708 25168 25168 I VerificarSesion: Guarda Sesión
02-16 18:14:01.709 25168 25168 I VerificarSesion: Contador: 92000
02-16 18:14:02.710 25168 25168 I VerificarSesion: Guarda Sesión
02-16 18:14:02.711 25168 25168 I VerificarSesion: Contador: 93000
02-16 18:14:03.714 25168 25168 I VerificarSesion: Guarda Sesión
02-16 18:14:03.715 25168 25168 I VerificarSesion: Contador: 94000
02-16 18:14:04.716 25168 25168 I VerificarSesion: Guarda Sesión
02-16 18:14:04.717 25168 25168 I VerificarSesion: Contador: 95000
02-16 18:14:05.718 25168 25168 I VerificarSesion: Guarda Sesión
02-16 18:14:05.719 25168 25168 I VerificarSesion: Contador: 96000
02-16 18:14:06.721 25168 25168 I VerificarSesion: Guarda Sesión
02-16 18:14:06.722 25168 25168 I VerificarSesion: Contador: 97000
02-16 18:14:07.724 25168 25168 I VerificarSesion: Guarda Sesión
02-16 18:14:07.724 25168 25168 I VerificarSesion: Contador: 98000
02-16 18:14:08.726 25168 25168 I VerificarSesion: Guarda Sesión
02-16 18:14:08.726 25168 25168 I VerificarSesion: Contador: 99000
02-16 18:14:09.728 25168 25168 I VerificarSesion: Guarda Sesión
02-16 18:14:09.728 25168 25168 I VerificarSesion: Contador: 100000
02-16 18:14:10.730 25168 25168 I VerificarSesion: Guarda Sesión
02-16 18:14:10.730 25168 25168 I VerificarSesion: Contador: 101000
02-16 18:14:11.734 25168 25168 I VerificarSesion: Guarda Sesión
02-16 18:14:11.735 25168 25168 I VerificarSesion: Contador: 102000
02-16 18:14:12.737 25168 25168 I VerificarSesion: Guarda Sesión
02-16 18:14:12.738 25168 25168 I VerificarSesion: Contador: 103000
02-16 18:14:13.739 25168 25168 I VerificarSesion: Guarda Sesión
02-16 18:14:13.740 25168 25168 I VerificarSesion: Contador: 104000
02-16 18:14:14.742 25168 25168 I VerificarSesion: Guarda Sesión
02-16 18:14:14.744 25168 25168 I VerificarSesion: Contador: 105000
02-16 18:14:15.745 25168 25168 I VerificarSesion: Guarda Sesión
02-16 18:14:15.746 25168 25168 I VerificarSesion: Contador: 106000
02-16 18:14:16.748 25168 25168 I VerificarSesion: Guarda Sesión
02-16 18:14:16.750 25168 25168 I VerificarSesion: Contador: 107000
02-16 18:14:17.751 25168 25168 I VerificarSesion: Guarda Sesión
02-16 18:14:17.752 25168 25168 I VerificarSesion: Contador: 108000
02-16 18:14:18.754 25168 25168 I VerificarSesion: Guarda Sesión
02-16 18:14:18.754 25168 25168 I VerificarSesion: Contador: 109000
02-16 18:14:19.756 25168 25168 I VerificarSesion: Guarda Sesión
02-16 18:14:19.756 25168 25168 I VerificarSesion: Contador: 110000
02-16 18:14:20.758 25168 25168 I VerificarSesion: Guarda Sesión
02-16 18:14:20.760 25168 25168 I VerificarSesion: Contador: 111000
02-16 18:14:21.762 25168 25168 I VerificarSesion: Guarda Sesión
02-16 18:14:21.763 25168 25168 I VerificarSesion: Contador: 112000
02-16 18:14:22.764 25168 25168 I VerificarSesion: Guarda Sesión
02-16 18:14:22.764 25168 25168 I VerificarSesion: Contador: 113000
02-16 18:14:23.766 25168 25168 I VerificarSesion: Guarda Sesión
02-16 18:14:23.767 25168 25168 I VerificarSesion: Contador: 114000
02-16 18:14:24.769 25168 25168 I VerificarSesion: Guarda Sesión
02-16 18:14:24.770 25168 25168 I VerificarSesion: Contador: 115000
02-16 18:14:25.772 25168 25168 I VerificarSesion: Guarda Sesión
02-16 18:14:25.773 25168 25168 I VerificarSesion: Contador: 116000
02-16 18:14:26.774 25168 25168 I VerificarSesion: Guarda Sesión
02-16 18:14:26.774 25168 25168 I VerificarSesion: Contador: 117000
02-16 18:14:27.778 25168 25168 I VerificarSesion: Guarda Sesión
02-16 18:14:27.779 25168 25168 I VerificarSesion: Contador: 118000
02-16 18:14:28.782 25168 25168 I VerificarSesion: Guarda Sesión
02-16 18:14:28.782 25168 25168 I VerificarSesion: Contador: 119000
02-16 18:14:29.784 25168 25168 I VerificarSesion: Guarda Sesión
02-16 18:14:29.784 25168 25168 I VerificarSesion: Contador: 120000
02-16 18:14:30.786 25168 25168 I VerificarSesion: Guarda Sesión
02-16 18:14:30.787 25168 25168 I VerificarSesion: Contador: 121000
02-16 18:14:31.788 25168 25168 I VerificarSesion: Guarda Sesión
02-16 18:14:31.788 25168 25168 I VerificarSesion: Contador: 122000
02-16 18:14:32.790 25168 25168 I VerificarSesion: Guarda Sesión
02-16 18:14:32.791 25168 25168 I VerificarSesion: Contador: 123000
02-16 18:14:33.792 25168 25168 I VerificarSesion: Guarda Sesión
02-16 18:14:33.793 25168 25168 I VerificarSesion: Contador: 124000
02-16 18:14:34.793 25168 25168 I VerificarSesion: Guarda Sesión
02-16 18:14:34.794 25168 25168 I VerificarSesion: Contador: 125000
02-16 18:14:35.795 25168 25168 I VerificarSesion: Guarda Sesión
02-16 18:14:35.796 25168 25168 I VerificarSesion: Contador: 126000
02-16 18:14:36.798 25168 25168 I VerificarSesion: Guarda Sesión
02-16 18:14:36.798 25168 25168 I VerificarSesion: Contador: 127000
02-16 18:14:37.800 25168 25168 I VerificarSesion: Guarda Sesión
02-16 18:14:37.801 25168 25168 I VerificarSesion: Contador: 128000
02-16 18:14:38.802 25168 25168 I VerificarSesion: Guarda Sesión
02-16 18:14:38.802 25168 25168 I VerificarSesion: Contador: 129000
02-16 18:14:39.805 25168 25168 I VerificarSesion: Guarda Sesión
02-16 18:14:39.806 25168 25168 I VerificarSesion: Contador: 130000
02-16 18:14:40.808 25168 25168 I VerificarSesion: Guarda Sesión
02-16 18:14:40.810 25168 25168 I VerificarSesion: Contador: 131000
02-16 18:14:41.811 25168 25168 I VerificarSesion: Guarda Sesión
02-16 18:14:41.812 25168 25168 I VerificarSesion: Contador: 132000
02-16 18:14:42.815 25168 25168 I VerificarSesion: Guarda Sesión
02-16 18:14:42.817 25168 25168 I VerificarSesion: Contador: 133000
02-16 18:14:43.818 25168 25168 I VerificarSesion: Guarda Sesión
02-16 18:14:43.818 25168 25168 I VerificarSesion: Contador: 134000
02-16 18:14:44.821 25168 25168 I VerificarSesion: Guarda Sesión
02-16 18:14:44.822 25168 25168 I VerificarSesion: Contador: 135000
02-16 18:14:45.823 25168 25168 I VerificarSesion: Guarda Sesión
02-16 18:14:45.823 25168 25168 I VerificarSesion: Contador: 136000
02-16 18:14:46.826 25168 25168 I VerificarSesion: Guarda Sesión
02-16 18:14:46.827 25168 25168 I VerificarSesion: Contador: 137000
02-16 18:14:47.830 25168 25168 I VerificarSesion: Guarda Sesión
02-16 18:14:47.831 25168 25168 I VerificarSesion: Contador: 138000
02-16 18:14:48.833 25168 25168 I VerificarSesion: Guarda Sesión
02-16 18:14:48.834 25168 25168 I VerificarSesion: Contador: 139000
02-16 18:14:49.836 25168 25168 I VerificarSesion: Guarda Sesión
02-16 18:14:49.837 25168 25168 I VerificarSesion: Contador: 140000
02-16 18:14:50.843 25168 25168 I VerificarSesion: Guarda Sesión
02-16 18:14:50.844 25168 25168 I VerificarSesion: Contador: 141000
02-16 18:14:51.848 25168 25168 I VerificarSesion: Guarda Sesión
02-16 18:14:51.849 25168 25168 I VerificarSesion: Contador: 142000
02-16 18:14:52.854 25168 25168 I VerificarSesion: Guarda Sesión
02-16 18:14:52.855 25168 25168 I VerificarSesion: Contador: 143000
02-16 18:14:53.859 25168 25168 I VerificarSesion: Guarda Sesión
02-16 18:14:53.860 25168 25168 I VerificarSesion: Contador: 144000
02-16 18:14:54.863 25168 25168 I VerificarSesion: Guarda Sesión
02-16 18:14:54.864 25168 25168 I VerificarSesion: Contador: 145000
02-16 18:14:55.868 25168 25168 I VerificarSesion: Guarda Sesión
02-16 18:14:55.869 25168 25168 I VerificarSesion: Contador: 146000
02-16 18:14:56.872 25168 25168 I VerificarSesion: Guarda Sesión
02-16 18:14:56.873 25168 25168 I VerificarSesion: Contador: 147000
02-16 18:14:57.876 25168 25168 I VerificarSesion: Guarda Sesión
02-16 18:14:57.877 25168 25168 I VerificarSesion: Contador: 148000
02-16 18:14:58.880 25168 25168 I VerificarSesion: Guarda Sesión
02-16 18:14:58.881 25168 25168 I VerificarSesion: Contador: 149000
02-16 18:14:59.885 25168 25168 I VerificarSesion: Guarda Sesión
02-16 18:14:59.887 25168 25168 I VerificarSesion: Contador: 150000
02-16 18:15:00.891 25168 25168 I VerificarSesion: Guarda Sesión
02-16 18:15:00.892 25168 25168 I VerificarSesion: Contador: 151000
02-16 18:15:01.895 25168 25168 I VerificarSesion: Guarda Sesión
02-16 18:15:01.896 25168 25168 I VerificarSesion: Contador: 152000
02-16 18:15:02.900 25168 25168 I VerificarSesion: Guarda Sesión
02-16 18:15:02.901 25168 25168 I VerificarSesion: Contador: 153000
02-16 18:15:03.904 25168 25168 I VerificarSesion: Guarda Sesión
02-16 18:15:03.905 25168 25168 I VerificarSesion: Contador: 154000
02-16 18:15:04.908 25168 25168 I VerificarSesion: Guarda Sesión
02-16 18:15:04.910 25168 25168 I VerificarSesion: Contador: 155000
02-16 18:15:05.912 25168 25168 I VerificarSesion: Guarda Sesión
02-16 18:15:05.913 25168 25168 I VerificarSesion: Contador: 156000
02-16 18:15:06.916 25168 25168 I VerificarSesion: Guarda Sesión
02-16 18:15:06.917 25168 25168 I VerificarSesion: Contador: 157000
02-16 18:15:07.917 25168 25168 I VerificarSesion: Guarda Sesión
02-16 18:15:07.918 25168 25168 I VerificarSesion: Contador: 158000
02-16 18:15:08.920 25168 25168 I VerificarSesion: Guarda Sesión
02-16 18:15:08.922 25168 25168 I VerificarSesion: Contador: 159000
02-16 18:15:09.926 25168 25168 I VerificarSesion: Guarda Sesión
02-16 18:15:09.927 25168 25168 I VerificarSesion: Contador: 160000
02-16 18:15:10.929 25168 25168 I VerificarSesion: Guarda Sesión
02-16 18:15:10.930 25168 25168 I VerificarSesion: Contador: 161000
02-16 18:15:11.932 25168 25168 I VerificarSesion: Guarda Sesión
02-16 18:15:11.933 25168 25168 I VerificarSesion: Contador: 162000
02-16 18:15:12.934 25168 25168 I VerificarSesion: Guarda Sesión
02-16 18:15:12.935 25168 25168 I VerificarSesion: Contador: 163000
02-16 18:15:13.936 25168 25168 I VerificarSesion: Guarda Sesión
02-16 18:15:13.936 25168 25168 I VerificarSesion: Contador: 164000
02-16 18:15:14.938 25168 25168 I VerificarSesion: Guarda Sesión
02-16 18:15:14.939 25168 25168 I VerificarSesion: Contador: 165000
02-16 18:15:15.942 25168 25168 I VerificarSesion: Guarda Sesión
02-16 18:15:15.943 25168 25168 I VerificarSesion: Contador: 166000
02-16 18:15:16.946 25168 25168 I VerificarSesion: Guarda Sesión
02-16 18:15:16.947 25168 25168 I VerificarSesion: Contador: 167000
02-16 18:15:17.949 25168 25168 I VerificarSesion: Guarda Sesión
02-16 18:15:17.950 25168 25168 I VerificarSesion: Contador: 168000
02-16 18:15:18.953 25168 25168 I VerificarSesion: Guarda Sesión
02-16 18:15:18.954 25168 25168 I VerificarSesion: Contador: 169000
02-16 18:15:19.956 25168 25168 I VerificarSesion: Guarda Sesión
02-16 18:15:19.958 25168 25168 I VerificarSesion: Contador: 170000
02-16 18:15:20.962 25168 25168 I VerificarSesion: Guarda Sesión
02-16 18:15:20.963 25168 25168 I VerificarSesion: Contador: 171000
02-16 18:15:21.965 25168 25168 I VerificarSesion: Guarda Sesión
02-16 18:15:21.966 25168 25168 I VerificarSesion: Contador: 172000
02-16 18:15:22.968 25168 25168 I VerificarSesion: Guarda Sesión
02-16 18:15:22.969 25168 25168 I VerificarSesion: Contador: 173000
02-16 18:15:23.974 25168 25168 I VerificarSesion: Guarda Sesión
02-16 18:15:23.975 25168 25168 I VerificarSesion: Contador: 174000
02-16 18:15:24.979 25168 25168 I VerificarSesion: Guarda Sesión
02-16 18:15:24.981 25168 25168 I VerificarSesion: Contador: 175000
02-16 18:15:25.983 25168 25168 I VerificarSesion: Guarda Sesión
02-16 18:15:25.984 25168 25168 I VerificarSesion: Contador: 176000
02-16 18:15:26.990 25168 25168 I VerificarSesion: Guarda Sesión
02-16 18:15:26.991 25168 25168 I VerificarSesion: Contador: 177000
02-16 18:15:27.995 25168 25168 I VerificarSesion: Guarda Sesión
02-16 18:15:27.996 25168 25168 I VerificarSesion: Contador: 178000
02-16 18:15:28.999 25168 25168 I VerificarSesion: Guarda Sesión
02-16 18:15:29.000 25168 25168 I VerificarSesion: Contador: 179000
02-16 18:15:30.006 25168 25168 I VerificarSesion: Guarda Sesión
02-16 18:15:30.007 25168 25168 I VerificarSesion: Contador: 180000
02-16 18:15:31.013 25168 25168 I VerificarSesion: Guarda Sesión
02-16 18:15:31.015 25168 25168 I VerificarSesion: Contador: 181000
02-16 18:15:32.017 25168 25168 I VerificarSesion: Guarda Sesión
02-16 18:15:32.019 25168 25168 I VerificarSesion: Contador: 182000
02-16 18:15:33.021 25168 25168 I VerificarSesion: Guarda Sesión
02-16 18:15:33.022 25168 25168 I VerificarSesion: Contador: 183000
02-16 18:15:34.026 25168 25168 I VerificarSesion: Guarda Sesión
02-16 18:15:34.027 25168 25168 I VerificarSesion: Contador: 184000
02-16 18:15:35.030 25168 25168 I VerificarSesion: Guarda Sesión
02-16 18:15:35.031 25168 25168 I VerificarSesion: Contador: 185000
02-16 18:15:36.034 25168 25168 I VerificarSesion: Guarda Sesión
02-16 18:15:36.035 25168 25168 I VerificarSesion: Contador: 186000
02-16 18:15:37.039 25168 25168 I VerificarSesion: Guarda Sesión
02-16 18:15:37.040 25168 25168 I VerificarSesion: Contador: 187000
02-16 18:15:38.043 25168 25168 I VerificarSesion: Guarda Sesión
02-16 18:15:38.045 25168 25168 I VerificarSesion: Contador: 188000
02-16 18:15:39.049 25168 25168 I VerificarSesion: Guarda Sesión
02-16 18:15:39.050 25168 25168 I VerificarSesion: Contador: 189000
02-16 18:15:40.056 25168 25168 I VerificarSesion: Guarda Sesión
02-16 18:15:40.059 25168 25168 I VerificarSesion: Contador: 190000
02-16 18:15:41.062 25168 25168 I VerificarSesion: Guarda Sesión
02-16 18:15:41.063 25168 25168 I VerificarSesion: Contador: 191000
02-16 18:15:42.065 25168 25168 I VerificarSesion: Guarda Sesión
02-16 18:15:42.066 25168 25168 I VerificarSesion: Contador: 192000
02-16 18:15:43.068 25168 25168 I VerificarSesion: Guarda Sesión
02-16 18:15:43.070 25168 25168 I VerificarSesion: Contador: 193000
02-16 18:15:44.074 25168 25168 I VerificarSesion: Guarda Sesión
02-16 18:15:44.076 25168 25168 I VerificarSesion: Contador: 194000
02-16 18:15:45.079 25168 25168 I VerificarSesion: Guarda Sesión
02-16 18:15:45.080 25168 25168 I VerificarSesion: Contador: 195000
02-16 18:15:46.081 25168 25168 I VerificarSesion: Guarda Sesión
02-16 18:15:46.082 25168 25168 I VerificarSesion: Contador: 196000
02-16 18:15:47.084 25168 25168 I VerificarSesion: Guarda Sesión
02-16 18:15:47.087 25168 25168 I VerificarSesion: Contador: 197000
02-16 18:15:48.091 25168 25168 I VerificarSesion: Guarda Sesión
02-16 18:15:48.091 25168 25168 I VerificarSesion: Contador: 198000
02-16 18:15:49.094 25168 25168 I VerificarSesion: Guarda Sesión
02-16 18:15:49.094 25168 25168 I VerificarSesion: Contador: 199000
02-16 18:15:50.100 25168 25168 I VerificarSesion: Guarda Sesión
02-16 18:15:50.102 25168 25168 I VerificarSesion: Contador: 200000
