03-25 16:09:04.059 2443 2443 E ArmVmp : Match on catch block at 0xc3 in for 0x7faf123025
03-25 16:09:04.072 2443 2443 E ArmVmp : Match on catch block at 0xc3 in for 0x7faf123025
03-25 16:09:04.077 2443 2443 E ArmVmp : Match on catch block at 0xc3 in for 0x7faf123025
03-25 16:09:04.090 2443 2443 E ArmVmp : Match on catch block at 0xc3 in for 0x7faf123025
03-25 16:09:04.095 2443 2443 E ArmVmp : Match on catch block at 0xc3 in for 0x7faf123025
03-25 16:09:04.106 2443 2443 E ArmVmp : Match on catch block at 0xc3 in for 0x7faf123025
03-25 16:09:04.110 2443 2443 E ArmVmp : Match on catch block at 0xc3 in for 0x7faf123025
03-25 16:09:04.125 2443 2443 E ArmVmp : Match on catch block at 0xc3 in for 0x7faf123025
03-25 16:09:04.129 2443 2443 E ArmVmp : Match on catch block at 0xc3 in for 0x7faf123025
03-25 16:09:04.143 2443 2443 E ArmVmp : Match on catch block at 0xc3 in for 0x7faf123025
03-25 16:09:04.147 2443 2443 E ArmVmp : Match on catch block at 0xc3 in for 0x7faf123025
03-25 16:09:04.161 2443 2443 E ArmVmp : Match on catch block at 0xc3 in for 0x7faf123025
03-25 16:09:04.166 2443 2443 E ArmVmp : Match on catch block at 0xc3 in for 0x7faf123025
03-25 16:09:04.178 2443 2443 E ArmVmp : Match on catch block at 0xc3 in for 0x7faf123025
03-25 16:09:04.182 2443 2443 E ArmVmp : Match on catch block at 0xc3 in for 0x7faf123025
03-25 16:09:04.196 2443 2443 E ArmVmp : Match on catch block at 0xc3 in for 0x7faf123025
03-25 16:09:04.201 2443 2443 E ArmVmp : Match on catch block at 0xc3 in for 0x7faf123025
03-25 16:09:04.232 2443 2443 E ArmVmp : Match on catch block at 0xc3 in for 0x7faf123025
03-25 16:09:04.237 2443 2443 E ArmVmp : Match on catch block at 0xc3 in for 0x7faf123025
03-25 16:09:04.250 2443 2443 E ArmVmp : Match on catch block at 0xc3 in for 0x7faf123025
03-25 16:09:04.254 2443 2443 E ArmVmp : Match on catch block at 0xc3 in for 0x7faf123025
03-25 16:09:04.267 2443 2443 E ArmVmp : Match on catch block at 0xc3 in for 0x7faf123025
03-25 16:09:04.271 2443 2443 E ArmVmp : Match on catch block at 0xc3 in for 0x7faf123025
03-25 16:09:04.285 2443 2443 E ArmVmp : Match on catch block at 0xc3 in for 0x7faf123025
03-25 16:09:04.289 2443 2443 E ArmVmp : Match on catch block at 0xc3 in for 0x7faf123025
03-25 16:09:04.303 2443 2443 E ArmVmp : Match on catch block at 0xc3 in for 0x7faf123025
03-25 16:09:04.307 2443 2443 E ArmVmp : Match on catch block at 0xc3 in for 0x7faf123025
03-25 16:09:04.321 2443 2443 E ArmVmp : Match on catch block at 0xc3 in for 0x7faf123025
03-25 16:09:04.325 2443 2443 E ArmVmp : Match on catch block at 0xc3 in for 0x7faf123025
03-25 16:09:04.338 2443 2443 E ArmVmp : Match on catch block at 0xc3 in for 0x7faf123025
03-25 16:09:04.342 2443 2443 E ArmVmp : Match on catch block at 0xc3 in for 0x7faf123025
03-25 16:09:04.356 2443 2443 E ArmVmp : Match on catch block at 0xc3 in for 0x7faf123025
03-25 16:09:04.360 2443 2443 E ArmVmp : Match on catch block at 0xc3 in for 0x7faf123025
03-25 16:09:04.373 2443 2443 E ArmVmp : Match on catch block at 0xc3 in for 0x7faf123025
03-25 16:09:04.378 2443 2443 E ArmVmp : Match on catch block at 0xc3 in for 0x7faf123025
03-25 16:09:04.391 2443 2443 E ArmVmp : Match on catch block at 0xc3 in for 0x7faf123025
03-25 16:09:04.395 2443 2443 E ArmVmp : Match on catch block at 0xc3 in for 0x7faf123025
03-25 16:09:04.461 2443 2443 E ArmVmp : Match on catch block at 0xc3 in for 0x7faf123025
03-25 16:09:04.466 2443 2443 E ArmVmp : Match on catch block at 0xc3 in for 0x7faf123025
03-25 16:09:04.481 2443 2443 E ArmVmp : Match on catch block at 0xc3 in for 0x7faf123025
03-25 16:09:04.485 2443 2443 E ArmVmp : Match on catch block at 0xc3 in for 0x7faf123025
03-25 16:09:04.498 2443 2443 E ArmVmp : Match on catch block at 0xc3 in for 0x7faf123025
03-25 16:09:04.503 2443 2443 E ArmVmp : Match on catch block at 0xc3 in for 0x7faf123025
03-25 16:09:04.516 2443 2443 E ArmVmp : Match on catch block at 0xc3 in for 0x7faf123025
03-25 16:09:04.520 2443 2443 E ArmVmp : Match on catch block at 0xc3 in for 0x7faf123025
03-25 16:09:04.533 2443 2443 E ArmVmp : Match on catch block at 0xc3 in for 0x7faf123025
03-25 16:09:04.538 2443 2443 E ArmVmp : Match on catch block at 0xc3 in for 0x7faf123025
03-25 16:09:04.551 2443 2443 E ArmVmp : Match on catch block at 0xc3 in for 0x7faf123025
03-25 16:09:04.555 2443 2443 E ArmVmp : Match on catch block at 0xc3 in for 0x7faf123025
03-25 16:09:04.568 2443 2443 E ArmVmp : Match on catch block at 0xc3 in for 0x7faf123025
03-25 16:09:04.573 2443 2443 E ArmVmp : Match on catch block at 0xc3 in for 0x7faf123025
03-25 16:09:04.586 2443 2443 E ArmVmp : Match on catch block at 0xc3 in for 0x7faf123025
03-25 16:09:04.590 2443 2443 E ArmVmp : Match on catch block at 0xc3 in for 0x7faf123025
03-25 16:09:04.604 2443 2443 E ArmVmp : Match on catch block at 0xc3 in for 0x7faf123025
03-25 16:09:04.608 2443 2443 E ArmVmp : Match on catch block at 0xc3 in for 0x7faf123025
03-25 16:09:04.622 2443 2443 E ArmVmp : Match on catch block at 0xc3 in for 0x7faf123025
03-25 16:09:04.626 2443 2443 E ArmVmp : Match on catch block at 0xc3 in for 0x7faf123025
03-25 16:09:04.639 2443 2443 E ArmVmp : Match on catch block at 0xc3 in for 0x7faf123025
03-25 16:09:04.644 2443 2443 E ArmVmp : Match on catch block at 0xc3 in for 0x7faf123025
03-25 16:09:04.655 2443 2443 E ArmVmp : Match on catch block at 0xc3 in for 0x7faf123025
03-25 16:09:04.657 2443 2443 E ArmVmp : Match on catch block at 0xc3 in for 0x7faf123025
03-25 16:09:04.672 2443 2443 E ArmVmp : Match on catch block at 0xc3 in for 0x7faf123025
03-25 16:09:04.674 2443 2443 E ArmVmp : Match on catch block at 0xc3 in for 0x7faf123025
03-25 16:09:04.690 2443 2443 E ArmVmp : Match on catch block at 0xc3 in for 0x7faf123025
03-25 16:09:04.692 2443 2443 E ArmVmp : Match on catch block at 0xc3 in for 0x7faf123025
03-25 16:09:04.708 2443 2443 E ArmVmp : Match on catch block at 0xc3 in for 0x7faf123025
03-25 16:09:04.710 2443 2443 E ArmVmp : Match on catch block at 0xc3 in for 0x7faf123025
03-25 16:09:04.726 2443 2443 E ArmVmp : Match on catch block at 0xc3 in for 0x7faf123025
03-25 16:09:04.728 2443 2443 E ArmVmp : Match on catch block at 0xc3 in for 0x7faf123025
03-25 16:09:04.743 2443 2443 E ArmVmp : Match on catch block at 0xc3 in for 0x7faf123025
03-25 16:09:04.745 2443 2443 E ArmVmp : Match on catch block at 0xc3 in for 0x7faf123025
03-25 16:09:04.761 2443 2443 E ArmVmp : Match on catch block at 0xc3 in for 0x7faf123025
03-25 16:09:04.763 2443 2443 E ArmVmp : Match on catch block at 0xc3 in for 0x7faf123025
03-25 16:09:04.779 2443 2443 E ArmVmp : Match on catch block at 0xc3 in for 0x7faf123025
03-25 16:09:04.781 2443 2443 E ArmVmp : Match on catch block at 0xc3 in for 0x7faf123025
03-25 16:09:04.797 2443 2443 E ArmVmp : Match on catch block at 0xc3 in for 0x7faf123025
03-25 16:09:04.799 2443 2443 E ArmVmp : Match on catch block at 0xc3 in for 0x7faf123025
03-25 16:09:04.815 2443 2443 E ArmVmp : Match on catch block at 0xc3 in for 0x7faf123025
03-25 16:09:04.817 2443 2443 E ArmVmp : Match on catch block at 0xc3 in for 0x7faf123025
03-25 16:09:04.833 2443 2443 E ArmVmp : Match on catch block at 0xc3 in for 0x7faf123025
03-25 16:09:04.835 2443 2443 E ArmVmp : Match on catch block at 0xc3 in for 0x7faf123025
03-25 16:09:04.850 2443 2443 E ArmVmp : Match on catch block at 0xc3 in for 0x7faf123025
03-25 16:09:04.852 2443 2443 E ArmVmp : Match on catch block at 0xc3 in for 0x7faf123025
03-25 16:09:04.868 2443 2443 E ArmVmp : Match on catch block at 0xc3 in for 0x7faf123025
03-25 16:09:04.870 2443 2443 E ArmVmp : Match on catch block at 0xc3 in for 0x7faf123025
03-25 16:09:04.886 2443 2443 E ArmVmp : Match on catch block at 0xc3 in for 0x7faf123025
03-25 16:09:04.888 2443 2443 E ArmVmp : Match on catch block at 0xc3 in for 0x7faf123025
03-25 16:09:04.906 2443 2443 E ArmVmp : Match on catch block at 0xc3 in for 0x7faf123025
03-25 16:09:04.908 2443 2443 E ArmVmp : Match on catch block at 0xc3 in for 0x7faf123025
03-25 16:09:04.922 2443 2443 E ArmVmp : Match on catch block at 0xc3 in for 0x7faf123025
03-25 16:09:04.924 2443 2443 E ArmVmp : Match on catch block at 0xc3 in for 0x7faf123025
03-25 16:09:04.941 2443 2443 E ArmVmp : Match on catch block at 0xc3 in for 0x7faf123025
03-25 16:09:04.945 2443 2443 E ArmVmp : Match on catch block at 0xc3 in for 0x7faf123025
03-25 16:09:04.960 2443 2443 E ArmVmp : Match on catch block at 0xc3 in for 0x7faf123025
03-25 16:09:04.964 2443 2443 E ArmVmp : Match on catch block at 0xc3 in for 0x7faf123025
03-25 16:09:04.977 2443 2443 E ArmVmp : Match on catch block at 0xc3 in for 0x7faf123025
03-25 16:09:04.980 2443 2443 E ArmVmp : Match on catch block at 0xc3 in for 0x7faf123025
03-25 16:09:04.994 2443 2443 E ArmVmp : Match on catch block at 0xc3 in for 0x7faf123025
03-25 16:09:04.998 2443 2443 E ArmVmp : Match on catch block at 0xc3 in for 0x7faf123025
03-25 16:09:05.012 2443 2443 E ArmVmp : Match on catch block at 0xc3 in for 0x7faf123025
03-25 16:09:05.016 2443 2443 E ArmVmp : Match on catch block at 0xc3 in for 0x7faf123025
03-25 16:09:05.030 2443 2443 E ArmVmp : Match on catch block at 0xc3 in for 0x7faf123025
03-25 16:09:05.033 2443 2443 E ArmVmp : Match on catch block at 0xc3 in for 0x7faf123025
03-25 16:09:05.048 2443 2443 E ArmVmp : Match on catch block at 0xc3 in for 0x7faf123025
03-25 16:09:05.052 2443 2443 E ArmVmp : Match on catch block at 0xc3 in for 0x7faf123025
03-25 16:09:05.066 2443 2443 E ArmVmp : Match on catch block at 0xc3 in for 0x7faf123025
03-25 16:09:05.070 2443 2443 E ArmVmp : Match on catch block at 0xc3 in for 0x7faf123025
03-25 16:09:05.101 2443 2443 E ArmVmp : Match on catch block at 0xc3 in for 0x7faf123025
03-25 16:09:05.105 2443 2443 E ArmVmp : Match on catch block at 0xc3 in for 0x7faf123025
03-25 16:09:05.172 2443 2443 E ArmVmp : Match on catch block at 0xc3 in for 0x7faf123025
03-25 16:09:05.176 2443 2443 E ArmVmp : Match on catch block at 0xc3 in for 0x7faf123025
03-25 16:09:05.190 2443 2443 E ArmVmp : Match on catch block at 0xc3 in for 0x7faf123025
03-25 16:09:05.194 2443 2443 E ArmVmp : Match on catch block at 0xc3 in for 0x7faf123025
03-25 16:09:05.207 2443 2443 E ArmVmp : Match on catch block at 0xc3 in for 0x7faf123025
03-25 16:09:05.211 2443 2443 E ArmVmp : Match on catch block at 0xc3 in for 0x7faf123025
03-25 16:09:05.225 2443 2443 E ArmVmp : Match on catch block at 0xc3 in for 0x7faf123025
03-25 16:09:05.228 2443 2443 E ArmVmp : Match on catch block at 0xc3 in for 0x7faf123025
03-25 16:09:05.259 2443 2443 E ArmVmp : Match on catch block at 0xc3 in for 0x7faf123025
03-25 16:09:05.263 2443 2443 E ArmVmp : Match on catch block at 0xc3 in for 0x7faf123025
03-25 16:09:05.273 2443 2443 E ArmVmp : Match on catch block at 0xc3 in for 0x7faf123025
03-25 16:09:05.276 2443 2443 E ArmVmp : Match on catch block at 0xc3 in for 0x7faf123025
03-25 16:09:05.290 2443 2443 E ArmVmp : Match on catch block at 0xc3 in for 0x7faf123025
03-25 16:09:05.293 2443 2443 E ArmVmp : Match on catch block at 0xc3 in for 0x7faf123025
03-25 16:09:05.311 2443 2443 E ArmVmp : Match on catch block at 0xc3 in for 0x7faf123025
03-25 16:09:05.313 2443 2443 E ArmVmp : Match on catch block at 0xc3 in for 0x7faf123025
03-25 16:09:05.322 2443 2443 E ArmVmp : Match on catch block at 0xc3 in for 0x7faf123025
03-25 16:09:05.324 2443 2443 E ArmVmp : Match on catch block at 0xc3 in for 0x7faf123025
03-25 16:09:05.338 2443 2443 E ArmVmp : Match on catch block at 0xc3 in for 0x7faf123025
03-25 16:09:05.340 2443 2443 E ArmVmp : Match on catch block at 0xc3 in for 0x7faf123025
03-25 16:09:05.349 2443 2443 E ArmVmp : Match on catch block at 0xc3 in for 0x7faf123025
03-25 16:09:05.352 2443 2443 E ArmVmp : Match on catch block at 0xc3 in for 0x7faf123025
03-25 16:09:05.365 2443 2443 E ArmVmp : Match on catch block at 0xc3 in for 0x7faf123025
03-25 16:09:05.367 2443 2443 E ArmVmp : Match on catch block at 0xc3 in for 0x7faf123025
03-25 16:09:05.383 2443 2443 E ArmVmp : Match on catch block at 0xc3 in for 0x7faf123025
03-25 16:09:05.385 2443 2443 E ArmVmp : Match on catch block at 0xc3 in for 0x7faf123025
03-25 16:09:05.401 2443 2443 E ArmVmp : Match on catch block at 0xc3 in for 0x7faf123025
03-25 16:09:05.403 2443 2443 E ArmVmp : Match on catch block at 0xc3 in for 0x7faf123025
03-25 16:09:05.418 2443 2443 E ArmVmp : Match on catch block at 0xc3 in for 0x7faf123025
03-25 16:09:05.420 2443 2443 E ArmVmp : Match on catch block at 0xc3 in for 0x7faf123025
03-25 16:09:05.435 2443 2443 E ArmVmp : Match on catch block at 0xc3 in for 0x7faf123025
03-25 16:09:05.437 2443 2443 E ArmVmp : Match on catch block at 0xc3 in for 0x7faf123025
03-25 16:09:05.453 2443 2443 E ArmVmp : Match on catch block at 0xc3 in for 0x7faf123025
03-25 16:09:05.455 2443 2443 E ArmVmp : Match on catch block at 0xc3 in for 0x7faf123025
03-25 16:09:05.471 2443 2443 E ArmVmp : Match on catch block at 0xc3 in for 0x7faf123025
03-25 16:09:05.473 2443 2443 E ArmVmp : Match on catch block at 0xc3 in for 0x7faf123025
03-25 16:09:05.489 2443 2443 E ArmVmp : Match on catch block at 0xc3 in for 0x7faf123025
03-25 16:09:05.491 2443 2443 E ArmVmp : Match on catch block at 0xc3 in for 0x7faf123025
03-25 16:09:05.507 2443 2443 E ArmVmp : Match on catch block at 0xc3 in for 0x7faf123025
03-25 16:09:05.509 2443 2443 E ArmVmp : Match on catch block at 0xc3 in for 0x7faf123025
03-25 16:09:05.525 2443 2443 E ArmVmp : Match on catch block at 0xc3 in for 0x7faf123025
03-25 16:09:05.526 2443 2443 E ArmVmp : Match on catch block at 0xc3 in for 0x7faf123025
03-25 16:09:05.542 2443 2443 E ArmVmp : Match on catch block at 0xc3 in for 0x7faf123025
03-25 16:09:05.544 2443 2443 E ArmVmp : Match on catch block at 0xc3 in for 0x7faf123025
03-25 16:09:05.560 2443 2443 E ArmVmp : Match on catch block at 0xc3 in for 0x7faf123025
03-25 16:09:05.562 2443 2443 E ArmVmp : Match on catch block at 0xc3 in for 0x7faf123025
03-25 16:09:05.578 2443 2443 E ArmVmp : Match on catch block at 0xc3 in for 0x7faf123025
03-25 16:09:05.579 2443 2443 E ArmVmp : Match on catch block at 0xc3 in for 0x7faf123025
03-25 16:09:05.596 2443 2443 E ArmVmp : Match on catch block at 0xc3 in for 0x7faf123025
03-25 16:09:05.597 2443 2443 E ArmVmp : Match on catch block at 0xc3 in for 0x7faf123025
03-25 16:09:05.613 2443 2443 E ArmVmp : Match on catch block at 0xc3 in for 0x7faf123025
03-25 16:09:05.615 2443 2443 E ArmVmp : Match on catch block at 0xc3 in for 0x7faf123025
03-25 16:09:05.631 2443 2443 E ArmVmp : Match on catch block at 0xc3 in for 0x7faf123025
03-25 16:09:05.633 2443 2443 E ArmVmp : Match on catch block at 0xc3 in for 0x7faf123025
03-25 16:09:05.649 2443 2443 E ArmVmp : Match on catch block at 0xc3 in for 0x7faf123025
03-25 16:09:05.650 2443 2443 E ArmVmp : Match on catch block at 0xc3 in for 0x7faf123025
03-25 16:09:05.667 2443 2443 E ArmVmp : Match on catch block at 0xc3 in for 0x7faf123025
03-25 16:09:05.668 2443 2443 E ArmVmp : Match on catch block at 0xc3 in for 0x7faf123025
03-25 16:09:05.685 2443 2443 E ArmVmp : Match on catch block at 0xc3 in for 0x7faf123025
03-25 16:09:05.686 2443 2443 E ArmVmp : Match on catch block at 0xc3 in for 0x7faf123025
03-25 16:09:05.971 2443 2443 E ArmVmp : Match on catch block at 0xc3 in for 0x7faf123025
03-25 16:09:05.975 2443 2443 E ArmVmp : Match on catch block at 0xc3 in for 0x7faf123025
03-25 16:09:06.076 2443 2443 E ArmVmp : Match on catch block at 0xc3 in for 0x7faf123025
03-25 16:09:06.081 2443 2443 E ArmVmp : Match on catch block at 0xc3 in for 0x7faf123025
03-25 16:09:06.094 2443 2443 E ArmVmp : Match on catch block at 0xc3 in for 0x7faf123025
03-25 16:09:06.099 2443 2443 E ArmVmp : Match on catch block at 0xc3 in for 0x7faf123025
03-25 16:09:06.112 2443 2443 E ArmVmp : Match on catch block at 0xc3 in for 0x7faf123025
03-25 16:09:06.116 2443 2443 E ArmVmp : Match on catch block at 0xc3 in for 0x7faf123025
03-25 16:09:06.130 2443 2443 E ArmVmp : Match on catch block at 0xc3 in for 0x7faf123025
03-25 16:09:06.135 2443 2443 E ArmVmp : Match on catch block at 0xc3 in for 0x7faf123025
03-25 16:09:06.148 2443 2443 E ArmVmp : Match on catch block at 0xc3 in for 0x7faf123025
03-25 16:09:06.153 2443 2443 E ArmVmp : Match on catch block at 0xc3 in for 0x7faf123025
03-25 16:09:06.164 2443 2443 E ArmVmp : Match on catch block at 0xc3 in for 0x7faf123025
03-25 16:09:06.168 2443 2443 E ArmVmp : Match on catch block at 0xc3 in for 0x7faf123025
03-25 16:09:06.182 2443 2443 E ArmVmp : Match on catch block at 0xc3 in for 0x7faf123025
03-25 16:09:06.186 2443 2443 E ArmVmp : Match on catch block at 0xc3 in for 0x7faf123025
03-25 16:09:06.200 2443 2443 E ArmVmp : Match on catch block at 0xc3 in for 0x7faf123025
03-25 16:09:06.204 2443 2443 E ArmVmp : Match on catch block at 0xc3 in for 0x7faf123025
03-25 16:09:06.218 2443 2443 E ArmVmp : Match on catch block at 0xc3 in for 0x7faf123025
03-25 16:09:06.222 2443 2443 E ArmVmp : Match on catch block at 0xc3 in for 0x7faf123025
03-25 16:09:06.236 2443 2443 E ArmVmp : Match on catch block at 0xc3 in for 0x7faf123025
03-25 16:09:06.240 2443 2443 E ArmVmp : Match on catch block at 0xc3 in for 0x7faf123025
03-25 16:09:06.253 2443 2443 E ArmVmp : Match on catch block at 0xc3 in for 0x7faf123025
03-25 16:09:06.259 2443 2443 E ArmVmp : Match on catch block at 0xc3 in for 0x7faf123025
03-25 16:09:06.271 2443 2443 E ArmVmp : Match on catch block at 0xc3 in for 0x7faf123025
03-25 16:09:06.275 2443 2443 E ArmVmp : Match on catch block at 0xc3 in for 0x7faf123025
03-25 16:09:06.289 2443 2443 E ArmVmp : Match on catch block at 0xc3 in for 0x7faf123025
03-25 16:09:06.292 2443 2443 E ArmVmp : Match on catch block at 0xc3 in for 0x7faf123025
03-25 16:09:06.307 2443 2443 E ArmVmp : Match on catch block at 0xc3 in for 0x7faf123025
03-25 16:09:06.310 2443 2443 E ArmVmp : Match on catch block at 0xc3 in for 0x7faf123025
03-25 16:09:06.324 2443 2443 E ArmVmp : Match on catch block at 0xc3 in for 0x7faf123025
03-25 16:09:06.327 2443 2443 E ArmVmp : Match on catch block at 0xc3 in for 0x7faf123025
03-25 16:09:06.342 2443 2443 E ArmVmp : Match on catch block at 0xc3 in for 0x7faf123025
03-25 16:09:06.346 2443 2443 E ArmVmp : Match on catch block at 0xc3 in for 0x7faf123025
03-25 16:09:06.466 2443 2443 E ArmVmp : Match on catch block at 0xc3 in for 0x7faf123025
03-25 16:09:06.471 2443 2443 E ArmVmp : Match on catch block at 0xc3 in for 0x7faf123025
03-25 16:09:06.760 2443 2443 E ArmVmp : Match on catch block at 0xc3 in for 0x7faf123025
03-25 16:09:06.768 2443 2443 E ArmVmp : Match on catch block at 0xc3 in for 0x7faf123025
03-25 16:09:06.777 2443 2443 E ArmVmp : Match on catch block at 0xc3 in for 0x7faf123025
03-25 16:09:06.781 2443 2443 E ArmVmp : Match on catch block at 0xc3 in for 0x7faf123025
03-25 16:09:06.788 2443 2443 E ArmVmp : Match on catch block at 0xc3 in for 0x7faf123025
03-25 16:09:06.793 2443 2443 E ArmVmp : Match on catch block at 0xc3 in for 0x7faf123025
03-25 16:09:06.803 2443 2443 E ArmVmp : Match on catch block at 0xc3 in for 0x7faf123025
03-25 16:09:06.808 2443 2443 E ArmVmp : Match on catch block at 0xc3 in for 0x7faf123025
03-25 16:09:06.821 2443 2443 E ArmVmp : Match on catch block at 0xc3 in for 0x7faf123025
03-25 16:09:06.824 2443 2443 E ArmVmp : Match on catch block at 0xc3 in for 0x7faf123025
03-25 16:09:06.837 2443 2443 E ArmVmp : Match on catch block at 0xc3 in for 0x7faf123025
03-25 16:09:06.841 2443 2443 E ArmVmp : Match on catch block at 0xc3 in for 0x7faf123025
03-25 16:09:06.855 2443 2443 E ArmVmp : Match on catch block at 0xc3 in for 0x7faf123025
03-25 16:09:06.858 2443 2443 E ArmVmp : Match on catch block at 0xc3 in for 0x7faf123025
03-25 16:09:06.981 2443 2443 E ArmVmp : Match on catch block at 0xc3 in for 0x7faf123025
03-25 16:09:06.985 2443 2443 E ArmVmp : Match on catch block at 0xc3 in for 0x7faf123025
03-25 16:09:07.479 2443 2443 E ArmVmp : Match on catch block at 0xc3 in for 0x7faf123025
03-25 16:09:07.483 2443 2443 E ArmVmp : Match on catch block at 0xc3 in for 0x7faf123025
03-25 16:09:07.965 2443 2443 E ArmVmp : Match on catch block at 0xc3 in for 0x7faf123025
03-25 16:09:07.970 2443 2443 E ArmVmp : Match on catch block at 0xc3 in for 0x7faf123025
03-25 16:09:08.315 2443 2443 E ArmVmp : Match on catch block at 0xc3 in for 0x7faf123025
03-25 16:09:08.320 2443 2443 E ArmVmp : Match on catch block at 0xc3 in for 0x7faf123025
03-25 16:09:08.332 2443 2443 E ArmVmp : Match on catch block at 0xc3 in for 0x7faf123025
03-25 16:09:08.336 2443 2443 E ArmVmp : Match on catch block at 0xc3 in for 0x7faf123025
03-25 16:09:08.349 2443 2443 E ArmVmp : Match on catch block at 0xc3 in for 0x7faf123025
03-25 16:09:08.356 2443 2443 E ArmVmp : Match on catch block at 0xc3 in for 0x7faf123025
03-25 16:09:08.364 2443 2443 E ArmVmp : Match on catch block at 0xc3 in for 0x7faf123025
03-25 16:09:08.368 2443 2443 E ArmVmp : Match on catch block at 0xc3 in for 0x7faf123025
03-25 16:09:08.381 2443 2443 E ArmVmp : Match on catch block at 0xc3 in for 0x7faf123025
03-25 16:09:08.385 2443 2443 E ArmVmp : Match on catch block at 0xc3 in for 0x7faf123025
03-25 16:09:08.397 2443 2443 E ArmVmp : Match on catch block at 0xc3 in for 0x7faf123025
03-25 16:09:08.402 2443 2443 E ArmVmp : Match on catch block at 0xc3 in for 0x7faf123025
03-25 16:09:08.412 2443 2443 E ArmVmp : Match on catch block at 0xc3 in for 0x7faf123025
03-25 16:09:08.416 2443 2443 E ArmVmp : Match on catch block at 0xc3 in for 0x7faf123025
03-25 16:09:08.429 2443 2443 E ArmVmp : Match on catch block at 0xc3 in for 0x7faf123025
03-25 16:09:08.434 2443 2443 E ArmVmp : Match on catch block at 0xc3 in for 0x7faf123025
03-25 16:09:08.446 2443 2443 E ArmVmp : Match on catch block at 0xc3 in for 0x7faf123025
03-25 16:09:08.450 2443 2443 E ArmVmp : Match on catch block at 0xc3 in for 0x7faf123025
03-25 16:09:08.463 2443 2443 E ArmVmp : Match on catch block at 0xc3 in for 0x7faf123025
03-25 16:09:08.467 2443 2443 E ArmVmp : Match on catch block at 0xc3 in for 0x7faf123025
03-25 16:09:08.479 2443 2443 E ArmVmp : Match on catch block at 0xc3 in for 0x7faf123025
03-25 16:09:08.484 2443 2443 E ArmVmp : Match on catch block at 0xc3 in for 0x7faf123025
03-25 16:09:08.489 2443 2443 E ArmVmp : Match on catch block at 0xc3 in for 0x7faf123025
03-25 16:09:08.494 2443 2443 E ArmVmp : Match on catch block at 0xc3 in for 0x7faf123025
03-25 16:09:08.506 2443 2443 E ArmVmp : Match on catch block at 0xc3 in for 0x7faf123025
03-25 16:09:08.510 2443 2443 E ArmVmp : Match on catch block at 0xc3 in for 0x7faf123025
03-25 16:09:08.524 2443 2443 E ArmVmp : Match on catch block at 0xc3 in for 0x7faf123025
03-25 16:09:08.527 2443 2443 E ArmVmp : Match on catch block at 0xc3 in for 0x7faf123025
03-25 16:09:08.542 2443 2443 E ArmVmp : Match on catch block at 0xc3 in for 0x7faf123025
03-25 16:09:08.546 2443 2443 E ArmVmp : Match on catch block at 0xc3 in for 0x7faf123025
03-25 16:09:08.560 2443 2443 E ArmVmp : Match on catch block at 0xc3 in for 0x7faf123025
03-25 16:09:08.564 2443 2443 E ArmVmp : Match on catch block at 0xc3 in for 0x7faf123025
03-25 16:09:08.577 2443 2443 E ArmVmp : Match on catch block at 0xc3 in for 0x7faf123025
03-25 16:09:08.581 2443 2443 E ArmVmp : Match on catch block at 0xc3 in for 0x7faf123025
03-25 16:09:08.986 2443 2443 E ArmVmp : Match on catch block at 0xc3 in for 0x7faf123025
03-25 16:09:08.991 2443 2443 E ArmVmp : Match on catch block at 0xc3 in for 0x7faf123025
03-25 16:09:09.484 2443 2443 E ArmVmp : Match on catch block at 0xc3 in for 0x7faf123025
03-25 16:09:09.487 2443 2443 E ArmVmp : Match on catch block at 0xc3 in for 0x7faf123025
03-25 16:09:09.988 2443 2443 E ArmVmp : Match on catch block at 0xc3 in for 0x7faf123025
03-25 16:09:09.993 2443 2443 E ArmVmp : Match on catch block at 0xc3 in for 0x7faf123025
03-25 16:09:10.491 2443 2443 E ArmVmp : Match on catch block at 0xc3 in for 0x7faf123025
03-25 16:09:10.494 2443 2443 E ArmVmp : Match on catch block at 0xc3 in for 0x7faf123025
03-25 16:09:10.988 2443 2443 E ArmVmp : Match on catch block at 0xc3 in for 0x7faf123025
03-25 16:09:10.993 2443 2443 E ArmVmp : Match on catch block at 0xc3 in for 0x7faf123025
03-25 16:09:11.492 2443 2443 E ArmVmp : Match on catch block at 0xc3 in for 0x7faf123025
03-25 16:09:11.501 2443 2443 E ArmVmp : Match on catch block at 0xc3 in for 0x7faf123025
03-25 16:09:11.980 2443 2443 E ArmVmp : Match on catch block at 0xc3 in for 0x7faf123025
03-25 16:09:11.989 2443 2443 E ArmVmp : Match on catch block at 0xc3 in for 0x7faf123025
03-25 16:09:12.486 2443 2443 E ArmVmp : Match on catch block at 0xc3 in for 0x7faf123025
03-25 16:09:12.489 2443 2443 E ArmVmp : Match on catch block at 0xc3 in for 0x7faf123025
03-25 16:09:12.992 2443 2443 E ArmVmp : Match on catch block at 0xc3 in for 0x7faf123025
03-25 16:09:12.996 2443 2443 E ArmVmp : Match on catch block at 0xc3 in for 0x7faf123025
03-25 16:09:13.499 2443 2443 E ArmVmp : Match on catch block at 0xc3 in for 0x7faf123025
03-25 16:09:13.504 2443 2443 E ArmVmp : Match on catch block at 0xc3 in for 0x7faf123025
03-25 16:09:13.989 2443 2443 E ArmVmp : Match on catch block at 0xc3 in for 0x7faf123025
03-25 16:09:13.993 2443 2443 E ArmVmp : Match on catch block at 0xc3 in for 0x7faf123025
03-25 16:09:14.486 2443 2443 E ArmVmp : Match on catch block at 0xc3 in for 0x7faf123025
03-25 16:09:14.490 2443 2443 E ArmVmp : Match on catch block at 0xc3 in for 0x7faf123025
03-25 16:09:14.990 2443 2443 E ArmVmp : Match on catch block at 0xc3 in for 0x7faf123025
03-25 16:09:14.994 2443 2443 E ArmVmp : Match on catch block at 0xc3 in for 0x7faf123025
03-25 16:09:15.492 2443 2443 E ArmVmp : Match on catch block at 0xc3 in for 0x7faf123025
03-25 16:09:15.496 2443 2443 E ArmVmp : Match on catch block at 0xc3 in for 0x7faf123025
03-25 16:09:15.999 2443 2443 E ArmVmp : Match on catch block at 0xc3 in for 0x7faf123025
03-25 16:09:16.003 2443 2443 E ArmVmp : Match on catch block at 0xc3 in for 0x7faf123025
03-25 16:09:16.517 2443 2443 E ArmVmp : Match on catch block at 0xc3 in for 0x7faf123025
03-25 16:09:16.521 2443 2443 E ArmVmp : Match on catch block at 0xc3 in for 0x7faf123025
03-25 16:09:17.010 2443 2443 E ArmVmp : Match on catch block at 0xc3 in for 0x7faf123025
03-25 16:09:17.014 2443 2443 E ArmVmp : Match on catch block at 0xc3 in for 0x7faf123025
03-25 16:09:17.218 2443 2443 W libc : Access denied finding property "vendor.transsion.scroll_adjust.support"
03-25 16:09:17.218 2443 2443 W libc : Access denied finding property "vendor.transsion.scroll_adjust.support"
03-25 16:09:17.221 2443 2443 W libc : Access denied finding property "vendor.transsion.scroll_adjust.support"
03-25 16:09:17.221 2443 2443 W libc : Access denied finding property "vendor.transsion.scroll_adjust.support"
03-25 16:09:17.277 2443 2559 W Parcel : Expecting binder but got null!
03-25 16:09:17.285 2443 4685 W MediaPlayer: Use of stream types is deprecated for operations other than volume control
03-25 16:09:17.285 2443 4685 W MediaPlayer: See the documentation of setAudioStreamType() for what to use instead with android.media.AudioAttributes to qualify your playback use case
03-25 16:09:17.317 2443 2443 E ArmVmp : Match on catch block at 0xc3 in for 0x7faf123025
03-25 16:09:17.318 2443 2443 E ArmVmp : Match on catch block at 0xc3 in for 0x7faf123025
03-25 16:09:17.326 2443 2443 E ArmVmp : Match on catch block at 0xc3 in for 0x7faf123025
03-25 16:09:17.327 2443 2443 E ArmVmp : Match on catch block at 0xc3 in for 0x7faf123025
03-25 16:09:17.337 2443 2443 E ArmVmp : Match on catch block at 0xc3 in for 0x7faf123025
03-25 16:09:17.339 2443 2443 E ArmVmp : Match on catch block at 0xc3 in for 0x7faf123025
03-25 16:09:17.345 2443 2443 E ArmVmp : Match on catch block at 0xc3 in for 0x7faf123025
03-25 16:09:17.347 2443 2443 E ArmVmp : Match on catch block at 0xc3 in for 0x7faf123025
03-25 16:09:17.362 2443 2443 E ArmVmp : Match on catch block at 0xc3 in for 0x7faf123025
03-25 16:09:17.363 2443 2443 E ArmVmp : Match on catch block at 0xc3 in for 0x7faf123025
03-25 16:09:17.379 2443 2443 E ArmVmp : Match on catch block at 0xc3 in for 0x7faf123025
03-25 16:09:17.380 2443 2443 E ArmVmp : Match on catch block at 0xc3 in for 0x7faf123025
03-25 16:09:17.393 2443 2443 E ArmVmp : Match on catch block at 0xc3 in for 0x7faf123025
03-25 16:09:17.395 2443 2443 E ArmVmp : Match on catch block at 0xc3 in for 0x7faf123025
03-25 16:09:17.407 2443 2443 E ArmVmp : Match on catch block at 0xc3 in for 0x7faf123025
03-25 16:09:17.409 2443 2443 E ArmVmp : Match on catch block at 0xc3 in for 0x7faf123025
03-25 16:09:17.423 2443 2443 E ArmVmp : Match on catch block at 0xc3 in for 0x7faf123025
03-25 16:09:17.424 2443 2443 E ArmVmp : Match on catch block at 0xc3 in for 0x7faf123025
03-25 16:09:17.441 2443 2443 E ArmVmp : Match on catch block at 0xc3 in for 0x7faf123025
03-25 16:09:17.442 2443 2443 E ArmVmp : Match on catch block at 0xc3 in for 0x7faf123025
03-25 16:09:17.755 2443 2540 E SQLiteDatabase: Error inserting transferred=1 media_job_uuid=95746e26-a5ae-4ad1-ba8b-497b96a208ae transcoded=0 gif_attribution=0 first_scan_length=6200 direct_path=/v/t62.15575- 24/31143088_3688160761468478_4289324962861290648_n.enc?ccb=11- 4&oh=01_AdTXsBuIy1tshxU_ggKQCoLjWGVfUKx98upSIzghNGlkSQ&oe=6629325E&_nc_sid=5e03e0 thumbnail_height_width_ratio=1.0 is_animated_sticker=1 file_hash=EJQTJqCf4rtaCIc/DKBpkHWXJvYdi0Wvo4ChTQAAF7w= file_path=Media/MBWhatsApp Stickers/STK-20240325-WA0007.webp file_size=188230 partial_media_hash=null face_x=0 face_y=0 height=64 trim_to=0 media_key_timestamp=1711328517000 message_url=https://mmg.whatsapp.net/v/t62.15575- 24/31143088_3688160761468478_4289324962861290648_n.enc?ccb=11- 4&oh=01_AdTXsBuIy1tshxU_ggKQCoLjWGVfUKx98upSIzghNGlkSQ&oe=6629325E&_nc_sid=5e03e0&m ms3=true media_caption=null trim_from=0 mime_type=image/webp partial_media_enc_hash=null width=64 original_file_hash=null has_streaming_sidecar=0 autotransfer_retry_enabled=1 media_upload_handle=null message_row_id=24 multicast_id=null enc_file_hash=Pyzm+hJFRmQFOrsehNg5XCS5XEXSp+Ma5bD2memDcdk= mute_video=0 page_count=0 first_scan_sidecar=[B@d677cee suspicious_content=0 file_length=188230 media_name=null media_duration=0 chat_row_id=3 media_key=[B@b34e58f
03-25 16:09:17.755 2443 2540 E SQLiteDatabase: android.database.sqlite.SQLiteConstraintException: UNIQUE constraint failed: message_media.message_row_id (code 1555 SQLITE_CONSTRAINT_PRIMARYKEY)
03-25 16:09:17.755 2443 2540 E SQLiteDatabase: at android.database.sqlite.SQLiteConnection.nativeExecuteForLastInsertedRowId(Native Method)
03-25 16:09:17.755 2443 2540 E SQLiteDatabase: at android.database.sqlite.SQLiteConnection.executeForLastInsertedRowId(SQLiteConnecti on.java:961)
03-25 16:09:17.755 2443 2540 E SQLiteDatabase: at android.database.sqlite.SQLiteSession.executeForLastInsertedRowId(SQLiteSession.jav a:790)
03-25 16:09:17.755 2443 2540 E SQLiteDatabase: at android.database.sqlite.SQLiteStatement.executeInsert(SQLiteStatement.java:89)
03-25 16:09:17.755 2443 2540 E SQLiteDatabase: at android.database.sqlite.SQLiteDatabase.insertWithOnConflict(SQLiteDatabase.java:187 4)
03-25 16:09:17.755 2443 2540 E SQLiteDatabase: at android.database.sqlite.SQLiteDatabase.insert(SQLiteDatabase.java:1743)
03-25 16:09:17.755 2443 2540 E SQLiteDatabase: at X.2tm.A08(Unknown Source:6)
03-25 16:09:17.755 2443 2540 E SQLiteDatabase: at X.35Y.A07(Unknown Source:212)
03-25 16:09:17.755 2443 2540 E SQLiteDatabase: at X.3QF.A14(Unknown Source:470)
03-25 16:09:17.755 2443 2540 E SQLiteDatabase: at X.3gU.run(Unknown Source:982)
03-25 16:09:17.755 2443 2540 E SQLiteDatabase: at android.os.Handler.handleCallback(Handler.java:942)
03-25 16:09:17.755 2443 2540 E SQLiteDatabase: at android.os.Handler.dispatchMessage(Handler.java:99)
03-25 16:09:17.755 2443 2540 E SQLiteDatabase: at X.0zq.dispatchMessage(Unknown Source:4)
03-25 16:09:17.755 2443 2540 E SQLiteDatabase: at android.os.Looper.loopOnce(Looper.java:204)
03-25 16:09:17.755 2443 2540 E SQLiteDatabase: at android.os.Looper.loop(Looper.java:291)
03-25 16:09:17.755 2443 2540 E SQLiteDatabase: at android.os.HandlerThread.run(HandlerThread.java:67)
03-25 16:09:18.029 2443 4685 W MediaPlayer: Use of stream types is deprecated for operations other than volume control
03-25 16:09:18.029 2443 4685 W MediaPlayer: See the documentation of setAudioStreamType() for what to use instead with android.media.AudioAttributes to qualify your playback use case
03-25 16:09:18.052 2443 2443 E ArmVmp : Match on catch block at 0xc3 in for 0x7faf123025
03-25 16:09:18.057 2443 2443 E ArmVmp : Match on catch block at 0xc3 in for 0x7faf123025
03-25 16:09:18.069 2443 2443 E ArmVmp : Match on catch block at 0xc3 in for 0x7faf123025
03-25 16:09:18.072 2443 2443 E ArmVmp : Match on catch block at 0xc3 in for 0x7faf123025
03-25 16:09:18.296 2443 2540 E SQLiteDatabase: Error inserting transferred=1 media_job_uuid=93cb46d7-68d9-41e5-9eca-438354c19aad transcoded=0 gif_attribution=0 first_scan_length=0 direct_path=/v/t62.15575- 24/24264917_395612843182596_4610716835551802169_n.enc?ccb=11- 4&oh=01_AdRASuEQrzLVuZz1RLmyrP7_7Ti9KjPz2QvrQ0Yp83olvA&oe=66293534&_nc_sid=5e03e0 thumbnail_height_width_ratio=1.0 is_animated_sticker=0 file_hash=qaiBp95/SgUBb06J+GvHSIcvBf+Qd82RGEn4MW3RUkw= file_path=Media/MBWhatsApp Stickers/STK-20240325-WA0008.webp file_size=6708 partial_media_hash=null face_x=0 face_y=0 height=64 trim_to=0 media_key_timestamp=1711329532000 message_url=https://mmg.whatsapp.net/v/t62.15575- 24/24264917_395612843182596_4610716835551802169_n.enc?ccb=11- 4&oh=01_AdRASuEQrzLVuZz1RLmyrP7_7Ti9KjPz2QvrQ0Yp83olvA&oe=66293534&_nc_sid=5e03e0&m ms3=true media_caption=null trim_from=0 mime_type=image/webp partial_media_enc_hash=null width=64 original_file_hash=null has_streaming_sidecar=0 autotransfer_retry_enabled=1 media_upload_handle=null message_row_id=25 multicast_id=null enc_file_hash=Lh6L7VRBiaqo6PNQNl44/OJMtTKIjG9Ngfc85LLx18s= mute_video=0 page_count=0 first_scan_sidecar=null suspicious_content=0 file_length=6708 media_name=null media_duration=0 chat_row_id=3 media_key=[B@61a9880
03-25 16:09:18.296 2443 2540 E SQLiteDatabase: android.database.sqlite.SQLiteConstraintException: UNIQUE constraint failed: message_media.message_row_id (code 1555 SQLITE_CONSTRAINT_PRIMARYKEY)
03-25 16:09:18.296 2443 2540 E SQLiteDatabase: at android.database.sqlite.SQLiteConnection.nativeExecuteForLastInsertedRowId(Native Method)
03-25 16:09:18.296 2443 2540 E SQLiteDatabase: at android.database.sqlite.SQLiteConnection.executeForLastInsertedRowId(SQLiteConnecti on.java:961)
03-25 16:09:18.296 2443 2540 E SQLiteDatabase: at android.database.sqlite.SQLiteSession.executeForLastInsertedRowId(SQLiteSession.jav a:790)
03-25 16:09:18.296 2443 2540 E SQLiteDatabase: at android.database.sqlite.SQLiteStatement.executeInsert(SQLiteStatement.java:89)
03-25 16:09:18.296 2443 2540 E SQLiteDatabase: at android.database.sqlite.SQLiteDatabase.insertWithOnConflict(SQLiteDatabase.java:187 4)
03-25 16:09:18.296 2443 2540 E SQLiteDatabase: at android.database.sqlite.SQLiteDatabase.insert(SQLiteDatabase.java:1743)
03-25 16:09:18.296 2443 2540 E SQLiteDatabase: at X.2tm.A08(Unknown Source:6)
03-25 16:09:18.296 2443 2540 E SQLiteDatabase: at X.35Y.A07(Unknown Source:212)
03-25 16:09:18.296 2443 2540 E SQLiteDatabase: at X.3QF.A14(Unknown Source:470)
03-25 16:09:18.296 2443 2540 E SQLiteDatabase: at X.3gU.run(Unknown Source:982)
03-25 16:09:18.296 2443 2540 E SQLiteDatabase: at android.os.Handler.handleCallback(Handler.java:942)
03-25 16:09:18.296 2443 2540 E SQLiteDatabase: at android.os.Handler.dispatchMessage(Handler.java:99)
03-25 16:09:18.296 2443 2540 E SQLiteDatabase: at X.0zq.dispatchMessage(Unknown Source:4)
03-25 16:09:18.296 2443 2540 E SQLiteDatabase: at android.os.Looper.loopOnce(Looper.java:204)
03-25 16:09:18.296 2443 2540 E SQLiteDatabase: at android.os.Looper.loop(Looper.java:291)
03-25 16:09:18.296 2443 2540 E SQLiteDatabase: at android.os.HandlerThread.run(HandlerThread.java:67)
03-25 16:09:18.348 2443 2443 W libc : Access denied finding property "vendor.transsion.scroll_adjust.support"
03-25 16:09:18.349 2443 2443 W libc : Access denied finding property "vendor.transsion.scroll_adjust.support"
03-25 16:09:18.352 2443 2443 W libc : Access denied finding property "vendor.transsion.scroll_adjust.support"
03-25 16:09:18.352 2443 2443 W libc : Access denied finding property "vendor.transsion.scroll_adjust.support"
03-25 16:09:18.359 2443 2443 W libc : Access denied finding property "vendor.transsion.scroll_adjust.support"
03-25 16:09:18.359 2443 2443 W libc : Access denied finding property "vendor.transsion.scroll_adjust.support"
03-25 16:09:18.382 2443 2443 W libc : Access denied finding property "vendor.transsion.scroll_adjust.support"
03-25 16:09:18.382 2443 2443 W libc : Access denied finding property "vendor.transsion.scroll_adjust.support"
03-25 16:09:18.382 2443 2443 W libc : Access denied finding property "vendor.transsion.scroll_adjust.support"
03-25 16:09:18.382 2443 2443 W libc : Access denied finding property "vendor.transsion.scroll_adjust.support"
03-25 16:09:18.383 2443 2443 W libc : Access denied finding property "vendor.transsion.scroll_adjust.support"
03-25 16:09:18.383 2443 2443 W libc : Access denied finding property "vendor.transsion.scroll_adjust.support"
03-25 16:09:18.383 2443 2443 W libc : Access denied finding property "vendor.transsion.scroll_adjust.support"
03-25 16:09:18.383 2443 2443 W libc : Access denied finding property "vendor.transsion.scroll_adjust.support"
03-25 16:09:18.390 2443 2443 W libc : Access denied finding property "vendor.transsion.scroll_adjust.support"
03-25 16:09:18.390 2443 2443 W libc : Access denied finding property "vendor.transsion.scroll_adjust.support"
03-25 16:09:18.532 2443 2443 E ArmVmp : Match on catch block at 0xc3 in for 0x7faf123025
03-25 16:09:18.534 2443 2443 E ArmVmp : Match on catch block at 0xc3 in for 0x7faf123025
03-25 16:09:18.545 2443 2443 E RecyclerView: No adapter attached; skipping layout
03-25 16:09:18.549 2443 2559 W Parcel : Expecting binder but got null!
03-25 16:09:18.556 2443 2443 W libc : Access denied finding property "vendor.transsion.scroll_adjust.support"
03-25 16:09:18.557 2443 2443 W libc : Access denied finding property "vendor.transsion.scroll_adjust.support"
03-25 16:09:18.557 2443 2443 W libc : Access denied finding property "vendor.transsion.scroll_adjust.support"
03-25 16:09:18.557 2443 2443 W libc : Access denied finding property "vendor.transsion.scroll_adjust.support"
03-25 16:09:18.561 2443 2443 W libc : Access denied finding property "vendor.transsion.scroll_adjust.support"
03-25 16:09:18.562 2443 2443 W libc : Access denied finding property "vendor.transsion.scroll_adjust.support"
03-25 16:09:18.562 2443 2443 W libc : Access denied finding property "vendor.transsion.scroll_adjust.support"
03-25 16:09:18.562 2443 2443 W libc : Access denied finding property "vendor.transsion.scroll_adjust.support"
03-25 16:09:18.564 2443 2443 W libc : Access denied finding property "vendor.transsion.scroll_adjust.support"
03-25 16:09:18.564 2443 2443 W libc : Access denied finding property "vendor.transsion.scroll_adjust.support"
03-25 16:09:18.567 2443 2443 E ArmVmp : Match on catch block at 0xc3 in for 0x7faf123025
03-25 16:09:18.568 2443 2443 E ArmVmp : Match on catch block at 0xc3 in for 0x7faf123025
03-25 16:09:18.579 2443 2443 E ArmVmp : Match on catch block at 0x0a in for 0x7faf12302d
03-25 16:09:18.581 2443 2443 E ArmVmp : Match on catch block at 0x0a in for 0x7faf12302d
03-25 16:09:18.582 2443 2443 E ArmVmp : Match on catch block at 0x0a in for 0x7faf12302d
03-25 16:09:18.583 2443 2443 E ArmVmp : Match on catch block at 0x0a in for 0x7faf12302d
03-25 16:09:18.595 2443 2443 E ArmVmp : Match on catch block at 0x0a in for 0x7faf12302d
03-25 16:09:18.603 2443 2443 E ArmVmp : Match on catch block at 0xc3 in for 0x7faf123025
03-25 16:09:18.605 2443 2443 E ArmVmp : Match on catch block at 0xc3 in for 0x7faf123025
03-25 16:09:18.614 2443 2443 E ArmVmp : Match on catch block at 0xc3 in for 0x7faf123025
03-25 16:09:18.616 2443 2443 E ArmVmp : Match on catch block at 0xc3 in for 0x7faf123025
03-25 16:09:18.631 2443 2443 E ArmVmp : Match on catch block at 0xc3 in for 0x7faf123025
03-25 16:09:18.633 2443 2443 E ArmVmp : Match on catch block at 0xc3 in for 0x7faf123025
03-25 16:09:18.648 2443 2443 E ArmVmp : Match on catch block at 0xc3 in for 0x7faf123025
03-25 16:09:18.651 2443 2443 E ArmVmp : Match on catch block at 0xc3 in for 0x7faf123025
03-25 16:09:18.666 2443 2443 E ArmVmp : Match on catch block at 0xc3 in for 0x7faf123025
03-25 16:09:18.670 2443 2443 E ArmVmp : Match on catch block at 0xc3 in for 0x7faf123025
03-25 16:09:18.684 2443 2443 E ArmVmp : Match on catch block at 0xc3 in for 0x7faf123025
03-25 16:09:18.688 2443 2443 E ArmVmp : Match on catch block at 0xc3 in for 0x7faf123025
03-25 16:09:18.702 2443 2443 E ArmVmp : Match on catch block at 0xc3 in for 0x7faf123025
03-25 16:09:18.704 2443 2443 E ArmVmp : Match on catch block at 0xc3 in for 0x7faf123025
03-25 16:09:18.998 2443 4685 W MediaPlayer: Use of stream types is deprecated for operations other than volume control
03-25 16:09:18.998 2443 4685 W MediaPlayer: See the documentation of setAudioStreamType() for what to use instead with android.media.AudioAttributes to qualify your playback use case
03-25 16:09:19.007 2443 2443 E ArmVmp : Match on catch block at 0xc3 in for 0x7faf123025
03-25 16:09:19.010 2443 2443 E ArmVmp : Match on catch block at 0xc3 in for 0x7faf123025
03-25 16:09:19.023 2443 2443 E ArmVmp : Match on catch block at 0xc3 in for 0x7faf123025
03-25 16:09:19.026 2443 2443 E ArmVmp : Match on catch block at 0xc3 in for 0x7faf123025
03-25 16:09:19.262 2443 2540 E SQLiteDatabase: Error inserting transferred=1 media_job_uuid=bc0880ab-59ad-4075-bba4-6dcddf89d6cf transcoded=0 gif_attribution=0 first_scan_length=0 direct_path=/v/t62.15575- 24/21583263_1084325909508700_64863599418435229_n.enc?ccb=11-4&oh=01_AdT2hEdm- 6MNrBWeuNMiGN1dwQlgKza6hYDxca-nxL-NXA&oe=66296327&_nc_sid=5e03e0 thumbnail_height_width_ratio=1.0 is_animated_sticker=0 file_hash=5kdSKdXh4gPrimy1bvd/g5P7Al0uvHB1IK5ElLBo46Q= file_path=Media/MBWhatsApp Stickers/STK-20240325-WA0009.webp file_size=70976 partial_media_hash=null face_x=0 face_y=0 height=64 trim_to=0 media_key_timestamp=1711397355000 message_url=https://mmg.whatsapp.net/v/t62.15575- 24/21583263_1084325909508700_64863599418435229_n.enc?ccb=11-4&oh=01_AdT2hEdm- 6MNrBWeuNMiGN1dwQlgKza6hYDxca-nxL-NXA&oe=66296327&_nc_sid=5e03e0&mms3=true media_caption=null trim_from=0 mime_type=image/webp partial_media_enc_hash=null width=64 original_file_hash=null has_streaming_sidecar=0 autotransfer_retry_enabled=1 media_upload_handle=null message_row_id=26 multicast_id=null enc_file_hash=1iohBi3NRnYDB6s56Q+LgoAerAgyRgiX2AGViOS6E1U= mute_video=0 page_count=0 first_scan_sidecar=null suspicious_content=0 file_length=70976 media_name=null media_duration=0 chat_row_id=3 media_key=[B@9ae7eed
03-25 16:09:19.262 2443 2540 E SQLiteDatabase: android.database.sqlite.SQLiteConstraintException: UNIQUE constraint failed: message_media.message_row_id (code 1555 SQLITE_CONSTRAINT_PRIMARYKEY)
03-25 16:09:19.262 2443 2540 E SQLiteDatabase: at android.database.sqlite.SQLiteConnection.nativeExecuteForLastInsertedRowId(Native Method)
03-25 16:09:19.262 2443 2540 E SQLiteDatabase: at android.database.sqlite.SQLiteConnection.executeForLastInsertedRowId(SQLiteConnecti on.java:961)
03-25 16:09:19.262 2443 2540 E SQLiteDatabase: at android.database.sqlite.SQLiteSession.executeForLastInsertedRowId(SQLiteSession.jav a:790)
03-25 16:09:19.262 2443 2540 E SQLiteDatabase: at android.database.sqlite.SQLiteStatement.executeInsert(SQLiteStatement.java:89)
03-25 16:09:19.262 2443 2540 E SQLiteDatabase: at android.database.sqlite.SQLiteDatabase.insertWithOnConflict(SQLiteDatabase.java:187 4)
03-25 16:09:19.262 2443 2540 E SQLiteDatabase: at android.database.sqlite.SQLiteDatabase.insert(SQLiteDatabase.java:1743)
03-25 16:09:19.262 2443 2540 E SQLiteDatabase: at X.2tm.A08(Unknown Source:6)
03-25 16:09:19.262 2443 2540 E SQLiteDatabase: at X.35Y.A07(Unknown Source:212)
03-25 16:09:19.262 2443 2540 E SQLiteDatabase: at X.3QF.A14(Unknown Source:470)
03-25 16:09:19.262 2443 2540 E SQLiteDatabase: at X.3gU.run(Unknown Source:982)
03-25 16:09:19.262 2443 2540 E SQLiteDatabase: at android.os.Handler.handleCallback(Handler.java:942)
03-25 16:09:19.262 2443 2540 E SQLiteDatabase: at android.os.Handler.dispatchMessage(Handler.java:99)
03-25 16:09:19.262 2443 2540 E SQLiteDatabase: at X.0zq.dispatchMessage(Unknown Source:4)
03-25 16:09:19.262 2443 2540 E SQLiteDatabase: at android.os.Looper.loopOnce(Looper.java:204)
03-25 16:09:19.262 2443 2540 E SQLiteDatabase: at android.os.Looper.loop(Looper.java:291)
03-25 16:09:19.262 2443 2540 E SQLiteDatabase: at android.os.HandlerThread.run(HandlerThread.java:67)
03-25 16:09:19.335 2443 2443 E ArmVmp : Match on catch block at 0xc3 in for 0x7faf123025
03-25 16:09:19.343 2443 2443 E ArmVmp : Match on catch block at 0xc3 in for 0x7faf123025
03-25 16:09:19.352 2443 2443 E ArmVmp : Match on catch block at 0xc3 in for 0x7faf123025
03-25 16:09:19.355 2443 2443 E ArmVmp : Match on catch block at 0xc3 in for 0x7faf123025
03-25 16:09:19.362 2443 2443 E ArmVmp : Match on catch block at 0xc3 in for 0x7faf123025
03-25 16:09:19.364 2443 2443 E ArmVmp : Match on catch block at 0xc3 in for 0x7faf123025
03-25 16:09:19.376 2443 2443 E ArmVmp : Match on catch block at 0xc3 in for 0x7faf123025
03-25 16:09:19.378 2443 2443 E ArmVmp : Match on catch block at 0xc3 in for 0x7faf123025
03-25 16:09:19.394 2443 2443 E ArmVmp : Match on catch block at 0xc3 in for 0x7faf123025
03-25 16:09:19.396 2443 2443 E ArmVmp : Match on catch block at 0xc3 in for 0x7faf123025
03-25 16:09:19.410 2443 2443 E ArmVmp : Match on catch block at 0xc3 in for 0x7faf123025
03-25 16:09:19.413 2443 2443 E ArmVmp : Match on catch block at 0xc3 in for 0x7faf123025
03-25 16:09:19.428 2443 2443 E ArmVmp : Match on catch block at 0xc3 in for 0x7faf123025
03-25 16:09:19.431 2443 2443 E ArmVmp : Match on catch block at 0xc3 in for 0x7faf123025
03-25 16:09:19.448 2443 2443 E ArmVmp : Match on catch block at 0xc3 in for 0x7faf123025
03-25 16:09:19.450 2443 2443 E ArmVmp : Match on catch block at 0xc3 in for 0x7faf123025
03-25 16:09:19.463 2443 2443 E ArmVmp : Match on catch block at 0xc3 in for 0x7faf123025
03-25 16:09:19.466 2443 2443 E ArmVmp : Match on catch block at 0xc3 in for 0x7faf123025
03-25 16:09:19.481 2443 2443 E ArmVmp : Match on catch block at 0xc3 in for 0x7faf123025
03-25 16:09:19.484 2443 2443 E ArmVmp : Match on catch block at 0xc3 in for 0x7faf123025
03-25 16:09:19.498 2443 2443 E ArmVmp : Match on catch block at 0xc3 in for 0x7faf123025
03-25 16:09:19.500 2443 2443 E ArmVmp : Match on catch block at 0xc3 in for 0x7faf123025
03-25 16:09:19.517 2443 2443 E ArmVmp : Match on catch block at 0xc3 in for 0x7faf123025
03-25 16:09:19.519 2443 2443 E ArmVmp : Match on catch block at 0xc3 in for 0x7faf123025
03-25 16:09:19.535 2443 2443 E ArmVmp : Match on catch block at 0xc3 in for 0x7faf123025
03-25 16:09:19.537 2443 2443 E ArmVmp : Match on catch block at 0xc3 in for 0x7faf123025
03-25 16:09:19.552 2443 2443 E ArmVmp : Match on catch block at 0xc3 in for 0x7faf123025
03-25 16:09:19.554 2443 2443 E ArmVmp : Match on catch block at 0xc3 in for 0x7faf123025
03-25 16:09:19.570 2443 2443 E ArmVmp : Match on catch block at 0xc3 in for 0x7faf123025
03-25 16:09:19.572 2443 2443 E ArmVmp : Match on catch block at 0xc3 in for 0x7faf123025
03-25 16:09:19.587 2443 2443 E ArmVmp : Match on catch block at 0xc3 in for 0x7faf123025
03-25 16:09:19.590 2443 2443 E ArmVmp : Match on catch block at 0xc3 in for 0x7faf123025
03-25 16:09:19.605 2443 2443 E ArmVmp : Match on catch block at 0xc3 in for 0x7faf123025
03-25 16:09:19.607 2443 2443 E ArmVmp : Match on catch block at 0xc3 in for 0x7faf123025
03-25 16:09:19.623 2443 2443 E ArmVmp : Match on catch block at 0xc3 in for 0x7faf123025
03-25 16:09:19.625 2443 2443 E ArmVmp : Match on catch block at 0xc3 in for 0x7faf123025
03-25 16:09:19.641 2443 2443 E ArmVmp : Match on catch block at 0xc3 in for 0x7faf123025
03-25 16:09:19.643 2443 2443 E ArmVmp : Match on catch block at 0xc3 in for 0x7faf123025
03-25 16:09:19.659 2443 2443 E ArmVmp : Match on catch block at 0xc3 in for 0x7faf123025
03-25 16:09:19.661 2443 2443 E ArmVmp : Match on catch block at 0xc3 in for 0x7faf123025
03-25 16:09:19.676 2443 2443 E ArmVmp : Match on catch block at 0xc3 in for 0x7faf123025
03-25 16:09:19.678 2443 2443 E ArmVmp : Match on catch block at 0xc3 in for 0x7faf123025
03-25 16:09:19.694 2443 2443 E ArmVmp : Match on catch block at 0xc3 in for 0x7faf123025
03-25 16:09:19.696 2443 2443 E ArmVmp : Match on catch block at 0xc3 in for 0x7faf123025
03-25 16:09:19.712 2443 2443 E ArmVmp : Match on catch block at 0xc3 in for 0x7faf123025
03-25 16:09:19.714 2443 2443 E ArmVmp : Match on catch block at 0xc3 in for 0x7faf123025
03-25 16:09:19.729 2443 2443 E ArmVmp : Match on catch block at 0xc3 in for 0x7faf123025
03-25 16:09:19.731 2443 2443 E ArmVmp : Match on catch block at 0xc3 in for 0x7faf123025
03-25 16:09:19.747 2443 2443 E ArmVmp : Match on catch block at 0xc3 in for 0x7faf123025
03-25 16:09:19.749 2443 2443 E ArmVmp : Match on catch block at 0xc3 in for 0x7faf123025
03-25 16:09:19.765 2443 2443 E ArmVmp : Match on catch block at 0xc3 in for 0x7faf123025
03-25 16:09:19.767 2443 2443 E ArmVmp : Match on catch block at 0xc3 in for 0x7faf123025
03-25 16:09:19.783 2443 2443 E ArmVmp : Match on catch block at 0xc3 in for 0x7faf123025
03-25 16:09:19.785 2443 2443 E ArmVmp : Match on catch block at 0xc3 in for 0x7faf123025
03-25 16:09:19.801 2443 2443 E ArmVmp : Match on catch block at 0xc3 in for 0x7faf123025
03-25 16:09:19.803 2443 2443 E ArmVmp : Match on catch block at 0xc3 in for 0x7faf123025
03-25 16:09:19.818 2443 2443 E ArmVmp : Match on catch block at 0xc3 in for 0x7faf123025
03-25 16:09:19.820 2443 2443 E ArmVmp : Match on catch block at 0xc3 in for 0x7faf123025
03-25 16:09:19.836 2443 2443 E ArmVmp : Match on catch block at 0xc3 in for 0x7faf123025
03-25 16:09:19.838 2443 2443 E ArmVmp : Match on catch block at 0xc3 in for 0x7faf123025
