03-25 16:09:19.856 2443 2443 E ArmVmp : Match on catch block at 0xc3 in for 0x7faf123025
03-25 16:09:19.858 2443 2443 E ArmVmp : Match on catch block at 0xc3 in for 0x7faf123025
03-25 16:09:19.872 2443 2443 E ArmVmp : Match on catch block at 0xc3 in for 0x7faf123025
03-25 16:09:19.875 2443 2443 E ArmVmp : Match on catch block at 0xc3 in for 0x7faf123025
03-25 16:09:19.889 2443 2443 E ArmVmp : Match on catch block at 0xc3 in for 0x7faf123025
03-25 16:09:19.891 2443 2443 E ArmVmp : Match on catch block at 0xc3 in for 0x7faf123025
03-25 16:09:19.907 2443 2443 E ArmVmp : Match on catch block at 0xc3 in for 0x7faf123025
03-25 16:09:19.909 2443 2443 E ArmVmp : Match on catch block at 0xc3 in for 0x7faf123025
03-25 16:09:19.925 2443 2443 E ArmVmp : Match on catch block at 0xc3 in for 0x7faf123025
03-25 16:09:19.927 2443 2443 E ArmVmp : Match on catch block at 0xc3 in for 0x7faf123025
03-25 16:09:19.943 2443 2443 E ArmVmp : Match on catch block at 0xc3 in for 0x7faf123025
03-25 16:09:19.946 2443 2443 E ArmVmp : Match on catch block at 0xc3 in for 0x7faf123025
03-25 16:09:19.960 2443 2443 E ArmVmp : Match on catch block at 0xc3 in for 0x7faf123025
03-25 16:09:19.962 2443 2443 E ArmVmp : Match on catch block at 0xc3 in for 0x7faf123025
03-25 16:09:19.978 2443 2443 E ArmVmp : Match on catch block at 0xc3 in for 0x7faf123025
03-25 16:09:19.980 2443 2443 E ArmVmp : Match on catch block at 0xc3 in for 0x7faf123025
03-25 16:09:19.995 2443 2443 E ArmVmp : Match on catch block at 0xc3 in for 0x7faf123025
03-25 16:09:19.997 2443 2443 E ArmVmp : Match on catch block at 0xc3 in for 0x7faf123025
03-25 16:09:20.013 2443 2443 E ArmVmp : Match on catch block at 0xc3 in for 0x7faf123025
03-25 16:09:20.015 2443 2443 E ArmVmp : Match on catch block at 0xc3 in for 0x7faf123025
03-25 16:09:20.031 2443 2443 E ArmVmp : Match on catch block at 0xc3 in for 0x7faf123025
03-25 16:09:20.033 2443 2443 E ArmVmp : Match on catch block at 0xc3 in for 0x7faf123025
03-25 16:09:20.049 2443 2443 E ArmVmp : Match on catch block at 0xc3 in for 0x7faf123025
03-25 16:09:20.051 2443 2443 E ArmVmp : Match on catch block at 0xc3 in for 0x7faf123025
03-25 16:09:20.067 2443 2443 E ArmVmp : Match on catch block at 0xc3 in for 0x7faf123025
03-25 16:09:20.069 2443 2443 E ArmVmp : Match on catch block at 0xc3 in for 0x7faf123025
03-25 16:09:20.085 2443 2443 E ArmVmp : Match on catch block at 0xc3 in for 0x7faf123025
03-25 16:09:20.086 2443 2443 E ArmVmp : Match on catch block at 0xc3 in for 0x7faf123025
03-25 16:09:20.097 2443 4685 W MediaPlayer: Use of stream types is deprecated for operations other than volume control
03-25 16:09:20.097 2443 4685 W MediaPlayer: See the documentation of setAudioStreamType() for what to use instead with android.media.AudioAttributes to qualify your playback use case
03-25 16:09:20.105 2443 2443 E ArmVmp : Match on catch block at 0xc3 in for 0x7faf123025
03-25 16:09:20.107 2443 2443 E ArmVmp : Match on catch block at 0xc3 in for 0x7faf123025
03-25 16:09:20.121 2443 2443 E ArmVmp : Match on catch block at 0xc3 in for 0x7faf123025
03-25 16:09:20.124 2443 2443 E ArmVmp : Match on catch block at 0xc3 in for 0x7faf123025
03-25 16:09:20.131 2443 2540 E SQLiteDatabase: Error inserting transferred=1 media_job_uuid=3e144e71-6f3d-4b1d-941f-445e9d511579 transcoded=0 gif_attribution=0 first_scan_length=0 direct_path=/v/t62.15575- 24/30542704_735648758683910_6858741908512662587_n.enc?ccb=11- 4&oh=01_AdS26UZe6Nh73TU7Hjfy1XVFOUTyidrXGKyJQx0bhVXFSw&oe=662935F0&_nc_sid=5e03e0 thumbnail_height_width_ratio=1.0 is_animated_sticker=0 file_hash=4n62SQ3t8vgqWU3+AUaS4GVhu9X9pH1BiCPbiMrOvGI= file_path=Media/MBWhatsApp Stickers/STK-20240325-WA0000.webp file_size=0 partial_media_hash=null face_x=0 face_y=0 height=64 trim_to=0 media_key_timestamp=1711397204000 message_url=https://mmg.whatsapp.net/v/t62.15575- 24/30542704_735648758683910_6858741908512662587_n.enc?ccb=11- 4&oh=01_AdS26UZe6Nh73TU7Hjfy1XVFOUTyidrXGKyJQx0bhVXFSw&oe=662935F0&_nc_sid=5e03e0&m ms3=true media_caption=null trim_from=0 mime_type=image/webp partial_media_enc_hash=null width=64 original_file_hash=null has_streaming_sidecar=0 autotransfer_retry_enabled=1 media_upload_handle=null message_row_id=27 multicast_id=null enc_file_hash=51CvCFD5Qbdd2LGuZMUzECj252PA7B1mpP2KSKbpH4U= mute_video=0 page_count=0 first_scan_sidecar=null suspicious_content=0 file_length=26126 media_name=null media_duration=0 chat_row_id=3 media_key=[B@d77b0fc
03-25 16:09:20.131 2443 2540 E SQLiteDatabase: android.database.sqlite.SQLiteConstraintException: UNIQUE constraint failed: message_media.message_row_id (code 1555 SQLITE_CONSTRAINT_PRIMARYKEY)
03-25 16:09:20.131 2443 2540 E SQLiteDatabase: at android.database.sqlite.SQLiteConnection.nativeExecuteForLastInsertedRowId(Native Method)
03-25 16:09:20.131 2443 2540 E SQLiteDatabase: at android.database.sqlite.SQLiteConnection.executeForLastInsertedRowId(SQLiteConnecti on.java:961)
03-25 16:09:20.131 2443 2540 E SQLiteDatabase: at android.database.sqlite.SQLiteSession.executeForLastInsertedRowId(SQLiteSession.jav a:790)
03-25 16:09:20.131 2443 2540 E SQLiteDatabase: at android.database.sqlite.SQLiteStatement.executeInsert(SQLiteStatement.java:89)
03-25 16:09:20.131 2443 2540 E SQLiteDatabase: at android.database.sqlite.SQLiteDatabase.insertWithOnConflict(SQLiteDatabase.java:187 4)
03-25 16:09:20.131 2443 2540 E SQLiteDatabase: at android.database.sqlite.SQLiteDatabase.insert(SQLiteDatabase.java:1743)
03-25 16:09:20.131 2443 2540 E SQLiteDatabase: at X.2tm.A08(Unknown Source:6)
03-25 16:09:20.131 2443 2540 E SQLiteDatabase: at X.35Y.A07(Unknown Source:212)
03-25 16:09:20.131 2443 2540 E SQLiteDatabase: at X.3QF.A14(Unknown Source:470)
03-25 16:09:20.131 2443 2540 E SQLiteDatabase: at X.3gU.run(Unknown Source:982)
03-25 16:09:20.131 2443 2540 E SQLiteDatabase: at android.os.Handler.handleCallback(Handler.java:942)
03-25 16:09:20.131 2443 2540 E SQLiteDatabase: at android.os.Handler.dispatchMessage(Handler.java:99)
03-25 16:09:20.131 2443 2540 E SQLiteDatabase: at X.0zq.dispatchMessage(Unknown Source:4)
03-25 16:09:20.131 2443 2540 E SQLiteDatabase: at android.os.Looper.loopOnce(Looper.java:204)
03-25 16:09:20.131 2443 2540 E SQLiteDatabase: at android.os.Looper.loop(Looper.java:291)
03-25 16:09:20.131 2443 2540 E SQLiteDatabase: at android.os.HandlerThread.run(HandlerThread.java:67)
03-25 16:09:20.299 2443 2443 E ArmVmp : Match on catch block at 0xc3 in for 0x7faf123025
03-25 16:09:20.304 2443 2443 E ArmVmp : Match on catch block at 0xc3 in for 0x7faf123025
03-25 16:09:20.572 2443 4685 W MediaPlayer: Use of stream types is deprecated for operations other than volume control
03-25 16:09:20.572 2443 4685 W MediaPlayer: See the documentation of setAudioStreamType() for what to use instead with android.media.AudioAttributes to qualify your playback use case
03-25 16:09:20.587 2443 2443 E ArmVmp : Match on catch block at 0xc3 in for 0x7faf123025
03-25 16:09:20.590 2443 2443 E ArmVmp : Match on catch block at 0xc3 in for 0x7faf123025
03-25 16:09:20.599 2443 2443 E ArmVmp : Match on catch block at 0xc3 in for 0x7faf123025
03-25 16:09:20.602 2443 2443 E ArmVmp : Match on catch block at 0xc3 in for 0x7faf123025
03-25 16:09:20.765 2443 2540 E SQLiteDatabase: Error inserting transferred=1 media_job_uuid=ac1faa8d-4b87-4c05-8ab8-c292d8e9fa12 transcoded=0 gif_attribution=0 first_scan_length=0 direct_path=/v/t62.15575- 24/27370066_955607918905522_3145854585391489502_n.enc?ccb=11- 4&oh=01_AdTEJQIOtv0FdqjWZazJR4NRRUYUVfDNMc_vo_ZcHLG12w&oe=66293A4A&_nc_sid=5e03e0 thumbnail_height_width_ratio=1.0 is_animated_sticker=0 file_hash=9Gllgd9Q/Lv1E5knWRf/OP637w2l7Qr+pguypakyJXw= file_path=Media/MBWhatsApp Stickers/STK-20240325-WA0010.webp file_size=97516 partial_media_hash=null face_x=0 face_y=0 height=64 trim_to=0 media_key_timestamp=1711397356000 message_url=https://mmg.whatsapp.net/v/t62.15575- 24/27370066_955607918905522_3145854585391489502_n.enc?ccb=11- 4&oh=01_AdTEJQIOtv0FdqjWZazJR4NRRUYUVfDNMc_vo_ZcHLG12w&oe=66293A4A&_nc_sid=5e03e0&m ms3=true media_caption=null trim_from=0 mime_type=image/webp partial_media_enc_hash=null width=64 original_file_hash=null has_streaming_sidecar=0 autotransfer_retry_enabled=1 media_upload_handle=null message_row_id=28 multicast_id=null enc_file_hash=EPG+LgH63pURNfHBMv4wgISEImmoZEpB6Zs7NHQRRFI= mute_video=0 page_count=0 first_scan_sidecar=null suspicious_content=0 file_length=97516 media_name=null media_duration=0 chat_row_id=3 media_key=[B@f44a24
03-25 16:09:20.765 2443 2540 E SQLiteDatabase: android.database.sqlite.SQLiteConstraintException: UNIQUE constraint failed: message_media.message_row_id (code 1555 SQLITE_CONSTRAINT_PRIMARYKEY)
03-25 16:09:20.765 2443 2540 E SQLiteDatabase: at android.database.sqlite.SQLiteConnection.nativeExecuteForLastInsertedRowId(Native Method)
03-25 16:09:20.765 2443 2540 E SQLiteDatabase: at android.database.sqlite.SQLiteConnection.executeForLastInsertedRowId(SQLiteConnecti on.java:961)
03-25 16:09:20.765 2443 2540 E SQLiteDatabase: at android.database.sqlite.SQLiteSession.executeForLastInsertedRowId(SQLiteSession.jav a:790)
03-25 16:09:20.765 2443 2540 E SQLiteDatabase: at android.database.sqlite.SQLiteStatement.executeInsert(SQLiteStatement.java:89)
03-25 16:09:20.765 2443 2540 E SQLiteDatabase: at android.database.sqlite.SQLiteDatabase.insertWithOnConflict(SQLiteDatabase.java:187 4)
03-25 16:09:20.765 2443 2540 E SQLiteDatabase: at android.database.sqlite.SQLiteDatabase.insert(SQLiteDatabase.java:1743)
03-25 16:09:20.765 2443 2540 E SQLiteDatabase: at X.2tm.A08(Unknown Source:6)
03-25 16:09:20.765 2443 2540 E SQLiteDatabase: at X.35Y.A07(Unknown Source:212)
03-25 16:09:20.765 2443 2540 E SQLiteDatabase: at X.3QF.A14(Unknown Source:470)
03-25 16:09:20.765 2443 2540 E SQLiteDatabase: at X.3gU.run(Unknown Source:982)
03-25 16:09:20.765 2443 2540 E SQLiteDatabase: at android.os.Handler.handleCallback(Handler.java:942)
03-25 16:09:20.765 2443 2540 E SQLiteDatabase: at android.os.Handler.dispatchMessage(Handler.java:99)
03-25 16:09:20.765 2443 2540 E SQLiteDatabase: at X.0zq.dispatchMessage(Unknown Source:4)
03-25 16:09:20.765 2443 2540 E SQLiteDatabase: at android.os.Looper.loopOnce(Looper.java:204)
03-25 16:09:20.765 2443 2540 E SQLiteDatabase: at android.os.Looper.loop(Looper.java:291)
03-25 16:09:20.765 2443 2540 E SQLiteDatabase: at android.os.HandlerThread.run(HandlerThread.java:67)
03-25 16:09:21.046 2443 4685 W MediaPlayer: Use of stream types is deprecated for operations other than volume control
03-25 16:09:21.046 2443 4685 W MediaPlayer: See the documentation of setAudioStreamType() for what to use instead with android.media.AudioAttributes to qualify your playback use case
03-25 16:09:21.051 2443 2443 E ArmVmp : Match on catch block at 0xc3 in for 0x7faf123025
03-25 16:09:21.053 2443 2443 E ArmVmp : Match on catch block at 0xc3 in for 0x7faf123025
03-25 16:09:21.066 2443 2443 E ArmVmp : Match on catch block at 0xc3 in for 0x7faf123025
03-25 16:09:21.068 2443 2443 E ArmVmp : Match on catch block at 0xc3 in for 0x7faf123025
03-25 16:09:21.260 2443 2540 E SQLiteDatabase: Error inserting transferred=1 media_job_uuid=9ef26ce0-8606-4eaa-bbfc-a4917cafe782 transcoded=0 gif_attribution=0 first_scan_length=0 direct_path=/v/t62.15575- 24/23767437_2129976680696751_7903909246133429704_n.enc?ccb=11- 4&oh=01_AdRvvPQ7qtAmXlQVU5nHVJFSMPQqtvzPclLSTIj5path4g&oe=6629546A&_nc_sid=5e03e0 thumbnail_height_width_ratio=1.0 is_animated_sticker=0 file_hash=8CEh+aZXf645WIsAugFfBQ52EltE8P6ArAwHB3jVVis= file_path=Media/MBWhatsApp Stickers/STK-20240325-WA0011.webp file_size=57752 partial_media_hash=null face_x=0 face_y=0 height=64 trim_to=0 media_key_timestamp=1711397356000 message_url=https://mmg.whatsapp.net/v/t62.15575- 24/23767437_2129976680696751_7903909246133429704_n.enc?ccb=11- 4&oh=01_AdRvvPQ7qtAmXlQVU5nHVJFSMPQqtvzPclLSTIj5path4g&oe=6629546A&_nc_sid=5e03e0&m ms3=true media_caption=null trim_from=0 mime_type=image/webp partial_media_enc_hash=null width=64 original_file_hash=null has_streaming_sidecar=0 autotransfer_retry_enabled=1 media_upload_handle=null message_row_id=29 multicast_id=null enc_file_hash=40BBwt5K7b8PyzpqfF2WhguCPwtOsyJNXTjZFAHz5W4= mute_video=0 page_count=0 first_scan_sidecar=null suspicious_content=0 file_length=57752 media_name=null media_duration=0 chat_row_id=3 media_key=[B@38360dd
03-25 16:09:21.260 2443 2540 E SQLiteDatabase: android.database.sqlite.SQLiteConstraintException: UNIQUE constraint failed: message_media.message_row_id (code 1555 SQLITE_CONSTRAINT_PRIMARYKEY)
03-25 16:09:21.260 2443 2540 E SQLiteDatabase: at android.database.sqlite.SQLiteConnection.nativeExecuteForLastInsertedRowId(Native Method)
03-25 16:09:21.260 2443 2540 E SQLiteDatabase: at android.database.sqlite.SQLiteConnection.executeForLastInsertedRowId(SQLiteConnecti on.java:961)
03-25 16:09:21.260 2443 2540 E SQLiteDatabase: at android.database.sqlite.SQLiteSession.executeForLastInsertedRowId(SQLiteSession.jav a:790)
03-25 16:09:21.260 2443 2540 E SQLiteDatabase: at android.database.sqlite.SQLiteStatement.executeInsert(SQLiteStatement.java:89)
03-25 16:09:21.260 2443 2540 E SQLiteDatabase: at android.database.sqlite.SQLiteDatabase.insertWithOnConflict(SQLiteDatabase.java:187 4)
03-25 16:09:21.260 2443 2540 E SQLiteDatabase: at android.database.sqlite.SQLiteDatabase.insert(SQLiteDatabase.java:1743)
03-25 16:09:21.260 2443 2540 E SQLiteDatabase: at X.2tm.A08(Unknown Source:6)
03-25 16:09:21.260 2443 2540 E SQLiteDatabase: at X.35Y.A07(Unknown Source:212)
03-25 16:09:21.260 2443 2540 E SQLiteDatabase: at X.3QF.A14(Unknown Source:470)
03-25 16:09:21.260 2443 2540 E SQLiteDatabase: at X.3gU.run(Unknown Source:982)
03-25 16:09:21.260 2443 2540 E SQLiteDatabase: at android.os.Handler.handleCallback(Handler.java:942)
03-25 16:09:21.260 2443 2540 E SQLiteDatabase: at android.os.Handler.dispatchMessage(Handler.java:99)
03-25 16:09:21.260 2443 2540 E SQLiteDatabase: at X.0zq.dispatchMessage(Unknown Source:4)
03-25 16:09:21.260 2443 2540 E SQLiteDatabase: at android.os.Looper.loopOnce(Looper.java:204)
03-25 16:09:21.260 2443 2540 E SQLiteDatabase: at android.os.Looper.loop(Looper.java:291)
03-25 16:09:21.260 2443 2540 E SQLiteDatabase: at android.os.HandlerThread.run(HandlerThread.java:67)
03-25 16:09:21.330 2443 4685 W MediaPlayer: Use of stream types is deprecated for operations other than volume control
03-25 16:09:21.330 2443 4685 W MediaPlayer: See the documentation of setAudioStreamType() for what to use instead with android.media.AudioAttributes to qualify your playback use case
03-25 16:09:21.346 2443 2443 E ArmVmp : Match on catch block at 0xc3 in for 0x7faf123025
03-25 16:09:21.348 2443 2443 E ArmVmp : Match on catch block at 0xc3 in for 0x7faf123025
03-25 16:09:21.365 2443 2443 E ArmVmp : Match on catch block at 0xc3 in for 0x7faf123025
03-25 16:09:21.367 2443 2443 E ArmVmp : Match on catch block at 0xc3 in for 0x7faf123025
03-25 16:09:21.519 2443 2540 E SQLiteDatabase: Error inserting transferred=1 media_job_uuid=357dc3ca-57e9-40db-9b03-b8a7bb780d5b transcoded=0 gif_attribution=0 first_scan_length=0 direct_path=/v/t62.15575- 24/30697172_822205513283371_8333858525230254563_n.enc?ccb=11- 4&oh=01_AdQcJcD3B6fuiMetPQkYW0ZWcvDzkIYi5xWqe_rtWw3H9A&oe=662947CC&_nc_sid=5e03e0 thumbnail_height_width_ratio=1.0 is_animated_sticker=0 file_hash=u9gRY7pM6E76vgSGSqZ/PQmykzu/yMUgjuqN45h0abw= file_path=Media/MBWhatsApp Stickers/STK-20240325-WA0012.webp file_size=26594 partial_media_hash=null face_x=0 face_y=0 height=64 trim_to=0 media_key_timestamp=1711397357000 message_url=https://mmg.whatsapp.net/v/t62.15575- 24/30697172_822205513283371_8333858525230254563_n.enc?ccb=11- 4&oh=01_AdQcJcD3B6fuiMetPQkYW0ZWcvDzkIYi5xWqe_rtWw3H9A&oe=662947CC&_nc_sid=5e03e0&m ms3=true media_caption=null trim_from=0 mime_type=image/webp partial_media_enc_hash=null width=64 original_file_hash=null has_streaming_sidecar=0 autotransfer_retry_enabled=1 media_upload_handle=null message_row_id=30 multicast_id=null enc_file_hash=2sctObVQlgEsdUxwwy5Zdl1yMISRf7s+Xq2tgeegZDI= mute_video=0 page_count=0 first_scan_sidecar=null suspicious_content=0 file_length=26594 media_name=null media_duration=0 chat_row_id=3 media_key=[B@2881d98
03-25 16:09:21.519 2443 2540 E SQLiteDatabase: android.database.sqlite.SQLiteConstraintException: UNIQUE constraint failed: message_media.message_row_id (code 1555 SQLITE_CONSTRAINT_PRIMARYKEY)
03-25 16:09:21.519 2443 2540 E SQLiteDatabase: at android.database.sqlite.SQLiteConnection.nativeExecuteForLastInsertedRowId(Native Method)
03-25 16:09:21.519 2443 2540 E SQLiteDatabase: at android.database.sqlite.SQLiteConnection.executeForLastInsertedRowId(SQLiteConnecti on.java:961)
03-25 16:09:21.519 2443 2540 E SQLiteDatabase: at android.database.sqlite.SQLiteSession.executeForLastInsertedRowId(SQLiteSession.jav a:790)
03-25 16:09:21.519 2443 2540 E SQLiteDatabase: at android.database.sqlite.SQLiteStatement.executeInsert(SQLiteStatement.java:89)
03-25 16:09:21.519 2443 2540 E SQLiteDatabase: at android.database.sqlite.SQLiteDatabase.insertWithOnConflict(SQLiteDatabase.java:187 4)
03-25 16:09:21.519 2443 2540 E SQLiteDatabase: at android.database.sqlite.SQLiteDatabase.insert(SQLiteDatabase.java:1743)
03-25 16:09:21.519 2443 2540 E SQLiteDatabase: at X.2tm.A08(Unknown Source:6)
03-25 16:09:21.519 2443 2540 E SQLiteDatabase: at X.35Y.A07(Unknown Source:212)
03-25 16:09:21.519 2443 2540 E SQLiteDatabase: at X.3QF.A14(Unknown Source:470)
03-25 16:09:21.519 2443 2540 E SQLiteDatabase: at X.3gU.run(Unknown Source:982)
03-25 16:09:21.519 2443 2540 E SQLiteDatabase: at android.os.Handler.handleCallback(Handler.java:942)
03-25 16:09:21.519 2443 2540 E SQLiteDatabase: at android.os.Handler.dispatchMessage(Handler.java:99)
03-25 16:09:21.519 2443 2540 E SQLiteDatabase: at X.0zq.dispatchMessage(Unknown Source:4)
03-25 16:09:21.519 2443 2540 E SQLiteDatabase: at android.os.Looper.loopOnce(Looper.java:204)
03-25 16:09:21.519 2443 2540 E SQLiteDatabase: at android.os.Looper.loop(Looper.java:291)
03-25 16:09:21.519 2443 2540 E SQLiteDatabase: at android.os.HandlerThread.run(HandlerThread.java:67)
03-25 16:09:21.764 2443 2443 W libc : Access denied finding property "vendor.transsion.scroll_adjust.support"
03-25 16:09:21.764 2443 2443 W libc : Access denied finding property "vendor.transsion.scroll_adjust.support"
03-25 16:09:21.766 2443 2443 W libc : Access denied finding property "vendor.transsion.scroll_adjust.support"
03-25 16:09:21.766 2443 2443 W libc : Access denied finding property "vendor.transsion.scroll_adjust.support"
03-25 16:09:21.808 2443 2559 W Parcel : Expecting binder but got null!
03-25 16:09:21.841 2443 2443 E ArmVmp : Match on catch block at 0xc3 in for 0x7faf123025
03-25 16:09:21.842 2443 2443 E ArmVmp : Match on catch block at 0xc3 in for 0x7faf123025
03-25 16:09:21.858 2443 2443 E ArmVmp : Match on catch block at 0xc3 in for 0x7faf123025
03-25 16:09:21.860 2443 2443 E ArmVmp : Match on catch block at 0xc3 in for 0x7faf123025
03-25 16:09:21.876 2443 2443 E ArmVmp : Match on catch block at 0xc3 in for 0x7faf123025
03-25 16:09:21.879 2443 2443 E ArmVmp : Match on catch block at 0xc3 in for 0x7faf123025
03-25 16:09:21.894 2443 2443 E ArmVmp : Match on catch block at 0xc3 in for 0x7faf123025
03-25 16:09:21.896 2443 2443 E ArmVmp : Match on catch block at 0xc3 in for 0x7faf123025
03-25 16:09:21.912 2443 2443 E ArmVmp : Match on catch block at 0xc3 in for 0x7faf123025
03-25 16:09:21.914 2443 2443 E ArmVmp : Match on catch block at 0xc3 in for 0x7faf123025
03-25 16:09:21.930 2443 2443 E ArmVmp : Match on catch block at 0xc3 in for 0x7faf123025
03-25 16:09:21.932 2443 2443 E ArmVmp : Match on catch block at 0xc3 in for 0x7faf123025
03-25 16:09:21.943 2443 4685 W MediaPlayer: Use of stream types is deprecated for operations other than volume control
03-25 16:09:21.943 2443 4685 W MediaPlayer: See the documentation of setAudioStreamType() for what to use instead with android.media.AudioAttributes to qualify your playback use case
03-25 16:09:21.950 2443 2443 E ArmVmp : Match on catch block at 0xc3 in for 0x7faf123025
03-25 16:09:21.952 2443 2443 E ArmVmp : Match on catch block at 0xc3 in for 0x7faf123025
03-25 16:09:21.969 2443 2443 E ArmVmp : Match on catch block at 0xc3 in for 0x7faf123025
03-25 16:09:21.971 2443 2443 E ArmVmp : Match on catch block at 0xc3 in for 0x7faf123025
03-25 16:09:22.186 2443 2540 E SQLiteDatabase: Error inserting transferred=1 media_job_uuid=20de5757-4d81-4ecf-ad27-161aa9e12390 transcoded=0 gif_attribution=0 first_scan_length=0 direct_path=/v/t62.15575- 24/30932051_1567319147451271_4516020414591168236_n.enc?ccb=11- 4&oh=01_AdThU76TWrx6B5mrIdL6xoTNY4R8x7ejmnG4ysl6BbF0BA&oe=662941E2&_nc_sid=5e03e0 thumbnail_height_width_ratio=1.0 is_animated_sticker=0 file_hash=uSZqQ33kybexAUq22y2gwYMK2tWl2dvIoOCdqVNCQQ8= file_path=Media/MBWhatsApp Stickers/STK-20240325-WA0013.webp file_size=77544 partial_media_hash=null face_x=0 face_y=0 height=64 trim_to=0 media_key_timestamp=1711397358000 message_url=https://mmg.whatsapp.net/v/t62.15575- 24/30932051_1567319147451271_4516020414591168236_n.enc?ccb=11- 4&oh=01_AdThU76TWrx6B5mrIdL6xoTNY4R8x7ejmnG4ysl6BbF0BA&oe=662941E2&_nc_sid=5e03e0&m ms3=true media_caption=null trim_from=0 mime_type=image/webp partial_media_enc_hash=null width=64 original_file_hash=null has_streaming_sidecar=0 autotransfer_retry_enabled=1 media_upload_handle=null message_row_id=31 multicast_id=null enc_file_hash=2IKxsR0ywkGlvyH6xS3VIe+ +q9Afz1GWr7b1kerhhx8= mute_video=0 page_count=0 first_scan_sidecar=null suspicious_content=0 file_length=77544 media_name=null media_duration=0 chat_row_id=3 media_key=[B@ed76d84
03-25 16:09:22.186 2443 2540 E SQLiteDatabase: android.database.sqlite.SQLiteConstraintException: UNIQUE constraint failed: message_media.message_row_id (code 1555 SQLITE_CONSTRAINT_PRIMARYKEY)
03-25 16:09:22.186 2443 2540 E SQLiteDatabase: at android.database.sqlite.SQLiteConnection.nativeExecuteForLastInsertedRowId(Native Method)
03-25 16:09:22.186 2443 2540 E SQLiteDatabase: at android.database.sqlite.SQLiteConnection.executeForLastInsertedRowId(SQLiteConnecti on.java:961)
03-25 16:09:22.186 2443 2540 E SQLiteDatabase: at android.database.sqlite.SQLiteSession.executeForLastInsertedRowId(SQLiteSession.jav a:790)
03-25 16:09:22.186 2443 2540 E SQLiteDatabase: at android.database.sqlite.SQLiteStatement.executeInsert(SQLiteStatement.java:89)
03-25 16:09:22.186 2443 2540 E SQLiteDatabase: at android.database.sqlite.SQLiteDatabase.insertWithOnConflict(SQLiteDatabase.java:187 4)
03-25 16:09:22.186 2443 2540 E SQLiteDatabase: at android.database.sqlite.SQLiteDatabase.insert(SQLiteDatabase.java:1743)
03-25 16:09:22.186 2443 2540 E SQLiteDatabase: at X.2tm.A08(Unknown Source:6)
03-25 16:09:22.186 2443 2540 E SQLiteDatabase: at X.35Y.A07(Unknown Source:212)
03-25 16:09:22.186 2443 2540 E SQLiteDatabase: at X.3QF.A14(Unknown Source:470)
03-25 16:09:22.186 2443 2540 E SQLiteDatabase: at X.3gU.run(Unknown Source:982)
03-25 16:09:22.186 2443 2540 E SQLiteDatabase: at android.os.Handler.handleCallback(Handler.java:942)
03-25 16:09:22.186 2443 2540 E SQLiteDatabase: at android.os.Handler.dispatchMessage(Handler.java:99)
03-25 16:09:22.186 2443 2540 E SQLiteDatabase: at X.0zq.dispatchMessage(Unknown Source:4)
03-25 16:09:22.186 2443 2540 E SQLiteDatabase: at android.os.Looper.loopOnce(Looper.java:204)
03-25 16:09:22.186 2443 2540 E SQLiteDatabase: at android.os.Looper.loop(Looper.java:291)
03-25 16:09:22.186 2443 2540 E SQLiteDatabase: at android.os.HandlerThread.run(HandlerThread.java:67)
03-25 16:09:22.745 2443 2443 E ArmVmp : Match on catch block at 0x0a in for 0x7faf12302d
03-25 16:09:22.783 2443 2443 E ArmVmp : Match on catch block at 0xc3 in for 0x7faf123025
03-25 16:09:22.785 2443 2443 E ArmVmp : Match on catch block at 0xc3 in for 0x7faf123025
03-25 16:09:22.799 2443 2443 E ArmVmp : Match on catch block at 0xc3 in for 0x7faf123025
03-25 16:09:22.800 2443 2443 E ArmVmp : Match on catch block at 0xc3 in for 0x7faf123025
03-25 16:09:22.818 2443 2443 E ArmVmp : Match on catch block at 0xc3 in for 0x7faf123025
03-25 16:09:22.820 2443 2443 E ArmVmp : Match on catch block at 0xc3 in for 0x7faf123025
03-25 16:09:22.835 2443 2443 E ArmVmp : Match on catch block at 0xc3 in for 0x7faf123025
03-25 16:09:22.838 2443 2443 E ArmVmp : Match on catch block at 0xc3 in for 0x7faf123025
03-25 16:09:22.852 2443 2443 E ArmVmp : Match on catch block at 0xc3 in for 0x7faf123025
03-25 16:09:22.855 2443 2443 E ArmVmp : Match on catch block at 0xc3 in for 0x7faf123025
03-25 16:09:22.870 2443 2443 E ArmVmp : Match on catch block at 0xc3 in for 0x7faf123025
03-25 16:09:22.872 2443 2443 E ArmVmp : Match on catch block at 0xc3 in for 0x7faf123025
03-25 16:09:22.888 2443 2443 E ArmVmp : Match on catch block at 0xc3 in for 0x7faf123025
03-25 16:09:22.891 2443 2443 E ArmVmp : Match on catch block at 0xc3 in for 0x7faf123025
03-25 16:09:23.354 2443 2443 E ArmVmp : Match on catch block at 0xc3 in for 0x7faf123025
03-25 16:09:23.359 2443 2443 E ArmVmp : Match on catch block at 0xc3 in for 0x7faf123025
03-25 16:09:23.373 2443 2443 E ArmVmp : Match on catch block at 0xc3 in for 0x7faf123025
03-25 16:09:23.378 2443 2443 E ArmVmp : Match on catch block at 0xc3 in for 0x7faf123025
03-25 16:09:23.393 2443 2443 E ArmVmp : Match on catch block at 0xc3 in for 0x7faf123025
03-25 16:09:23.397 2443 2443 E ArmVmp : Match on catch block at 0xc3 in for 0x7faf123025
03-25 16:09:23.412 2443 2443 E ArmVmp : Match on catch block at 0xc3 in for 0x7faf123025
03-25 16:09:23.415 2443 2443 E ArmVmp : Match on catch block at 0xc3 in for 0x7faf123025
03-25 16:09:23.425 2443 2443 E ArmVmp : Match on catch block at 0xc3 in for 0x7faf123025
03-25 16:09:23.428 2443 2443 E ArmVmp : Match on catch block at 0xc3 in for 0x7faf123025
03-25 16:09:23.441 2443 2443 E ArmVmp : Match on catch block at 0xc3 in for 0x7faf123025
03-25 16:09:23.443 2443 2443 E ArmVmp : Match on catch block at 0xc3 in for 0x7faf123025
03-25 16:09:23.456 2443 2443 E ArmVmp : Match on catch block at 0xc3 in for 0x7faf123025
03-25 16:09:23.458 2443 2443 E ArmVmp : Match on catch block at 0xc3 in for 0x7faf123025
03-25 16:09:23.474 2443 2443 E ArmVmp : Match on catch block at 0xc3 in for 0x7faf123025
03-25 16:09:23.476 2443 2443 E ArmVmp : Match on catch block at 0xc3 in for 0x7faf123025
03-25 16:09:23.493 2443 2443 E ArmVmp : Match on catch block at 0xc3 in for 0x7faf123025
03-25 16:09:23.495 2443 2443 E ArmVmp : Match on catch block at 0xc3 in for 0x7faf123025
03-25 16:09:23.512 2443 2443 E ArmVmp : Match on catch block at 0xc3 in for 0x7faf123025
03-25 16:09:23.514 2443 2443 E ArmVmp : Match on catch block at 0xc3 in for 0x7faf123025
03-25 16:09:23.528 2443 2443 E ArmVmp : Match on catch block at 0xc3 in for 0x7faf123025
03-25 16:09:23.530 2443 2443 E ArmVmp : Match on catch block at 0xc3 in for 0x7faf123025
03-25 16:09:23.546 2443 2443 E ArmVmp : Match on catch block at 0xc3 in for 0x7faf123025
03-25 16:09:23.548 2443 2443 E ArmVmp : Match on catch block at 0xc3 in for 0x7faf123025
03-25 16:09:23.563 2443 2443 E ArmVmp : Match on catch block at 0xc3 in for 0x7faf123025
03-25 16:09:23.565 2443 2443 E ArmVmp : Match on catch block at 0xc3 in for 0x7faf123025
03-25 16:09:23.590 2443 2443 E ArmVmp : Match on catch block at 0xc3 in for 0x7faf123025
03-25 16:09:23.592 2443 2443 E ArmVmp : Match on catch block at 0xc3 in for 0x7faf123025
03-25 16:09:23.598 2443 2443 E ArmVmp : Match on catch block at 0xc3 in for 0x7faf123025
03-25 16:09:23.600 2443 2443 E ArmVmp : Match on catch block at 0xc3 in for 0x7faf123025
03-25 16:09:23.616 2443 2443 E ArmVmp : Match on catch block at 0xc3 in for 0x7faf123025
03-25 16:09:23.618 2443 2443 E ArmVmp : Match on catch block at 0xc3 in for 0x7faf123025
03-25 16:09:23.633 2443 2443 E ArmVmp : Match on catch block at 0xc3 in for 0x7faf123025
03-25 16:09:23.636 2443 2443 E ArmVmp : Match on catch block at 0xc3 in for 0x7faf123025
03-25 16:09:23.652 2443 2443 E ArmVmp : Match on catch block at 0xc3 in for 0x7faf123025
03-25 16:09:23.658 2443 2443 E ArmVmp : Match on catch block at 0xc3 in for 0x7faf123025
03-25 16:09:23.796 2443 2443 E ArmVmp : Match on catch block at 0xc3 in for 0x7faf123025
03-25 16:09:23.801 2443 2443 E ArmVmp : Match on catch block at 0xc3 in for 0x7faf123025
03-25 16:09:23.832 2443 2443 E ArmVmp : Match on catch block at 0xc3 in for 0x7faf123025
03-25 16:09:23.835 2443 2443 E ArmVmp : Match on catch block at 0xc3 in for 0x7faf123025
03-25 16:09:23.848 2443 2443 E ArmVmp : Match on catch block at 0xc3 in for 0x7faf123025
03-25 16:09:23.852 2443 2443 E ArmVmp : Match on catch block at 0xc3 in for 0x7faf123025
03-25 16:09:23.866 2443 2443 E ArmVmp : Match on catch block at 0xc3 in for 0x7faf123025
03-25 16:09:23.869 2443 2443 E ArmVmp : Match on catch block at 0xc3 in for 0x7faf123025
03-25 16:09:23.884 2443 2443 E ArmVmp : Match on catch block at 0xc3 in for 0x7faf123025
03-25 16:09:23.887 2443 2443 E ArmVmp : Match on catch block at 0xc3 in for 0x7faf123025
03-25 16:09:23.902 2443 2443 E ArmVmp : Match on catch block at 0xc3 in for 0x7faf123025
03-25 16:09:23.905 2443 2443 E ArmVmp : Match on catch block at 0xc3 in for 0x7faf123025
03-25 16:09:23.919 2443 2443 E ArmVmp : Match on catch block at 0xc3 in for 0x7faf123025
03-25 16:09:23.922 2443 2443 E ArmVmp : Match on catch block at 0xc3 in for 0x7faf123025
03-25 16:09:23.936 2443 2443 E ArmVmp : Match on catch block at 0xc3 in for 0x7faf123025
03-25 16:09:23.940 2443 2443 E ArmVmp : Match on catch block at 0xc3 in for 0x7faf123025
03-25 16:09:23.954 2443 2443 E ArmVmp : Match on catch block at 0xc3 in for 0x7faf123025
03-25 16:09:23.958 2443 2443 E ArmVmp : Match on catch block at 0xc3 in for 0x7faf123025
03-25 16:09:23.973 2443 2443 E ArmVmp : Match on catch block at 0xc3 in for 0x7faf123025
03-25 16:09:23.975 2443 2443 E ArmVmp : Match on catch block at 0xc3 in for 0x7faf123025
03-25 16:09:23.990 2443 2443 E ArmVmp : Match on catch block at 0xc3 in for 0x7faf123025
03-25 16:09:23.993 2443 2443 E ArmVmp : Match on catch block at 0xc3 in for 0x7faf123025
03-25 16:09:24.008 2443 2443 E ArmVmp : Match on catch block at 0xc3 in for 0x7faf123025
03-25 16:09:24.011 2443 2443 E ArmVmp : Match on catch block at 0xc3 in for 0x7faf123025
03-25 16:09:24.026 2443 2443 E ArmVmp : Match on catch block at 0xc3 in for 0x7faf123025
03-25 16:09:24.029 2443 2443 E ArmVmp : Match on catch block at 0xc3 in for 0x7faf123025
03-25 16:09:24.044 2443 2443 E ArmVmp : Match on catch block at 0xc3 in for 0x7faf123025
03-25 16:09:24.047 2443 2443 E ArmVmp : Match on catch block at 0xc3 in for 0x7faf123025
03-25 16:09:24.062 2443 2443 E ArmVmp : Match on catch block at 0xc3 in for 0x7faf123025
03-25 16:09:24.066 2443 2443 E ArmVmp : Match on catch block at 0xc3 in for 0x7faf123025
03-25 16:09:24.080 2443 2443 E ArmVmp : Match on catch block at 0xc3 in for 0x7faf123025
03-25 16:09:24.083 2443 2443 E ArmVmp : Match on catch block at 0xc3 in for 0x7faf123025
03-25 16:09:24.096 2443 2443 E ArmVmp : Match on catch block at 0xc3 in for 0x7faf123025
03-25 16:09:24.100 2443 2443 E ArmVmp : Match on catch block at 0xc3 in for 0x7faf123025
03-25 16:09:24.114 2443 2443 E ArmVmp : Match on catch block at 0xc3 in for 0x7faf123025
03-25 16:09:24.118 2443 2443 E ArmVmp : Match on catch block at 0xc3 in for 0x7faf123025
03-25 16:09:24.132 2443 2443 E ArmVmp : Match on catch block at 0xc3 in for 0x7faf123025
03-25 16:09:24.135 2443 2443 E ArmVmp : Match on catch block at 0xc3 in for 0x7faf123025
03-25 16:09:24.204 2443 2443 E ArmVmp : Match on catch block at 0xc3 in for 0x7faf123025
03-25 16:09:24.208 2443 2443 E ArmVmp : Match on catch block at 0xc3 in for 0x7faf123025
03-25 16:09:24.221 2443 2443 E ArmVmp : Match on catch block at 0xc3 in for 0x7faf123025
03-25 16:09:24.225 2443 2443 E ArmVmp : Match on catch block at 0xc3 in for 0x7faf123025
03-25 16:09:24.239 2443 2443 E ArmVmp : Match on catch block at 0xc3 in for 0x7faf123025
03-25 16:09:24.243 2443 2443 E ArmVmp : Match on catch block at 0xc3 in for 0x7faf123025
03-25 16:09:24.257 2443 2443 E ArmVmp : Match on catch block at 0xc3 in for 0x7faf123025
03-25 16:09:24.259 2443 2443 E ArmVmp : Match on catch block at 0xc3 in for 0x7faf123025
03-25 16:09:24.273 2443 2443 E ArmVmp : Match on catch block at 0xc3 in for 0x7faf123025
03-25 16:09:24.276 2443 2443 E ArmVmp : Match on catch block at 0xc3 in for 0x7faf123025
03-25 16:09:24.291 2443 2443 E ArmVmp : Match on catch block at 0xc3 in for 0x7faf123025
03-25 16:09:24.294 2443 2443 E ArmVmp : Match on catch block at 0xc3 in for 0x7faf123025
03-25 16:09:24.309 2443 2443 E ArmVmp : Match on catch block at 0xc3 in for 0x7faf123025
03-25 16:09:24.312 2443 2443 E ArmVmp : Match on catch block at 0xc3 in for 0x7faf123025
03-25 16:09:24.327 2443 2443 E ArmVmp : Match on catch block at 0xc3 in for 0x7faf123025
03-25 16:09:24.330 2443 2443 E ArmVmp : Match on catch block at 0xc3 in for 0x7faf123025
03-25 16:09:24.343 2443 2443 E ArmVmp : Match on catch block at 0xc3 in for 0x7faf123025
03-25 16:09:24.346 2443 2443 E ArmVmp : Match on catch block at 0xc3 in for 0x7faf123025
03-25 16:09:24.362 2443 2443 E ArmVmp : Match on catch block at 0xc3 in for 0x7faf123025
03-25 16:09:24.364 2443 2443 E ArmVmp : Match on catch block at 0xc3 in for 0x7faf123025
03-25 16:09:24.380 2443 2443 E ArmVmp : Match on catch block at 0xc3 in for 0x7faf123025
03-25 16:09:24.382 2443 2443 E ArmVmp : Match on catch block at 0xc3 in for 0x7faf123025
03-25 16:09:24.397 2443 2443 E ArmVmp : Match on catch block at 0xc3 in for 0x7faf123025
03-25 16:09:24.399 2443 2443 E ArmVmp : Match on catch block at 0xc3 in for 0x7faf123025
03-25 16:09:24.419 2443 2443 E ArmVmp : Match on catch block at 0xc3 in for 0x7faf123025
03-25 16:09:24.421 2443 2443 E ArmVmp : Match on catch block at 0xc3 in for 0x7faf123025
03-25 16:09:24.432 2443 2443 E ArmVmp : Match on catch block at 0xc3 in for 0x7faf123025
03-25 16:09:24.434 2443 2443 E ArmVmp : Match on catch block at 0xc3 in for 0x7faf123025
03-25 16:09:24.454 2443 2443 E ArmVmp : Match on catch block at 0xc3 in for 0x7faf123025
03-25 16:09:24.456 2443 2443 E ArmVmp : Match on catch block at 0xc3 in for 0x7faf123025
03-25 16:09:24.469 2443 2443 E ArmVmp : Match on catch block at 0xc3 in for 0x7faf123025
03-25 16:09:24.471 2443 2443 E ArmVmp : Match on catch block at 0xc3 in for 0x7faf123025
03-25 16:09:24.486 2443 2443 E ArmVmp : Match on catch block at 0xc3 in for 0x7faf123025
03-25 16:09:24.489 2443 2443 E ArmVmp : Match on catch block at 0xc3 in for 0x7faf123025
03-25 16:09:24.504 2443 2443 E ArmVmp : Match on catch block at 0xc3 in for 0x7faf123025
03-25 16:09:24.507 2443 2443 E ArmVmp : Match on catch block at 0xc3 in for 0x7faf123025
03-25 16:09:24.522 2443 2443 E ArmVmp : Match on catch block at 0xc3 in for 0x7faf123025
03-25 16:09:24.525 2443 2443 E ArmVmp : Match on catch block at 0xc3 in for 0x7faf123025
03-25 16:09:24.558 2443 2443 E ArmVmp : Match on catch block at 0xc3 in for 0x7faf123025
03-25 16:09:24.564 2443 2443 E ArmVmp : Match on catch block at 0xc3 in for 0x7faf123025
03-25 16:09:24.578 2443 2443 E ArmVmp : Match on catch block at 0xc3 in for 0x7faf123025
03-25 16:09:24.584 2443 2443 E ArmVmp : Match on catch block at 0xc3 in for 0x7faf123025
03-25 16:09:24.592 2443 2443 E ArmVmp : Match on catch block at 0xc3 in for 0x7faf123025
03-25 16:09:24.596 2443 2443 E ArmVmp : Match on catch block at 0xc3 in for 0x7faf123025
03-25 16:09:24.611 2443 2443 E ArmVmp : Match on catch block at 0xc3 in for 0x7faf123025
03-25 16:09:24.614 2443 2443 E ArmVmp : Match on catch block at 0xc3 in for 0x7faf123025
03-25 16:09:24.629 2443 2443 E ArmVmp : Match on catch block at 0xc3 in for 0x7faf123025
03-25 16:09:24.632 2443 2443 E ArmVmp : Match on catch block at 0xc3 in for 0x7faf123025
03-25 16:09:24.646 2443 2443 E ArmVmp : Match on catch block at 0xc3 in for 0x7faf123025
03-25 16:09:24.650 2443 2443 E ArmVmp : Match on catch block at 0xc3 in for 0x7faf123025
03-25 16:09:24.665 2443 2443 E ArmVmp : Match on catch block at 0xc3 in for 0x7faf123025
03-25 16:09:24.668 2443 2443 E ArmVmp : Match on catch block at 0xc3 in for 0x7faf123025
03-25 16:09:24.685 2443 2443 E ArmVmp : Match on catch block at 0xc3 in for 0x7faf123025
03-25 16:09:24.687 2443 2443 E ArmVmp : Match on catch block at 0xc3 in for 0x7faf123025
03-25 16:09:24.700 2443 2443 E ArmVmp : Match on catch block at 0xc3 in for 0x7faf123025
03-25 16:09:24.703 2443 2443 E ArmVmp : Match on catch block at 0xc3 in for 0x7faf123025
03-25 16:09:24.718 2443 2443 E ArmVmp : Match on catch block at 0xc3 in for 0x7faf123025
03-25 16:09:24.721 2443 2443 E ArmVmp : Match on catch block at 0xc3 in for 0x7faf123025
03-25 16:09:24.735 2443 2443 E ArmVmp : Match on catch block at 0xc3 in for 0x7faf123025
03-25 16:09:24.738 2443 2443 E ArmVmp : Match on catch block at 0xc3 in for 0x7faf123025
03-25 16:09:24.754 2443 2443 E ArmVmp : Match on catch block at 0xc3 in for 0x7faf123025
03-25 16:09:24.756 2443 2443 E ArmVmp : Match on catch block at 0xc3 in for 0x7faf123025
03-25 16:09:24.772 2443 2443 E ArmVmp : Match on catch block at 0xc3 in for 0x7faf123025
03-25 16:09:24.776 2443 2443 E ArmVmp : Match on catch block at 0xc3 in for 0x7faf123025
03-25 16:09:24.790 2443 2443 E ArmVmp : Match on catch block at 0xc3 in for 0x7faf123025
03-25 16:09:24.792 2443 2443 E ArmVmp : Match on catch block at 0xc3 in for 0x7faf123025
03-25 16:09:24.805 2443 2443 E ArmVmp : Match on catch block at 0xc3 in for 0x7faf123025
03-25 16:09:24.807 2443 2443 E ArmVmp : Match on catch block at 0xc3 in for 0x7faf123025
03-25 16:09:24.823 2443 2443 E ArmVmp : Match on catch block at 0xc3 in for 0x7faf123025
03-25 16:09:24.825 2443 2443 E ArmVmp : Match on catch block at 0xc3 in for 0x7faf123025
03-25 16:09:24.844 2443 2443 E ArmVmp : Match on catch block at 0xc3 in for 0x7faf123025
03-25 16:09:24.846 2443 2443 E ArmVmp : Match on catch block at 0xc3 in for 0x7faf123025
03-25 16:09:24.858 2443 2443 E ArmVmp : Match on catch block at 0xc3 in for 0x7faf123025
03-25 16:09:24.860 2443 2443 E ArmVmp : Match on catch block at 0xc3 in for 0x7faf123025
03-25 16:09:24.876 2443 2443 E ArmVmp : Match on catch block at 0xc3 in for 0x7faf123025
03-25 16:09:24.878 2443 2443 E ArmVmp : Match on catch block at 0xc3 in for 0x7faf123025
03-25 16:09:24.894 2443 2443 E ArmVmp : Match on catch block at 0xc3 in for 0x7faf123025
03-25 16:09:24.896 2443 2443 E ArmVmp : Match on catch block at 0xc3 in for 0x7faf123025
03-25 16:09:24.912 2443 2443 E ArmVmp : Match on catch block at 0xc3 in for 0x7faf123025
03-25 16:09:24.914 2443 2443 E ArmVmp : Match on catch block at 0xc3 in for 0x7faf123025
03-25 16:09:24.930 2443 2443 E ArmVmp : Match on catch block at 0xc3 in for 0x7faf123025
03-25 16:09:24.932 2443 2443 E ArmVmp : Match on catch block at 0xc3 in for 0x7faf123025
03-25 16:09:24.947 2443 2443 E ArmVmp : Match on catch block at 0xc3 in for 0x7faf123025
03-25 16:09:24.949 2443 2443 E ArmVmp : Match on catch block at 0xc3 in for 0x7faf123025
03-25 16:09:24.965 2443 2443 E ArmVmp : Match on catch block at 0xc3 in for 0x7faf123025
03-25 16:09:24.967 2443 2443 E ArmVmp : Match on catch block at 0xc3 in for 0x7faf123025
03-25 16:09:24.983 2443 2443 E ArmVmp : Match on catch block at 0xc3 in for 0x7faf123025
03-25 16:09:24.985 2443 2443 E ArmVmp : Match on catch block at 0xc3 in for 0x7faf123025
03-25 16:09:25.000 2443 2443 E ArmVmp : Match on catch block at 0xc3 in for 0x7faf123025
03-25 16:09:25.002 2443 2443 E ArmVmp : Match on catch block at 0xc3 in for 0x7faf123025
03-25 16:09:25.018 2443 2443 E ArmVmp : Match on catch block at 0xc3 in for 0x7faf123025
03-25 16:09:25.020 2443 2443 E ArmVmp : Match on catch block at 0xc3 in for 0x7faf123025
03-25 16:09:25.036 2443 2443 E ArmVmp : Match on catch block at 0xc3 in for 0x7faf123025
03-25 16:09:25.038 2443 2443 E ArmVmp : Match on catch block at 0xc3 in for 0x7faf123025
03-25 16:09:25.053 2443 2443 E ArmVmp : Match on catch block at 0xc3 in for 0x7faf123025
03-25 16:09:25.056 2443 2443 E ArmVmp : Match on catch block at 0xc3 in for 0x7faf123025
03-25 16:09:25.071 2443 2443 E ArmVmp : Match on catch block at 0xc3 in for 0x7faf123025
03-25 16:09:25.074 2443 2443 E ArmVmp : Match on catch block at 0xc3 in for 0x7faf123025
03-25 16:09:25.089 2443 2443 E ArmVmp : Match on catch block at 0xc3 in for 0x7faf123025
03-25 16:09:25.092 2443 2443 E ArmVmp : Match on catch block at 0xc3 in for 0x7faf123025
03-25 16:09:25.109 2443 2443 E ArmVmp : Match on catch block at 0xc3 in for 0x7faf123025
03-25 16:09:25.111 2443 2443 E ArmVmp : Match on catch block at 0xc3 in for 0x7faf123025
03-25 16:09:25.124 2443 2443 E ArmVmp : Match on catch block at 0xc3 in for 0x7faf123025
03-25 16:09:25.128 2443 2443 E ArmVmp : Match on catch block at 0xc3 in for 0x7faf123025
03-25 16:09:25.217 2443 2443 E ArmVmp : Match on catch block at 0xc3 in for 0x7faf123025
03-25 16:09:25.222 2443 2443 E ArmVmp : Match on catch block at 0xc3 in for 0x7faf123025
03-25 16:09:25.248 2443 2443 E ArmVmp : Match on catch block at 0xc3 in for 0x7faf123025
03-25 16:09:25.251 2443 2443 E ArmVmp : Match on catch block at 0xc3 in for 0x7faf123025
03-25 16:09:25.259 2443 2443 E ArmVmp : Match on catch block at 0xc3 in for 0x7faf123025
03-25 16:09:25.261 2443 2443 E ArmVmp : Match on catch block at 0xc3 in for 0x7faf123025
03-25 16:09:25.270 2443 2443 E ArmVmp : Match on catch block at 0xc3 in for 0x7faf123025
03-25 16:09:25.272 2443 2443 E ArmVmp : Match on catch block at 0xc3 in for 0x7faf123025
03-25 16:09:25.284 2443 2443 E ArmVmp : Match on catch block at 0xc3 in for 0x7faf123025
03-25 16:09:25.286 2443 2443 E ArmVmp : Match on catch block at 0xc3 in for 0x7faf123025
03-25 16:09:25.303 2443 2443 E ArmVmp : Match on catch block at 0xc3 in for 0x7faf123025
03-25 16:09:25.305 2443 2443 E ArmVmp : Match on catch block at 0xc3 in for 0x7faf123025
03-25 16:09:25.321 2443 2443 E ArmVmp : Match on catch block at 0xc3 in for 0x7faf123025
03-25 16:09:25.323 2443 2443 E ArmVmp : Match on catch block at 0xc3 in for 0x7faf123025
03-25 16:09:25.347 2443 2443 E ArmVmp : Match on catch block at 0xc3 in for 0x7faf123025
03-25 16:09:25.350 2443 2443 E ArmVmp : Match on catch block at 0xc3 in for 0x7faf123025
03-25 16:09:25.356 2443 2443 E ArmVmp : Match on catch block at 0xc3 in for 0x7faf123025
03-25 16:09:25.358 2443 2443 E ArmVmp : Match on catch block at 0xc3 in for 0x7faf123025
03-25 16:09:25.373 2443 2443 E ArmVmp : Match on catch block at 0xc3 in for 0x7faf123025
03-25 16:09:25.375 2443 2443 E ArmVmp : Match on catch block at 0xc3 in for 0x7faf123025
03-25 16:09:25.391 2443 2443 E ArmVmp : Match on catch block at 0xc3 in for 0x7faf123025
03-25 16:09:25.393 2443 2443 E ArmVmp : Match on catch block at 0xc3 in for 0x7faf123025
03-25 16:09:25.409 2443 2443 E ArmVmp : Match on catch block at 0xc3 in for 0x7faf123025
03-25 16:09:25.411 2443 2443 E ArmVmp : Match on catch block at 0xc3 in for 0x7faf123025
03-25 16:09:25.430 2443 2443 E ArmVmp : Match on catch block at 0xc3 in for 0x7faf123025
03-25 16:09:25.432 2443 2443 E ArmVmp : Match on catch block at 0xc3 in for 0x7faf123025
03-25 16:09:25.444 2443 2443 E ArmVmp : Match on catch block at 0xc3 in for 0x7faf123025
03-25 16:09:25.446 2443 2443 E ArmVmp : Match on catch block at 0xc3 in for 0x7faf123025
03-25 16:09:25.462 2443 2443 E ArmVmp : Match on catch block at 0xc3 in for 0x7faf123025
03-25 16:09:25.466 2443 2443 E ArmVmp : Match on catch block at 0xc3 in for 0x7faf123025
03-25 16:09:25.480 2443 2443 E ArmVmp : Match on catch block at 0xc3 in for 0x7faf123025
03-25 16:09:25.483 2443 2443 E ArmVmp : Match on catch block at 0xc3 in for 0x7faf123025
03-25 16:09:25.497 2443 2443 E ArmVmp : Match on catch block at 0xc3 in for 0x7faf123025
03-25 16:09:25.500 2443 2443 E ArmVmp : Match on catch block at 0xc3 in for 0x7faf123025
03-25 16:09:25.516 2443 2443 E ArmVmp : Match on catch block at 0xc3 in for 0x7faf123025
03-25 16:09:25.518 2443 2443 E ArmVmp : Match on catch block at 0xc3 in for 0x7faf123025
03-25 16:09:25.533 2443 2443 E ArmVmp : Match on catch block at 0xc3 in for 0x7faf123025
03-25 16:09:25.535 2443 2443 E ArmVmp : Match on catch block at 0xc3 in for 0x7faf123025
03-25 16:09:25.551 2443 2443 E ArmVmp : Match on catch block at 0xc3 in for 0x7faf123025
03-25 16:09:25.555 2443 2443 E ArmVmp : Match on catch block at 0xc3 in for 0x7faf123025
03-25 16:09:25.607 2443 2443 E ArmVmp : Match on catch block at 0xc3 in for 0x7faf123025
03-25 16:09:25.612 2443 2443 E ArmVmp : Match on catch block at 0xc3 in for 0x7faf123025
03-25 16:09:25.625 2443 2443 E ArmVmp : Match on catch block at 0xc3 in for 0x7faf123025
03-25 16:09:25.630 2443 2443 E ArmVmp : Match on catch block at 0xc3 in for 0x7faf123025
03-25 16:09:25.642 2443 2443 E ArmVmp : Match on catch block at 0xc3 in for 0x7faf123025
03-25 16:09:25.644 2443 2443 E ArmVmp : Match on catch block at 0xc3 in for 0x7faf123025
03-25 16:09:25.658 2443 2443 E ArmVmp : Match on catch block at 0xc3 in for 0x7faf123025
03-25 16:09:25.660 2443 2443 E ArmVmp : Match on catch block at 0xc3 in for 0x7faf123025
03-25 16:09:25.676 2443 2443 E ArmVmp : Match on catch block at 0xc3 in for 0x7faf123025
03-25 16:09:25.679 2443 2443 E ArmVmp : Match on catch block at 0xc3 in for 0x7faf123025
03-25 16:09:25.694 2443 2443 E ArmVmp : Match on catch block at 0xc3 in for 0x7faf123025
03-25 16:09:25.696 2443 2443 E ArmVmp : Match on catch block at 0xc3 in for 0x7faf123025
03-25 16:09:25.764 2443 2443 E ArmVmp : Match on catch block at 0xc3 in for 0x7faf123025
03-25 16:09:25.769 2443 2443 E ArmVmp : Match on catch block at 0xc3 in for 0x7faf123025
03-25 16:09:25.836 2443 2443 E ArmVmp : Match on catch block at 0xc3 in for 0x7faf123025
03-25 16:09:25.840 2443 2443 E ArmVmp : Match on catch block at 0xc3 in for 0x7faf123025
03-25 16:09:25.873 2443 2443 E ArmVmp : Match on catch block at 0xc3 in for 0x7faf123025
03-25 16:09:25.877 2443 2443 E ArmVmp : Match on catch block at 0xc3 in for 0x7faf123025
03-25 16:09:25.889 2443 2443 E ArmVmp : Match on catch block at 0xc3 in for 0x7faf123025
03-25 16:09:25.892 2443 2443 E ArmVmp : Match on catch block at 0xc3 in for 0x7faf123025
03-25 16:09:25.960 2443 2443 E ArmVmp : Match on catch block at 0xc3 in for 0x7faf123025
03-25 16:09:25.964 2443 2443 E ArmVmp : Match on catch block at 0xc3 in for 0x7faf123025
03-25 16:09:26.031 2443 2443 E ArmVmp : Match on catch block at 0xc3 in for 0x7faf123025
03-25 16:09:26.036 2443 2443 E ArmVmp : Match on catch block at 0xc3 in for 0x7faf123025
03-25 16:09:26.103 2443 2443 E ArmVmp : Match on catch block at 0xc3 in for 0x7faf123025
03-25 16:09:26.107 2443 2443 E ArmVmp : Match on catch block at 0xc3 in for 0x7faf123025
03-25 16:09:26.156 2443 2443 E ArmVmp : Match on catch block at 0xc3 in for 0x7faf123025
03-25 16:09:26.160 2443 2443 E ArmVmp : Match on catch block at 0xc3 in for 0x7faf123025
03-25 16:09:26.172 2443 2443 E ArmVmp : Match on catch block at 0xc3 in for 0x7faf123025
03-25 16:09:26.176 2443 2443 E ArmVmp : Match on catch block at 0xc3 in for 0x7faf123025
03-25 16:09:26.209 2443 2443 E ArmVmp : Match on catch block at 0xc3 in for 0x7faf123025
03-25 16:09:26.211 2443 2443 E ArmVmp : Match on catch block at 0xc3 in for 0x7faf123025
03-25 16:09:26.220 2443 2443 E ArmVmp : Match on catch block at 0xc3 in for 0x7faf123025
03-25 16:09:26.222 2443 2443 E ArmVmp : Match on catch block at 0xc3 in for 0x7faf123025
03-25 16:09:26.229 2443 2443 E ArmVmp : Match on catch block at 0xc3 in for 0x7faf123025
03-25 16:09:26.231 2443 2443 E ArmVmp : Match on catch block at 0xc3 in for 0x7faf123025
03-25 16:09:26.243 2443 2443 E ArmVmp : Match on catch block at 0xc3 in for 0x7faf123025
03-25 16:09:26.246 2443 2443 E ArmVmp : Match on catch block at 0xc3 in for 0x7faf123025
03-25 16:09:26.262 2443 2443 E ArmVmp : Match on catch block at 0xc3 in for 0x7faf123025
03-25 16:09:26.265 2443 2443 E ArmVmp : Match on catch block at 0xc3 in for 0x7faf123025
03-25 16:09:26.279 2443 2443 E ArmVmp : Match on catch block at 0xc3 in for 0x7faf123025
03-25 16:09:26.282 2443 2443 E ArmVmp : Match on catch block at 0xc3 in for 0x7faf123025
03-25 16:09:26.297 2443 2443 E ArmVmp : Match on catch block at 0xc3 in for 0x7faf123025
03-25 16:09:26.300 2443 2443 E ArmVmp : Match on catch block at 0xc3 in for 0x7faf123025
03-25 16:09:26.314 2443 2443 E ArmVmp : Match on catch block at 0xc3 in for 0x7faf123025
03-25 16:09:26.317 2443 2443 E ArmVmp : Match on catch block at 0xc3 in for 0x7faf123025
03-25 16:09:26.331 2443 2443 E ArmVmp : Match on catch block at 0xc3 in for 0x7faf123025
03-25 16:09:26.333 2443 2443 E ArmVmp : Match on catch block at 0xc3 in for 0x7faf123025
03-25 16:09:26.349 2443 2443 E ArmVmp : Match on catch block at 0xc3 in for 0x7faf123025
03-25 16:09:26.351 2443 2443 E ArmVmp : Match on catch block at 0xc3 in for 0x7faf123025
03-25 16:09:26.367 2443 2443 E ArmVmp : Match on catch block at 0xc3 in for 0x7faf123025
03-25 16:09:26.369 2443 2443 E ArmVmp : Match on catch block at 0xc3 in for 0x7faf123025
03-25 16:09:26.394 2443 2443 E ArmVmp : Match on catch block at 0xc3 in for 0x7faf123025
03-25 16:09:26.396 2443 2443 E ArmVmp : Match on catch block at 0xc3 in for 0x7faf123025
03-25 16:09:26.403 2443 2443 E ArmVmp : Match on catch block at 0xc3 in for 0x7faf123025
03-25 16:09:26.406 2443 2443 E ArmVmp : Match on catch block at 0xc3 in for 0x7faf123025
03-25 16:09:26.420 2443 2443 E ArmVmp : Match on catch block at 0xc3 in for 0x7faf123025
03-25 16:09:26.423 2443 2443 E ArmVmp : Match on catch block at 0xc3 in for 0x7faf123025
03-25 16:09:26.439 2443 2443 E ArmVmp : Match on catch block at 0xc3 in for 0x7faf123025
03-25 16:09:26.441 2443 2443 E ArmVmp : Match on catch block at 0xc3 in for 0x7faf123025
03-25 16:09:26.456 2443 2443 E ArmVmp : Match on catch block at 0xc3 in for 0x7faf123025
03-25 16:09:26.458 2443 2443 E ArmVmp : Match on catch block at 0xc3 in for 0x7faf123025
03-25 16:09:26.473 2443 2443 E ArmVmp : Match on catch block at 0xc3 in for 0x7faf123025
03-25 16:09:26.476 2443 2443 E ArmVmp : Match on catch block at 0xc3 in for 0x7faf123025
