03-25 16:10:38.356 2443 2540 E SQLiteDatabase: Error inserting transferred=1 media_job_uuid=f678f8a6-0d9c-4331-bea9-42af4dba99cb transcoded=0 gif_attribution=0 first_scan_length=0 direct_path=/v/t62.15575- 24/21583263_1084325909508700_64863599418435229_n.enc?ccb=11-4&oh=01_AdT2hEdm- 6MNrBWeuNMiGN1dwQlgKza6hYDxca-nxL-NXA&oe=66296327&_nc_sid=5e03e0 thumbnail_height_width_ratio=1.0 is_animated_sticker=0 file_hash=5kdSKdXh4gPrimy1bvd/g5P7Al0uvHB1IK5ElLBo46Q= file_path=Media/MBWhatsApp Stickers/STK-20240325-WA0009.webp file_size=0 partial_media_hash=null face_x=0 face_y=0 height=64 trim_to=0 media_key_timestamp=1711397355000 message_url=https://mmg.whatsapp.net/v/t62.15575- 24/21583263_1084325909508700_64863599418435229_n.enc?ccb=11-4&oh=01_AdT2hEdm- 6MNrBWeuNMiGN1dwQlgKza6hYDxca-nxL-NXA&oe=66296327&_nc_sid=5e03e0&mms3=true media_caption=null trim_from=0 mime_type=image/webp partial_media_enc_hash=null width=64 original_file_hash=null has_streaming_sidecar=0 autotransfer_retry_enabled=1 media_upload_handle=null message_row_id=42 multicast_id=null enc_file_hash=1iohBi3NRnYDB6s56Q+LgoAerAgyRgiX2AGViOS6E1U= mute_video=0 page_count=0 first_scan_sidecar=null suspicious_content=0 file_length=70976 media_name=null media_duration=0 chat_row_id=3 media_key=[B@1313ad6
03-25 16:10:38.356 2443 2540 E SQLiteDatabase: android.database.sqlite.SQLiteConstraintException: UNIQUE constraint failed: message_media.message_row_id (code 1555 SQLITE_CONSTRAINT_PRIMARYKEY)
03-25 16:10:38.356 2443 2540 E SQLiteDatabase: at android.database.sqlite.SQLiteConnection.nativeExecuteForLastInsertedRowId(Native Method)
03-25 16:10:38.356 2443 2540 E SQLiteDatabase: at android.database.sqlite.SQLiteConnection.executeForLastInsertedRowId(SQLiteConnecti on.java:961)
03-25 16:10:38.356 2443 2540 E SQLiteDatabase: at android.database.sqlite.SQLiteSession.executeForLastInsertedRowId(SQLiteSession.jav a:790)
03-25 16:10:38.356 2443 2540 E SQLiteDatabase: at android.database.sqlite.SQLiteStatement.executeInsert(SQLiteStatement.java:89)
03-25 16:10:38.356 2443 2540 E SQLiteDatabase: at android.database.sqlite.SQLiteDatabase.insertWithOnConflict(SQLiteDatabase.java:187 4)
03-25 16:10:38.356 2443 2540 E SQLiteDatabase: at android.database.sqlite.SQLiteDatabase.insert(SQLiteDatabase.java:1743)
03-25 16:10:38.356 2443 2540 E SQLiteDatabase: at X.2tm.A08(Unknown Source:6)
03-25 16:10:38.356 2443 2540 E SQLiteDatabase: at X.35Y.A07(Unknown Source:212)
03-25 16:10:38.356 2443 2540 E SQLiteDatabase: at X.3QF.A14(Unknown Source:470)
03-25 16:10:38.356 2443 2540 E SQLiteDatabase: at X.3gU.run(Unknown Source:982)
03-25 16:10:38.356 2443 2540 E SQLiteDatabase: at android.os.Handler.handleCallback(Handler.java:942)
03-25 16:10:38.356 2443 2540 E SQLiteDatabase: at android.os.Handler.dispatchMessage(Handler.java:99)
03-25 16:10:38.356 2443 2540 E SQLiteDatabase: at X.0zq.dispatchMessage(Unknown Source:4)
03-25 16:10:38.356 2443 2540 E SQLiteDatabase: at android.os.Looper.loopOnce(Looper.java:204)
03-25 16:10:38.356 2443 2540 E SQLiteDatabase: at android.os.Looper.loop(Looper.java:291)
03-25 16:10:38.356 2443 2540 E SQLiteDatabase: at android.os.HandlerThread.run(HandlerThread.java:67)
03-25 16:10:38.357 2443 2443 E ArmVmp : Match on catch block at 0xc3 in for 0x7faf123025
03-25 16:10:38.359 2443 2443 E ArmVmp : Match on catch block at 0xc3 in for 0x7faf123025
03-25 16:10:38.375 2443 2443 E ArmVmp : Match on catch block at 0xc3 in for 0x7faf123025
03-25 16:10:38.377 2443 2443 E ArmVmp : Match on catch block at 0xc3 in for 0x7faf123025
03-25 16:10:38.392 2443 2443 E ArmVmp : Match on catch block at 0xc3 in for 0x7faf123025
03-25 16:10:38.394 2443 2443 E ArmVmp : Match on catch block at 0xc3 in for 0x7faf123025
03-25 16:10:38.481 2443 2443 E ArmVmp : Match on catch block at 0xc3 in for 0x7faf123025
03-25 16:10:38.484 2443 2443 E ArmVmp : Match on catch block at 0xc3 in for 0x7faf123025
03-25 16:10:38.498 2443 2443 E ArmVmp : Match on catch block at 0xc3 in for 0x7faf123025
03-25 16:10:38.500 2443 2443 E ArmVmp : Match on catch block at 0xc3 in for 0x7faf123025
03-25 16:10:38.534 2443 2443 E ArmVmp : Match on catch block at 0xc3 in for 0x7faf123025
03-25 16:10:38.537 2443 2443 E ArmVmp : Match on catch block at 0xc3 in for 0x7faf123025
03-25 16:10:38.552 2443 2443 E ArmVmp : Match on catch block at 0xc3 in for 0x7faf123025
03-25 16:10:38.555 2443 2443 E ArmVmp : Match on catch block at 0xc3 in for 0x7faf123025
03-25 16:10:38.585 2443 2443 E ArmVmp : Match on catch block at 0xc3 in for 0x7faf123025
03-25 16:10:38.588 2443 2443 E ArmVmp : Match on catch block at 0xc3 in for 0x7faf123025
03-25 16:10:38.600 2443 2443 E ArmVmp : Match on catch block at 0xc3 in for 0x7faf123025
03-25 16:10:38.602 2443 2443 E ArmVmp : Match on catch block at 0xc3 in for 0x7faf123025
03-25 16:10:38.617 2443 2443 E ArmVmp : Match on catch block at 0xc3 in for 0x7faf123025
03-25 16:10:38.620 2443 2443 E ArmVmp : Match on catch block at 0xc3 in for 0x7faf123025
03-25 16:10:38.633 2443 2443 E ArmVmp : Match on catch block at 0xc3 in for 0x7faf123025
03-25 16:10:38.635 2443 2443 E ArmVmp : Match on catch block at 0xc3 in for 0x7faf123025
03-25 16:10:38.651 2443 2443 E ArmVmp : Match on catch block at 0xc3 in for 0x7faf123025
03-25 16:10:38.653 2443 2443 E ArmVmp : Match on catch block at 0xc3 in for 0x7faf123025
03-25 16:10:38.663 2443 2443 E ArmVmp : Match on catch block at 0xc3 in for 0x7faf123025
03-25 16:10:38.665 2443 2443 E ArmVmp : Match on catch block at 0xc3 in for 0x7faf123025
03-25 16:10:38.686 2443 2443 E ArmVmp : Match on catch block at 0xc3 in for 0x7faf123025
03-25 16:10:38.688 2443 2443 E ArmVmp : Match on catch block at 0xc3 in for 0x7faf123025
03-25 16:10:38.694 2443 2443 E ArmVmp : Match on catch block at 0xc3 in for 0x7faf123025
03-25 16:10:38.697 2443 2443 E ArmVmp : Match on catch block at 0xc3 in for 0x7faf123025
03-25 16:10:38.713 2443 2443 E ArmVmp : Match on catch block at 0xc3 in for 0x7faf123025
03-25 16:10:38.715 2443 2443 E ArmVmp : Match on catch block at 0xc3 in for 0x7faf123025
03-25 16:10:38.730 2443 2443 E ArmVmp : Match on catch block at 0xc3 in for 0x7faf123025
03-25 16:10:38.732 2443 2443 E ArmVmp : Match on catch block at 0xc3 in for 0x7faf123025
03-25 16:10:38.748 2443 2443 E ArmVmp : Match on catch block at 0xc3 in for 0x7faf123025
03-25 16:10:38.750 2443 2443 E ArmVmp : Match on catch block at 0xc3 in for 0x7faf123025
03-25 16:10:38.766 2443 2443 E ArmVmp : Match on catch block at 0xc3 in for 0x7faf123025
03-25 16:10:38.769 2443 2443 E ArmVmp : Match on catch block at 0xc3 in for 0x7faf123025
03-25 16:10:38.784 2443 2443 E ArmVmp : Match on catch block at 0xc3 in for 0x7faf123025
03-25 16:10:38.786 2443 2443 E ArmVmp : Match on catch block at 0xc3 in for 0x7faf123025
03-25 16:10:38.801 2443 2443 E ArmVmp : Match on catch block at 0xc3 in for 0x7faf123025
03-25 16:10:38.803 2443 2443 E ArmVmp : Match on catch block at 0xc3 in for 0x7faf123025
03-25 16:10:38.819 2443 2443 E ArmVmp : Match on catch block at 0xc3 in for 0x7faf123025
03-25 16:10:38.821 2443 2443 E ArmVmp : Match on catch block at 0xc3 in for 0x7faf123025
03-25 16:10:38.837 2443 2443 E ArmVmp : Match on catch block at 0xc3 in for 0x7faf123025
03-25 16:10:38.839 2443 2443 E ArmVmp : Match on catch block at 0xc3 in for 0x7faf123025
03-25 16:10:38.854 2443 2443 E ArmVmp : Match on catch block at 0xc3 in for 0x7faf123025
03-25 16:10:38.857 2443 2443 E ArmVmp : Match on catch block at 0xc3 in for 0x7faf123025
03-25 16:10:38.872 2443 2443 E ArmVmp : Match on catch block at 0xc3 in for 0x7faf123025
03-25 16:10:38.875 2443 2443 E ArmVmp : Match on catch block at 0xc3 in for 0x7faf123025
03-25 16:10:38.891 2443 2443 E ArmVmp : Match on catch block at 0xc3 in for 0x7faf123025
03-25 16:10:38.893 2443 2443 E ArmVmp : Match on catch block at 0xc3 in for 0x7faf123025
03-25 16:10:38.908 2443 2443 E ArmVmp : Match on catch block at 0xc3 in for 0x7faf123025
03-25 16:10:38.910 2443 2443 E ArmVmp : Match on catch block at 0xc3 in for 0x7faf123025
03-25 16:10:38.943 2443 2443 E ArmVmp : Match on catch block at 0xc3 in for 0x7faf123025
03-25 16:10:38.945 2443 2443 E ArmVmp : Match on catch block at 0xc3 in for 0x7faf123025
03-25 16:10:38.961 2443 2443 E ArmVmp : Match on catch block at 0xc3 in for 0x7faf123025
03-25 16:10:38.964 2443 2443 E ArmVmp : Match on catch block at 0xc3 in for 0x7faf123025
03-25 16:10:38.979 2443 2443 E ArmVmp : Match on catch block at 0xc3 in for 0x7faf123025
03-25 16:10:38.983 2443 2443 E ArmVmp : Match on catch block at 0xc3 in for 0x7faf123025
03-25 16:10:38.996 2443 2443 E ArmVmp : Match on catch block at 0xc3 in for 0x7faf123025
03-25 16:10:38.999 2443 2443 E ArmVmp : Match on catch block at 0xc3 in for 0x7faf123025
03-25 16:10:39.014 2443 2443 E ArmVmp : Match on catch block at 0xc3 in for 0x7faf123025
03-25 16:10:39.016 2443 2443 E ArmVmp : Match on catch block at 0xc3 in for 0x7faf123025
03-25 16:10:39.032 2443 2443 E ArmVmp : Match on catch block at 0xc3 in for 0x7faf123025
03-25 16:10:39.035 2443 2443 E ArmVmp : Match on catch block at 0xc3 in for 0x7faf123025
03-25 16:10:39.050 2443 2443 E ArmVmp : Match on catch block at 0xc3 in for 0x7faf123025
03-25 16:10:39.052 2443 2443 E ArmVmp : Match on catch block at 0xc3 in for 0x7faf123025
03-25 16:10:39.070 2443 2443 E ArmVmp : Match on catch block at 0xc3 in for 0x7faf123025
03-25 16:10:39.073 2443 2443 E ArmVmp : Match on catch block at 0xc3 in for 0x7faf123025
03-25 16:10:39.086 2443 2443 E ArmVmp : Match on catch block at 0xc3 in for 0x7faf123025
03-25 16:10:39.088 2443 2443 E ArmVmp : Match on catch block at 0xc3 in for 0x7faf123025
03-25 16:10:39.102 2443 2443 E ArmVmp : Match on catch block at 0xc3 in for 0x7faf123025
03-25 16:10:39.104 2443 2443 E ArmVmp : Match on catch block at 0xc3 in for 0x7faf123025
03-25 16:10:39.120 2443 2443 E ArmVmp : Match on catch block at 0xc3 in for 0x7faf123025
03-25 16:10:39.122 2443 2443 E ArmVmp : Match on catch block at 0xc3 in for 0x7faf123025
03-25 16:10:39.138 2443 2443 E ArmVmp : Match on catch block at 0xc3 in for 0x7faf123025
03-25 16:10:39.140 2443 2443 E ArmVmp : Match on catch block at 0xc3 in for 0x7faf123025
03-25 16:10:39.156 2443 2443 E ArmVmp : Match on catch block at 0xc3 in for 0x7faf123025
03-25 16:10:39.158 2443 2443 E ArmVmp : Match on catch block at 0xc3 in for 0x7faf123025
03-25 16:10:39.173 2443 2443 E ArmVmp : Match on catch block at 0xc3 in for 0x7faf123025
03-25 16:10:39.176 2443 2443 E ArmVmp : Match on catch block at 0xc3 in for 0x7faf123025
03-25 16:10:39.191 2443 2443 E ArmVmp : Match on catch block at 0xc3 in for 0x7faf123025
03-25 16:10:39.194 2443 2443 E ArmVmp : Match on catch block at 0xc3 in for 0x7faf123025
03-25 16:10:39.209 2443 2443 E ArmVmp : Match on catch block at 0xc3 in for 0x7faf123025
03-25 16:10:39.211 2443 2443 E ArmVmp : Match on catch block at 0xc3 in for 0x7faf123025
03-25 16:10:39.227 2443 2443 E ArmVmp : Match on catch block at 0xc3 in for 0x7faf123025
03-25 16:10:39.229 2443 2443 E ArmVmp : Match on catch block at 0xc3 in for 0x7faf123025
03-25 16:10:39.262 2443 2443 E ArmVmp : Match on catch block at 0xc3 in for 0x7faf123025
03-25 16:10:39.264 2443 2443 E ArmVmp : Match on catch block at 0xc3 in for 0x7faf123025
03-25 16:10:39.280 2443 2443 E ArmVmp : Match on catch block at 0xc3 in for 0x7faf123025
03-25 16:10:39.285 2443 2443 E ArmVmp : Match on catch block at 0xc3 in for 0x7faf123025
03-25 16:10:39.298 2443 2443 E ArmVmp : Match on catch block at 0xc3 in for 0x7faf123025
03-25 16:10:39.301 2443 2443 E ArmVmp : Match on catch block at 0xc3 in for 0x7faf123025
03-25 16:10:39.333 2443 2443 E ArmVmp : Match on catch block at 0xc3 in for 0x7faf123025
03-25 16:10:39.335 2443 2443 E ArmVmp : Match on catch block at 0xc3 in for 0x7faf123025
03-25 16:10:39.352 2443 2443 E ArmVmp : Match on catch block at 0xc3 in for 0x7faf123025
03-25 16:10:39.354 2443 2443 E ArmVmp : Match on catch block at 0xc3 in for 0x7faf123025
03-25 16:10:39.369 2443 2443 E ArmVmp : Match on catch block at 0xc3 in for 0x7faf123025
03-25 16:10:39.372 2443 2443 E ArmVmp : Match on catch block at 0xc3 in for 0x7faf123025
03-25 16:10:39.404 2443 2443 E ArmVmp : Match on catch block at 0xc3 in for 0x7faf123025
03-25 16:10:39.407 2443 2443 E ArmVmp : Match on catch block at 0xc3 in for 0x7faf123025
03-25 16:10:39.422 2443 2443 E ArmVmp : Match on catch block at 0xc3 in for 0x7faf123025
03-25 16:10:39.426 2443 2443 E ArmVmp : Match on catch block at 0xc3 in for 0x7faf123025
03-25 16:10:39.439 2443 2443 E ArmVmp : Match on catch block at 0xc3 in for 0x7faf123025
03-25 16:10:39.442 2443 2443 E ArmVmp : Match on catch block at 0xc3 in for 0x7faf123025
03-25 16:10:39.475 2443 2443 E ArmVmp : Match on catch block at 0xc3 in for 0x7faf123025
03-25 16:10:39.477 2443 2443 E ArmVmp : Match on catch block at 0xc3 in for 0x7faf123025
03-25 16:10:39.493 2443 2443 E ArmVmp : Match on catch block at 0xc3 in for 0x7faf123025
03-25 16:10:39.498 2443 2443 E ArmVmp : Match on catch block at 0xc3 in for 0x7faf123025
03-25 16:10:39.511 2443 2443 E ArmVmp : Match on catch block at 0xc3 in for 0x7faf123025
03-25 16:10:39.514 2443 2443 E ArmVmp : Match on catch block at 0xc3 in for 0x7faf123025
03-25 16:10:39.529 2443 2443 E ArmVmp : Match on catch block at 0xc3 in for 0x7faf123025
03-25 16:10:39.531 2443 2443 E ArmVmp : Match on catch block at 0xc3 in for 0x7faf123025
03-25 16:10:39.547 2443 2443 E ArmVmp : Match on catch block at 0xc3 in for 0x7faf123025
03-25 16:10:39.549 2443 2443 E ArmVmp : Match on catch block at 0xc3 in for 0x7faf123025
03-25 16:10:39.565 2443 2443 E ArmVmp : Match on catch block at 0xc3 in for 0x7faf123025
03-25 16:10:39.568 2443 2443 E ArmVmp : Match on catch block at 0xc3 in for 0x7faf123025
03-25 16:10:39.583 2443 2443 E ArmVmp : Match on catch block at 0xc3 in for 0x7faf123025
03-25 16:10:39.585 2443 2443 E ArmVmp : Match on catch block at 0xc3 in for 0x7faf123025
03-25 16:10:39.600 2443 2443 E ArmVmp : Match on catch block at 0xc3 in for 0x7faf123025
03-25 16:10:39.602 2443 2443 E ArmVmp : Match on catch block at 0xc3 in for 0x7faf123025
03-25 16:10:39.617 2443 2443 E ArmVmp : Match on catch block at 0xc3 in for 0x7faf123025
03-25 16:10:39.620 2443 2443 E ArmVmp : Match on catch block at 0xc3 in for 0x7faf123025
03-25 16:10:39.635 2443 2443 E ArmVmp : Match on catch block at 0xc3 in for 0x7faf123025
03-25 16:10:39.637 2443 2443 E ArmVmp : Match on catch block at 0xc3 in for 0x7faf123025
03-25 16:10:39.653 2443 2443 E ArmVmp : Match on catch block at 0xc3 in for 0x7faf123025
03-25 16:10:39.656 2443 2443 E ArmVmp : Match on catch block at 0xc3 in for 0x7faf123025
03-25 16:10:39.672 2443 2443 E ArmVmp : Match on catch block at 0xc3 in for 0x7faf123025
03-25 16:10:39.675 2443 2443 E ArmVmp : Match on catch block at 0xc3 in for 0x7faf123025
03-25 16:10:39.688 2443 2443 E ArmVmp : Match on catch block at 0xc3 in for 0x7faf123025
03-25 16:10:39.690 2443 2443 E ArmVmp : Match on catch block at 0xc3 in for 0x7faf123025
03-25 16:10:39.706 2443 2443 E ArmVmp : Match on catch block at 0xc3 in for 0x7faf123025
03-25 16:10:39.709 2443 2443 E ArmVmp : Match on catch block at 0xc3 in for 0x7faf123025
03-25 16:10:39.757 2443 2443 E ArmVmp : Match on catch block at 0xc3 in for 0x7faf123025
03-25 16:10:39.759 2443 2443 E ArmVmp : Match on catch block at 0xc3 in for 0x7faf123025
03-25 16:10:39.765 2443 2443 E ArmVmp : Match on catch block at 0xc3 in for 0x7faf123025
03-25 16:10:39.767 2443 2443 E ArmVmp : Match on catch block at 0xc3 in for 0x7faf123025
03-25 16:10:39.795 2443 2443 E ArmVmp : Match on catch block at 0xc3 in for 0x7faf123025
03-25 16:10:39.797 2443 2443 E ArmVmp : Match on catch block at 0xc3 in for 0x7faf123025
03-25 16:10:39.830 2443 2443 E ArmVmp : Match on catch block at 0xc3 in for 0x7faf123025
03-25 16:10:39.832 2443 2443 E ArmVmp : Match on catch block at 0xc3 in for 0x7faf123025
03-25 16:10:39.848 2443 2443 E ArmVmp : Match on catch block at 0xc3 in for 0x7faf123025
03-25 16:10:39.850 2443 2443 E ArmVmp : Match on catch block at 0xc3 in for 0x7faf123025
03-25 16:10:39.866 2443 2443 E ArmVmp : Match on catch block at 0xc3 in for 0x7faf123025
03-25 16:10:39.868 2443 2443 E ArmVmp : Match on catch block at 0xc3 in for 0x7faf123025
03-25 16:10:39.902 2443 2443 E ArmVmp : Match on catch block at 0xc3 in for 0x7faf123025
03-25 16:10:39.906 2443 2443 E ArmVmp : Match on catch block at 0xc3 in for 0x7faf123025
03-25 16:10:39.920 2443 2443 E ArmVmp : Match on catch block at 0xc3 in for 0x7faf123025
03-25 16:10:39.924 2443 2443 E ArmVmp : Match on catch block at 0xc3 in for 0x7faf123025
03-25 16:10:39.938 2443 2443 E ArmVmp : Match on catch block at 0xc3 in for 0x7faf123025
03-25 16:10:39.942 2443 2443 E ArmVmp : Match on catch block at 0xc3 in for 0x7faf123025
03-25 16:10:39.972 2443 2443 E ArmVmp : Match on catch block at 0xc3 in for 0x7faf123025
03-25 16:10:39.975 2443 2443 E ArmVmp : Match on catch block at 0xc3 in for 0x7faf123025
03-25 16:10:39.991 2443 2443 E ArmVmp : Match on catch block at 0xc3 in for 0x7faf123025
03-25 16:10:39.995 2443 2443 E ArmVmp : Match on catch block at 0xc3 in for 0x7faf123025
03-25 16:10:40.010 2443 2443 E ArmVmp : Match on catch block at 0xc3 in for 0x7faf123025
03-25 16:10:40.014 2443 2443 E ArmVmp : Match on catch block at 0xc3 in for 0x7faf123025
03-25 16:10:40.043 2443 2443 E ArmVmp : Match on catch block at 0xc3 in for 0x7faf123025
03-25 16:10:40.045 2443 2443 E ArmVmp : Match on catch block at 0xc3 in for 0x7faf123025
03-25 16:10:40.061 2443 2443 E ArmVmp : Match on catch block at 0xc3 in for 0x7faf123025
03-25 16:10:40.065 2443 2443 E ArmVmp : Match on catch block at 0xc3 in for 0x7faf123025
03-25 16:10:40.079 2443 2443 E ArmVmp : Match on catch block at 0xc3 in for 0x7faf123025
03-25 16:10:40.083 2443 2443 E ArmVmp : Match on catch block at 0xc3 in for 0x7faf123025
03-25 16:10:40.114 2443 2443 E ArmVmp : Match on catch block at 0xc3 in for 0x7faf123025
03-25 16:10:40.117 2443 2443 E ArmVmp : Match on catch block at 0xc3 in for 0x7faf123025
03-25 16:10:40.133 2443 2443 E ArmVmp : Match on catch block at 0xc3 in for 0x7faf123025
03-25 16:10:40.137 2443 2443 E ArmVmp : Match on catch block at 0xc3 in for 0x7faf123025
03-25 16:10:40.150 2443 2443 E ArmVmp : Match on catch block at 0xc3 in for 0x7faf123025
03-25 16:10:40.154 2443 2443 E ArmVmp : Match on catch block at 0xc3 in for 0x7faf123025
03-25 16:10:40.185 2443 2443 E ArmVmp : Match on catch block at 0xc3 in for 0x7faf123025
03-25 16:10:40.188 2443 2443 E ArmVmp : Match on catch block at 0xc3 in for 0x7faf123025
03-25 16:10:40.205 2443 2443 E ArmVmp : Match on catch block at 0xc3 in for 0x7faf123025
03-25 16:10:40.209 2443 2443 E ArmVmp : Match on catch block at 0xc3 in for 0x7faf123025
03-25 16:10:40.221 2443 2443 E ArmVmp : Match on catch block at 0xc3 in for 0x7faf123025
03-25 16:10:40.224 2443 2443 E ArmVmp : Match on catch block at 0xc3 in for 0x7faf123025
03-25 16:10:40.256 2443 2443 E ArmVmp : Match on catch block at 0xc3 in for 0x7faf123025
03-25 16:10:40.259 2443 2443 E ArmVmp : Match on catch block at 0xc3 in for 0x7faf123025
03-25 16:10:40.275 2443 2443 E ArmVmp : Match on catch block at 0xc3 in for 0x7faf123025
03-25 16:10:40.280 2443 2443 E ArmVmp : Match on catch block at 0xc3 in for 0x7faf123025
03-25 16:10:40.294 2443 2443 E ArmVmp : Match on catch block at 0xc3 in for 0x7faf123025
03-25 16:10:40.297 2443 2443 E ArmVmp : Match on catch block at 0xc3 in for 0x7faf123025
03-25 16:10:40.310 2443 2443 E ArmVmp : Match on catch block at 0xc3 in for 0x7faf123025
03-25 16:10:40.315 2443 2443 E ArmVmp : Match on catch block at 0xc3 in for 0x7faf123025
03-25 16:10:40.343 2443 2443 E ArmVmp : Match on catch block at 0xc3 in for 0x7faf123025
03-25 16:10:40.345 2443 2443 E ArmVmp : Match on catch block at 0xc3 in for 0x7faf123025
03-25 16:10:40.363 2443 2443 E ArmVmp : Match on catch block at 0xc3 in for 0x7faf123025
03-25 16:10:40.365 2443 2443 E ArmVmp : Match on catch block at 0xc3 in for 0x7faf123025
03-25 16:10:40.408 2443 2443 E ArmVmp : Match on catch block at 0xc3 in for 0x7faf123025
03-25 16:10:40.411 2443 2443 E ArmVmp : Match on catch block at 0xc3 in for 0x7faf123025
03-25 16:10:40.420 2443 2443 E ArmVmp : Match on catch block at 0xc3 in for 0x7faf123025
03-25 16:10:40.423 2443 2443 E ArmVmp : Match on catch block at 0xc3 in for 0x7faf123025
03-25 16:10:40.446 2443 2443 E ArmVmp : Match on catch block at 0xc3 in for 0x7faf123025
03-25 16:10:40.449 2443 2443 E ArmVmp : Match on catch block at 0xc3 in for 0x7faf123025
03-25 16:10:40.465 2443 2443 E ArmVmp : Match on catch block at 0xc3 in for 0x7faf123025
03-25 16:10:40.467 2443 2443 E ArmVmp : Match on catch block at 0xc3 in for 0x7faf123025
03-25 16:10:40.485 2443 2443 E ArmVmp : Match on catch block at 0xc3 in for 0x7faf123025
03-25 16:10:40.488 2443 2443 E ArmVmp : Match on catch block at 0xc3 in for 0x7faf123025
03-25 16:10:40.497 2443 2443 E ArmVmp : Match on catch block at 0xc3 in for 0x7faf123025
03-25 16:10:40.499 2443 2443 E ArmVmp : Match on catch block at 0xc3 in for 0x7faf123025
03-25 16:10:40.505 2443 2443 E ArmVmp : Match on catch block at 0xc3 in for 0x7faf123025
03-25 16:10:40.508 2443 2443 E ArmVmp : Match on catch block at 0xc3 in for 0x7faf123025
03-25 16:10:40.540 2443 2443 E ArmVmp : Match on catch block at 0xc3 in for 0x7faf123025
03-25 16:10:40.544 2443 2443 E ArmVmp : Match on catch block at 0xc3 in for 0x7faf123025
03-25 16:10:40.576 2443 2443 E ArmVmp : Match on catch block at 0xc3 in for 0x7faf123025
03-25 16:10:40.580 2443 2443 E ArmVmp : Match on catch block at 0xc3 in for 0x7faf123025
03-25 16:10:40.593 2443 2443 E ArmVmp : Match on catch block at 0xc3 in for 0x7faf123025
03-25 16:10:40.596 2443 2443 E ArmVmp : Match on catch block at 0xc3 in for 0x7faf123025
03-25 16:10:40.611 2443 2443 E ArmVmp : Match on catch block at 0xc3 in for 0x7faf123025
03-25 16:10:40.616 2443 2443 E ArmVmp : Match on catch block at 0xc3 in for 0x7faf123025
03-25 16:10:40.647 2443 2443 E ArmVmp : Match on catch block at 0xc3 in for 0x7faf123025
03-25 16:10:40.650 2443 2443 E ArmVmp : Match on catch block at 0xc3 in for 0x7faf123025
03-25 16:10:40.664 2443 2443 E ArmVmp : Match on catch block at 0xc3 in for 0x7faf123025
03-25 16:10:40.669 2443 2443 E ArmVmp : Match on catch block at 0xc3 in for 0x7faf123025
03-25 16:10:40.682 2443 2443 E ArmVmp : Match on catch block at 0xc3 in for 0x7faf123025
03-25 16:10:40.686 2443 2443 E ArmVmp : Match on catch block at 0xc3 in for 0x7faf123025
03-25 16:10:40.717 2443 2443 E ArmVmp : Match on catch block at 0xc3 in for 0x7faf123025
03-25 16:10:40.720 2443 2443 E ArmVmp : Match on catch block at 0xc3 in for 0x7faf123025
03-25 16:10:40.735 2443 2443 E ArmVmp : Match on catch block at 0xc3 in for 0x7faf123025
03-25 16:10:40.739 2443 2443 E ArmVmp : Match on catch block at 0xc3 in for 0x7faf123025
03-25 16:10:40.753 2443 2443 E ArmVmp : Match on catch block at 0xc3 in for 0x7faf123025
03-25 16:10:40.757 2443 2443 E ArmVmp : Match on catch block at 0xc3 in for 0x7faf123025
03-25 16:10:42.723 2443 2559 W Parcel : Expecting binder but got null!
03-25 16:10:44.059 2443 2540 E SQLiteDatabase: Error inserting transferred=1 media_job_uuid=507c64af-6a0b-4e2b-98ee-01c37b3ab776 transcoded=0 gif_attribution=0 first_scan_length=0 direct_path=/v/t62.15575- 24/34580403_394986993162613_4898126461035327510_n.enc?ccb=11- 4&oh=01_AdSZyeYWyU9JkMFcO2cZOZQWlexFsV68VZbd8OtiRrXK0Q&oe=662962C7&_nc_sid=5e03e0 thumbnail_height_width_ratio=1.0 is_animated_sticker=0 file_hash=pFxmmo16OD6hopyYSSmRZPscGkFPbQQ6kJdV3EIPpF8= file_path=Media/MBWhatsApp Stickers/STK-20240325-WA0024.webp file_size=33864 partial_media_hash=null face_x=0 face_y=0 height=64 trim_to=0 media_key_timestamp=1711397442000 message_url=https://mmg.whatsapp.net/v/t62.15575- 24/34580403_394986993162613_4898126461035327510_n.enc?ccb=11- 4&oh=01_AdSZyeYWyU9JkMFcO2cZOZQWlexFsV68VZbd8OtiRrXK0Q&oe=662962C7&_nc_sid=5e03e0&m ms3=true media_caption=null trim_from=0 mime_type=image/webp partial_media_enc_hash=null width=64 original_file_hash=null has_streaming_sidecar=0 autotransfer_retry_enabled=1 media_upload_handle=null message_row_id=43 multicast_id=null enc_file_hash=e1gTUbmIlKC24JYlP6HNtN3JxGm753n6HAayN3EnRB0= mute_video=0 page_count=0 first_scan_sidecar=null suspicious_content=0 file_length=33864 media_name=null media_duration=0 chat_row_id=3 media_key=[B@9b21e25
03-25 16:10:44.059 2443 2540 E SQLiteDatabase: android.database.sqlite.SQLiteConstraintException: UNIQUE constraint failed: message_media.message_row_id (code 1555 SQLITE_CONSTRAINT_PRIMARYKEY)
03-25 16:10:44.059 2443 2540 E SQLiteDatabase: at android.database.sqlite.SQLiteConnection.nativeExecuteForLastInsertedRowId(Native Method)
03-25 16:10:44.059 2443 2540 E SQLiteDatabase: at android.database.sqlite.SQLiteConnection.executeForLastInsertedRowId(SQLiteConnecti on.java:961)
03-25 16:10:44.059 2443 2540 E SQLiteDatabase: at android.database.sqlite.SQLiteSession.executeForLastInsertedRowId(SQLiteSession.jav a:790)
03-25 16:10:44.059 2443 2540 E SQLiteDatabase: at android.database.sqlite.SQLiteStatement.executeInsert(SQLiteStatement.java:89)
03-25 16:10:44.059 2443 2540 E SQLiteDatabase: at android.database.sqlite.SQLiteDatabase.insertWithOnConflict(SQLiteDatabase.java:187 4)
03-25 16:10:44.059 2443 2540 E SQLiteDatabase: at android.database.sqlite.SQLiteDatabase.insert(SQLiteDatabase.java:1743)
03-25 16:10:44.059 2443 2540 E SQLiteDatabase: at X.2tm.A08(Unknown Source:6)
03-25 16:10:44.059 2443 2540 E SQLiteDatabase: at X.35Y.A07(Unknown Source:212)
03-25 16:10:44.059 2443 2540 E SQLiteDatabase: at X.3QF.A14(Unknown Source:470)
03-25 16:10:44.059 2443 2540 E SQLiteDatabase: at X.3gU.run(Unknown Source:982)
03-25 16:10:44.059 2443 2540 E SQLiteDatabase: at android.os.Handler.handleCallback(Handler.java:942)
03-25 16:10:44.059 2443 2540 E SQLiteDatabase: at android.os.Handler.dispatchMessage(Handler.java:99)
03-25 16:10:44.059 2443 2540 E SQLiteDatabase: at X.0zq.dispatchMessage(Unknown Source:4)
03-25 16:10:44.059 2443 2540 E SQLiteDatabase: at android.os.Looper.loopOnce(Looper.java:204)
03-25 16:10:44.059 2443 2540 E SQLiteDatabase: at android.os.Looper.loop(Looper.java:291)
03-25 16:10:44.059 2443 2540 E SQLiteDatabase: at android.os.HandlerThread.run(HandlerThread.java:67)
03-25 16:10:44.428 2443 2443 E RippleDrawable: The RippleDrawable.STYLE_PATTERNED animation is not supported for a non-hardware accelerated Canvas. Skipping animation.
03-25 16:10:44.430 2443 2443 E RippleDrawable: The RippleDrawable.STYLE_PATTERNED animation is not supported for a non-hardware accelerated Canvas. Skipping animation.
03-25 16:10:44.515 2443 2443 W libc : Access denied finding property "vendor.transsion.scroll_adjust.support"
03-25 16:10:44.515 2443 2443 W libc : Access denied finding property "vendor.transsion.scroll_adjust.support"
03-25 16:10:44.684 2443 2559 W Parcel : Expecting binder but got null!
03-25 16:10:47.598 2443 2540 E SQLiteDatabase: Error inserting transferred=1 media_job_uuid=7ed639fb-d337-4653-9dc2-4e619ec83774 transcoded=0 gif_attribution=0 first_scan_length=0 direct_path=/v/t62.15575- 24/30021378_915618170245594_5010250718638530921_n.enc?ccb=11- 4&oh=01_AdSbpbHbUiwR263Pk1kaNCRLgelybB2fgywItKs_zy_3Mw&oe=6629567F&_nc_sid=5e03e0 thumbnail_height_width_ratio=1.0 is_animated_sticker=0 file_hash=oPHoOKcGiK2BaQj5A25xFOEIz2T7HOnz6fkYV0rJTWg= file_path=Media/MBWhatsApp Stickers/STK-20240325-WA0025.webp file_size=59356 partial_media_hash=null face_x=0 face_y=0 height=64 trim_to=0 media_key_timestamp=1711397446000 message_url=https://mmg.whatsapp.net/v/t62.15575- 24/30021378_915618170245594_5010250718638530921_n.enc?ccb=11- 4&oh=01_AdSbpbHbUiwR263Pk1kaNCRLgelybB2fgywItKs_zy_3Mw&oe=6629567F&_nc_sid=5e03e0&m ms3=true media_caption=null trim_from=0 mime_type=image/webp partial_media_enc_hash=null width=64 original_file_hash=null has_streaming_sidecar=0 autotransfer_retry_enabled=1 media_upload_handle=null message_row_id=44 multicast_id=null enc_file_hash=yGifyLozJs+ev6nxoPz/2N9EzSB27fOXP8q5sf1ND9c= mute_video=0 page_count=0 first_scan_sidecar=null suspicious_content=0 file_length=59356 media_name=null media_duration=0 chat_row_id=3 media_key=[B@83d748c
03-25 16:10:47.598 2443 2540 E SQLiteDatabase: android.database.sqlite.SQLiteConstraintException: UNIQUE constraint failed: message_media.message_row_id (code 1555 SQLITE_CONSTRAINT_PRIMARYKEY)
03-25 16:10:47.598 2443 2540 E SQLiteDatabase: at android.database.sqlite.SQLiteConnection.nativeExecuteForLastInsertedRowId(Native Method)
03-25 16:10:47.598 2443 2540 E SQLiteDatabase: at android.database.sqlite.SQLiteConnection.executeForLastInsertedRowId(SQLiteConnecti on.java:961)
03-25 16:10:47.598 2443 2540 E SQLiteDatabase: at android.database.sqlite.SQLiteSession.executeForLastInsertedRowId(SQLiteSession.jav a:790)
03-25 16:10:47.598 2443 2540 E SQLiteDatabase: at android.database.sqlite.SQLiteStatement.executeInsert(SQLiteStatement.java:89)
03-25 16:10:47.598 2443 2540 E SQLiteDatabase: at android.database.sqlite.SQLiteDatabase.insertWithOnConflict(SQLiteDatabase.java:187 4)
03-25 16:10:47.598 2443 2540 E SQLiteDatabase: at android.database.sqlite.SQLiteDatabase.insert(SQLiteDatabase.java:1743)
03-25 16:10:47.598 2443 2540 E SQLiteDatabase: at X.2tm.A08(Unknown Source:6)
03-25 16:10:47.598 2443 2540 E SQLiteDatabase: at X.35Y.A07(Unknown Source:212)
03-25 16:10:47.598 2443 2540 E SQLiteDatabase: at X.3QF.A14(Unknown Source:470)
03-25 16:10:47.598 2443 2540 E SQLiteDatabase: at X.3gU.run(Unknown Source:982)
03-25 16:10:47.598 2443 2540 E SQLiteDatabase: at android.os.Handler.handleCallback(Handler.java:942)
03-25 16:10:47.598 2443 2540 E SQLiteDatabase: at android.os.Handler.dispatchMessage(Handler.java:99)
03-25 16:10:47.598 2443 2540 E SQLiteDatabase: at X.0zq.dispatchMessage(Unknown Source:4)
03-25 16:10:47.598 2443 2540 E SQLiteDatabase: at android.os.Looper.loopOnce(Looper.java:204)
03-25 16:10:47.598 2443 2540 E SQLiteDatabase: at android.os.Looper.loop(Looper.java:291)
03-25 16:10:47.598 2443 2540 E SQLiteDatabase: at android.os.HandlerThread.run(HandlerThread.java:67)
03-25 16:10:47.821 2443 2443 W ViewRootImpl: Not reporting timeline because gpuCompletedTime is 7.201910644480894E10ms ahead of presentTime. FRAME_TIMELINE_VSYNC_ID=28500515, INPUT_EVENT_ID=624522164
03-25 16:10:47.839 2443 2443 W ViewRootImpl: Not reporting timeline because gpuCompletedTime is 7.342833997448521E10ms ahead of presentTime. FRAME_TIMELINE_VSYNC_ID=28500551, INPUT_EVENT_ID=503436063
03-25 16:10:47.858 2443 2443 W ViewRootImpl: Not reporting timeline because gpuCompletedTime is 7.230490534436873E10ms ahead of presentTime. FRAME_TIMELINE_VSYNC_ID=28500586, INPUT_EVENT_ID=700124315
03-25 16:10:47.893 2443 2443 W ViewRootImpl: Not reporting timeline because gpuCompletedTime is 4.611669485562447E12ms ahead of presentTime. FRAME_TIMELINE_VSYNC_ID=28500665, INPUT_EVENT_ID=14089335
03-25 16:10:47.898 2443 2443 W ViewRootImpl: Not reporting timeline because gpuCompletedTime is 1.4407670039410034E11ms ahead of presentTime. FRAME_TIMELINE_VSYNC_ID=28500701, INPUT_EVENT_ID=922295406
03-25 16:10:47.928 2443 2443 W ViewRootImpl: Not reporting timeline because gpuCompletedTime is 7.342928048368988E10ms ahead of presentTime. FRAME_TIMELINE_VSYNC_ID=28500737, INPUT_EVENT_ID=658233009
03-25 16:10:47.932 2443 2443 W ViewRootImpl: Not reporting timeline because gpuCompletedTime is 7.230606920867636E10ms ahead of presentTime. FRAME_TIMELINE_VSYNC_ID=28500773, INPUT_EVENT_ID=384551965
03-25 16:10:47.965 2443 2443 W ViewRootImpl: Not reporting timeline because gpuCompletedTime is 4.611669485473701E12ms ahead of presentTime. FRAME_TIMELINE_VSYNC_ID=28500859, INPUT_EVENT_ID=136090444
03-25 16:10:47.984 2443 2443 W ViewRootImpl: Not reporting timeline because gpuCompletedTime is 7.201910626743091E10ms ahead of presentTime. FRAME_TIMELINE_VSYNC_ID=28500902, INPUT_EVENT_ID=872458888
03-25 16:10:47.999 2443 2443 W ViewRootImpl: Not reporting timeline because gpuCompletedTime is 7.455283954461888E10ms ahead of presentTime. FRAME_TIMELINE_VSYNC_ID=28500945, INPUT_EVENT_ID=361032755
03-25 16:10:48.018 2443 2443 W ViewRootImpl: Not reporting timeline because gpuCompletedTime is 7.708595540386409E10ms ahead of presentTime. FRAME_TIMELINE_VSYNC_ID=28500988, INPUT_EVENT_ID=308648575
03-25 16:10:48.054 2443 2443 W ViewRootImpl: Not reporting timeline because gpuCompletedTime is 4.611669485385026E12ms ahead of presentTime. FRAME_TIMELINE_VSYNC_ID=28501081, INPUT_EVENT_ID=687042808
03-25 16:10:48.075 2443 2443 W ViewRootImpl: Not reporting timeline because gpuCompletedTime is 7.201910617875941E10ms ahead of presentTime. FRAME_TIMELINE_VSYNC_ID=28501124, INPUT_EVENT_ID=722603727
03-25 16:10:48.090 2443 2443 W ViewRootImpl: Not reporting timeline because gpuCompletedTime is 7.371067797355199E10ms ahead of presentTime. FRAME_TIMELINE_VSYNC_ID=28501167, INPUT_EVENT_ID=845192784
03-25 16:10:48.107 2443 2443 W ViewRootImpl: Not reporting timeline because gpuCompletedTime is 7.708674557199345E10ms ahead of presentTime. FRAME_TIMELINE_VSYNC_ID=28501210, INPUT_EVENT_ID=89472036
03-25 16:10:48.142 2443 2443 W ViewRootImpl: Not reporting timeline because gpuCompletedTime is 4.611669485296314E12ms ahead of presentTime. FRAME_TIMELINE_VSYNC_ID=28501296, INPUT_EVENT_ID=956631209
03-25 16:10:48.175 2443 2443 W ViewRootImpl: Not reporting timeline because gpuCompletedTime is 1.440767001279668E11ms ahead of presentTime. FRAME_TIMELINE_VSYNC_ID=28501339, INPUT_EVENT_ID=27831163
03-25 16:10:48.178 2443 2443 W ViewRootImpl: Not reporting timeline because gpuCompletedTime is 9.157193499605088E12ms ahead of presentTime. FRAME_TIMELINE_VSYNC_ID=28501382, INPUT_EVENT_ID=771705751
03-25 16:10:48.194 2443 2443 W ViewRootImpl: Not reporting timeline because gpuCompletedTime is 9.152402100610672E12ms ahead of presentTime. FRAME_TIMELINE_VSYNC_ID=28501425, INPUT_EVENT_ID=141939011
03-25 16:10:48.234 2443 2443 W ViewRootImpl: Not reporting timeline because gpuCompletedTime is 4.611669485207617E12ms ahead of presentTime. FRAME_TIMELINE_VSYNC_ID=28501511, INPUT_EVENT_ID=656748517
03-25 16:10:48.250 2443 2443 W ViewRootImpl: Not reporting timeline because gpuCompletedTime is 1.4407670003926282E11ms ahead of presentTime. FRAME_TIMELINE_VSYNC_ID=28501547, INPUT_EVENT_ID=78953931
03-25 16:10:48.270 2443 2443 W ViewRootImpl: Not reporting timeline because gpuCompletedTime is 9.152409004749732E12ms ahead of presentTime. FRAME_TIMELINE_VSYNC_ID=28501590, INPUT_EVENT_ID=1032393232
03-25 16:10:48.289 2443 2443 W ViewRootImpl: Not reporting timeline because gpuCompletedTime is 9.152402620213008E12ms ahead of presentTime. FRAME_TIMELINE_VSYNC_ID=28501626, INPUT_EVENT_ID=404834206
03-25 16:10:48.323 2443 2443 W ViewRootImpl: Not reporting timeline because gpuCompletedTime is 4.611669485118856E12ms ahead of presentTime. FRAME_TIMELINE_VSYNC_ID=28501698, INPUT_EVENT_ID=501923139
03-25 16:10:48.341 2443 2443 W ViewRootImpl: Not reporting timeline because gpuCompletedTime is 7.201910591259602E10ms ahead of presentTime. FRAME_TIMELINE_VSYNC_ID=28501734, INPUT_EVENT_ID=947728779
03-25 16:10:48.804 2443 2443 W ViewRootImpl: Not reporting timeline because gpuCompletedTime is 9.15240298519652E12ms ahead of presentTime. FRAME_TIMELINE_VSYNC_ID=28501813, INPUT_EVENT_ID=937156609
03-25 16:10:48.864 2443 2443 W ViewRootImpl: Not reporting timeline because gpuCompletedTime is 9.152409476610742E12ms ahead of presentTime. FRAME_TIMELINE_VSYNC_ID=28502518, INPUT_EVENT_ID=528180130
03-25 16:10:48.880 2443 2443 W ViewRootImpl: Not reporting timeline because gpuCompletedTime is 9.152403650419885E12ms ahead of presentTime. FRAME_TIMELINE_VSYNC_ID=28502554, INPUT_EVENT_ID=21172953
03-25 16:10:50.346 2443 2540 E SQLiteDatabase: Error inserting transferred=1 media_job_uuid=e5d9c352-a010-45e4-89ff-6bb53b557c5b transcoded=0 gif_attribution=0 first_scan_length=0 direct_path=/v/t62.15575- 24/11890050_1140516730733681_772895383823230376_n.enc?ccb=11- 4&oh=01_AdQPZ9vLT_j97ch7j0aapv-o65hpxH9jMLrL3mC57zJrRg&oe=66295674&_nc_sid=5e03e0 thumbnail_height_width_ratio=1.0 is_animated_sticker=0 file_hash=VbhXT1R4aomRMz31UHm5UzICOf5tYCzDfA2VyfVt5TA= file_path=Media/MBWhatsApp Stickers/STK-20240325-WA0026.webp file_size=49316 partial_media_hash=null face_x=0 face_y=0 height=64 trim_to=0 media_key_timestamp=1711397449000 message_url=https://mmg.whatsapp.net/v/t62.15575- 24/11890050_1140516730733681_772895383823230376_n.enc?ccb=11- 4&oh=01_AdQPZ9vLT_j97ch7j0aapv- o65hpxH9jMLrL3mC57zJrRg&oe=66295674&_nc_sid=5e03e0&mms3=true media_caption=null trim_from=0 mime_type=image/webp partial_media_enc_hash=null width=64 original_file_hash=null has_streaming_sidecar=0 autotransfer_retry_enabled=1 media_upload_handle=null message_row_id=45 multicast_id=null enc_file_hash=xIL2tanKt9lrZenV8wRw9TA4a9IMYM1vIlpCYoWIt4s= mute_video=0 page_count=0 first_scan_sidecar=null suspicious_content=0 file_length=49316 media_name=null media_duration=0 chat_row_id=3 media_key=[B@59ef233
03-25 16:10:50.346 2443 2540 E SQLiteDatabase: android.database.sqlite.SQLiteConstraintException: UNIQUE constraint failed: message_media.message_row_id (code 1555 SQLITE_CONSTRAINT_PRIMARYKEY)
03-25 16:10:50.346 2443 2540 E SQLiteDatabase: at android.database.sqlite.SQLiteConnection.nativeExecuteForLastInsertedRowId(Native Method)
03-25 16:10:50.346 2443 2540 E SQLiteDatabase: at android.database.sqlite.SQLiteConnection.executeForLastInsertedRowId(SQLiteConnecti on.java:961)
03-25 16:10:50.346 2443 2540 E SQLiteDatabase: at android.database.sqlite.SQLiteSession.executeForLastInsertedRowId(SQLiteSession.jav a:790)
03-25 16:10:50.346 2443 2540 E SQLiteDatabase: at android.database.sqlite.SQLiteStatement.executeInsert(SQLiteStatement.java:89)
03-25 16:10:50.346 2443 2540 E SQLiteDatabase: at android.database.sqlite.SQLiteDatabase.insertWithOnConflict(SQLiteDatabase.java:187 4)
03-25 16:10:50.346 2443 2540 E SQLiteDatabase: at android.database.sqlite.SQLiteDatabase.insert(SQLiteDatabase.java:1743)
03-25 16:10:50.346 2443 2540 E SQLiteDatabase: at X.2tm.A08(Unknown Source:6)
03-25 16:10:50.346 2443 2540 E SQLiteDatabase: at X.35Y.A07(Unknown Source:212)
03-25 16:10:50.346 2443 2540 E SQLiteDatabase: at X.3QF.A14(Unknown Source:470)
03-25 16:10:50.346 2443 2540 E SQLiteDatabase: at X.3gU.run(Unknown Source:982)
03-25 16:10:50.346 2443 2540 E SQLiteDatabase: at android.os.Handler.handleCallback(Handler.java:942)
03-25 16:10:50.346 2443 2540 E SQLiteDatabase: at android.os.Handler.dispatchMessage(Handler.java:99)
03-25 16:10:50.346 2443 2540 E SQLiteDatabase: at X.0zq.dispatchMessage(Unknown Source:4)
03-25 16:10:50.346 2443 2540 E SQLiteDatabase: at android.os.Looper.loopOnce(Looper.java:204)
03-25 16:10:50.346 2443 2540 E SQLiteDatabase: at android.os.Looper.loop(Looper.java:291)
03-25 16:10:50.346 2443 2540 E SQLiteDatabase: at android.os.HandlerThread.run(HandlerThread.java:67)
03-25 16:10:51.105 2443 2443 W ViewRootImpl: Not reporting timeline because gpuCompletedTime is 4.611669482351806E12ms ahead of presentTime. FRAME_TIMELINE_VSYNC_ID=28505839, INPUT_EVENT_ID=577782994
03-25 16:10:51.319 2443 2443 W ViewRootImpl: Not reporting timeline because gpuCompletedTime is 9.152409474162893E12ms ahead of presentTime. FRAME_TIMELINE_VSYNC_ID=28506292, INPUT_EVENT_ID=1043724634
03-25 16:10:51.337 2443 2443 W ViewRootImpl: Not reporting timeline because gpuCompletedTime is 9.152409351689668E12ms ahead of presentTime. FRAME_TIMELINE_VSYNC_ID=28506328, INPUT_EVENT_ID=609260342
03-25 16:10:51.462 2443 2443 W ViewRootImpl: Not reporting timeline because gpuCompletedTime is 4.6116694819792E12ms ahead of presentTime. FRAME_TIMELINE_VSYNC_ID=28506587, INPUT_EVENT_ID=263507783
03-25 16:10:52.358 2443 2540 E SQLiteDatabase: Error inserting transferred=1 media_job_uuid=cb8218fa-f793-467f-9e6d-c881f595ba4d transcoded=0 gif_attribution=0 first_scan_length=0 direct_path=/v/t62.15575- 24/32061090_309134021916102_1738848162799352294_n.enc?ccb=11- 4&oh=01_AdThIYTj8_bsyuhhRZdOkxdAz_eBVqNiBOnhzqh-KjlF9w&oe=662950C9&_nc_sid=5e03e0 thumbnail_height_width_ratio=1.0 is_animated_sticker=0 file_hash=09zWy2f1HPTPz/qp81emv4P5DxNLcmcU6qi/UwaBys4= file_path=Media/MBWhatsApp Stickers/STK-20240325-WA0027.webp file_size=19344 partial_media_hash=null face_x=0 face_y=0 height=64 trim_to=0 media_key_timestamp=1711397450000 message_url=https://mmg.whatsapp.net/v/t62.15575- 24/32061090_309134021916102_1738848162799352294_n.enc?ccb=11- 4&oh=01_AdThIYTj8_bsyuhhRZdOkxdAz_eBVqNiBOnhzqh- KjlF9w&oe=662950C9&_nc_sid=5e03e0&mms3=true media_caption=null trim_from=0 mime_type=image/webp partial_media_enc_hash=null width=64 original_file_hash=null has_streaming_sidecar=0 autotransfer_retry_enabled=1 media_upload_handle=null message_row_id=46 multicast_id=null enc_file_hash=OYwCZudQC9gmB20Wtl3mTcRBaAg5GkgzzeRWG60Rpx4= mute_video=0 page_count=0 first_scan_sidecar=null suspicious_content=0 file_length=19344 media_name=null media_duration=0 chat_row_id=3 media_key=[B@9801a03
03-25 16:10:52.358 2443 2540 E SQLiteDatabase: android.database.sqlite.SQLiteConstraintException: UNIQUE constraint failed: message_media.message_row_id (code 1555 SQLITE_CONSTRAINT_PRIMARYKEY)
03-25 16:10:52.358 2443 2540 E SQLiteDatabase: at android.database.sqlite.SQLiteConnection.nativeExecuteForLastInsertedRowId(Native Method)
03-25 16:10:52.358 2443 2540 E SQLiteDatabase: at android.database.sqlite.SQLiteConnection.executeForLastInsertedRowId(SQLiteConnecti on.java:961)
03-25 16:10:52.358 2443 2540 E SQLiteDatabase: at android.database.sqlite.SQLiteSession.executeForLastInsertedRowId(SQLiteSession.jav a:790)
03-25 16:10:52.358 2443 2540 E SQLiteDatabase: at android.database.sqlite.SQLiteStatement.executeInsert(SQLiteStatement.java:89)
03-25 16:10:52.358 2443 2540 E SQLiteDatabase: at android.database.sqlite.SQLiteDatabase.insertWithOnConflict(SQLiteDatabase.java:187 4)
03-25 16:10:52.358 2443 2540 E SQLiteDatabase: at android.database.sqlite.SQLiteDatabase.insert(SQLiteDatabase.java:1743)
03-25 16:10:52.358 2443 2540 E SQLiteDatabase: at X.2tm.A08(Unknown Source:6)
03-25 16:10:52.358 2443 2540 E SQLiteDatabase: at X.35Y.A07(Unknown Source:212)
03-25 16:10:52.358 2443 2540 E SQLiteDatabase: at X.3QF.A14(Unknown Source:470)
03-25 16:10:52.358 2443 2540 E SQLiteDatabase: at X.3gU.run(Unknown Source:982)
03-25 16:10:52.358 2443 2540 E SQLiteDatabase: at android.os.Handler.handleCallback(Handler.java:942)
03-25 16:10:52.358 2443 2540 E SQLiteDatabase: at android.os.Handler.dispatchMessage(Handler.java:99)
03-25 16:10:52.358 2443 2540 E SQLiteDatabase: at X.0zq.dispatchMessage(Unknown Source:4)
03-25 16:10:52.358 2443 2540 E SQLiteDatabase: at android.os.Looper.loopOnce(Looper.java:204)
03-25 16:10:52.358 2443 2540 E SQLiteDatabase: at android.os.Looper.loop(Looper.java:291)
03-25 16:10:52.358 2443 2540 E SQLiteDatabase: at android.os.HandlerThread.run(HandlerThread.java:67)
03-25 16:10:54.442 2443 2443 W ViewRootImpl: Not reporting timeline because gpuCompletedTime is 1.440766968108461E11ms ahead of presentTime. FRAME_TIMELINE_VSYNC_ID=28506623, INPUT_EVENT_ID=263382335
03-25 16:10:54.472 2443 2443 W ViewRootImpl: Not reporting timeline because gpuCompletedTime is 9.152975009474654E12ms ahead of presentTime. FRAME_TIMELINE_VSYNC_ID=28506659, INPUT_EVENT_ID=67859866
03-25 16:10:54.477 2443 2443 W ViewRootImpl: Not reporting timeline because gpuCompletedTime is 9.15241070870312E12ms ahead of presentTime. FRAME_TIMELINE_VSYNC_ID=28506695, INPUT_EVENT_ID=618571447
03-25 16:10:54.508 2443 2443 W ViewRootImpl: Not reporting timeline because gpuCompletedTime is 4.611669478930129E12ms ahead of presentTime. FRAME_TIMELINE_VSYNC_ID=28509958, INPUT_EVENT_ID=749955145
03-25 16:10:54.520 2443 2443 W ViewRootImpl: Not reporting timeline because gpuCompletedTime is 1.4407669375960834E11ms ahead of presentTime. FRAME_TIMELINE_VSYNC_ID=28510051, INPUT_EVENT_ID=629611406
03-25 16:10:54.538 2443 2443 W ViewRootImpl: Not reporting timeline because gpuCompletedTime is 9.157191362933002E12ms ahead of presentTime. FRAME_TIMELINE_VSYNC_ID=28510079, INPUT_EVENT_ID=756035552
03-25 16:10:54.557 2443 2443 W ViewRootImpl: Not reporting timeline because gpuCompletedTime is 9.15241150022179E12ms ahead of presentTime. FRAME_TIMELINE_VSYNC_ID=28510122, INPUT_EVENT_ID=984502858
03-25 16:10:54.652 2443 2443 W ViewRootImpl: Not reporting timeline because gpuCompletedTime is 4.611669478839292E12ms ahead of presentTime. FRAME_TIMELINE_VSYNC_ID=28510201, INPUT_EVENT_ID=682237291
03-25 16:10:54.669 2443 2443 W ViewRootImpl: Not reporting timeline because gpuCompletedTime is 1.4407669367093265E11ms ahead of presentTime. FRAME_TIMELINE_VSYNC_ID=28510244, INPUT_EVENT_ID=584690101
03-25 16:10:54.685 2443 2443 W ViewRootImpl: Not reporting timeline because gpuCompletedTime is 9.152974941910201E12ms ahead of presentTime. FRAME_TIMELINE_VSYNC_ID=28510280, INPUT_EVENT_ID=973051045
03-25 16:10:54.844 2443 2540 E SQLiteDatabase: Error inserting transferred=1 media_job_uuid=701cc9d4-d3c9-4bb4-9f62-6a44302ebba0 transcoded=0 gif_attribution=0 first_scan_length=0 direct_path=/v/t62.15575- 24/33509477_785740773020392_8734465985616335466_n.enc?ccb=11- 4&oh=01_AdT1lfkVjLoYvCWGLJvW0YXdVVJBKE2S9KnURQgAXhJBUQ&oe=662959A9&_nc_sid=5e03e0 thumbnail_height_width_ratio=1.0 is_animated_sticker=0 file_hash=1Hkgh2s0TIepep2boh3YFCBRxIuESbZ25sLeuAO2kag= file_path=Media/MBWhatsApp Stickers/STK-20240325-WA0028.webp file_size=28440 partial_media_hash=null face_x=0 face_y=0 height=64 trim_to=0 media_key_timestamp=1711397453000 message_url=https://mmg.whatsapp.net/v/t62.15575- 24/33509477_785740773020392_8734465985616335466_n.enc?ccb=11- 4&oh=01_AdT1lfkVjLoYvCWGLJvW0YXdVVJBKE2S9KnURQgAXhJBUQ&oe=662959A9&_nc_sid=5e03e0&m ms3=true media_caption=null trim_from=0 mime_type=image/webp partial_media_enc_hash=null width=64 original_file_hash=null has_streaming_sidecar=0 autotransfer_retry_enabled=1 media_upload_handle=null message_row_id=47 multicast_id=null enc_file_hash=YmdvYfLptuOfXviRlSAE3X/2sX88WXtwbc7v4a9CNZ0= mute_video=0 page_count=0 first_scan_sidecar=null suspicious_content=0 file_length=28440 media_name=null media_duration=0 chat_row_id=3 media_key=[B@695c741
03-25 16:10:54.844 2443 2540 E SQLiteDatabase: android.database.sqlite.SQLiteConstraintException: UNIQUE constraint failed: message_media.message_row_id (code 1555 SQLITE_CONSTRAINT_PRIMARYKEY)
03-25 16:10:54.844 2443 2540 E SQLiteDatabase: at android.database.sqlite.SQLiteConnection.nativeExecuteForLastInsertedRowId(Native Method)
03-25 16:10:54.844 2443 2540 E SQLiteDatabase: at android.database.sqlite.SQLiteConnection.executeForLastInsertedRowId(SQLiteConnecti on.java:961)
03-25 16:10:54.844 2443 2540 E SQLiteDatabase: at android.database.sqlite.SQLiteSession.executeForLastInsertedRowId(SQLiteSession.jav a:790)
03-25 16:10:54.844 2443 2540 E SQLiteDatabase: at android.database.sqlite.SQLiteStatement.executeInsert(SQLiteStatement.java:89)
03-25 16:10:54.844 2443 2540 E SQLiteDatabase: at android.database.sqlite.SQLiteDatabase.insertWithOnConflict(SQLiteDatabase.java:187 4)
03-25 16:10:54.844 2443 2540 E SQLiteDatabase: at android.database.sqlite.SQLiteDatabase.insert(SQLiteDatabase.java:1743)
03-25 16:10:54.844 2443 2540 E SQLiteDatabase: at X.2tm.A08(Unknown Source:6)
03-25 16:10:54.844 2443 2540 E SQLiteDatabase: at X.35Y.A07(Unknown Source:212)
03-25 16:10:54.844 2443 2540 E SQLiteDatabase: at X.3QF.A14(Unknown Source:470)
03-25 16:10:54.844 2443 2540 E SQLiteDatabase: at X.3gU.run(Unknown Source:982)
03-25 16:10:54.844 2443 2540 E SQLiteDatabase: at android.os.Handler.handleCallback(Handler.java:942)
03-25 16:10:54.844 2443 2540 E SQLiteDatabase: at android.os.Handler.dispatchMessage(Handler.java:99)
03-25 16:10:54.844 2443 2540 E SQLiteDatabase: at X.0zq.dispatchMessage(Unknown Source:4)
03-25 16:10:54.844 2443 2540 E SQLiteDatabase: at android.os.Looper.loopOnce(Looper.java:204)
03-25 16:10:54.844 2443 2540 E SQLiteDatabase: at android.os.Looper.loop(Looper.java:291)
03-25 16:10:54.844 2443 2540 E SQLiteDatabase: at android.os.HandlerThread.run(HandlerThread.java:67)
03-25 16:10:55.541 2443 2443 W libc : Access denied finding property "vendor.transsion.scroll_adjust.support"
03-25 16:10:55.541 2443 2443 W libc : Access denied finding property "vendor.transsion.scroll_adjust.support"
03-25 16:10:55.750 2443 2559 W Parcel : Expecting binder but got null!
03-25 16:10:58.950 2443 2443 W libc : Access denied finding property "vendor.transsion.scroll_adjust.support"
03-25 16:10:58.950 2443 2443 W libc : Access denied finding property "vendor.transsion.scroll_adjust.support"
03-25 16:10:58.953 2443 2443 W libc : Access denied finding property "vendor.transsion.scroll_adjust.support"
03-25 16:10:58.953 2443 2443 W libc : Access denied finding property "vendor.transsion.scroll_adjust.support"
03-25 16:10:59.025 2443 2559 W Parcel : Expecting binder but got null!
03-25 16:10:59.952 2443 2443 W InputEventReceiver: Attempted to finish an input event but the input event receiver has already been disposed.
