03-25 16:12:14.762 2443 2540 E SQLiteDatabase: Error inserting transferred=1 media_job_uuid=628afe18-dc37-4418-93c7-5c978c7002d3 transcoded=0 gif_attribution=0 first_scan_length=3614 direct_path=/v/t62.15575- 24/30175211_775409974690510_2277495966740180943_n.enc?ccb=11- 4&oh=01_AdRnLH014L19RgXgWAAWPP0lrWnC9iPvRSuBZIUnXf7qvw&oe=66293B22&_nc_sid=5e03e0 thumbnail_height_width_ratio=1.0 is_animated_sticker=1 file_hash=+/zrphbJfNs9YLtsquACfdn2e1gK3SAKuQP5/iWBUxw= file_path=Media/MBWhatsApp Stickers/STK-20240325-WA0050.webp file_size=261238 partial_media_hash=null face_x=0 face_y=0 height=64 trim_to=0 media_key_timestamp=1711397529000 message_url=https://mmg.whatsapp.net/v/t62.15575- 24/30175211_775409974690510_2277495966740180943_n.enc?ccb=11- 4&oh=01_AdRnLH014L19RgXgWAAWPP0lrWnC9iPvRSuBZIUnXf7qvw&oe=66293B22&_nc_sid=5e03e0&m ms3=true media_caption=null trim_from=0 mime_type=image/webp partial_media_enc_hash=null width=64 original_file_hash=null has_streaming_sidecar=0 autotransfer_retry_enabled=1 media_upload_handle=null message_row_id=74 multicast_id=null enc_file_hash=pupLnD3jTrOe9t1/JxMqJh/p8Nd20xrzQqxf9WT/V7Q= mute_video=0 page_count=0 first_scan_sidecar=[B@eeed24 suspicious_content=0 file_length=261238 media_name=null media_duration=0 chat_row_id=3 media_key=[B@fd4208d
03-25 16:12:14.762 2443 2540 E SQLiteDatabase: android.database.sqlite.SQLiteConstraintException: UNIQUE constraint failed: message_media.message_row_id (code 1555 SQLITE_CONSTRAINT_PRIMARYKEY)
03-25 16:12:14.762 2443 2540 E SQLiteDatabase: at android.database.sqlite.SQLiteConnection.nativeExecuteForLastInsertedRowId(Native Method)
03-25 16:12:14.762 2443 2540 E SQLiteDatabase: at android.database.sqlite.SQLiteConnection.executeForLastInsertedRowId(SQLiteConnecti on.java:961)
03-25 16:12:14.762 2443 2540 E SQLiteDatabase: at android.database.sqlite.SQLiteSession.executeForLastInsertedRowId(SQLiteSession.jav a:790)
03-25 16:12:14.762 2443 2540 E SQLiteDatabase: at android.database.sqlite.SQLiteStatement.executeInsert(SQLiteStatement.java:89)
03-25 16:12:14.762 2443 2540 E SQLiteDatabase: at android.database.sqlite.SQLiteDatabase.insertWithOnConflict(SQLiteDatabase.java:187 4)
03-25 16:12:14.762 2443 2540 E SQLiteDatabase: at android.database.sqlite.SQLiteDatabase.insert(SQLiteDatabase.java:1743)
03-25 16:12:14.762 2443 2540 E SQLiteDatabase: at X.2tm.A08(Unknown Source:6)
03-25 16:12:14.762 2443 2540 E SQLiteDatabase: at X.35Y.A07(Unknown Source:212)
03-25 16:12:14.762 2443 2540 E SQLiteDatabase: at X.3QF.A14(Unknown Source:470)
03-25 16:12:14.762 2443 2540 E SQLiteDatabase: at X.3gU.run(Unknown Source:982)
03-25 16:12:14.762 2443 2540 E SQLiteDatabase: at android.os.Handler.handleCallback(Handler.java:942)
03-25 16:12:14.762 2443 2540 E SQLiteDatabase: at android.os.Handler.dispatchMessage(Handler.java:99)
03-25 16:12:14.762 2443 2540 E SQLiteDatabase: at X.0zq.dispatchMessage(Unknown Source:4)
03-25 16:12:14.762 2443 2540 E SQLiteDatabase: at android.os.Looper.loopOnce(Looper.java:204)
03-25 16:12:14.762 2443 2540 E SQLiteDatabase: at android.os.Looper.loop(Looper.java:291)
03-25 16:12:14.762 2443 2540 E SQLiteDatabase: at android.os.HandlerThread.run(HandlerThread.java:67)
03-25 16:12:18.897 2443 2540 E SQLiteDatabase: Error inserting transferred=1 media_job_uuid=65e1e24f-94d1-46b8-884e-cfa927578a89 transcoded=0 gif_attribution=0 first_scan_length=0 direct_path=/v/t62.15575- 24/56464160_433368435746941_5462672364014209305_n.enc?ccb=11- 4&oh=01_AdQaS1yy62UKTpx9GBCAsCxW8Iekznml1UU18EDvt_pFCA&oe=6629518E&_nc_sid=5e03e0 thumbnail_height_width_ratio=1.0 is_animated_sticker=0 file_hash=4txIv6DnMRCy43vjdC7HHFgNwVUguO93YvrG+GWvQWI= file_path=Media/MBWhatsApp Stickers/STK-20240325-WA0051.webp file_size=62884 partial_media_hash=null face_x=0 face_y=0 height=64 trim_to=0 media_key_timestamp=1711397536000 message_url=https://mmg.whatsapp.net/v/t62.15575- 24/56464160_433368435746941_5462672364014209305_n.enc?ccb=11- 4&oh=01_AdQaS1yy62UKTpx9GBCAsCxW8Iekznml1UU18EDvt_pFCA&oe=6629518E&_nc_sid=5e03e0&m ms3=true media_caption=null trim_from=0 mime_type=image/webp partial_media_enc_hash=null width=64 original_file_hash=null has_streaming_sidecar=0 autotransfer_retry_enabled=1 media_upload_handle=null message_row_id=75 multicast_id=null enc_file_hash=+4p/iwGIp8UK8NDjd/BVZh9VJjLiMPpcEAUZEov0BhA= mute_video=0 page_count=0 first_scan_sidecar=null suspicious_content=0 file_length=62884 media_name=null media_duration=0 chat_row_id=3 media_key=[B@315fa13
03-25 16:12:18.897 2443 2540 E SQLiteDatabase: android.database.sqlite.SQLiteConstraintException: UNIQUE constraint failed: message_media.message_row_id (code 1555 SQLITE_CONSTRAINT_PRIMARYKEY)
03-25 16:12:18.897 2443 2540 E SQLiteDatabase: at android.database.sqlite.SQLiteConnection.nativeExecuteForLastInsertedRowId(Native Method)
03-25 16:12:18.897 2443 2540 E SQLiteDatabase: at android.database.sqlite.SQLiteConnection.executeForLastInsertedRowId(SQLiteConnecti on.java:961)
03-25 16:12:18.897 2443 2540 E SQLiteDatabase: at android.database.sqlite.SQLiteSession.executeForLastInsertedRowId(SQLiteSession.jav a:790)
03-25 16:12:18.897 2443 2540 E SQLiteDatabase: at android.database.sqlite.SQLiteStatement.executeInsert(SQLiteStatement.java:89)
03-25 16:12:18.897 2443 2540 E SQLiteDatabase: at android.database.sqlite.SQLiteDatabase.insertWithOnConflict(SQLiteDatabase.java:187 4)
03-25 16:12:18.897 2443 2540 E SQLiteDatabase: at android.database.sqlite.SQLiteDatabase.insert(SQLiteDatabase.java:1743)
03-25 16:12:18.897 2443 2540 E SQLiteDatabase: at X.2tm.A08(Unknown Source:6)
03-25 16:12:18.897 2443 2540 E SQLiteDatabase: at X.35Y.A07(Unknown Source:212)
03-25 16:12:18.897 2443 2540 E SQLiteDatabase: at X.3QF.A14(Unknown Source:470)
03-25 16:12:18.897 2443 2540 E SQLiteDatabase: at X.3gU.run(Unknown Source:982)
03-25 16:12:18.897 2443 2540 E SQLiteDatabase: at android.os.Handler.handleCallback(Handler.java:942)
03-25 16:12:18.897 2443 2540 E SQLiteDatabase: at android.os.Handler.dispatchMessage(Handler.java:99)
03-25 16:12:18.897 2443 2540 E SQLiteDatabase: at X.0zq.dispatchMessage(Unknown Source:4)
03-25 16:12:18.897 2443 2540 E SQLiteDatabase: at android.os.Looper.loopOnce(Looper.java:204)
03-25 16:12:18.897 2443 2540 E SQLiteDatabase: at android.os.Looper.loop(Looper.java:291)
03-25 16:12:18.897 2443 2540 E SQLiteDatabase: at android.os.HandlerThread.run(HandlerThread.java:67)
03-25 16:12:19.256 2443 2540 E SQLiteDatabase: Error inserting transferred=1 media_job_uuid=5409318a-fa99-4de3-83b3-e1db9c1130ea transcoded=0 gif_attribution=0 first_scan_length=0 direct_path=/v/t62.15575- 24/30949792_1436048280634694_6328718703282015400_n.enc?ccb=11- 4&oh=01_AdSGmimmS11KEAURljA39MhgZEv1DVXAV9crwxKtCIms_Q&oe=66293A68&_nc_sid=5e03e0 thumbnail_height_width_ratio=1.0 is_animated_sticker=0 file_hash=g0ZsSdgYi+GDLpXa7eYa0zdspSnG0cISsogq6H2HwXs= file_path=Media/MBWhatsApp Stickers/STK-20240325-WA0036.webp file_size=0 partial_media_hash=null face_x=0 face_y=0 height=64 trim_to=0 media_key_timestamp=1711397478000 message_url=https://mmg.whatsapp.net/v/t62.15575- 24/30949792_1436048280634694_6328718703282015400_n.enc?ccb=11- 4&oh=01_AdSGmimmS11KEAURljA39MhgZEv1DVXAV9crwxKtCIms_Q&oe=66293A68&_nc_sid=5e03e0&m ms3=true media_caption=null trim_from=0 mime_type=image/webp partial_media_enc_hash=null width=64 original_file_hash=null has_streaming_sidecar=0 autotransfer_retry_enabled=1 media_upload_handle=null message_row_id=76 multicast_id=null enc_file_hash=8KH9NHbXOpiOqrqX/tQmRfOnJgzNXyWXvQMUq8M1ays= mute_video=0 page_count=0 first_scan_sidecar=null suspicious_content=0 file_length=58770 media_name=null media_duration=0 chat_row_id=3 media_key=[B@87a2074
03-25 16:12:19.256 2443 2540 E SQLiteDatabase: android.database.sqlite.SQLiteConstraintException: UNIQUE constraint failed: message_media.message_row_id (code 1555 SQLITE_CONSTRAINT_PRIMARYKEY)
03-25 16:12:19.256 2443 2540 E SQLiteDatabase: at android.database.sqlite.SQLiteConnection.nativeExecuteForLastInsertedRowId(Native Method)
03-25 16:12:19.256 2443 2540 E SQLiteDatabase: at android.database.sqlite.SQLiteConnection.executeForLastInsertedRowId(SQLiteConnecti on.java:961)
03-25 16:12:19.256 2443 2540 E SQLiteDatabase: at android.database.sqlite.SQLiteSession.executeForLastInsertedRowId(SQLiteSession.jav a:790)
03-25 16:12:19.256 2443 2540 E SQLiteDatabase: at android.database.sqlite.SQLiteStatement.executeInsert(SQLiteStatement.java:89)
03-25 16:12:19.256 2443 2540 E SQLiteDatabase: at android.database.sqlite.SQLiteDatabase.insertWithOnConflict(SQLiteDatabase.java:187 4)
03-25 16:12:19.256 2443 2540 E SQLiteDatabase: at android.database.sqlite.SQLiteDatabase.insert(SQLiteDatabase.java:1743)
03-25 16:12:19.256 2443 2540 E SQLiteDatabase: at X.2tm.A08(Unknown Source:6)
03-25 16:12:19.256 2443 2540 E SQLiteDatabase: at X.35Y.A07(Unknown Source:212)
03-25 16:12:19.256 2443 2540 E SQLiteDatabase: at X.3QF.A14(Unknown Source:470)
03-25 16:12:19.256 2443 2540 E SQLiteDatabase: at X.3gU.run(Unknown Source:982)
03-25 16:12:19.256 2443 2540 E SQLiteDatabase: at android.os.Handler.handleCallback(Handler.java:942)
03-25 16:12:19.256 2443 2540 E SQLiteDatabase: at android.os.Handler.dispatchMessage(Handler.java:99)
03-25 16:12:19.256 2443 2540 E SQLiteDatabase: at X.0zq.dispatchMessage(Unknown Source:4)
03-25 16:12:19.256 2443 2540 E SQLiteDatabase: at android.os.Looper.loopOnce(Looper.java:204)
03-25 16:12:19.256 2443 2540 E SQLiteDatabase: at android.os.Looper.loop(Looper.java:291)
03-25 16:12:19.256 2443 2540 E SQLiteDatabase: at android.os.HandlerThread.run(HandlerThread.java:67)
03-25 16:12:32.656 2443 2540 E SQLiteDatabase: Error inserting transferred=1 media_job_uuid=50fe0536-b57f-486b-be87-556bf5977a15 transcoded=0 gif_attribution=0 first_scan_length=0 direct_path=/v/t62.15575- 24/20116565_944244836924127_3901954332915370575_n.enc?ccb=11- 4&oh=01_AdQCXzy8oeVtT5fE8f99Jz-8IRi7Wo_2UvEgoo-7TDgzWA&oe=662946FC&_nc_sid=5e03e0 thumbnail_height_width_ratio=1.0 is_animated_sticker=0 file_hash=ufMb8xDtVHNAW2PqPIcv1ZLkJzqeyyVyF1cwrAlyxr8= file_path=Media/MBWhatsApp Stickers/STK-20240325-WA0052.webp file_size=24208 partial_media_hash=null face_x=0 face_y=0 height=64 trim_to=0 media_key_timestamp=1711397545000 message_url=https://mmg.whatsapp.net/v/t62.15575- 24/20116565_944244836924127_3901954332915370575_n.enc?ccb=11- 4&oh=01_AdQCXzy8oeVtT5fE8f99Jz-8IRi7Wo_2UvEgoo- 7TDgzWA&oe=662946FC&_nc_sid=5e03e0&mms3=true media_caption=null trim_from=0 mime_type=image/webp pa--------- beginning of main
03-25 16:14:30.804 14586 14586 W main : type=1400 audit(0.0:60534): avc: denied { read } for name="u:object_r:vendor_memfusion_size_prop:s0" dev="tmpfs" ino=8770 scontext=u:r:untrusted_app:s0:c247,c256,c512,c768 tcontext=u:object_r:vendor_memfusion_size_prop:s0 tclass=file permissive=0 app=com.mbwhatsapp
03-25 16:14:30.804 14586 14586 W main : type=1400 audit(0.0:60535): avc: denied { read } for name="u:object_r:vendor_memfusion_state_prop:s0" dev="tmpfs" ino=8771 scontext=u:r:untrusted_app:s0:c247,c256,c512,c768 tcontext=u:object_r:vendor_memfusion_state_prop:s0 tclass=file permissive=0 app=com.mbwhatsapp
03-25 16:14:30.812 14586 14586 E com.mbwhatsapp: Not starting debugger since process cannot load the jdwp agent.
03-25 16:14:30.920 14586 14586 W System.err: java.lang.ClassNotFoundException: mbmodsd.mbmodsw.ui.views.btn.BtnBK
03-25 16:14:30.920 14586 14586 W System.err: at java.lang.Runtime.nativeLoad(Native Method)
03-25 16:14:30.920 14586 14586 W System.err: at java.lang.Runtime.nativeLoad(Runtime.java:1126)
03-25 16:14:30.920 14586 14586 W System.err: at java.lang.Runtime.loadLibrary0(Runtime.java:1080)
03-25 16:14:30.920 14586 14586 W System.err: at java.lang.Runtime.loadLibrary0(Runtime.java:1003)
03-25 16:14:30.920 14586 14586 W System.err: at java.lang.System.loadLibrary(System.java:1661)
03-25 16:14:30.920 14586 14586 W System.err: at arm.EpicVm.<clinit>(Unknown Source:2)
03-25 16:14:30.920 14586 14586 W System.err: at java.lang.Class.newInstance(Native Method)
03-25 16:14:30.920 14586 14586 W System.err: at android.app.AppComponentFactory.instantiateApplication(AppComponentFactory.java:76)
03-25 16:14:30.920 14586 14586 W System.err: at androidx.core.app.CoreComponentFactory.instantiateApplication(Unknown Source:0)
03-25 16:14:30.920 14586 14586 W System.err: at android.app.Instrumentation.newApplication(Instrumentation.java:1236)
03-25 16:14:30.920 14586 14586 W System.err: at android.app.LoadedApk.makeApplicationInner(LoadedApk.java:1466)
03-25 16:14:30.920 14586 14586 W System.err: at android.app.LoadedApk.makeApplicationInner(LoadedApk.java:1399)
03-25 16:14:30.920 14586 14586 W System.err: at android.app.ActivityThread.handleBindApplication(ActivityThread.java:6950)
03-25 16:14:30.920 14586 14586 W System.err: at android.app.ActivityThread.-$ $Nest$mhandleBindApplication(Unknown Source:0)
03-25 16:14:30.920 14586 14586 W System.err: at android.app.ActivityThread$H.handleMessage(ActivityThread.java:2219)
03-25 16:14:30.920 14586 14586 W System.err: at android.os.Handler.dispatchMessage(Handler.java:106)
03-25 16:14:30.920 14586 14586 W System.err: at android.os.Looper.loopOnce(Looper.java:204)
03-25 16:14:30.920 14586 14586 W System.err: at android.os.Looper.loop(Looper.java:291)
03-25 16:14:30.920 14586 14586 W System.err: at android.app.ActivityThread.main(ActivityThread.java:8134)
03-25 16:14:30.920 14586 14586 W System.err: at java.lang.reflect.Method.invoke(Native Method)
03-25 16:14:30.920 14586 14586 W System.err: at com.android.internal.os.RuntimeInit$MethodAndArgsCaller.run(RuntimeInit.java:601)
03-25 16:14:30.920 14586 14586 W System.err: at com.android.internal.os.ZygoteInit.main(ZygoteInit.java:1019)
03-25 16:14:30.930 14586 14586 E CustomActivityOnCrash: IMPORTANT WARNING! You already have an UncaughtExceptionHandler, are you sure this is correct? If you use a custom UncaughtExceptionHandler, you must initialize it AFTER CustomActivityOnCrash! Installing anyway, but your original handler will not be called.
03-25 16:14:31.058 14586 14586 W com.mbwhatsapp: Accessing hidden method Lcom/android/org/conscrypt/OpenSSLSocketImpl;->setUseSessionTickets(Z)V (max- target-q,core-platform-api, reflection, denied)
03-25 16:14:31.058 14586 14586 W com.mbwhatsapp: Accessing hidden method Lcom/android/org/conscrypt/AbstractConscryptSocket;->setUseSessionTickets(Z)V (max- target-q, reflection, denied)
03-25 16:14:31.068 14586 14586 W com.mbwhatsapp: type=1400 audit(0.0:60544): avc: granted { execute } for path="/data/data/com.mbwhatsapp/files/decompressed/libs.spk.zst/libc++_shared.so" dev="dm-42" ino=186715 scontext=u:r:untrusted_app:s0:c247,c256,c512,c768 tcontext=u:object_r:app_data_file:s0:c247,c256,c512,c768 tclass=file app=com.mbwhatsapp
03-25 16:14:31.072 14586 14586 W com.mbwhatsapp: type=1400 audit(0.0:60545): avc: granted { execute } for path="/data/data/com.mbwhatsapp/files/decompressed/libs.spk.zst/libvlc.so" dev="dm- 42" ino=97258 scontext=u:r:untrusted_app:s0:c247,c256,c512,c768 tcontext=u:object_r:app_data_file:s0:c247,c256,c512,c768 tclass=file app=com.mbwhatsapp
03-25 16:14:31.076 14586 14586 W com.mbwhatsapp: type=1400 audit(0.0:60546): avc: granted { execute } for path="/data/data/com.mbwhatsapp/files/decompressed/libs.spk.zst/libwhatsapp.so" dev="dm-42" ino=204378 scontext=u:r:untrusted_app:s0:c247,c256,c512,c768 tcontext=u:object_r:app_data_file:s0:c247,c256,c512,c768 tclass=file app=com.mbwhatsapp
03-25 16:14:31.100 14586 14586 W com.mbwhatsapp: type=1400 audit(0.0:60547): avc: granted { execute } for path="/data/data/com.mbwhatsapp/files/decompressed/libs.spk.zst/libcurve25519.so" dev="dm-42" ino=190334 scontext=u:r:untrusted_app:s0:c247,c256,c512,c768 tcontext=u:object_r:app_data_file:s0:c247,c256,c512,c768 tclass=file app=com.mbwhatsapp
03-25 16:14:31.133 14586 14586 W com.mbwhatsapp: Method void X.0eU.A0h(X.0tK, boolean) failed lock verification and will run slower.
03-25 16:14:31.133 14586 14586 W com.mbwhatsapp: Common causes for lock verification issues are non-optimized dex code
03-25 16:14:31.133 14586 14586 W com.mbwhatsapp: and incorrect proguard optimizations.
03-25 16:14:31.135 14586 14646 W com.mbwhatsapp: Method void X.2rL.A03(java.lang.Integer) failed lock verification and will run slower.
03-25 16:14:31.153 14586 14586 W libc : Access denied finding property "vendor.transsion.scroll_adjust.support"
03-25 16:14:31.173 14631 14631 E libprocessgroup: Support AOSP Freezer= 0
03-25 16:14:31.229 14586 14586 W com.mbwhatsapp: Method void com.mbwhatsapp.HomeActivity.A6e() failed lock verification and will run slower.
03-25 16:14:31.234 14586 14657 E QT : [QT]file does not exist
03-25 16:14:31.306 14586 14586 W libc : Access denied finding property "vendor.transsion.scroll_adjust.support"
03-25 16:14:31.306 14586 14586 W libc : Access denied finding property "vendor.transsion.scroll_adjust.support"
03-25 16:14:31.307 14586 14586 W libc : Access denied finding property "vendor.transsion.scroll_adjust.support"
03-25 16:14:31.307 14586 14586 W libc : Access denied finding property "vendor.transsion.scroll_adjust.support"
03-25 16:14:31.446 14586 14586 E ArmVmp : Match on catch block at 0x0a in for 0x7faf123031
03-25 16:14:31.462 14586 14586 E ArmVmp : Match on catch block at 0x0a in for 0x7faf12304d
03-25 16:14:31.556 14586 14586 W Activity: Can request only one set of permissions at a time
03-25 16:14:31.603 14586 14586 W libc : Access denied finding property "vendor.transsion.scroll_adjust.support"
03-25 16:14:31.603 14586 14586 W libc : Access denied finding property "vendor.transsion.scroll_adjust.support"
03-25 16:14:31.605 14586 14586 W libc : Access denied finding property "vendor.transsion.scroll_adjust.support"
03-25 16:14:31.605 14586 14586 W libc : Access denied finding property "vendor.transsion.scroll_adjust.support"
03-25 16:14:31.611 14586 14586 W libc : Access denied finding property "ro.vendor.tgpa_resolution_tuner"
03-25 16:14:31.614 14586 14586 W libc : Access denied finding property "ro.vendor.scaler_version"
03-25 16:14:31.615 14586 14586 W libc : Access denied finding property "ro.vendor.scaler_version"
03-25 16:14:31.674 14586 14586 E FBI : Can't load library: dlopen failed: library "libmagtsync.so" not found
03-25 16:14:31.692 14586 14656 W OpenGLRenderer: ShaderCache::tranMaxTotalSize is 1048576
03-25 16:14:31.735 14586 14656 W Parcel : Expecting binder but got null!
03-25 16:14:31.781 14586 14586 W libc : Access denied finding property "vendor.transsion.scroll_adjust.support"
03-25 16:14:31.781 14586 14586 W libc : Access denied finding property "vendor.transsion.scroll_adjust.support"
03-25 16:14:31.785 14586 14586 W libc : Access denied finding property "vendor.transsion.scroll_adjust.support"
03-25 16:14:31.785 14586 14586 W libc : Access denied finding property "vendor.transsion.scroll_adjust.support"
03-25 16:14:31.795 14586 14586 W libc : Access denied finding property "vendor.transsion.scroll_adjust.support"
03-25 16:14:31.795 14586 14586 W libc : Access denied finding property "vendor.transsion.scroll_adjust.support"
03-25 16:14:31.909 14586 14586 E RecyclerView: No adapter attached; skipping layout
03-25 16:14:31.948 14586 14656 W Parcel : Expecting binder but got null!
03-25 16:14:31.956 14586 14586 E ArmVmp : Match on catch block at 0x0a in for 0x7faf123035
03-25 16:14:32.023 14586 14586 E RecyclerView: No adapter attached; skipping layout
03-25 16:14:32.072 14586 14586 W libc : Access denied finding property "vendor.transsion.scroll_adjust.support"
03-25 16:14:32.072 14586 14586 W libc : Access denied finding property "vendor.transsion.scroll_adjust.support"
03-25 16:14:32.076 14586 14740 W LOTTIE : Animation contains merge paths. Merge paths are only supported on KitKat+ and must be manually enabled by calling enableMergePathsForKitKatAndAbove().
03-25 16:14:32.123 14586 14586 W LOTTIE : Animation contains merge paths but they are disabled.
03-25 16:14:32.125 14586 14586 W libc : Access denied finding property "vendor.transsion.scroll_adjust.support"
03-25 16:14:32.125 14586 14586 W libc : Access denied finding property "vendor.transsion.scroll_adjust.support"
03-25 16:14:32.188 14586 14586 W libc : Access denied finding property "vendor.transsion.scroll_adjust.support"
03-25 16:14:32.188 14586 14586 W libc : Access denied finding property "vendor.transsion.scroll_adjust.support"
03-25 16:14:32.828 14586 14586 W InputEventReceiver: Attempted to finish an input event but the input event receiver has already been disposed.
03-25 16:14:34.309 14586 14783 E RenderScript: Failed loading RS driver: dlopen failed: library "libRSDriver_mtk.so" not found
03-25 16:14:34.309 14586 14783 E RenderScript: Failed to load runtime libRSDriver_mtk.so, loading default
03-25 16:14:34.323 14586 14586 W libc : Access denied finding property "vendor.transsion.scroll_adjust.support"
03-25 16:14:34.323 14586 14586 W libc : Access denied finding property "vendor.transsion.scroll_adjust.support"
03-25 16:14:34.364 14586 14586 W libc : Access denied finding property "vendor.transsion.scroll_adjust.support"
03-25 16:14:34.364 14586 14586 W libc : Access denied finding property "vendor.transsion.scroll_adjust.support"
03-25 16:14:34.391 14586 14740 W LOTTIE : Unknown shape type rd
03-25 16:14:34.441 14586 14586 E ArmVmp : Match on catch block at 0x0a in for 0x7faf123035
03-25 16:14:34.445 14586 14586 E ArmVmp : Match on catch block at 0x0a in for 0x7faf123035
03-25 16:14:34.560 14586 14586 W StickerImageFil: type=1400 audit(0.0:60595): avc: granted { execute } for path="/data/data/com.mbwhatsapp/files/decompressed/libs.spk.zst/libstatic-webp.so" dev="dm-42" ino=40439 scontext=u:r:untrusted_app:s0:c247,c256,c512,c768 tcontext=u:object_r:app_data_file:s0:c247,c256,c512,c768 tclass=file app=com.mbwhatsapp
03-25 16:14:34.702 14586 14586 E ArmVmp : Match on catch block at 0xc3 in for 0x7faf123021
03-25 16:14:34.705 14586 14586 E ArmVmp : Match on catch block at 0xc3 in for 0x7faf123021
03-25 16:14:34.707 14586 14586 E ArmVmp : Match on catch block at 0xc3 in for 0x7faf123021
03-25 16:14:34.723 14586 14656 W Parcel : Expecting binder but got null!
03-25 16:14:34.744 14586 14586 E ArmVmp : Match on catch block at 0xc3 in for 0x7faf123025
03-25 16:14:34.746 14586 14586 E ArmVmp : Match on catch block at 0xc3 in for 0x7faf123025
03-25 16:14:34.747 14586 14586 E ArmVmp : Match on catch block at 0xc3 in for 0x7faf123025
03-25 16:14:34.821 14586 14586 E ArmVmp : Match on catch block at 0xc3 in for 0x7faf123025
03-25 16:14:34.825 14586 14586 E ArmVmp : Match on catch block at 0xc3 in for 0x7faf123025
03-25 16:14:34.828 14586 14586 E ArmVmp : Match on catch block at 0xc3 in for 0x7faf123025
03-25 16:14:34.854 14586 14586 E ArmVmp : Match on catch block at 0xc3 in for 0x7faf123025
03-25 16:14:34.856 14586 14586 E ArmVmp : Match on catch block at 0xc3 in for 0x7faf123025
03-25 16:14:34.859 14586 14586 E ArmVmp : Match on catch block at 0xc3 in for 0x7faf123025
03-25 16:14:34.874 14586 14586 E ArmVmp : Match on catch block at 0xc3 in for 0x7faf123025
03-25 16:14:34.877 14586 14586 E ArmVmp : Match on catch block at 0xc3 in for 0x7faf123025
03-25 16:14:34.879 14586 14586 E ArmVmp : Match on catch block at 0xc3 in for 0x7faf123025
03-25 16:14:34.904 14586 14586 E ArmVmp : Match on catch block at 0xc3 in for 0x7faf123025
03-25 16:14:34.906 14586 14586 E ArmVmp : Match on catch block at 0xc3 in for 0x7faf123025
03-25 16:14:34.907 14586 14586 E ArmVmp : Match on catch block at 0xc3 in for 0x7faf123025
03-25 16:14:34.916 14586 14586 E ArmVmp : Match on catch block at 0xc3 in for 0x7faf123025
03-25 16:14:34.918 14586 14586 E ArmVmp : Match on catch block at 0xc3 in for 0x7faf123025
03-25 16:14:34.920 14586 14586 E ArmVmp : Match on catch block at 0xc3 in for 0x7faf123025
03-25 16:14:34.927 14586 14586 E ArmVmp : Match on catch block at 0xc3 in for 0x7faf123025
03-25 16:14:34.931 14586 14586 E ArmVmp : Match on catch block at 0xc3 in for 0x7faf123025
03-25 16:14:34.932 14586 14586 E ArmVmp : Match on catch block at 0xc3 in for 0x7faf123025
03-25 16:14:34.944 14586 14586 E ArmVmp : Match on catch block at 0xc3 in for 0x7faf123025
03-25 16:14:34.948 14586 14586 E ArmVmp : Match on catch block at 0xc3 in for 0x7faf123025
03-25 16:14:34.950 14586 14586 E ArmVmp : Match on catch block at 0xc3 in for 0x7faf123025
03-25 16:14:34.962 14586 14586 E ArmVmp : Match on catch block at 0xc3 in for 0x7faf123025
03-25 16:14:34.967 14586 14586 E ArmVmp : Match on catch block at 0xc3 in for 0x7faf123025
03-25 16:14:34.968 14586 14586 E ArmVmp : Match on catch block at 0xc3 in for 0x7faf123025
03-25 16:14:35.283 14586 14586 E ArmVmp : Match on catch block at 0xc3 in for 0x7faf123025
03-25 16:14:35.287 14586 14586 E ArmVmp : Match on catch block at 0xc3 in for 0x7faf123025
03-25 16:14:35.290 14586 14586 E ArmVmp : Match on catch block at 0xc3 in for 0x7faf123025
03-25 16:14:35.300 14586 14586 E ArmVmp : Match on catch block at 0xc3 in for 0x7faf123025
03-25 16:14:35.304 14586 14586 E ArmVmp : Match on catch block at 0xc3 in for 0x7faf123025
03-25 16:14:35.307 14586 14586 E ArmVmp : Match on catch block at 0xc3 in for 0x7faf123025
03-25 16:14:35.318 14586 14586 E ArmVmp : Match on catch block at 0xc3 in for 0x7faf123025
03-25 16:14:35.322 14586 14586 E ArmVmp : Match on catch block at 0xc3 in for 0x7faf123025
03-25 16:14:35.325 14586 14586 E ArmVmp : Match on catch block at 0xc3 in for 0x7faf123025
03-25 16:14:35.335 14586 14586 E ArmVmp : Match on catch block at 0xc3 in for 0x7faf123025
03-25 16:14:35.339 14586 14586 E ArmVmp : Match on catch block at 0xc3 in for 0x7faf123025
03-25 16:14:35.341 14586 14586 E ArmVmp : Match on catch block at 0xc3 in for 0x7faf123025
03-25 16:14:35.352 14586 14586 E ArmVmp : Match on catch block at 0xc3 in for 0x7faf123025
03-25 16:14:35.356 14586 14586 E ArmVmp : Match on catch block at 0xc3 in for 0x7faf123025
03-25 16:14:35.359 14586 14586 E ArmVmp : Match on catch block at 0xc3 in for 0x7faf123025
03-25 16:14:35.384 14586 14586 E ArmVmp : Match on catch block at 0xc3 in for 0x7faf123025
03-25 16:14:35.387 14586 14586 E ArmVmp : Match on catch block at 0xc3 in for 0x7faf123025
03-25 16:14:35.390 14586 14586 E ArmVmp : Match on catch block at 0xc3 in for 0x7faf123025
03-25 16:14:35.400 14586 14586 E ArmVmp : Match on catch block at 0xc3 in for 0x7faf123025
03-25 16:14:35.404 14586 14586 E ArmVmp : Match on catch block at 0xc3 in for 0x7faf123025
03-25 16:14:35.408 14586 14586 E ArmVmp : Match on catch block at 0xc3 in for 0x7faf123025
03-25 16:14:35.417 14586 14586 E ArmVmp : Match on catch block at 0xc3 in for 0x7faf123025
03-25 16:14:35.420 14586 14586 E ArmVmp : Match on catch block at 0xc3 in for 0x7faf123025
03-25 16:14:35.423 14586 14586 E ArmVmp : Match on catch block at 0xc3 in for 0x7faf123025
03-25 16:14:35.434 14586 14586 E ArmVmp : Match on catch block at 0xc3 in for 0x7faf123025
03-25 16:14:35.438 14586 14586 E ArmVmp : Match on catch block at 0xc3 in for 0x7faf123025
03-25 16:14:35.441 14586 14586 E ArmVmp : Match on catch block at 0xc3 in for 0x7faf123025
03-25 16:14:35.461 14586 14586 E ArmVmp : Match on catch block at 0xc3 in for 0x7faf123025
03-25 16:14:35.465 14586 14586 E ArmVmp : Match on catch block at 0xc3 in for 0x7faf123025
03-25 16:14:35.468 14586 14586 E ArmVmp : Match on catch block at 0xc3 in for 0x7faf123025
03-25 16:14:35.478 14586 14586 E ArmVmp : Match on catch block at 0xc3 in for 0x7faf123025
03-25 16:14:35.482 14586 14586 E ArmVmp : Match on catch block at 0xc3 in for 0x7faf123025
03-25 16:14:35.485 14586 14586 E ArmVmp : Match on catch block at 0xc3 in for 0x7faf123025
03-25 16:14:35.496 14586 14586 E ArmVmp : Match on catch block at 0xc3 in for 0x7faf123025
03-25 16:14:35.500 14586 14586 E ArmVmp : Match on catch block at 0xc3 in for 0x7faf123025
03-25 16:14:35.503 14586 14586 E ArmVmp : Match on catch block at 0xc3 in for 0x7faf123025
03-25 16:14:35.514 14586 14586 E ArmVmp : Match on catch block at 0xc3 in for 0x7faf123025
03-25 16:14:35.517 14586 14586 E ArmVmp : Match on catch block at 0xc3 in for 0x7faf123025
03-25 16:14:35.520 14586 14586 E ArmVmp : Match on catch block at 0xc3 in for 0x7faf123025
03-25 16:14:35.530 14586 14586 E ArmVmp : Match on catch block at 0xc3 in for 0x7faf123025
03-25 16:14:35.534 14586 14586 E ArmVmp : Match on catch block at 0xc3 in for 0x7faf123025
03-25 16:14:35.536 14586 14586 E ArmVmp : Match on catch block at 0xc3 in for 0x7faf123025
03-25 16:14:35.549 14586 14586 E ArmVmp : Match on catch block at 0xc3 in for 0x7faf123025
03-25 16:14:35.553 14586 14586 E ArmVmp : Match on catch block at 0xc3 in for 0x7faf123025
03-25 16:14:35.556 14586 14586 E ArmVmp : Match on catch block at 0xc3 in for 0x7faf123025
03-25 16:14:35.566 14586 14586 E ArmVmp : Match on catch block at 0xc3 in for 0x7faf123025
03-25 16:14:35.571 14586 14586 E ArmVmp : Match on catch block at 0xc3 in for 0x7faf123025
03-25 16:14:35.575 14586 14586 E ArmVmp : Match on catch block at 0xc3 in for 0x7faf123025
03-25 16:14:35.584 14586 14586 E ArmVmp : Match on catch block at 0xc3 in for 0x7faf123025
03-25 16:14:35.588 14586 14586 E ArmVmp : Match on catch block at 0xc3 in for 0x7faf123025
03-25 16:14:35.590 14586 14586 E ArmVmp : Match on catch block at 0xc3 in for 0x7faf123025
03-25 16:14:35.851 14586 14586 E ArmVmp : Match on catch block at 0xc3 in for 0x7faf123025
03-25 16:14:35.855 14586 14586 E ArmVmp : Match on catch block at 0xc3 in for 0x7faf123025
03-25 16:14:35.857 14586 14586 E ArmVmp : Match on catch block at 0xc3 in for 0x7faf123025
03-25 16:14:35.926 14586 14586 E ArmVmp : Match on catch block at 0xc3 in for 0x7faf123025
03-25 16:14:35.928 14586 14586 E ArmVmp : Match on catch block at 0xc3 in for 0x7faf123025
03-25 16:14:35.929 14586 14586 E ArmVmp : Match on catch block at 0xc3 in for 0x7faf123025
03-25 16:14:35.969 14586 14586 W libc : Access denied finding property "vendor.scroll.fpsgo.release"
03-25 16:14:35.970 14586 14586 E ArmVmp : Match on catch block at 0xc3 in for 0x7faf123025
03-25 16:14:35.973 14586 14586 E ArmVmp : Match on catch block at 0xc3 in for 0x7faf123025
03-25 16:14:35.974 14586 14586 E ArmVmp : Match on catch block at 0xc3 in for 0x7faf123025
03-25 16:14:35.984 14586 14586 E ArmVmp : Match on catch block at 0xc3 in for 0x7faf123025
03-25 16:14:35.986 14586 14586 E ArmVmp : Match on catch block at 0xc3 in for 0x7faf123025
03-25 16:14:35.988 14586 14586 E ArmVmp : Match on catch block at 0xc3 in for 0x7faf123025
03-25 16:14:35.994 14586 14586 E ArmVmp : Match on catch block at 0xc3 in for 0x7faf123025
03-25 16:14:35.996 14586 14586 E ArmVmp : Match on catch block at 0xc3 in for 0x7faf123025
03-25 16:14:35.998 14586 14586 E ArmVmp : Match on catch block at 0xc3 in for 0x7faf123025
03-25 16:14:36.012 14586 14586 E ArmVmp : Match on catch block at 0xc3 in for 0x7faf123025
03-25 16:14:36.015 14586 14586 E ArmVmp : Match on catch block at 0xc3 in for 0x7faf123025
03-25 16:14:36.017 14586 14586 E ArmVmp : Match on catch block at 0xc3 in for 0x7faf123025
03-25 16:14:36.030 14586 14586 E ArmVmp : Match on catch block at 0xc3 in for 0x7faf123025
03-25 16:14:36.033 14586 14586 E ArmVmp : Match on catch block at 0xc3 in for 0x7faf123025
03-25 16:14:36.035 14586 14586 E ArmVmp : Match on catch block at 0xc3 in for 0x7faf123025
03-25 16:14:36.048 14586 14586 E ArmVmp : Match on catch block at 0xc3 in for 0x7faf123025
03-25 16:14:36.051 14586 14586 E ArmVmp : Match on catch block at 0xc3 in for 0x7faf123025
03-25 16:14:36.053 14586 14586 E ArmVmp : Match on catch block at 0xc3 in for 0x7faf123025
03-25 16:14:36.064 14586 14586 E ArmVmp : Match on catch block at 0xc3 in for 0x7faf123025
03-25 16:14:36.067 14586 14586 E ArmVmp : Match on catch block at 0xc3 in for 0x7faf123025
03-25 16:14:36.069 14586 14586 E ArmVmp : Match on catch block at 0xc3 in for 0x7faf123025
03-25 16:14:36.088 14586 14586 W libc : Access denied finding property "vendor.transsion.scroll_adjust.support"
03-25 16:14:36.088 14586 14586 W libc : Access denied finding property "vendor.transsion.scroll_adjust.support"
03-25 16:14:36.094 14586 14586 W libc : Access denied finding property "vendor.transsion.scroll_adjust.support"
03-25 16:14:36.100 14586 14586 E ArmVmp : Match on catch block at 0xc3 in for 0x7faf123025
03-25 16:14:36.103 14586 14586 E ArmVmp : Match on catch block at 0xc3 in for 0x7faf123025
03-25 16:14:36.104 14586 14586 E ArmVmp : Match on catch block at 0xc3 in for 0x7faf123025
03-25 16:14:36.115 14586 14586 E ArmVmp : Match on catch block at 0xc3 in for 0x7faf123025
03-25 16:14:36.117 14586 14586 E ArmVmp : Match on catch block at 0xc3 in for 0x7faf123025
03-25 16:14:36.119 14586 14586 E ArmVmp : Match on catch block at 0xc3 in for 0x7faf123025
03-25 16:14:36.133 14586 14586 E ArmVmp : Match on catch block at 0xc3 in for 0x7faf123025
03-25 16:14:36.136 14586 14586 E ArmVmp : Match on catch block at 0xc3 in for 0x7faf123025
03-25 16:14:36.137 14586 14586 E ArmVmp : Match on catch block at 0xc3 in for 0x7faf123025
03-25 16:14:36.151 14586 14586 E ArmVmp : Match on catch block at 0xc3 in for 0x7faf123025
03-25 16:14:36.153 14586 14586 E ArmVmp : Match on catch block at 0xc3 in for 0x7faf123025
03-25 16:14:36.154 14586 14586 E ArmVmp : Match on catch block at 0xc3 in for 0x7faf123025
03-25 16:14:36.169 14586 14586 E ArmVmp : Match on catch block at 0xc3 in for 0x7faf123025
03-25 16:14:36.171 14586 14586 E ArmVmp : Match on catch block at 0xc3 in for 0x7faf123025
03-25 16:14:36.172 14586 14586 E ArmVmp : Match on catch block at 0xc3 in for 0x7faf123025
03-25 16:14:36.186 14586 14586 E ArmVmp : Match on catch block at 0xc3 in for 0x7faf123025
03-25 16:14:36.189 14586 14586 E ArmVmp : Match on catch block at 0xc3 in for 0x7faf123025
03-25 16:14:36.190 14586 14586 E ArmVmp : Match on catch block at 0xc3 in for 0x7faf123025
03-25 16:14:36.204 14586 14586 E ArmVmp : Match on catch block at 0xc3 in for 0x7faf123025
03-25 16:14:36.207 14586 14586 E ArmVmp : Match on catch block at 0xc3 in for 0x7faf123025
03-25 16:14:36.208 14586 14586 E ArmVmp : Match on catch block at 0xc3 in for 0x7faf123025
03-25 16:14:36.222 14586 14586 E ArmVmp : Match on catch block at 0xc3 in for 0x7faf123025
03-25 16:14:36.224 14586 14586 E ArmVmp : Match on catch block at 0xc3 in for 0x7faf123025
03-25 16:14:36.225 14586 14586 E ArmVmp : Match on catch block at 0xc3 in for 0x7faf123025
03-25 16:14:36.239 14586 14586 E ArmVmp : Match on catch block at 0xc3 in for 0x7faf123025
03-25 16:14:36.242 14586 14586 E ArmVmp : Match on catch block at 0xc3 in for 0x7faf123025
03-25 16:14:36.243 14586 14586 E ArmVmp : Match on catch block at 0xc3 in for 0x7faf123025
03-25 16:14:36.257 14586 14586 E ArmVmp : Match on catch block at 0xc3 in for 0x7faf123025
03-25 16:14:36.260 14586 14586 E ArmVmp : Match on catch block at 0xc3 in for 0x7faf123025
03-25 16:14:36.261 14586 14586 E ArmVmp : Match on catch block at 0xc3 in for 0x7faf123025
03-25 16:14:36.275 14586 14586 E ArmVmp : Match on catch block at 0xc3 in for 0x7faf123025
03-25 16:14:36.277 14586 14586 E ArmVmp : Match on catch block at 0xc3 in for 0x7faf123025
03-25 16:14:36.279 14586 14586 E ArmVmp : Match on catch block at 0xc3 in for 0x7faf123025
03-25 16:14:36.293 14586 14586 E ArmVmp : Match on catch block at 0xc3 in for 0x7faf123025
03-25 16:14:36.295 14586 14586 E ArmVmp : Match on catch block at 0xc3 in for 0x7faf123025
03-25 16:14:36.296 14586 14586 E ArmVmp : Match on catch block at 0xc3 in for 0x7faf123025
03-25 16:14:36.311 14586 14586 E ArmVmp : Match on catch block at 0xc3 in for 0x7faf123025
03-25 16:14:36.313 14586 14586 E ArmVmp : Match on catch block at 0xc3 in for 0x7faf123025
03-25 16:14:36.314 14586 14586 E ArmVmp : Match on catch block at 0xc3 in for 0x7faf123025
03-25 16:14:36.328 14586 14586 E ArmVmp : Match on catch block at 0xc3 in for 0x7faf123025
03-25 16:14:36.331 14586 14586 E ArmVmp : Match on catch block at 0xc3 in for 0x7faf123025
03-25 16:14:36.332 14586 14586 E ArmVmp : Match on catch block at 0xc3 in for 0x7faf123025
03-25 16:14:36.346 14586 14586 E ArmVmp : Match on catch block at 0xc3 in for 0x7faf123025
03-25 16:14:36.348 14586 14586 E ArmVmp : Match on catch block at 0xc3 in for 0x7faf123025
03-25 16:14:36.349 14586 14586 E ArmVmp : Match on catch block at 0xc3 in for 0x7faf123025
03-25 16:14:36.365 14586 14586 E ArmVmp : Match on catch block at 0xc3 in for 0x7faf123025
03-25 16:14:36.368 14586 14586 E ArmVmp : Match on catch block at 0xc3 in for 0x7faf123025
03-25 16:14:36.370 14586 14586 E ArmVmp : Match on catch block at 0xc3 in for 0x7faf123025
03-25 16:14:36.383 14586 14586 E ArmVmp : Match on catch block at 0xc3 in for 0x7faf123025
03-25 16:14:36.387 14586 14586 E ArmVmp : Match on catch block at 0xc3 in for 0x7faf123025
03-25 16:14:36.389 14586 14586 E ArmVmp : Match on catch block at 0xc3 in for 0x7faf123025
03-25 16:14:36.401 14586 14586 E ArmVmp : Match on catch block at 0xc3 in for 0x7faf123025
03-25 16:14:36.405 14586 14586 E ArmVmp : Match on catch block at 0xc3 in for 0x7faf123025
03-25 16:14:36.407 14586 14586 E ArmVmp : Match on catch block at 0xc3 in for 0x7faf123025
03-25 16:14:36.418 14586 14586 E ArmVmp : Match on catch block at 0xc3 in for 0x7faf123025
03-25 16:14:36.422 14586 14586 E ArmVmp : Match on catch block at 0xc3 in for 0x7faf123025
03-25 16:14:36.425 14586 14586 E ArmVmp : Match on catch block at 0xc3 in for 0x7faf123025
03-25 16:14:36.437 14586 14586 E ArmVmp : Match on catch block at 0xc3 in for 0x7faf123025
03-25 16:14:36.440 14586 14586 E ArmVmp : Match on catch block at 0xc3 in for 0x7faf123025
03-25 16:14:36.442 14586 14586 E ArmVmp : Match on catch block at 0xc3 in for 0x7faf123025
03-25 16:14:36.454 14586 14586 E ArmVmp : Match on catch block at 0xc3 in for 0x7faf123025
03-25 16:14:36.457 14586 14586 E ArmVmp : Match on catch block at 0xc3 in for 0x7faf123025
03-25 16:14:36.459 14586 14586 E ArmVmp : Match on catch block at 0xc3 in for 0x7faf123025
03-25 16:14:36.471 14586 14586 E ArmVmp : Match on catch block at 0xc3 in for 0x7faf123025
03-25 16:14:36.474 14586 14586 E ArmVmp : Match on catch block at 0xc3 in for 0x7faf123025
03-25 16:14:36.476 14586 14586 E ArmVmp : Match on catch block at 0xc3 in for 0x7faf123025
03-25 16:14:36.490 14586 14586 E ArmVmp : Match on catch block at 0xc3 in for 0x7faf123025
03-25 16:14:36.493 14586 14586 E ArmVmp : Match on catch block at 0xc3 in for 0x7faf123025
03-25 16:14:36.496 14586 14586 E ArmVmp : Match on catch block at 0xc3 in for 0x7faf123025
03-25 16:14:36.508 14586 14586 E ArmVmp : Match on catch block at 0xc3 in for 0x7faf123025
03-25 16:14:36.512 14586 14586 E ArmVmp : Match on catch block at 0xc3 in for 0x7faf123025
03-25 16:14:36.514 14586 14586 E ArmVmp : Match on catch block at 0xc3 in for 0x7faf123025
03-25 16:14:36.542 14586 14586 E ArmVmp : Match on catch block at 0xc3 in for 0x7faf123025
03-25 16:14:36.545 14586 14586 E ArmVmp : Match on catch block at 0xc3 in for 0x7faf123025
03-25 16:14:36.548 14586 14586 E ArmVmp : Match on catch block at 0xc3 in for 0x7faf123025
03-25 16:14:36.614 14586 14586 E ArmVmp : Match on catch block at 0xc3 in for 0x7faf123025
03-25 16:14:36.618 14586 14586 E ArmVmp : Match on catch block at 0xc3 in for 0x7faf123025
03-25 16:14:36.621 14586 14586 E ArmVmp : Match on catch block at 0xc3 in for 0x7faf123025
03-25 16:14:36.668 14586 14586 E ArmVmp : Match on catch block at 0xc3 in for 0x7faf123025
03-25 16:14:36.672 14586 14586 E ArmVmp : Match on catch block at 0xc3 in for 0x7faf123025
03-25 16:14:36.674 14586 14586 E ArmVmp : Match on catch block at 0xc3 in for 0x7faf123025
03-25 16:14:36.685 14586 14586 E ArmVmp : Match on catch block at 0xc3 in for 0x7faf123025
03-25 16:14:36.688 14586 14586 E ArmVmp : Match on catch block at 0xc3 in for 0x7faf123025
03-25 16:14:36.691 14586 14586 E ArmVmp : Match on catch block at 0xc3 in for 0x7faf123025
03-25 16:14:36.703 14586 14586 E ArmVmp : Match on catch block at 0xc3 in for 0x7faf123025
03-25 16:14:36.706 14586 14586 E ArmVmp : Match on catch block at 0xc3 in for 0x7faf123025
03-25 16:14:36.708 14586 14586 E ArmVmp : Match on catch block at 0xc3 in for 0x7faf123025
03-25 16:14:36.719 14586 14586 E ArmVmp : Match on catch block at 0xc3 in for 0x7faf123025
03-25 16:14:36.722 14586 14586 E ArmVmp : Match on catch block at 0xc3 in for 0x7faf123025
03-25 16:14:36.723 14586 14586 E ArmVmp : Match on catch block at 0xc3 in for 0x7faf123025
03-25 16:14:36.748 14586 14586 E ArmVmp : Match on catch block at 0xc3 in for 0x7faf123025
03-25 16:14:36.751 14586 14586 E ArmVmp : Match on catch block at 0xc3 in for 0x7faf123025
03-25 16:14:36.753 14586 14586 E ArmVmp : Match on catch block at 0xc3 in for 0x7faf123025
03-25 16:14:36.769 14586 14586 E ArmVmp : Match on catch block at 0xc3 in for 0x7faf123025
03-25 16:14:36.772 14586 14586 E ArmVmp : Match on catch block at 0xc3 in for 0x7faf123025
03-25 16:14:36.774 14586 14586 E ArmVmp : Match on catch block at 0xc3 in for 0x7faf123025
03-25 16:14:36.784 14586 14586 E ArmVmp : Match on catch block at 0xc3 in for 0x7faf123025
03-25 16:14:36.788 14586 14586 E ArmVmp : Match on catch block at 0xc3 in for 0x7faf123025
03-25 16:14:36.790 14586 14586 E ArmVmp : Match on catch block at 0xc3 in for 0x7faf123025
03-25 16:14:36.802 14586 14586 E ArmVmp : Match on catch block at 0xc3 in for 0x7faf123025
03-25 16:14:36.805 14586 14586 E ArmVmp : Match on catch block at 0xc3 in for 0x7faf123025
03-25 16:14:36.807 14586 14586 E ArmVmp : Match on catch block at 0xc3 in for 0x7faf123025
03-25 16:14:36.827 14586 14586 E ArmVmp : Match on catch block at 0xc3 in for 0x7faf123025
03-25 16:14:36.830 14586 14586 E ArmVmp : Match on catch block at 0xc3 in for 0x7faf123025
03-25 16:14:36.832 14586 14586 E ArmVmp : Match on catch block at 0xc3 in for 0x7faf123025
03-25 16:14:36.845 14586 14586 E ArmVmp : Match on catch block at 0xc3 in for 0x7faf123025
03-25 16:14:36.847 14586 14586 E ArmVmp : Match on catch block at 0xc3 in for 0x7faf123025
03-25 16:14:36.850 14586 14586 E ArmVmp : Match on catch block at 0xc3 in for 0x7faf123025
03-25 16:14:36.861 14586 14586 E ArmVmp : Match on catch block at 0xc3 in for 0x7faf123025
03-25 16:14:36.863 14586 14586 E ArmVmp : Match on catch block at 0xc3 in for 0x7faf123025
03-25 16:14:36.864 14586 14586 E ArmVmp : Match on catch block at 0xc3 in for 0x7faf123025
03-25 16:14:36.878 14586 14586 E ArmVmp : Match on catch block at 0xc3 in for 0x7faf123025
03-25 16:14:36.881 14586 14586 E ArmVmp : Match on catch block at 0xc3 in for 0x7faf123025
03-25 16:14:36.882 14586 14586 E ArmVmp : Match on catch block at 0xc3 in for 0x7faf123025
03-25 16:14:36.896 14586 14586 E ArmVmp : Match on catch block at 0xc3 in for 0x7faf123025
03-25 16:14:36.898 14586 14586 E ArmVmp : Match on catch block at 0xc3 in for 0x7faf123025
03-25 16:14:36.900 14586 14586 E ArmVmp : Match on catch block at 0xc3 in for 0x7faf123025
03-25 16:14:36.913 14586 14586 E ArmVmp : Match on catch block at 0xc3 in for 0x7faf123025
03-25 16:14:36.915 14586 14586 E ArmVmp : Match on catch block at 0xc3 in for 0x7faf123025
03-25 16:14:36.916 14586 14586 E ArmVmp : Match on catch block at 0xc3 in for 0x7faf123025
03-25 16:14:36.931 14586 14586 E ArmVmp : Match on catch block at 0xc3 in for 0x7faf123025
03-25 16:14:36.933 14586 14586 E ArmVmp : Match on catch block at 0xc3 in for 0x7faf123025
03-25 16:14:36.934 14586 14586 E ArmVmp : Match on catch block at 0xc3 in for 0x7faf123025
03-25 16:14:36.949 14586 14586 E ArmVmp : Match on catch block at 0xc3 in for 0x7faf123025
03-25 16:14:36.951 14586 14586 E ArmVmp : Match on catch block at 0xc3 in for 0x7faf123025
03-25 16:14:36.952 14586 14586 E ArmVmp : Match on catch block at 0xc3 in for 0x7faf123025
03-25 16:14:36.967 14586 14586 E ArmVmp : Match on catch block at 0xc3 in for 0x7faf123025
03-25 16:14:36.969 14586 14586 E ArmVmp : Match on catch block at 0xc3 in for 0x7faf123025
03-25 16:14:36.970 14586 14586 E ArmVmp : Match on catch block at 0xc3 in for 0x7faf123025
03-25 16:14:36.985 14586 14586 E ArmVmp : Match on catch block at 0xc3 in for 0x7faf123025
03-25 16:14:36.987 14586 14586 E ArmVmp : Match on catch block at 0xc3 in for 0x7faf123025
03-25 16:14:36.988 14586 14586 E ArmVmp : Match on catch block at 0xc3 in for 0x7faf123025
03-25 16:14:37.003 14586 14586 E ArmVmp : Match on catch block at 0xc3 in for 0x7faf123025
03-25 16:14:37.005 14586 14586 E ArmVmp : Match on catch block at 0xc3 in for 0x7faf123025
03-25 16:14:37.006 14586 14586 E ArmVmp : Match on catch block at 0xc3 in for 0x7faf123025
03-25 16:14:37.020 14586 14586 E ArmVmp : Match on catch block at 0xc3 in for 0x7faf123025
03-25 16:14:37.022 14586 14586 E ArmVmp : Match on catch block at 0xc3 in for 0x7faf123025
03-25 16:14:37.024 14586 14586 E ArmVmp : Match on catch block at 0xc3 in for 0x7faf123025
03-25 16:14:37.038 14586 14586 E ArmVmp : Match on catch block at 0xc3 in for 0x7faf123025
03-25 16:14:37.040 14586 14586 E ArmVmp : Match on catch block at 0xc3 in for 0x7faf123025
03-25 16:14:37.041 14586 14586 E ArmVmp : Match on catch block at 0xc3 in for 0x7faf123025
03-25 16:14:37.056 14586 14586 E ArmVmp : Match on catch block at 0xc3 in for 0x7faf123025
03-25 16:14:37.058 14586 14586 E ArmVmp : Match on catch block at 0xc3 in for 0x7faf123025
03-25 16:14:37.059 14586 14586 E ArmVmp : Match on catch block at 0xc3 in for 0x7faf123025
03-25 16:14:37.074 14586 14586 E ArmVmp : Match on catch block at 0xc3 in for 0x7faf123025
03-25 16:14:37.076 14586 14586 E ArmVmp : Match on catch block at 0xc3 in for 0x7faf123025
03-25 16:14:37.077 14586 14586 E ArmVmp : Match on catch block at 0xc3 in for 0x7faf123025
03-25 16:14:37.091 14586 14586 E ArmVmp : Match on catch block at 0xc3 in for 0x7faf123025
03-25 16:14:37.093 14586 14586 E ArmVmp : Match on catch block at 0xc3 in for 0x7faf123025
03-25 16:14:37.094 14586 14586 E ArmVmp : Match on catch block at 0xc3 in for 0x7faf123025
03-25 16:14:37.109 14586 14586 E ArmVmp : Match on catch block at 0xc3 in for 0x7faf123025
03-25 16:14:37.111 14586 14586 E ArmVmp : Match on catch block at 0xc3 in for 0x7faf123025
03-25 16:14:37.113 14586 14586 E ArmVmp : Match on catch block at 0xc3 in for 0x7faf123025
03-25 16:14:37.127 14586 14586 E ArmVmp : Match on catch block at 0xc3 in for 0x7faf123025
03-25 16:14:37.129 14586 14586 E ArmVmp : Match on catch block at 0xc3 in for 0x7faf123025
03-25 16:14:37.130 14586 14586 E ArmVmp : Match on catch block at 0xc3 in for 0x7faf123025
03-25 16:14:37.145 14586 14586 E ArmVmp : Match on catch block at 0xc3 in for 0x7faf123025
03-25 16:14:37.147 14586 14586 E ArmVmp : Match on catch block at 0xc3 in for 0x7faf123025
03-25 16:14:37.148 14586 14586 E ArmVmp : Match on catch block at 0xc3 in for 0x7faf123025
03-25 16:14:37.162 14586 14586 E ArmVmp : Match on catch block at 0xc3 in for 0x7faf123025
03-25 16:14:37.165 14586 14586 E ArmVmp : Match on catch block at 0xc3 in for 0x7faf123025
03-25 16:14:37.166 14586 14586 E ArmVmp : Match on catch block at 0xc3 in for 0x7faf123025
03-25 16:14:37.180 14586 14586 E ArmVmp : Match on catch block at 0xc3 in for 0x7faf123025
03-25 16:14:37.183 14586 14586 E ArmVmp : Match on catch block at 0xc3 in for 0x7faf123025
03-25 16:14:37.185 14586 14586 E ArmVmp : Match on catch block at 0xc3 in for 0x7faf123025
03-25 16:14:37.218 14586 14586 E ArmVmp : Match on catch block at 0xc3 in for 0x7faf123025
03-25 16:14:37.221 14586 14586 E ArmVmp : Match on catch block at 0xc3 in for 0x7faf123025
03-25 16:14:37.224 14586 14586 E ArmVmp : Match on catch block at 0xc3 in for 0x7faf123025
03-25 16:14:37.235 14586 14586 E ArmVmp : Match on catch block at 0xc3 in for 0x7faf123025
03-25 16:14:37.240 14586 14586 E ArmVmp : Match on catch block at 0xc3 in for 0x7faf123025
03-25 16:14:37.242 14586 14586 E ArmVmp : Match on catch block at 0xc3 in for 0x7faf123025
03-25 16:14:37.253 14586 14586 E ArmVmp : Match on catch block at 0xc3 in for 0x7faf123025
03-25 16:14:37.257 14586 14586 E ArmVmp : Match on catch block at 0xc3 in for 0x7faf123025
03-25 16:14:37.259 14586 14586 E ArmVmp : Match on catch block at 0xc3 in for 0x7faf123025
03-25 16:14:37.270 14586 14586 E ArmVmp : Match on catch block at 0xc3 in for 0x7faf123025
03-25 16:14:37.274 14586 14586 E ArmVmp : Match on catch block at 0xc3 in for 0x7faf123025
03-25 16:14:37.276 14586 14586 E ArmVmp : Match on catch block at 0xc3 in for 0x7faf123025
03-25 16:14:37.288 14586 14586 E ArmVmp : Match on catch block at 0xc3 in for 0x7faf123025
03-25 16:14:37.291 14586 14586 E ArmVmp : Match on catch block at 0xc3 in for 0x7faf123025
03-25 16:14:37.292 14586 14586 E ArmVmp : Match on catch block at 0xc3 in for 0x7faf123025
03-25 16:14:37.306 14586 14586 E ArmVmp : Match on catch block at 0xc3 in for 0x7faf123025
03-25 16:14:37.309 14586 14586 E ArmVmp : Match on catch block at 0xc3 in for 0x7faf123025
03-25 16:14:37.311 14586 14586 E ArmVmp : Match on catch block at 0xc3 in for 0x7faf123025
03-25 16:14:37.323 14586 14586 E ArmVmp : Match on catch block at 0xc3 in for 0x7faf123025
03-25 16:14:37.326 14586 14586 E ArmVmp : Match on catch block at 0xc3 in for 0x7faf123025
03-25 16:14:37.328 14586 14586 E ArmVmp : Match on catch block at 0xc3 in for 0x7faf123025
03-25 16:14:37.376 14586 14586 E ArmVmp : Match on catch block at 0xc3 in for 0x7faf123025
03-25 16:14:37.378 14586 14586 E ArmVmp : Match on catch block at 0xc3 in for 0x7faf123025
03-25 16:14:37.380 14586 14586 E ArmVmp : Match on catch block at 0xc3 in for 0x7faf123025
03-25 16:14:37.386 14586 14586 E ArmVmp : Match on catch block at 0xc3 in for 0x7faf123025
03-25 16:14:37.388 14586 14586 E ArmVmp : Match on catch block at 0xc3 in for 0x7faf123025
03-25 16:14:37.389 14586 14586 E ArmVmp : Match on catch block at 0xc3 in for 0x7faf123025
03-25 16:14:37.395 14586 14586 E ArmVmp : Match on catch block at 0xc3 in for 0x7faf123025
03-25 16:14:37.398 14586 14586 E ArmVmp : Match on catch block at 0xc3 in for 0x7faf123025
03-25 16:14:37.399 14586 14586 E ArmVmp : Match on catch block at 0xc3 in for 0x7faf123025
03-25 16:14:37.412 14586 14586 E ArmVmp : Match on catch block at 0xc3 in for 0x7faf123025
