03-25 16:07:06.052 2443 2443 E ArmVmp : Match on catch block at 0xc3 in for 0x7faf123025
03-25 16:07:06.066 2443 2443 E ArmVmp : Match on catch block at 0xc3 in for 0x7faf123025
03-25 16:07:06.068 2443 2443 E ArmVmp : Match on catch block at 0xc3 in for 0x7faf123025
03-25 16:07:06.069 2443 2443 E ArmVmp : Match on catch block at 0xc3 in for 0x7faf123025
03-25 16:07:06.073 2443 2540 E SQLiteDatabase: Error inserting transferred=1 media_job_uuid=6d271252-d910-4104-b3a4-2370f990e4dc transcoded=1 gif_attribution=0 first_scan_length=0 direct_path=/o1/v/t62.7118-24/f1/m234/up-oil-image-04e79a1e- 003b-4d18-bede-021cad89cd48?ccb=9-4&oh=01_AdSD_Q2AVTUM5zw9r_b2Trs0MHWG3i3s7U_lM37E- 0t4kA&oe=66295E41&_nc_sid=000000 thumbnail_height_width_ratio=1.7631578 is_animated_sticker=0 file_hash=xJ6I5VQOuwveX89xJIA4dzWu87/uOd04C6cd0AoBvjs= file_path=Media/MBWhatsApp Images/Sent/IMG-20240325-WA0002.jpg file_size=76598 partial_media_hash=0+sefL14mUM/JBuw4dz3+ZRV7DSsf8sx6aVS1V5oHLM= face_x=205 face_y=549 height=1080 trim_to=0 media_key_timestamp=1711397224820 message_url=https://mmg.whatsapp.net/o1/v/t62.7118-24/f1/m234/up-oil-image- 04e79a1e-003b-4d18-bede-021cad89cd48?ccb=9- 4&oh=01_AdSD_Q2AVTUM5zw9r_b2Trs0MHWG3i3s7U_lM37E- 0t4kA&oe=66295E41&_nc_sid=000000&mms3=true media_caption=null trim_from=0 mime_type=null partial_media_enc_hash=null width=607 original_file_hash=HDyp5JPYI/PZXMUJ6DrVPj8OiGyxCwxiT8cDBmm9dGM= has_streaming_sidecar=1 autotransfer_retry_enabled=0 media_upload_handle=null message_row_id=9 multicast_id=null enc_file_hash=IzAbrAFVrWbWKuDIwy8t3PM4XZCM+NlLnqEjjzwtujY= mute_video=0 page_count=0 first_scan_sidecar=null suspicious_content=0 file_length=76598 media_name=6f6f7b0f-a07c-45e9-98ab-52031f269fa1.jpg media_duration=0 chat_row_id=3 media_key=[B@d1b667
03-25 16:07:06.073 2443 2540 E SQLiteDatabase: android.database.sqlite.SQLiteConstraintException: UNIQUE constraint failed: message_media.message_row_id (code 1555 SQLITE_CONSTRAINT_PRIMARYKEY)
03-25 16:07:06.073 2443 2540 E SQLiteDatabase: at android.database.sqlite.SQLiteConnection.nativeExecuteForLastInsertedRowId(Native Method)
03-25 16:07:06.073 2443 2540 E SQLiteDatabase: at android.database.sqlite.SQLiteConnection.executeForLastInsertedRowId(SQLiteConnecti on.java:961)
03-25 16:07:06.073 2443 2540 E SQLiteDatabase: at android.database.sqlite.SQLiteSession.executeForLastInsertedRowId(SQLiteSession.jav a:790)
03-25 16:07:06.073 2443 2540 E SQLiteDatabase: at android.database.sqlite.SQLiteStatement.executeInsert(SQLiteStatement.java:89)
03-25 16:07:06.073 2443 2540 E SQLiteDatabase: at android.database.sqlite.SQLiteDatabase.insertWithOnConflict(SQLiteDatabase.java:187 4)
03-25 16:07:06.073 2443 2540 E SQLiteDatabase: at android.database.sqlite.SQLiteDatabase.insert(SQLiteDatabase.java:1743)
03-25 16:07:06.073 2443 2540 E SQLiteDatabase: at X.2tm.A08(Unknown Source:6)
03-25 16:07:06.073 2443 2540 E SQLiteDatabase: at X.35Y.A07(Unknown Source:212)
03-25 16:07:06.073 2443 2540 E SQLiteDatabase: at X.3QF.A14(Unknown Source:470)
03-25 16:07:06.073 2443 2540 E SQLiteDatabase: at X.3gU.run(Unknown Source:982)
03-25 16:07:06.073 2443 2540 E SQLiteDatabase: at android.os.Handler.handleCallback(Handler.java:942)
03-25 16:07:06.073 2443 2540 E SQLiteDatabase: at android.os.Handler.dispatchMessage(Handler.java:99)
03-25 16:07:06.073 2443 2540 E SQLiteDatabase: at X.0zq.dispatchMessage(Unknown Source:4)
03-25 16:07:06.073 2443 2540 E SQLiteDatabase: at android.os.Looper.loopOnce(Looper.java:204)
03-25 16:07:06.073 2443 2540 E SQLiteDatabase: at android.os.Looper.loop(Looper.java:291)
03-25 16:07:06.073 2443 2540 E SQLiteDatabase: at android.os.HandlerThread.run(HandlerThread.java:67)
03-25 16:07:06.084 2443 2443 E ArmVmp : Match on catch block at 0xc3 in for 0x7faf123025
03-25 16:07:06.086 2443 2443 E ArmVmp : Match on catch block at 0xc3 in for 0x7faf123025
03-25 16:07:06.088 2443 2443 E ArmVmp : Match on catch block at 0xc3 in for 0x7faf123025
03-25 16:07:06.103 2443 2443 E ArmVmp : Match on catch block at 0xc3 in for 0x7faf123025
03-25 16:07:06.105 2443 2443 E ArmVmp : Match on catch block at 0xc3 in for 0x7faf123025
03-25 16:07:06.107 2443 2443 E ArmVmp : Match on catch block at 0xc3 in for 0x7faf123025
03-25 16:07:06.120 2443 2443 E ArmVmp : Match on catch block at 0xc3 in for 0x7faf123025
03-25 16:07:06.122 2443 2443 E ArmVmp : Match on catch block at 0xc3 in for 0x7faf123025
03-25 16:07:06.123 2443 2443 E ArmVmp : Match on catch block at 0xc3 in for 0x7faf123025
03-25 16:07:06.138 2443 2443 E ArmVmp : Match on catch block at 0xc3 in for 0x7faf123025
03-25 16:07:06.140 2443 2443 E ArmVmp : Match on catch block at 0xc3 in for 0x7faf123025
03-25 16:07:06.141 2443 2443 E ArmVmp : Match on catch block at 0xc3 in for 0x7faf123025
03-25 16:07:06.191 2443 2443 E ArmVmp : Match on catch block at 0xc3 in for 0x7faf123025
03-25 16:07:06.192 2443 2443 E ArmVmp : Match on catch block at 0xc3 in for 0x7faf123025
03-25 16:07:06.194 2443 2443 E ArmVmp : Match on catch block at 0xc3 in for 0x7faf123025
03-25 16:07:06.690 2443 2443 E ArmVmp : Match on catch block at 0xc3 in for 0x7faf123025
03-25 16:07:06.693 2443 2443 E ArmVmp : Match on catch block at 0xc3 in for 0x7faf123025
03-25 16:07:06.695 2443 2443 E ArmVmp : Match on catch block at 0xc3 in for 0x7faf123025
03-25 16:07:07.205 2443 2443 E ArmVmp : Match on catch block at 0xc3 in for 0x7faf123025
03-25 16:07:07.208 2443 2443 E ArmVmp : Match on catch block at 0xc3 in for 0x7faf123025
03-25 16:07:07.210 2443 2443 E ArmVmp : Match on catch block at 0xc3 in for 0x7faf123025
03-25 16:07:07.692 2443 2443 E ArmVmp : Match on catch block at 0xc3 in for 0x7faf123025
03-25 16:07:07.697 2443 2443 E ArmVmp : Match on catch block at 0xc3 in for 0x7faf123025
03-25 16:07:07.700 2443 2443 E ArmVmp : Match on catch block at 0xc3 in for 0x7faf123025
03-25 16:07:07.710 2443 2443 E ArmVmp : Match on catch block at 0xc3 in for 0x7faf123025
03-25 16:07:07.715 2443 2443 E ArmVmp : Match on catch block at 0xc3 in for 0x7faf123025
03-25 16:07:07.718 2443 2443 E ArmVmp : Match on catch block at 0xc3 in for 0x7faf123025
03-25 16:07:07.726 2443 2443 E ArmVmp : Match on catch block at 0xc3 in for 0x7faf123025
03-25 16:07:07.730 2443 2443 E ArmVmp : Match on catch block at 0xc3 in for 0x7faf123025
03-25 16:07:07.732 2443 2443 E ArmVmp : Match on catch block at 0xc3 in for 0x7faf123025
03-25 16:07:07.743 2443 2443 E ArmVmp : Match on catch block at 0xc3 in for 0x7faf123025
03-25 16:07:07.747 2443 2443 E ArmVmp : Match on catch block at 0xc3 in for 0x7faf123025
03-25 16:07:07.749 2443 2443 E ArmVmp : Match on catch block at 0xc3 in for 0x7faf123025
03-25 16:07:07.759 2443 2443 E ArmVmp : Match on catch block at 0xc3 in for 0x7faf123025
03-25 16:07:07.763 2443 2443 E ArmVmp : Match on catch block at 0xc3 in for 0x7faf123025
03-25 16:07:07.765 2443 2443 E ArmVmp : Match on catch block at 0xc3 in for 0x7faf123025
03-25 16:07:07.777 2443 2443 E ArmVmp : Match on catch block at 0xc3 in for 0x7faf123025
03-25 16:07:07.780 2443 2443 E ArmVmp : Match on catch block at 0xc3 in for 0x7faf123025
03-25 16:07:07.782 2443 2443 E ArmVmp : Match on catch block at 0xc3 in for 0x7faf123025
03-25 16:07:07.793 2443 2443 E ArmVmp : Match on catch block at 0xc3 in for 0x7faf123025
03-25 16:07:07.797 2443 2443 E ArmVmp : Match on catch block at 0xc3 in for 0x7faf123025
03-25 16:07:07.799 2443 2443 E ArmVmp : Match on catch block at 0xc3 in for 0x7faf123025
03-25 16:07:07.802 2443 2443 E ArmVmp : Match on catch block at 0xc3 in for 0x7faf123025
03-25 16:07:07.806 2443 2443 E ArmVmp : Match on catch block at 0xc3 in for 0x7faf123025
03-25 16:07:07.808 2443 2443 E ArmVmp : Match on catch block at 0xc3 in for 0x7faf123025
03-25 16:07:07.817 2443 2443 E ArmVmp : Match on catch block at 0xc3 in for 0x7faf123025
03-25 16:07:07.821 2443 2443 E ArmVmp : Match on catch block at 0xc3 in for 0x7faf123025
03-25 16:07:07.823 2443 2443 E ArmVmp : Match on catch block at 0xc3 in for 0x7faf123025
03-25 16:07:07.834 2443 2443 E ArmVmp : Match on catch block at 0xc3 in for 0x7faf123025
03-25 16:07:07.838 2443 2443 E ArmVmp : Match on catch block at 0xc3 in for 0x7faf123025
03-25 16:07:07.841 2443 2443 E ArmVmp : Match on catch block at 0xc3 in for 0x7faf123025
03-25 16:07:07.851 2443 2443 E ArmVmp : Match on catch block at 0xc3 in for 0x7faf123025
03-25 16:07:07.855 2443 2443 E ArmVmp : Match on catch block at 0xc3 in for 0x7faf123025
03-25 16:07:07.857 2443 2443 E ArmVmp : Match on catch block at 0xc3 in for 0x7faf123025
03-25 16:07:07.860 2443 2443 E ArmVmp : Match on catch block at 0xc3 in for 0x7faf123025
03-25 16:07:07.863 2443 2443 E ArmVmp : Match on catch block at 0xc3 in for 0x7faf123025
03-25 16:07:07.866 2443 2443 E ArmVmp : Match on catch block at 0xc3 in for 0x7faf123025
03-25 16:07:07.876 2443 2443 E ArmVmp : Match on catch block at 0xc3 in for 0x7faf123025
03-25 16:07:07.880 2443 2443 E ArmVmp : Match on catch block at 0xc3 in for 0x7faf123025
03-25 16:07:07.883 2443 2443 E ArmVmp : Match on catch block at 0xc3 in for 0x7faf123025
03-25 16:07:07.895 2443 2443 E ArmVmp : Match on catch block at 0xc3 in for 0x7faf123025
03-25 16:07:07.899 2443 2443 E ArmVmp : Match on catch block at 0xc3 in for 0x7faf123025
03-25 16:07:07.902 2443 2443 E ArmVmp : Match on catch block at 0xc3 in for 0x7faf123025
03-25 16:07:07.912 2443 2443 E ArmVmp : Match on catch block at 0xc3 in for 0x7faf123025
03-25 16:07:07.916 2443 2443 E ArmVmp : Match on catch block at 0xc3 in for 0x7faf123025
03-25 16:07:07.919 2443 2443 E ArmVmp : Match on catch block at 0xc3 in for 0x7faf123025
03-25 16:07:07.930 2443 2443 E ArmVmp : Match on catch block at 0xc3 in for 0x7faf123025
03-25 16:07:07.933 2443 2443 E ArmVmp : Match on catch block at 0xc3 in for 0x7faf123025
03-25 16:07:07.936 2443 2443 E ArmVmp : Match on catch block at 0xc3 in for 0x7faf123025
03-25 16:07:07.948 2443 4685 W MediaPlayer: Use of stream types is deprecated for operations other than volume control
03-25 16:07:07.948 2443 4685 W MediaPlayer: See the documentation of setAudioStreamType() for what to use instead with android.media.AudioAttributes to qualify your playback use case
03-25 16:07:07.949 2443 2443 E ArmVmp : Match on catch block at 0xc3 in for 0x7faf123025
03-25 16:07:07.954 2443 2443 E ArmVmp : Match on catch block at 0xc3 in for 0x7faf123025
03-25 16:07:07.956 2443 2443 E ArmVmp : Match on catch block at 0xc3 in for 0x7faf123025
03-25 16:07:07.965 2443 2443 E ArmVmp : Match on catch block at 0xc3 in for 0x7faf123025
03-25 16:07:07.968 2443 2443 E ArmVmp : Match on catch block at 0xc3 in for 0x7faf123025
03-25 16:07:07.969 2443 2443 E ArmVmp : Match on catch block at 0xc3 in for 0x7faf123025
03-25 16:07:07.989 2443 2443 E ArmVmp : Match on catch block at 0xc3 in for 0x7faf123025
03-25 16:07:07.992 2443 2443 E ArmVmp : Match on catch block at 0xc3 in for 0x7faf123025
03-25 16:07:07.993 2443 2443 E ArmVmp : Match on catch block at 0xc3 in for 0x7faf123025
03-25 16:07:08.004 2443 2443 E ArmVmp : Match on catch block at 0xc3 in for 0x7faf123025
03-25 16:07:08.007 2443 2443 E ArmVmp : Match on catch block at 0xc3 in for 0x7faf123025
03-25 16:07:08.009 2443 2443 E ArmVmp : Match on catch block at 0xc3 in for 0x7faf123025
03-25 16:07:08.026 2443 4685 W MediaPlayer: Use of stream types is deprecated for operations other than volume control
03-25 16:07:08.026 2443 4685 W MediaPlayer: See the documentation of setAudioStreamType() for what to use instead with android.media.AudioAttributes to qualify your playback use case
03-25 16:07:08.044 2443 2443 E ArmVmp : Match on catch block at 0xc3 in for 0x7faf123025
03-25 16:07:08.046 2443 2443 E ArmVmp : Match on catch block at 0xc3 in for 0x7faf123025
03-25 16:07:08.048 2443 2443 E ArmVmp : Match on catch block at 0xc3 in for 0x7faf123025
03-25 16:07:08.058 2443 2443 E ArmVmp : Match on catch block at 0xc3 in for 0x7faf123025
03-25 16:07:08.061 2443 2443 E ArmVmp : Match on catch block at 0xc3 in for 0x7faf123025
03-25 16:07:08.062 2443 2443 E ArmVmp : Match on catch block at 0xc3 in for 0x7faf123025
03-25 16:07:08.075 2443 2443 E ArmVmp : Match on catch block at 0xc3 in for 0x7faf123025
03-25 16:07:08.077 2443 2443 E ArmVmp : Match on catch block at 0xc3 in for 0x7faf123025
03-25 16:07:08.078 2443 2443 E ArmVmp : Match on catch block at 0xc3 in for 0x7faf123025
03-25 16:07:08.089 2443 2443 E ArmVmp : Match on catch block at 0xc3 in for 0x7faf123025
03-25 16:07:08.092 2443 2443 E ArmVmp : Match on catch block at 0xc3 in for 0x7faf123025
03-25 16:07:08.094 2443 2443 E ArmVmp : Match on catch block at 0xc3 in for 0x7faf123025
03-25 16:07:08.107 2443 2443 E ArmVmp : Match on catch block at 0xc3 in for 0x7faf123025
03-25 16:07:08.110 2443 2443 E ArmVmp : Match on catch block at 0xc3 in for 0x7faf123025
03-25 16:07:08.112 2443 2443 E ArmVmp : Match on catch block at 0xc3 in for 0x7faf123025
03-25 16:07:08.140 2443 2443 E ArmVmp : Match on catch block at 0xc3 in for 0x7faf123025
03-25 16:07:08.144 2443 2443 E ArmVmp : Match on catch block at 0xc3 in for 0x7faf123025
03-25 16:07:08.146 2443 2443 E ArmVmp : Match on catch block at 0xc3 in for 0x7faf123025
03-25 16:07:08.154 2443 2443 E ArmVmp : Match on catch block at 0xc3 in for 0x7faf123025
03-25 16:07:08.157 2443 2443 E ArmVmp : Match on catch block at 0xc3 in for 0x7faf123025
03-25 16:07:08.159 2443 2443 E ArmVmp : Match on catch block at 0xc3 in for 0x7faf123025
03-25 16:07:08.164 2443 2443 E ArmVmp : Match on catch block at 0xc3 in for 0x7faf123025
03-25 16:07:08.167 2443 2443 E ArmVmp : Match on catch block at 0xc3 in for 0x7faf123025
03-25 16:07:08.169 2443 2443 E ArmVmp : Match on catch block at 0xc3 in for 0x7faf123025
03-25 16:07:08.178 2443 2443 E ArmVmp : Match on catch block at 0xc3 in for 0x7faf123025
03-25 16:07:08.181 2443 2443 E ArmVmp : Match on catch block at 0xc3 in for 0x7faf123025
03-25 16:07:08.184 2443 2443 E ArmVmp : Match on catch block at 0xc3 in for 0x7faf123025
03-25 16:07:08.196 2443 2443 E ArmVmp : Match on catch block at 0xc3 in for 0x7faf123025
03-25 16:07:08.200 2443 2443 E ArmVmp : Match on catch block at 0xc3 in for 0x7faf123025
03-25 16:07:08.203 2443 2443 E ArmVmp : Match on catch block at 0xc3 in for 0x7faf123025
03-25 16:07:08.214 2443 2443 E ArmVmp : Match on catch block at 0xc3 in for 0x7faf123025
03-25 16:07:08.218 2443 2443 E ArmVmp : Match on catch block at 0xc3 in for 0x7faf123025
03-25 16:07:08.221 2443 2443 E ArmVmp : Match on catch block at 0xc3 in for 0x7faf123025
03-25 16:07:08.232 2443 2443 E ArmVmp : Match on catch block at 0xc3 in for 0x7faf123025
03-25 16:07:08.236 2443 2443 E ArmVmp : Match on catch block at 0xc3 in for 0x7faf123025
03-25 16:07:08.238 2443 2443 E ArmVmp : Match on catch block at 0xc3 in for 0x7faf123025
03-25 16:07:08.250 2443 2443 E ArmVmp : Match on catch block at 0xc3 in for 0x7faf123025
03-25 16:07:08.253 2443 2443 E ArmVmp : Match on catch block at 0xc3 in for 0x7faf123025
03-25 16:07:08.256 2443 2443 E ArmVmp : Match on catch block at 0xc3 in for 0x7faf123025
03-25 16:07:08.267 2443 2443 E ArmVmp : Match on catch block at 0xc3 in for 0x7faf123025
03-25 16:07:08.271 2443 2443 E ArmVmp : Match on catch block at 0xc3 in for 0x7faf123025
03-25 16:07:08.274 2443 2443 E ArmVmp : Match on catch block at 0xc3 in for 0x7faf123025
03-25 16:07:08.285 2443 2443 E ArmVmp : Match on catch block at 0xc3 in for 0x7faf123025
03-25 16:07:08.289 2443 2443 E ArmVmp : Match on catch block at 0xc3 in for 0x7faf123025
03-25 16:07:08.292 2443 2443 E ArmVmp : Match on catch block at 0xc3 in for 0x7faf123025
03-25 16:07:08.303 2443 2443 E ArmVmp : Match on catch block at 0xc3 in for 0x7faf123025
03-25 16:07:08.307 2443 2443 E ArmVmp : Match on catch block at 0xc3 in for 0x7faf123025
03-25 16:07:08.309 2443 2443 E ArmVmp : Match on catch block at 0xc3 in for 0x7faf123025
03-25 16:07:08.322 2443 2443 E ArmVmp : Match on catch block at 0xc3 in for 0x7faf123025
03-25 16:07:08.325 2443 2443 E ArmVmp : Match on catch block at 0xc3 in for 0x7faf123025
03-25 16:07:08.326 2443 2443 E ArmVmp : Match on catch block at 0xc3 in for 0x7faf123025
03-25 16:07:08.338 2443 2443 E ArmVmp : Match on catch block at 0xc3 in for 0x7faf123025
03-25 16:07:08.341 2443 2443 E ArmVmp : Match on catch block at 0xc3 in for 0x7faf123025
03-25 16:07:08.343 2443 2443 E ArmVmp : Match on catch block at 0xc3 in for 0x7faf123025
03-25 16:07:08.693 2443 2443 E ArmVmp : Match on catch block at 0xc3 in for 0x7faf123025
03-25 16:07:08.697 2443 2443 E ArmVmp : Match on catch block at 0xc3 in for 0x7faf123025
03-25 16:07:08.699 2443 2443 E ArmVmp : Match on catch block at 0xc3 in for 0x7faf123025
03-25 16:07:09.207 2443 2443 E ArmVmp : Match on catch block at 0xc3 in for 0x7faf123025
03-25 16:07:09.210 2443 2443 E ArmVmp : Match on catch block at 0xc3 in for 0x7faf123025
03-25 16:07:09.211 2443 2443 E ArmVmp : Match on catch block at 0xc3 in for 0x7faf123025
03-25 16:07:09.647 2443 2443 E ArmVmp : Match on catch block at 0xc3 in for 0x7faf123025
03-25 16:07:09.649 2443 2443 E ArmVmp : Match on catch block at 0xc3 in for 0x7faf123025
03-25 16:07:09.650 2443 2443 E ArmVmp : Match on catch block at 0xc3 in for 0x7faf123025
03-25 16:07:09.665 2443 2443 E ArmVmp : Match on catch block at 0xc3 in for 0x7faf123025
03-25 16:07:09.670 2443 2443 E ArmVmp : Match on catch block at 0xc3 in for 0x7faf123025
03-25 16:07:09.673 2443 2443 E ArmVmp : Match on catch block at 0xc3 in for 0x7faf123025
03-25 16:07:09.681 2443 2443 E ArmVmp : Match on catch block at 0xc3 in for 0x7faf123025
03-25 16:07:09.685 2443 2443 E ArmVmp : Match on catch block at 0xc3 in for 0x7faf123025
03-25 16:07:09.687 2443 2443 E ArmVmp : Match on catch block at 0xc3 in for 0x7faf123025
03-25 16:07:09.696 2443 2443 E ArmVmp : Match on catch block at 0xc3 in for 0x7faf123025
03-25 16:07:09.699 2443 2443 E ArmVmp : Match on catch block at 0xc3 in for 0x7faf123025
03-25 16:07:09.701 2443 2443 E ArmVmp : Match on catch block at 0xc3 in for 0x7faf123025
03-25 16:07:09.713 2443 2443 E ArmVmp : Match on catch block at 0xc3 in for 0x7faf123025
03-25 16:07:09.716 2443 2443 E ArmVmp : Match on catch block at 0xc3 in for 0x7faf123025
03-25 16:07:09.719 2443 2443 E ArmVmp : Match on catch block at 0xc3 in for 0x7faf123025
03-25 16:07:09.730 2443 2443 E ArmVmp : Match on catch block at 0xc3 in for 0x7faf123025
03-25 16:07:09.733 2443 2443 E ArmVmp : Match on catch block at 0xc3 in for 0x7faf123025
03-25 16:07:09.735 2443 2443 E ArmVmp : Match on catch block at 0xc3 in for 0x7faf123025
03-25 16:07:09.751 2443 2443 E ArmVmp : Match on catch block at 0xc3 in for 0x7faf123025
03-25 16:07:09.755 2443 2443 E ArmVmp : Match on catch block at 0xc3 in for 0x7faf123025
03-25 16:07:09.757 2443 2443 E ArmVmp : Match on catch block at 0xc3 in for 0x7faf123025
03-25 16:07:09.768 2443 2443 E ArmVmp : Match on catch block at 0xc3 in for 0x7faf123025
03-25 16:07:09.771 2443 2443 E ArmVmp : Match on catch block at 0xc3 in for 0x7faf123025
03-25 16:07:09.773 2443 2443 E ArmVmp : Match on catch block at 0xc3 in for 0x7faf123025
03-25 16:07:09.785 2443 2443 E ArmVmp : Match on catch block at 0xc3 in for 0x7faf123025
03-25 16:07:09.788 2443 2443 E ArmVmp : Match on catch block at 0xc3 in for 0x7faf123025
03-25 16:07:09.790 2443 2443 E ArmVmp : Match on catch block at 0xc3 in for 0x7faf123025
03-25 16:07:09.801 2443 2443 E ArmVmp : Match on catch block at 0xc3 in for 0x7faf123025
03-25 16:07:09.804 2443 2443 E ArmVmp : Match on catch block at 0xc3 in for 0x7faf123025
03-25 16:07:09.806 2443 2443 E ArmVmp : Match on catch block at 0xc3 in for 0x7faf123025
03-25 16:07:09.809 2443 2443 E ArmVmp : Match on catch block at 0xc3 in for 0x7faf123025
03-25 16:07:09.813 2443 2443 E ArmVmp : Match on catch block at 0xc3 in for 0x7faf123025
03-25 16:07:09.815 2443 2443 E ArmVmp : Match on catch block at 0xc3 in for 0x7faf123025
03-25 16:07:09.828 2443 2443 E ArmVmp : Match on catch block at 0xc3 in for 0x7faf123025
03-25 16:07:09.831 2443 2443 E ArmVmp : Match on catch block at 0xc3 in for 0x7faf123025
03-25 16:07:09.834 2443 2443 E ArmVmp : Match on catch block at 0xc3 in for 0x7faf123025
03-25 16:07:09.845 2443 2443 E ArmVmp : Match on catch block at 0xc3 in for 0x7faf123025
03-25 16:07:09.848 2443 2443 E ArmVmp : Match on catch block at 0xc3 in for 0x7faf123025
03-25 16:07:09.851 2443 2443 E ArmVmp : Match on catch block at 0xc3 in for 0x7faf123025
03-25 16:07:09.863 2443 2443 E ArmVmp : Match on catch block at 0xc3 in for 0x7faf123025
03-25 16:07:09.866 2443 2443 E ArmVmp : Match on catch block at 0xc3 in for 0x7faf123025
03-25 16:07:09.869 2443 2443 E ArmVmp : Match on catch block at 0xc3 in for 0x7faf123025
03-25 16:07:09.881 2443 2443 E ArmVmp : Match on catch block at 0xc3 in for 0x7faf123025
03-25 16:07:09.884 2443 2443 E ArmVmp : Match on catch block at 0xc3 in for 0x7faf123025
03-25 16:07:09.887 2443 2443 E ArmVmp : Match on catch block at 0xc3 in for 0x7faf123025
03-25 16:07:09.899 2443 2443 E ArmVmp : Match on catch block at 0xc3 in for 0x7faf123025
03-25 16:07:09.902 2443 2443 E ArmVmp : Match on catch block at 0xc3 in for 0x7faf123025
03-25 16:07:09.904 2443 2443 E ArmVmp : Match on catch block at 0xc3 in for 0x7faf123025
03-25 16:07:10.217 2443 2443 E ArmVmp : Match on catch block at 0xc3 in for 0x7faf123025
03-25 16:07:10.220 2443 2443 E ArmVmp : Match on catch block at 0xc3 in for 0x7faf123025
03-25 16:07:10.222 2443 2443 E ArmVmp : Match on catch block at 0xc3 in for 0x7faf123025
03-25 16:07:10.716 2443 2443 E ArmVmp : Match on catch block at 0xc3 in for 0x7faf123025
03-25 16:07:10.719 2443 2443 E ArmVmp : Match on catch block at 0xc3 in for 0x7faf123025
03-25 16:07:10.721 2443 2443 E ArmVmp : Match on catch block at 0xc3 in for 0x7faf123025
03-25 16:07:11.211 2443 2443 E ArmVmp : Match on catch block at 0xc3 in for 0x7faf123025
03-25 16:07:11.216 2443 2443 E ArmVmp : Match on catch block at 0xc3 in for 0x7faf123025
03-25 16:07:11.219 2443 2443 E ArmVmp : Match on catch block at 0xc3 in for 0x7faf123025
03-25 16:07:11.284 2443 2443 E ArmVmp : Match on catch block at 0xc3 in for 0x7faf123025
03-25 16:07:11.288 2443 2443 E ArmVmp : Match on catch block at 0xc3 in for 0x7faf123025
03-25 16:07:11.291 2443 2443 E ArmVmp : Match on catch block at 0xc3 in for 0x7faf123025
03-25 16:07:11.298 2443 2443 E ArmVmp : Match on catch block at 0xc3 in for 0x7faf123025
03-25 16:07:11.302 2443 2443 E ArmVmp : Match on catch block at 0xc3 in for 0x7faf123025
03-25 16:07:11.306 2443 2443 E ArmVmp : Match on catch block at 0xc3 in for 0x7faf123025
03-25 16:07:11.328 2443 2443 W OnBackInvokedCallback: OnBackInvokedCallback is not enabled for the application.
03-25 16:07:11.328 2443 2443 W OnBackInvokedCallback: Set 'android:enableOnBackInvokedCallback="true"' in the application manifest.
03-25 16:07:11.391 2443 2443 E ArmVmp : Match on catch block at 0xc3 in for 0x7faf123025
03-25 16:07:11.395 2443 2443 E ArmVmp : Match on catch block at 0xc3 in for 0x7faf123025
03-25 16:07:11.402 2443 2443 E ArmVmp : Match on catch block at 0xc3 in for 0x7faf123025
03-25 16:07:11.407 2443 2443 E ArmVmp : Match on catch block at 0xc3 in for 0x7faf123025
03-25 16:07:11.708 2443 2443 E ArmVmp : Match on catch block at 0xc3 in for 0x7faf123025
03-25 16:07:11.713 2443 2443 E ArmVmp : Match on catch block at 0xc3 in for 0x7faf123025
03-25 16:07:12.208 2443 2559 W Parcel : Expecting binder but got null!
03-25 16:07:12.210 2443 2443 E ArmVmp : Match on catch block at 0xc3 in for 0x7faf123025
03-25 16:07:12.212 2443 2443 E ArmVmp : Match on catch block at 0xc3 in for 0x7faf123025
03-25 16:07:12.220 2443 2443 E ArmVmp : Match on catch block at 0xc3 in for 0x7faf123025
03-25 16:07:12.222 2443 2443 E ArmVmp : Match on catch block at 0xc3 in for 0x7faf123025
03-25 16:07:12.234 2443 2443 E ArmVmp : Match on catch block at 0xc3 in for 0x7faf123025
03-25 16:07:12.236 2443 2443 E ArmVmp : Match on catch block at 0xc3 in for 0x7faf123025
03-25 16:07:12.248 2443 2443 E ArmVmp : Match on catch block at 0xc3 in for 0x7faf123025
03-25 16:07:12.251 2443 2443 E ArmVmp : Match on catch block at 0xc3 in for 0x7faf123025
03-25 16:07:12.265 2443 2443 E ArmVmp : Match on catch block at 0xc3 in for 0x7faf123025
03-25 16:07:12.267 2443 2443 E ArmVmp : Match on catch block at 0xc3 in for 0x7faf123025
03-25 16:07:12.271 2443 2443 E ArmVmp : Match on catch block at 0xc3 in for 0x7faf123025
03-25 16:07:12.273 2443 2443 E ArmVmp : Match on catch block at 0xc3 in for 0x7faf123025
03-25 16:07:12.287 2443 2443 E ArmVmp : Match on catch block at 0xc3 in for 0x7faf123025
03-25 16:07:12.289 2443 2443 E ArmVmp : Match on catch block at 0xc3 in for 0x7faf123025
03-25 16:07:12.305 2443 2443 E ArmVmp : Match on catch block at 0xc3 in for 0x7faf123025
03-25 16:07:12.307 2443 2443 E ArmVmp : Match on catch block at 0xc3 in for 0x7faf123025
03-25 16:07:12.324 2443 2443 E ArmVmp : Match on catch block at 0xc3 in for 0x7faf123025
03-25 16:07:12.326 2443 2443 E ArmVmp : Match on catch block at 0xc3 in for 0x7faf123025
03-25 16:07:12.342 2443 2443 E ArmVmp : Match on catch block at 0xc3 in for 0x7faf123025
03-25 16:07:12.344 2443 2443 E ArmVmp : Match on catch block at 0xc3 in for 0x7faf123025
03-25 16:07:12.361 2443 2443 E ArmVmp : Match on catch block at 0xc3 in for 0x7faf123025
03-25 16:07:12.363 2443 2443 E ArmVmp : Match on catch block at 0xc3 in for 0x7faf123025
03-25 16:07:12.378 2443 2443 E ArmVmp : Match on catch block at 0xc3 in for 0x7faf123025
03-25 16:07:12.380 2443 2443 E ArmVmp : Match on catch block at 0xc3 in for 0x7faf123025
03-25 16:07:12.395 2443 2443 E ArmVmp : Match on catch block at 0xc3 in for 0x7faf123025
03-25 16:07:12.398 2443 2443 E ArmVmp : Match on catch block at 0xc3 in for 0x7faf123025
03-25 16:07:12.412 2443 2443 E ArmVmp : Match on catch block at 0xc3 in for 0x7faf123025
03-25 16:07:12.414 2443 2443 E ArmVmp : Match on catch block at 0xc3 in for 0x7faf123025
03-25 16:07:12.429 2443 2443 E ArmVmp : Match on catch block at 0xc3 in for 0x7faf123025
03-25 16:07:12.431 2443 2443 E ArmVmp : Match on catch block at 0xc3 in for 0x7faf123025
03-25 16:07:12.447 2443 2443 E ArmVmp : Match on catch block at 0xc3 in for 0x7faf123025
03-25 16:07:12.449 2443 2443 E ArmVmp : Match on catch block at 0xc3 in for 0x7faf123025
03-25 16:07:12.465 2443 2443 E ArmVmp : Match on catch block at 0xc3 in for 0x7faf123025
03-25 16:07:12.467 2443 2443 E ArmVmp : Match on catch block at 0xc3 in for 0x7faf123025
03-25 16:07:12.483 2443 2443 E ArmVmp : Match on catch block at 0xc3 in for 0x7faf123025
03-25 16:07:12.485 2443 2443 E ArmVmp : Match on catch block at 0xc3 in for 0x7faf123025
03-25 16:07:12.500 2443 2443 E ArmVmp : Match on catch block at 0xc3 in for 0x7faf123025
03-25 16:07:12.502 2443 2443 E ArmVmp : Match on catch block at 0xc3 in for 0x7faf123025
03-25 16:07:12.519 2443 2443 E ArmVmp : Match on catch block at 0xc3 in for 0x7faf123025
03-25 16:07:12.521 2443 2443 E ArmVmp : Match on catch block at 0xc3 in for 0x7faf123025
03-25 16:07:12.535 2443 2443 E ArmVmp : Match on catch block at 0xc3 in for 0x7faf123025
03-25 16:07:12.537 2443 2443 E ArmVmp : Match on catch block at 0xc3 in for 0x7faf123025
03-25 16:07:12.553 2443 2443 E ArmVmp : Match on catch block at 0xc3 in for 0x7faf123025
03-25 16:07:12.555 2443 2443 E ArmVmp : Match on catch block at 0xc3 in for 0x7faf123025
03-25 16:07:12.571 2443 2443 E ArmVmp : Match on catch block at 0xc3 in for 0x7faf123025
03-25 16:07:12.574 2443 2443 E ArmVmp : Match on catch block at 0xc3 in for 0x7faf123025
03-25 16:07:12.589 2443 2443 E ArmVmp : Match on catch block at 0xc3 in for 0x7faf123025
03-25 16:07:12.591 2443 2443 E ArmVmp : Match on catch block at 0xc3 in for 0x7faf123025
03-25 16:07:12.630 2443 2443 E ArmVmp : Match on catch block at 0xc3 in for 0x7faf123025
03-25 16:07:12.632 2443 2443 E ArmVmp : Match on catch block at 0xc3 in for 0x7faf123025
03-25 16:07:12.718 2443 2443 E ArmVmp : Match on catch block at 0xc3 in for 0x7faf123025
03-25 16:07:12.721 2443 2443 E ArmVmp : Match on catch block at 0xc3 in for 0x7faf123025
03-25 16:07:12.826 2443 2443 E ArmVmp : Match on catch block at 0xc3 in for 0x7faf123025
03-25 16:07:12.830 2443 2443 E ArmVmp : Match on catch block at 0xc3 in for 0x7faf123025
03-25 16:07:12.878 2443 2443 E ArmVmp : Match on catch block at 0xc3 in for 0x7faf123025
03-25 16:07:12.881 2443 2443 E ArmVmp : Match on catch block at 0xc3 in for 0x7faf123025
03-25 16:07:13.008 2443 2443 E ArmVmp : Match on catch block at 0xc3 in for 0x7faf123025
03-25 16:07:13.011 2443 2443 E ArmVmp : Match on catch block at 0xc3 in for 0x7faf123025
03-25 16:07:13.114 2443 2443 E ArmVmp : Match on catch block at 0xc3 in for 0x7faf123025
03-25 16:07:13.117 2443 2443 E ArmVmp : Match on catch block at 0xc3 in for 0x7faf123025
03-25 16:07:13.202 2443 2443 E ArmVmp : Match on catch block at 0xc3 in for 0x7faf123025
03-25 16:07:13.204 2443 2443 E ArmVmp : Match on catch block at 0xc3 in for 0x7faf123025
03-25 16:07:13.250 2443 2443 E ArmVmp : Match on catch block at 0xc3 in for 0x7faf123025
03-25 16:07:13.253 2443 2443 E ArmVmp : Match on catch block at 0xc3 in for 0x7faf123025
03-25 16:07:13.374 2443 2443 E ArmVmp : Match on catch block at 0xc3 in for 0x7faf123025
03-25 16:07:13.376 2443 2443 E ArmVmp : Match on catch block at 0xc3 in for 0x7faf123025
03-25 16:07:13.427 2443 2443 E ArmVmp : Match on catch block at 0xc3 in for 0x7faf123025
03-25 16:07:13.429 2443 2443 E ArmVmp : Match on catch block at 0xc3 in for 0x7faf123025
03-25 16:07:13.534 2443 2443 E ArmVmp : Match on catch block at 0xc3 in for 0x7faf123025
03-25 16:07:13.536 2443 2443 E ArmVmp : Match on catch block at 0xc3 in for 0x7faf123025
03-25 16:07:13.801 2443 2443 E ArmVmp : Match on catch block at 0xc3 in for 0x7faf123025
03-25 16:07:13.804 2443 2443 E ArmVmp : Match on catch block at 0xc3 in for 0x7faf123025
03-25 16:07:13.819 2443 2443 E ArmVmp : Match on catch block at 0xc3 in for 0x7faf123025
03-25 16:07:13.823 2443 2443 E ArmVmp : Match on catch block at 0xc3 in for 0x7faf123025
03-25 16:07:13.837 2443 2443 E ArmVmp : Match on catch block at 0xc3 in for 0x7faf123025
03-25 16:07:13.841 2443 2443 E ArmVmp : Match on catch block at 0xc3 in for 0x7faf123025
03-25 16:07:13.855 2443 2443 E ArmVmp : Match on catch block at 0xc3 in for 0x7faf123025
03-25 16:07:13.860 2443 2443 E ArmVmp : Match on catch block at 0xc3 in for 0x7faf123025
03-25 16:07:13.875 2443 2443 E ArmVmp : Match on catch block at 0xc3 in for 0x7faf123025
03-25 16:07:13.879 2443 2443 E ArmVmp : Match on catch block at 0xc3 in for 0x7faf123025
03-25 16:07:13.901 2443 2443 E ArmVmp : Match on catch block at 0xc3 in for 0x7faf123025
03-25 16:07:13.904 2443 2443 E ArmVmp : Match on catch block at 0xc3 in for 0x7faf123025
03-25 16:07:13.919 2443 2443 E ArmVmp : Match on catch block at 0xc3 in for 0x7faf123025
03-25 16:07:13.923 2443 2443 E ArmVmp : Match on catch block at 0xc3 in for 0x7faf123025
03-25 16:07:13.936 2443 2443 E ArmVmp : Match on catch block at 0xc3 in for 0x7faf123025
03-25 16:07:13.940 2443 2443 E ArmVmp : Match on catch block at 0xc3 in for 0x7faf123025
03-25 16:07:13.953 2443 2443 E ArmVmp : Match on catch block at 0xc3 in for 0x7faf123025
03-25 16:07:13.956 2443 2443 E ArmVmp : Match on catch block at 0xc3 in for 0x7faf123025
03-25 16:07:13.972 2443 2443 E ArmVmp : Match on catch block at 0xc3 in for 0x7faf123025
03-25 16:07:13.975 2443 2443 E ArmVmp : Match on catch block at 0xc3 in for 0x7faf123025
03-25 16:07:13.992 2443 2443 E ArmVmp : Match on catch block at 0xc3 in for 0x7faf123025
03-25 16:07:13.996 2443 2443 E ArmVmp : Match on catch block at 0xc3 in for 0x7faf123025
03-25 16:07:14.016 2443 2443 E ArmVmp : Match on catch block at 0xc3 in for 0x7faf123025
03-25 16:07:14.019 2443 2443 E ArmVmp : Match on catch block at 0xc3 in for 0x7faf123025
03-25 16:07:14.027 2443 2443 E ArmVmp : Match on catch block at 0xc3 in for 0x7faf123025
03-25 16:07:14.029 2443 2443 E ArmVmp : Match on catch block at 0xc3 in for 0x7faf123025
03-25 16:07:14.036 2443 2443 E ArmVmp : Match on catch block at 0xc3 in for 0x7faf123025
03-25 16:07:14.039 2443 2443 E ArmVmp : Match on catch block at 0xc3 in for 0x7faf123025
03-25 16:07:14.049 2443 2443 E ArmVmp : Match on catch block at 0xc3 in for 0x7faf123025
03-25 16:07:14.051 2443 2443 E ArmVmp : Match on catch block at 0xc3 in for 0x7faf123025
03-25 16:07:14.065 2443 2443 E ArmVmp : Match on catch block at 0xc3 in for 0x7faf123025
03-25 16:07:14.068 2443 2443 E ArmVmp : Match on catch block at 0xc3 in for 0x7faf123025
03-25 16:07:14.084 2443 2443 E ArmVmp : Match on catch block at 0xc3 in for 0x7faf123025
03-25 16:07:14.087 2443 2443 E ArmVmp : Match on catch block at 0xc3 in for 0x7faf123025
03-25 16:07:14.101 2443 2443 E ArmVmp : Match on catch block at 0xc3 in for 0x7faf123025
03-25 16:07:14.105 2443 2443 E ArmVmp : Match on catch block at 0xc3 in for 0x7faf123025
03-25 16:07:14.121 2443 2443 E ArmVmp : Match on catch block at 0xc3 in for 0x7faf123025
03-25 16:07:14.125 2443 2443 E ArmVmp : Match on catch block at 0xc3 in for 0x7faf123025
03-25 16:07:14.137 2443 2443 E ArmVmp : Match on catch block at 0xc3 in for 0x7faf123025
03-25 16:07:14.139 2443 2443 E ArmVmp : Match on catch block at 0xc3 in for 0x7faf123025
03-25 16:07:14.156 2443 2443 E ArmVmp : Match on catch block at 0xc3 in for 0x7faf123025
03-25 16:07:14.159 2443 2443 E ArmVmp : Match on catch block at 0xc3 in for 0x7faf123025
03-25 16:07:14.173 2443 2443 E ArmVmp : Match on catch block at 0xc3 in for 0x7faf123025
03-25 16:07:14.175 2443 2443 E ArmVmp : Match on catch block at 0xc3 in for 0x7faf123025
03-25 16:07:14.211 2443 4685 W MediaPlayer: Use of stream types is deprecated for operations other than volume control
03-25 16:07:14.211 2443 4685 W MediaPlayer: See the documentation of setAudioStreamType() for what to use instead with android.media.AudioAttributes to qualify your playback use case
03-25 16:07:14.230 2443 2443 E ArmVmp : Match on catch block at 0xc3 in for 0x7faf123025
03-25 16:07:14.232 2443 2443 E ArmVmp : Match on catch block at 0xc3 in for 0x7faf123025
03-25 16:07:14.244 2443 2443 E ArmVmp : Match on catch block at 0xc3 in for 0x7faf123025
03-25 16:07:14.246 2443 2443 E ArmVmp : Match on catch block at 0xc3 in for 0x7faf123025
03-25 16:07:14.474 2443 2443 E ArmVmp : Match on catch block at 0xc3 in for 0x7faf123025
03-25 16:07:14.477 2443 2443 E ArmVmp : Match on catch block at 0xc3 in for 0x7faf123025
03-25 16:07:14.847 2443 2443 E ArmVmp : Match on catch block at 0xc3 in for 0x7faf123025
03-25 16:07:14.849 2443 2443 E ArmVmp : Match on catch block at 0xc3 in for 0x7faf123025
03-25 16:07:14.888 2443 2443 E ArmVmp : Match on catch block at 0xc3 in for 0x7faf123025
03-25 16:07:14.891 2443 2443 E ArmVmp : Match on catch block at 0xc3 in for 0x7faf123025
03-25 16:07:14.903 2443 2443 E ArmVmp : Match on catch block at 0xc3 in for 0x7faf123025
03-25 16:07:14.905 2443 2443 E ArmVmp : Match on catch block at 0xc3 in for 0x7faf123025
03-25 16:07:14.922 2443 2443 E ArmVmp : Match on catch block at 0xc3 in for 0x7faf123025
03-25 16:07:14.924 2443 2443 E ArmVmp : Match on catch block at 0xc3 in for 0x7faf123025
03-25 16:07:14.934 2443 2443 E ArmVmp : Match on catch block at 0xc3 in for 0x7faf123025
03-25 16:07:14.937 2443 2443 E ArmVmp : Match on catch block at 0xc3 in for 0x7faf123025
03-25 16:07:14.952 2443 2443 E ArmVmp : Match on catch block at 0xc3 in for 0x7faf123025
03-25 16:07:14.956 2443 2443 E ArmVmp : Match on catch block at 0xc3 in for 0x7faf123025
03-25 16:07:14.968 2443 2443 E ArmVmp : Match on catch block at 0xc3 in for 0x7faf123025
03-25 16:07:14.972 2443 2443 E ArmVmp : Match on catch block at 0xc3 in for 0x7faf123025
03-25 16:07:14.985 2443 2443 E ArmVmp : Match on catch block at 0xc3 in for 0x7faf123025
03-25 16:07:14.989 2443 2443 E ArmVmp : Match on catch block at 0xc3 in for 0x7faf123025
03-25 16:07:15.003 2443 2443 E ArmVmp : Match on catch block at 0xc3 in for 0x7faf123025
03-25 16:07:15.005 2443 2443 E ArmVmp : Match on catch block at 0xc3 in for 0x7faf123025
03-25 16:07:15.019 2443 2443 E ArmVmp : Match on catch block at 0xc3 in for 0x7faf123025
03-25 16:07:15.022 2443 2443 E ArmVmp : Match on catch block at 0xc3 in for 0x7faf123025
03-25 16:07:15.036 2443 2443 E ArmVmp : Match on catch block at 0xc3 in for 0x7faf123025
03-25 16:07:15.040 2443 2443 E ArmVmp : Match on catch block at 0xc3 in for 0x7faf123025
03-25 16:07:15.046 2443 2443 E ArmVmp : Match on catch block at 0xc3 in for 0x7faf123025
03-25 16:07:15.048 2443 2443 E ArmVmp : Match on catch block at 0xc3 in for 0x7faf123025
03-25 16:07:15.062 2443 2443 E ArmVmp : Match on catch block at 0xc3 in for 0x7faf123025
03-25 16:07:15.065 2443 2443 E ArmVmp : Match on catch block at 0xc3 in for 0x7faf123025
03-25 16:07:15.090 2443 2443 E ArmVmp : Match on catch block at 0xc3 in for 0x7faf123025
03-25 16:07:15.093 2443 2443 E ArmVmp : Match on catch block at 0xc3 in for 0x7faf123025
03-25 16:07:15.101 2443 2443 E ArmVmp : Match on catch block at 0xc3 in for 0x7faf123025
03-25 16:07:15.104 2443 2443 E ArmVmp : Match on catch block at 0xc3 in for 0x7faf123025
03-25 16:07:15.114 2443 2443 E ArmVmp : Match on catch block at 0xc3 in for 0x7faf123025
03-25 16:07:15.117 2443 2443 E ArmVmp : Match on catch block at 0xc3 in for 0x7faf123025
03-25 16:07:15.132 2443 2443 E ArmVmp : Match on catch block at 0xc3 in for 0x7faf123025
03-25 16:07:15.134 2443 2443 E ArmVmp : Match on catch block at 0xc3 in for 0x7faf123025
03-25 16:07:15.150 2443 2443 E ArmVmp : Match on catch block at 0xc3 in for 0x7faf123025
03-25 16:07:15.153 2443 2443 E ArmVmp : Match on catch block at 0xc3 in for 0x7faf123025
03-25 16:07:15.167 2443 2443 E ArmVmp : Match on catch block at 0xc3 in for 0x7faf123025
03-25 16:07:15.171 2443 2443 E ArmVmp : Match on catch block at 0xc3 in for 0x7faf123025
03-25 16:07:15.185 2443 2443 E ArmVmp : Match on catch block at 0xc3 in for 0x7faf123025
03-25 16:07:15.188 2443 2443 E ArmVmp : Match on catch block at 0xc3 in for 0x7faf123025
03-25 16:07:15.203 2443 2443 E ArmVmp : Match on catch block at 0xc3 in for 0x7faf123025
03-25 16:07:15.207 2443 2443 E ArmVmp : Match on catch block at 0xc3 in for 0x7faf123025
03-25 16:07:15.221 2443 2443 E ArmVmp : Match on catch block at 0xc3 in for 0x7faf123025
03-25 16:07:15.224 2443 2443 E ArmVmp : Match on catch block at 0xc3 in for 0x7faf123025
03-25 16:07:15.238 2443 2443 E ArmVmp : Match on catch block at 0xc3 in for 0x7faf123025
03-25 16:07:15.242 2443 2443 E ArmVmp : Match on catch block at 0xc3 in for 0x7faf123025
03-25 16:07:15.256 2443 2443 E ArmVmp : Match on catch block at 0xc3 in for 0x7faf123025
03-25 16:07:15.260 2443 2443 E ArmVmp : Match on catch block at 0xc3 in for 0x7faf123025
03-25 16:07:15.274 2443 2443 E ArmVmp : Match on catch block at 0xc3 in for 0x7faf123025
03-25 16:07:15.277 2443 2443 E ArmVmp : Match on catch block at 0xc3 in for 0x7faf123025
03-25 16:07:15.292 2443 2443 E ArmVmp : Match on catch block at 0xc3 in for 0x7faf123025
03-25 16:07:15.295 2443 2443 E ArmVmp : Match on catch block at 0xc3 in for 0x7faf123025
03-25 16:07:15.309 2443 2443 E ArmVmp : Match on catch block at 0xc3 in for 0x7faf123025
03-25 16:07:15.313 2443 2443 E ArmVmp : Match on catch block at 0xc3 in for 0x7faf123025
03-25 16:07:15.327 2443 2443 E ArmVmp : Match on catch block at 0xc3 in for 0x7faf123025
03-25 16:07:15.331 2443 2443 E ArmVmp : Match on catch block at 0xc3 in for 0x7faf123025
03-25 16:07:15.344 2443 2443 E ArmVmp : Match on catch block at 0xc3 in for 0x7faf123025
03-25 16:07:15.348 2443 2443 E ArmVmp : Match on catch block at 0xc3 in for 0x7faf123025
03-25 16:07:15.368 2443 2443 E ArmVmp : Match on catch block at 0xc3 in for 0x7faf123025
03-25 16:07:15.372 2443 2443 E ArmVmp : Match on catch block at 0xc3 in for 0x7faf123025
03-25 16:07:15.380 2443 2443 E ArmVmp : Match on catch block at 0xc3 in for 0x7faf123025
03-25 16:07:15.383 2443 2443 E ArmVmp : Match on catch block at 0xc3 in for 0x7faf123025
03-25 16:07:15.486 2443 2443 E ArmVmp : Match on catch block at 0xc3 in for 0x7faf123025
03-25 16:07:15.488 2443 2443 E ArmVmp : Match on catch block at 0xc3 in for 0x7faf123025
03-25 16:07:15.983 2443 2443 E ArmVmp : Match on catch block at 0xc3 in for 0x7faf123025
03-25 16:07:15.985 2443 2443 E ArmVmp : Match on catch block at 0xc3 in for 0x7faf123025
03-25 16:07:16.010 2443 2443 E ArmVmp : Match on catch block at 0xc3 in for 0x7faf123025
03-25 16:07:16.012 2443 2443 E ArmVmp : Match on catch block at 0xc3 in for 0x7faf123025
03-25 16:07:16.036 2443 2443 E ArmVmp : Match on catch block at 0xc3 in for 0x7faf123025
03-25 16:07:16.038 2443 2443 E ArmVmp : Match on catch block at 0xc3 in for 0x7faf123025
03-25 16:07:16.065 2443 2443 W libc : Access denied finding property "vendor.transsion.scroll_adjust.support"
03-25 16:07:16.065 2443 2443 W libc : Access denied finding property "vendor.transsion.scroll_adjust.support"
03-25 16:07:16.073 2443 2443 W libc : Access denied finding property "vendor.transsion.scroll_adjust.support"
03-25 16:07:16.074 2443 2443 W libc : Access denied finding property "vendor.transsion.scroll_adjust.support"
03-25 16:07:16.074 2443 2443 W TabLayout: MODE_SCROLLABLE + GRAVITY_FILL is not supported, GRAVITY_START will be used instead
03-25 16:07:16.087 2443 2443 W BottomSheetBehavior: BottomSheetBehavior now supports multiple callbacks. `setBottomSheetCallback()` removes all existing callbacks, including ones set internally by library authors, which may result in unintended behavior. This may change in the future. Please use `addBottomSheetCallback()` and `removeBottomSheetCallback()` instead to set your own callbacks.
03-25 16:07:16.097 2443 2473 E CameraManagerGlobal: Camera 3 is not available. Ignore physical camera status change
03-25 16:07:16.102 2443 2443 W libc : Access denied finding property "vendor.transsion.scroll_adjust.support"
03-25 16:07:16.102 2443 2443 W libc : Access denied finding property "vendor.transsion.scroll_adjust.support"
03-25 16:07:16.104 2443 2443 W libc : Access denied finding property "vendor.transsion.scroll_adjust.support"
03-25 16:07:16.104 2443 2443 W libc : Access denied finding property "vendor.transsion.scroll_adjust.support"
03-25 16:07:16.105 2443 2443 W libc : Access denied finding property "vendor.transsion.scroll_adjust.support"
03-25 16:07:16.105 2443 2443 W libc : Access denied finding property "vendor.transsion.scroll_adjust.support"
03-25 16:07:16.141 2443 2443 W libc : Access denied finding property "vendor.transsion.scroll_adjust.support"
03-25 16:07:16.141 2443 2443 W libc : Access denied finding property "vendor.transsion.scroll_adjust.support"
03-25 16:07:16.146 2443 2443 W libc : Access denied finding property "vendor.transsion.scroll_adjust.support"
03-25 16:07:16.146 2443 2443 W libc : Access denied finding property "vendor.transsion.scroll_adjust.support"
03-25 16:07:16.190 2443 2443 W libc : Access denied finding property "vendor.transsion.scroll_adjust.support"
03-25 16:07:16.191 2443 2443 W libc : Access denied finding property "vendor.transsion.scroll_adjust.support"
03-25 16:07:16.192 2443 2443 W View : requestLayout() improperly called by com.mbwhatsapp.WaImageView{9184338 VF.D..CL. ......ID 0,0-192,192 #7f0b1814 app:id/shutter} during layout: running second layout pass
03-25 16:07:16.192 2443 2443 W View : requestLayout() improperly called by com.mbwhatsapp.CircularProgressBar{91fdf11 V.ED..... ......ID 0,0-192,192 #7f0b14fc app:id/recording_progress} during layout: running second layout pass
03-25 16:07:16.192 2443 2443 W View : requestLayout() improperly called by com.mbwhatsapp.WaImageView{af5876 VF.D..C.. ......ID 0,0-144,144 #7f0b1976 app:id/switch_camera_btn} during layout: running second layout pass
03-25 16:07:16.192 2443 2443 W View : requestLayout() improperly called by com.mbwhatsapp.WaImageView{8e0ce77 VFED..C.. ......ID 0,0-144,144 #7f0b0b0d app:id/gallery_btn} during layout: running second layout pass
03-25 16:07:16.192 2443 2443 W View : requestLayout() improperly called by com.mbwhatsapp.WaImageView{daa5ae4 VF.D..C.. ......ID 0,0-144,144 #7f0b0a9c app:id/flash_btn} during layout: running second layout pass
03-25 16:07:16.192 2443 2443 W View : requestLayout() improperly called by com.mbwhatsapp.WaImageView{9925b4d VFED..C.. ......ID 0,0-144,144 #7f0b057f app:id/close_camera_btn} during layout: running second layout pass
03-25 16:07:16.192 2443 2443 W View : requestLayout() improperly called by X.4Ki{5b08602 V.ED..... ......ID 0,6-1080,150} during layout: running second layout pass
03-25 16:07:16.203 2443 2559 W Parcel : Expecting binder but got null!
03-25 16:07:16.206 2443 2443 E ArmVmp : Match on catch block at 0xc3 in for 0x7faf123025
03-25 16:07:16.208 2443 2443 E ArmVmp : Match on catch block at 0xc3 in for 0x7faf123025
03-25 16:07:16.222 2443 2443 W View : requestLayout() improperly called by com.mbwhatsapp.WaImageView{9184338 VF.D..CL. ......ID 444,1680-636,1872 #7f0b1814 app:id/shutter} during layout: running second layout pass
03-25 16:07:16.222 2443 2443 W View : requestLayout() improperly called by com.mbwhatsapp.CircularProgressBar{91fdf11 V.ED..... ......ID 444,1680-636,1872 #7f0b14fc app:id/recording_progress} during layout: running second layout pass
03-25 16:07:16.222 2443 2443 W View : requestLayout() improperly called by com.mbwhatsapp.WaImageView{af5876 VF.D..C.. ......ID 912,1704-1056,1848 #7f0b1976 app:id/switch_camera_btn} during layout: running second layout pass
03-25 16:07:16.223 2443 2443 W View : requestLayout() improperly called by com.mbwhatsapp.WaImageView{8e0ce77 VFED..C.. ......ID 24,1704-168,1848 #7f0b0b0d app:id/gallery_btn} during layout: running second layout pass
03-25 16:07:16.223 2443 2443 W View : requestLayout() improperly called by com.mbwhatsapp.WaImageView{daa5ae4 VF.D..C.. ......I. 912,24-1056,168 #7f0b0a9c app:id/flash_btn} during layout: running second layout pass
03-25 16:07:16.223 2443 2443 W View : requestLayout() improperly called by com.mbwhatsapp.WaImageView{9925b4d VFED..C.. ......I. 24,24-168,168 #7f0b057f app:id/close_camera_btn} during layout: running second layout pass
03-25 16:07:16.230 2443 2443 E ArmVmp : Match on catch block at 0xc3 in for 0x7faf123025
03-25 16:07:16.236 2443 2443 E ArmVmp : Match on catch block at 0xc3 in for 0x7faf123025
03-25 16:07:16.289 2443 2443 E ArmVmp : Match on catch block at 0xc3 in for 0x7faf123025
03-25 16:07:16.292 2443 2443 E ArmVmp : Match on catch block at 0xc3 in for 0x7faf123025
03-25 16:07:16.299 2443 2443 W OnBackInvokedCallback: OnBackInvokedCallback is not enabled for the application.
03-25 16:07:16.299 2443 2443 W OnBackInvokedCallback: Set 'android:enableOnBackInvokedCallback="true"' in the application manifest.
03-25 16:07:16.311 2443 2443 E ArmVmp : Match on catch block at 0xc3 in for 0x7faf123025
03-25 16:07:16.324 2443 2443 E ArmVmp : Match on catch block at 0xc3 in for 0x7faf123025
03-25 16:07:16.330 2443 2443 W RemoteInputConnectionImpl: requestCursorAnchorInfo on inactive InputConnection
03-25 16:07:16.354 2443 2443 E ArmVmp : Match on catch block at 0xc3 in for 0x7faf123025
03-25 16:07:16.359 2443 2443 E ArmVmp : Match on catch block at 0xc3 in for 0x7faf123025
03-25 16:07:16.407 2443 2443 E ArmVmp : Match on catch block at 0xc3 in for 0x7faf123025
03-25 16:07:16.418 2443 2443 E ArmVmp : Match on catch block at 0xc3 in for 0x7faf123025
03-25 16:07:16.476 2443 2443 E ArmVmp : Match on catch block at 0xc3 in for 0x7faf123025
03-25 16:07:16.484 2443 2443 E ArmVmp : Match on catch block at 0xc3 in for 0x7faf123025
03-25 16:07:16.511 2443 2460 W System : A resource failed to call CursorWrapperInner.close.
03-25 16:07:16.527 2443 2443 E ArmVmp : Match on catch block at 0xc3 in for 0x7faf123025
03-25 16:07:16.530 2443 2443 E ArmVmp : Match on catch block at 0xc3 in for 0x7faf123025
03-25 16:07:16.590 2443 2443 E ArmVmp : Match on catch block at 0xc3 in for 0x7faf123025
03-25 16:07:16.595 2443 2443 E ArmVmp : Match on catch block at 0xc3 in for 0x7faf123025
03-25 16:07:18.354 2443 2443 W libc : Access denied finding property "vendor.transsion.scroll_adjust.support"
03-25 16:07:21.666 2443 2443 E ArmVmp : Match on catch block at 0x0a in for 0x7faf123035
03-25 16:07:21.674 2443 2443 E ArmVmp : Match on catch block at 0x0a in for 0x7faf123035
03-25 16:07:21.765 2443 6625 E CameraManagerGlobal: Camera 3 is not available. Ignore physical camera status change
03-25 16:07:21.774 2443 2443 E ArmVmp : Match on catch block at 0xc3 in for 0x7faf123025
03-25 16:07:21.780 2443 2443 E ArmVmp : Match on catch block at 0xc3 in for 0x7faf123025
03-25 16:07:21.782 2443 2443 E ArmVmp : Match on catch block at 0xc3 in for 0x7faf123025
03-25 16:07:21.784 2443 2443 W libc : Access denied finding property "vendor.transsion.scroll_adjust.support"
03-25 16:07:21.784 2443 2443 W libc : Access denied finding property "vendor.transsion.scroll_adjust.support"
03-25 16:07:21.809 2443 2443 E ArmVmp : Match on catch block at 0xc3 in for 0x7faf123025
03-25 16:07:21.812 2443 2443 E ArmVmp : Match on catch block at 0xc3 in for 0x7faf123025
03-25 16:07:21.814 2443 2443 E ArmVmp : Match on catch block at 0xc3 in for 0x7faf123025
03-25 16:07:21.830 2443 2443 E ArmVmp : Match on catch block at 0xc3 in for 0x7faf123025
03-25 16:07:21.832 2443 2443 E ArmVmp : Match on catch block at 0xc3 in for 0x7faf123025
03-25 16:07:21.833 2443 2443 E ArmVmp : Match on catch block at 0xc3 in for 0x7faf123025
03-25 16:07:21.865 2443 2443 E ArmVmp : Match on catch block at 0xc3 in for 0x7faf123025
03-25 16:07:21.868 2443 2443 E ArmVmp : Match on catch block at 0xc3 in for 0x7faf123025
03-25 16:07:21.869 2443 2443 E ArmVmp : Match on catch block at 0xc3 in for 0x7faf123025
03-25 16:07:21.881 2443 2443 E ArmVmp : Match on catch block at 0xc3 in for 0x7faf123025
03-25 16:07:21.883 2443 2443 E ArmVmp : Match on catch block at 0xc3 in for 0x7faf123025
03-25 16:07:21.884 2443 2443 E ArmVmp : Match on catch block at 0xc3 in for 0x7faf123025
03-25 16:07:21.895 2443 2443 E ArmVmp : Match on catch block at 0xc3 in for 0x7faf123025
03-25 16:07:21.897 2443 2443 E ArmVmp : Match on catch block at 0xc3 in for 0x7faf123025
