03-25 15:43:45.063 15222 15222 E ArmVmp : Match on catch block at 0xc3 in for 0x7faf123025
03-25 15:43:45.064 15222 15222 E ArmVmp : Match on catch block at 0xc3 in for 0x7faf123025
03-25 15:43:45.065 15222 15222 E ArmVmp : Match on catch block at 0xc3 in for 0x7faf123025
03-25 15:43:45.074 15222 15222 E ArmVmp : Match on catch block at 0xc3 in for 0x7faf123025
03-25 15:43:45.077 15222 15222 E ArmVmp : Match on catch block at 0xc3 in for 0x7faf123025
03-25 15:43:45.079 15222 15222 E ArmVmp : Match on catch block at 0xc3 in for 0x7faf123025
03-25 15:43:45.080 15222 15222 E ArmVmp : Match on catch block at 0xc3 in for 0x7faf123025
03-25 15:43:45.081 15222 15222 E ArmVmp : Match on catch block at 0xc3 in for 0x7faf123025
03-25 15:43:45.082 15222 15222 E ArmVmp : Match on catch block at 0xc3 in for 0x7faf123025
03-25 15:43:45.082 15222 15222 E ArmVmp : Match on catch block at 0xc3 in for 0x7faf123025
03-25 15:43:45.518 15222 15222 E ArmVmp : Match on catch block at 0xc3 in for 0x7faf123025
03-25 15:43:45.521 15222 15222 E ArmVmp : Match on catch block at 0xc3 in for 0x7faf123025
03-25 15:43:45.523 15222 15222 E ArmVmp : Match on catch block at 0xc3 in for 0x7faf123025
03-25 15:43:45.524 15222 15222 E ArmVmp : Match on catch block at 0xc3 in for 0x7faf123025
03-25 15:43:45.526 15222 15222 E ArmVmp : Match on catch block at 0xc3 in for 0x7faf123025
03-25 15:43:45.527 15222 15222 E ArmVmp : Match on catch block at 0xc3 in for 0x7faf123025
03-25 15:43:45.529 15222 15222 E ArmVmp : Match on catch block at 0xc3 in for 0x7faf123025
03-25 15:43:45.535 15222 15222 E ArmVmp : Match on catch block at 0xc3 in for 0x7faf123025
03-25 15:43:45.539 15222 15222 E ArmVmp : Match on catch block at 0xc3 in for 0x7faf123025
03-25 15:43:45.540 15222 15222 E ArmVmp : Match on catch block at 0xc3 in for 0x7faf123025
03-25 15:43:45.541 15222 15222 E ArmVmp : Match on catch block at 0xc3 in for 0x7faf123025
03-25 15:43:45.542 15222 15222 E ArmVmp : Match on catch block at 0xc3 in for 0x7faf123025
03-25 15:43:45.543 15222 15222 E ArmVmp : Match on catch block at 0xc3 in for 0x7faf123025
03-25 15:43:45.544 15222 15222 E ArmVmp : Match on catch block at 0xc3 in for 0x7faf123025
03-25 15:43:45.554 15222 15222 E ArmVmp : Match on catch block at 0xc3 in for 0x7faf123025
03-25 15:43:45.558 15222 15222 E ArmVmp : Match on catch block at 0xc3 in for 0x7faf123025
03-25 15:43:45.560 15222 15222 E ArmVmp : Match on catch block at 0xc3 in for 0x7faf123025
03-25 15:43:45.561 15222 15222 E ArmVmp : Match on catch block at 0xc3 in for 0x7faf123025
03-25 15:43:45.561 15222 15222 E ArmVmp : Match on catch block at 0xc3 in for 0x7faf123025
03-25 15:43:45.562 15222 15222 E ArmVmp : Match on catch block at 0xc3 in for 0x7faf123025
03-25 15:43:45.563 15222 15222 E ArmVmp : Match on catch block at 0xc3 in for 0x7faf123025
03-25 15:43:45.571 15222 15222 E ArmVmp : Match on catch block at 0xc3 in for 0x7faf123025
03-25 15:43:45.575 15222 15222 E ArmVmp : Match on catch block at 0xc3 in for 0x7faf123025
03-25 15:43:45.577 15222 15222 E ArmVmp : Match on catch block at 0xc3 in for 0x7faf123025
03-25 15:43:45.578 15222 15222 E ArmVmp : Match on catch block at 0xc3 in for 0x7faf123025
03-25 15:43:45.579 15222 15222 E ArmVmp : Match on catch block at 0xc3 in for 0x7faf123025
03-25 15:43:45.580 15222 15222 E ArmVmp : Match on catch block at 0xc3 in for 0x7faf123025
03-25 15:43:45.580 15222 15222 E ArmVmp : Match on catch block at 0xc3 in for 0x7faf123025
03-25 15:43:45.588 15222 15222 E ArmVmp : Match on catch block at 0xc3 in for 0x7faf123025
03-25 15:43:45.591 15222 15222 E ArmVmp : Match on catch block at 0xc3 in for 0x7faf123025
03-25 15:43:45.593 15222 15222 E ArmVmp : Match on catch block at 0xc3 in for 0x7faf123025
03-25 15:43:45.594 15222 15222 E ArmVmp : Match on catch block at 0xc3 in for 0x7faf123025
03-25 15:43:45.595 15222 15222 E ArmVmp : Match on catch block at 0xc3 in for 0x7faf123025
03-25 15:43:45.596 15222 15222 E ArmVmp : Match on catch block at 0xc3 in for 0x7faf123025
03-25 15:43:45.597 15222 15222 E ArmVmp : Match on catch block at 0xc3 in for 0x7faf123025
03-25 15:43:45.606 15222 15222 E ArmVmp : Match on catch block at 0xc3 in for 0x7faf123025
03-25 15:43:45.609 15222 15222 E ArmVmp : Match on catch block at 0xc3 in for 0x7faf123025
03-25 15:43:45.611 15222 15222 E ArmVmp : Match on catch block at 0xc3 in for 0x7faf123025
03-25 15:43:45.612 15222 15222 E ArmVmp : Match on catch block at 0xc3 in for 0x7faf123025
03-25 15:43:45.613 15222 15222 E ArmVmp : Match on catch block at 0xc3 in for 0x7faf123025
03-25 15:43:45.613 15222 15222 E ArmVmp : Match on catch block at 0xc3 in for 0x7faf123025
03-25 15:43:45.614 15222 15222 E ArmVmp : Match on catch block at 0xc3 in for 0x7faf123025
03-25 15:43:45.624 15222 15222 E ArmVmp : Match on catch block at 0xc3 in for 0x7faf123025
03-25 15:43:45.627 15222 15222 E ArmVmp : Match on catch block at 0xc3 in for 0x7faf123025
03-25 15:43:45.629 15222 15222 E ArmVmp : Match on catch block at 0xc3 in for 0x7faf123025
03-25 15:43:45.629 15222 15222 E ArmVmp : Match on catch block at 0xc3 in for 0x7faf123025
03-25 15:43:45.630 15222 15222 E ArmVmp : Match on catch block at 0xc3 in for 0x7faf123025
03-25 15:43:45.631 15222 15222 E ArmVmp : Match on catch block at 0xc3 in for 0x7faf123025
03-25 15:43:45.632 15222 15222 E ArmVmp : Match on catch block at 0xc3 in for 0x7faf123025
03-25 15:43:45.958 15222 15222 E ArmVmp : Match on catch block at 0xc3 in for 0x7faf123025
03-25 15:43:45.963 15222 15222 E ArmVmp : Match on catch block at 0xc3 in for 0x7faf123025
03-25 15:43:45.966 15222 15222 E ArmVmp : Match on catch block at 0xc3 in for 0x7faf123025
03-25 15:43:45.969 15222 15222 E ArmVmp : Match on catch block at 0xc3 in for 0x7faf123025
03-25 15:43:45.971 15222 15222 E ArmVmp : Match on catch block at 0xc3 in for 0x7faf123025
03-25 15:43:45.973 15222 15222 E ArmVmp : Match on catch block at 0xc3 in for 0x7faf123025
03-25 15:43:45.976 15222 15222 E ArmVmp : Match on catch block at 0xc3 in for 0x7faf123025
03-25 15:43:48.625 15222 15322 W Parcel : Expecting binder but got null!
03-25 15:43:50.183 15222 15222 E RippleDrawable: The RippleDrawable.STYLE_PATTERNED animation is not supported for a non-hardware accelerated Canvas. Skipping animation.
03-25 15:43:50.184 15222 15222 E RippleDrawable: The RippleDrawable.STYLE_PATTERNED animation is not supported for a non-hardware accelerated Canvas. Skipping animation.
03-25 15:43:50.199 15222 15222 E RippleDrawable: The RippleDrawable.STYLE_PATTERNED animation is not supported for a non-hardware accelerated Canvas. Skipping animation.
03-25 15:43:50.200 15222 15222 E RippleDrawable: The RippleDrawable.STYLE_PATTERNED animation is not supported for a non-hardware accelerated Canvas. Skipping animation.
03-25 15:43:50.304 15222 15222 W libc : Access denied finding property "vendor.transsion.scroll_adjust.support"
03-25 15:43:50.304 15222 15222 W libc : Access denied finding property "vendor.transsion.scroll_adjust.support"
03-25 15:43:50.312 15222 15322 W Parcel : Expecting binder but got null!
03-25 15:45:13.948 15222 15222 W libc : Access denied finding property "vendor.transsion.scroll_adjust.support"
03-25 15:45:15.624 15222 15222 W libc : Access denied finding property "vendor.transsion.scroll_adjust.support"
03-25 15:45:29.029 15222 15322 W Parcel : Expecting binder but got null!
03-25 15:45:30.225 15222 15222 W InputEventReceiver: Attempted to finish an input event but the input event receiver has already been disposed.
03-25 15:45:30.259 15222 15222 W libc : Access denied finding property "vendor.transsion.scroll_adjust.support"
03-25 15:45:30.259 15222 15222 W libc : Access denied finding property "vendor.transsion.scroll_adjust.support"
03-25 15:45:30.268 15222 15322 W Parcel : Expecting binder but got null!
03-25 15:46:09.307 15222 15222 W libc : Access denied finding property "vendor.transsion.scroll_adjust.support"
03-25 15:46:09.307 15222 15222 W libc : Access denied finding property "vendor.transsion.scroll_adjust.support"
03-25 15:46:09.314 15222 15222 W libc : Access denied finding property "vendor.transsion.scroll_adjust.support"
03-25 15:46:09.314 15222 15222 W libc : Access denied finding property "vendor.transsion.scroll_adjust.support"
03-25 15:46:09.400 15222 15322 W Parcel : Expecting binder but got null!
03-25 15:46:10.934 15222 15222 W libc : Access denied finding property "vendor.transsion.scroll_adjust.support"
03-25 15:46:10.934 15222 15222 W libc : Access denied finding property "vendor.transsion.scroll_adjust.support"
03-25 15:46:10.963 15222 15222 W libc : Access denied finding property "vendor.transsion.scroll_adjust.support"
03-25 15:46:10.963 15222 15222 W libc : Access denied finding property "vendor.transsion.scroll_adjust.support"
03-25 15:46:11.018 15222 15222 E ArmVmp : Match on catch block at 0x0a in for 0x7faf123035
03-25 15:46:11.021 15222 15222 E ArmVmp : Match on catch block at 0x0a in for 0x7faf123035
03-25 15:46:11.077 15222 15222 E ArmVmp : Match on catch block at 0xc3 in for 0x7faf123021
03-25 15:46:11.080 15222 15222 E ArmVmp : Match on catch block at 0xc3 in for 0x7faf123021
03-25 15:46:11.089 15222 15322 W Parcel : Expecting binder but got null!
03-25 15:46:11.115 15222 15222 E ArmVmp : Match on catch block at 0xc3 in for 0x7faf123025
03-25 15:46:11.118 15222 15222 E ArmVmp : Match on catch block at 0xc3 in for 0x7faf123025
03-25 15:46:11.136 15222 15222 E ArmVmp : Match on catch block at 0xc3 in for 0x7faf123025
03-25 15:46:11.138 15222 15222 E ArmVmp : Match on catch block at 0xc3 in for 0x7faf123025
03-25 15:46:11.159 15222 15222 E ArmVmp : Match on catch block at 0xc3 in for 0x7faf123025
03-25 15:46:11.161 15222 15222 E ArmVmp : Match on catch block at 0xc3 in for 0x7faf123025
03-25 15:46:11.167 15222 15222 E ArmVmp : Match on catch block at 0xc3 in for 0x7faf123025
03-25 15:46:11.169 15222 15222 E ArmVmp : Match on catch block at 0xc3 in for 0x7faf123025
03-25 15:46:11.181 15222 15222 E ArmVmp : Match on catch block at 0xc3 in for 0x7faf123025
03-25 15:46:11.185 15222 15222 E ArmVmp : Match on catch block at 0xc3 in for 0x7faf123025
03-25 15:46:11.199 15222 15222 E ArmVmp : Match on catch block at 0xc3 in for 0x7faf123025
03-25 15:46:11.200 15222 15222 E ArmVmp : Match on catch block at 0xc3 in for 0x7faf123025
03-25 15:46:11.216 15222 15222 E ArmVmp : Match on catch block at 0xc3 in for 0x7faf123025
03-25 15:46:11.218 15222 15222 E ArmVmp : Match on catch block at 0xc3 in for 0x7faf123025
03-25 15:46:11.234 15222 15222 E ArmVmp : Match on catch block at 0xc3 in for 0x7faf123025
03-25 15:46:11.237 15222 15222 E ArmVmp : Match on catch block at 0xc3 in for 0x7faf123025
03-25 15:46:11.252 15222 15222 E ArmVmp : Match on catch block at 0xc3 in for 0x7faf123025
03-25 15:46:11.254 15222 15222 E ArmVmp : Match on catch block at 0xc3 in for 0x7faf123025
03-25 15:46:11.630 15222 15222 E ArmVmp : Match on catch block at 0xc3 in for 0x7faf123025
03-25 15:46:11.633 15222 15222 E ArmVmp : Match on catch block at 0xc3 in for 0x7faf123025
03-25 15:46:11.644 15222 15222 E ArmVmp : Match on catch block at 0xc3 in for 0x7faf123025
03-25 15:46:11.647 15222 15222 E ArmVmp : Match on catch block at 0xc3 in for 0x7faf123025
03-25 15:46:11.661 15222 15222 E ArmVmp : Match on catch block at 0xc3 in for 0x7faf123025
03-25 15:46:11.664 15222 15222 E ArmVmp : Match on catch block at 0xc3 in for 0x7faf123025
03-25 15:46:11.861 15222 15222 E ArmVmp : Match on catch block at 0xc3 in for 0x7faf123025
03-25 15:46:11.865 15222 15222 E ArmVmp : Match on catch block at 0xc3 in for 0x7faf123025
03-25 15:46:11.880 15222 15222 E ArmVmp : Match on catch block at 0xc3 in for 0x7faf123025
03-25 15:46:11.884 15222 15222 E ArmVmp : Match on catch block at 0xc3 in for 0x7faf123025
03-25 15:46:11.897 15222 15222 E ArmVmp : Match on catch block at 0xc3 in for 0x7faf123025
03-25 15:46:11.901 15222 15222 E ArmVmp : Match on catch block at 0xc3 in for 0x7faf123025
03-25 15:46:11.912 15222 15222 E ArmVmp : Match on catch block at 0xc3 in for 0x7faf123025
03-25 15:46:11.915 15222 15222 E ArmVmp : Match on catch block at 0xc3 in for 0x7faf123025
03-25 15:46:11.928 15222 15222 E ArmVmp : Match on catch block at 0xc3 in for 0x7faf123025
03-25 15:46:11.932 15222 15222 E ArmVmp : Match on catch block at 0xc3 in for 0x7faf123025
03-25 15:46:11.945 15222 15222 E ArmVmp : Match on catch block at 0xc3 in for 0x7faf123025
03-25 15:46:11.949 15222 15222 E ArmVmp : Match on catch block at 0xc3 in for 0x7faf123025
03-25 15:46:11.962 15222 15222 E ArmVmp : Match on catch block at 0xc3 in for 0x7faf123025
03-25 15:46:11.966 15222 15222 E ArmVmp : Match on catch block at 0xc3 in for 0x7faf123025
03-25 15:46:11.975 15222 15222 E ArmVmp : Match on catch block at 0xc3 in for 0x7faf123025
03-25 15:46:11.979 15222 15222 E ArmVmp : Match on catch block at 0xc3 in for 0x7faf123025
03-25 15:46:11.992 15222 15222 E ArmVmp : Match on catch block at 0xc3 in for 0x7faf123025
03-25 15:46:11.995 15222 15222 E ArmVmp : Match on catch block at 0xc3 in for 0x7faf123025
03-25 15:46:12.009 15222 15222 E ArmVmp : Match on catch block at 0xc3 in for 0x7faf123025
03-25 15:46:12.013 15222 15222 E ArmVmp : Match on catch block at 0xc3 in for 0x7faf123025
03-25 15:46:12.026 15222 15222 E ArmVmp : Match on catch block at 0xc3 in for 0x7faf123025
03-25 15:46:12.029 15222 15222 E ArmVmp : Match on catch block at 0xc3 in for 0x7faf123025
03-25 15:46:12.051 15222 15222 E ArmVmp : Match on catch block at 0xc3 in for 0x7faf123025
03-25 15:46:12.055 15222 15222 E ArmVmp : Match on catch block at 0xc3 in for 0x7faf123025
03-25 15:46:12.069 15222 15222 E ArmVmp : Match on catch block at 0xc3 in for 0x7faf123025
03-25 15:46:12.073 15222 15222 E ArmVmp : Match on catch block at 0xc3 in for 0x7faf123025
03-25 15:46:12.086 15222 15222 E ArmVmp : Match on catch block at 0xc3 in for 0x7faf123025
03-25 15:46:12.091 15222 15222 E ArmVmp : Match on catch block at 0xc3 in for 0x7faf123025
03-25 15:46:12.104 15222 15222 E ArmVmp : Match on catch block at 0xc3 in for 0x7faf123025
03-25 15:46:12.109 15222 15222 E ArmVmp : Match on catch block at 0xc3 in for 0x7faf123025
03-25 15:46:12.122 15222 15222 E ArmVmp : Match on catch block at 0xc3 in for 0x7faf123025
03-25 15:46:12.126 15222 15222 E ArmVmp : Match on catch block at 0xc3 in for 0x7faf123025
03-25 15:46:12.140 15222 15222 E ArmVmp : Match on catch block at 0xc3 in for 0x7faf123025
03-25 15:46:12.143 15222 15222 E ArmVmp : Match on catch block at 0xc3 in for 0x7faf123025
03-25 15:46:12.158 15222 15222 E ArmVmp : Match on catch block at 0xc3 in for 0x7faf123025
03-25 15:46:12.161 15222 15222 E ArmVmp : Match on catch block at 0xc3 in for 0x7faf123025
03-25 15:46:12.176 15222 15222 E ArmVmp : Match on catch block at 0xc3 in for 0x7faf123025
03-25 15:46:12.179 15222 15222 E ArmVmp : Match on catch block at 0xc3 in for 0x7faf123025
03-25 15:46:12.211 15222 15222 E ArmVmp : Match on catch block at 0xc3 in for 0x7faf123025
03-25 15:46:12.213 15222 15222 E ArmVmp : Match on catch block at 0xc3 in for 0x7faf123025
03-25 15:46:12.229 15222 15222 E ArmVmp : Match on catch block at 0xc3 in for 0x7faf123025
03-25 15:46:12.234 15222 15222 E ArmVmp : Match on catch block at 0xc3 in for 0x7faf123025
03-25 15:46:12.263 15222 15222 W OnBackInvokedCallback: OnBackInvokedCallback is not enabled for the application.
03-25 15:46:12.263 15222 15222 W OnBackInvokedCallback: Set 'android:enableOnBackInvokedCallback="true"' in the application manifest.
03-25 15:46:12.341 15222 15222 E ArmVmp : Match on catch block at 0xc3 in for 0x7faf123025
03-25 15:46:12.344 15222 15222 E ArmVmp : Match on catch block at 0xc3 in for 0x7faf123025
03-25 15:46:12.353 15222 15222 E ArmVmp : Match on catch block at 0xc3 in for 0x7faf123025
03-25 15:46:12.357 15222 15222 E ArmVmp : Match on catch block at 0xc3 in for 0x7faf123025
03-25 15:46:12.672 15222 15222 E ArmVmp : Match on catch block at 0xc3 in for 0x7faf123025
03-25 15:46:12.674 15222 15222 E ArmVmp : Match on catch block at 0xc3 in for 0x7faf123025
03-25 15:46:13.169 15222 15222 E ArmVmp : Match on catch block at 0xc3 in for 0x7faf123025
03-25 15:46:13.173 15222 15222 E ArmVmp : Match on catch block at 0xc3 in for 0x7faf123025
03-25 15:46:13.620 15222 15222 E ArmVmp : Match on catch block at 0xc3 in for 0x7faf123025
03-25 15:46:13.622 15222 15222 E ArmVmp : Match on catch block at 0xc3 in for 0x7faf123025
03-25 15:46:13.629 15222 15222 W libc : Access denied finding property "vendor.transsion.scroll_adjust.support"
03-25 15:46:13.629 15222 15222 W libc : Access denied finding property "vendor.transsion.scroll_adjust.support"
03-25 15:46:13.631 15222 15222 W libc : Access denied finding property "vendor.transsion.scroll_adjust.support"
03-25 15:46:13.631 15222 15222 W libc : Access denied finding property "vendor.transsion.scroll_adjust.support"
03-25 15:46:13.639 15222 15222 W libc : Access denied finding property "vendor.transsion.scroll_adjust.support"
03-25 15:46:13.639 15222 15222 W libc : Access denied finding property "vendor.transsion.scroll_adjust.support"
03-25 15:46:13.662 15222 15222 W libc : Access denied finding property "vendor.transsion.scroll_adjust.support"
03-25 15:46:13.663 15222 15222 W libc : Access denied finding property "vendor.transsion.scroll_adjust.support"
03-25 15:46:13.663 15222 15222 W libc : Access denied finding property "vendor.transsion.scroll_adjust.support"
03-25 15:46:13.663 15222 15222 W libc : Access denied finding property "vendor.transsion.scroll_adjust.support"
03-25 15:46:13.663 15222 15222 W libc : Access denied finding property "vendor.transsion.scroll_adjust.support"
03-25 15:46:13.663 15222 15222 W libc : Access denied finding property "vendor.transsion.scroll_adjust.support"
03-25 15:46:13.664 15222 15222 W libc : Access denied finding property "vendor.transsion.scroll_adjust.support"
03-25 15:46:13.664 15222 15222 W libc : Access denied finding property "vendor.transsion.scroll_adjust.support"
03-25 15:46:13.672 15222 15222 W libc : Access denied finding property "vendor.transsion.scroll_adjust.support"
03-25 15:46:13.673 15222 15222 W libc : Access denied finding property "vendor.transsion.scroll_adjust.support"
03-25 15:46:13.772 15222 15222 E ArmVmp : Match on catch block at 0xc3 in for 0x7faf123025
03-25 15:46:13.777 15222 15222 E ArmVmp : Match on catch block at 0xc3 in for 0x7faf123025
03-25 15:46:13.803 15222 15322 W Parcel : Expecting binder but got null!
03-25 15:46:13.850 15222 15222 E ArmVmp : Match on catch block at 0xc3 in for 0x7faf123025
03-25 15:46:13.853 15222 15222 E ArmVmp : Match on catch block at 0xc3 in for 0x7faf123025
03-25 15:46:13.862 15222 15222 E ArmVmp : Match on catch block at 0xc3 in for 0x7faf123025
03-25 15:46:13.864 15222 15222 E ArmVmp : Match on catch block at 0xc3 in for 0x7faf123025
03-25 15:46:13.876 15222 15222 E ArmVmp : Match on catch block at 0xc3 in for 0x7faf123025
03-25 15:46:13.878 15222 15222 E ArmVmp : Match on catch block at 0xc3 in for 0x7faf123025
03-25 15:46:13.895 15222 15222 E ArmVmp : Match on catch block at 0xc3 in for 0x7faf123025
03-25 15:46:13.899 15222 15222 E ArmVmp : Match on catch block at 0xc3 in for 0x7faf123025
03-25 15:46:13.921 15222 15222 E ArmVmp : Match on catch block at 0xc3 in for 0x7faf123025
03-25 15:46:13.923 15222 15222 E ArmVmp : Match on catch block at 0xc3 in for 0x7faf123025
03-25 15:46:13.932 15222 15222 E ArmVmp : Match on catch block at 0xc3 in for 0x7faf123025
03-25 15:46:13.935 15222 15222 E ArmVmp : Match on catch block at 0xc3 in for 0x7faf123025
03-25 15:46:13.947 15222 15222 E ArmVmp : Match on catch block at 0xc3 in for 0x7faf123025
03-25 15:46:13.949 15222 15222 E ArmVmp : Match on catch block at 0xc3 in for 0x7faf123025
03-25 15:46:13.964 15222 15222 E ArmVmp : Match on catch block at 0xc3 in for 0x7faf123025
03-25 15:46:13.967 15222 15222 E ArmVmp : Match on catch block at 0xc3 in for 0x7faf123025
03-25 15:46:13.983 15222 15222 E ArmVmp : Match on catch block at 0xc3 in for 0x7faf123025
03-25 15:46:13.986 15222 15222 E ArmVmp : Match on catch block at 0xc3 in for 0x7faf123025
03-25 15:46:14.001 15222 15222 E ArmVmp : Match on catch block at 0xc3 in for 0x7faf123025
03-25 15:46:14.004 15222 15222 E ArmVmp : Match on catch block at 0xc3 in for 0x7faf123025
03-25 15:46:14.019 15222 15222 E ArmVmp : Match on catch block at 0xc3 in for 0x7faf123025
03-25 15:46:14.023 15222 15222 E ArmVmp : Match on catch block at 0xc3 in for 0x7faf123025
03-25 15:46:14.036 15222 15222 E ArmVmp : Match on catch block at 0xc3 in for 0x7faf123025
03-25 15:46:14.041 15222 15222 E ArmVmp : Match on catch block at 0xc3 in for 0x7faf123025
03-25 15:46:14.055 15222 15222 E ArmVmp : Match on catch block at 0xc3 in for 0x7faf123025
03-25 15:46:14.059 15222 15222 E ArmVmp : Match on catch block at 0xc3 in for 0x7faf123025
03-25 15:46:14.072 15222 15222 E ArmVmp : Match on catch block at 0xc3 in for 0x7faf123025
03-25 15:46:14.077 15222 15222 E ArmVmp : Match on catch block at 0xc3 in for 0x7faf123025
03-25 15:46:14.090 15222 15222 E ArmVmp : Match on catch block at 0xc3 in for 0x7faf123025
03-25 15:46:14.093 15222 15222 E ArmVmp : Match on catch block at 0xc3 in for 0x7faf123025
03-25 15:46:14.109 15222 15222 E ArmVmp : Match on catch block at 0xc3 in for 0x7faf123025
03-25 15:46:14.111 15222 15222 E ArmVmp : Match on catch block at 0xc3 in for 0x7faf123025
03-25 15:46:14.125 15222 15222 E ArmVmp : Match on catch block at 0xc3 in for 0x7faf123025
03-25 15:46:14.128 15222 15222 E ArmVmp : Match on catch block at 0xc3 in for 0x7faf123025
03-25 15:46:14.143 15222 15222 E ArmVmp : Match on catch block at 0xc3 in for 0x7faf123025
03-25 15:46:14.148 15222 15222 E ArmVmp : Match on catch block at 0xc3 in for 0x7faf123025
03-25 15:46:14.161 15222 15222 E ArmVmp : Match on catch block at 0xc3 in for 0x7faf123025
03-25 15:46:14.165 15222 15222 E ArmVmp : Match on catch block at 0xc3 in for 0x7faf123025
03-25 15:46:14.179 15222 15222 E ArmVmp : Match on catch block at 0xc3 in for 0x7faf123025
03-25 15:46:14.183 15222 15222 E ArmVmp : Match on catch block at 0xc3 in for 0x7faf123025
03-25 15:46:14.197 15222 15222 E ArmVmp : Match on catch block at 0xc3 in for 0x7faf123025
03-25 15:46:14.200 15222 15222 E ArmVmp : Match on catch block at 0xc3 in for 0x7faf123025
03-25 15:46:14.215 15222 15222 E ArmVmp : Match on catch block at 0xc3 in for 0x7faf123025
03-25 15:46:14.220 15222 15222 E ArmVmp : Match on catch block at 0xc3 in for 0x7faf123025
03-25 15:46:14.321 15222 15222 E ArmVmp : Match on catch block at 0xc3 in for 0x7faf123025
03-25 15:46:14.325 15222 15222 E ArmVmp : Match on catch block at 0xc3 in for 0x7faf123025
03-25 15:46:14.498 15222 15222 E ArmVmp : Match on catch block at 0xc3 in for 0x7faf123025
03-25 15:46:14.502 15222 15222 E ArmVmp : Match on catch block at 0xc3 in for 0x7faf123025
03-25 15:46:14.516 15222 15222 E ArmVmp : Match on catch block at 0xc3 in for 0x7faf123025
03-25 15:46:14.518 15222 15222 E ArmVmp : Match on catch block at 0xc3 in for 0x7faf123025
03-25 15:46:14.816 15222 15222 E ArmVmp : Match on catch block at 0xc3 in for 0x7faf123025
03-25 15:46:14.819 15222 15222 E ArmVmp : Match on catch block at 0xc3 in for 0x7faf123025
03-25 15:46:15.260 15222 15222 W libc : Access denied finding property "vendor.transsion.scroll_adjust.support"
03-25 15:46:15.260 15222 15222 W libc : Access denied finding property "vendor.transsion.scroll_adjust.support"
03-25 15:46:15.261 15222 15222 W libc : Access denied finding property "vendor.transsion.scroll_adjust.support"
03-25 15:46:15.312 15222 15222 E ArmVmp : Match on catch block at 0xc3 in for 0x7faf123025
03-25 15:46:15.314 15222 15222 E ArmVmp : Match on catch block at 0xc3 in for 0x7faf123025
03-25 15:46:15.828 15222 15222 E ArmVmp : Match on catch block at 0xc3 in for 0x7faf123025
03-25 15:46:15.831 15222 15222 E ArmVmp : Match on catch block at 0xc3 in for 0x7faf123025
03-25 15:46:16.323 15222 15222 E ArmVmp : Match on catch block at 0xc3 in for 0x7faf123025
03-25 15:46:16.332 15222 15222 E ArmVmp : Match on catch block at 0xc3 in for 0x7faf123025
03-25 15:46:16.540 15222 15222 E ArmVmp : Match on catch block at 0xc3 in for 0x7faf123025
03-25 15:46:16.542 15222 15222 E ArmVmp : Match on catch block at 0xc3 in for 0x7faf123025
03-25 15:46:16.568 15222 15222 E ArmVmp : Match on catch block at 0xc3 in for 0x7faf123025
03-25 15:46:16.571 15222 15222 E ArmVmp : Match on catch block at 0xc3 in for 0x7faf123025
03-25 15:46:16.579 15222 15222 E ArmVmp : Match on catch block at 0xc3 in for 0x7faf123025
03-25 15:46:16.581 15222 15222 E ArmVmp : Match on catch block at 0xc3 in for 0x7faf123025
03-25 15:46:16.584 15222 15222 E ArmVmp : Match on catch block at 0xc3 in for 0x7faf123025
03-25 15:46:16.586 15222 15222 E ArmVmp : Match on catch block at 0xc3 in for 0x7faf123025
03-25 15:46:16.599 15222 15222 E ArmVmp : Match on catch block at 0xc3 in for 0x7faf123025
03-25 15:46:16.600 15222 15222 E ArmVmp : Match on catch block at 0xc3 in for 0x7faf123025
03-25 15:46:16.610 15222 15222 E ArmVmp : Match on catch block at 0xc3 in for 0x7faf123025
03-25 15:46:16.611 15222 15222 E ArmVmp : Match on catch block at 0xc3 in for 0x7faf123025
03-25 15:46:16.618 15222 15222 E ArmVmp : Match on catch block at 0xc3 in for 0x7faf123025
03-25 15:46:16.620 15222 15222 E ArmVmp : Match on catch block at 0xc3 in for 0x7faf123025
03-25 15:46:16.649 15222 15222 E ArmVmp : Match on catch block at 0xc3 in for 0x7faf123025
03-25 15:46:16.651 15222 15222 E ArmVmp : Match on catch block at 0xc3 in for 0x7faf123025
03-25 15:46:16.666 15222 15222 E ArmVmp : Match on catch block at 0xc3 in for 0x7faf123025
03-25 15:46:16.668 15222 15222 E ArmVmp : Match on catch block at 0xc3 in for 0x7faf123025
03-25 15:46:16.681 15222 15222 E ArmVmp : Match on catch block at 0xc3 in for 0x7faf123025
03-25 15:46:16.682 15222 15222 E ArmVmp : Match on catch block at 0xc3 in for 0x7faf123025
03-25 15:46:16.695 15222 15222 E ArmVmp : Match on catch block at 0xc3 in for 0x7faf123025
03-25 15:46:16.696 15222 15222 E ArmVmp : Match on catch block at 0xc3 in for 0x7faf123025
03-25 15:46:16.713 15222 15222 E ArmVmp : Match on catch block at 0xc3 in for 0x7faf123025
03-25 15:46:16.715 15222 15222 E ArmVmp : Match on catch block at 0xc3 in for 0x7faf123025
03-25 15:46:16.733 15222 15222 E ArmVmp : Match on catch block at 0xc3 in for 0x7faf123025
03-25 15:46:16.735 15222 15222 E ArmVmp : Match on catch block at 0xc3 in for 0x7faf123025
03-25 15:46:16.749 15222 15222 E ArmVmp : Match on catch block at 0xc3 in for 0x7faf123025
03-25 15:46:16.751 15222 15222 E ArmVmp : Match on catch block at 0xc3 in for 0x7faf123025
03-25 15:46:16.768 15222 15222 E ArmVmp : Match on catch block at 0xc3 in for 0x7faf123025
03-25 15:46:16.769 15222 15222 E ArmVmp : Match on catch block at 0xc3 in for 0x7faf123025
03-25 15:46:16.788 15222 15222 E ArmVmp : Match on catch block at 0xc3 in for 0x7faf123025
03-25 15:46:16.789 15222 15222 E ArmVmp : Match on catch block at 0xc3 in for 0x7faf123025
03-25 15:46:16.803 15222 15222 E ArmVmp : Match on catch block at 0xc3 in for 0x7faf123025
03-25 15:46:16.805 15222 15222 E ArmVmp : Match on catch block at 0xc3 in for 0x7faf123025
03-25 15:46:16.820 15222 15222 E ArmVmp : Match on catch block at 0xc3 in for 0x7faf123025
03-25 15:46:16.821 15222 15222 E ArmVmp : Match on catch block at 0xc3 in for 0x7faf123025
03-25 15:46:17.023 15222 15222 E ArmVmp : Match on catch block at 0xc3 in for 0x7faf123025
03-25 15:46:17.027 15222 15222 E ArmVmp : Match on catch block at 0xc3 in for 0x7faf123025
03-25 15:46:17.051 15222 15222 E ArmVmp : Match on catch block at 0xc3 in for 0x7faf123025
03-25 15:46:17.053 15222 15222 E ArmVmp : Match on catch block at 0xc3 in for 0x7faf123025
03-25 15:46:17.066 15222 15222 E ArmVmp : Match on catch block at 0xc3 in for 0x7faf123025
03-25 15:46:17.067 15222 15222 E ArmVmp : Match on catch block at 0xc3 in for 0x7faf123025
03-25 15:46:17.083 15222 15222 E ArmVmp : Match on catch block at 0xc3 in for 0x7faf123025
03-25 15:46:17.085 15222 15222 E ArmVmp : Match on catch block at 0xc3 in for 0x7faf123025
03-25 15:46:17.256 15222 15222 E ArmVmp : Match on catch block at 0xc3 in for 0x7faf123025
03-25 15:46:17.258 15222 15222 E ArmVmp : Match on catch block at 0xc3 in for 0x7faf123025
03-25 15:46:17.282 15222 15222 E ArmVmp : Match on catch block at 0xc3 in for 0x7faf123025
03-25 15:46:17.284 15222 15222 E ArmVmp : Match on catch block at 0xc3 in for 0x7faf123025
03-25 15:46:17.297 15222 15222 E ArmVmp : Match on catch block at 0xc3 in for 0x7faf123025
03-25 15:46:17.299 15222 15222 E ArmVmp : Match on catch block at 0xc3 in for 0x7faf123025
03-25 15:46:17.317 15222 15222 E ArmVmp : Match on catch block at 0xc3 in for 0x7faf123025
03-25 15:46:17.319 15222 15222 E ArmVmp : Match on catch block at 0xc3 in for 0x7faf123025
03-25 15:46:17.556 15222 15222 E ArmVmp : Match on catch block at 0xc3 in for 0x7faf123025
03-25 15:46:17.558 15222 15222 E ArmVmp : Match on catch block at 0xc3 in for 0x7faf123025
03-25 15:46:17.568 15222 15222 E ArmVmp : Match on catch block at 0xc3 in for 0x7faf123025
03-25 15:46:17.571 15222 15222 E ArmVmp : Match on catch block at 0xc3 in for 0x7faf123025
03-25 15:46:17.584 15222 15222 E ArmVmp : Match on catch block at 0xc3 in for 0x7faf123025
03-25 15:46:17.586 15222 15222 E ArmVmp : Match on catch block at 0xc3 in for 0x7faf123025
03-25 15:46:17.644 15222 15222 E ArmVmp : Match on catch block at 0xc3 in for 0x7faf123025
03-25 15:46:17.646 15222 15222 E ArmVmp : Match on catch block at 0xc3 in for 0x7faf123025
03-25 15:46:17.655 15222 15222 E ArmVmp : Match on catch block at 0xc3 in for 0x7faf123025
03-25 15:46:17.657 15222 15222 E ArmVmp : Match on catch block at 0xc3 in for 0x7faf123025
03-25 15:46:17.672 15222 15222 E ArmVmp : Match on catch block at 0xc3 in for 0x7faf123025
03-25 15:46:17.674 15222 15222 E ArmVmp : Match on catch block at 0xc3 in for 0x7faf123025
03-25 15:46:18.134 15222 15222 E ArmVmp : Match on catch block at 0xc3 in for 0x7faf123025
03-25 15:46:18.138 15222 15222 E ArmVmp : Match on catch block at 0xc3 in for 0x7faf123025
03-25 15:46:18.649 15222 15222 E ArmVmp : Match on catch block at 0xc3 in for 0x7faf123025
03-25 15:46:18.653 15222 15222 E ArmVmp : Match on catch block at 0xc3 in for 0x7faf123025
03-25 15:46:19.140 15222 15222 E ArmVmp : Match on catch block at 0xc3 in for 0x7faf123025
03-25 15:46:19.146 15222 15222 E ArmVmp : Match on catch block at 0xc3 in for 0x7faf123025
03-25 15:46:19.262 15222 15222 E ArmVmp : Match on catch block at 0xc3 in for 0x7faf123025
03-25 15:46:19.267 15222 15222 E ArmVmp : Match on catch block at 0xc3 in for 0x7faf123025
03-25 15:46:19.298 15222 15222 E ArmVmp : Match on catch block at 0xc3 in for 0x7faf123025
03-25 15:46:19.302 15222 15222 E ArmVmp : Match on catch block at 0xc3 in for 0x7faf123025
03-25 15:46:19.318 15222 15222 E ArmVmp : Match on catch block at 0xc3 in for 0x7faf123025
03-25 15:46:19.322 15222 15222 E ArmVmp : Match on catch block at 0xc3 in for 0x7faf123025
03-25 15:46:19.334 15222 15222 E ArmVmp : Match on catch block at 0xc3 in for 0x7faf123025
03-25 15:46:19.336 15222 15222 E ArmVmp : Match on catch block at 0xc3 in for 0x7faf123025
03-25 15:46:19.354 15222 15222 E ArmVmp : Match on catch block at 0xc3 in for 0x7faf123025
03-25 15:46:19.356 15222 15222 E ArmVmp : Match on catch block at 0xc3 in for 0x7faf123025
03-25 15:46:19.374 15222 15222 E ArmVmp : Match on catch block at 0xc3 in for 0x7faf123025
03-25 15:46:19.377 15222 15222 E ArmVmp : Match on catch block at 0xc3 in for 0x7faf123025
03-25 15:46:19.391 15222 15222 E ArmVmp : Match on catch block at 0xc3 in for 0x7faf123025
03-25 15:46:19.394 15222 15222 E ArmVmp : Match on catch block at 0xc3 in for 0x7faf123025
03-25 15:46:19.407 15222 15222 W Choreographer: Frame time is 0.139596 now = 37054644097977 timestampNanos = 37054644237573 ms in the future! Check that graphics HAL is generating vsync timestamps using the correct timebase.
03-25 15:46:19.408 15222 15222 E ArmVmp : Match on catch block at 0xc3 in for 0x7faf123025
03-25 15:46:19.411 15222 15222 E ArmVmp : Match on catch block at 0xc3 in for 0x7faf123025
03-25 15:46:19.427 15222 15222 E ArmVmp : Match on catch block at 0xc3 in for 0x7faf123025
03-25 15:46:19.429 15222 15222 E ArmVmp : Match on catch block at 0xc3 in for 0x7faf123025
03-25 15:46:19.445 15222 15222 E ArmVmp : Match on catch block at 0xc3 in for 0x7faf123025
03-25 15:46:19.447 15222 15222 E ArmVmp : Match on catch block at 0xc3 in for 0x7faf123025
03-25 15:46:19.462 15222 15222 E ArmVmp : Match on catch block at 0xc3 in for 0x7faf123025
03-25 15:46:19.464 15222 15222 E ArmVmp : Match on catch block at 0xc3 in for 0x7faf123025
03-25 15:46:19.480 15222 15222 E ArmVmp : Match on catch block at 0xc3 in for 0x7faf123025
03-25 15:46:19.482 15222 15222 E ArmVmp : Match on catch block at 0xc3 in for 0x7faf123025
03-25 15:46:19.498 15222 15222 E ArmVmp : Match on catch block at 0xc3 in for 0x7faf123025
03-25 15:46:19.500 15222 15222 E ArmVmp : Match on catch block at 0xc3 in for 0x7faf123025
03-25 15:46:19.516 15222 15222 E ArmVmp : Match on catch block at 0xc3 in for 0x7faf123025
03-25 15:46:19.518 15222 15222 E ArmVmp : Match on catch block at 0xc3 in for 0x7faf123025
03-25 15:46:19.533 15222 15222 E ArmVmp : Match on catch block at 0xc3 in for 0x7faf123025
03-25 15:46:19.536 15222 15222 E ArmVmp : Match on catch block at 0xc3 in for 0x7faf123025
03-25 15:46:19.710 15222 15222 E ArmVmp : Match on catch block at 0xc3 in for 0x7faf123025
03-25 15:46:19.712 15222 15222 E ArmVmp : Match on catch block at 0xc3 in for 0x7faf123025
03-25 15:46:19.763 15222 15222 E ArmVmp : Match on catch block at 0xc3 in for 0x7faf123025
03-25 15:46:19.765 15222 15222 E ArmVmp : Match on catch block at 0xc3 in for 0x7faf123025
03-25 15:46:19.819 15222 15222 E ArmVmp : Match on catch block at 0xc3 in for 0x7faf123025
03-25 15:46:19.821 15222 15222 E ArmVmp : Match on catch block at 0xc3 in for 0x7faf123025
03-25 15:46:19.834 15222 15222 E ArmVmp : Match on catch block at 0xc3 in for 0x7faf123025
03-25 15:46:19.836 15222 15222 E ArmVmp : Match on catch block at 0xc3 in for 0x7faf123025
03-25 15:46:19.868 15222 15222 E ArmVmp : Match on catch block at 0xc3 in for 0x7faf123025
03-25 15:46:19.870 15222 15222 E ArmVmp : Match on catch block at 0xc3 in for 0x7faf123025
03-25 15:46:19.921 15222 15222 E ArmVmp : Match on catch block at 0xc3 in for 0x7faf123025
03-25 15:46:19.923 15222 15222 E ArmVmp : Match on catch block at 0xc3 in for 0x7faf123025
03-25 15:46:19.974 15222 15222 E ArmVmp : Match on catch block at 0xc3 in for 0x7faf123025
03-25 15:46:19.976 15222 15222 E ArmVmp : Match on catch block at 0xc3 in for 0x7faf123025
03-25 15:46:20.027 15222 15222 E ArmVmp : Match on catch block at 0xc3 in for 0x7faf123025
03-25 15:46:20.029 15222 15222 E ArmVmp : Match on catch block at 0xc3 in for 0x7faf123025
03-25 15:46:20.061 15222 15222 W Choreographer: Frame time is 0.213106 now = 37055298677054 timestampNanos = 37055298890160 ms in the future! Check that graphics HAL is generating vsync timestamps using the correct timebase.
03-25 15:46:20.082 15222 15222 E ArmVmp : Match on catch block at 0xc3 in for 0x7faf123025
03-25 15:46:20.084 15222 15222 E ArmVmp : Match on catch block at 0xc3 in for 0x7faf123025
03-25 15:46:20.098 15222 15222 E ArmVmp : Match on catch block at 0xc3 in for 0x7faf123025
03-25 15:46:20.100 15222 15222 E ArmVmp : Match on catch block at 0xc3 in for 0x7faf123025
03-25 15:46:20.116 15222 15222 E ArmVmp : Match on catch block at 0xc3 in for 0x7faf123025
03-25 15:46:20.118 15222 15222 E ArmVmp : Match on catch block at 0xc3 in for 0x7faf123025
03-25 15:46:20.134 15222 15222 E ArmVmp : Match on catch block at 0xc3 in for 0x7faf123025
03-25 15:46:20.135 15222 15222 E ArmVmp : Match on catch block at 0xc3 in for 0x7faf123025
03-25 15:46:20.152 15222 15222 E ArmVmp : Match on catch block at 0xc3 in for 0x7faf123025
03-25 15:46:20.153 15222 15222 E ArmVmp : Match on catch block at 0xc3 in for 0x7faf123025
03-25 15:46:20.167 15222 15222 E ArmVmp : Match on catch block at 0xc3 in for 0x7faf123025
03-25 15:46:20.168 15222 15222 E ArmVmp : Match on catch block at 0xc3 in for 0x7faf123025
03-25 15:46:20.184 15222 15222 E ArmVmp : Match on catch block at 0xc3 in for 0x7faf123025
03-25 15:46:20.185 15222 15222 E ArmVmp : Match on catch block at 0xc3 in for 0x7faf123025
03-25 15:46:20.201 15222 15222 E ArmVmp : Match on catch block at 0xc3 in for 0x7faf123025
03-25 15:46:20.203 15222 15222 E ArmVmp : Match on catch block at 0xc3 in for 0x7faf123025
03-25 15:46:20.218 15222 15222 E ArmVmp : Match on catch block at 0xc3 in for 0x7faf123025
03-25 15:46:20.219 15222 15222 E ArmVmp : Match on catch block at 0xc3 in for 0x7faf123025
03-25 15:46:20.234 15222 15222 E ArmVmp : Match on catch block at 0xc3 in for 0x7faf123025
03-25 15:46:20.236 15222 15222 E ArmVmp : Match on catch block at 0xc3 in for 0x7faf123025
03-25 15:46:20.251 15222 15222 E ArmVmp : Match on catch block at 0xc3 in for 0x7faf123025
03-25 15:46:20.252 15222 15222 E ArmVmp : Match on catch block at 0xc3 in for 0x7faf123025
03-25 15:46:20.259 15222 15222 E ArmVmp : Match on catch block at 0xc3 in for 0x7faf123025
03-25 15:46:20.261 15222 15222 E ArmVmp : Match on catch block at 0xc3 in for 0x7faf123025
03-25 15:46:20.277 15222 15222 E ArmVmp : Match on catch block at 0xc3 in for 0x7faf123025
03-25 15:46:20.279 15222 15222 E ArmVmp : Match on catch block at 0xc3 in for 0x7faf123025
03-25 15:46:20.592 15222 15222 E ArmVmp : Match on catch block at 0xc3 in for 0x7faf123025
03-25 15:46:20.595 15222 15222 E ArmVmp : Match on catch block at 0xc3 in for 0x7faf123025
03-25 15:46:21.104 15222 15222 E ArmVmp : Match on catch block at 0xc3 in for 0x7faf123025
03-25 15:46:21.106 15222 15222 E ArmVmp : Match on catch block at 0xc3 in for 0x7faf123025
03-25 15:46:21.427 15222 15222 E ArmVmp : Match on catch block at 0xc3 in for 0x7faf123025
03-25 15:46:21.436 15222 15222 E ArmVmp : Match on catch block at 0xc3 in for 0x7faf123025
03-25 15:46:21.447 15222 15222 E ArmVmp : Match on catch block at 0xc3 in for 0x7faf123025
03-25 15:46:21.452 15222 15222 E ArmVmp : Match on catch block at 0xc3 in for 0x7faf123025
03-25 15:46:21.467 15222 15222 E ArmVmp : Match on catch block at 0xc3 in for 0x7faf123025
03-25 15:46:21.471 15222 15222 E ArmVmp : Match on catch block at 0xc3 in for 0x7faf123025
03-25 15:46:21.483 15222 15222 E ArmVmp : Match on catch block at 0xc3 in for 0x7faf123025
03-25 15:46:21.487 15222 15222 E ArmVmp : Match on catch block at 0xc3 in for 0x7faf123025
03-25 15:46:21.503 15222 15222 E ArmVmp : Match on catch block at 0xc3 in for 0x7faf123025
03-25 15:46:21.507 15222 15222 E ArmVmp : Match on catch block at 0xc3 in for 0x7faf123025
03-25 15:46:21.522 15222 15222 E ArmVmp : Match on catch block at 0xc3 in for 0x7faf123025
03-25 15:46:21.526 15222 15222 E ArmVmp : Match on catch block at 0xc3 in for 0x7faf123025
03-25 15:46:21.539 15222 15222 E ArmVmp : Match on catch block at 0xc3 in for 0x7faf123025
03-25 15:46:21.543 15222 15222 E ArmVmp : Match on catch block at 0xc3 in for 0x7faf123025
03-25 15:46:21.556 15222 15222 E ArmVmp : Match on catch block at 0xc3 in for 0x7faf123025
03-25 15:46:21.560 15222 15222 E ArmVmp : Match on catch block at 0xc3 in for 0x7faf123025
03-25 15:46:21.580 15222 15222 E ArmVmp : Match on catch block at 0xc3 in for 0x7faf123025
03-25 15:46:21.585 15222 15222 E ArmVmp : Match on catch block at 0xc3 in for 0x7faf123025
03-25 15:46:21.595 15222 15222 E ArmVmp : Match on catch block at 0xc3 in for 0x7faf123025
03-25 15:46:21.599 15222 15222 E ArmVmp : Match on catch block at 0xc3 in for 0x7faf123025
03-25 15:46:21.610 15222 15222 E ArmVmp : Match on catch block at 0xc3 in for 0x7faf123025
03-25 15:46:21.615 15222 15222 E ArmVmp : Match on catch block at 0xc3 in for 0x7faf123025
03-25 15:46:21.627 15222 15222 E ArmVmp : Match on catch block at 0xc3 in for 0x7faf123025
03-25 15:46:21.631 15222 15222 E ArmVmp : Match on catch block at 0xc3 in for 0x7faf123025
03-25 15:46:21.648 15222 15222 E ArmVmp : Match on catch block at 0xc3 in for 0x7faf123025
03-25 15:46:21.656 15222 15222 E ArmVmp : Match on catch block at 0xc3 in for 0x7faf123025
03-25 15:46:21.662 15222 15222 E ArmVmp : Match on catch block at 0xc3 in for 0x7faf123025
03-25 15:46:21.669 15222 15222 E ArmVmp : Match on catch block at 0xc3 in for 0x7faf123025
03-25 15:46:21.681 15222 15222 E ArmVmp : Match on catch block at 0xc3 in for 0x7faf123025
03-25 15:46:21.684 15222 15222 E ArmVmp : Match on catch block at 0xc3 in for 0x7faf123025
03-25 15:46:22.123 15222 15222 E ArmVmp : Match on catch block at 0xc3 in for 0x7faf123025
03-25 15:46:22.126 15222 15222 E ArmVmp : Match on catch block at 0xc3 in for 0x7faf123025
03-25 15:46:22.620 15222 15222 E ArmVmp : Match on catch block at 0xc3 in for 0x7faf123025
03-25 15:46:22.624 15222 15222 E ArmVmp : Match on catch block at 0xc3 in for 0x7faf123025
03-25 15:46:23.120 15222 15222 E ArmVmp : Match on catch block at 0xc3 in for 0x7faf123025
03-25 15:46:23.127 15222 15222 E ArmVmp : Match on catch block at 0xc3 in for 0x7faf123025
03-25 15:46:23.616 15222 15222 E ArmVmp : Match on catch block at 0xc3 in for 0x7faf123025
03-25 15:46:23.622 15222 15222 E ArmVmp : Match on catch block at 0xc3 in for 0x7faf123025
03-25 15:46:23.882 15222 15222 W libc : Access denied finding property "vendor.transsion.scroll_adjust.support"
03-25 15:46:23.882 15222 15222 W libc : Access denied finding property "vendor.transsion.scroll_adjust.support"
03-25 15:46:23.923 15222 15222 E ArmVmp : Match on catch block at 0xc3 in for 0x7faf123025
03-25 15:46:23.925 15222 15222 E ArmVmp : Match on catch block at 0xc3 in for 0x7faf123025
03-25 15:46:23.927 15222 15222 W RemoteInputConnectionImpl: getSurroundingText on inactive InputConnection
03-25 15:46:23.944 15222 15222 W RemoteInputConnectionImpl: requestCursorAnchorInfo on inactive InputConnection
03-25 15:46:23.960 15222 15222 W OnBackInvokedCallback: OnBackInvokedCallback is not enabled for the application.
03-25 15:46:23.960 15222 15222 W OnBackInvokedCallback: Set 'android:enableOnBackInvokedCallback="true"' in the application manifest.
03-25 15:46:23.994 15222 15222 W RemoteInputConnectionImpl: requestCursorAnchorInfo on inactive InputConnection
03-25 15:46:24.008 15222 15222 E ArmVmp : Match on catch block at 0xc3 in for 0x7faf123025
03-25 15:46:24.016 15222 15222 E ArmVmp : Match on catch block at 0xc3 in for 0x7faf123025
03-25 15:46:24.052 15222 15222 W OnBackInvokedCallback: OnBackInvokedCallback is not enabled for the application.
03-25 15:46:24.052 15222 15222 W OnBackInvokedCallback: Set 'android:enableOnBackInvokedCallback="true"' in the application manifest.
03-25 15:46:24.082 15222 15222 E ArmVmp : Match on catch block at 0xc3 in for 0x7faf123025
03-25 15:46:24.085 15222 15222 E ArmVmp : Match on catch block at 0xc3 in for 0x7faf123025
03-25 15:46:24.092 15222 15222 E ArmVmp : Match on catch block at 0xc3 in for 0x7faf123025
03-25 15:46:24.094 15222 15222 E ArmVmp : Match on catch block at 0xc3 in for 0x7faf123025
03-25 15:46:24.111 15222 15222 E ArmVmp : Match on catch block at 0xc3 in for 0x7faf123025
03-25 15:46:24.113 15222 15222 E ArmVmp : Match on catch block at 0xc3 in for 0x7faf123025
03-25 15:46:24.129 15222 15222 E ArmVmp : Match on catch block at 0xc3 in for 0x7faf123025
03-25 15:46:24.132 15222 15222 E ArmVmp : Match on catch block at 0xc3 in for 0x7faf123025
03-25 15:46:24.146 15222 15222 E ArmVmp : Match on catch block at 0xc3 in for 0x7faf123025
03-25 15:46:24.150 15222 15222 E ArmVmp : Match on catch block at 0xc3 in for 0x7faf123025
03-25 15:46:24.164 15222 15222 E ArmVmp : Match on catch block at 0xc3 in for 0x7faf123025
03-25 15:46:24.168 15222 15222 E ArmVmp : Match on catch block at 0xc3 in for 0x7faf123025
03-25 15:46:24.182 15222 15222 E ArmVmp : Match on catch block at 0xc3 in for 0x7faf123025
03-25 15:46:24.185 15222 15222 E ArmVmp : Match on catch block at 0xc3 in for 0x7faf123025
03-25 15:46:24.395 15222 15222 E ArmVmp : Match on catch block at 0xc3 in for 0x7faf123025
03-25 15:46:24.400 15222 15222 E ArmVmp : Match on catch block at 0xc3 in for 0x7faf123025
03-25 15:46:24.909 15222 15222 E ArmVmp : Match on catch block at 0xc3 in for 0x7faf123025
03-25 15:46:24.913 15222 15222 E ArmVmp : Match on catch block at 0xc3 in for 0x7faf123025
03-25 15:46:25.291 15222 15222 E ArmVmp : Match on catch block at 0xc3 in for 0x7faf123025
03-25 15:46:25.292 15222 15222 E ArmVmp : Match on catch block at 0xc3 in for 0x7faf123025
03-25 15:46:25.396 15222 15222 E ArmVmp : Match on catch block at 0xc3 in for 0x7faf123025
03-25 15:46:25.398 15222 15222 E ArmVmp : Match on catch block at 0xc3 in for 0x7faf123025
03-25 15:46:25.652 15222 15222 E ArmVmp : Match on catch block at 0xc3 in for 0x7faf123025
03-25 15:46:25.655 15222 15222 E ArmVmp : Match on catch block at 0xc3 in for 0x7faf123025
03-25 15:46:25.671 15222 15222 E ArmVmp : Match on catch block at 0xc3 in for 0x7faf123025
03-25 15:46:25.673 15222 15222 E ArmVmp : Match on catch block at 0xc3 in for 0x7faf123025
03-25 15:46:25.694 15222 15222 E ArmVmp : Match on catch block at 0xc3 in for 0x7faf123025
03-25 15:46:25.697 15222 15222 E ArmVmp : Match on catch block at 0xc3 in for 0x7faf123025
03-25 15:46:25.722 15222 15322 W Parcel : Expecting binder but got null!
03-25 15:46:25.765 15222 15222 E ArmVmp : Match on catch block at 0xc3 in for 0x7faf123025
03-25 15:46:25.769 15222 15222 E ArmVmp : Match on catch block at 0xc3 in for 0x7faf123025
03-25 15:46:25.938 15222 15222 E ArmVmp : Match on catch block at 0xc3 in for 0x7faf123025
03-25 15:46:25.945 15222 15222 E ArmVmp : Match on catch block at 0xc3 in for 0x7faf123025
03-25 15:46:26.204 15222 15222 E ArmVmp : Match on catch block at 0xc3 in for 0x7faf123025
03-25 15:46:26.208 15222 15222 E ArmVmp : Match on catch block at 0xc3 in for 0x7faf123025
03-25 15:46:26.378 15222 15222 W InputEventReceiver: Attempted to finish an input event but the input event receiver has already been disposed.
03-25 15:46:26.381 15222 15222 E ArmVmp : Match on catch block at 0xc3 in for 0x7faf123025
03-25 15:46:26.383 15222 15222 E ArmVmp : Match on catch block at 0xc3 in for 0x7faf123025
03-25 15:46:26.401 15222 15222 W OnBackInvokedCallback: OnBackInvokedCallback is not enabled for the application.
03-25 15:46:26.401 15222 15222 W OnBackInvokedCallback: Set 'android:enableOnBackInvokedCallback="true"' in the application manifest.
03-25 15:46:26.433 15222 15222 E ArmVmp : Match on catch block at 0xc3 in for 0x7faf123025
03-25 15:46:26.435 15222 15222 E ArmVmp : Match on catch block at 0xc3 in for 0x7faf123025
03-25 15:46:26.512 15222 15222 E ArmVmp : Match on catch block at 0xc3 in for 0x7faf123025
03-25 15:46:26.514 15222 15222 E ArmVmp : Match on catch block at 0xc3 in for 0x7faf123025
03-25 15:46:26.519 15222 15222 E ArmVmp : Match on catch block at 0xc3 in for 0x7faf123025
03-25 15:46:26.521 15222 15222 E ArmVmp : Match on catch block at 0xc3 in for 0x7faf123025
03-25 15:46:26.700 15222 15222 E ArmVmp : Match on catch block at 0xc3 in for 0x7faf123025
03-25 15:46:26.704 15222 15222 E ArmVmp : Match on catch block at 0xc3 in for 0x7faf123025
03-25 15:46:27.193 15222 15222 E ArmVmp : Match on catch block at 0xc3 in for 0x7faf123025
03-25 15:46:27.196 15222 15222 E ArmVmp : Match on catch block at 0xc3 in for 0x7faf123025
03-25 15:46:27.233 15222 15222 E ArmVmp : Match on catch block at 0xc3 in for 0x7faf123025
03-25 15:46:27.235 15222 15222 E ArmVmp : Match on catch block at 0xc3 in for 0x7faf123025
03-25 15:46:27.242 15222 15222 E ArmVmp : Match on catch block at 0xc3 in for 0x7faf123025
03-25 15:46:27.246 15222 15222 E ArmVmp : Match on catch block at 0xc3 in for 0x7faf123025
03-25 15:46:27.692 15222 15222 E ArmVmp : Match on catch block at 0xc3 in for 0x7faf123025
03-25 15:46:27.697 15222 15222 E ArmVmp : Match on catch block at 0xc3 in for 0x7faf123025
03-25 15:46:27.802 15222 15222 E ArmVmp : Match on catch block at 0xc3 in for 0x7faf123025
03-25 15:46:27.805 15222 15222 E ArmVmp : Match on catch block at 0xc3 in for 0x7faf123025
03-25 15:46:27.818 15222 15222 E ArmVmp : Match on catch block at 0xc3 in for 0x7faf123025
03-25 15:46:27.822 15222 15222 E ArmVmp : Match on catch block at 0xc3 in for 0x7faf123025
03-25 15:46:27.834 15222 15222 E ArmVmp : Match on catch block at 0xc3 in for 0x7faf123025
03-25 15:46:27.839 15222 15222 E ArmVmp : Match on catch block at 0xc3 in for 0x7faf123025
03-25 15:46:27.851 15222 15222 E ArmVmp : Match on catch block at 0xc3 in for 0x7faf123025
03-25 15:46:27.855 15222 15222 E ArmVmp : Match on catch block at 0xc3 in for 0x7faf123025
03-25 15:46:27.870 15222 15222 E ArmVmp : Match on catch block at 0xc3 in for 0x7faf123025
03-25 15:46:27.873 15222 15222 E ArmVmp : Match on catch block at 0xc3 in for 0x7faf123025
03-25 15:46:27.887 15222 15222 E ArmVmp : Match on catch block at 0xc3 in for 0x7faf123025
03-25 15:46:27.892 15222 15222 E ArmVmp : Match on catch block at 0xc3 in for 0x7faf123025
03-25 15:46:27.909 15222 15222 E ArmVmp : Match on catch block at 0xc3 in for 0x7faf123025
03-25 15:46:27.912 15222 15222 E ArmVmp : Match on catch block at 0xc3 in for 0x7faf123025
03-25 15:46:27.923 15222 15222 E ArmVmp : Match on catch block at 0xc3 in for 0x7faf123025
03-25 15:46:27.928 15222 15222 E ArmVmp : Match on catch block at 0xc3 in for 0x7faf123025
03-25 15:46:27.942 15222 15222 E ArmVmp : Match on catch block at 0xc3 in for 0x7faf123025
03-25 15:46:27.945 15222 15222 E ArmVmp : Match on catch block at 0xc3 in for 0x7faf123025
03-25 15:46:27.958 15222 15222 E ArmVmp : Match on catch block at 0xc3 in for 0x7faf123025
03-25 15:46:27.961 15222 15222 E ArmVmp : Match on catch block at 0xc3 in for 0x7faf123025
03-25 15:46:27.977 15222 15222 E ArmVmp : Match on catch block at 0xc3 in for 0x7faf123025
03-25 15:46:27.981 15222 15222 E ArmVmp : Match on catch block at 0xc3 in for 0x7faf123025
03-25 15:46:28.138 15222 15222 E ArmVmp : Match on catch block at 0xc3 in for 0x7faf123025
