Download as TXT, PDF, TXT or read online from Scribd
Download as txt, pdf, or txt
You are on page 1of 3686
--------- beginning of main
03-25 15:35:47.424 15127 15127 W main : type=1400 audit(0.0:52269): avc: denied
{ read } for name="u:object_r:vendor_memfusion_size_prop:s0" dev="tmpfs" ino=8770 scontext=u:r:untrusted_app:s0:c247,c256,c512,c768 tcontext=u:object_r:vendor_memfusion_size_prop:s0 tclass=file permissive=0 app=com.mbwhatsapp
03-25 15:35:47.424 15127 15127 W main : type=1400 audit(0.0:52270): avc: denied { read } for name="u:object_r:vendor_memfusion_state_prop:s0" dev="tmpfs" ino=8771 scontext=u:r:untrusted_app:s0:c247,c256,c512,c768 tcontext=u:object_r:vendor_memfusion_state_prop:s0 tclass=file permissive=0 app=com.mbwhatsapp
03-25 15:35:47.424 15127 15127 W main : type=1400 audit(0.0:52271): avc: denied { read } for name="u:object_r:vendor_memfusion_tranlog_prop:s0" dev="tmpfs" ino=8773 scontext=u:r:untrusted_app:s0:c247,c256,c512,c768 tcontext=u:object_r:vendor_memfusion_tranlog_prop:s0 tclass=file permissive=0 app=com.mbwhatsapp
03-25 15:35:47.446 15127 15127 E com.mbwhatsapp: Not starting debugger since process cannot load the jdwp agent.
03-25 15:35:47.555 15127 15127 W System.err: java.lang.ClassNotFoundException: mbmodsd.mbmodsw.ui.views.btn.BtnBK
03-25 15:35:47.555 15127 15127 W System.err: at java.lang.Runtime.nativeLoad(Native Method)
03-25 15:35:47.555 15127 15127 W System.err: at java.lang.Runtime.nativeLoad(Runtime.java:1126)
03-25 15:35:47.555 15127 15127 W System.err: at java.lang.Runtime.loadLibrary0(Runtime.java:1080)
03-25 15:35:47.555 15127 15127 W System.err: at java.lang.Runtime.loadLibrary0(Runtime.java:1003)
03-25 15:35:47.555 15127 15127 W System.err: at java.lang.System.loadLibrary(System.java:1661)
03-25 15:35:47.555 15127 15127 W System.err: at arm.EpicVm.<clinit>(Unknown Source:2)
03-25 15:35:47.555 15127 15127 W System.err: at java.lang.Class.newInstance(Native Method)
03-25 15:35:47.555 15127 15127 W System.err: at android.app.AppComponentFactory.instantiateApplication(AppComponentFactory.java:76)
03-25 15:35:47.555 15127 15127 W System.err: at androidx.core.app.CoreComponentFactory.instantiateApplication(Unknown Source:0)
03-25 15:35:47.555 15127 15127 W System.err: at android.app.Instrumentation.newApplication(Instrumentation.java:1236)
03-25 15:35:47.555 15127 15127 W System.err: at android.app.LoadedApk.makeApplicationInner(LoadedApk.java:1466)
03-25 15:35:47.555 15127 15127 W System.err: at android.app.LoadedApk.makeApplicationInner(LoadedApk.java:1399)
03-25 15:35:47.555 15127 15127 W System.err: at android.app.ActivityThread.handleBindApplication(ActivityThread.java:6950)
03-25 15:35:47.555 15127 15127 W System.err: at android.app.ActivityThread.-$ $Nest$mhandleBindApplication(Unknown Source:0)
03-25 15:35:47.555 15127 15127 W System.err: at android.app.ActivityThread$H.handleMessage(ActivityThread.java:2219)
03-25 15:35:47.555 15127 15127 W System.err: at android.os.Handler.dispatchMessage(Handler.java:106)
03-25 15:35:47.555 15127 15127 W System.err: at android.os.Looper.loopOnce(Looper.java:204)
03-25 15:35:47.555 15127 15127 W System.err: at android.os.Looper.loop(Looper.java:291)
03-25 15:35:47.555 15127 15127 W System.err: at android.app.ActivityThread.main(ActivityThread.java:8134)
03-25 15:35:47.555 15127 15127 W System.err: at java.lang.reflect.Method.invoke(Native Method)
03-25 15:35:47.555 15127 15127 W System.err: at com.android.internal.os.RuntimeInit$MethodAndArgsCaller.run(RuntimeInit.java:601)
03-25 15:35:47.555 15127 15127 W System.err: at com.android.internal.os.ZygoteInit.main(ZygoteInit.java:1019)
03-25 15:35:47.637 15127 15127 E CustomActivityOnCrash: IMPORTANT WARNING! You already have an UncaughtExceptionHandler, are you sure this is correct? If you use a custom UncaughtExceptionHandler, you must initialize it AFTER CustomActivityOnCrash! Installing anyway, but your original handler will not be called.
03-25 15:35:48.039 15222 15222 E com.mbwhatsapp: Not starting debugger since process cannot load the jdwp agent.
03-25 15:35:48.115 15222 15222 W System.err: java.lang.ClassNotFoundException: mbmodsd.mbmodsw.ui.views.btn.BtnBK
03-25 15:35:48.115 15222 15222 W System.err: at java.lang.Runtime.nativeLoad(Native Method)
03-25 15:35:48.115 15222 15222 W System.err: at java.lang.Runtime.nativeLoad(Runtime.java:1126)
03-25 15:35:48.115 15222 15222 W System.err: at java.lang.Runtime.loadLibrary0(Runtime.java:1080)
03-25 15:35:48.115 15222 15222 W System.err: at java.lang.Runtime.loadLibrary0(Runtime.java:1003)
03-25 15:35:48.115 15222 15222 W System.err: at java.lang.System.loadLibrary(System.java:1661)
03-25 15:35:48.115 15222 15222 W System.err: at arm.EpicVm.<clinit>(Unknown Source:2)
03-25 15:35:48.115 15222 15222 W System.err: at java.lang.Class.newInstance(Native Method)
03-25 15:35:48.115 15222 15222 W System.err: at android.app.AppComponentFactory.instantiateApplication(AppComponentFactory.java:76)
03-25 15:35:48.115 15222 15222 W System.err: at androidx.core.app.CoreComponentFactory.instantiateApplication(Unknown Source:0)
03-25 15:35:48.115 15222 15222 W System.err: at android.app.Instrumentation.newApplication(Instrumentation.java:1236)
03-25 15:35:48.115 15222 15222 W System.err: at android.app.LoadedApk.makeApplicationInner(LoadedApk.java:1466)
03-25 15:35:48.115 15222 15222 W System.err: at android.app.LoadedApk.makeApplicationInner(LoadedApk.java:1399)
03-25 15:35:48.115 15222 15222 W System.err: at android.app.ActivityThread.handleBindApplication(ActivityThread.java:6950)
03-25 15:35:48.115 15222 15222 W System.err: at android.app.ActivityThread.-$ $Nest$mhandleBindApplication(Unknown Source:0)
03-25 15:35:48.115 15222 15222 W System.err: at android.app.ActivityThread$H.handleMessage(ActivityThread.java:2219)
03-25 15:35:48.115 15222 15222 W System.err: at android.os.Handler.dispatchMessage(Handler.java:106)
03-25 15:35:48.115 15222 15222 W System.err: at android.os.Looper.loopOnce(Looper.java:204)
03-25 15:35:48.115 15222 15222 W System.err: at android.os.Looper.loop(Looper.java:291)
03-25 15:35:48.115 15222 15222 W System.err: at android.app.ActivityThread.main(ActivityThread.java:8134)
03-25 15:35:48.115 15222 15222 W System.err: at java.lang.reflect.Method.invoke(Native Method)
03-25 15:35:48.115 15222 15222 W System.err: at com.android.internal.os.RuntimeInit$MethodAndArgsCaller.run(RuntimeInit.java:601)
03-25 15:35:48.115 15222 15222 W System.err: at com.android.internal.os.ZygoteInit.main(ZygoteInit.java:1019)
03-25 15:35:48.148 15222 15222 E CustomActivityOnCrash: IMPORTANT WARNING! You already have an UncaughtExceptionHandler, are you sure this is correct? If you use a custom UncaughtExceptionHandler, you must initialize it AFTER CustomActivityOnCrash! Installing anyway, but your original handler will not be called.
03-25 15:35:48.290 15222 15222 W com.mbwhatsapp: Accessing hidden method Lcom/android/org/conscrypt/OpenSSLSocketImpl;->setUseSessionTickets(Z)V (max- target-q,core-platform-api, reflection, denied)
03-25 15:35:48.290 15222 15222 W com.mbwhatsapp: Accessing hidden method Lcom/android/org/conscrypt/AbstractConscryptSocket;->setUseSessionTickets(Z)V (max- target-q, reflection, denied)
03-25 15:35:48.335 15281 15281 E libprocessgroup: Support AOSP Freezer= 0
03-25 15:35:48.738 15222 15262 W LibraryVersion: Failed to get app version for libraryName: firebase-iid
03-25 15:35:48.904 15222 15222 W com.mbwhatsapp: type=1400 audit(0.0:52323): avc: granted { execute } for path="/data/data/com.mbwhatsapp/files/decompressed/libs.spk.zst/libc++_shared.so" dev="dm-42" ino=186715 scontext=u:r:untrusted_app:s0:c247,c256,c512,c768 tcontext=u:object_r:app_data_file:s0:c247,c256,c512,c768 tclass=file app=com.mbwhatsapp
03-25 15:35:48.904 15222 15222 W com.mbwhatsapp: type=1400 audit(0.0:52324): avc: granted { execute } for path="/data/data/com.mbwhatsapp/files/decompressed/libs.spk.zst/libvlc.so" dev="dm- 42" ino=97258 scontext=u:r:untrusted_app:s0:c247,c256,c512,c768 tcontext=u:object_r:app_data_file:s0:c247,c256,c512,c768 tclass=file app=com.mbwhatsapp
03-25 15:35:48.908 15222 15222 W com.mbwhatsapp: type=1400 audit(0.0:52325): avc: granted { execute } for path="/data/data/com.mbwhatsapp/files/decompressed/libs.spk.zst/libwhatsapp.so" dev="dm-42" ino=204378 scontext=u:r:untrusted_app:s0:c247,c256,c512,c768 tcontext=u:object_r:app_data_file:s0:c247,c256,c512,c768 tclass=file app=com.mbwhatsapp
03-25 15:35:48.920 15222 15222 W com.mbwhatsapp: type=1400 audit(0.0:52326): avc: granted { execute } for path="/data/data/com.mbwhatsapp/files/decompressed/libs.spk.zst/libcurve25519.so" dev="dm-42" ino=190334 scontext=u:r:untrusted_app:s0:c247,c256,c512,c768 tcontext=u:object_r:app_data_file:s0:c247,c256,c512,c768 tclass=file app=com.mbwhatsapp
03-25 15:35:48.924 15222 15222 W com.mbwhatsapp: type=1400 audit(0.0:52327): avc: granted { execute } for path="/data/data/com.mbwhatsapp/files/decompressed/libs.spk.zst/libwhatsapp.so" dev="dm-42" ino=204378 scontext=u:r:untrusted_app:s0:c247,c256,c512,c768 tcontext=u:object_r:app_data_file:s0:c247,c256,c512,c768 tclass=file app=com.mbwhatsapp
03-25 15:35:48.976 15222 15222 W com.mbwhatsapp: Method void X.0eU.A0h(X.0tK, boolean) failed lock verification and will run slower.
03-25 15:35:48.976 15222 15222 W com.mbwhatsapp: Common causes for lock verification issues are non-optimized dex code
03-25 15:35:48.976 15222 15222 W com.mbwhatsapp: and incorrect proguard optimizations.
03-25 15:35:48.991 15222 15222 W libc : Access denied finding property "vendor.transsion.scroll_adjust.support"
03-25 15:35:49.004 15222 15308 W com.mbwhatsapp: Method void X.2rL.A03(java.lang.Integer) failed lock verification and will run slower.
03-25 15:35:49.121 15222 15323 E QT : [QT]file does not exist
03-25 15:35:49.176 15222 15222 E com.mbwhatsapp: Invalid ID 0x00000000.
03-25 15:35:49.176 15222 15222 W System.err: android.content.res.Resources$NotFoundException: String resource ID #0x0
03-25 15:35:49.177 15222 15222 W System.err: at android.content.res.Resources.getText(Resources.java:453)
03-25 15:35:49.177 15222 15222 W System.err: at android.content.res.Resources.getString(Resources.java:546)
03-25 15:35:49.177 15222 15222 W System.err: at X.35t.A0E(Unknown Source:46)
03-25 15:35:49.177 15222 15222 W System.err: at com.mbwhatsapp.yo.yo.getString(Native Method)
03-25 15:35:49.177 15222 15222 W System.err: at com.mbwhatsapp.yo.yo.getString(Native Method)
03-25 15:35:49.177 15222 15222 W System.err: at com.mbwhatsapp.youbasha.task.utils.requestAllFilesAccess14(Native Method)
03-25 15:35:49.177 15222 15222 W System.err: at com.mbwhatsapp.yo.dep.showStoragePermissionRequest(Native Method)
03-25 15:35:49.177 15222 15222 W System.err: at com.mbwhatsapp.registration.EULA.onCreate(Unknown Source:248)
03-25 15:35:49.177 15222 15222 W System.err: at android.app.Activity.performCreate(Activity.java:8338)
03-25 15:35:49.177 15222 15222 W System.err: at android.app.Activity.performCreate(Activity.java:8317)
03-25 15:35:49.177 15222 15222 W System.err: at android.app.Instrumentation.callActivityOnCreate(Instrumentation.java:1388)
03-25 15:35:49.177 15222 15222 W System.err: at android.app.ActivityThread.performLaunchActivity(ActivityThread.java:3756)
03-25 15:35:49.177 15222 15222 W System.err: at android.app.ActivityThread.handleLaunchActivity(ActivityThread.java:3970)
03-25 15:35:49.177 15222 15222 W System.err: at android.app.servertransaction.LaunchActivityItem.execute(LaunchActivityItem.java:10 1)
03-25 15:35:49.177 15222 15222 W System.err: at android.app.servertransaction.TransactionExecutor.executeCallbacks(TransactionExecu tor.java:145)
03-25 15:35:49.177 15222 15222 W System.err: at android.app.servertransaction.TransactionExecutor.execute(TransactionExecutor.java: 105)
03-25 15:35:49.177 15222 15222 W System.err: at android.app.ActivityThread$H.handleMessage(ActivityThread.java:2393)
03-25 15:35:49.177 15222 15222 W System.err: at android.os.Handler.dispatchMessage(Handler.java:106)
03-25 15:35:49.177 15222 15222 W System.err: at android.os.Looper.loopOnce(Looper.java:204)
03-25 15:35:49.177 15222 15222 W System.err: at android.os.Looper.loop(Looper.java:291)
03-25 15:35:49.178 15222 15222 W System.err: at android.app.ActivityThread.main(ActivityThread.java:8134)
03-25 15:35:49.178 15222 15222 W System.err: at java.lang.reflect.Method.invoke(Native Method)
03-25 15:35:49.178 15222 15222 W System.err: at com.android.internal.os.RuntimeInit$MethodAndArgsCaller.run(RuntimeInit.java:601)
03-25 15:35:49.178 15222 15222 W System.err: at com.android.internal.os.ZygoteInit.main(ZygoteInit.java:1019)
03-25 15:35:49.237 15222 15222 W Activity: Can request only one set of permissions at a time
03-25 15:35:49.298 15222 15333 E RenderScript: Failed loading RS driver: dlopen failed: library "libRSDriver_mtk.so" not found
03-25 15:35:49.298 15222 15333 E RenderScript: Failed to load runtime libRSDriver_mtk.so, loading default
03-25 15:35:49.353 15222 15222 E ArmVmp : Match on catch block at 0x0a in for 0x7faf12304d
03-25 15:35:49.355 15222 15222 W libc : Access denied finding property "ro.vendor.tgpa_resolution_tuner"
03-25 15:35:49.359 15222 15222 W libc : Access denied finding property "ro.vendor.scaler_version"
03-25 15:35:49.360 15222 15222 W libc : Access denied finding property "ro.vendor.scaler_version"
03-25 15:35:49.456 15222 15222 E FBI : Can't load library: dlopen failed: library "libmagtsync.so" not found
03-25 15:35:49.474 15222 15322 W OpenGLRenderer: ShaderCache::tranMaxTotalSize is 1048576
03-25 15:35:49.547 15222 15322 W Parcel : Expecting binder but got null!
03-25 15:35:49.954 15222 15322 W Parcel : Expecting binder but got null!
03-25 15:35:50.219 15222 15222 E com.mbwhatsapp: Invalid ID 0x00000000.
03-25 15:35:50.220 15222 15222 E com.mbwhatsapp: Invalid ID 0x00000000.
03-25 15:35:50.221 15222 15222 E com.mbwhatsapp: Invalid ID 0x00000000.
03-25 15:35:50.221 15222 15222 E com.mbwhatsapp: Invalid ID 0x00000000.
03-25 15:35:50.222 15222 15222 E com.mbwhatsapp: Invalid ID 0x00000000.
03-25 15:35:50.222 15222 15222 E com.mbwhatsapp: Invalid ID 0x00000000.
03-25 15:35:50.223 15222 15222 E com.mbwhatsapp: Invalid ID 0x00000000.
03-25 15:35:50.223 15222 15222 E com.mbwhatsapp: Invalid ID 0x00000000.
03-25 15:35:54.146 15222 15222 W Activity: Can request only one set of permissions at a time
03-25 15:35:54.146 15222 15222 W Activity: Can request only one set of permissions at a time
03-25 15:36:00.853 15222 15222 E RippleDrawable: The RippleDrawable.STYLE_PATTERNED animation is not supported for a non-hardware accelerated Canvas. Skipping animation.
03-25 15:36:00.870 15222 15222 E RippleDrawable: The RippleDrawable.STYLE_PATTERNED animation is not supported for a non-hardware accelerated Canvas. Skipping animation.
03-25 15:36:00.892 15222 15222 E RippleDrawable: The RippleDrawable.STYLE_PATTERNED animation is not supported for a non-hardware accelerated Canvas. Skipping animation.
03-25 15:36:00.908 15222 15222 E RippleDrawable: The RippleDrawable.STYLE_PATTERNED animation is not supported for a non-hardware accelerated Canvas. Skipping animation.
03-25 15:36:00.911 15222 15235 W com.mbwhatsapp: Cleared Reference was only reachable from finalizer (only reported once)
03-25 15:36:00.926 15222 15222 E RippleDrawable: The RippleDrawable.STYLE_PATTERNED animation is not supported for a non-hardware accelerated Canvas. Skipping animation.
03-25 15:36:00.944 15222 15222 E RippleDrawable: The RippleDrawable.STYLE_PATTERNED animation is not supported for a non-hardware accelerated Canvas. Skipping animation.
03-25 15:36:00.962 15222 15222 E RippleDrawable: The RippleDrawable.STYLE_PATTERNED animation is not supported for a non-hardware accelerated Canvas. Skipping animation.
03-25 15:36:00.981 15222 15222 E RippleDrawable: The RippleDrawable.STYLE_PATTERNED animation is not supported for a non-hardware accelerated Canvas. Skipping animation.
03-25 15:36:03.116 15222 15222 W libc : Access denied finding property "vendor.transsion.scroll_adjust.support"
03-25 15:36:03.116 15222 15222 W libc : Access denied finding property "vendor.transsion.scroll_adjust.support"
03-25 15:36:03.182 15222 16124 E ShortcutInfoCompatSaver: Failed to load saved values from file /data/user/0/com.mbwhatsapp/files/ShortcutInfoCompatSaver_share_targets/ targets.xml. Old state removed, new added
03-25 15:36:03.182 15222 16124 E ShortcutInfoCompatSaver: java.io.FileNotFoundException: /data/user/0/com.mbwhatsapp/files/ShortcutInfoCompatSaver_share_targets/ targets.xml: open failed: ENOENT (No such file or directory)
03-25 15:36:03.182 15222 16124 E ShortcutInfoCompatSaver: at libcore.io.IoBridge.open(IoBridge.java:574)
03-25 15:36:03.182 15222 16124 E ShortcutInfoCompatSaver: at java.io.FileInputStream.<init>(FileInputStream.java:160)
03-25 15:36:03.182 15222 16124 E ShortcutInfoCompatSaver: at X.0nz.run(Unknown Source:82)
03-25 15:36:03.182 15222 16124 E ShortcutInfoCompatSaver: at java.util.concurrent.Executors$RunnableAdapter.call(Executors.java:487)
03-25 15:36:03.182 15222 16124 E ShortcutInfoCompatSaver: at java.util.concurrent.FutureTask.run(FutureTask.java:264)
03-25 15:36:03.182 15222 16124 E ShortcutInfoCompatSaver: at java.util.concurrent.ThreadPoolExecutor.runWorker(ThreadPoolExecutor.java:1145)
03-25 15:36:03.182 15222 16124 E ShortcutInfoCompatSaver: at java.util.concurrent.ThreadPoolExecutor$Worker.run(ThreadPoolExecutor.java:644)
03-25 15:36:03.182 15222 16124 E ShortcutInfoCompatSaver: at java.lang.Thread.run(Thread.java:1012)
03-25 15:36:03.182 15222 16124 E ShortcutInfoCompatSaver: Caused by: android.system.ErrnoException: open failed: ENOENT (No such file or directory)
03-25 15:36:03.182 15222 16124 E ShortcutInfoCompatSaver: at libcore.io.Linux.open(Native Method)
03-25 15:36:03.182 15222 16124 E ShortcutInfoCompatSaver: at libcore.io.ForwardingOs.open(ForwardingOs.java:563)
03-25 15:36:03.182 15222 16124 E ShortcutInfoCompatSaver: at libcore.io.BlockGuardOs.open(BlockGuardOs.java:274)
03-25 15:36:03.182 15222 16124 E ShortcutInfoCompatSaver: at libcore.io.ForwardingOs.open(ForwardingOs.java:563)
03-25 15:36:03.182 15222 16124 E ShortcutInfoCompatSaver: at android.app.ActivityThread$AndroidOs.open(ActivityThread.java:8018)
03-25 15:36:03.182 15222 16124 E ShortcutInfoCompatSaver: at libcore.io.IoBridge.open(IoBridge.java:560)
03-25 15:36:03.182 15222 16124 E ShortcutInfoCompatSaver: ... 7 more
03-25 15:36:03.222 15222 15322 E FrameEvents: updateAcquireFence: Did not find frame.
03-25 15:36:03.236 15222 15322 E FrameEvents: updateAcquireFence: Did not find frame.
03-25 15:36:03.254 15222 15322 E FrameEvents: updateAcquireFence: Did not find frame.
03-25 15:36:03.268 15222 15222 W com.mbwhatsapp: type=1400 audit(0.0:52467): avc: denied { read } for name="osrelease" dev="proc" ino=5694953 scontext=u:r:untrusted_app:s0:c247,c256,c512,c768 tcontext=u:object_r:proc:s0 tclass=file permissive=0 app=com.mbwhatsapp
03-25 15:36:03.268 15222 15222 W com.mbwhatsapp: type=1400 audit(0.0:52468): avc: denied { read } for name="version" dev="proc" ino=5694954 scontext=u:r:untrusted_app:s0:c247,c256,c512,c768 tcontext=u:object_r:proc:s0 tclass=file permissive=0 app=com.mbwhatsapp
03-25 15:36:06.303 15222 15222 W libc : Access denied finding property "vendor.transsion.scroll_adjust.support"
03-25 15:36:06.304 15222 15222 W libc : Access denied finding property "vendor.transsion.scroll_adjust.support"
03-25 15:36:06.436 15222 15322 W Parcel : Expecting binder but got null!
03-25 15:36:08.139 15222 15222 W OnBackInvokedCallback: OnBackInvokedCallback is not enabled for the application.
03-25 15:36:08.139 15222 15222 W OnBackInvokedCallback: Set 'android:enableOnBackInvokedCallback="true"' in the application manifest.
03-25 15:36:14.118 15222 15222 W Choreographer: Frame time is 0.234877 now = 36449355735479 timestampNanos = 36449355970356 ms in the future! Check that graphics HAL is generating vsync timestamps using the correct timebase.
03-25 15:36:14.152 15222 15222 W Choreographer: Frame time is 0.276249 now = 36449389429018 timestampNanos = 36449389705267 ms in the future! Check that graphics HAL is generating vsync timestamps using the correct timebase.
03-25 15:36:20.018 15222 15222 W OnBackInvokedCallback: OnBackInvokedCallback is not enabled for the application.
03-25 15:36:20.018 15222 15222 W OnBackInvokedCallback: Set 'android:enableOnBackInvokedCallback="true"' in the application manifest.
03-25 15:36:26.121 15222 15222 W OnBackInvokedCallback: OnBackInvokedCallback is not enabled for the application.
03-25 15:36:26.121 15222 15222 W OnBackInvokedCallback: Set 'android:enableOnBackInvokedCallback="true"' in the application manifest.
03-25 15:36:29.022 15222 15222 W libc : Access denied finding property "vendor.transsion.scroll_adjust.support"
03-25 15:36:29.022 15222 15222 W libc : Access denied finding property "vendor.transsion.scroll_adjust.support"
03-25 15:36:29.025 15222 15222 W libc : Access denied finding property "vendor.transsion.scroll_adjust.support"
03-25 15:36:29.025 15222 15222 W libc : Access denied finding property "vendor.transsion.scroll_adjust.support"
03-25 15:36:29.083 15222 15322 W Parcel : Expecting binder but got null!
03-25 15:36:29.548 15222 15317 E PlayCore: UID: [10247] PID: [15222] StandardIntegrity : Phonesky is not installed.
03-25 15:36:30.179 15222 15222 W libc : Access denied finding property "vendor.transsion.scroll_adjust.support"
03-25 15:36:30.179 15222 15222 W libc : Access denied finding property "vendor.transsion.scroll_adjust.support"
03-25 15:36:30.180 15222 15222 W libc : Access denied finding property "vendor.transsion.scroll_adjust.support"
03-25 15:36:30.180 15222 15222 W libc : Access denied finding property "vendor.transsion.scroll_adjust.support"
03-25 15:36:30.205 15222 15322 W Parcel : Expecting binder but got null!
03-25 15:36:30.206 15222 15222 W OnBackInvokedCallback: OnBackInvokedCallback is not enabled for the application.
03-25 15:36:30.206 15222 15222 W OnBackInvokedCallback: Set 'android:enableOnBackInvokedCallback="true"' in the application manifest.
03-25 15:36:31.950 15222 15222 W libc : Access denied finding property "vendor.transsion.scroll_adjust.support"
03-25 15:36:31.951 15222 15222 W libc : Access denied finding property "vendor.transsion.scroll_adjust.support"
03-25 15:36:32.050 15222 15322 W Parcel : Expecting binder but got null!
03-25 15:36:32.079 15222 15222 W OnBackInvokedCallback: OnBackInvokedCallback is not enabled for the application.
03-25 15:36:32.079 15222 15222 W OnBackInvokedCallback: Set 'android:enableOnBackInvokedCallback="true"' in the application manifest.
03-25 15:36:32.094 15222 15222 W RemoteInputConnectionImpl: requestCursorAnchorInfo on inactive InputConnection
03-25 15:36:33.845 15222 15222 W libc : Access denied finding property "vendor.scroll.fpsgo.release"
03-25 15:36:35.625 15222 15222 W libc : Access denied finding property "vendor.transsion.scroll_adjust.support"
03-25 15:36:35.625 15222 15222 W libc : Access denied finding property "vendor.transsion.scroll_adjust.support"
03-25 15:36:35.701 15222 15322 W Parcel : Expecting binder but got null!
03-25 15:36:37.803 15222 15222 W libc : Access denied finding property "vendor.transsion.scroll_adjust.support"
03-25 15:36:37.803 15222 15222 W libc : Access denied finding property "vendor.transsion.scroll_adjust.support"
03-25 15:36:37.840 15222 15222 W libc : Access denied finding property "vendor.transsion.scroll_adjust.support"
03-25 15:36:37.840 15222 15222 W libc : Access denied finding property "vendor.transsion.scroll_adjust.support"
03-25 15:36:37.841 15222 15222 W libc : Access denied finding property "vendor.transsion.scroll_adjust.support"
03-25 15:36:37.841 15222 15222 W libc : Access denied finding property "vendor.transsion.scroll_adjust.support"
03-25 15:36:37.880 15222 15322 W Parcel : Expecting binder but got null!
03-25 15:36:37.905 15222 15322 W Parcel : Expecting binder but got null!
03-25 15:36:51.356 15222 15222 W OnBackInvokedCallback: OnBackInvokedCallback is not enabled for the application.
03-25 15:36:51.356 15222 15222 W OnBackInvokedCallback: Set 'android:enableOnBackInvokedCallback="true"' in the application manifest.
03-25 15:36:56.579 15222 15222 W libc : Access denied finding property "vendor.transsion.scroll_adjust.support"
03-25 15:36:56.579 15222 15222 W libc : Access denied finding property "vendor.transsion.scroll_adjust.support"
03-25 15:36:56.581 15222 15222 W libc : Access denied finding property "vendor.transsion.scroll_adjust.support"
03-25 15:36:56.581 15222 15222 W libc : Access denied finding property "vendor.transsion.scroll_adjust.support"
03-25 15:36:56.626 15222 15322 W Parcel : Expecting binder but got null!
03-25 15:36:57.546 15222 15222 W libc : Access denied finding property "vendor.transsion.scroll_adjust.support"
03-25 15:36:57.546 15222 15222 W libc : Access denied finding property "vendor.transsion.scroll_adjust.support"
03-25 15:36:57.547 15222 15222 W libc : Access denied finding property "vendor.transsion.scroll_adjust.support"
03-25 15:36:57.547 15222 15222 W libc : Access denied finding property "vendor.transsion.scroll_adjust.support"
03-25 15:36:57.565 15222 15322 W Parcel : Expecting binder but got null!
03-25 15:36:57.571 15222 15222 W OnBackInvokedCallback: OnBackInvokedCallback is not enabled for the application.
03-25 15:36:57.571 15222 15222 W OnBackInvokedCallback: Set 'android:enableOnBackInvokedCallback="true"' in the application manifest.
03-25 15:36:58.604 15222 15222 W libc : Access denied finding property "vendor.transsion.scroll_adjust.support"
03-25 15:36:58.604 15222 15222 W libc : Access denied finding property "vendor.transsion.scroll_adjust.support"
03-25 15:36:58.735 15222 15322 W Parcel : Expecting binder but got null!
03-25 15:36:58.771 15222 15222 W libc : Access denied finding property "vendor.transsion.scroll_adjust.support"
03-25 15:36:58.771 15222 15222 W libc : Access denied finding property "vendor.transsion.scroll_adjust.support"
03-25 15:36:58.832 15222 15322 W Parcel : Expecting binder but got null!
03-25 15:36:58.869 15222 15222 W OnBackInvokedCallback: OnBackInvokedCallback is not enabled for the application.
03-25 15:36:58.869 15222 15222 W OnBackInvokedCallback: Set 'android:enableOnBackInvokedCallback="true"' in the application manifest.
03-25 15:36:58.889 15222 15222 W RemoteInputConnectionImpl: requestCursorAnchorInfo on inactive InputConnection
03-25 15:37:05.068 15222 15222 W libc : Access denied finding property "vendor.transsion.scroll_adjust.support"
03-25 15:37:05.068 15222 15222 W libc : Access denied finding property "vendor.transsion.scroll_adjust.support"
03-25 15:37:05.070 15222 15222 W libc : Access denied finding property "vendor.transsion.scroll_adjust.support"
03-25 15:37:05.070 15222 15222 W libc : Access denied finding property "vendor.transsion.scroll_adjust.support"
03-25 15:37:05.137 15222 15322 W Parcel : Expecting binder but got null!
03-25 15:37:05.249 15222 15222 W OnBackInvokedCallback: OnBackInvokedCallback is not enabled for the application.
03-25 15:37:05.249 15222 15222 W OnBackInvokedCallback: Set 'android:enableOnBackInvokedCallback="true"' in the application manifest.
03-25 15:37:05.395 15222 15222 W OnBackInvokedCallback: OnBackInvokedCallback is not enabled for the application.
03-25 15:37:05.395 15222 15222 W OnBackInvokedCallback: Set 'android:enableOnBackInvokedCallback="true"' in the application manifest.
03-25 15:37:05.416 15222 15222 W libc : Access denied finding property "vendor.transsion.scroll_adjust.support"
03-25 15:37:05.416 15222 15222 W libc : Access denied finding property "vendor.transsion.scroll_adjust.support"
03-25 15:37:05.419 15222 15222 W libc : Access denied finding property "vendor.transsion.scroll_adjust.support"
03-25 15:37:05.419 15222 15222 W libc : Access denied finding property "vendor.transsion.scroll_adjust.support"
03-25 15:37:05.502 15222 15322 W Parcel : Expecting binder but got null!
03-25 15:37:05.536 15222 15222 W OnBackInvokedCallback: OnBackInvokedCallback is not enabled for the application.
03-25 15:37:05.536 15222 15222 W OnBackInvokedCallback: Set 'android:enableOnBackInvokedCallback="true"' in the application manifest.
03-25 15:37:05.588 15222 15222 W RemoteInputConnectionImpl: requestCursorAnchorInfo on inactive InputConnection
03-25 15:37:10.958 15222 15322 W Parcel : Expecting binder but got null!
03-25 15:37:12.149 15222 15222 W OnBackInvokedCallback: OnBackInvokedCallback is not enabled for the application.
03-25 15:37:12.149 15222 15222 W OnBackInvokedCallback: Set 'android:enableOnBackInvokedCallback="true"' in the application manifest.
03-25 15:37:13.143 15222 15311 E PlayCore: UID: [10247] PID: [15222] IntegrityService : Phonesky is not installed.
03-25 15:37:13.143 15222 15222 E playcore: Unexpected error -2 while handling RequestIntegrityToken.
03-25 15:37:13.544 15222 15322 W Parcel : Expecting binder but got null!
03-25 15:37:13.600 15222 15222 W OnBackInvokedCallback: OnBackInvokedCallback is not enabled for the application.
03-25 15:37:13.600 15222 15222 W OnBackInvokedCallback: Set 'android:enableOnBackInvokedCallback="true"' in the application manifest.
03-25 15:37:13.603 15222 15222 W RemoteInputConnectionImpl: requestCursorAnchorInfo on inactive InputConnection
03-25 15:37:14.680 17551 17551 W ps : type=1400 audit(0.0:52769): avc: denied { read } for name="pid_max" dev="proc" ino=5708060 scontext=u:r:untrusted_app:s0:c247,c256,c512,c768 tcontext=u:object_r:proc_pid_max:s0 tclass=file permissive=0 app=com.mbwhatsapp
03-25 15:37:14.688 15222 15222 W com.mbwhatsapp: Method void com.mbwhatsapp.HomeActivity.A6e() failed lock verification and will run slower.
03-25 15:37:14.788 15222 15222 W libc : Access denied finding property "vendor.transsion.scroll_adjust.support"
03-25 15:37:14.788 15222 15222 W libc : Access denied finding property "vendor.transsion.scroll_adjust.support"
03-25 15:37:14.790 15222 15222 W libc : Access denied finding property "vendor.transsion.scroll_adjust.support"
03-25 15:37:14.790 15222 15222 W libc : Access denied finding property "vendor.transsion.scroll_adjust.support"
03-25 15:37:14.834 15222 17263 W MediaCodec-JNI: try to release MediaCodec from JMediaCodec::~JMediaCodec()...
03-25 15:37:14.834 15222 17263 W MediaCodec-JNI: done releasing MediaCodec from JMediaCodec::~JMediaCodec().
03-25 15:37:14.872 15222 17559 W ColorUtils: expected specified color aspects (0:0:0:0)
03-25 15:37:14.904 15222 17575 W ColorUtils: expected specified color aspects (2:0:0:0)
03-25 15:37:14.928 15222 17583 W ColorUtils: expected specified color aspects (2:0:0:0)
03-25 15:37:14.939 15222 17263 W AudioCapabilities: Unsupported mime audio/x-adpcm- dvi-ima
03-25 15:37:14.940 15222 17263 W AudioCapabilities: Unsupported mime audio/x-adpcm- dvi-ima
03-25 15:37:14.940 15222 17263 W AudioCapabilities: Unsupported mime audio/x-adpcm- ms
03-25 15:37:14.940 15222 17263 W AudioCapabilities: Unsupported mime audio/x-adpcm- ms
03-25 15:37:14.940 15222 17263 W AudioCapabilities: Unsupported mime audio/alac
03-25 15:37:14.940 15222 17263 W AudioCapabilities: Unsupported mime audio/alac
03-25 15:37:14.940 15222 17263 W AudioCapabilities: Unsupported mime audio/ape
03-25 15:37:14.940 15222 17263 W AudioCapabilities: Unsupported mime audio/ape
03-25 15:37:14.949 15222 17263 W VideoCapabilities: Unsupported mime image/vnd.android.heic
03-25 15:37:14.950 15222 17263 W VideoCapabilities: Unsupported mime image/vnd.android.heic
03-25 15:37:14.950 15222 17263 W VideoCapabilities: Unsupported mime image/vnd.android.heic
03-25 15:37:14.950 15222 17263 W VideoCapabilities: Unsupported mime image/vnd.android.heic
03-25 15:37:14.953 15222 17263 W VideoCapabilities: Unrecognized profile/level 32768/256 for video/mp4v-es
03-25 15:37:14.953 15222 17263 W VideoCapabilities: Unrecognized profile/level 32768/256 for video/mp4v-es
03-25 15:37:14.953 15222 15222 E ArmVmp : Match on catch block at 0x0a in for 0x7faf123031
03-25 15:37:14.971 15222 15222 E ArmVmp : Match on catch block at 0x0a in for 0x7faf12304d
03-25 15:37:15.014 15222 15222 W Activity: Can request only one set of permissions at a time
03-25 15:37:15.055 15222 17612 W com.mbwhatsapp: Accessing hidden method Lcom/android/org/conscrypt/ConscryptEngineSocket;->setUseSessionTickets(Z)V (max- target-q,core-platform-api, reflection, denied)
03-25 15:37:15.055 15222 17612 W com.mbwhatsapp: Accessing hidden method Lcom/android/org/conscrypt/OpenSSLSocketImpl;->setUseSessionTickets(Z)V (max- target-q,core-platform-api, reflection, denied)
03-25 15:37:15.055 15222 17612 W com.mbwhatsapp: Accessing hidden method Lcom/android/org/conscrypt/AbstractConscryptSocket;->setUseSessionTickets(Z)V (max- target-q, reflection, denied)
03-25 15:37:15.055 15222 17612 W com.mbwhatsapp: Accessing hidden method Lcom/android/org/conscrypt/ConscryptEngineSocket;->setHostname(Ljava/lang/String;)V (max-target-q,core-platform-api, reflection, denied)
03-25 15:37:15.055 15222 17612 W com.mbwhatsapp: Accessing hidden method Lcom/android/org/conscrypt/OpenSSLSocketImpl;->setHostname(Ljava/lang/String;)V (max-target-q,core-platform-api, reflection, denied)
03-25 15:37:15.056 15222 17612 W com.mbwhatsapp: Accessing hidden method Lcom/android/org/conscrypt/AbstractConscryptSocket;->setHostname(Ljava/lang/ String;)V (max-target-q, reflection, denied)
03-25 15:37:15.056 15222 17612 W com.mbwhatsapp: Accessing hidden method Lcom/android/org/conscrypt/OpenSSLSocketImpl;->setAlpnProtocols([B)V (max-target- q,core-platform-api, reflection, denied)
03-25 15:37:15.056 15222 17612 W com.mbwhatsapp: Accessing hidden method Lcom/android/org/conscrypt/AbstractConscryptSocket;->setAlpnProtocols([B)V (max- target-q, reflection, denied)
03-25 15:37:15.187 15222 17612 W com.mbwhatsapp: Accessing hidden method Lcom/android/org/conscrypt/OpenSSLSocketImpl;->getAlpnSelectedProtocol()[B (max- target-q,core-platform-api, reflection, denied)
03-25 15:37:15.187 15222 17612 W com.mbwhatsapp: Accessing hidden method Lcom/android/org/conscrypt/AbstractConscryptSocket;->getAlpnSelectedProtocol()[B (max-target-q, reflection, denied)
03-25 15:37:15.260 15222 15222 W libc : Access denied finding property "vendor.transsion.scroll_adjust.support"
03-25 15:37:15.260 15222 15222 W libc : Access denied finding property "vendor.transsion.scroll_adjust.support"
03-25 15:37:15.267 15222 15222 W libc : Access denied finding property "vendor.transsion.scroll_adjust.support"
03-25 15:37:15.268 15222 15222 W libc : Access denied finding property "vendor.transsion.scroll_adjust.support"
03-25 15:37:15.280 15222 15222 W libc : Access denied finding property "vendor.transsion.scroll_adjust.support"
03-25 15:37:15.280 15222 15222 W libc : Access denied finding property "vendor.transsion.scroll_adjust.support"
03-25 15:37:15.291 15222 15222 W libc : Access denied finding property "vendor.transsion.scroll_adjust.support"
03-25 15:37:15.291 15222 15222 W libc : Access denied finding property "vendor.transsion.scroll_adjust.support"
03-25 15:37:15.302 15222 15222 W libc : Access denied finding property "vendor.transsion.scroll_adjust.support"
03-25 15:37:15.302 15222 15222 W libc : Access denied finding property "vendor.transsion.scroll_adjust.support"
03-25 15:37:15.379 15222 15222 E RecyclerView: No adapter attached; skipping layout
03-25 15:37:15.424 15222 15322 W Parcel : Expecting binder but got null!
03-25 15:37:15.456 15222 15222 E ArmVmp : Match on catch block at 0x0a in for 0x7faf123035
03-25 15:37:15.493 15222 15222 E RecyclerView: No adapter attached; skipping layout
03-25 15:37:15.611 15222 15222 W libc : Access denied finding property "vendor.transsion.scroll_adjust.support"
03-25 15:37:15.611 15222 15222 W libc : Access denied finding property "vendor.transsion.scroll_adjust.support"
03-25 15:37:15.633 15222 17656 W LOTTIE : Animation contains merge paths. Merge paths are only supported on KitKat+ and must be manually enabled by calling enableMergePathsForKitKatAndAbove().
03-25 15:37:15.684 15222 16906 E ArmVmp : No matching catch block at 0x07
03-25 15:37:15.685 15222 16906 E ArmVmp : Match on catch block at 0x02 in for 0x7faf123405
03-25 15:37:15.685 15222 16906 W System.err: java.net.SocketException: Connection reset
03-25 15:37:15.688 15222 16906 W System.err: at java.net.SocketInputStream.read(SocketInputStream.java:191)
03-25 15:37:15.688 15222 16906 W System.err: at java.net.SocketInputStream.read(SocketInputStream.java:143)
03-25 15:37:15.689 15222 16906 W System.err: at com.android.org.conscrypt.ConscryptEngineSocket$SSLInputStream.readFromSocket(Consc ryptEngineSocket.java:983)
03-25 15:37:15.689 15222 16906 W System.err: at com.android.org.conscrypt.ConscryptEngineSocket$SSLInputStream.processDataFromSocke t(ConscryptEngineSocket.java:947)
03-25 15:37:15.689 15222 16906 W System.err: at com.android.org.conscrypt.ConscryptEngineSocket$SSLInputStream.-$ $Nest$mprocessDataFromSocket(Unknown Source:0)
03-25 15:37:15.689 15222 16906 W System.err: at com.android.org.conscrypt.ConscryptEngineSocket.doHandshake(ConscryptEngineSocket.j ava:236)
03-25 15:37:15.689 15222 16906 W System.err: at com.android.org.conscrypt.ConscryptEngineSocket.startHandshake(ConscryptEngineSocke t.java:218)
03-25 15:37:15.689 15222 16906 W System.err: at com.android.okhttp.internal.io.RealConnection.connectTls(RealConnection.java:196)
03-25 15:37:15.689 15222 16906 W System.err: at com.android.okhttp.internal.io.RealConnection.connectSocket(RealConnection.java:153 )
03-25 15:37:15.689 15222 16906 W System.err: at com.android.okhttp.internal.io.RealConnection.connect(RealConnection.java:116)
03-25 15:37:15.689 15222 16906 W System.err: at com.android.okhttp.internal.http.StreamAllocation.findConnection(StreamAllocation.j ava:186)
03-25 15:37:15.689 15222 16906 W System.err: at com.android.okhttp.internal.http.StreamAllocation.findHealthyConnection(StreamAlloc ation.java:128)
03-25 15:37:15.689 15222 16906 W System.err: at com.android.okhttp.internal.http.StreamAllocation.newStream(StreamAllocation.java:9 7)
03-25 15:37:15.689 15222 16906 W System.err: at com.android.okhttp.internal.http.HttpEngine.connect(HttpEngine.java:289)
03-25 15:37:15.689 15222 16906 W System.err: at com.android.okhttp.internal.http.HttpEngine.sendRequest(HttpEngine.java:232)
03-25 15:37:15.689 15222 16906 W System.err: at com.android.okhttp.internal.huc.HttpURLConnectionImpl.execute(HttpURLConnectionImpl .java:465)
03-25 15:37:15.689 15222 16906 W System.err: at com.android.okhttp.internal.huc.HttpURLConnectionImpl.getResponse(HttpURLConnection Impl.java:411)
03-25 15:37:15.689 15222 16906 W System.err: at com.android.okhttp.internal.huc.HttpURLConnectionImpl.getInputStream(HttpURLConnect ionImpl.java:248)
03-25 15:37:15.689 15222 16906 W System.err: at com.android.okhttp.internal.huc.DelegatingHttpsURLConnection.getInputStream(Delegat ingHttpsURLConnection.java:211)
03-25 15:37:15.689 15222 16906 W System.err: at com.android.okhttp.internal.huc.HttpsURLConnectionImpl.getInputStream(HttpsURLConne ctionImpl.java:30)
03-25 15:37:15.690 15222 16906 W System.err: at java.net.URL.openStream(URL.java:1072)
03-25 15:37:15.690 15222 16906 W System.err: at mbmodsd.mbmodsw.mbdialog.MBDialogMan.loadJsonFromUrl(Native Method)
03-25 15:37:15.690 15222 16906 W System.err: at mbmodsd.mbmodsw.mbdialog.MBDialogMan.access$000(Native Method)
03-25 15:37:15.690 15222 16906 W System.err: at mbmodsd.mbmodsw.mbdialog.MBDialogMan$FetchJsonTask.doInBackground(Native Method)
03-25 15:37:15.690 15222 16906 W System.err: at mbmodsd.mbmodsw.mbdialog.MBDialogMan$FetchJsonTask.doInBackground(Native Method)
03-25 15:37:15.690 15222 16906 W System.err: at android.os.AsyncTask$3.call(AsyncTask.java:394)
03-25 15:37:15.690 15222 16906 W System.err: at java.util.concurrent.FutureTask.run(FutureTask.java:264)
03-25 15:37:15.690 15222 16906 W System.err: at android.os.AsyncTask$SerialExecutor$1.run(AsyncTask.java:305)
03-25 15:37:15.690 15222 16906 W System.err: at java.util.concurrent.ThreadPoolExecutor.runWorker(ThreadPoolExecutor.java:1145)
03-25 15:37:15.690 15222 16906 W System.err: at java.util.concurrent.ThreadPoolExecutor$Worker.run(ThreadPoolExecutor.java:644)
03-25 15:37:15.690 15222 16906 W System.err: at java.lang.Thread.run(Thread.java:1012)
03-25 15:37:15.705 15222 15222 W libc : Access denied finding property "vendor.transsion.scroll_adjust.support"
03-25 15:37:15.705 15222 15222 W libc : Access denied finding property "vendor.transsion.scroll_adjust.support"
03-25 15:37:15.768 15222 15222 W libc : Access denied finding property "vendor.transsion.scroll_adjust.support"
03-25 15:37:15.768 15222 15222 W libc : Access denied finding property "vendor.transsion.scroll_adjust.support"
03-25 15:37:15.781 15222 15222 W LOTTIE : Animation contains merge paths but they are disabled.
03-25 15:37:18.254 15222 15322 W Parcel : Expecting binder but got null!
03-25 15:37:20.546 15222 15222 W InputEventReceiver: Attempted to finish an input event but the input event receiver has already been disposed.
03-25 15:37:20.607 15222 15222 W libc : Access denied finding property "vendor.transsion.scroll_adjust.support"
03-25 15:37:20.608 15222 15222 W libc : Access denied finding property "vendor.transsion.scroll_adjust.support"
03-25 15:37:20.703 15222 15322 W Parcel : Expecting binder but got null!
03-25 15:37:20.738 15222 15237 W System : A resource failed to call end.
03-25 15:37:45.093 15222 15222 W libc : Access denied finding property "vendor.transsion.scroll_adjust.support"
03-25 15:37:45.093 15222 15222 W libc : Access denied finding property "vendor.transsion.scroll_adjust.support"
03-25 15:37:45.093 15222 15222 W libc : Access denied finding property "vendor.transsion.scroll_adjust.support"
03-25 15:37:45.093 15222 15222 W libc : Access denied finding property "vendor.transsion.scroll_adjust.support"
03-25 15:37:45.180 15222 15222 E ArmVmp : Match on catch block at 0x0a in for 0x7faf123031
03-25 15:37:45.193 15222 15222 E ArmVmp : Match on catch block at 0x0a in for 0x7faf12304d
03-25 15:37:45.218 15222 15222 W Activity: Can request only one set of permissions at a time
03-25 15:37:45.316 15222 15222 W libc : Access denied finding property "vendor.transsion.scroll_adjust.support"
03-25 15:37:45.316 15222 15222 W libc : Access denied finding property "vendor.transsion.scroll_adjust.support"
03-25 15:37:45.318 15222 15222 W libc : Access denied finding property "vendor.transsion.scroll_adjust.support"
03-25 15:37:45.318 15222 15222 W libc : Access denied finding property "vendor.transsion.scroll_adjust.support"
03-25 15:37:45.329 15222 15222 W libc : Access denied finding property "vendor.transsion.scroll_adjust.support"
03-25 15:37:45.329 15222 15222 W libc : Access denied finding property "vendor.transsion.scroll_adjust.support"
03-25 15:37:45.333 15222 15222 W libc : Access denied finding property "vendor.transsion.scroll_adjust.support"
03-25 15:37:45.333 15222 15222 W libc : Access denied finding property "vendor.transsion.scroll_adjust.support"
03-25 15:37:45.342 15222 15222 W libc : Access denied finding property "vendor.transsion.scroll_adjust.support"
03-25 15:37:45.342 15222 15222 W libc : Access denied finding property "vendor.transsion.scroll_adjust.support"
03-25 15:37:45.408 15222 15222 E RecyclerView: No adapter attached; skipping layout
03-25 15:37:45.434 15222 15322 W Parcel : Expecting binder but got null!
03-25 15:37:45.438 15222 15222 E ArmVmp : Match on catch block at 0x0a in for 0x7faf123035
03-25 15:37:45.463 15222 15222 E RecyclerView: No adapter attached; skipping layout
03-25 15:37:45.520 15222 15387 W WM-Processor: Didn't find WorkSpec for id WorkGenerationalId(workSpecId=27a62d0a-f38e-408c-aa41-da85bf98089f, generation=0)
03-25 15:37:45.534 15222 15222 W libc : Access denied finding property "vendor.transsion.scroll_adjust.support"
03-25 15:37:45.534 15222 15222 W libc : Access denied finding property "vendor.transsion.scroll_adjust.support"
03-25 15:37:45.566 15222 15222 W libc : Access denied finding property "vendor.transsion.scroll_adjust.support"
03-25 15:37:45.566 15222 15222 W libc : Access denied finding property "vendor.transsion.scroll_adjust.support"
03-25 15:37:45.636 15222 15222 W libc : Access denied finding property "vendor.transsion.scroll_adjust.support"
03-25 15:37:45.636 15222 15222 W libc : Access denied finding property "vendor.transsion.scroll_adjust.support"
03-25 15:37:46.806 15222 16906 E ArmVmp : No matching catch block at 0x07
03-25 15:37:46.806 15222 16906 E ArmVmp : Match on catch block at 0x02 in for 0x7faf123405
03-25 15:37:46.806 15222 16906 W System.err: java.net.SocketException: Connection reset
03-25 15:37:46.806 15222 16906 W System.err: at java.net.SocketInputStream.read(SocketInputStream.java:191)
03-25 15:37:46.806 15222 16906 W System.err: at java.net.SocketInputStream.read(SocketInputStream.java:143)
03-25 15:37:46.807 15222 16906 W System.err: at com.android.org.conscrypt.ConscryptEngineSocket$SSLInputStream.readFromSocket(Consc ryptEngineSocket.java:983)
03-25 15:37:46.807 15222 16906 W System.err: at com.android.org.conscrypt.ConscryptEngineSocket$SSLInputStream.processDataFromSocke t(ConscryptEngineSocket.java:947)
03-25 15:37:46.807 15222 16906 W System.err: at com.android.org.conscrypt.ConscryptEngineSocket$SSLInputStream.-$ $Nest$mprocessDataFromSocket(Unknown Source:0)
03-25 15:37:46.807 15222 16906 W System.err: at com.android.org.conscrypt.ConscryptEngineSocket.doHandshake(ConscryptEngineSocket.j ava:236)
03-25 15:37:46.807 15222 16906 W System.err: at com.android.org.conscrypt.ConscryptEngineSocket.startHandshake(ConscryptEngineSocke t.java:218)
03-25 15:37:46.807 15222 16906 W System.err: at com.android.okhttp.internal.io.RealConnection.connectTls(RealConnection.java:196)
03-25 15:37:46.807 15222 16906 W System.err: at com.android.okhttp.internal.io.RealConnection.connectSocket(RealConnection.java:153 )
03-25 15:37:46.807 15222 16906 W System.err: at com.android.okhttp.internal.io.RealConnection.connect(RealConnection.java:116)
03-25 15:37:46.807 15222 16906 W System.err: at com.android.okhttp.internal.http.StreamAllocation.findConnection(StreamAllocation.j ava:186)
03-25 15:37:46.808 15222 16906 W System.err: at com.android.okhttp.internal.http.StreamAllocation.findHealthyConnection(StreamAlloc ation.java:128)
03-25 15:37:46.808 15222 16906 W System.err: at com.android.okhttp.internal.http.StreamAllocation.newStream(StreamAllocation.java:9 7)
03-25 15:37:46.808 15222 16906 W System.err: at com.android.okhttp.internal.http.HttpEngine.connect(HttpEngine.java:289)
03-25 15:37:46.808 15222 16906 W System.err: at com.android.okhttp.internal.http.HttpEngine.sendRequest(HttpEngine.java:232)
03-25 15:37:46.808 15222 16906 W System.err: at com.android.okhttp.internal.huc.HttpURLConnectionImpl.execute(HttpURLConnectionImpl .java:465)
03-25 15:37:46.808 15222 16906 W System.err: at com.android.okhttp.internal.huc.HttpURLConnectionImpl.getResponse(HttpURLConnection Impl.java:411)
03-25 15:37:46.808 15222 16906 W System.err: at com.android.okhttp.internal.huc.HttpURLConnectionImpl.getInputStream(HttpURLConnect ionImpl.java:248)
03-25 15:37:46.808 15222 16906 W System.err: at com.android.okhttp.internal.huc.DelegatingHttpsURLConnection.getInputStream(Delegat ingHttpsURLConnection.java:211)
03-25 15:37:46.808 15222 16906 W System.err: at com.android.okhttp.internal.huc.HttpsURLConnectionImpl.getInputStream(HttpsURLConne ctionImpl.java:30)
03-25 15:37:46.809 15222 16906 W System.err: at java.net.URL.openStream(URL.java:1072)
03-25 15:37:46.809 15222 16906 W System.err: at mbmodsd.mbmodsw.mbdialog.MBDialogMan.loadJsonFromUrl(Native Method)
03-25 15:37:46.809 15222 16906 W System.err: at mbmodsd.mbmodsw.mbdialog.MBDialogMan.access$000(Native Method)
03-25 15:37:46.809 15222 16906 W System.err: at mbmodsd.mbmodsw.mbdialog.MBDialogMan$FetchJsonTask.doInBackground(Native Method)
03-25 15:37:46.809 15222 16906 W System.err: at mbmodsd.mbmodsw.mbdialog.MBDialogMan$FetchJsonTask.doInBackground(Native Method)
03-25 15:37:46.809 15222 16906 W System.err: at android.os.AsyncTask$3.call(AsyncTask.java:394)
03-25 15:37:46.809 15222 16906 W System.err: at java.util.concurrent.FutureTask.run(FutureTask.java:264)
03-25 15:37:46.809 15222 16906 W System.err: at android.os.AsyncTask$SerialExecutor$1.run(AsyncTask.java:305)
03-25 15:37:46.809 15222 16906 W System.err: at java.util.concurrent.ThreadPoolExecutor.runWorker(ThreadPoolExecutor.java:1145)
03-25 15:37:46.810 15222 16906 W System.err: at java.util.concurrent.ThreadPoolExecutor$Worker.run(ThreadPoolExecutor.java:644)
03-25 15:37:46.810 15222 16906 W System.err: at java.lang.Thread.run(Thread.java:1012)
03-25 15:37:52.165 15222 15222 W libc : Access denied finding property "vendor.transsion.scroll_adjust.support"
03-25 15:37:52.165 15222 15222 W libc : Access denied finding property "vendor.transsion.scroll_adjust.support"
03-25 15:37:52.214 15222 15222 E ArmVmp : Match on catch block at 0x0a in for 0x7faf123049
03-25 15:37:52.237 15222 15322 W Parcel : Expecting binder but got null!
03-25 15:37:54.812 15222 15222 W InputEventReceiver: Attempted to finish an input event but the input event receiver has already been disposed.
03-25 15:38:01.206 15222 15322 W Parcel : Expecting binder but got null!
03-25 15:38:02.496 15222 15222 E RippleDrawable: The RippleDrawable.STYLE_PATTERNED animation is not supported for a non-hardware accelerated Canvas. Skipping animation.
03-25 15:38:02.498 15222 15222 E RippleDrawable: The RippleDrawable.STYLE_PATTERNED animation is not supported for a non-hardware accelerated Canvas. Skipping animation.
03-25 15:38:02.542 15222 15222 W InputEventReceiver: Attempted to finish an input event but the input event receiver has already been disposed.
03-25 15:38:02.579 15222 15222 W libc : Access denied finding property "vendor.transsion.scroll_adjust.support"
