03-29 19:43:43.365 7617 7687 W OpenGLRenderer: ShaderCache::tranMaxTotalSize is 1048576
03-29 19:43:43.390 7617 7687 W Parcel : Expecting binder but got null!
03-29 19:43:43.460 7617 7617 W libc : Access denied finding property "vendor.transsion.scroll_adjust.support"
03-29 19:43:43.460 7617 7617 W libc : Access denied finding property "vendor.transsion.scroll_adjust.support"
03-29 19:43:43.473 7617 7617 W libc : Access denied finding property "vendor.transsion.scroll_adjust.support"
03-29 19:43:43.473 7617 7617 W libc : Access denied finding property "vendor.transsion.scroll_adjust.support"
03-29 19:43:43.918 7617 7687 W Parcel : Expecting binder but got null!
03-29 19:43:43.924 7617 7617 E ArmVmp : Match on catch block at 0x0a in for 0x7ce60f4035
03-29 19:43:43.959 7617 7617 W View : requestLayout() improperly called by androidx.appcompat.view.menu.ActionMenuItemView{3af789f VFED..C.. ......ID 291,0- 435,0 #7f0b0f8a app:id/menuitem_search} during layout: running second layout pass
03-29 19:43:43.959 7617 7617 W View : requestLayout() improperly called by androidx.appcompat.widget.ActionMenuView{270fdec V.E...... ......ID 420,375- 1131,375} during layout: running second layout pass
03-29 19:43:44.006 7617 7617 W libc : Access denied finding property "vendor.transsion.scroll_adjust.support"
03-29 19:43:44.006 7617 7617 W libc : Access denied finding property "vendor.transsion.scroll_adjust.support"
03-29 19:43:44.009 7617 7617 E ConstraintLayout: layout_constraintWidth_default="wrap" is deprecated.
03-29 19:43:44.009 7617 7617 E ConstraintLayout: Use layout_width="WRAP_CONTENT" and layout_constrainedWidth="true" instead.
03-29 19:43:44.010 7617 7617 E ConstraintLayout: layout_constraintWidth_default="wrap" is deprecated.
03-29 19:43:44.010 7617 7617 E ConstraintLayout: Use layout_width="WRAP_CONTENT" and layout_constrainedWidth="true" instead.
03-29 19:43:44.010 7617 7617 E ConstraintLayout: layout_constraintWidth_default="wrap" is deprecated.
03-29 19:43:44.010 7617 7617 E ConstraintLayout: Use layout_width="WRAP_CONTENT" and layout_constrainedWidth="true" instead.
03-29 19:43:44.058 7617 7617 W libc : Access denied finding property "vendor.transsion.scroll_adjust.support"
03-29 19:43:44.058 7617 7617 W libc : Access denied finding property "vendor.transsion.scroll_adjust.support"
03-29 19:43:44.095 7617 7645 W LibraryVersion: Failed to get app version for libraryName: firebase-iid
03-29 19:43:44.124 7617 7617 W libc : Access denied finding property "vendor.transsion.scroll_adjust.support"
03-29 19:43:44.124 7617 7617 W libc : Access denied finding property "vendor.transsion.scroll_adjust.support"
03-29 19:43:44.138 7617 7793 W LOTTIE : Animation contains merge paths. Merge paths are only supported on KitKat+ and must be manually enabled by calling enableMergePathsForKitKatAndAbove().
03-29 19:43:44.180 7617 7687 W Parcel : Expecting binder but got null!
03-29 19:43:44.304 7617 7617 W View : requestLayout() improperly called by DecorView@412053f[HomeActivity] during second layout pass: posting in next frame
03-29 19:43:44.308 7617 7617 W libc : Access denied finding property "vendor.transsion.scroll_adjust.support"
03-29 19:43:44.308 7617 7617 W libc : Access denied finding property "vendor.transsion.scroll_adjust.support"
03-29 19:43:44.368 7617 7617 W LOTTIE : Animation contains merge paths but they are disabled.
03-29 19:43:48.038 7617 7625 W com.mbwhatsapp: Cleared Reference was only reachable from finalizer (only reported once)
03-29 19:43:48.067 7617 7770 E WM-WorkerWrapper: Work [ id=d0b37648-5f1e-4f2f- 9485-4b8e9b129482, tags={ com.mbwhatsapp.privacy.protocol.xmpp.DisclosureGetStageByIdsWorker, tag.whatsapp.privacy.GetDisclosureStageByIds } ] failed because it threw an exception/error
03-29 19:43:48.067 7617 7770 E WM-WorkerWrapper: java.util.concurrent.ExecutionException: X.0pD: The completer object was garbage collected - this future would otherwise never complete. The tag was: Failure {mOutputData=Data {}}
03-29 19:43:48.067 7617 7770 E WM-WorkerWrapper: at X.0i9.A02(Unknown Source:20)
03-29 19:43:48.067 7617 7770 E WM-WorkerWrapper: at X.0i9.get(Unknown Source:47)
03-29 19:43:48.067 7617 7770 E WM-WorkerWrapper: at X.0lz.run(Unknown Source:4)
03-29 19:43:48.067 7617 7770 E WM-WorkerWrapper: at X.0m4.run(Unknown Source:2)
03-29 19:43:48.067 7617 7770 E WM-WorkerWrapper: at java.util.concurrent.ThreadPoolExecutor.runWorker(ThreadPoolExecutor.java:1145)
03-29 19:43:48.067 7617 7770 E WM-WorkerWrapper: at java.util.concurrent.ThreadPoolExecutor$Worker.run(ThreadPoolExecutor.java:644)
03-29 19:43:48.067 7617 7770 E WM-WorkerWrapper: at java.lang.Thread.run(Thread.java:1012)
03-29 19:43:48.067 7617 7770 E WM-WorkerWrapper: Caused by: X.0pD: The completer object was garbage collected - this future would otherwise never complete. The tag was: Failure {mOutputData=Data {}}
03-29 19:43:48.292 7617 7695 W com.mbwhatsapp: Accessing hidden method Lcom/android/org/conscrypt/ConscryptEngineSocket;->setUseSessionTickets(Z)V (max- target-q,core-platform-api, reflection, denied)
03-29 19:43:48.292 7617 7695 W com.mbwhatsapp: Accessing hidden method Lcom/android/org/conscrypt/OpenSSLSocketImpl;->setUseSessionTickets(Z)V (max- target-q,core-platform-api, reflection, denied)
03-29 19:43:48.292 7617 7695 W com.mbwhatsapp: Accessing hidden method Lcom/android/org/conscrypt/AbstractConscryptSocket;->setUseSessionTickets(Z)V (max- target-q, reflection, denied)
03-29 19:43:48.293 7617 7695 W com.mbwhatsapp: Accessing hidden method Lcom/android/org/conscrypt/ConscryptEngineSocket;->setHostname(Ljava/lang/String;)V (max-target-q,core-platform-api, reflection, denied)
03-29 19:43:48.293 7617 7695 W com.mbwhatsapp: Accessing hidden method Lcom/android/org/conscrypt/OpenSSLSocketImpl;->setHostname(Ljava/lang/String;)V (max-target-q,core-platform-api, reflection, denied)
03-29 19:43:48.293 7617 7695 W com.mbwhatsapp: Accessing hidden method Lcom/android/org/conscrypt/AbstractConscryptSocket;->setHostname(Ljava/lang/ String;)V (max-target-q, reflection, denied)
03-29 19:43:48.293 7617 7695 W com.mbwhatsapp: Accessing hidden method Lcom/android/org/conscrypt/OpenSSLSocketImpl;->setAlpnProtocols([B)V (max-target- q,core-platform-api, reflection, denied)
03-29 19:43:48.293 7617 7695 W com.mbwhatsapp: Accessing hidden method Lcom/android/org/conscrypt/AbstractConscryptSocket;->setAlpnProtocols([B)V (max- target-q, reflection, denied)
03-29 19:43:50.736 7617 7695 W com.mbwhatsapp: Accessing hidden method Lcom/android/org/conscrypt/OpenSSLSocketImpl;->getAlpnSelectedProtocol()[B (max- target-q,core-platform-api, reflection, denied)
03-29 19:43:50.736 7617 7695 W com.mbwhatsapp: Accessing hidden method Lcom/android/org/conscrypt/AbstractConscryptSocket;->getAlpnSelectedProtocol()[B (max-target-q, reflection, denied)
03-29 19:43:52.552 7617 7639 E ArmVmp : No matching catch block at 0x07
03-29 19:43:52.552 7617 7639 E ArmVmp : Match on catch block at 0x02 in for 0x7ce4c55a05
03-29 19:43:52.553 7617 7639 W System.err: java.net.SocketException: Connection reset
03-29 19:43:52.553 7617 7639 W System.err: at java.net.SocketInputStream.read(SocketInputStream.java:191)
03-29 19:43:52.553 7617 7639 W System.err: at java.net.SocketInputStream.read(SocketInputStream.java:143)
03-29 19:43:52.553 7617 7639 W System.err: at com.android.org.conscrypt.ConscryptEngineSocket$SSLInputStream.readFromSocket(Consc ryptEngineSocket.java:983)
03-29 19:43:52.553 7617 7639 W System.err: at com.android.org.conscrypt.ConscryptEngineSocket$SSLInputStream.processDataFromSocke t(ConscryptEngineSocket.java:947)
03-29 19:43:52.553 7617 7639 W System.err: at com.android.org.conscrypt.ConscryptEngineSocket$SSLInputStream.-$ $Nest$mprocessDataFromSocket(Unknown Source:0)
03-29 19:43:52.553 7617 7639 W System.err: at com.android.org.conscrypt.ConscryptEngineSocket.doHandshake(ConscryptEngineSocket.j ava:236)
03-29 19:43:52.553 7617 7639 W System.err: at com.android.org.conscrypt.ConscryptEngineSocket.startHandshake(ConscryptEngineSocke t.java:218)
03-29 19:43:52.553 7617 7639 W System.err: at com.android.okhttp.internal.io.RealConnection.connectTls(RealConnection.java:196)
03-29 19:43:52.554 7617 7639 W System.err: at com.android.okhttp.internal.io.RealConnection.connectSocket(RealConnection.java:153 )
03-29 19:43:52.554 7617 7639 W System.err: at com.android.okhttp.internal.io.RealConnection.connect(RealConnection.java:116)
03-29 19:43:52.554 7617 7639 W System.err: at com.android.okhttp.internal.http.StreamAllocation.findConnection(StreamAllocation.j ava:186)
03-29 19:43:52.554 7617 7639 W System.err: at com.android.okhttp.internal.http.StreamAllocation.findHealthyConnection(StreamAlloc ation.java:128)
03-29 19:43:52.554 7617 7639 W System.err: at com.android.okhttp.internal.http.StreamAllocation.newStream(StreamAllocation.java:9 7)
03-29 19:43:52.554 7617 7639 W System.err: at com.android.okhttp.internal.http.HttpEngine.connect(HttpEngine.java:289)
03-29 19:43:52.554 7617 7639 W System.err: at com.android.okhttp.internal.http.HttpEngine.sendRequest(HttpEngine.java:232)
03-29 19:43:52.554 7617 7639 W System.err: at com.android.okhttp.internal.huc.HttpURLConnectionImpl.execute(HttpURLConnectionImpl .java:465)
03-29 19:43:52.554 7617 7639 W System.err: at com.android.okhttp.internal.huc.HttpURLConnectionImpl.getResponse(HttpURLConnection Impl.java:411)
03-29 19:43:52.554 7617 7639 W System.err: at com.android.okhttp.internal.huc.HttpURLConnectionImpl.getInputStream(HttpURLConnect ionImpl.java:248)
03-29 19:43:52.554 7617 7639 W System.err: at com.android.okhttp.internal.huc.DelegatingHttpsURLConnection.getInputStream(Delegat ingHttpsURLConnection.java:211)
03-29 19:43:52.554 7617 7639 W System.err: at com.android.okhttp.internal.huc.HttpsURLConnectionImpl.getInputStream(HttpsURLConne ctionImpl.java:30)
03-29 19:43:52.554 7617 7639 W System.err: at java.net.URL.openStream(URL.java:1072)
03-29 19:43:52.554 7617 7639 W System.err: at mbmodsd.mbmodsw.mbdialog.MBDialogMan.loadJsonFromUrl(Native Method)
03-29 19:43:52.554 7617 7639 W System.err: at mbmodsd.mbmodsw.mbdialog.MBDialogMan.access$000(Native Method)
03-29 19:43:52.554 7617 7639 W System.err: at mbmodsd.mbmodsw.mbdialog.MBDialogMan$FetchJsonTask.doInBackground(Native Method)
03-29 19:43:52.555 7617 7639 W System.err: at mbmodsd.mbmodsw.mbdialog.MBDialogMan$FetchJsonTask.doInBackground(Native Method)
03-29 19:43:52.555 7617 7639 W System.err: at android.os.AsyncTask$3.call(AsyncTask.java:394)
03-29 19:43:52.555 7617 7639 W System.err: at java.util.concurrent.FutureTask.run(FutureTask.java:264)
03-29 19:43:52.555 7617 7639 W System.err: at android.os.AsyncTask$SerialExecutor$1.run(AsyncTask.java:305)
03-29 19:43:52.555 7617 7639 W System.err: at java.util.concurrent.ThreadPoolExecutor.runWorker(ThreadPoolExecutor.java:1145)
03-29 19:43:52.555 7617 7639 W System.err: at java.util.concurrent.ThreadPoolExecutor$Worker.run(ThreadPoolExecutor.java:644)
03-29 19:43:52.555 7617 7639 W System.err: at java.lang.Thread.run(Thread.java:1012)
03-29 19:45:36.371 7617 7617 W libc : Access denied finding property "vendor.transsion.scroll_adjust.support"
03-29 19:45:36.371 7617 7617 W libc : Access denied finding property "vendor.transsion.scroll_adjust.support"
03-29 19:45:36.419 7617 7617 E ArmVmp : Match on catch block at 0x0a in for 0x7ce60f4049
03-29 19:45:36.440 7617 7687 W Parcel : Expecting binder but got null!
03-29 19:45:38.367 7617 7617 W InputEventReceiver: Attempted to finish an input event but the input event receiver has already been disposed.
03-29 19:45:39.767 7617 7617 W libc : Access denied finding property "vendor.scroll.fpsgo.release"
03-29 19:45:39.859 7617 7617 W libc : Access denied finding property "vendor.transsion.scroll_adjust.support"
03-29 19:45:39.859 7617 7617 W libc : Access denied finding property "vendor.transsion.scroll_adjust.support"
03-29 19:45:39.860 7617 7617 W libc : Access denied finding property "vendor.transsion.scroll_adjust.support"
03-29 19:45:42.509 7617 7617 W libc : Access denied finding property "vendor.transsion.scroll_adjust.support"
03-29 19:45:42.509 7617 7617 W libc : Access denied finding property "vendor.transsion.scroll_adjust.support"
03-29 19:45:42.510 7617 7617 W libc : Access denied finding property "vendor.transsion.scroll_adjust.support"
03-29 19:45:42.510 7617 7617 W libc : Access denied finding property "vendor.transsion.scroll_adjust.support"
03-29 19:45:42.576 7617 7687 W Parcel : Expecting binder but got null!
03-29 19:45:42.600 7617 7617 W libc : Access denied finding property "vendor.transsion.scroll_adjust.support"
03-29 19:45:42.600 7617 7617 W libc : Access denied finding property "vendor.transsion.scroll_adjust.support"
03-29 19:45:42.601 7617 7617 W BottomSheetBehavior: BottomSheetBehavior now supports multiple callbacks. `setBottomSheetCallback()` removes all existing callbacks, including ones set internally by library authors, which may result in unintended behavior. This may change in the future. Please use `addBottomSheetCallback()` and `removeBottomSheetCallback()` instead to set your own callbacks.
03-29 19:45:42.601 7617 7617 W BottomSheetBehavior: BottomSheetBehavior now supports multiple callbacks. `setBottomSheetCallback()` removes all existing callbacks, including ones set internally by library authors, which may result in unintended behavior. This may change in the future. Please use `addBottomSheetCallback()` and `removeBottomSheetCallback()` instead to set your own callbacks.
03-29 19:45:42.649 7617 7617 W libc : Access denied finding property "vendor.transsion.scroll_adjust.support"
03-29 19:45:42.649 7617 7617 W libc : Access denied finding property "vendor.transsion.scroll_adjust.support"
03-29 19:45:42.650 7617 7617 W BottomSheetBehavior: BottomSheetBehavior now supports multiple callbacks. `setBottomSheetCallback()` removes all existing callbacks, including ones set internally by library authors, which may result in unintended behavior. This may change in the future. Please use `addBottomSheetCallback()` and `removeBottomSheetCallback()` instead to set your own callbacks.
03-29 19:45:42.650 7617 7617 W BottomSheetBehavior: BottomSheetBehavior now supports multiple callbacks. `setBottomSheetCallback()` removes all existing callbacks, including ones set internally by library authors, which may result in unintended behavior. This may change in the future. Please use `addBottomSheetCallback()` and `removeBottomSheetCallback()` instead to set your own callbacks.
03-29 19:45:42.663 7617 7617 W libc : Access denied finding property "vendor.transsion.scroll_adjust.support"
03-29 19:45:42.663 7617 7617 W libc : Access denied finding property "vendor.transsion.scroll_adjust.support"
03-29 19:45:42.664 7617 7617 W BottomSheetBehavior: BottomSheetBehavior now supports multiple callbacks. `setBottomSheetCallback()` removes all existing callbacks, including ones set internally by library authors, which may result in unintended behavior. This may change in the future. Please use `addBottomSheetCallback()` and `removeBottomSheetCallback()` instead to set your own callbacks.
03-29 19:45:42.664 7617 7617 W BottomSheetBehavior: BottomSheetBehavior now supports multiple callbacks. `setBottomSheetCallback()` removes all existing callbacks, including ones set internally by library authors, which may result in unintended behavior. This may change in the future. Please use `addBottomSheetCallback()` and `removeBottomSheetCallback()` instead to set your own callbacks.
03-29 19:45:42.677 7617 7617 W libc : Access denied finding property "vendor.transsion.scroll_adjust.support"
03-29 19:45:42.677 7617 7617 W libc : Access denied finding property "vendor.transsion.scroll_adjust.support"
03-29 19:45:42.677 7617 7617 E RecyclerView: No adapter attached; skipping layout
03-29 19:45:42.678 7617 7617 W libc : Access denied finding property "vendor.transsion.scroll_adjust.support"
03-29 19:45:42.678 7617 7617 W libc : Access denied finding property "vendor.transsion.scroll_adjust.support"
03-29 19:45:42.678 7617 7617 W libc : Access denied finding property "vendor.transsion.scroll_adjust.support"
03-29 19:45:42.678 7617 7617 W libc : Access denied finding property "vendor.transsion.scroll_adjust.support"
03-29 19:45:42.679 7617 7617 W libc : Access denied finding property "vendor.transsion.scroll_adjust.support"
03-29 19:45:42.679 7617 7617 W libc : Access denied finding property "vendor.transsion.scroll_adjust.support"
03-29 19:45:42.679 7617 7617 E RecyclerView: No adapter attached; skipping layout
03-29 19:45:42.741 7617 7617 W libc : Access denied finding property "vendor.transsion.scroll_adjust.support"
03-29 19:45:42.741 7617 7617 W libc : Access denied finding property "vendor.transsion.scroll_adjust.support"
03-29 19:45:42.804 7617 7687 W Parcel : Expecting binder but got null!
03-29 19:45:43.009 7617 7670 E SQLiteDatabase: Error inserting transferred=1 media_job_uuid=f6d0df0d-cc35-4d4f-95bb-f5e6a191a84b transcoded=0 gif_attribution=0 first_scan_length=4965 direct_path=/o1/v/t62.7118-24/f1/m234/up-oil-image-05293be9- aa16-46fc-b872-614bee17d0e4?ccb=9- 4&oh=01_ASCHgURGtZyNo9veiI7hTmdBT44u2XD81rOz_qO8uWuIjg&oe=662D93E7&_nc_sid=000000 thumbnail_height_width_ratio=0.75757575 is_animated_sticker=0 file_hash=xonGmGAapjGp+ZIlQ1FkO7RjakggLcn7Z7u4q3lqdtY= file_path=Media/.Statuses/d6f61e0d3e9a4b87bfcccc0bdaaef868.jpg file_size=30149 partial_media_hash=RaKvg667dRW2wcZikiSy5P3IDucC4I5qMLf6f2bHl/A= face_x=0 face_y=0 height=720 trim_to=0 media_key_timestamp=1711672645000 message_url=https://mmg.whatsapp.net/o1/v/t62.7118-24/f1/m234/up-oil-image- 05293be9-aa16-46fc-b872-614bee17d0e4?ccb=9- 4&oh=01_ASCHgURGtZyNo9veiI7hTmdBT44u2XD81rOz_qO8uWuIjg&oe=662D93E7&_nc_sid=000000&m ms3=true media_caption=null trim_from=0 mime_type=image/jpeg partial_media_enc_hash=null width=960 original_file_hash=null has_streaming_sidecar=1 autotransfer_retry_enabled=1 media_upload_handle=null message_row_id=23 multicast_id=null enc_file_hash=cCAxasJuSnLELNIxYCPTQQfxa6/hTtqCJzrJFk9TAcc= mute_video=0 page_count=0 first_scan_sidecar=[B@e82f60 suspicious_content=0 file_length=30149 media_name=null media_duration=0 chat_row_id=2 media_key=[B@58b9c19
03-29 19:45:43.009 7617 7670 E SQLiteDatabase: android.database.sqlite.SQLiteConstraintException: UNIQUE constraint failed: message_media.message_row_id (code 1555 SQLITE_CONSTRAINT_PRIMARYKEY)
03-29 19:45:43.009 7617 7670 E SQLiteDatabase: at android.database.sqlite.SQLiteConnection.nativeExecuteForLastInsertedRowId(Native Method)
03-29 19:45:43.009 7617 7670 E SQLiteDatabase: at android.database.sqlite.SQLiteConnection.executeForLastInsertedRowId(SQLiteConnecti on.java:961)
03-29 19:45:43.009 7617 7670 E SQLiteDatabase: at android.database.sqlite.SQLiteSession.executeForLastInsertedRowId(SQLiteSession.jav a:790)
03-29 19:45:43.009 7617 7670 E SQLiteDatabase: at android.database.sqlite.SQLiteStatement.executeInsert(SQLiteStatement.java:89)
03-29 19:45:43.009 7617 7670 E SQLiteDatabase: at android.database.sqlite.SQLiteDatabase.insertWithOnConflict(SQLiteDatabase.java:187 4)
03-29 19:45:43.009 7617 7670 E SQLiteDatabase: at android.database.sqlite.SQLiteDatabase.insert(SQLiteDatabase.java:1743)
03-29 19:45:43.009 7617 7670 E SQLiteDatabase: at X.2tm.A08(Unknown Source:6)
03-29 19:45:43.009 7617 7670 E SQLiteDatabase: at X.35Y.A07(Unknown Source:212)
03-29 19:45:43.009 7617 7670 E SQLiteDatabase: at X.3QF.A14(Unknown Source:470)
03-29 19:45:43.009 7617 7670 E SQLiteDatabase: at X.3gU.run(Unknown Source:982)
03-29 19:45:43.009 7617 7670 E SQLiteDatabase: at android.os.Handler.handleCallback(Handler.java:942)
03-29 19:45:43.009 7617 7670 E SQLiteDatabase: at android.os.Handler.dispatchMessage(Handler.java:99)
03-29 19:45:43.009 7617 7670 E SQLiteDatabase: at X.0zq.dispatchMessage(Unknown Source:4)
03-29 19:45:43.009 7617 7670 E SQLiteDatabase: at android.os.Looper.loopOnce(Looper.java:204)
03-29 19:45:43.009 7617 7670 E SQLiteDatabase: at android.os.Looper.loop(Looper.java:291)
03-29 19:45:43.009 7617 7670 E SQLiteDatabase: at android.os.HandlerThread.run(HandlerThread.java:67)
03-29 19:45:43.462 7617 7670 E SQLiteDatabase: Error inserting transferred=0 media_job_uuid=90c2e3f5-73f9-4894-b631-58fe3f20ccf5 transcoded=0 gif_attribution=0 first_scan_length=0 direct_path=/v/t62.7161- 24/383021718_407956931983485_7206933934351249974_n.enc?ccb=11- 4&oh=01_ASAV0qHjo_kG7Kh8qDL3z4BtXEWcEnihhwzE6vpFAYtoVw&oe=662DEB1C&_nc_sid=5e03e0 thumbnail_height_width_ratio=0.0 is_animated_sticker=0 file_hash=pH4e8O2x1Z4UJXy4IKSxx2tUDbowNwqXjpsckwxITDA= file_path=Media/.Statuses/4b7ab0c39df64ed09d4dcf31110e581c.mp4 file_size=0 partial_media_hash=null face_x=0 face_y=0 height=848 trim_to=0 media_key_timestamp=1711700690000 message_url=https://mmg.whatsapp.net/v/t62.7161- 24/383021718_407956931983485_7206933934351249974_n.enc?ccb=11- 4&oh=01_ASAV0qHjo_kG7Kh8qDL3z4BtXEWcEnihhwzE6vpFAYtoVw&oe=662DEB1C&_nc_sid=5e03e0&m ms3=true media_caption=null trim_from=0 mime_type=video/mp4 partial_media_enc_hash=null width=480 original_file_hash=null has_streaming_sidecar=1 autotransfer_retry_enabled=0 media_upload_handle=null message_row_id=21 multicast_id=null enc_file_hash=tGJ/vGv2yserxC3bBqu2PpaG97ufLspsn+3EoSM4+P8= mute_video=0 page_count=0 first_scan_sidecar=null suspicious_content=0 file_length=177887 media_name=null media_duration=1 chat_row_id=2 media_key=[B@21f3114
03-29 19:45:43.462 7617 7670 E SQLiteDatabase: android.database.sqlite.SQLiteConstraintException: UNIQUE constraint failed: message_media.message_row_id (code 1555 SQLITE_CONSTRAINT_PRIMARYKEY)
03-29 19:45:43.462 7617 7670 E SQLiteDatabase: at android.database.sqlite.SQLiteConnection.nativeExecuteForLastInsertedRowId(Native Method)
03-29 19:45:43.462 7617 7670 E SQLiteDatabase: at android.database.sqlite.SQLiteConnection.executeForLastInsertedRowId(SQLiteConnecti on.java:961)
03-29 19:45:43.462 7617 7670 E SQLiteDatabase: at android.database.sqlite.SQLiteSession.executeForLastInsertedRowId(SQLiteSession.jav a:790)
03-29 19:45:43.462 7617 7670 E SQLiteDatabase: at android.database.sqlite.SQLiteStatement.executeInsert(SQLiteStatement.java:89)
03-29 19:45:43.462 7617 7670 E SQLiteDatabase: at android.database.sqlite.SQLiteDatabase.insertWithOnConflict(SQLiteDatabase.java:187 4)
03-29 19:45:43.462 7617 7670 E SQLiteDatabase: at android.database.sqlite.SQLiteDatabase.insert(SQLiteDatabase.java:1743)
03-29 19:45:43.462 7617 7670 E SQLiteDatabase: at X.2tm.A08(Unknown Source:6)
03-29 19:45:43.462 7617 7670 E SQLiteDatabase: at X.35Y.A07(Unknown Source:212)
03-29 19:45:43.462 7617 7670 E SQLiteDatabase: at X.3QF.A14(Unknown Source:470)
03-29 19:45:43.462 7617 7670 E SQLiteDatabase: at X.3gU.run(Unknown Source:982)
03-29 19:45:43.462 7617 7670 E SQLiteDatabase: at android.os.Handler.handleCallback(Handler.java:942)
03-29 19:45:43.462 7617 7670 E SQLiteDatabase: at android.os.Handler.dispatchMessage(Handler.java:99)
03-29 19:45:43.462 7617 7670 E SQLiteDatabase: at X.0zq.dispatchMessage(Unknown Source:4)
03-29 19:45:43.462 7617 7670 E SQLiteDatabase: at android.os.Looper.loopOnce(Looper.java:204)
03-29 19:45:43.462 7617 7670 E SQLiteDatabase: at android.os.Looper.loop(Looper.java:291)
03-29 19:45:43.462 7617 7670 E SQLiteDatabase: at android.os.HandlerThread.run(HandlerThread.java:67)
03-29 19:45:43.492 7617 7670 E SQLiteDatabase: Error inserting transferred=0 media_job_uuid=90c2e3f5-73f9-4894-b631-58fe3f20ccf5 transcoded=0 gif_attribution=0 first_scan_length=0 direct_path=/v/t62.7161- 24/383021718_407956931983485_7206933934351249974_n.enc?ccb=11- 4&oh=01_ASAV0qHjo_kG7Kh8qDL3z4BtXEWcEnihhwzE6vpFAYtoVw&oe=662DEB1C&_nc_sid=5e03e0 thumbnail_height_width_ratio=0.0 is_animated_sticker=0 file_hash=pH4e8O2x1Z4UJXy4IKSxx2tUDbowNwqXjpsckwxITDA= file_path=Media/.Statuses/4b7ab0c39df64ed09d4dcf31110e581c.mp4 file_size=0 partial_media_hash=null face_x=0 face_y=0 height=848 trim_to=0 media_key_timestamp=1711700690000 message_url=https://mmg.whatsapp.net/v/t62.7161- 24/383021718_407956931983485_7206933934351249974_n.enc?ccb=11- 4&oh=01_ASAV0qHjo_kG7Kh8qDL3z4BtXEWcEnihhwzE6vpFAYtoVw&oe=662DEB1C&_nc_sid=5e03e0&m ms3=true media_caption=null trim_from=0 mime_type=video/mp4 partial_media_enc_hash=null width=480 original_file_hash=null has_streaming_sidecar=1 autotransfer_retry_enabled=0 media_upload_handle=null message_row_id=21 multicast_id=null enc_file_hash=tGJ/vGv2yserxC3bBqu2PpaG97ufLspsn+3EoSM4+P8= mute_video=0 page_count=0 first_scan_sidecar=null suspicious_content=0 file_length=177887 media_name=null media_duration=1 chat_row_id=2 media_key=[B@21f3114
03-29 19:45:43.492 7617 7670 E SQLiteDatabase: android.database.sqlite.SQLiteConstraintException: UNIQUE constraint failed: message_media.message_row_id (code 1555 SQLITE_CONSTRAINT_PRIMARYKEY)
03-29 19:45:43.492 7617 7670 E SQLiteDatabase: at android.database.sqlite.SQLiteConnection.nativeExecuteForLastInsertedRowId(Native Method)
03-29 19:45:43.492 7617 7670 E SQLiteDatabase: at android.database.sqlite.SQLiteConnection.executeForLastInsertedRowId(SQLiteConnecti on.java:961)
03-29 19:45:43.492 7617 7670 E SQLiteDatabase: at android.database.sqlite.SQLiteSession.executeForLastInsertedRowId(SQLiteSession.jav a:790)
03-29 19:45:43.492 7617 7670 E SQLiteDatabase: at android.database.sqlite.SQLiteStatement.executeInsert(SQLiteStatement.java:89)
03-29 19:45:43.492 7617 7670 E SQLiteDatabase: at android.database.sqlite.SQLiteDatabase.insertWithOnConflict(SQLiteDatabase.java:187 4)
03-29 19:45:43.492 7617 7670 E SQLiteDatabase: at android.database.sqlite.SQLiteDatabase.insert(SQLiteDatabase.java:1743)
03-29 19:45:43.492 7617 7670 E SQLiteDatabase: at X.2tm.A08(Unknown Source:6)
03-29 19:45:43.492 7617 7670 E SQLiteDatabase: at X.35Y.A07(Unknown Source:212)
03-29 19:45:43.492 7617 7670 E SQLiteDatabase: at X.3QF.A14(Unknown Source:470)
03-29 19:45:43.492 7617 7670 E SQLiteDatabase: at X.3gU.run(Unknown Source:982)
03-29 19:45:43.492 7617 7670 E SQLiteDatabase: at android.os.Handler.handleCallback(Handler.java:942)
03-29 19:45:43.492 7617 7670 E SQLiteDatabase: at android.os.Handler.dispatchMessage(Handler.java:99)
03-29 19:45:43.492 7617 7670 E SQLiteDatabase: at X.0zq.dispatchMessage(Unknown Source:4)
03-29 19:45:43.492 7617 7670 E SQLiteDatabase: at android.os.Looper.loopOnce(Looper.java:204)
03-29 19:45:43.492 7617 7670 E SQLiteDatabase: at android.os.Looper.loop(Looper.java:291)
03-29 19:45:43.492 7617 7670 E SQLiteDatabase: at android.os.HandlerThread.run(HandlerThread.java:67)
03-29 19:45:45.397 7617 7617 W libc : Access denied finding property "vendor.transsion.scroll_adjust.support"
03-29 19:45:45.397 7617 7617 W libc : Access denied finding property "vendor.transsion.scroll_adjust.support"
03-29 19:45:45.398 7617 7617 W libc : Access denied finding property "vendor.transsion.scroll_adjust.support"
03-29 19:45:45.398 7617 7617 W libc : Access denied finding property "vendor.transsion.scroll_adjust.support"
03-29 19:45:45.438 7617 7687 W Parcel : Expecting binder but got null!
03-29 19:45:45.458 7617 7617 W libc : Access denied finding property "vendor.transsion.scroll_adjust.support"
03-29 19:45:45.458 7617 7617 W libc : Access denied finding property "vendor.transsion.scroll_adjust.support"
03-29 19:45:45.459 7617 7617 W BottomSheetBehavior: BottomSheetBehavior now supports multiple callbacks. `setBottomSheetCallback()` removes all existing callbacks, including ones set internally by library authors, which may result in unintended behavior. This may change in the future. Please use `addBottomSheetCallback()` and `removeBottomSheetCallback()` instead to set your own callbacks.
03-29 19:45:45.459 7617 7617 W BottomSheetBehavior: BottomSheetBehavior now supports multiple callbacks. `setBottomSheetCallback()` removes all existing callbacks, including ones set internally by library authors, which may result in unintended behavior. This may change in the future. Please use `addBottomSheetCallback()` and `removeBottomSheetCallback()` instead to set your own callbacks.
03-29 19:45:45.467 7617 7617 W libc : Access denied finding property "vendor.transsion.scroll_adjust.support"
03-29 19:45:45.467 7617 7617 W libc : Access denied finding property "vendor.transsion.scroll_adjust.support"
03-29 19:45:45.468 7617 7617 W BottomSheetBehavior: BottomSheetBehavior now supports multiple callbacks. `setBottomSheetCallback()` removes all existing callbacks, including ones set internally by library authors, which may result in unintended behavior. This may change in the future. Please use `addBottomSheetCallback()` and `removeBottomSheetCallback()` instead to set your own callbacks.
03-29 19:45:45.468 7617 7617 W BottomSheetBehavior: BottomSheetBehavior now supports multiple callbacks. `setBottomSheetCallback()` removes all existing callbacks, including ones set internally by library authors, which may result in unintended behavior. This may change in the future. Please use `addBottomSheetCallback()` and `removeBottomSheetCallback()` instead to set your own callbacks.
03-29 19:45:45.477 7617 7617 W libc : Access denied finding property "vendor.transsion.scroll_adjust.support"
03-29 19:45:45.477 7617 7617 W libc : Access denied finding property "vendor.transsion.scroll_adjust.support"
03-29 19:45:45.478 7617 7617 W BottomSheetBehavior: BottomSheetBehavior now supports multiple callbacks. `setBottomSheetCallback()` removes all existing callbacks, including ones set internally by library authors, which may result in unintended behavior. This may change in the future. Please use `addBottomSheetCallback()` and `removeBottomSheetCallback()` instead to set your own callbacks.
03-29 19:45:45.478 7617 7617 W BottomSheetBehavior: BottomSheetBehavior now supports multiple callbacks. `setBottomSheetCallback()` removes all existing callbacks, including ones set internally by library authors, which may result in unintended behavior. This may change in the future. Please use `addBottomSheetCallback()` and `removeBottomSheetCallback()` instead to set your own callbacks.
03-29 19:45:45.487 7617 7617 W libc : Access denied finding property "vendor.transsion.scroll_adjust.support"
03-29 19:45:45.487 7617 7617 W libc : Access denied finding property "vendor.transsion.scroll_adjust.support"
03-29 19:45:45.487 7617 7617 W libc : Access denied finding property "vendor.transsion.scroll_adjust.support"
03-29 19:45:45.487 7617 7617 W libc : Access denied finding property "vendor.transsion.scroll_adjust.support"
03-29 19:45:45.488 7617 7617 E RecyclerView: No adapter attached; skipping layout
03-29 19:45:45.488 7617 7617 W libc : Access denied finding property "vendor.transsion.scroll_adjust.support"
03-29 19:45:45.488 7617 7617 W libc : Access denied finding property "vendor.transsion.scroll_adjust.support"
03-29 19:45:45.488 7617 7617 E RecyclerView: No adapter attached; skipping layout
03-29 19:45:45.488 7617 7617 W libc : Access denied finding property "vendor.transsion.scroll_adjust.support"
03-29 19:45:45.488 7617 7617 W libc : Access denied finding property "vendor.transsion.scroll_adjust.support"
03-29 19:45:47.299 7617 7670 E SQLiteDatabase: Error inserting transferred=1 media_job_uuid=90c2e3f5-73f9-4894-b631-58fe3f20ccf5 transcoded=0 gif_attribution=0 first_scan_length=0 direct_path=/v/t62.7161- 24/383021718_407956931983485_7206933934351249974_n.enc?ccb=11- 4&oh=01_ASAV0qHjo_kG7Kh8qDL3z4BtXEWcEnihhwzE6vpFAYtoVw&oe=662DEB1C&_nc_sid=5e03e0 thumbnail_height_width_ratio=1.7857143 is_animated_sticker=0 file_hash=pH4e8O2x1Z4UJXy4IKSxx2tUDbowNwqXjpsckwxITDA= file_path=Media/.Statuses/4b7ab0c39df64ed09d4dcf31110e581c.mp4 file_size=177887 partial_media_hash=null face_x=0 face_y=0 height=848 trim_to=0 media_key_timestamp=1711700690000 message_url=https://mmg.whatsapp.net/v/t62.7161- 24/383021718_407956931983485_7206933934351249974_n.enc?ccb=11- 4&oh=01_ASAV0qHjo_kG7Kh8qDL3z4BtXEWcEnihhwzE6vpFAYtoVw&oe=662DEB1C&_nc_sid=5e03e0&m ms3=true media_caption=null trim_from=0 mime_type=video/mp4 partial_media_enc_hash=null width=480 original_file_hash=null has_streaming_sidecar=1 autotransfer_retry_enabled=1 media_upload_handle=null message_row_id=21 multicast_id=null enc_file_hash=tGJ/vGv2yserxC3bBqu2PpaG97ufLspsn+3EoSM4+P8= mute_video=0 page_count=0 first_scan_sidecar=null suspicious_content=0 file_length=177887 media_name=null media_duration=1 chat_row_id=2 media_key=[B@21f3114
03-29 19:45:47.299 7617 7670 E SQLiteDatabase: android.database.sqlite.SQLiteConstraintException: UNIQUE constraint failed: message_media.message_row_id (code 1555 SQLITE_CONSTRAINT_PRIMARYKEY)
03-29 19:45:47.299 7617 7670 E SQLiteDatabase: at android.database.sqlite.SQLiteConnection.nativeExecuteForLastInsertedRowId(Native Method)
03-29 19:45:47.299 7617 7670 E SQLiteDatabase: at android.database.sqlite.SQLiteConnection.executeForLastInsertedRowId(SQLiteConnecti on.java:961)
03-29 19:45:47.299 7617 7670 E SQLiteDatabase: at android.database.sqlite.SQLiteSession.executeForLastInsertedRowId(SQLiteSession.jav a:790)
03-29 19:45:47.299 7617 7670 E SQLiteDatabase: at android.database.sqlite.SQLiteStatement.executeInsert(SQLiteStatement.java:89)
03-29 19:45:47.299 7617 7670 E SQLiteDatabase: at android.database.sqlite.SQLiteDatabase.insertWithOnConflict(SQLiteDatabase.java:187 4)
03-29 19:45:47.299 7617 7670 E SQLiteDatabase: at android.database.sqlite.SQLiteDatabase.insert(SQLiteDatabase.java:1743)
03-29 19:45:47.299 7617 7670 E SQLiteDatabase: at X.2tm.A08(Unknown Source:6)
03-29 19:45:47.299 7617 7670 E SQLiteDatabase: at X.35Y.A07(Unknown Source:212)
03-29 19:45:47.299 7617 7670 E SQLiteDatabase: at X.3QF.A14(Unknown Source:470)
03-29 19:45:47.299 7617 7670 E SQLiteDatabase: at X.3gU.run(Unknown Source:982)
03-29 19:45:47.299 7617 7670 E SQLiteDatabase: at android.os.Handler.handleCallback(Handler.java:942)
03-29 19:45:47.299 7617 7670 E SQLiteDatabase: at android.os.Handler.dispatchMessage(Handler.java:99)
03-29 19:45:47.299 7617 7670 E SQLiteDatabase: at X.0zq.dispatchMessage(Unknown Source:4)
03-29 19:45:47.299 7617 7670 E SQLiteDatabase: at android.os.Looper.loopOnce(Looper.java:204)
03-29 19:45:47.299 7617 7670 E SQLiteDatabase: at android.os.Looper.loop(Looper.java:291)
03-29 19:45:47.299 7617 7670 E SQLiteDatabase: at android.os.HandlerThread.run(HandlerThread.java:67)
03-29 19:45:47.878 7617 7617 W libc : Access denied finding property "vendor.transsion.scroll_adjust.support"
03-29 19:45:47.878 7617 7617 W libc : Access denied finding property "vendor.transsion.scroll_adjust.support"
03-29 19:45:47.916 7617 7687 W Parcel : Expecting binder but got null!
03-29 19:45:47.938 7617 7670 E SQLiteDatabase: Error inserting transferred=1 media_job_uuid=49b1442a-cfdb-4672-8ef5-2ad8f58e4148 transcoded=0 gif_attribution=0 first_scan_length=7139 direct_path=/o1/v/t62.7118-24/f1/m235/up-oil-image-555fb6fb- 9215-48c9-96a2-f63dc01d7d59?ccb=9- 4&oh=01_ASD97Vo11IdJvQL6nktUqgmhqKMFb3Jm36rUUHw_mkCGsw&oe=662D8AC2&_nc_sid=000000 thumbnail_height_width_ratio=1.0 is_animated_sticker=0 file_hash=1pj3NnIDQO6OF4ol7/QKTS1UzHawwcGIwly9ePTVQQ8= file_path=Media/.Statuses/648783b9ed6d413ab06b619def46bdf0.jpg file_size=46854 partial_media_hash=LOZge9K6rMPNQ2K+mpcVJRL72+cdYnaN/exmsx9k5ts= face_x=0 face_y=0 height=960 trim_to=0 media_key_timestamp=1711677505000 message_url=https://mmg.whatsapp.net/o1/v/t62.7118-24/f1/m235/up-oil-image- 555fb6fb-9215-48c9-96a2-f63dc01d7d59?ccb=9- 4&oh=01_ASD97Vo11IdJvQL6nktUqgmhqKMFb3Jm36rUUHw_mkCGsw&oe=662D8AC2&_nc_sid=000000&m ms3=true media_caption=null trim_from=0 mime_type=image/jpeg partial_media_enc_hash=null width=960 original_file_hash=null has_streaming_sidecar=1 autotransfer_retry_enabled=1 media_upload_handle=null message_row_id=22 multicast_id=null enc_file_hash=yBxBsO+O4K+hq/3qfLVb3FXxhZozQb1VrTuZy+PDM0o= mute_video=0 page_count=0 first_scan_sidecar=[B@c8ffda4 suspicious_content=0 file_length=46854 media_name=null media_duration=0 chat_row_id=2 media_key=[B@96f270d
03-29 19:45:47.938 7617 7670 E SQLiteDatabase: android.database.sqlite.SQLiteConstraintException: UNIQUE constraint failed: message_media.message_row_id (code 1555 SQLITE_CONSTRAINT_PRIMARYKEY)
03-29 19:45:47.938 7617 7670 E SQLiteDatabase: at android.database.sqlite.SQLiteConnection.nativeExecuteForLastInsertedRowId(Native Method)
03-29 19:45:47.938 7617 7670 E SQLiteDatabase: at android.database.sqlite.SQLiteConnection.executeForLastInsertedRowId(SQLiteConnecti on.java:961)
03-29 19:45:47.938 7617 7670 E SQLiteDatabase: at android.database.sqlite.SQLiteSession.executeForLastInsertedRowId(SQLiteSession.jav a:790)
03-29 19:45:47.938 7617 7670 E SQLiteDatabase: at android.database.sqlite.SQLiteStatement.executeInsert(SQLiteStatement.java:89)
03-29 19:45:47.938 7617 7670 E SQLiteDatabase: at android.database.sqlite.SQLiteDatabase.insertWithOnConflict(SQLiteDatabase.java:187 4)
03-29 19:45:47.938 7617 7670 E SQLiteDatabase: at android.database.sqlite.SQLiteDatabase.insert(SQLiteDatabase.java:1743)
03-29 19:45:47.938 7617 7670 E SQLiteDatabase: at X.2tm.A08(Unknown Source:6)
03-29 19:45:47.938 7617 7670 E SQLiteDatabase: at X.35Y.A07(Unknown Source:212)
03-29 19:45:47.938 7617 7670 E SQLiteDatabase: at X.3QF.A14(Unknown Source:470)
03-29 19:45:47.938 7617 7670 E SQLiteDatabase: at X.3gU.run(Unknown Source:982)
03-29 19:45:47.938 7617 7670 E SQLiteDatabase: at android.os.Handler.handleCallback(Handler.java:942)
03-29 19:45:47.938 7617 7670 E SQLiteDatabase: at android.os.Handler.dispatchMessage(Handler.java:99)
03-29 19:45:47.938 7617 7670 E SQLiteDatabase: at X.0zq.dispatchMessage(Unknown Source:4)
03-29 19:45:47.938 7617 7670 E SQLiteDatabase: at android.os.Looper.loopOnce(Looper.java:204)
03-29 19:45:47.938 7617 7670 E SQLiteDatabase: at android.os.Looper.loop(Looper.java:291)
03-29 19:45:47.938 7617 7670 E SQLiteDatabase: at android.os.HandlerThread.run(HandlerThread.java:67)
03-29 19:46:31.579 7617 9197 E RenderScript: Failed loading RS driver: dlopen failed: library "libRSDriver_mtk.so" not found
03-29 19:46:31.579 7617 9197 E RenderScript: Failed to load runtime libRSDriver_mtk.so, loading default
03-29 19:46:31.603 7617 7617 W libc : Access denied finding property "vendor.transsion.scroll_adjust.support"
03-29 19:46:31.603 7617 7617 W libc : Access denied finding property "vendor.transsion.scroll_adjust.support"
03-29 19:46:31.640 7617 7617 W libc : Access denied finding property "vendor.transsion.scroll_adjust.support"
03-29 19:46:31.640 7617 7617 W libc : Access denied finding property "vendor.transsion.scroll_adjust.support"
03-29 19:46:31.665 7617 9210 W LOTTIE : Unknown shape type rd
03-29 19:46:31.731 7617 7617 E ArmVmp : Match on catch block at 0x0a in for 0x7ce60f4035
03-29 19:46:31.735 7617 7617 E ArmVmp : Match on catch block at 0x0a in for 0x7ce60f4035
03-29 19:46:31.760 7617 7617 E ArmVmp : Match on catch block at 0x0a in for 0x7ce60f4071
03-29 19:46:31.825 7617 7687 W Parcel : Expecting binder but got null!
03-29 19:46:32.006 7617 7617 E ArmVmp : Match on catch block at 0xc3 in for 0x7ce60f4021
03-29 19:46:32.008 7617 7617 E ArmVmp : Match on catch block at 0xc3 in for 0x7ce60f4021
03-29 19:46:32.054 7617 7687 W Parcel : Expecting binder but got null!
03-29 19:46:32.114 7617 7617 E ArmVmp : Match on catch block at 0xc3 in for 0x7ce60f4025
03-29 19:46:32.120 7617 7617 E ArmVmp : Match on catch block at 0xc3 in for 0x7ce60f4025
03-29 19:46:32.284 7617 7617 E ArmVmp : Match on catch block at 0xc3 in for 0x7ce60f4025
03-29 19:46:32.289 7617 7617 E ArmVmp : Match on catch block at 0xc3 in for 0x7ce60f4025
03-29 19:46:32.349 7617 7617 E ArmVmp : Match on catch block at 0xc3 in for 0x7ce60f4025
03-29 19:46:32.351 7617 7617 E ArmVmp : Match on catch block at 0xc3 in for 0x7ce60f4025
03-29 19:46:32.403 7617 7617 E ArmVmp : Match on catch block at 0xc3 in for 0x7ce60f4025
03-29 19:46:32.407 7617 7617 E ArmVmp : Match on catch block at 0xc3 in for 0x7ce60f4025
03-29 19:46:32.452 7617 7617 E ArmVmp : Match on catch block at 0xc3 in for 0x7ce60f4025
03-29 19:46:32.455 7617 7617 E ArmVmp : Match on catch block at 0xc3 in for 0x7ce60f4025
03-29 19:46:32.487 7617 7617 E ArmVmp : Match on catch block at 0xc3 in for 0x7ce60f4025
03-29 19:46:32.491 7617 7617 E ArmVmp : Match on catch block at 0xc3 in for 0x7ce60f4025
03-29 19:46:32.518 7617 7617 E ArmVmp : Match on catch block at 0xc3 in for 0x7ce60f4025
03-29 19:46:32.522 7617 7617 E ArmVmp : Match on catch block at 0xc3 in for 0x7ce60f4025
03-29 19:46:32.551 7617 7617 E ArmVmp : Match on catch block at 0xc3 in for 0x7ce60f4025
03-29 19:46:32.555 7617 7617 E ArmVmp : Match on catch block at 0xc3 in for 0x7ce60f4025
03-29 19:46:32.580 7617 7617 E ArmVmp : Match on catch block at 0xc3 in for 0x7ce60f4025
03-29 19:46:32.583 7617 7617 E ArmVmp : Match on catch block at 0xc3 in for 0x7ce60f4025
03-29 19:46:32.606 7617 7617 E ArmVmp : Match on catch block at 0xc3 in for 0x7ce60f4025
03-29 19:46:32.608 7617 7617 E ArmVmp : Match on catch block at 0xc3 in for 0x7ce60f4025
03-29 19:46:32.631 7617 7617 E ArmVmp : Match on catch block at 0xc3 in for 0x7ce60f4025
03-29 19:46:32.633 7617 7617 E ArmVmp : Match on catch block at 0xc3 in for 0x7ce60f4025
03-29 19:46:32.655 7617 7617 E ArmVmp : Match on catch block at 0xc3 in for 0x7ce60f4025
03-29 19:46:32.657 7617 7617 E ArmVmp : Match on catch block at 0xc3 in for 0x7ce60f4025
03-29 19:46:32.682 7617 7617 E ArmVmp : Match on catch block at 0xc3 in for 0x7ce60f4025
03-29 19:46:32.684 7617 7617 E ArmVmp : Match on catch block at 0xc3 in for 0x7ce60f4025
03-29 19:46:32.708 7617 7617 E ArmVmp : Match on catch block at 0xc3 in for 0x7ce60f4025
03-29 19:46:32.709 7617 7617 E ArmVmp : Match on catch block at 0xc3 in for 0x7ce60f4025
03-29 19:46:32.732 7617 7617 E ArmVmp : Match on catch block at 0xc3 in for 0x7ce60f4025
03-29 19:46:32.734 7617 7617 E ArmVmp : Match on catch block at 0xc3 in for 0x7ce60f4025
03-29 19:46:32.759 7617 7617 E ArmVmp : Match on catch block at 0xc3 in for 0x7ce60f4025
03-29 19:46:32.761 7617 7617 E ArmVmp : Match on catch block at 0xc3 in for 0x7ce60f4025
03-29 19:46:32.784 7617 7617 E ArmVmp : Match on catch block at 0xc3 in for 0x7ce60f4025
03-29 19:46:32.787 7617 7617 E ArmVmp : Match on catch block at 0xc3 in for 0x7ce60f4025
03-29 19:46:32.804 7617 7617 E ArmVmp : Match on catch block at 0x0a in for 0x7ce60f407d
03-29 19:46:32.834 7617 7617 E ArmVmp : Match on catch block at 0xc3 in for 0x7ce60f4025
03-29 19:46:32.836 7617 7617 E ArmVmp : Match on catch block at 0xc3 in for 0x7ce60f4025
03-29 19:46:32.862 7617 7687 W Parcel : Expecting binder but got null!
03-29 19:46:32.883 7617 7617 E ArmVmp : Match on catch block at 0xc3 in for 0x7ce60f4025
03-29 19:46:32.886 7617 7617 E ArmVmp : Match on catch block at 0xc3 in for 0x7ce60f4025
03-29 19:46:32.927 7617 7617 E ArmVmp : Match on catch block at 0xc3 in for 0x7ce60f4025
03-29 19:46:32.928 7617 7617 E ArmVmp : Match on catch block at 0xc3 in for 0x7ce60f4025
03-29 19:46:32.965 7617 7617 E ArmVmp : Match on catch block at 0xc3 in for 0x7ce60f4025
03-29 19:46:32.967 7617 7617 E ArmVmp : Match on catch block at 0xc3 in for 0x7ce60f4025
03-29 19:46:33.009 7617 7617 E ArmVmp : Match on catch block at 0xc3 in for 0x7ce60f4025
03-29 19:46:33.011 7617 7617 E ArmVmp : Match on catch block at 0xc3 in for 0x7ce60f4025
03-29 19:46:33.049 7617 7617 E ArmVmp : Match on catch block at 0xc3 in for 0x7ce60f4025
03-29 19:46:33.051 7617 7617 E ArmVmp : Match on catch block at 0xc3 in for 0x7ce60f4025
03-29 19:46:33.087 7617 7617 E ArmVmp : Match on catch block at 0xc3 in for 0x7ce60f4025
03-29 19:46:33.089 7617 7617 E ArmVmp : Match on catch block at 0xc3 in for 0x7ce60f4025
03-29 19:46:33.127 7617 7617 E ArmVmp : Match on catch block at 0xc3 in for 0x7ce60f4025
03-29 19:46:33.129 7617 7617 E ArmVmp : Match on catch block at 0xc3 in for 0x7ce60f4025
03-29 19:46:33.170 7617 7617 E ArmVmp : Match on catch block at 0xc3 in for 0x7ce60f4025
03-29 19:46:33.172 7617 7617 E ArmVmp : Match on catch block at 0xc3 in for 0x7ce60f4025
03-29 19:46:33.208 7617 7617 E ArmVmp : Match on catch block at 0xc3 in for 0x7ce60f4025
03-29 19:46:33.210 7617 7617 E ArmVmp : Match on catch block at 0xc3 in for 0x7ce60f4025
03-29 19:46:33.245 7617 7617 E ArmVmp : Match on catch block at 0xc3 in for 0x7ce60f4025
03-29 19:46:33.247 7617 7617 E ArmVmp : Match on catch block at 0xc3 in for 0x7ce60f4025
03-29 19:46:33.282 7617 7617 E ArmVmp : Match on catch block at 0xc3 in for 0x7ce60f4025
03-29 19:46:33.284 7617 7617 E ArmVmp : Match on catch block at 0xc3 in for 0x7ce60f4025
03-29 19:46:33.320 7617 7617 E ArmVmp : Match on catch block at 0xc3 in for 0x7ce60f4025
03-29 19:46:33.322 7617 7617 E ArmVmp : Match on catch block at 0xc3 in for 0x7ce60f4025
03-29 19:46:33.358 7617 7617 E ArmVmp : Match on catch block at 0xc3 in for 0x7ce60f4025
03-29 19:46:33.359 7617 7617 E ArmVmp : Match on catch block at 0xc3 in for 0x7ce60f4025
03-29 19:46:33.395 7617 7617 E ArmVmp : Match on catch block at 0xc3 in for 0x7ce60f4025
03-29 19:46:33.397 7617 7617 E ArmVmp : Match on catch block at 0xc3 in for 0x7ce60f4025
03-29 19:46:33.434 7617 7617 E ArmVmp : Match on catch block at 0xc3 in for 0x7ce60f4025
03-29 19:46:33.436 7617 7617 E ArmVmp : Match on catch block at 0xc3 in for 0x7ce60f4025
03-29 19:46:33.477 7617 7617 E ArmVmp : Match on catch block at 0xc3 in for 0x7ce60f4025
03-29 19:46:33.478 7617 7617 E ArmVmp : Match on catch block at 0xc3 in for 0x7ce60f4025
03-29 19:46:33.516 7617 7617 E ArmVmp : Match on catch block at 0xc3 in for 0x7ce60f4025
03-29 19:46:33.517 7617 7617 E ArmVmp : Match on catch block at 0xc3 in for 0x7ce60f4025
03-29 19:46:33.554 7617 7617 E ArmVmp : Match on catch block at 0xc3 in for 0x7ce60f4025
03-29 19:46:33.556 7617 7617 E ArmVmp : Match on catch block at 0xc3 in for 0x7ce60f4025
03-29 19:46:33.599 7617 7617 E ArmVmp : Match on catch block at 0xc3 in for 0x7ce60f4025
03-29 19:46:33.601 7617 7617 E ArmVmp : Match on catch block at 0xc3 in for 0x7ce60f4025
03-29 19:46:33.636 7617 7617 E ArmVmp : Match on catch block at 0xc3 in for 0x7ce60f4025
03-29 19:46:33.638 7617 7617 E ArmVmp : Match on catch block at 0xc3 in for 0x7ce60f4025
03-29 19:46:33.675 7617 7617 E ArmVmp : Match on catch block at 0xc3 in for 0x7ce60f4025
03-29 19:46:33.677 7617 7617 E ArmVmp : Match on catch block at 0xc3 in for 0x7ce60f4025
03-29 19:46:33.716 7617 7617 E ArmVmp : Match on catch block at 0xc3 in for 0x7ce60f4025
03-29 19:46:33.718 7617 7617 E ArmVmp : Match on catch block at 0xc3 in for 0x7ce60f4025
03-29 19:46:33.760 7617 7617 E ArmVmp : Match on catch block at 0xc3 in for 0x7ce60f4025
03-29 19:46:33.762 7617 7617 E ArmVmp : Match on catch block at 0xc3 in for 0x7ce60f4025
03-29 19:46:33.801 7617 7617 E ArmVmp : Match on catch block at 0xc3 in for 0x7ce60f4025
03-29 19:46:33.803 7617 7617 E ArmVmp : Match on catch block at 0xc3 in for 0x7ce60f4025
03-29 19:46:33.842 7617 7617 E ArmVmp : Match on catch block at 0xc3 in for 0x7ce60f4025
03-29 19:46:33.846 7617 7617 E ArmVmp : Match on catch block at 0xc3 in for 0x7ce60f4025
03-29 19:46:33.883 7617 7617 E ArmVmp : Match on catch block at 0xc3 in for 0x7ce60f4025
03-29 19:46:33.885 7617 7617 E ArmVmp : Match on catch block at 0xc3 in for 0x7ce60f4025
03-29 19:46:33.925 7617 7617 E ArmVmp : Match on catch block at 0xc3 in for 0x7ce60f4025
03-29 19:46:33.927 7617 7617 E ArmVmp : Match on catch block at 0xc3 in for 0x7ce60f4025
03-29 19:46:33.949 7617 7617 E RippleDrawable: The RippleDrawable.STYLE_PATTERNED animation is not supported for a non-hardware accelerated Canvas. Skipping animation.
03-29 19:46:33.968 7617 7617 E ArmVmp : Match on catch block at 0xc3 in for 0x7ce60f4025
03-29 19:46:33.970 7617 7617 E ArmVmp : Match on catch block at 0xc3 in for 0x7ce60f4025
03-29 19:46:33.986 7617 7617 E RippleDrawable: The RippleDrawable.STYLE_PATTERNED animation is not supported for a non-hardware accelerated Canvas. Skipping animation.
03-29 19:46:34.003 7617 7617 E ArmVmp : Match on catch block at 0xc3 in for 0x7ce60f4025
03-29 19:46:34.006 7617 7617 E ArmVmp : Match on catch block at 0xc3 in for 0x7ce60f4025
03-29 19:46:34.020 7617 7617 E RippleDrawable: The RippleDrawable.STYLE_PATTERNED animation is not supported for a non-hardware accelerated Canvas. Skipping animation.
03-29 19:46:34.027 7617 7617 E ArmVmp : Match on catch block at 0xc3 in for 0x7ce60f4025
03-29 19:46:34.029 7617 7617 E ArmVmp : Match on catch block at 0xc3 in for 0x7ce60f4025
03-29 19:46:34.057 7617 7617 E RippleDrawable: The RippleDrawable.STYLE_PATTERNED animation is not supported for a non-hardware accelerated Canvas. Skipping animation.
03-29 19:46:34.065 7617 7617 E ArmVmp : Match on catch block at 0xc3 in for 0x7ce60f4025
03-29 19:46:34.067 7617 7617 E ArmVmp : Match on catch block at 0xc3 in for 0x7ce60f4025
03-29 19:46:34.080 7617 7617 E RippleDrawable: The RippleDrawable.STYLE_PATTERNED animation is not supported for a non-hardware accelerated Canvas. Skipping animation.
03-29 19:46:34.113 7617 7617 E ArmVmp : Match on catch block at 0xc3 in for 0x7ce60f4025
03-29 19:46:34.115 7617 7617 E ArmVmp : Match on catch block at 0xc3 in for 0x7ce60f4025
03-29 19:46:34.130 7617 7617 E ArmVmp : Match on catch block at 0xc3 in for 0x7ce60f4025
03-29 19:46:34.134 7617 7617 E ArmVmp : Match on catch block at 0xc3 in for 0x7ce60f4025
03-29 19:46:34.147 7617 7617 E ArmVmp : Match on catch block at 0xc3 in for 0x7ce60f4025
03-29 19:46:34.148 7617 7617 E ArmVmp : Match on catch block at 0xc3 in for 0x7ce60f4025
03-29 19:46:34.162 7617 7617 E ArmVmp : Match on catch block at 0xc3 in for 0x7ce60f4025
03-29 19:46:34.165 7617 7617 E ArmVmp : Match on catch block at 0xc3 in for 0x7ce60f4025
03-29 19:46:34.180 7617 7617 E ArmVmp : Match on catch block at 0xc3 in for 0x7ce60f4025
03-29 19:46:34.182 7617 7617 E ArmVmp : Match on catch block at 0xc3 in for 0x7ce60f4025
03-29 19:46:34.198 7617 7617 E ArmVmp : Match on catch block at 0xc3 in for 0x7ce60f4025
03-29 19:46:34.200 7617 7617 E ArmVmp : Match on catch block at 0xc3 in for 0x7ce60f4025
