03-25 15:38:02.579 15222 15222 W libc : Access denied finding property "vendor.transsion.scroll_adjust.support"
03-25 15:38:02.596 15222 15322 W Parcel : Expecting binder but got null!
03-25 15:38:03.805 15222 15222 W InputEventReceiver: Attempted to finish an input event but the input event receiver has already been disposed.
03-25 15:38:05.217 15222 15322 W Parcel : Expecting binder but got null!
03-25 15:38:06.377 15222 15222 E RippleDrawable: The RippleDrawable.STYLE_PATTERNED animation is not supported for a non-hardware accelerated Canvas. Skipping animation.
03-25 15:38:06.379 15222 15222 E RippleDrawable: The RippleDrawable.STYLE_PATTERNED animation is not supported for a non-hardware accelerated Canvas. Skipping animation.
03-25 15:38:06.432 15222 15222 W libc : Access denied finding property "vendor.transsion.scroll_adjust.support"
03-25 15:38:06.432 15222 15222 W libc : Access denied finding property "vendor.transsion.scroll_adjust.support"
03-25 15:38:06.440 15222 15322 W Parcel : Expecting binder but got null!
03-25 15:41:43.399 15222 15222 W libc : Access denied finding property "vendor.transsion.scroll_adjust.support"
03-25 15:41:43.399 15222 15222 W libc : Access denied finding property "vendor.transsion.scroll_adjust.support"
03-25 15:41:43.409 15222 15222 W libc : Access denied finding property "vendor.transsion.scroll_adjust.support"
03-25 15:41:43.409 15222 15222 W libc : Access denied finding property "vendor.transsion.scroll_adjust.support"
03-25 15:41:43.494 15222 15322 W Parcel : Expecting binder but got null!
03-25 15:41:46.446 15222 15222 W libc : Access denied finding property "vendor.transsion.scroll_adjust.support"
03-25 15:41:46.446 15222 15222 W libc : Access denied finding property "vendor.transsion.scroll_adjust.support"
03-25 15:41:46.447 15222 15222 W libc : Access denied finding property "vendor.transsion.scroll_adjust.support"
03-25 15:41:52.075 15222 15222 W libc : Access denied finding property "vendor.transsion.scroll_adjust.support"
03-25 15:41:52.075 15222 15222 W libc : Access denied finding property "vendor.transsion.scroll_adjust.support"
03-25 15:41:52.113 15222 15222 W libc : Access denied finding property "vendor.transsion.scroll_adjust.support"
03-25 15:41:52.113 15222 15222 W libc : Access denied finding property "vendor.transsion.scroll_adjust.support"
03-25 15:41:52.143 15222 21607 W LOTTIE : Unknown shape type rd
03-25 15:41:52.202 15222 15222 E ArmVmp : Match on catch block at 0x0a in for 0x7faf123035
03-25 15:41:52.206 15222 15222 E ArmVmp : Match on catch block at 0x0a in for 0x7faf123035
03-25 15:41:52.226 15222 15222 E ArmVmp : Match on catch block at 0x0a in for 0x7faf123071
03-25 15:41:52.284 15222 15322 W Parcel : Expecting binder but got null!
03-25 15:41:52.330 15222 15222 E ArmVmp : Match on catch block at 0xc3 in for 0x7faf123021
03-25 15:41:52.331 15222 15222 E ArmVmp : Match on catch block at 0xc3 in for 0x7faf123021
03-25 15:41:52.361 15222 15322 W Parcel : Expecting binder but got null!
03-25 15:41:52.404 15222 15222 E ArmVmp : Match on catch block at 0xc3 in for 0x7faf123025
03-25 15:41:52.406 15222 15222 E ArmVmp : Match on catch block at 0xc3 in for 0x7faf123025
03-25 15:41:52.552 15222 15222 E ArmVmp : Match on catch block at 0xc3 in for 0x7faf123025
03-25 15:41:52.554 15222 15222 E ArmVmp : Match on catch block at 0xc3 in for 0x7faf123025
03-25 15:41:52.602 15222 15222 E ArmVmp : Match on catch block at 0xc3 in for 0x7faf123025
03-25 15:41:52.604 15222 15222 E ArmVmp : Match on catch block at 0xc3 in for 0x7faf123025
03-25 15:41:52.638 15222 15222 E ArmVmp : Match on catch block at 0xc3 in for 0x7faf123025
03-25 15:41:52.640 15222 15222 E ArmVmp : Match on catch block at 0xc3 in for 0x7faf123025
03-25 15:41:52.664 15222 15222 E ArmVmp : Match on catch block at 0xc3 in for 0x7faf123025
03-25 15:41:52.666 15222 15222 E ArmVmp : Match on catch block at 0xc3 in for 0x7faf123025
03-25 15:41:52.692 15222 15222 E ArmVmp : Match on catch block at 0xc3 in for 0x7faf123025
03-25 15:41:52.693 15222 15222 E ArmVmp : Match on catch block at 0xc3 in for 0x7faf123025
03-25 15:41:52.727 15222 15222 E ArmVmp : Match on catch block at 0xc3 in for 0x7faf123025
03-25 15:41:52.729 15222 15222 E ArmVmp : Match on catch block at 0xc3 in for 0x7faf123025
03-25 15:41:52.749 15222 15222 E ArmVmp : Match on catch block at 0xc3 in for 0x7faf123025
03-25 15:41:52.751 15222 15222 E ArmVmp : Match on catch block at 0xc3 in for 0x7faf123025
03-25 15:41:52.773 15222 15222 E ArmVmp : Match on catch block at 0xc3 in for 0x7faf123025
03-25 15:41:52.775 15222 15222 E ArmVmp : Match on catch block at 0xc3 in for 0x7faf123025
03-25 15:41:52.799 15222 15222 E ArmVmp : Match on catch block at 0xc3 in for 0x7faf123025
03-25 15:41:52.800 15222 15222 E ArmVmp : Match on catch block at 0xc3 in for 0x7faf123025
03-25 15:41:52.821 15222 15222 E ArmVmp : Match on catch block at 0xc3 in for 0x7faf123025
03-25 15:41:52.822 15222 15222 E ArmVmp : Match on catch block at 0xc3 in for 0x7faf123025
03-25 15:41:52.843 15222 15222 E ArmVmp : Match on catch block at 0xc3 in for 0x7faf123025
03-25 15:41:52.844 15222 15222 E ArmVmp : Match on catch block at 0xc3 in for 0x7faf123025
03-25 15:41:52.864 15222 15222 E ArmVmp : Match on catch block at 0xc3 in for 0x7faf123025
03-25 15:41:52.866 15222 15222 E ArmVmp : Match on catch block at 0xc3 in for 0x7faf123025
03-25 15:41:52.887 15222 15222 E ArmVmp : Match on catch block at 0xc3 in for 0x7faf123025
03-25 15:41:52.888 15222 15222 E ArmVmp : Match on catch block at 0xc3 in for 0x7faf123025
03-25 15:41:52.908 15222 15222 E ArmVmp : Match on catch block at 0xc3 in for 0x7faf123025
03-25 15:41:52.909 15222 15222 E ArmVmp : Match on catch block at 0xc3 in for 0x7faf123025
03-25 15:41:52.931 15222 15222 E ArmVmp : Match on catch block at 0xc3 in for 0x7faf123025
03-25 15:41:52.933 15222 15222 E ArmVmp : Match on catch block at 0xc3 in for 0x7faf123025
03-25 15:41:52.953 15222 15222 E ArmVmp : Match on catch block at 0xc3 in for 0x7faf123025
03-25 15:41:52.955 15222 15222 E ArmVmp : Match on catch block at 0xc3 in for 0x7faf123025
03-25 15:41:52.975 15222 15222 E ArmVmp : Match on catch block at 0xc3 in for 0x7faf123025
03-25 15:41:52.976 15222 15222 E ArmVmp : Match on catch block at 0xc3 in for 0x7faf123025
03-25 15:41:52.996 15222 15222 E ArmVmp : Match on catch block at 0xc3 in for 0x7faf123025
03-25 15:41:52.998 15222 15222 E ArmVmp : Match on catch block at 0xc3 in for 0x7faf123025
03-25 15:41:53.017 15222 15222 E ArmVmp : Match on catch block at 0xc3 in for 0x7faf123025
03-25 15:41:53.019 15222 15222 E ArmVmp : Match on catch block at 0xc3 in for 0x7faf123025
03-25 15:41:53.039 15222 15222 E ArmVmp : Match on catch block at 0xc3 in for 0x7faf123025
03-25 15:41:53.043 15222 15222 E ArmVmp : Match on catch block at 0xc3 in for 0x7faf123025
03-25 15:41:53.066 15222 15222 E ArmVmp : Match on catch block at 0xc3 in for 0x7faf123025
03-25 15:41:53.068 15222 15222 E ArmVmp : Match on catch block at 0xc3 in for 0x7faf123025
03-25 15:41:53.090 15222 15222 E ArmVmp : Match on catch block at 0xc3 in for 0x7faf123025
03-25 15:41:53.091 15222 15222 E ArmVmp : Match on catch block at 0xc3 in for 0x7faf123025
03-25 15:41:53.115 15222 15222 E ArmVmp : Match on catch block at 0xc3 in for 0x7faf123025
03-25 15:41:53.117 15222 15222 E ArmVmp : Match on catch block at 0xc3 in for 0x7faf123025
03-25 15:41:53.138 15222 15222 E ArmVmp : Match on catch block at 0xc3 in for 0x7faf123025
03-25 15:41:53.139 15222 15222 E ArmVmp : Match on catch block at 0xc3 in for 0x7faf123025
03-25 15:41:53.163 15222 15222 E ArmVmp : Match on catch block at 0xc3 in for 0x7faf123025
03-25 15:41:53.164 15222 15222 E ArmVmp : Match on catch block at 0xc3 in for 0x7faf123025
03-25 15:41:53.192 15222 15222 E ArmVmp : Match on catch block at 0xc3 in for 0x7faf123025
03-25 15:41:53.194 15222 15222 E ArmVmp : Match on catch block at 0xc3 in for 0x7faf123025
03-25 15:41:53.217 15222 15222 E ArmVmp : Match on catch block at 0xc3 in for 0x7faf123025
03-25 15:41:53.218 15222 15222 E ArmVmp : Match on catch block at 0xc3 in for 0x7faf123025
03-25 15:41:53.242 15222 15222 E ArmVmp : Match on catch block at 0xc3 in for 0x7faf123025
03-25 15:41:53.245 15222 15222 E ArmVmp : Match on catch block at 0xc3 in for 0x7faf123025
03-25 15:41:53.266 15222 15222 E ArmVmp : Match on catch block at 0xc3 in for 0x7faf123025
03-25 15:41:53.268 15222 15222 E ArmVmp : Match on catch block at 0xc3 in for 0x7faf123025
03-25 15:41:53.288 15222 15222 E ArmVmp : Match on catch block at 0xc3 in for 0x7faf123025
03-25 15:41:53.290 15222 15222 E ArmVmp : Match on catch block at 0xc3 in for 0x7faf123025
03-25 15:41:53.311 15222 15222 E ArmVmp : Match on catch block at 0xc3 in for 0x7faf123025
03-25 15:41:53.313 15222 15222 E ArmVmp : Match on catch block at 0xc3 in for 0x7faf123025
03-25 15:41:53.342 15222 15222 E ArmVmp : Match on catch block at 0xc3 in for 0x7faf123025
03-25 15:41:53.343 15222 15222 E ArmVmp : Match on catch block at 0xc3 in for 0x7faf123025
03-25 15:41:53.367 15222 15222 E ArmVmp : Match on catch block at 0xc3 in for 0x7faf123025
03-25 15:41:53.369 15222 15222 E ArmVmp : Match on catch block at 0xc3 in for 0x7faf123025
03-25 15:41:53.390 15222 15222 E ArmVmp : Match on catch block at 0xc3 in for 0x7faf123025
03-25 15:41:53.392 15222 15222 E ArmVmp : Match on catch block at 0xc3 in for 0x7faf123025
03-25 15:41:53.415 15222 15222 E ArmVmp : Match on catch block at 0xc3 in for 0x7faf123025
03-25 15:41:53.416 15222 15222 E ArmVmp : Match on catch block at 0xc3 in for 0x7faf123025
03-25 15:41:53.438 15222 15222 E ArmVmp : Match on catch block at 0xc3 in for 0x7faf123025
03-25 15:41:53.440 15222 15222 E ArmVmp : Match on catch block at 0xc3 in for 0x7faf123025
03-25 15:41:53.460 15222 15222 E ArmVmp : Match on catch block at 0xc3 in for 0x7faf123025
03-25 15:41:53.463 15222 15222 E ArmVmp : Match on catch block at 0xc3 in for 0x7faf123025
03-25 15:41:53.486 15222 15222 E ArmVmp : Match on catch block at 0xc3 in for 0x7faf123025
03-25 15:41:53.489 15222 15222 E ArmVmp : Match on catch block at 0xc3 in for 0x7faf123025
03-25 15:41:53.511 15222 15222 E ArmVmp : Match on catch block at 0xc3 in for 0x7faf123025
03-25 15:41:53.513 15222 15222 E ArmVmp : Match on catch block at 0xc3 in for 0x7faf123025
03-25 15:41:53.533 15222 15222 E ArmVmp : Match on catch block at 0xc3 in for 0x7faf123025
03-25 15:41:53.534 15222 15222 E ArmVmp : Match on catch block at 0xc3 in for 0x7faf123025
03-25 15:41:53.558 15222 15222 E ArmVmp : Match on catch block at 0xc3 in for 0x7faf123025
03-25 15:41:53.560 15222 15222 E ArmVmp : Match on catch block at 0xc3 in for 0x7faf123025
03-25 15:41:53.584 15222 15222 E ArmVmp : Match on catch block at 0xc3 in for 0x7faf123025
03-25 15:41:53.587 15222 15222 E ArmVmp : Match on catch block at 0xc3 in for 0x7faf123025
03-25 15:41:53.626 15222 15222 E ArmVmp : Match on catch block at 0xc3 in for 0x7faf123025
03-25 15:41:53.629 15222 15222 E ArmVmp : Match on catch block at 0xc3 in for 0x7faf123025
03-25 15:41:53.641 15222 15222 E RippleDrawable: The RippleDrawable.STYLE_PATTERNED animation is not supported for a non-hardware accelerated Canvas. Skipping animation.
03-25 15:41:53.661 15222 15222 E ArmVmp : Match on catch block at 0xc3 in for 0x7faf123025
03-25 15:41:53.663 15222 15222 E ArmVmp : Match on catch block at 0xc3 in for 0x7faf123025
03-25 15:41:53.673 15222 15222 E RippleDrawable: The RippleDrawable.STYLE_PATTERNED animation is not supported for a non-hardware accelerated Canvas. Skipping animation.
03-25 15:41:53.693 15222 15222 E ArmVmp : Match on catch block at 0xc3 in for 0x7faf123025
03-25 15:41:53.696 15222 15222 E ArmVmp : Match on catch block at 0xc3 in for 0x7faf123025
03-25 15:41:53.704 15222 15222 E RippleDrawable: The RippleDrawable.STYLE_PATTERNED animation is not supported for a non-hardware accelerated Canvas. Skipping animation.
03-25 15:41:53.725 15222 15222 E ArmVmp : Match on catch block at 0xc3 in for 0x7faf123025
03-25 15:41:53.727 15222 15222 E ArmVmp : Match on catch block at 0xc3 in for 0x7faf123025
03-25 15:41:53.732 15222 15222 E RippleDrawable: The RippleDrawable.STYLE_PATTERNED animation is not supported for a non-hardware accelerated Canvas. Skipping animation.
03-25 15:41:53.750 15222 15222 E ArmVmp : Match on catch block at 0xc3 in for 0x7faf123025
03-25 15:41:53.752 15222 15222 E ArmVmp : Match on catch block at 0xc3 in for 0x7faf123025
03-25 15:41:53.759 15222 15222 E RippleDrawable: The RippleDrawable.STYLE_PATTERNED animation is not supported for a non-hardware accelerated Canvas. Skipping animation.
03-25 15:41:53.777 15222 15222 E ArmVmp : Match on catch block at 0xc3 in for 0x7faf123025
03-25 15:41:53.779 15222 15222 E ArmVmp : Match on catch block at 0xc3 in for 0x7faf123025
03-25 15:41:53.809 15222 15222 E ArmVmp : Match on catch block at 0xc3 in for 0x7faf123025
03-25 15:41:53.811 15222 15222 E ArmVmp : Match on catch block at 0xc3 in for 0x7faf123025
03-25 15:41:53.816 15222 15222 E ArmVmp : Match on catch block at 0xc3 in for 0x7faf123025
03-25 15:41:53.818 15222 15222 E ArmVmp : Match on catch block at 0xc3 in for 0x7faf123025
03-25 15:41:53.833 15222 15222 E ArmVmp : Match on catch block at 0xc3 in for 0x7faf123025
03-25 15:41:53.834 15222 15222 E ArmVmp : Match on catch block at 0xc3 in for 0x7faf123025
03-25 15:41:53.857 15222 15222 E ArmVmp : Match on catch block at 0xc3 in for 0x7faf123025
03-25 15:41:53.859 15222 15222 E ArmVmp : Match on catch block at 0xc3 in for 0x7faf123025
03-25 15:41:53.869 15222 15222 E ArmVmp : Match on catch block at 0xc3 in for 0x7faf123025
03-25 15:41:53.873 15222 15222 E ArmVmp : Match on catch block at 0xc3 in for 0x7faf123025
03-25 15:41:53.886 15222 15222 E ArmVmp : Match on catch block at 0xc3 in for 0x7faf123025
03-25 15:41:53.888 15222 15222 E ArmVmp : Match on catch block at 0xc3 in for 0x7faf123025
03-25 15:41:53.904 15222 15222 E ArmVmp : Match on catch block at 0xc3 in for 0x7faf123025
03-25 15:41:53.907 15222 15222 E ArmVmp : Match on catch block at 0xc3 in for 0x7faf123025
03-25 15:41:53.922 15222 15222 E ArmVmp : Match on catch block at 0xc3 in for 0x7faf123025
03-25 15:41:53.924 15222 15222 E ArmVmp : Match on catch block at 0xc3 in for 0x7faf123025
03-25 15:41:53.941 15222 15222 E ArmVmp : Match on catch block at 0xc3 in for 0x7faf123025
03-25 15:41:53.942 15222 15222 E ArmVmp : Match on catch block at 0xc3 in for 0x7faf123025
03-25 15:41:53.957 15222 15222 E ArmVmp : Match on catch block at 0xc3 in for 0x7faf123025
03-25 15:41:53.959 15222 15222 E ArmVmp : Match on catch block at 0xc3 in for 0x7faf123025
03-25 15:41:53.974 15222 15222 E ArmVmp : Match on catch block at 0xc3 in for 0x7faf123025
03-25 15:41:53.976 15222 15222 E ArmVmp : Match on catch block at 0xc3 in for 0x7faf123025
03-25 15:41:53.992 15222 15222 E ArmVmp : Match on catch block at 0xc3 in for 0x7faf123025
03-25 15:41:53.994 15222 15222 E ArmVmp : Match on catch block at 0xc3 in for 0x7faf123025
03-25 15:41:54.010 15222 15222 E ArmVmp : Match on catch block at 0xc3 in for 0x7faf123025
03-25 15:41:54.012 15222 15222 E ArmVmp : Match on catch block at 0xc3 in for 0x7faf123025
03-25 15:41:54.028 15222 15222 E ArmVmp : Match on catch block at 0xc3 in for 0x7faf123025
03-25 15:41:54.029 15222 15222 E ArmVmp : Match on catch block at 0xc3 in for 0x7faf123025
03-25 15:41:54.048 15222 15222 E ArmVmp : Match on catch block at 0xc3 in for 0x7faf123025
03-25 15:41:54.049 15222 15222 E ArmVmp : Match on catch block at 0xc3 in for 0x7faf123025
03-25 15:41:54.064 15222 15222 E ArmVmp : Match on catch block at 0xc3 in for 0x7faf123025
03-25 15:41:54.065 15222 15222 E ArmVmp : Match on catch block at 0xc3 in for 0x7faf123025
03-25 15:41:54.081 15222 15222 E ArmVmp : Match on catch block at 0xc3 in for 0x7faf123025
03-25 15:41:54.083 15222 15222 E ArmVmp : Match on catch block at 0xc3 in for 0x7faf123025
03-25 15:41:54.099 15222 15222 E ArmVmp : Match on catch block at 0xc3 in for 0x7faf123025
03-25 15:41:54.101 15222 15222 E ArmVmp : Match on catch block at 0xc3 in for 0x7faf123025
03-25 15:41:54.349 15222 15222 E ArmVmp : Match on catch block at 0xc3 in for 0x7faf123025
03-25 15:41:54.352 15222 15222 E ArmVmp : Match on catch block at 0xc3 in for 0x7faf123025
03-25 15:41:54.634 15222 15222 E ArmVmp : Match on catch block at 0x0a in for 0x7faf12307d
03-25 15:41:54.680 15222 15322 W Parcel : Expecting binder but got null!
03-25 15:41:54.681 15222 15222 E ArmVmp : Match on catch block at 0xc3 in for 0x7faf123025
03-25 15:41:54.682 15222 15222 E ArmVmp : Match on catch block at 0xc3 in for 0x7faf123025
03-25 15:41:54.705 15222 15222 E ArmVmp : Match on catch block at 0xc3 in for 0x7faf123025
03-25 15:41:54.707 15222 15222 E ArmVmp : Match on catch block at 0xc3 in for 0x7faf123025
03-25 15:41:54.725 15222 15222 E ArmVmp : Match on catch block at 0xc3 in for 0x7faf123025
03-25 15:41:54.726 15222 15222 E ArmVmp : Match on catch block at 0xc3 in for 0x7faf123025
03-25 15:41:54.746 15222 15222 E ArmVmp : Match on catch block at 0xc3 in for 0x7faf123025
03-25 15:41:54.748 15222 15222 E ArmVmp : Match on catch block at 0xc3 in for 0x7faf123025
03-25 15:41:54.766 15222 15222 E ArmVmp : Match on catch block at 0xc3 in for 0x7faf123025
03-25 15:41:54.769 15222 15222 E ArmVmp : Match on catch block at 0xc3 in for 0x7faf123025
03-25 15:41:54.785 15222 15222 E ArmVmp : Match on catch block at 0xc3 in for 0x7faf123025
03-25 15:41:54.786 15222 15222 E ArmVmp : Match on catch block at 0xc3 in for 0x7faf123025
03-25 15:41:54.801 15222 15222 E ArmVmp : Match on catch block at 0xc3 in for 0x7faf123025
03-25 15:41:54.803 15222 15222 E ArmVmp : Match on catch block at 0xc3 in for 0x7faf123025
03-25 15:41:54.819 15222 15222 E ArmVmp : Match on catch block at 0xc3 in for 0x7faf123025
03-25 15:41:54.821 15222 15222 E ArmVmp : Match on catch block at 0xc3 in for 0x7faf123025
03-25 15:41:54.835 15222 15222 E ArmVmp : Match on catch block at 0xc3 in for 0x7faf123025
03-25 15:41:54.836 15222 15222 E ArmVmp : Match on catch block at 0xc3 in for 0x7faf123025
03-25 15:41:55.661 15222 15222 E ArmVmp : Match on catch block at 0xc3 in for 0x7faf123025
03-25 15:41:55.663 15222 15222 E ArmVmp : Match on catch block at 0xc3 in for 0x7faf123025
03-25 15:41:55.677 15222 15222 E ArmVmp : Match on catch block at 0xc3 in for 0x7faf123025
03-25 15:41:55.679 15222 15222 E ArmVmp : Match on catch block at 0xc3 in for 0x7faf123025
03-25 15:41:55.700 15222 15222 E ArmVmp : Match on catch block at 0xc3 in for 0x7faf123025
03-25 15:41:55.702 15222 15222 E ArmVmp : Match on catch block at 0xc3 in for 0x7faf123025
03-25 15:41:55.710 15222 15222 E ArmVmp : Match on catch block at 0xc3 in for 0x7faf123025
03-25 15:41:55.712 15222 15222 E ArmVmp : Match on catch block at 0xc3 in for 0x7faf123025
03-25 15:41:55.729 15222 15222 E ArmVmp : Match on catch block at 0xc3 in for 0x7faf123025
03-25 15:41:55.733 15222 15222 E ArmVmp : Match on catch block at 0xc3 in for 0x7faf123025
03-25 15:41:55.750 15222 15222 E RippleDrawable: The RippleDrawable.STYLE_PATTERNED animation is not supported for a non-hardware accelerated Canvas. Skipping animation.
03-25 15:41:55.753 15222 15222 E ArmVmp : Match on catch block at 0xc3 in for 0x7faf123025
03-25 15:41:55.755 15222 15222 E ArmVmp : Match on catch block at 0xc3 in for 0x7faf123025
03-25 15:41:55.767 15222 15222 E RippleDrawable: The RippleDrawable.STYLE_PATTERNED animation is not supported for a non-hardware accelerated Canvas. Skipping animation.
03-25 15:41:55.770 15222 15222 E ArmVmp : Match on catch block at 0xc3 in for 0x7faf123025
03-25 15:41:55.772 15222 15222 E ArmVmp : Match on catch block at 0xc3 in for 0x7faf123025
03-25 15:41:55.784 15222 15222 E RippleDrawable: The RippleDrawable.STYLE_PATTERNED animation is not supported for a non-hardware accelerated Canvas. Skipping animation.
03-25 15:41:55.786 15222 15222 E ArmVmp : Match on catch block at 0xc3 in for 0x7faf123025
03-25 15:41:55.788 15222 15222 E ArmVmp : Match on catch block at 0xc3 in for 0x7faf123025
03-25 15:41:55.799 15222 15222 E RippleDrawable: The RippleDrawable.STYLE_PATTERNED animation is not supported for a non-hardware accelerated Canvas. Skipping animation.
03-25 15:41:55.802 15222 15222 E ArmVmp : Match on catch block at 0xc3 in for 0x7faf123025
03-25 15:41:55.803 15222 15222 E ArmVmp : Match on catch block at 0xc3 in for 0x7faf123025
03-25 15:41:55.816 15222 15222 E RippleDrawable: The RippleDrawable.STYLE_PATTERNED animation is not supported for a non-hardware accelerated Canvas. Skipping animation.
03-25 15:41:55.819 15222 15222 E ArmVmp : Match on catch block at 0xc3 in for 0x7faf123025
03-25 15:41:55.821 15222 15222 E ArmVmp : Match on catch block at 0xc3 in for 0x7faf123025
03-25 15:41:55.837 15222 15222 E RippleDrawable: The RippleDrawable.STYLE_PATTERNED animation is not supported for a non-hardware accelerated Canvas. Skipping animation.
03-25 15:41:55.880 15222 15222 E ArmVmp : Match on catch block at 0xc3 in for 0x7faf123025
03-25 15:41:55.881 15222 15222 E ArmVmp : Match on catch block at 0xc3 in for 0x7faf123025
03-25 15:41:55.889 15222 15222 E ArmVmp : Match on catch block at 0xc3 in for 0x7faf123025
03-25 15:41:55.891 15222 15222 E ArmVmp : Match on catch block at 0xc3 in for 0x7faf123025
03-25 15:41:55.907 15222 15222 E ArmVmp : Match on catch block at 0xc3 in for 0x7faf123025
03-25 15:41:55.909 15222 15222 E ArmVmp : Match on catch block at 0xc3 in for 0x7faf123025
03-25 15:41:55.924 15222 15222 E ArmVmp : Match on catch block at 0xc3 in for 0x7faf123025
03-25 15:41:55.926 15222 15222 E ArmVmp : Match on catch block at 0xc3 in for 0x7faf123025
03-25 15:41:55.945 15222 15222 E ArmVmp : Match on catch block at 0xc3 in for 0x7faf123025
03-25 15:41:55.947 15222 15222 E ArmVmp : Match on catch block at 0xc3 in for 0x7faf123025
03-25 15:41:55.960 15222 15222 E ArmVmp : Match on catch block at 0xc3 in for 0x7faf123025
03-25 15:41:55.962 15222 15222 E ArmVmp : Match on catch block at 0xc3 in for 0x7faf123025
03-25 15:41:55.978 15222 15222 E ArmVmp : Match on catch block at 0xc3 in for 0x7faf123025
03-25 15:41:55.979 15222 15222 E ArmVmp : Match on catch block at 0xc3 in for 0x7faf123025
03-25 15:41:55.995 15222 15222 E ArmVmp : Match on catch block at 0xc3 in for 0x7faf123025
03-25 15:41:55.997 15222 15222 E ArmVmp : Match on catch block at 0xc3 in for 0x7faf123025
03-25 15:41:56.013 15222 15222 E ArmVmp : Match on catch block at 0xc3 in for 0x7faf123025
03-25 15:41:56.015 15222 15222 E ArmVmp : Match on catch block at 0xc3 in for 0x7faf123025
03-25 15:41:56.031 15222 15222 E ArmVmp : Match on catch block at 0xc3 in for 0x7faf123025
03-25 15:41:56.032 15222 15222 E ArmVmp : Match on catch block at 0xc3 in for 0x7faf123025
03-25 15:41:56.051 15222 15222 E ArmVmp : Match on catch block at 0xc3 in for 0x7faf123025
03-25 15:41:56.054 15222 15222 E ArmVmp : Match on catch block at 0xc3 in for 0x7faf123025
03-25 15:41:56.440 15222 15222 E ArmVmp : Match on catch block at 0xc3 in for 0x7faf123025
03-25 15:41:56.443 15222 15222 E ArmVmp : Match on catch block at 0xc3 in for 0x7faf123025
03-25 15:41:56.689 15222 15222 E ArmVmp : Match on catch block at 0xc3 in for 0x7faf123025
03-25 15:41:56.691 15222 15222 E ArmVmp : Match on catch block at 0xc3 in for 0x7faf123025
03-25 15:41:56.708 15222 15222 E ArmVmp : Match on catch block at 0xc3 in for 0x7faf123025
03-25 15:41:56.712 15222 15222 E ArmVmp : Match on catch block at 0xc3 in for 0x7faf123025
03-25 15:41:56.950 15222 15222 E ArmVmp : Match on catch block at 0xc3 in for 0x7faf123025
03-25 15:41:56.954 15222 15222 E ArmVmp : Match on catch block at 0xc3 in for 0x7faf123025
03-25 15:41:57.435 15222 15222 E ArmVmp : Match on catch block at 0xc3 in for 0x7faf123025
03-25 15:41:57.438 15222 15222 E ArmVmp : Match on catch block at 0xc3 in for 0x7faf123025
03-25 15:41:57.802 15222 15222 E ArmVmp : Match on catch block at 0xc3 in for 0x7faf123025
03-25 15:41:57.804 15222 15222 E ArmVmp : Match on catch block at 0xc3 in for 0x7faf123025
03-25 15:41:57.821 15222 15222 E ArmVmp : Match on catch block at 0xc3 in for 0x7faf123025
03-25 15:41:57.829 15222 15222 E ArmVmp : Match on catch block at 0xc3 in for 0x7faf123025
03-25 15:41:57.838 15222 15222 E ArmVmp : Match on catch block at 0xc3 in for 0x7faf123025
03-25 15:41:57.845 15222 15222 E ArmVmp : Match on catch block at 0xc3 in for 0x7faf123025
03-25 15:41:57.855 15222 15222 E ArmVmp : Match on catch block at 0xc3 in for 0x7faf123025
03-25 15:41:57.858 15222 15222 E ArmVmp : Match on catch block at 0xc3 in for 0x7faf123025
03-25 15:41:57.867 15222 15222 E ArmVmp : Match on catch block at 0xc3 in for 0x7faf123025
03-25 15:41:57.871 15222 15222 E ArmVmp : Match on catch block at 0xc3 in for 0x7faf123025
03-25 15:41:57.877 15222 15222 E ArmVmp : Match on catch block at 0xc3 in for 0x7faf123025
03-25 15:41:57.880 15222 15222 E ArmVmp : Match on catch block at 0xc3 in for 0x7faf123025
03-25 15:41:57.887 15222 15222 E ArmVmp : Match on catch block at 0xc3 in for 0x7faf123025
03-25 15:41:57.891 15222 15222 E ArmVmp : Match on catch block at 0xc3 in for 0x7faf123025
03-25 15:41:57.904 15222 15222 E ArmVmp : Match on catch block at 0xc3 in for 0x7faf123025
03-25 15:41:57.907 15222 15222 E ArmVmp : Match on catch block at 0xc3 in for 0x7faf123025
03-25 15:41:57.923 15222 15222 E ArmVmp : Match on catch block at 0xc3 in for 0x7faf123025
03-25 15:41:57.926 15222 15222 E ArmVmp : Match on catch block at 0xc3 in for 0x7faf123025
03-25 15:41:57.939 15222 15222 E ArmVmp : Match on catch block at 0xc3 in for 0x7faf123025
03-25 15:41:57.942 15222 15222 E ArmVmp : Match on catch block at 0xc3 in for 0x7faf123025
03-25 15:41:58.284 15222 15222 E ArmVmp : Match on catch block at 0xc3 in for 0x7faf123025
03-25 15:41:58.288 15222 15222 E ArmVmp : Match on catch block at 0xc3 in for 0x7faf123025
03-25 15:41:58.443 15222 15222 E ArmVmp : Match on catch block at 0xc3 in for 0x7faf123025
03-25 15:41:58.447 15222 15222 E ArmVmp : Match on catch block at 0xc3 in for 0x7faf123025
03-25 15:41:58.620 15222 15222 E ArmVmp : Match on catch block at 0xc3 in for 0x7faf123025
03-25 15:41:58.624 15222 15222 E ArmVmp : Match on catch block at 0xc3 in for 0x7faf123025
03-25 15:41:58.639 15222 15222 E ArmVmp : Match on catch block at 0xc3 in for 0x7faf123025
03-25 15:41:58.643 15222 15222 E ArmVmp : Match on catch block at 0xc3 in for 0x7faf123025
03-25 15:41:58.676 15222 15222 W os.MultipleLicesFactory: instance failed. Factory=com.transsion.activityembedding.ActivityEmbeddingLiceFactory from android.app.IActivityOptionsLice
03-25 15:41:58.680 15222 15222 E ArmVmp : Match on catch block at 0xc3 in for 0x7faf123025
03-25 15:41:58.682 15222 15222 E ArmVmp : Match on catch block at 0xc3 in for 0x7faf123025
03-25 15:41:58.687 15222 15322 E FrameEvents: updateAcquireFence: Did not find frame.
03-25 15:41:58.702 15222 15222 E ArmVmp : Match on catch block at 0xc3 in for 0x7faf123025
03-25 15:41:58.704 15222 15222 E ArmVmp : Match on catch block at 0xc3 in for 0x7faf123025
03-25 15:41:58.768 15222 15222 W libc : Access denied finding property "vendor.transsion.scroll_adjust.support"
03-25 15:41:58.768 15222 15222 W libc : Access denied finding property "vendor.transsion.scroll_adjust.support"
03-25 15:41:58.775 15222 15222 W ResourceType: Bad XML block: header size 18254 or total size 169478669 is larger than data size 380
03-25 15:41:58.777 15222 15222 W ResourceType: Bad XML block: header size 18254 or total size 169478669 is larger than data size 633
03-25 15:41:58.784 15222 15222 W ResourceType: Bad XML block: header size 18254 or total size 169478669 is larger than data size 677
03-25 15:41:58.786 15222 15222 W ResourceType: Bad XML block: header size 18254 or total size 169478669 is larger than data size 248
03-25 15:41:58.789 15222 15222 W ResourceType: Bad XML block: header size 18254 or total size 169478669 is larger than data size 571
03-25 15:41:58.793 15222 15222 W ResourceType: Bad XML block: header size 18254 or total size 169478669 is larger than data size 333
03-25 15:41:58.794 15222 15222 W ResourceType: Bad XML block: header size 18254 or total size 169478669 is larger than data size 650
03-25 15:41:58.797 15222 15222 W ResourceType: Bad XML block: header size 18254 or total size 169478669 is larger than data size 1150
03-25 15:41:58.799 15222 15222 W ResourceType: Bad XML block: header size 18254 or total size 169478669 is larger than data size 491
03-25 15:41:58.802 15222 15222 W ResourceType: Bad XML block: header size 18254 or total size 169478669 is larger than data size 1150
03-25 15:41:58.805 15222 15222 W ResourceType: Bad XML block: header size 18254 or total size 169478669 is larger than data size 659
03-25 15:41:58.807 15222 15222 W ResourceType: Bad XML block: header size 18254 or total size 169478669 is larger than data size 593
03-25 15:41:58.811 15222 15222 W ResourceType: Bad XML block: header size 18254 or total size 169478669 is larger than data size 1171
03-25 15:41:58.813 15222 15222 W ResourceType: Bad XML block: header size 18254 or total size 169478669 is larger than data size 510
03-25 15:41:58.838 15222 15222 W ResourceType: Bad XML block: header size 18254 or total size 169478669 is larger than data size 853
03-25 15:41:58.872 15222 15222 W ResourceType: Bad XML block: header size 18254 or total size 169478669 is larger than data size 650
03-25 15:41:58.884 15222 15222 E ArmVmp : Match on catch block at 0xc3 in for 0x7faf123025
03-25 15:41:58.886 15222 15222 E ArmVmp : Match on catch block at 0xc3 in for 0x7faf123025
03-25 15:41:58.909 15222 15222 W View : requestLayout() improperly called by com.mbwhatsapp.wds.components.actiontile.WDSActionTile{38c7af VFE...C.. ......ID 12,36-996,249 #7f0b00af app:id/action_search_chat} during layout: running second layout pass
03-25 15:41:58.920 15222 15222 E ArmVmp : Match on catch block at 0xc3 in for 0x7faf123025
03-25 15:41:58.921 15222 15222 E ArmVmp : Match on catch block at 0xc3 in for 0x7faf123025
03-25 15:41:58.937 15222 15222 E ArmVmp : Match on catch block at 0xc3 in for 0x7faf123025
03-25 15:41:58.939 15222 15222 E ArmVmp : Match on catch block at 0xc3 in for 0x7faf123025
03-25 15:41:58.991 15222 15322 W Parcel : Expecting binder but got null!
03-25 15:41:58.992 15222 15222 E ArmVmp : Match on catch block at 0xc3 in for 0x7faf123025
03-25 15:41:58.994 15222 15222 E ArmVmp : Match on catch block at 0xc3 in for 0x7faf123025
03-25 15:41:58.999 15222 15222 E ArmVmp : Match on catch block at 0xc3 in for 0x7faf123025
03-25 15:41:59.000 15222 15222 E ArmVmp : Match on catch block at 0xc3 in for 0x7faf123025
03-25 15:41:59.009 15222 15222 E ArmVmp : Match on catch block at 0xc3 in for 0x7faf123025
03-25 15:41:59.011 15222 15222 E ArmVmp : Match on catch block at 0xc3 in for 0x7faf123025
03-25 15:41:59.026 15222 15222 E ArmVmp : Match on catch block at 0xc3 in for 0x7faf123025
03-25 15:41:59.028 15222 15222 E ArmVmp : Match on catch block at 0xc3 in for 0x7faf123025
03-25 15:41:59.098 15222 15222 E ArmVmp : Match on catch block at 0xc3 in for 0x7faf123025
03-25 15:41:59.101 15222 15222 E ArmVmp : Match on catch block at 0xc3 in for 0x7faf123025 --------- beginning of system
03-25 15:41:59.199 15222 15222 W VRI[ContactInfoActivity]: Dropping event (paused for transition):MotionEvent { action=ACTION_DOWN, actionButton=0, id[0]=0, x[0]=627.0, y[0]=193.0, toolType[0]=TOOL_TYPE_FINGER, buttonState=0, classification=NONE, metaState=0, flags=0x0, edgeFlags=0x0, pointerCount=1, historySize=0, eventTime=36794433, downTime=36794433, deviceId=3, source=0x1002, displayId=0, eventId=919363706 }
03-25 15:41:59.267 15222 15222 E ArmVmp : Match on catch block at 0xc3 in for 0x7faf123025
03-25 15:41:59.270 15222 15222 E ArmVmp : Match on catch block at 0xc3 in for 0x7faf123025
03-25 15:42:00.792 15222 15322 W Parcel : Expecting binder but got null!
03-25 15:42:01.949 15222 15222 W libc : Access denied finding property "vendor.transsion.scroll_adjust.support"
03-25 15:42:01.950 15222 15222 W libc : Access denied finding property "vendor.transsion.scroll_adjust.support"
03-25 15:42:02.099 15222 15222 W libc : Access denied finding property "vendor.transsion.scroll_adjust.support"
03-25 15:42:02.100 15222 15222 W libc : Access denied finding property "vendor.transsion.scroll_adjust.support"
03-25 15:42:02.117 15222 15322 W Parcel : Expecting binder but got null!
03-25 15:42:02.123 15222 15222 W BottomSheetBehavior: BottomSheetBehavior now supports multiple callbacks. `setBottomSheetCallback()` removes all existing callbacks, including ones set internally by library authors, which may result in unintended behavior. This may change in the future. Please use `addBottomSheetCallback()` and `removeBottomSheetCallback()` instead to set your own callbacks.
03-25 15:42:08.868 15222 15322 W Parcel : Expecting binder but got null!
03-25 15:42:10.018 15222 15222 W libc : Access denied finding property "vendor.transsion.scroll_adjust.support"
03-25 15:42:10.019 15222 15222 W libc : Access denied finding property "vendor.transsion.scroll_adjust.support"
03-25 15:42:10.196 15222 15222 W libc : Access denied finding property "vendor.transsion.scroll_adjust.support"
03-25 15:42:10.196 15222 15222 W libc : Access denied finding property "vendor.transsion.scroll_adjust.support"
03-25 15:42:10.212 15222 15322 W Parcel : Expecting binder but got null!
03-25 15:42:10.220 15222 15222 W BottomSheetBehavior: BottomSheetBehavior now supports multiple callbacks. `setBottomSheetCallback()` removes all existing callbacks, including ones set internally by library authors, which may result in unintended behavior. This may change in the future. Please use `addBottomSheetCallback()` and `removeBottomSheetCallback()` instead to set your own callbacks.
03-25 15:42:14.035 15222 15222 E ArmVmp : Match on catch block at 0x0a in for 0x7faf123035
03-25 15:42:14.039 15222 15222 E ArmVmp : Match on catch block at 0x0a in for 0x7faf123035
03-25 15:42:14.071 15222 15222 E ArmVmp : Match on catch block at 0xc3 in for 0x7faf123025
03-25 15:42:14.074 15222 15222 E ArmVmp : Match on catch block at 0xc3 in for 0x7faf123025
03-25 15:42:14.078 15222 15322 E FrameEvents: updateAcquireFence: Did not find frame.
03-25 15:42:14.082 15222 15222 E ArmVmp : Match on catch block at 0xc3 in for 0x7faf123025
03-25 15:42:14.083 15222 15222 E ArmVmp : Match on catch block at 0xc3 in for 0x7faf123025
03-25 15:42:14.102 15222 15222 E ArmVmp : Match on catch block at 0xc3 in for 0x7faf123025
03-25 15:42:14.104 15222 15222 E ArmVmp : Match on catch block at 0xc3 in for 0x7faf123025
03-25 15:42:14.427 15222 15222 E ArmVmp : Match on catch block at 0xc3 in for 0x7faf123025
03-25 15:42:14.430 15222 15222 E ArmVmp : Match on catch block at 0xc3 in for 0x7faf123025
03-25 15:42:14.446 15222 15222 E ArmVmp : Match on catch block at 0xc3 in for 0x7faf123025
03-25 15:42:14.448 15222 15222 E ArmVmp : Match on catch block at 0xc3 in for 0x7faf123025
03-25 15:42:14.462 15222 15222 E ArmVmp : Match on catch block at 0xc3 in for 0x7faf123025
03-25 15:42:14.465 15222 15222 E ArmVmp : Match on catch block at 0xc3 in for 0x7faf123025
03-25 15:42:14.582 15222 15222 E ArmVmp : Match on catch block at 0xc3 in for 0x7faf123025
03-25 15:42:14.584 15222 15222 E ArmVmp : Match on catch block at 0xc3 in for 0x7faf123025
03-25 15:42:14.602 15222 15222 E ArmVmp : Match on catch block at 0xc3 in for 0x7faf123025
03-25 15:42:14.603 15222 15222 E ArmVmp : Match on catch block at 0xc3 in for 0x7faf123025
03-25 15:42:14.622 15222 15222 E ArmVmp : Match on catch block at 0xc3 in for 0x7faf123025
03-25 15:42:14.623 15222 15222 E ArmVmp : Match on catch block at 0xc3 in for 0x7faf123025
03-25 15:42:14.640 15222 15222 E ArmVmp : Match on catch block at 0xc3 in for 0x7faf123025
03-25 15:42:14.642 15222 15222 E ArmVmp : Match on catch block at 0xc3 in for 0x7faf123025
03-25 15:42:14.658 15222 15222 E ArmVmp : Match on catch block at 0xc3 in for 0x7faf123025
03-25 15:42:14.661 15222 15222 E ArmVmp : Match on catch block at 0xc3 in for 0x7faf123025
03-25 15:42:14.676 15222 15222 E ArmVmp : Match on catch block at 0xc3 in for 0x7faf123025
03-25 15:42:14.678 15222 15222 E ArmVmp : Match on catch block at 0xc3 in for 0x7faf123025
03-25 15:42:14.693 15222 15222 E ArmVmp : Match on catch block at 0xc3 in for 0x7faf123025
03-25 15:42:14.696 15222 15222 E ArmVmp : Match on catch block at 0xc3 in for 0x7faf123025
03-25 15:42:14.712 15222 15222 E ArmVmp : Match on catch block at 0xc3 in for 0x7faf123025
03-25 15:42:14.714 15222 15222 E ArmVmp : Match on catch block at 0xc3 in for 0x7faf123025
03-25 15:42:14.769 15222 15222 E ArmVmp : Match on catch block at 0xc3 in for 0x7faf123025
03-25 15:42:14.772 15222 15222 E ArmVmp : Match on catch block at 0xc3 in for 0x7faf123025
03-25 15:42:14.783 15222 15222 E ArmVmp : Match on catch block at 0xc3 in for 0x7faf123025
03-25 15:42:14.785 15222 15222 E ArmVmp : Match on catch block at 0xc3 in for 0x7faf123025
03-25 15:42:14.800 15222 15222 E ArmVmp : Match on catch block at 0xc3 in for 0x7faf123025
03-25 15:42:14.802 15222 15222 E ArmVmp : Match on catch block at 0xc3 in for 0x7faf123025
03-25 15:42:14.818 15222 15222 E ArmVmp : Match on catch block at 0xc3 in for 0x7faf123025
03-25 15:42:14.820 15222 15222 E ArmVmp : Match on catch block at 0xc3 in for 0x7faf123025
03-25 15:42:14.835 15222 15222 E ArmVmp : Match on catch block at 0xc3 in for 0x7faf123025
03-25 15:42:14.837 15222 15222 E ArmVmp : Match on catch block at 0xc3 in for 0x7faf123025
03-25 15:42:14.853 15222 15222 E ArmVmp : Match on catch block at 0xc3 in for 0x7faf123025
03-25 15:42:14.855 15222 15222 E ArmVmp : Match on catch block at 0xc3 in for 0x7faf123025
03-25 15:42:14.870 15222 15222 E ArmVmp : Match on catch block at 0xc3 in for 0x7faf123025
03-25 15:42:14.873 15222 15222 E ArmVmp : Match on catch block at 0xc3 in for 0x7faf123025
03-25 15:42:14.888 15222 15222 E ArmVmp : Match on catch block at 0xc3 in for 0x7faf123025
03-25 15:42:14.890 15222 15222 E ArmVmp : Match on catch block at 0xc3 in for 0x7faf123025
03-25 15:42:14.906 15222 15222 E ArmVmp : Match on catch block at 0xc3 in for 0x7faf123025
03-25 15:42:14.909 15222 15222 E ArmVmp : Match on catch block at 0xc3 in for 0x7faf123025
03-25 15:42:14.924 15222 15222 E ArmVmp : Match on catch block at 0xc3 in for 0x7faf123025
03-25 15:42:14.926 15222 15222 E ArmVmp : Match on catch block at 0xc3 in for 0x7faf123025
03-25 15:42:14.942 15222 15222 E ArmVmp : Match on catch block at 0xc3 in for 0x7faf123025
03-25 15:42:14.944 15222 15222 E ArmVmp : Match on catch block at 0xc3 in for 0x7faf123025
03-25 15:42:14.960 15222 15222 E ArmVmp : Match on catch block at 0xc3 in for 0x7faf123025
03-25 15:42:14.962 15222 15222 E ArmVmp : Match on catch block at 0xc3 in for 0x7faf123025
03-25 15:42:14.977 15222 15222 E ArmVmp : Match on catch block at 0xc3 in for 0x7faf123025
03-25 15:42:14.979 15222 15222 E ArmVmp : Match on catch block at 0xc3 in for 0x7faf123025
03-25 15:42:14.995 15222 15222 E ArmVmp : Match on catch block at 0xc3 in for 0x7faf123025
03-25 15:42:14.997 15222 15222 E ArmVmp : Match on catch block at 0xc3 in for 0x7faf123025
03-25 15:42:15.012 15222 15222 E ArmVmp : Match on catch block at 0xc3 in for 0x7faf123025
03-25 15:42:15.015 15222 15222 E ArmVmp : Match on catch block at 0xc3 in for 0x7faf123025
03-25 15:42:15.030 15222 15222 E ArmVmp : Match on catch block at 0xc3 in for 0x7faf123025
03-25 15:42:15.032 15222 15222 E ArmVmp : Match on catch block at 0xc3 in for 0x7faf123025
03-25 15:42:15.048 15222 15222 E ArmVmp : Match on catch block at 0xc3 in for 0x7faf123025
03-25 15:42:15.050 15222 15222 E ArmVmp : Match on catch block at 0xc3 in for 0x7faf123025
03-25 15:42:15.065 15222 15222 E ArmVmp : Match on catch block at 0xc3 in for 0x7faf123025
03-25 15:42:15.068 15222 15222 E ArmVmp : Match on catch block at 0xc3 in for 0x7faf123025
03-25 15:42:15.083 15222 15222 E ArmVmp : Match on catch block at 0xc3 in for 0x7faf123025
03-25 15:42:15.086 15222 15222 E ArmVmp : Match on catch block at 0xc3 in for 0x7faf123025
03-25 15:42:15.102 15222 15222 E ArmVmp : Match on catch block at 0xc3 in for 0x7faf123025
03-25 15:42:15.104 15222 15222 E ArmVmp : Match on catch block at 0xc3 in for 0x7faf123025
03-25 15:42:15.119 15222 15222 E ArmVmp : Match on catch block at 0xc3 in for 0x7faf123025
03-25 15:42:15.121 15222 15222 E ArmVmp : Match on catch block at 0xc3 in for 0x7faf123025
03-25 15:42:15.137 15222 15222 E ArmVmp : Match on catch block at 0xc3 in for 0x7faf123025
03-25 15:42:15.139 15222 15222 E ArmVmp : Match on catch block at 0xc3 in for 0x7faf123025
03-25 15:42:15.155 15222 15222 E ArmVmp : Match on catch block at 0xc3 in for 0x7faf123025
03-25 15:42:15.157 15222 15222 E ArmVmp : Match on catch block at 0xc3 in for 0x7faf123025
03-25 15:42:15.173 15222 15222 E ArmVmp : Match on catch block at 0xc3 in for 0x7faf123025
03-25 15:42:15.176 15222 15222 E ArmVmp : Match on catch block at 0xc3 in for 0x7faf123025
03-25 15:42:15.190 15222 15222 E ArmVmp : Match on catch block at 0xc3 in for 0x7faf123025
03-25 15:42:15.193 15222 15222 E ArmVmp : Match on catch block at 0xc3 in for 0x7faf123025
03-25 15:42:15.208 15222 15222 E ArmVmp : Match on catch block at 0xc3 in for 0x7faf123025
03-25 15:42:15.211 15222 15222 E ArmVmp : Match on catch block at 0xc3 in for 0x7faf123025
03-25 15:42:15.226 15222 15222 E ArmVmp : Match on catch block at 0xc3 in for 0x7faf123025
03-25 15:42:15.228 15222 15222 E ArmVmp : Match on catch block at 0xc3 in for 0x7faf123025
03-25 15:42:15.611 15222 15222 E ArmVmp : Match on catch block at 0xc3 in for 0x7faf123025
03-25 15:42:15.612 15222 15222 E ArmVmp : Match on catch block at 0xc3 in for 0x7faf123025
03-25 15:42:15.749 15222 15222 E ArmVmp : Match on catch block at 0xc3 in for 0x7faf123025
03-25 15:42:15.751 15222 15222 E ArmVmp : Match on catch block at 0xc3 in for 0x7faf123025
03-25 15:42:15.778 15222 15222 E ArmVmp : Match on catch block at 0xc3 in for 0x7faf123025
03-25 15:42:15.781 15222 15222 E ArmVmp : Match on catch block at 0xc3 in for 0x7faf123025
03-25 15:42:34.258 15222 15322 W Parcel : Expecting binder but got null!
03-25 15:42:35.771 15222 15222 E RippleDrawable: The RippleDrawable.STYLE_PATTERNED animation is not supported for a non-hardware accelerated Canvas. Skipping animation.
03-25 15:42:35.773 15222 15222 E RippleDrawable: The RippleDrawable.STYLE_PATTERNED animation is not supported for a non-hardware accelerated Canvas. Skipping animation.
03-25 15:42:35.887 15222 15222 W libc : Access denied finding property "vendor.transsion.scroll_adjust.support"
03-25 15:42:35.887 15222 15222 W libc : Access denied finding property "vendor.transsion.scroll_adjust.support"
03-25 15:42:35.894 15222 15322 W Parcel : Expecting binder but got null!
03-25 15:42:37.627 15222 15222 W InputEventReceiver: Attempted to finish an input event but the input event receiver has already been disposed.
03-25 15:42:38.814 15222 15322 W Parcel : Expecting binder but got null!
03-25 15:42:39.407 15222 15222 E RippleDrawable: The RippleDrawable.STYLE_PATTERNED animation is not supported for a non-hardware accelerated Canvas. Skipping animation.
03-25 15:42:39.410 15222 15222 E RippleDrawable: The RippleDrawable.STYLE_PATTERNED animation is not supported for a non-hardware accelerated Canvas. Skipping animation.
03-25 15:42:39.467 15222 15222 W InputEventReceiver: Attempted to finish an input event but the input event receiver has already been disposed.
03-25 15:42:39.468 15222 15222 W VRI[PopupWindow:1ee521b]: Dropping event due to root view being removed: MotionEvent { action=ACTION_DOWN, actionButton=0, id[0]=0, x[0]=286.0, y[0]=129.0, toolType[0]=TOOL_TYPE_FINGER, buttonState=0, classification=NONE, metaState=0, flags=0x0, edgeFlags=0x0, pointerCount=1, historySize=0, eventTime=36834667, downTime=36834667, deviceId=3, source=0x1002, displayId=0, eventId=448715669 }
03-25 15:42:39.468 15222 15222 W InputEventReceiver: Attempted to finish an input event but the input event receiver has already been disposed.
03-25 15:42:39.522 15222 15222 W libc : Access denied finding property "vendor.transsion.scroll_adjust.support"
03-25 15:42:39.522 15222 15222 W libc : Access denied finding property "vendor.transsion.scroll_adjust.support"
03-25 15:42:39.530 15222 15322 W Parcel : Expecting binder but got null!
03-25 15:42:40.317 15222 15222 W InputEventReceiver: Attempted to finish an input event but the input event receiver has already been disposed.
03-25 15:42:41.105 15222 15322 W Parcel : Expecting binder but got null!
03-25 15:42:42.012 15222 15222 E RippleDrawable: The RippleDrawable.STYLE_PATTERNED animation is not supported for a non-hardware accelerated Canvas. Skipping animation.
03-25 15:42:42.014 15222 15222 E RippleDrawable: The RippleDrawable.STYLE_PATTERNED animation is not supported for a non-hardware accelerated Canvas. Skipping animation.
03-25 15:42:42.076 15222 15222 W InputEventReceiver: Attempted to finish an input event but the input event receiver has already been disposed.
03-25 15:42:42.130 15222 15222 W libc : Access denied finding property "vendor.transsion.scroll_adjust.support"
03-25 15:42:42.130 15222 15222 W libc : Access denied finding property "vendor.transsion.scroll_adjust.support"
03-25 15:42:42.138 15222 15322 W Parcel : Expecting binder but got null!
03-25 15:42:43.861 15222 15322 W Parcel : Expecting binder but got null!
03-25 15:42:44.574 15222 15222 W InputEventReceiver: Attempted to finish an input event but the input event receiver has already been disposed.
03-25 15:42:44.608 15222 15222 W libc : Access denied finding property "vendor.transsion.scroll_adjust.support"
03-25 15:42:44.608 15222 15222 W libc : Access denied finding property "vendor.transsion.scroll_adjust.support"
03-25 15:42:44.615 15222 15222 W libc : Access denied finding property "vendor.transsion.scroll_adjust.support"
03-25 15:42:44.615 15222 15222 W libc : Access denied finding property "vendor.transsion.scroll_adjust.support"
03-25 15:42:44.799 15222 15322 W Parcel : Expecting binder but got null!
03-25 15:42:51.273 15222 15222 W libc : Access denied finding property "vendor.transsion.scroll_adjust.support"
03-25 15:42:51.273 15222 15222 W libc : Access denied finding property "vendor.transsion.scroll_adjust.support"
03-25 15:42:51.283 15222 15222 W libc : Access denied finding property "vendor.transsion.scroll_adjust.support"
03-25 15:42:51.283 15222 15222 W libc : Access denied finding property "vendor.transsion.scroll_adjust.support"
03-25 15:42:51.525 15222 15322 W Parcel : Expecting binder but got null!
03-25 15:43:20.782 15222 15222 W libc : Access denied finding property "vendor.transsion.scroll_adjust.support"
03-25 15:43:20.782 15222 15222 W libc : Access denied finding property "vendor.transsion.scroll_adjust.support"
03-25 15:43:20.783 15222 15222 W libc : Access denied finding property "vendor.transsion.scroll_adjust.support"
03-25 15:43:20.783 15222 15222 W libc : Access denied finding property "vendor.transsion.scroll_adjust.support"
03-25 15:43:20.825 15222 15322 W Parcel : Expecting binder but got null!
03-25 15:43:29.742 15222 15222 E ArmVmp : Match on catch block at 0x0a in for 0x7faf12303d
03-25 15:43:29.745 15222 15222 W libc : Access denied finding property "vendor.transsion.scroll_adjust.support"
03-25 15:43:29.745 15222 15222 W libc : Access denied finding property "vendor.transsion.scroll_adjust.support"
03-25 15:43:29.750 15222 15222 E ArmVmp : Match on catch block at 0x22 in for 0x7faf12302d
03-25 15:43:29.835 15222 15222 E ArmVmp : Match on catch block at 0x0a in for 0x7faf123031
03-25 15:43:29.840 15222 15222 E BitmapFactory: Unable to decode stream: java.io.FileNotFoundException: /data/user/0/com.mbwhatsapp/files/me.jpg: open failed: ENOENT (No such file or directory)
03-25 15:43:29.858 15222 15222 E ArmVmp : Match on catch block at 0x0a in for 0x7faf123035
03-25 15:43:29.899 15222 15222 E ArmVmp : Match on catch block at 0xc3 in for 0x7faf123021
03-25 15:43:29.902 15222 15222 E ArmVmp : Match on catch block at 0xc3 in for 0x7faf123021
03-25 15:43:29.904 15222 15222 E ArmVmp : Match on catch block at 0xc3 in for 0x7faf123021
03-25 15:43:29.906 15222 15222 E ArmVmp : Match on catch block at 0xc3 in for 0x7faf123021
03-25 15:43:29.908 15222 15222 E ArmVmp : Match on catch block at 0xc3 in for 0x7faf123021
03-25 15:43:29.909 15222 15222 E ArmVmp : Match on catch block at 0xc3 in for 0x7faf123021
03-25 15:43:29.910 15222 15222 E ArmVmp : Match on catch block at 0xc3 in for 0x7faf123021
03-25 15:43:29.953 15222 15322 W Parcel : Expecting binder but got null!
03-25 15:43:29.954 15222 15222 E ArmVmp : Match on catch block at 0xc3 in for 0x7faf123025
03-25 15:43:29.957 15222 15222 E ArmVmp : Match on catch block at 0xc3 in for 0x7faf123025
03-25 15:43:29.958 15222 15222 E ArmVmp : Match on catch block at 0xc3 in for 0x7faf123025
03-25 15:43:29.960 15222 15222 E ArmVmp : Match on catch block at 0xc3 in for 0x7faf123025
03-25 15:43:29.961 15222 15222 E ArmVmp : Match on catch block at 0xc3 in for 0x7faf123025
03-25 15:43:29.963 15222 15222 E ArmVmp : Match on catch block at 0xc3 in for 0x7faf123025
03-25 15:43:29.964 15222 15222 E ArmVmp : Match on catch block at 0xc3 in for 0x7faf123025
03-25 15:43:29.976 15222 15222 E ArmVmp : Match on catch block at 0xc3 in for 0x7faf123025
03-25 15:43:29.979 15222 15222 E ArmVmp : Match on catch block at 0xc3 in for 0x7faf123025
03-25 15:43:29.980 15222 15222 E ArmVmp : Match on catch block at 0xc3 in for 0x7faf123025
03-25 15:43:29.981 15222 15222 E ArmVmp : Match on catch block at 0xc3 in for 0x7faf123025
03-25 15:43:29.982 15222 15222 E ArmVmp : Match on catch block at 0xc3 in for 0x7faf123025
03-25 15:43:29.983 15222 15222 E ArmVmp : Match on catch block at 0xc3 in for 0x7faf123025
03-25 15:43:29.984 15222 15222 E ArmVmp : Match on catch block at 0xc3 in for 0x7faf123025
03-25 15:43:30.003 15222 15222 E ArmVmp : Match on catch block at 0xc3 in for 0x7faf123025
03-25 15:43:30.006 15222 15222 E ArmVmp : Match on catch block at 0xc3 in for 0x7faf123025
