03-25 16:09:45.987 2443 2443 E ArmVmp : Match on catch block at 0xc3 in for 0x7faf123025
03-25 16:09:45.990 2443 2443 E ArmVmp : Match on catch block at 0xc3 in for 0x7faf123025
03-25 16:09:46.007 2443 2443 E ArmVmp : Match on catch block at 0xc3 in for 0x7faf123025
03-25 16:09:46.009 2443 2443 E ArmVmp : Match on catch block at 0xc3 in for 0x7faf123025
03-25 16:09:46.023 2443 2443 E ArmVmp : Match on catch block at 0xc3 in for 0x7faf123025
03-25 16:09:46.026 2443 2443 E ArmVmp : Match on catch block at 0xc3 in for 0x7faf123025
03-25 16:09:46.040 2443 2443 E ArmVmp : Match on catch block at 0xc3 in for 0x7faf123025
03-25 16:09:46.043 2443 2443 E ArmVmp : Match on catch block at 0xc3 in for 0x7faf123025
03-25 16:09:46.058 2443 2443 E ArmVmp : Match on catch block at 0xc3 in for 0x7faf123025
03-25 16:09:46.060 2443 2443 E ArmVmp : Match on catch block at 0xc3 in for 0x7faf123025
03-25 16:09:46.077 2443 2443 E ArmVmp : Match on catch block at 0xc3 in for 0x7faf123025
03-25 16:09:46.079 2443 2443 E ArmVmp : Match on catch block at 0xc3 in for 0x7faf123025
03-25 16:09:46.094 2443 2443 E ArmVmp : Match on catch block at 0xc3 in for 0x7faf123025
03-25 16:09:46.097 2443 2443 E ArmVmp : Match on catch block at 0xc3 in for 0x7faf123025
03-25 16:09:46.111 2443 2443 E ArmVmp : Match on catch block at 0xc3 in for 0x7faf123025
03-25 16:09:46.113 2443 2443 E ArmVmp : Match on catch block at 0xc3 in for 0x7faf123025
03-25 16:09:46.129 2443 2443 E ArmVmp : Match on catch block at 0xc3 in for 0x7faf123025
03-25 16:09:46.131 2443 2443 E ArmVmp : Match on catch block at 0xc3 in for 0x7faf123025
03-25 16:09:46.148 2443 2443 E ArmVmp : Match on catch block at 0xc3 in for 0x7faf123025
03-25 16:09:46.151 2443 2443 E ArmVmp : Match on catch block at 0xc3 in for 0x7faf123025
03-25 16:09:46.165 2443 2443 E ArmVmp : Match on catch block at 0xc3 in for 0x7faf123025
03-25 16:09:46.168 2443 2443 E ArmVmp : Match on catch block at 0xc3 in for 0x7faf123025
03-25 16:09:46.182 2443 2443 E ArmVmp : Match on catch block at 0xc3 in for 0x7faf123025
03-25 16:09:46.184 2443 2443 E ArmVmp : Match on catch block at 0xc3 in for 0x7faf123025
03-25 16:09:46.199 2443 2443 E ArmVmp : Match on catch block at 0xc3 in for 0x7faf123025
03-25 16:09:46.201 2443 2443 E ArmVmp : Match on catch block at 0xc3 in for 0x7faf123025
03-25 16:09:46.218 2443 2443 E ArmVmp : Match on catch block at 0xc3 in for 0x7faf123025
03-25 16:09:46.221 2443 2443 E ArmVmp : Match on catch block at 0xc3 in for 0x7faf123025
03-25 16:09:46.236 2443 2443 E ArmVmp : Match on catch block at 0xc3 in for 0x7faf123025
03-25 16:09:46.240 2443 2443 E ArmVmp : Match on catch block at 0xc3 in for 0x7faf123025
03-25 16:09:46.253 2443 2443 E ArmVmp : Match on catch block at 0xc3 in for 0x7faf123025
03-25 16:09:46.256 2443 2443 E ArmVmp : Match on catch block at 0xc3 in for 0x7faf123025
03-25 16:09:46.307 2443 2443 E ArmVmp : Match on catch block at 0xc3 in for 0x7faf123025
03-25 16:09:46.310 2443 2443 E ArmVmp : Match on catch block at 0xc3 in for 0x7faf123025
03-25 16:09:46.324 2443 2443 E ArmVmp : Match on catch block at 0xc3 in for 0x7faf123025
03-25 16:09:46.326 2443 2443 E ArmVmp : Match on catch block at 0xc3 in for 0x7faf123025
03-25 16:09:46.342 2443 2443 E ArmVmp : Match on catch block at 0xc3 in for 0x7faf123025
03-25 16:09:46.344 2443 2443 E ArmVmp : Match on catch block at 0xc3 in for 0x7faf123025
03-25 16:09:46.360 2443 2443 E ArmVmp : Match on catch block at 0xc3 in for 0x7faf123025
03-25 16:09:46.362 2443 2443 E ArmVmp : Match on catch block at 0xc3 in for 0x7faf123025
03-25 16:09:46.377 2443 2443 E ArmVmp : Match on catch block at 0xc3 in for 0x7faf123025
03-25 16:09:46.380 2443 2443 E ArmVmp : Match on catch block at 0xc3 in for 0x7faf123025
03-25 16:09:46.395 2443 2443 E ArmVmp : Match on catch block at 0xc3 in for 0x7faf123025
03-25 16:09:46.398 2443 2443 E ArmVmp : Match on catch block at 0xc3 in for 0x7faf123025
03-25 16:09:46.413 2443 2443 E ArmVmp : Match on catch block at 0xc3 in for 0x7faf123025
03-25 16:09:46.415 2443 2443 E ArmVmp : Match on catch block at 0xc3 in for 0x7faf123025
03-25 16:09:46.431 2443 2443 E ArmVmp : Match on catch block at 0xc3 in for 0x7faf123025
03-25 16:09:46.433 2443 2443 E ArmVmp : Match on catch block at 0xc3 in for 0x7faf123025
03-25 16:09:46.448 2443 2443 E ArmVmp : Match on catch block at 0xc3 in for 0x7faf123025
03-25 16:09:46.452 2443 2443 E ArmVmp : Match on catch block at 0xc3 in for 0x7faf123025
03-25 16:09:46.467 2443 2443 E ArmVmp : Match on catch block at 0xc3 in for 0x7faf123025
03-25 16:09:46.471 2443 2443 E ArmVmp : Match on catch block at 0xc3 in for 0x7faf123025
03-25 16:09:46.484 2443 2443 E ArmVmp : Match on catch block at 0xc3 in for 0x7faf123025
03-25 16:09:46.488 2443 2443 E ArmVmp : Match on catch block at 0xc3 in for 0x7faf123025
03-25 16:09:46.502 2443 2443 E ArmVmp : Match on catch block at 0xc3 in for 0x7faf123025
03-25 16:09:46.507 2443 2443 E ArmVmp : Match on catch block at 0xc3 in for 0x7faf123025
03-25 16:09:46.520 2443 2443 E ArmVmp : Match on catch block at 0xc3 in for 0x7faf123025
03-25 16:09:46.524 2443 2443 E ArmVmp : Match on catch block at 0xc3 in for 0x7faf123025
03-25 16:09:46.537 2443 2443 E ArmVmp : Match on catch block at 0xc3 in for 0x7faf123025
03-25 16:09:46.539 2443 2443 E ArmVmp : Match on catch block at 0xc3 in for 0x7faf123025
03-25 16:09:46.555 2443 2443 E ArmVmp : Match on catch block at 0xc3 in for 0x7faf123025
03-25 16:09:46.559 2443 2443 E ArmVmp : Match on catch block at 0xc3 in for 0x7faf123025
03-25 16:09:46.573 2443 2443 E ArmVmp : Match on catch block at 0xc3 in for 0x7faf123025
03-25 16:09:46.576 2443 2443 E ArmVmp : Match on catch block at 0xc3 in for 0x7faf123025
03-25 16:09:46.591 2443 2443 E ArmVmp : Match on catch block at 0xc3 in for 0x7faf123025
03-25 16:09:46.595 2443 2443 E ArmVmp : Match on catch block at 0xc3 in for 0x7faf123025
03-25 16:09:46.806 2443 2443 E ArmVmp : Match on catch block at 0xc3 in for 0x7faf123025
03-25 16:09:46.810 2443 2443 E ArmVmp : Match on catch block at 0xc3 in for 0x7faf123025
03-25 16:09:46.823 2443 2443 E ArmVmp : Match on catch block at 0xc3 in for 0x7faf123025
03-25 16:09:46.825 2443 2443 E ArmVmp : Match on catch block at 0xc3 in for 0x7faf123025
03-25 16:09:46.839 2443 2443 E ArmVmp : Match on catch block at 0xc3 in for 0x7faf123025
03-25 16:09:46.841 2443 2443 E ArmVmp : Match on catch block at 0xc3 in for 0x7faf123025
03-25 16:09:46.857 2443 2443 E ArmVmp : Match on catch block at 0xc3 in for 0x7faf123025
03-25 16:09:46.860 2443 2443 E ArmVmp : Match on catch block at 0xc3 in for 0x7faf123025
03-25 16:09:46.877 2443 2443 E ArmVmp : Match on catch block at 0xc3 in for 0x7faf123025
03-25 16:09:46.880 2443 2443 E ArmVmp : Match on catch block at 0xc3 in for 0x7faf123025
03-25 16:09:46.895 2443 2443 E ArmVmp : Match on catch block at 0xc3 in for 0x7faf123025
03-25 16:09:46.897 2443 2443 E ArmVmp : Match on catch block at 0xc3 in for 0x7faf123025
03-25 16:09:46.910 2443 2443 E ArmVmp : Match on catch block at 0xc3 in for 0x7faf123025
03-25 16:09:46.913 2443 2443 E ArmVmp : Match on catch block at 0xc3 in for 0x7faf123025
03-25 16:09:47.016 2443 2443 E ArmVmp : Match on catch block at 0xc3 in for 0x7faf123025
03-25 16:09:47.021 2443 2443 E ArmVmp : Match on catch block at 0xc3 in for 0x7faf123025
03-25 16:09:47.037 2443 2443 E ArmVmp : Match on catch block at 0xc3 in for 0x7faf123025
03-25 16:09:47.041 2443 2443 E ArmVmp : Match on catch block at 0xc3 in for 0x7faf123025
03-25 16:09:47.052 2443 2443 E ArmVmp : Match on catch block at 0xc3 in for 0x7faf123025
03-25 16:09:47.056 2443 2443 E ArmVmp : Match on catch block at 0xc3 in for 0x7faf123025
03-25 16:09:47.072 2443 2443 E ArmVmp : Match on catch block at 0xc3 in for 0x7faf123025
03-25 16:09:47.076 2443 2443 E ArmVmp : Match on catch block at 0xc3 in for 0x7faf123025
03-25 16:09:47.088 2443 2443 E ArmVmp : Match on catch block at 0xc3 in for 0x7faf123025
03-25 16:09:47.090 2443 2443 E ArmVmp : Match on catch block at 0xc3 in for 0x7faf123025
03-25 16:09:47.106 2443 2443 E ArmVmp : Match on catch block at 0xc3 in for 0x7faf123025
03-25 16:09:47.109 2443 2443 E ArmVmp : Match on catch block at 0xc3 in for 0x7faf123025
03-25 16:09:47.123 2443 2443 E ArmVmp : Match on catch block at 0xc3 in for 0x7faf123025
03-25 16:09:47.128 2443 2443 E ArmVmp : Match on catch block at 0xc3 in for 0x7faf123025
03-25 16:09:47.143 2443 2443 E ArmVmp : Match on catch block at 0xc3 in for 0x7faf123025
03-25 16:09:47.146 2443 2443 E ArmVmp : Match on catch block at 0xc3 in for 0x7faf123025
03-25 16:09:47.161 2443 2443 E ArmVmp : Match on catch block at 0xc3 in for 0x7faf123025
03-25 16:09:47.165 2443 2443 E ArmVmp : Match on catch block at 0xc3 in for 0x7faf123025
03-25 16:09:47.180 2443 2443 E ArmVmp : Match on catch block at 0xc3 in for 0x7faf123025
03-25 16:09:47.183 2443 2443 E ArmVmp : Match on catch block at 0xc3 in for 0x7faf123025
03-25 16:09:47.196 2443 2443 E ArmVmp : Match on catch block at 0xc3 in for 0x7faf123025
03-25 16:09:47.201 2443 2443 E ArmVmp : Match on catch block at 0xc3 in for 0x7faf123025
03-25 16:09:47.215 2443 2443 E ArmVmp : Match on catch block at 0xc3 in for 0x7faf123025
03-25 16:09:47.220 2443 2443 E ArmVmp : Match on catch block at 0xc3 in for 0x7faf123025
03-25 16:09:47.231 2443 2443 E ArmVmp : Match on catch block at 0xc3 in for 0x7faf123025
03-25 16:09:47.234 2443 2443 E ArmVmp : Match on catch block at 0xc3 in for 0x7faf123025
03-25 16:09:49.255 2443 2443 E ArmVmp : Match on catch block at 0xc3 in for 0x7faf123025
03-25 16:09:49.266 2443 2443 E ArmVmp : Match on catch block at 0xc3 in for 0x7faf123025
03-25 16:09:49.289 2443 2443 E ArmVmp : Match on catch block at 0xc3 in for 0x7faf123025
03-25 16:09:49.296 2443 2443 E ArmVmp : Match on catch block at 0xc3 in for 0x7faf123025
03-25 16:09:49.326 2443 2443 E ArmVmp : Match on catch block at 0xc3 in for 0x7faf123025
03-25 16:09:49.333 2443 2443 E ArmVmp : Match on catch block at 0xc3 in for 0x7faf123025
03-25 16:09:49.419 2443 2443 E ArmVmp : Match on catch block at 0xc3 in for 0x7faf123025
03-25 16:09:49.442 2443 2443 E ArmVmp : Match on catch block at 0xc3 in for 0x7faf123025
03-25 16:10:21.368 2443 2443 W libc : Access denied finding property "vendor.transsion.scroll_adjust.support"
03-25 16:10:21.368 2443 2443 W libc : Access denied finding property "vendor.transsion.scroll_adjust.support"
03-25 16:10:21.401 2443 2443 W libc : Access denied finding property "vendor.transsion.scroll_adjust.support"
03-25 16:10:21.401 2443 2443 W libc : Access denied finding property "vendor.transsion.scroll_adjust.support"
03-25 16:10:21.516 2443 2443 E ArmVmp : Match on catch block at 0x0a in for 0x7faf123035
03-25 16:10:21.519 2443 2443 E ArmVmp : Match on catch block at 0x0a in for 0x7faf123035
03-25 16:10:21.701 2443 2443 E ArmVmp : Match on catch block at 0xc3 in for 0x7faf123021
03-25 16:10:21.705 2443 2443 E ArmVmp : Match on catch block at 0xc3 in for 0x7faf123021
03-25 16:10:21.707 2443 2443 E ArmVmp : Match on catch block at 0xc3 in for 0x7faf123021
03-25 16:10:21.738 2443 2559 W Parcel : Expecting binder but got null!
03-25 16:10:21.747 2443 2443 E ArmVmp : Match on catch block at 0xc3 in for 0x7faf123025
03-25 16:10:21.750 2443 2443 E ArmVmp : Match on catch block at 0xc3 in for 0x7faf123025
03-25 16:10:21.751 2443 2443 E ArmVmp : Match on catch block at 0xc3 in for 0x7faf123025
03-25 16:10:21.756 2443 2540 E SQLiteDatabase: Error inserting transferred=1 media_job_uuid=2d462a70-5d24-4c75-b882-07e0136dd2c5 transcoded=0 gif_attribution=0 first_scan_length=0 direct_path=/v/t62.15575- 24/40709695_789996306380117_825913627277371857_n.enc?ccb=11- 4&oh=01_AdS5KtIxyZc8IIaBwdw70qYfByIna3qW_J4aNGankugfRg&oe=662934CD&_nc_sid=5e03e0 thumbnail_height_width_ratio=1.0 is_animated_sticker=0 file_hash=bgmnlHT53x62TFbZmwiN2/pqYzJsedz8cLax0wWiY8c= file_path=Media/MBWhatsApp Stickers/STK-20240325-WA0014.webp file_size=86688 partial_media_hash=null face_x=0 face_y=0 height=64 trim_to=0 media_key_timestamp=1711397417000 message_url=https://mmg.whatsapp.net/v/t62.15575- 24/40709695_789996306380117_825913627277371857_n.enc?ccb=11- 4&oh=01_AdS5KtIxyZc8IIaBwdw70qYfByIna3qW_J4aNGankugfRg&oe=662934CD&_nc_sid=5e03e0&m ms3=true media_caption=null trim_from=0 mime_type=image/webp partial_media_enc_hash=null width=64 original_file_hash=null has_streaming_sidecar=0 autotransfer_retry_enabled=1 media_upload_handle=null message_row_id=32 multicast_id=null enc_file_hash=uTqu+dBipJ50sR7Q41ZydN1BVBBHuC0R7OEZsX066AI= mute_video=0 page_count=0 first_scan_sidecar=null suspicious_content=0 file_length=86688 media_name=null media_duration=0 chat_row_id=3 media_key=[B@b7e3c0d
03-25 16:10:21.756 2443 2540 E SQLiteDatabase: android.database.sqlite.SQLiteConstraintException: UNIQUE constraint failed: message_media.message_row_id (code 1555 SQLITE_CONSTRAINT_PRIMARYKEY)
03-25 16:10:21.756 2443 2540 E SQLiteDatabase: at android.database.sqlite.SQLiteConnection.nativeExecuteForLastInsertedRowId(Native Method)
03-25 16:10:21.756 2443 2540 E SQLiteDatabase: at android.database.sqlite.SQLiteConnection.executeForLastInsertedRowId(SQLiteConnecti on.java:961)
03-25 16:10:21.756 2443 2540 E SQLiteDatabase: at android.database.sqlite.SQLiteSession.executeForLastInsertedRowId(SQLiteSession.jav a:790)
03-25 16:10:21.756 2443 2540 E SQLiteDatabase: at android.database.sqlite.SQLiteStatement.executeInsert(SQLiteStatement.java:89)
03-25 16:10:21.756 2443 2540 E SQLiteDatabase: at android.database.sqlite.SQLiteDatabase.insertWithOnConflict(SQLiteDatabase.java:187 4)
03-25 16:10:21.756 2443 2540 E SQLiteDatabase: at android.database.sqlite.SQLiteDatabase.insert(SQLiteDatabase.java:1743)
03-25 16:10:21.756 2443 2540 E SQLiteDatabase: at X.2tm.A08(Unknown Source:6)
03-25 16:10:21.756 2443 2540 E SQLiteDatabase: at X.35Y.A07(Unknown Source:212)
03-25 16:10:21.756 2443 2540 E SQLiteDatabase: at X.3QF.A14(Unknown Source:470)
03-25 16:10:21.756 2443 2540 E SQLiteDatabase: at X.3gU.run(Unknown Source:982)
03-25 16:10:21.756 2443 2540 E SQLiteDatabase: at android.os.Handler.handleCallback(Handler.java:942)
03-25 16:10:21.756 2443 2540 E SQLiteDatabase: at android.os.Handler.dispatchMessage(Handler.java:99)
03-25 16:10:21.756 2443 2540 E SQLiteDatabase: at X.0zq.dispatchMessage(Unknown Source:4)
03-25 16:10:21.756 2443 2540 E SQLiteDatabase: at android.os.Looper.loopOnce(Looper.java:204)
03-25 16:10:21.756 2443 2540 E SQLiteDatabase: at android.os.Looper.loop(Looper.java:291)
03-25 16:10:21.756 2443 2540 E SQLiteDatabase: at android.os.HandlerThread.run(HandlerThread.java:67)
03-25 16:10:21.758 2443 2443 E ArmVmp : Match on catch block at 0xc3 in for 0x7faf123025
03-25 16:10:21.761 2443 2443 E ArmVmp : Match on catch block at 0xc3 in for 0x7faf123025
03-25 16:10:21.764 2443 2443 E ArmVmp : Match on catch block at 0xc3 in for 0x7faf123025
03-25 16:10:21.796 2443 2443 E ArmVmp : Match on catch block at 0xc3 in for 0x7faf123025
03-25 16:10:21.799 2443 2443 E ArmVmp : Match on catch block at 0xc3 in for 0x7faf123025
03-25 16:10:21.800 2443 2443 E ArmVmp : Match on catch block at 0xc3 in for 0x7faf123025
03-25 16:10:21.838 2443 2443 E ArmVmp : Match on catch block at 0xc3 in for 0x7faf123025
03-25 16:10:21.841 2443 2443 E ArmVmp : Match on catch block at 0xc3 in for 0x7faf123025
03-25 16:10:21.842 2443 2443 E ArmVmp : Match on catch block at 0xc3 in for 0x7faf123025
03-25 16:10:21.858 2443 2443 E ArmVmp : Match on catch block at 0xc3 in for 0x7faf123025
03-25 16:10:21.860 2443 2443 E ArmVmp : Match on catch block at 0xc3 in for 0x7faf123025
03-25 16:10:21.862 2443 2443 E ArmVmp : Match on catch block at 0xc3 in for 0x7faf123025
03-25 16:10:21.868 2443 2443 E ArmVmp : Match on catch block at 0xc3 in for 0x7faf123025
03-25 16:10:21.870 2443 2443 E ArmVmp : Match on catch block at 0xc3 in for 0x7faf123025
03-25 16:10:21.872 2443 2443 E ArmVmp : Match on catch block at 0xc3 in for 0x7faf123025
03-25 16:10:21.880 2443 2443 E ArmVmp : Match on catch block at 0xc3 in for 0x7faf123025
03-25 16:10:21.883 2443 2443 E ArmVmp : Match on catch block at 0xc3 in for 0x7faf123025
03-25 16:10:21.884 2443 2443 E ArmVmp : Match on catch block at 0xc3 in for 0x7faf123025
03-25 16:10:21.897 2443 2443 E ArmVmp : Match on catch block at 0xc3 in for 0x7faf123025
03-25 16:10:21.900 2443 2443 E ArmVmp : Match on catch block at 0xc3 in for 0x7faf123025
03-25 16:10:21.901 2443 2443 E ArmVmp : Match on catch block at 0xc3 in for 0x7faf123025
03-25 16:10:21.915 2443 2443 E ArmVmp : Match on catch block at 0xc3 in for 0x7faf123025
03-25 16:10:21.918 2443 2443 E ArmVmp : Match on catch block at 0xc3 in for 0x7faf123025
03-25 16:10:21.919 2443 2443 E ArmVmp : Match on catch block at 0xc3 in for 0x7faf123025
03-25 16:10:21.933 2443 2443 E ArmVmp : Match on catch block at 0xc3 in for 0x7faf123025
03-25 16:10:21.935 2443 2443 E ArmVmp : Match on catch block at 0xc3 in for 0x7faf123025
03-25 16:10:21.937 2443 2443 E ArmVmp : Match on catch block at 0xc3 in for 0x7faf123025
03-25 16:10:21.950 2443 2443 E ArmVmp : Match on catch block at 0xc3 in for 0x7faf123025
03-25 16:10:21.953 2443 2443 E ArmVmp : Match on catch block at 0xc3 in for 0x7faf123025
03-25 16:10:21.954 2443 2443 E ArmVmp : Match on catch block at 0xc3 in for 0x7faf123025
03-25 16:10:21.968 2443 2443 E ArmVmp : Match on catch block at 0xc3 in for 0x7faf123025
03-25 16:10:21.971 2443 2443 E ArmVmp : Match on catch block at 0xc3 in for 0x7faf123025
03-25 16:10:21.972 2443 2443 E ArmVmp : Match on catch block at 0xc3 in for 0x7faf123025
03-25 16:10:21.986 2443 2443 E ArmVmp : Match on catch block at 0xc3 in for 0x7faf123025
03-25 16:10:21.988 2443 2443 E ArmVmp : Match on catch block at 0xc3 in for 0x7faf123025
03-25 16:10:21.990 2443 2443 E ArmVmp : Match on catch block at 0xc3 in for 0x7faf123025
03-25 16:10:22.003 2443 2443 E ArmVmp : Match on catch block at 0xc3 in for 0x7faf123025
03-25 16:10:22.006 2443 2443 E ArmVmp : Match on catch block at 0xc3 in for 0x7faf123025
03-25 16:10:22.007 2443 2443 E ArmVmp : Match on catch block at 0xc3 in for 0x7faf123025
03-25 16:10:22.021 2443 2443 E ArmVmp : Match on catch block at 0xc3 in for 0x7faf123025
03-25 16:10:22.024 2443 2443 E ArmVmp : Match on catch block at 0xc3 in for 0x7faf123025
03-25 16:10:22.025 2443 2443 E ArmVmp : Match on catch block at 0xc3 in for 0x7faf123025
03-25 16:10:22.039 2443 2443 E ArmVmp : Match on catch block at 0xc3 in for 0x7faf123025
03-25 16:10:22.041 2443 2443 E ArmVmp : Match on catch block at 0xc3 in for 0x7faf123025
03-25 16:10:22.043 2443 2443 E ArmVmp : Match on catch block at 0xc3 in for 0x7faf123025
03-25 16:10:22.056 2443 2443 E ArmVmp : Match on catch block at 0xc3 in for 0x7faf123025
03-25 16:10:22.059 2443 2443 E ArmVmp : Match on catch block at 0xc3 in for 0x7faf123025
03-25 16:10:22.061 2443 2443 E ArmVmp : Match on catch block at 0xc3 in for 0x7faf123025
03-25 16:10:22.074 2443 2443 E ArmVmp : Match on catch block at 0xc3 in for 0x7faf123025
03-25 16:10:22.077 2443 2443 E ArmVmp : Match on catch block at 0xc3 in for 0x7faf123025
03-25 16:10:22.078 2443 2443 E ArmVmp : Match on catch block at 0xc3 in for 0x7faf123025
03-25 16:10:22.092 2443 2443 E ArmVmp : Match on catch block at 0xc3 in for 0x7faf123025
03-25 16:10:22.094 2443 2443 E ArmVmp : Match on catch block at 0xc3 in for 0x7faf123025
03-25 16:10:22.096 2443 2443 E ArmVmp : Match on catch block at 0xc3 in for 0x7faf123025
03-25 16:10:22.110 2443 2443 E ArmVmp : Match on catch block at 0xc3 in for 0x7faf123025
03-25 16:10:22.112 2443 2443 E ArmVmp : Match on catch block at 0xc3 in for 0x7faf123025
03-25 16:10:22.115 2443 2443 E ArmVmp : Match on catch block at 0xc3 in for 0x7faf123025
03-25 16:10:22.128 2443 2443 E ArmVmp : Match on catch block at 0xc3 in for 0x7faf123025
03-25 16:10:22.130 2443 2443 E ArmVmp : Match on catch block at 0xc3 in for 0x7faf123025
03-25 16:10:22.132 2443 2443 E ArmVmp : Match on catch block at 0xc3 in for 0x7faf123025
03-25 16:10:22.145 2443 2443 E ArmVmp : Match on catch block at 0xc3 in for 0x7faf123025
03-25 16:10:22.147 2443 2443 E ArmVmp : Match on catch block at 0xc3 in for 0x7faf123025
03-25 16:10:22.149 2443 2443 E ArmVmp : Match on catch block at 0xc3 in for 0x7faf123025
03-25 16:10:22.163 2443 2443 E ArmVmp : Match on catch block at 0xc3 in for 0x7faf123025
03-25 16:10:22.165 2443 2443 E ArmVmp : Match on catch block at 0xc3 in for 0x7faf123025
03-25 16:10:22.167 2443 2443 E ArmVmp : Match on catch block at 0xc3 in for 0x7faf123025
03-25 16:10:22.181 2443 2443 E ArmVmp : Match on catch block at 0xc3 in for 0x7faf123025
03-25 16:10:22.183 2443 2443 E ArmVmp : Match on catch block at 0xc3 in for 0x7faf123025
03-25 16:10:22.184 2443 2443 E ArmVmp : Match on catch block at 0xc3 in for 0x7faf123025
03-25 16:10:22.199 2443 2443 E ArmVmp : Match on catch block at 0xc3 in for 0x7faf123025
03-25 16:10:22.201 2443 2443 E ArmVmp : Match on catch block at 0xc3 in for 0x7faf123025
03-25 16:10:22.202 2443 2443 E ArmVmp : Match on catch block at 0xc3 in for 0x7faf123025
03-25 16:10:22.216 2443 2443 E ArmVmp : Match on catch block at 0xc3 in for 0x7faf123025
03-25 16:10:22.219 2443 2443 E ArmVmp : Match on catch block at 0xc3 in for 0x7faf123025
03-25 16:10:22.220 2443 2443 E ArmVmp : Match on catch block at 0xc3 in for 0x7faf123025
03-25 16:10:22.234 2443 2443 E ArmVmp : Match on catch block at 0xc3 in for 0x7faf123025
03-25 16:10:22.237 2443 2443 E ArmVmp : Match on catch block at 0xc3 in for 0x7faf123025
03-25 16:10:22.238 2443 2443 E ArmVmp : Match on catch block at 0xc3 in for 0x7faf123025
03-25 16:10:22.252 2443 2443 E ArmVmp : Match on catch block at 0xc3 in for 0x7faf123025
03-25 16:10:22.254 2443 2443 E ArmVmp : Match on catch block at 0xc3 in for 0x7faf123025
03-25 16:10:22.256 2443 2443 E ArmVmp : Match on catch block at 0xc3 in for 0x7faf123025
03-25 16:10:22.270 2443 2443 E ArmVmp : Match on catch block at 0xc3 in for 0x7faf123025
03-25 16:10:22.272 2443 2443 E ArmVmp : Match on catch block at 0xc3 in for 0x7faf123025
03-25 16:10:22.274 2443 2443 E ArmVmp : Match on catch block at 0xc3 in for 0x7faf123025
03-25 16:10:22.287 2443 2443 E ArmVmp : Match on catch block at 0xc3 in for 0x7faf123025
03-25 16:10:22.290 2443 2443 E ArmVmp : Match on catch block at 0xc3 in for 0x7faf123025
03-25 16:10:22.291 2443 2443 E ArmVmp : Match on catch block at 0xc3 in for 0x7faf123025
03-25 16:10:22.305 2443 2443 E ArmVmp : Match on catch block at 0xc3 in for 0x7faf123025
03-25 16:10:22.307 2443 2443 E ArmVmp : Match on catch block at 0xc3 in for 0x7faf123025
03-25 16:10:22.309 2443 2443 E ArmVmp : Match on catch block at 0xc3 in for 0x7faf123025
03-25 16:10:22.323 2443 2443 E ArmVmp : Match on catch block at 0xc3 in for 0x7faf123025
03-25 16:10:22.325 2443 2443 E ArmVmp : Match on catch block at 0xc3 in for 0x7faf123025
03-25 16:10:22.326 2443 2443 E ArmVmp : Match on catch block at 0xc3 in for 0x7faf123025
03-25 16:10:22.341 2443 2443 E ArmVmp : Match on catch block at 0xc3 in for 0x7faf123025
03-25 16:10:22.343 2443 2443 E ArmVmp : Match on catch block at 0xc3 in for 0x7faf123025
03-25 16:10:22.344 2443 2443 E ArmVmp : Match on catch block at 0xc3 in for 0x7faf123025
03-25 16:10:22.348 2443 2540 E SQLiteDatabase: Error inserting transferred=1 media_job_uuid=e639924f-a6e6-43ae-83a0-f2088622c4a6 transcoded=0 gif_attribution=0 first_scan_length=0 direct_path=/v/t62.15575- 24/28718203_1431466277500013_2668423488941216619_n.enc?ccb=11- 4&oh=01_AdTH1JOmWSq5H_1cItEHpQtTcunpfQsq1YsG3FddR5mckA&oe=66293606&_nc_sid=5e03e0 thumbnail_height_width_ratio=1.0 is_animated_sticker=0 file_hash=lmA/JnNE/ndSz6121BsI2DINVWHkcBV0FagTt7jC3hU= file_path=Media/MBWhatsApp Stickers/STK-20240325-WA0015.webp file_size=8496 partial_media_hash=null face_x=0 face_y=0 height=64 trim_to=0 media_key_timestamp=1711397420000 message_url=https://mmg.whatsapp.net/v/t62.15575- 24/28718203_1431466277500013_2668423488941216619_n.enc?ccb=11- 4&oh=01_AdTH1JOmWSq5H_1cItEHpQtTcunpfQsq1YsG3FddR5mckA&oe=66293606&_nc_sid=5e03e0&m ms3=true media_caption=null trim_from=0 mime_type=image/webp partial_media_enc_hash=null width=64 original_file_hash=null has_streaming_sidecar=0 autotransfer_retry_enabled=1 media_upload_handle=null message_row_id=33 multicast_id=null enc_file_hash=p2M58uMj2KCNyzWRaYObypRterSJMzJK2Ir0FpBNhbI= mute_video=0 page_count=0 first_scan_sidecar=null suspicious_content=0 file_length=8496 media_name=null media_duration=0 chat_row_id=3 media_key=[B@d3789d
03-25 16:10:22.348 2443 2540 E SQLiteDatabase: android.database.sqlite.SQLiteConstraintException: UNIQUE constraint failed: message_media.message_row_id (code 1555 SQLITE_CONSTRAINT_PRIMARYKEY)
03-25 16:10:22.348 2443 2540 E SQLiteDatabase: at android.database.sqlite.SQLiteConnection.nativeExecuteForLastInsertedRowId(Native Method)
03-25 16:10:22.348 2443 2540 E SQLiteDatabase: at android.database.sqlite.SQLiteConnection.executeForLastInsertedRowId(SQLiteConnecti on.java:961)
03-25 16:10:22.348 2443 2540 E SQLiteDatabase: at android.database.sqlite.SQLiteSession.executeForLastInsertedRowId(SQLiteSession.jav a:790)
03-25 16:10:22.348 2443 2540 E SQLiteDatabase: at android.database.sqlite.SQLiteStatement.executeInsert(SQLiteStatement.java:89)
03-25 16:10:22.348 2443 2540 E SQLiteDatabase: at android.database.sqlite.SQLiteDatabase.insertWithOnConflict(SQLiteDatabase.java:187 4)
03-25 16:10:22.348 2443 2540 E SQLiteDatabase: at android.database.sqlite.SQLiteDatabase.insert(SQLiteDatabase.java:1743)
03-25 16:10:22.348 2443 2540 E SQLiteDatabase: at X.2tm.A08(Unknown Source:6)
03-25 16:10:22.348 2443 2540 E SQLiteDatabase: at X.35Y.A07(Unknown Source:212)
03-25 16:10:22.348 2443 2540 E SQLiteDatabase: at X.3QF.A14(Unknown Source:470)
03-25 16:10:22.348 2443 2540 E SQLiteDatabase: at X.3gU.run(Unknown Source:982)
03-25 16:10:22.348 2443 2540 E SQLiteDatabase: at android.os.Handler.handleCallback(Handler.java:942)
03-25 16:10:22.348 2443 2540 E SQLiteDatabase: at android.os.Handler.dispatchMessage(Handler.java:99)
03-25 16:10:22.348 2443 2540 E SQLiteDatabase: at X.0zq.dispatchMessage(Unknown Source:4)
03-25 16:10:22.348 2443 2540 E SQLiteDatabase: at android.os.Looper.loopOnce(Looper.java:204)
03-25 16:10:22.348 2443 2540 E SQLiteDatabase: at android.os.Looper.loop(Looper.java:291)
03-25 16:10:22.348 2443 2540 E SQLiteDatabase: at android.os.HandlerThread.run(HandlerThread.java:67)
03-25 16:10:22.358 2443 2443 E ArmVmp : Match on catch block at 0xc3 in for 0x7faf123025
03-25 16:10:22.361 2443 2443 E ArmVmp : Match on catch block at 0xc3 in for 0x7faf123025
03-25 16:10:22.362 2443 2443 E ArmVmp : Match on catch block at 0xc3 in for 0x7faf123025
03-25 16:10:22.377 2443 2443 E ArmVmp : Match on catch block at 0xc3 in for 0x7faf123025
03-25 16:10:22.379 2443 2443 E ArmVmp : Match on catch block at 0xc3 in for 0x7faf123025
03-25 16:10:22.381 2443 2443 E ArmVmp : Match on catch block at 0xc3 in for 0x7faf123025
03-25 16:10:22.394 2443 2443 E ArmVmp : Match on catch block at 0xc3 in for 0x7faf123025
03-25 16:10:22.396 2443 2443 E ArmVmp : Match on catch block at 0xc3 in for 0x7faf123025
03-25 16:10:22.397 2443 2443 E ArmVmp : Match on catch block at 0xc3 in for 0x7faf123025
03-25 16:10:22.411 2443 2443 E ArmVmp : Match on catch block at 0xc3 in for 0x7faf123025
03-25 16:10:22.414 2443 2443 E ArmVmp : Match on catch block at 0xc3 in for 0x7faf123025
03-25 16:10:22.415 2443 2443 E ArmVmp : Match on catch block at 0xc3 in for 0x7faf123025
03-25 16:10:22.429 2443 2443 E ArmVmp : Match on catch block at 0xc3 in for 0x7faf123025
03-25 16:10:22.432 2443 2443 E ArmVmp : Match on catch block at 0xc3 in for 0x7faf123025
03-25 16:10:22.433 2443 2443 E ArmVmp : Match on catch block at 0xc3 in for 0x7faf123025
03-25 16:10:22.447 2443 2443 E ArmVmp : Match on catch block at 0xc3 in for 0x7faf123025
03-25 16:10:22.449 2443 2443 E ArmVmp : Match on catch block at 0xc3 in for 0x7faf123025
03-25 16:10:22.450 2443 2443 E ArmVmp : Match on catch block at 0xc3 in for 0x7faf123025
03-25 16:10:22.465 2443 2443 E ArmVmp : Match on catch block at 0xc3 in for 0x7faf123025
03-25 16:10:22.467 2443 2443 E ArmVmp : Match on catch block at 0xc3 in for 0x7faf123025
03-25 16:10:22.468 2443 2443 E ArmVmp : Match on catch block at 0xc3 in for 0x7faf123025
03-25 16:10:22.482 2443 2443 E ArmVmp : Match on catch block at 0xc3 in for 0x7faf123025
03-25 16:10:22.484 2443 2443 E ArmVmp : Match on catch block at 0xc3 in for 0x7faf123025
03-25 16:10:22.486 2443 2443 E ArmVmp : Match on catch block at 0xc3 in for 0x7faf123025
03-25 16:10:22.500 2443 2443 E ArmVmp : Match on catch block at 0xc3 in for 0x7faf123025
03-25 16:10:22.502 2443 2443 E ArmVmp : Match on catch block at 0xc3 in for 0x7faf123025
03-25 16:10:22.504 2443 2443 E ArmVmp : Match on catch block at 0xc3 in for 0x7faf123025
03-25 16:10:22.519 2443 2443 E ArmVmp : Match on catch block at 0xc3 in for 0x7faf123025
03-25 16:10:22.521 2443 2443 E ArmVmp : Match on catch block at 0xc3 in for 0x7faf123025
03-25 16:10:22.522 2443 2443 E ArmVmp : Match on catch block at 0xc3 in for 0x7faf123025
03-25 16:10:22.536 2443 2443 E ArmVmp : Match on catch block at 0xc3 in for 0x7faf123025
03-25 16:10:22.538 2443 2443 E ArmVmp : Match on catch block at 0xc3 in for 0x7faf123025
03-25 16:10:22.539 2443 2443 E ArmVmp : Match on catch block at 0xc3 in for 0x7faf123025
03-25 16:10:22.553 2443 2443 E ArmVmp : Match on catch block at 0xc3 in for 0x7faf123025
03-25 16:10:22.556 2443 2443 E ArmVmp : Match on catch block at 0xc3 in for 0x7faf123025
03-25 16:10:22.557 2443 2443 E ArmVmp : Match on catch block at 0xc3 in for 0x7faf123025
03-25 16:10:22.571 2443 2443 E ArmVmp : Match on catch block at 0xc3 in for 0x7faf123025
03-25 16:10:22.573 2443 2443 E ArmVmp : Match on catch block at 0xc3 in for 0x7faf123025
03-25 16:10:22.575 2443 2443 E ArmVmp : Match on catch block at 0xc3 in for 0x7faf123025
03-25 16:10:22.589 2443 2443 E ArmVmp : Match on catch block at 0xc3 in for 0x7faf123025
03-25 16:10:22.591 2443 2443 E ArmVmp : Match on catch block at 0xc3 in for 0x7faf123025
03-25 16:10:22.592 2443 2443 E ArmVmp : Match on catch block at 0xc3 in for 0x7faf123025
03-25 16:10:22.607 2443 2443 E ArmVmp : Match on catch block at 0xc3 in for 0x7faf123025
03-25 16:10:22.609 2443 2443 E ArmVmp : Match on catch block at 0xc3 in for 0x7faf123025
03-25 16:10:22.610 2443 2443 E ArmVmp : Match on catch block at 0xc3 in for 0x7faf123025
03-25 16:10:22.624 2443 2443 E ArmVmp : Match on catch block at 0xc3 in for 0x7faf123025
03-25 16:10:22.627 2443 2443 E ArmVmp : Match on catch block at 0xc3 in for 0x7faf123025
03-25 16:10:22.629 2443 2443 E ArmVmp : Match on catch block at 0xc3 in for 0x7faf123025
03-25 16:10:22.642 2443 2443 E ArmVmp : Match on catch block at 0xc3 in for 0x7faf123025
03-25 16:10:22.644 2443 2443 E ArmVmp : Match on catch block at 0xc3 in for 0x7faf123025
03-25 16:10:22.646 2443 2443 E ArmVmp : Match on catch block at 0xc3 in for 0x7faf123025
03-25 16:10:22.660 2443 2443 E ArmVmp : Match on catch block at 0xc3 in for 0x7faf123025
03-25 16:10:22.662 2443 2443 E ArmVmp : Match on catch block at 0xc3 in for 0x7faf123025
03-25 16:10:22.664 2443 2443 E ArmVmp : Match on catch block at 0xc3 in for 0x7faf123025
03-25 16:10:22.678 2443 2443 E ArmVmp : Match on catch block at 0xc3 in for 0x7faf123025
03-25 16:10:22.680 2443 2443 E ArmVmp : Match on catch block at 0xc3 in for 0x7faf123025
03-25 16:10:22.681 2443 2443 E ArmVmp : Match on catch block at 0xc3 in for 0x7faf123025
03-25 16:10:22.695 2443 2443 E ArmVmp : Match on catch block at 0xc3 in for 0x7faf123025
03-25 16:10:22.698 2443 2443 E ArmVmp : Match on catch block at 0xc3 in for 0x7faf123025
03-25 16:10:22.699 2443 2443 E ArmVmp : Match on catch block at 0xc3 in for 0x7faf123025
03-25 16:10:22.820 2443 2443 E ArmVmp : Match on catch block at 0xc3 in for 0x7faf123025
03-25 16:10:22.822 2443 2443 E ArmVmp : Match on catch block at 0xc3 in for 0x7faf123025
03-25 16:10:22.823 2443 2443 E ArmVmp : Match on catch block at 0xc3 in for 0x7faf123025
03-25 16:10:22.850 2443 2443 W libc : Access denied finding property "vendor.transsion.scroll_adjust.support"
03-25 16:10:22.850 2443 2443 W libc : Access denied finding property "vendor.transsion.scroll_adjust.support"
03-25 16:10:22.851 2443 2443 W libc : Access denied finding property "vendor.transsion.scroll_adjust.support"
03-25 16:10:22.851 2443 2443 W libc : Access denied finding property "vendor.transsion.scroll_adjust.support"
03-25 16:10:22.880 2443 2559 W Parcel : Expecting binder but got null!
03-25 16:10:22.924 2443 2443 E ArmVmp : Match on catch block at 0xc3 in for 0x7faf123025
03-25 16:10:22.927 2443 2443 E ArmVmp : Match on catch block at 0xc3 in for 0x7faf123025
03-25 16:10:22.928 2443 2443 E ArmVmp : Match on catch block at 0xc3 in for 0x7faf123025
03-25 16:10:22.938 2443 2443 E ArmVmp : Match on catch block at 0xc3 in for 0x7faf123025
03-25 16:10:22.941 2443 2443 E ArmVmp : Match on catch block at 0xc3 in for 0x7faf123025
03-25 16:10:22.942 2443 2443 E ArmVmp : Match on catch block at 0xc3 in for 0x7faf123025
03-25 16:10:22.957 2443 2443 E ArmVmp : Match on catch block at 0xc3 in for 0x7faf123025
03-25 16:10:22.960 2443 2443 E ArmVmp : Match on catch block at 0xc3 in for 0x7faf123025
03-25 16:10:22.962 2443 2443 E ArmVmp : Match on catch block at 0xc3 in for 0x7faf123025
03-25 16:10:22.973 2443 2443 E ArmVmp : Match on catch block at 0xc3 in for 0x7faf123025
03-25 16:10:22.975 2443 2443 E ArmVmp : Match on catch block at 0xc3 in for 0x7faf123025
03-25 16:10:22.977 2443 2443 E ArmVmp : Match on catch block at 0xc3 in for 0x7faf123025
03-25 16:10:22.990 2443 2443 E ArmVmp : Match on catch block at 0xc3 in for 0x7faf123025
03-25 16:10:22.992 2443 2443 E ArmVmp : Match on catch block at 0xc3 in for 0x7faf123025
03-25 16:10:22.994 2443 2443 E ArmVmp : Match on catch block at 0xc3 in for 0x7faf123025
03-25 16:10:23.007 2443 2443 E ArmVmp : Match on catch block at 0xc3 in for 0x7faf123025
03-25 16:10:23.009 2443 2443 E ArmVmp : Match on catch block at 0xc3 in for 0x7faf123025
03-25 16:10:23.010 2443 2443 E ArmVmp : Match on catch block at 0xc3 in for 0x7faf123025
03-25 16:10:23.017 2443 2443 E ArmVmp : Match on catch block at 0xc3 in for 0x7faf123025
03-25 16:10:23.020 2443 2443 E ArmVmp : Match on catch block at 0xc3 in for 0x7faf123025
03-25 16:10:23.021 2443 2443 E ArmVmp : Match on catch block at 0xc3 in for 0x7faf123025
03-25 16:10:23.033 2443 2443 E ArmVmp : Match on catch block at 0xc3 in for 0x7faf123025
03-25 16:10:23.036 2443 2443 E ArmVmp : Match on catch block at 0xc3 in for 0x7faf123025
03-25 16:10:23.038 2443 2443 E ArmVmp : Match on catch block at 0xc3 in for 0x7faf123025
03-25 16:10:23.430 2443 4685 W MediaPlayer: Use of stream types is deprecated for operations other than volume control
03-25 16:10:23.430 2443 4685 W MediaPlayer: See the documentation of setAudioStreamType() for what to use instead with android.media.AudioAttributes to qualify your playback use case
03-25 16:10:23.467 2443 2443 E ArmVmp : Match on catch block at 0xc3 in for 0x7faf123025
03-25 16:10:23.469 2443 2443 E ArmVmp : Match on catch block at 0xc3 in for 0x7faf123025
03-25 16:10:23.472 2443 2443 E ArmVmp : Match on catch block at 0xc3 in for 0x7faf123025
03-25 16:10:23.486 2443 2443 E ArmVmp : Match on catch block at 0xc3 in for 0x7faf123025
03-25 16:10:23.489 2443 2443 E ArmVmp : Match on catch block at 0xc3 in for 0x7faf123025
03-25 16:10:23.490 2443 2443 E ArmVmp : Match on catch block at 0xc3 in for 0x7faf123025
03-25 16:10:23.498 2443 2443 E ArmVmp : Match on catch block at 0xc3 in for 0x7faf123025
03-25 16:10:23.501 2443 2443 E ArmVmp : Match on catch block at 0xc3 in for 0x7faf123025
03-25 16:10:23.503 2443 2443 E ArmVmp : Match on catch block at 0xc3 in for 0x7faf123025
03-25 16:10:23.512 2443 2443 E ArmVmp : Match on catch block at 0xc3 in for 0x7faf123025
03-25 16:10:23.517 2443 2443 E ArmVmp : Match on catch block at 0xc3 in for 0x7faf123025
03-25 16:10:23.519 2443 2443 E ArmVmp : Match on catch block at 0xc3 in for 0x7faf123025
03-25 16:10:23.530 2443 2443 E ArmVmp : Match on catch block at 0xc3 in for 0x7faf123025
03-25 16:10:23.533 2443 2443 E ArmVmp : Match on catch block at 0xc3 in for 0x7faf123025
03-25 16:10:23.539 2443 2443 E ArmVmp : Match on catch block at 0xc3 in for 0x7faf123025
03-25 16:10:23.550 2443 2443 E ArmVmp : Match on catch block at 0xc3 in for 0x7faf123025
03-25 16:10:23.557 2443 2443 E ArmVmp : Match on catch block at 0xc3 in for 0x7faf123025
03-25 16:10:23.570 2443 2443 E ArmVmp : Match on catch block at 0xc3 in for 0x7faf123025
03-25 16:10:23.586 2443 2443 E ArmVmp : Match on catch block at 0xc3 in for 0x7faf123025
03-25 16:10:23.591 2443 2443 E ArmVmp : Match on catch block at 0xc3 in for 0x7faf123025
03-25 16:10:23.592 2443 2443 E ArmVmp : Match on catch block at 0xc3 in for 0x7faf123025
03-25 16:10:23.601 2443 2443 E ArmVmp : Match on catch block at 0xc3 in for 0x7faf123025
03-25 16:10:23.604 2443 2443 E ArmVmp : Match on catch block at 0xc3 in for 0x7faf123025
03-25 16:10:23.605 2443 2443 E ArmVmp : Match on catch block at 0xc3 in for 0x7faf123025
03-25 16:10:23.615 2443 2443 E ArmVmp : Match on catch block at 0xc3 in for 0x7faf123025
03-25 16:10:23.620 2443 2443 E ArmVmp : Match on catch block at 0xc3 in for 0x7faf123025
03-25 16:10:23.622 2443 2443 E ArmVmp : Match on catch block at 0xc3 in for 0x7faf123025
03-25 16:10:23.647 2443 2443 E ArmVmp : Match on catch block at 0xc3 in for 0x7faf123025
03-25 16:10:23.650 2443 2443 E ArmVmp : Match on catch block at 0xc3 in for 0x7faf123025
03-25 16:10:23.651 2443 2443 E ArmVmp : Match on catch block at 0xc3 in for 0x7faf123025
03-25 16:10:23.666 2443 2443 E ArmVmp : Match on catch block at 0xc3 in for 0x7faf123025
03-25 16:10:23.669 2443 2443 E ArmVmp : Match on catch block at 0xc3 in for 0x7faf123025
03-25 16:10:23.671 2443 2443 E ArmVmp : Match on catch block at 0xc3 in for 0x7faf123025
03-25 16:10:23.676 2443 2443 E ArmVmp : Match on catch block at 0xc3 in for 0x7faf123025
03-25 16:10:23.679 2443 2443 E ArmVmp : Match on catch block at 0xc3 in for 0x7faf123025
03-25 16:10:23.680 2443 2443 E ArmVmp : Match on catch block at 0xc3 in for 0x7faf123025
03-25 16:10:23.685 2443 2443 W libc : Access denied finding property "vendor.transsion.scroll_adjust.support"
03-25 16:10:23.685 2443 2443 W libc : Access denied finding property "vendor.transsion.scroll_adjust.support"
03-25 16:10:23.689 2443 2443 W libc : Access denied finding property "vendor.transsion.scroll_adjust.support"
03-25 16:10:23.689 2443 2443 W libc : Access denied finding property "vendor.transsion.scroll_adjust.support"
03-25 16:10:23.695 2443 2443 W libc : Access denied finding property "vendor.transsion.scroll_adjust.support"
03-25 16:10:23.695 2443 2443 W libc : Access denied finding property "vendor.transsion.scroll_adjust.support"
03-25 16:10:23.708 2443 2443 W libc : Access denied finding property "vendor.transsion.scroll_adjust.support"
03-25 16:10:23.708 2443 2443 W libc : Access denied finding property "vendor.transsion.scroll_adjust.support"
03-25 16:10:23.708 2443 2443 W libc : Access denied finding property "vendor.transsion.scroll_adjust.support"
03-25 16:10:23.709 2443 2443 W libc : Access denied finding property "vendor.transsion.scroll_adjust.support"
03-25 16:10:23.709 2443 2443 W libc : Access denied finding property "vendor.transsion.scroll_adjust.support"
03-25 16:10:23.709 2443 2443 W libc : Access denied finding property "vendor.transsion.scroll_adjust.support"
03-25 16:10:23.709 2443 2443 W libc : Access denied finding property "vendor.transsion.scroll_adjust.support"
03-25 16:10:23.709 2443 2443 W libc : Access denied finding property "vendor.transsion.scroll_adjust.support"
03-25 16:10:23.712 2443 2443 W libc : Access denied finding property "vendor.transsion.scroll_adjust.support"
03-25 16:10:23.712 2443 2443 W libc : Access denied finding property "vendor.transsion.scroll_adjust.support"
03-25 16:10:23.788 2443 2443 E ArmVmp : Match on catch block at 0xc3 in for 0x7faf123025
03-25 16:10:23.790 2443 2443 E ArmVmp : Match on catch block at 0xc3 in for 0x7faf123025
03-25 16:10:23.805 2443 2443 E RecyclerView: No adapter attached; skipping layout
03-25 16:10:23.809 2443 2559 W Parcel : Expecting binder but got null!
03-25 16:10:23.821 2443 2443 W libc : Access denied finding property "vendor.transsion.scroll_adjust.support"
03-25 16:10:23.821 2443 2443 W libc : Access denied finding property "vendor.transsion.scroll_adjust.support"
03-25 16:10:23.821 2443 2443 W libc : Access denied finding property "vendor.transsion.scroll_adjust.support"
03-25 16:10:23.821 2443 2443 W libc : Access denied finding property "vendor.transsion.scroll_adjust.support"
03-25 16:10:23.825 2443 2443 W libc : Access denied finding property "vendor.transsion.scroll_adjust.support"
03-25 16:10:23.825 2443 2443 W libc : Access denied finding property "vendor.transsion.scroll_adjust.support"
03-25 16:10:23.825 2443 2443 W libc : Access denied finding property "vendor.transsion.scroll_adjust.support"
03-25 16:10:23.825 2443 2443 W libc : Access denied finding property "vendor.transsion.scroll_adjust.support"
03-25 16:10:23.827 2443 2443 W libc : Access denied finding property "vendor.transsion.scroll_adjust.support"
03-25 16:10:23.827 2443 2443 W libc : Access denied finding property "vendor.transsion.scroll_adjust.support"
03-25 16:10:23.830 2443 2443 E ArmVmp : Match on catch block at 0xc3 in for 0x7faf123025
03-25 16:10:23.832 2443 2443 E ArmVmp : Match on catch block at 0xc3 in for 0x7faf123025
03-25 16:10:23.845 2443 2443 E ArmVmp : Match on catch block at 0x0a in for 0x7faf12302d
03-25 16:10:23.846 2443 2443 E ArmVmp : Match on catch block at 0x0a in for 0x7faf12302d
03-25 16:10:23.847 2443 2443 E ArmVmp : Match on catch block at 0x0a in for 0x7faf12302d
03-25 16:10:23.848 2443 2443 E ArmVmp : Match on catch block at 0x0a in for 0x7faf12302d
03-25 16:10:23.860 2443 2540 E SQLiteDatabase: Error inserting transferred=1 media_job_uuid=616c6234-8772-494e-8ed5-b6cfb4cd72eb transcoded=0 gif_attribution=0 first_scan_length=0 direct_path=/v/t62.15575- 24/30792523_374668412219112_277232280902920942_n.enc?ccb=11- 4&oh=01_AdRGRozBfR6x7oUCJcELbSiJ5m5dPw6ACRhAG_DkXXAVjg&oe=662947E5&_nc_sid=5e03e0 thumbnail_height_width_ratio=1.0 is_animated_sticker=0 file_hash=/uuVYfGwQM5CulylMyV0ifiNwCqdjAQ7VcwgWs4qwGY= file_path=Media/MBWhatsApp Stickers/STK-20240325-WA0016.webp file_size=87358 partial_media_hash=null face_x=0 face_y=0 height=64 trim_to=0 media_key_timestamp=1711397421000 message_url=https://mmg.whatsapp.net/v/t62.15575- 24/30792523_374668412219112_277232280902920942_n.enc?ccb=11- 4&oh=01_AdRGRozBfR6x7oUCJcELbSiJ5m5dPw6ACRhAG_DkXXAVjg&oe=662947E5&_nc_sid=5e03e0&m ms3=true media_caption=null trim_from=0 mime_type=image/webp partial_media_enc_hash=null width=64 original_file_hash=null has_streaming_sidecar=0 autotransfer_retry_enabled=1 media_upload_handle=null message_row_id=34 multicast_id=null enc_file_hash=5YrCO0oYsGZwflzqTzBqInaDbAQuSetACJuuUSnCt64= mute_video=0 page_count=0 first_scan_sidecar=null suspicious_content=0 file_length=87358 media_name=null media_duration=0 chat_row_id=3 media_key=[B@fbfada0
03-25 16:10:23.860 2443 2540 E SQLiteDatabase: android.database.sqlite.SQLiteConstraintException: UNIQUE constraint failed: message_media.message_row_id (code 1555 SQLITE_CONSTRAINT_PRIMARYKEY)
03-25 16:10:23.860 2443 2540 E SQLiteDatabase: at android.database.sqlite.SQLiteConnection.nativeExecuteForLastInsertedRowId(Native Method)
03-25 16:10:23.860 2443 2540 E SQLiteDatabase: at android.database.sqlite.SQLiteConnection.executeForLastInsertedRowId(SQLiteConnecti on.java:961)
03-25 16:10:23.860 2443 2540 E SQLiteDatabase: at android.database.sqlite.SQLiteSession.executeForLastInsertedRowId(SQLiteSession.jav a:790)
03-25 16:10:23.860 2443 2540 E SQLiteDatabase: at android.database.sqlite.SQLiteStatement.executeInsert(SQLiteStatement.java:89)
03-25 16:10:23.860 2443 2540 E SQLiteDatabase: at android.database.sqlite.SQLiteDatabase.insertWithOnConflict(SQLiteDatabase.java:187 4)
03-25 16:10:23.860 2443 2540 E SQLiteDatabase: at android.database.sqlite.SQLiteDatabase.insert(SQLiteDatabase.java:1743)
03-25 16:10:23.860 2443 2540 E SQLiteDatabase: at X.2tm.A08(Unknown Source:6)
03-25 16:10:23.860 2443 2540 E SQLiteDatabase: at X.35Y.A07(Unknown Source:212)
03-25 16:10:23.860 2443 2540 E SQLiteDatabase: at X.3QF.A14(Unknown Source:470)
03-25 16:10:23.860 2443 2540 E SQLiteDatabase: at X.3gU.run(Unknown Source:982)
03-25 16:10:23.860 2443 2540 E SQLiteDatabase: at android.os.Handler.handleCallback(Handler.java:942)
03-25 16:10:23.860 2443 2540 E SQLiteDatabase: at android.os.Handler.dispatchMessage(Handler.java:99)
03-25 16:10:23.860 2443 2540 E SQLiteDatabase: at X.0zq.dispatchMessage(Unknown Source:4)
03-25 16:10:23.860 2443 2540 E SQLiteDatabase: at android.os.Looper.loopOnce(Looper.java:204)
03-25 16:10:23.860 2443 2540 E SQLiteDatabase: at android.os.Looper.loop(Looper.java:291)
03-25 16:10:23.860 2443 2540 E SQLiteDatabase: at android.os.HandlerThread.run(HandlerThread.java:67)
03-25 16:10:23.863 2443 2443 E ArmVmp : Match on catch block at 0xc3 in for 0x7faf123025
03-25 16:10:23.865 2443 2443 E ArmVmp : Match on catch block at 0xc3 in for 0x7faf123025
03-25 16:10:23.882 2443 2443 E ArmVmp : Match on catch block at 0xc3 in for 0x7faf123025
03-25 16:10:23.884 2443 2443 E ArmVmp : Match on catch block at 0xc3 in for 0x7faf123025
03-25 16:10:23.888 2443 2443 E ArmVmp : Match on catch block at 0x0a in for 0x7faf12302d
03-25 16:10:23.890 2443 2443 E ArmVmp : Match on catch block at 0x0a in for 0x7faf12302d
03-25 16:10:23.891 2443 2443 E ArmVmp : Match on catch block at 0x0a in for 0x7faf12302d
03-25 16:10:23.892 2443 2443 E ArmVmp : Match on catch block at 0x0a in for 0x7faf12302d
03-25 16:10:23.894 2443 2443 E ArmVmp : Match on catch block at 0x0a in for 0x7faf12302d
03-25 16:10:23.895 2443 2443 E ArmVmp : Match on catch block at 0x0a in for 0x7faf12302d
03-25 16:10:23.896 2443 2443 E ArmVmp : Match on catch block at 0x0a in for 0x7faf12302d
03-25 16:10:23.897 2443 2443 E ArmVmp : Match on catch block at 0x0a in for 0x7faf12302d
03-25 16:10:23.898 2443 2443 E ArmVmp : Match on catch block at 0x0a in for 0x7faf12302d
03-25 16:10:23.899 2443 2443 E ArmVmp : Match on catch block at 0x0a in for 0x7faf12302d
03-25 16:10:23.900 2443 2443 E ArmVmp : Match on catch block at 0x0a in for 0x7faf12302d
03-25 16:10:23.915 2443 2443 E ArmVmp : Match on catch block at 0xc3 in for 0x7faf123025
03-25 16:10:23.917 2443 2443 E ArmVmp : Match on catch block at 0xc3 in for 0x7faf123025
03-25 16:10:23.926 2443 2443 E ArmVmp : Match on catch block at 0xc3 in for 0x7faf123025
03-25 16:10:23.929 2443 2443 E ArmVmp : Match on catch block at 0xc3 in for 0x7faf123025
03-25 16:10:23.939 2443 2443 E ArmVmp : Match on catch block at 0xc3 in for 0x7faf123025
03-25 16:10:23.941 2443 2443 E ArmVmp : Match on catch block at 0xc3 in for 0x7faf123025
03-25 16:10:23.959 2443 2443 E ArmVmp : Match on catch block at 0xc3 in for 0x7faf123025
03-25 16:10:23.965 2443 2443 E ArmVmp : Match on catch block at 0xc3 in for 0x7faf123025
03-25 16:10:24.035 2443 4685 W MediaPlayer: Use of stream types is deprecated for operations other than volume control
03-25 16:10:24.035 2443 4685 W MediaPlayer: See the documentation of setAudioStreamType() for what to use instead with android.media.AudioAttributes to qualify your playback use case
03-25 16:10:24.063 2443 2443 E ArmVmp : Match on catch block at 0xc3 in for 0x7faf123025
03-25 16:10:24.067 2443 2443 E ArmVmp : Match on catch block at 0xc3 in for 0x7faf123025
03-25 16:10:24.082 2443 2443 E ArmVmp : Match on catch block at 0xc3 in for 0x7faf123025
03-25 16:10:24.085 2443 2443 E ArmVmp : Match on catch block at 0xc3 in for 0x7faf123025
03-25 16:10:24.099 2443 2443 E ArmVmp : Match on catch block at 0xc3 in for 0x7faf123025
03-25 16:10:24.103 2443 2443 E ArmVmp : Match on catch block at 0xc3 in for 0x7faf123025
03-25 16:10:24.223 2443 2443 E ArmVmp : Match on catch block at 0xc3 in for 0x7faf123025
03-25 16:10:24.225 2443 2443 E ArmVmp : Match on catch block at 0xc3 in for 0x7faf123025
03-25 16:10:24.232 2443 2540 E SQLiteDatabase: Error inserting transferred=1 media_job_uuid=8dd19793-99ec-4800-a704-3dd04eaa7567 transcoded=0 gif_attribution=0 first_scan_length=0 direct_path=/v/t62.15575- 24/26439540_431478635911091_4870441773354726453_n.enc?ccb=11- 4&oh=01_AdQ_XZEo32wygSY4mq_ysi-wqMc83In2Ucdy7o1JKyq-xw&oe=66295057&_nc_sid=5e03e0 thumbnail_height_width_ratio=1.0 is_animated_sticker=0 file_hash=PAnrM+yAq2AorA8R/JR9C/Z8K3KmSCmHQFahDDZtG6E= file_path=Media/MBWhatsApp Stickers/STK-20240325-WA0017.webp file_size=6184 partial_media_hash=null face_x=0 face_y=0 height=64 trim_to=0 media_key_timestamp=1711397423000 message_url=https://mmg.whatsapp.net/v/t62.15575- 24/26439540_431478635911091_4870441773354726453_n.enc?ccb=11- 4&oh=01_AdQ_XZEo32wygSY4mq_ysi-wqMc83In2Ucdy7o1JKyq- xw&oe=66295057&_nc_sid=5e03e0&mms3=true media_caption=null trim_from=0 mime_type=image/webp partial_media_enc_hash=null width=64 original_file_hash=null has_streaming_sidecar=0 autotransfer_retry_enabled=1 media_upload_handle=null message_row_id=35 multicast_id=null enc_file_hash=gH+fSoJWYwLT77C6wEZ5omTLNEPicp9V+qGWGnLzTt4= mute_video=0 page_count=0 first_scan_sidecar=null suspicious_content=0 file_length=6184 media_name=null media_duration=0 chat_row_id=3 media_key=[B@84a6369
03-25 16:10:24.232 2443 2540 E SQLiteDatabase: android.database.sqlite.SQLiteConstraintException: UNIQUE constraint failed: message_media.message_row_id (code 1555 SQLITE_CONSTRAINT_PRIMARYKEY)
03-25 16:10:24.232 2443 2540 E SQLiteDatabase: at android.database.sqlite.SQLiteConnection.nativeExecuteForLastInsertedRowId(Native Method)
03-25 16:10:24.232 2443 2540 E SQLiteDatabase: at android.database.sqlite.SQLiteConnection.executeForLastInsertedRowId(SQLiteConnecti on.java:961)
03-25 16:10:24.232 2443 2540 E SQLiteDatabase: at android.database.sqlite.SQLiteSession.executeForLastInsertedRowId(SQLiteSession.jav a:790)
