03-25 16:01:06.193 15222 15222 W libc : Access denied finding property "vendor.transsion.scroll_adjust.support"
03-25 16:01:06.200 15222 15322 W Parcel : Expecting binder but got null!
03-25 16:01:10.545 15222 15322 E FrameEvents: updateAcquireFence: Did not find frame.
03-25 16:01:10.548 15222 15322 E FrameEvents: updateAcquireFence: Did not find frame.
03-25 16:01:10.575 15222 15222 W libc : Access denied finding property "vendor.transsion.scroll_adjust.support"
03-25 16:01:10.575 15222 15222 W libc : Access denied finding property "vendor.transsion.scroll_adjust.support"
03-25 16:01:10.581 15222 15222 W libc : Access denied finding property "vendor.transsion.scroll_adjust.support"
03-25 16:01:10.581 15222 15222 W libc : Access denied finding property "vendor.transsion.scroll_adjust.support"
03-25 16:01:10.686 15222 15322 W Parcel : Expecting binder but got null!
03-25 16:01:11.856 15222 15222 W libc : Access denied finding property "vendor.transsion.scroll_adjust.support"
03-25 16:01:11.857 15222 15222 W libc : Access denied finding property "vendor.transsion.scroll_adjust.support"
03-25 16:01:11.866 15222 15322 W Parcel : Expecting binder but got null!
03-25 16:01:11.867 15222 15222 W BottomSheetBehavior: BottomSheetBehavior now supports multiple callbacks. `setBottomSheetCallback()` removes all existing callbacks, including ones set internally by library authors, which may result in unintended behavior. This may change in the future. Please use `addBottomSheetCallback()` and `removeBottomSheetCallback()` instead to set your own callbacks.
03-25 16:01:12.019 15222 15222 W OnBackInvokedCallback: OnBackInvokedCallback is not enabled for the application.
03-25 16:01:12.019 15222 15222 W OnBackInvokedCallback: Set 'android:enableOnBackInvokedCallback="true"' in the application manifest.
03-25 16:01:13.664 15222 15222 W RemoteInputConnectionImpl: requestCursorAnchorInfo on inactive InputConnection
03-25 16:01:13.681 15222 15222 E ImeBackDispatcher: Ime callback not found. Ignoring unregisterReceivedCallback. callbackId: 259010443
03-25 16:01:14.822 15222 15222 W libc : Access denied finding property "vendor.transsion.scroll_adjust.support"
03-25 16:01:14.822 15222 15222 W libc : Access denied finding property "vendor.transsion.scroll_adjust.support"
03-25 16:01:14.840 15222 15322 W Parcel : Expecting binder but got null!
03-25 16:01:14.976 15222 15222 W OnBackInvokedCallback: OnBackInvokedCallback is not enabled for the application.
03-25 16:01:14.976 15222 15222 W OnBackInvokedCallback: Set 'android:enableOnBackInvokedCallback="true"' in the application manifest.
03-25 16:01:21.310 15222 15322 W Parcel : Expecting binder but got null!
03-25 16:01:24.948 15222 15322 W Parcel : Expecting binder but got null!
03-25 16:01:26.079 15222 15322 W Parcel : Expecting binder but got null!
03-25 16:01:31.037 15222 15322 W Parcel : Expecting binder but got null!
03-25 16:01:38.631 15222 15322 W Parcel : Expecting binder but got null!
03-25 16:01:39.780 15222 15222 W RemoteInputConnectionImpl: requestCursorAnchorInfo on inactive InputConnection
03-25 16:01:39.798 15222 15222 E ImeBackDispatcher: Ime callback not found. Ignoring unregisterReceivedCallback. callbackId: 259010443
03-25 16:01:43.043 15222 15222 W libc : Access denied finding property "vendor.transsion.scroll_adjust.support"
03-25 16:01:43.043 15222 15222 W libc : Access denied finding property "vendor.transsion.scroll_adjust.support"
03-25 16:01:43.054 15222 15222 E com.mbwhatsapp: Invalid ID 0x00000000.
03-25 16:01:43.105 15222 15322 W Parcel : Expecting binder but got null!
03-25 16:01:46.867 15222 15222 W libc : Access denied finding property "vendor.transsion.scroll_adjust.support"
03-25 16:01:46.867 15222 15222 W libc : Access denied finding property "vendor.transsion.scroll_adjust.support"
03-25 16:01:46.898 15222 15322 W Parcel : Expecting binder but got null!
03-25 16:01:46.899 15222 15222 W BottomSheetBehavior: BottomSheetBehavior now supports multiple callbacks. `setBottomSheetCallback()` removes all existing callbacks, including ones set internally by library authors, which may result in unintended behavior. This may change in the future. Please use `addBottomSheetCallback()` and `removeBottomSheetCallback()` instead to set your own callbacks.
03-25 16:01:47.056 15222 15222 W OnBackInvokedCallback: OnBackInvokedCallback is not enabled for the application.
03-25 16:01:47.056 15222 15222 W OnBackInvokedCallback: Set 'android:enableOnBackInvokedCallback="true"' in the application manifest.
03-25 16:01:49.169 15222 15222 W libc : Access denied finding property "vendor.transsion.scroll_adjust.support"
03-25 16:01:49.169 15222 15222 W libc : Access denied finding property "vendor.transsion.scroll_adjust.support"
03-25 16:01:49.175 15222 15222 W libc : Access denied finding property "vendor.transsion.scroll_adjust.support"
03-25 16:01:49.175 15222 15222 W libc : Access denied finding property "vendor.transsion.scroll_adjust.support"
03-25 16:01:49.182 15222 15222 W libc : Access denied finding property "vendor.transsion.scroll_adjust.support"
03-25 16:01:49.182 15222 15222 W libc : Access denied finding property "vendor.transsion.scroll_adjust.support"
03-25 16:01:49.204 15222 15222 W libc : Access denied finding property "vendor.transsion.scroll_adjust.support"
03-25 16:01:49.204 15222 15222 W libc : Access denied finding property "vendor.transsion.scroll_adjust.support"
03-25 16:01:49.205 15222 15222 W libc : Access denied finding property "vendor.transsion.scroll_adjust.support"
03-25 16:01:49.205 15222 15222 W libc : Access denied finding property "vendor.transsion.scroll_adjust.support"
03-25 16:01:49.205 15222 15222 W libc : Access denied finding property "vendor.transsion.scroll_adjust.support"
03-25 16:01:49.205 15222 15222 W libc : Access denied finding property "vendor.transsion.scroll_adjust.support"
03-25 16:01:49.206 15222 15222 W libc : Access denied finding property "vendor.transsion.scroll_adjust.support"
03-25 16:01:49.206 15222 15222 W libc : Access denied finding property "vendor.transsion.scroll_adjust.support"
03-25 16:01:49.213 15222 15222 W libc : Access denied finding property "vendor.transsion.scroll_adjust.support"
03-25 16:01:49.213 15222 15222 W libc : Access denied finding property "vendor.transsion.scroll_adjust.support"
03-25 16:01:49.342 15222 15322 W Parcel : Expecting binder but got null!
03-25 16:01:53.891 15222 15222 W libc : Access denied finding property "vendor.transsion.scroll_adjust.support"
03-25 16:01:53.891 15222 15222 W libc : Access denied finding property "vendor.transsion.scroll_adjust.support"
03-25 16:01:53.891 15222 15222 W libc : Access denied finding property "vendor.transsion.scroll_adjust.support"
03-25 16:01:55.569 15222 15222 W InputEventReceiver: Attempted to finish an input event but the input event receiver has already been disposed.
03-25 16:01:57.000 15222 15222 W libc : Access denied finding property "vendor.transsion.scroll_adjust.support"
03-25 16:01:57.000 15222 15222 W libc : Access denied finding property "vendor.transsion.scroll_adjust.support"
03-25 16:01:57.018 15222 15322 W Parcel : Expecting binder but got null!
03-25 16:01:57.020 15222 15222 W BottomSheetBehavior: BottomSheetBehavior now supports multiple callbacks. `setBottomSheetCallback()` removes all existing callbacks, including ones set internally by library authors, which may result in unintended behavior. This may change in the future. Please use `addBottomSheetCallback()` and `removeBottomSheetCallback()` instead to set your own callbacks.
03-25 16:01:57.139 15222 15222 W OnBackInvokedCallback: OnBackInvokedCallback is not enabled for the application.
03-25 16:01:57.139 15222 15222 W OnBackInvokedCallback: Set 'android:enableOnBackInvokedCallback="true"' in the application manifest.
03-25 16:01:58.651 15222 15222 W libc : Access denied finding property "vendor.transsion.scroll_adjust.support"
03-25 16:01:58.652 15222 15222 W libc : Access denied finding property "vendor.transsion.scroll_adjust.support"
03-25 16:01:58.653 15222 15222 W libc : Access denied finding property "vendor.transsion.scroll_adjust.support"
03-25 16:01:58.653 15222 15222 W libc : Access denied finding property "vendor.transsion.scroll_adjust.support"
03-25 16:01:58.654 15222 15222 W libc : Access denied finding property "vendor.transsion.scroll_adjust.support"
03-25 16:01:58.655 15222 15222 W libc : Access denied finding prope--------- beginning of main
03-25 16:01:58.657 15222 15222 W libc : Access denied finding property "vendor.transsion.scroll_adjust.support"
03-25 16:01:58.657 15222 15222 W libc : Access denied finding property "vendor.transsion.scroll_adjust.support"
03-25 16:01:58.658 15222 15222 W libc : Access denied finding property "vendor.transsion.scroll_adjust.support"
03-25 16:01:58.658 15222 15222 W libc : Access denied finding property "vendor.transsion.scroll_adjust.support"
03-25 16:01:58.658 15222 15222 W libc : Access denied finding property "vendor.transsion.scroll_adjust.support"
03-25 16:01:58.658 15222 15222 W libc : Access denied finding property "vendor.transsion.scroll_adjust.support"
03-25 16:01:58.658 15222 15222 W libc : Access denied finding property "vendor.transsion.scroll_adjust.support"
03-25 16:01:58.658 15222 15222 W libc : Access denied finding property "vendor.transsion.scroll_adjust.support"
03-25 16:01:58.660 15222 15222 W libc : Access denied finding property "vendor.transsion.scroll_adjust.support"
03-25 16:01:58.660 15222 15222 W libc : Access denied finding property "vendor.transsion.scroll_adjust.support"
03-25 16:01:58.708 15222 15322 W Parcel : Expecting binder but got null!
03-25 16:02:00.671 15222 15222 W libc : Access denied finding property "vendor.transsion.scroll_adjust.support"
03-25 16:02:00.671 15222 15222 W libc : Access denied finding property "vendor.transsion.scroll_adjust.support"
03-25 16:02:00.672 15222 15222 W libc : Access denied finding property "vendor.transsion.scroll_adjust.support"
03-25 16:02:04.808 15222 15322 W Parcel : Expecting binder but got null!
03-25 16:02:06.551 15222 15222 W InputEventReceiver: Attempted to finish an input event but the input event receiver has already been disposed.
03-25 16:02:07.587 15222 15322 W Parcel : Expecting binder but got null!
03-25 16:02:12.270 15222 15222 W InputEventReceiver: Attempted to finish an input event but the input event receiver has already been disposed.
03-25 16:02:13.365 15222 15322 W Parcel : Expecting binder but got null!
03-25 16:02:27.407 15222 15322 W Parcel : Expecting binder but got null!
03-25 16:02:39.796 15222 15222 W libc : Access denied finding property "vendor.transsion.scroll_adjust.support"
03-25 16:02:39.796 15222 15222 W libc : Access denied finding property "vendor.transsion.scroll_adjust.support"
03-25 16:02:39.796 15222 15222 W libc : Access denied finding property "vendor.transsion.scroll_adjust.support"
03-25 16:02:51.245 15222 15222 W libc : Access denied finding property "vendor.transsion.scroll_adjust.support"
03-25 16:02:51.245 15222 15222 W libc : Access denied finding property "vendor.transsion.scroll_adjust.support"
03-25 16:02:51.248 15222 15222 W libc : Access denied finding property "vendor.transsion.scroll_adjust.support"
03-25 16:02:51.249 15222 15222 W libc : Access denied finding property "vendor.transsion.scroll_adjust.support"
03-25 16:02:51.344 15222 15322 W Parcel : Expecting binder but got null!
03-25 16:02:55.140 2443 2443 W main : type=1400 audit(0.0:57777): avc: denied { read } for name="u:object_r:vendor_memfusion_size_prop:s0" dev="tmpfs" ino=8770 scontext=u:r:untrusted_app:s0:c247,c256,c512,c768 tcontext=u:object_r:vendor_memfusion_size_prop:s0 tclass=file permissive=0 app=com.mbwhatsapp
03-25 16:02:55.148 2443 2443 E com.mbwhatsapp: Not starting debugger since process cannot load the jdwp agent.
03-25 16:02:55.303 2443 2443 W System.err: java.lang.ClassNotFoundException: mbmodsd.mbmodsw.ui.views.btn.BtnBK
03-25 16:02:55.303 2443 2443 W System.err: at java.lang.Runtime.nativeLoad(Native Method)
03-25 16:02:55.303 2443 2443 W System.err: at java.lang.Runtime.nativeLoad(Runtime.java:1126)
03-25 16:02:55.303 2443 2443 W System.err: at java.lang.Runtime.loadLibrary0(Runtime.java:1080)
03-25 16:02:55.303 2443 2443 W System.err: at java.lang.Runtime.loadLibrary0(Runtime.java:1003)
03-25 16:02:55.303 2443 2443 W System.err: at java.lang.System.loadLibrary(System.java:1661)
03-25 16:02:55.303 2443 2443 W System.err: at arm.EpicVm.<clinit>(Unknown Source:2)
03-25 16:02:55.303 2443 2443 W System.err: at java.lang.Class.newInstance(Native Method)
03-25 16:02:55.303 2443 2443 W System.err: at android.app.AppComponentFactory.instantiateApplication(AppComponentFactory.java:76)
03-25 16:02:55.303 2443 2443 W System.err: at androidx.core.app.CoreComponentFactory.instantiateApplication(Unknown Source:0)
03-25 16:02:55.303 2443 2443 W System.err: at android.app.Instrumentation.newApplication(Instrumentation.java:1236)
03-25 16:02:55.303 2443 2443 W System.err: at android.app.LoadedApk.makeApplicationInner(LoadedApk.java:1466)
03-25 16:02:55.303 2443 2443 W System.err: at android.app.LoadedApk.makeApplicationInner(LoadedApk.java:1399)
03-25 16:02:55.303 2443 2443 W System.err: at android.app.ActivityThread.handleBindApplication(ActivityThread.java:6950)
03-25 16:02:55.303 2443 2443 W System.err: at android.app.ActivityThread.-$ $Nest$mhandleBindApplication(Unknown Source:0)
03-25 16:02:55.303 2443 2443 W System.err: at android.app.ActivityThread$H.handleMessage(ActivityThread.java:2219)
03-25 16:02:55.303 2443 2443 W System.err: at android.os.Handler.dispatchMessage(Handler.java:106)
03-25 16:02:55.303 2443 2443 W System.err: at android.os.Looper.loopOnce(Looper.java:204)
03-25 16:02:55.304 2443 2443 W System.err: at android.os.Looper.loop(Looper.java:291)
03-25 16:02:55.304 2443 2443 W System.err: at android.app.ActivityThread.main(ActivityThread.java:8134)
03-25 16:02:55.304 2443 2443 W System.err: at java.lang.reflect.Method.invoke(Native Method)
03-25 16:02:55.304 2443 2443 W System.err: at com.android.internal.os.RuntimeInit$MethodAndArgsCaller.run(RuntimeInit.java:601)
03-25 16:02:55.304 2443 2443 W System.err: at com.android.internal.os.ZygoteInit.main(ZygoteInit.java:1019)
03-25 16:02:55.314 2443 2443 E CustomActivityOnCrash: IMPORTANT WARNING! You already have an UncaughtExceptionHandler, are you sure this is correct? If you use a custom UncaughtExceptionHandler, you must initialize it AFTER CustomActivityOnCrash! Installing anyway, but your original handler will not be called.
03-25 16:02:55.429 2443 2443 W com.mbwhatsapp: Accessing hidden method Lcom/android/org/conscrypt/OpenSSLSocketImpl;->setUseSessionTickets(Z)V (max- target-q,core-platform-api, reflection, denied)
03-25 16:02:55.429 2443 2443 W com.mbwhatsapp: Accessing hidden method Lcom/android/org/conscrypt/AbstractConscryptSocket;->setUseSessionTickets(Z)V (max- target-q, reflection, denied)
03-25 16:02:55.459 2521 2521 E libprocessgroup: Support AOSP Freezer= 0
03-25 16:02:55.510 2443 2543 W com.mbwhatsapp: Method void X.2rL.A03(java.lang.Integer) failed lock verification and will run slower.
03-25 16:02:55.510 2443 2543 W com.mbwhatsapp: Common causes for lock verification issues are non-optimized dex code
03-25 16:02:55.510 2443 2543 W com.mbwhatsapp: and incorrect proguard optimizations.
03-25 16:02:55.515 2443 2443 W com.mbwhatsapp: Method void X.0eU.A0h(X.0tK, boolean) failed lock verification and will run slower.
03-25 16:02:55.528 2443 2443 W libc : Access denied finding property "vendor.transsion.scroll_adjust.support"
03-25 16:02:55.588 2443 2443 W com.mbwhatsapp: Method void com.mbwhatsapp.HomeActivity.A6e() failed lock verification and will run slower.
03-25 16:02:55.591 2443 2560 E QT : [QT]file does not exist
03-25 16:02:55.658 2443 2443 W libc : Access denied finding property "vendor.transsion.scroll_adjust.support"
03-25 16:02:55.659 2443 2443 W libc : Access denied finding property "vendor.transsion.scroll_adjust.support"
03-25 16:02:55.659 2443 2443 W libc : Access denied finding property "vendor.transsion.scroll_adjust.support"
03-25 16:02:55.659 2443 2443 W libc : Access denied finding property "vendor.transsion.scroll_adjust.support"
03-25 16:02:55.782 2443 2443 E ArmVmp : Match on catch block at 0x0a in for 0x7faf123031
03-25 16:02:55.799 2443 2443 E ArmVmp : Match on catch block at 0x0a in for 0x7faf12304d
03-25 16:02:55.827 2443 2443 W Activity: Can request only one set of permissions at a time
03-25 16:02:55.906 2443 2443 W libc : Access denied finding property "ro.vendor.tgpa_resolution_tuner"
03-25 16:02:55.911 2443 2443 W libc : Access denied finding property "ro.vendor.scaler_version"
03-25 16:02:55.911 2443 2443 W libc : Access denied finding property "ro.vendor.scaler_version"
03-25 16:02:56.051 2443 2443 W libc : Access denied finding property "vendor.transsion.scroll_adjust.support"
03-25 16:02:56.051 2443 2443 W libc : Access denied finding property "vendor.transsion.scroll_adjust.support"
03-25 16:02:56.057 2443 2443 W libc : Access denied finding property "vendor.transsion.scroll_adjust.support"
03-25 16:02:56.057 2443 2443 W libc : Access denied finding property "vendor.transsion.scroll_adjust.support"
03-25 16:02:56.062 2443 2443 W libc : Access denied finding property "vendor.transsion.scroll_adjust.support"
03-25 16:02:56.063 2443 2443 W libc : Access denied finding property "vendor.transsion.scroll_adjust.support"
03-25 16:02:56.067 2443 2443 W libc : Access denied finding property "vendor.transsion.scroll_adjust.support"
03-25 16:02:56.067 2443 2443 W libc : Access denied finding property "vendor.transsion.scroll_adjust.support"
03-25 16:02:56.082 2443 2443 W libc : Access denied finding property "vendor.transsion.scroll_adjust.support"
03-25 16:02:56.082 2443 2443 W libc : Access denied finding property "vendor.transsion.scroll_adjust.support"
03-25 16:02:56.132 2443 2443 E FBI : Can't load library: dlopen failed: library "libmagtsync.so" not found
03-25 16:02:56.155 2443 2559 W OpenGLRenderer: ShaderCache::tranMaxTotalSize is 1048576
03-25 16:02:56.158 2443 2443 E RecyclerView: No adapter attached; skipping layout
03-25 16:02:56.209 2443 2559 W Parcel : Expecting binder but got null!
03-25 16:02:56.220 2443 2443 E ArmVmp : Match on catch block at 0x0a in for 0x7faf123035
03-25 16:02:56.284 2443 2443 E RecyclerView: No adapter attached; skipping layout
03-25 16:02:56.372 2443 2443 W libc : Access denied finding property "vendor.transsion.scroll_adjust.support"
03-25 16:02:56.372 2443 2443 W libc : Access denied finding property "vendor.transsion.scroll_adjust.support"
03-25 16:02:56.377 2443 2769 W LOTTIE : Animation contains merge paths. Merge paths are only supported on KitKat+ and must be manually enabled by calling enableMergePathsForKitKatAndAbove().
03-25 16:02:56.393 2443 2443 W libc : Access denied finding property "vendor.transsion.scroll_adjust.support"
03-25 16:02:56.393 2443 2443 W libc : Access denied finding property "vendor.transsion.scroll_adjust.support"
03-25 16:02:56.397 2443 2443 W LOTTIE : Animation contains merge paths but they are disabled.
03-25 16:02:56.449 2443 2443 W libc : Access denied finding property "vendor.transsion.scroll_adjust.support"
03-25 16:02:56.449 2443 2443 W libc : Access denied finding property "vendor.transsion.scroll_adjust.support"
03-25 16:03:01.801 2443 2799 W com.mbwhatsapp: Cleared Reference was only reachable from finalizer (only reported once)
03-25 16:03:06.283 2443 2567 W com.mbwhatsapp: Accessing hidden method Lcom/android/org/conscrypt/ConscryptEngineSocket;->setUseSessionTickets(Z)V (max- target-q,core-platform-api, reflection, denied)
03-25 16:03:06.285 2443 2567 W com.mbwhatsapp: Accessing hidden method Lcom/android/org/conscrypt/OpenSSLSocketImpl;->setUseSessionTickets(Z)V (max- target-q,core-platform-api, reflection, denied)
03-25 16:03:06.285 2443 2567 W com.mbwhatsapp: Accessing hidden method Lcom/android/org/conscrypt/AbstractConscryptSocket;->setUseSessionTickets(Z)V (max- target-q, reflection, denied)
03-25 16:03:06.286 2443 2567 W com.mbwhatsapp: Accessing hidden method Lcom/android/org/conscrypt/ConscryptEngineSocket;->setHostname(Ljava/lang/String;)V (max-target-q,core-platform-api, reflection, denied)
03-25 16:03:06.286 2443 2567 W com.mbwhatsapp: Accessing hidden method Lcom/android/org/conscrypt/OpenSSLSocketImpl;->setHostname(Ljava/lang/String;)V (max-target-q,core-platform-api, reflection, denied)
03-25 16:03:06.286 2443 2567 W com.mbwhatsapp: Accessing hidden method Lcom/android/org/conscrypt/AbstractConscryptSocket;->setHostname(Ljava/lang/ String;)V (max-target-q, reflection, denied)
03-25 16:03:06.286 2443 2567 W com.mbwhatsapp: Accessing hidden method Lcom/android/org/conscrypt/OpenSSLSocketImpl;->setAlpnProtocols([B)V (max-target- q,core-platform-api, reflection, denied)
03-25 16:03:06.287 2443 2567 W com.mbwhatsapp: Accessing hidden method Lcom/android/org/conscrypt/AbstractConscryptSocket;->setAlpnProtocols([B)V (max- target-q, reflection, denied)
03-25 16:03:07.294 2443 2487 W LibraryVersion: Failed to get app version for libraryName: firebase-iid
03-25 16:03:07.469 2443 2483 E ArmVmp : No matching catch block at 0x07
03-25 16:03:07.469 2443 2483 E ArmVmp : Match on catch block at 0x02 in for 0x7fadca1805
03-25 16:03:07.470 2443 2483 W System.err: java.net.SocketException: Connection reset
03-25 16:03:07.474 2443 2483 W System.err: at java.net.SocketInputStream.read(SocketInputStream.java:191)
03-25 16:03:07.474 2443 2483 W System.err: at java.net.SocketInputStream.read(SocketInputStream.java:143)
03-25 16:03:07.474 2443 2483 W System.err: at com.android.org.conscrypt.ConscryptEngineSocket$SSLInputStream.readFromSocket(Consc ryptEngineSocket.java:983)
03-25 16:03:07.475 2443 2483 W System.err: at com.android.org.conscrypt.ConscryptEngineSocket$SSLInputStream.processDataFromSocke t(ConscryptEngineSocket.java:947)
03-25 16:03:07.475 2443 2483 W System.err: at com.android.org.conscrypt.ConscryptEngineSocket$SSLInputStream.-$ $Nest$mprocessDataFromSocket(Unknown Source:0)
03-25 16:03:07.475 2443 2483 W System.err: at com.android.org.conscrypt.ConscryptEngineSocket.doHandshake(ConscryptEngineSocket.j ava:236)
03-25 16:03:07.475 2443 2483 W System.err: at com.android.org.conscrypt.ConscryptEngineSocket.startHandshake(ConscryptEngineSocke t.java:218)
03-25 16:03:07.475 2443 2483 W System.err: at com.android.okhttp.internal.io.RealConnection.connectTls(RealConnection.java:196)
03-25 16:03:07.475 2443 2483 W System.err: at com.android.okhttp.internal.io.RealConnection.connectSocket(RealConnection.java:153 )
03-25 16:03:07.475 2443 2483 W System.err: at com.android.okhttp.internal.io.RealConnection.connect(RealConnection.java:116)
03-25 16:03:07.476 2443 2483 W System.err: at com.android.okhttp.internal.http.StreamAllocation.findConnection(StreamAllocation.j ava:186)
03-25 16:03:07.476 2443 2483 W System.err: at com.android.okhttp.internal.http.StreamAllocation.findHealthyConnection(StreamAlloc ation.java:128)
03-25 16:03:07.476 2443 2483 W System.err: at com.android.okhttp.internal.http.StreamAllocation.newStream(StreamAllocation.java:9 7)
03-25 16:03:07.476 2443 2483 W System.err: at com.android.okhttp.internal.http.HttpEngine.connect(HttpEngine.java:289)
03-25 16:03:07.476 2443 2483 W System.err: at com.android.okhttp.internal.http.HttpEngine.sendRequest(HttpEngine.java:232)
03-25 16:03:07.476 2443 2483 W System.err: at com.android.okhttp.internal.huc.HttpURLConnectionImpl.execute(HttpURLConnectionImpl .java:465)
03-25 16:03:07.476 2443 2483 W System.err: at com.android.okhttp.internal.huc.HttpURLConnectionImpl.getResponse(HttpURLConnection Impl.java:411)
03-25 16:03:07.476 2443 2483 W System.err: at com.android.okhttp.internal.huc.HttpURLConnectionImpl.getInputStream(HttpURLConnect ionImpl.java:248)
03-25 16:03:07.477 2443 2483 W System.err: at com.android.okhttp.internal.huc.DelegatingHttpsURLConnection.getInputStream(Delegat ingHttpsURLConnection.java:211)
03-25 16:03:07.477 2443 2483 W System.err: at com.android.okhttp.internal.huc.HttpsURLConnectionImpl.getInputStream(HttpsURLConne ctionImpl.java:30)
03-25 16:03:07.477 2443 2483 W System.err: at java.net.URL.openStream(URL.java:1072)
03-25 16:03:07.478 2443 2483 W System.err: at mbmodsd.mbmodsw.mbdialog.MBDialogMan.loadJsonFromUrl(Native Method)
03-25 16:03:07.478 2443 2483 W System.err: at mbmodsd.mbmodsw.mbdialog.MBDialogMan.access$000(Native Method)
03-25 16:03:07.478 2443 2483 W System.err: at mbmodsd.mbmodsw.mbdialog.MBDialogMan$FetchJsonTask.doInBackground(Native Method)
03-25 16:03:07.479 2443 2483 W System.err: at mbmodsd.mbmodsw.mbdialog.MBDialogMan$FetchJsonTask.doInBackground(Native Method)
03-25 16:03:07.479 2443 2483 W System.err: at android.os.AsyncTask$3.call(AsyncTask.java:394)
03-25 16:03:07.479 2443 2483 W System.err: at java.util.concurrent.FutureTask.run(FutureTask.java:264)
03-25 16:03:07.479 2443 2483 W System.err: at android.os.AsyncTask$SerialExecutor$1.run(AsyncTask.java:305)
03-25 16:03:07.480 2443 2483 W System.err: at java.util.concurrent.ThreadPoolExecutor.runWorker(ThreadPoolExecutor.java:1145)
03-25 16:03:07.480 2443 2483 W System.err: at java.util.concurrent.ThreadPoolExecutor$Worker.run(ThreadPoolExecutor.java:644)
03-25 16:03:07.480 2443 2483 W System.err: at java.lang.Thread.run(Thread.java:1012)
03-25 16:03:07.523 2443 2567 W com.mbwhatsapp: Accessing hidden method Lcom/android/org/conscrypt/OpenSSLSocketImpl;->getAlpnSelectedProtocol()[B (max- target-q,core-platform-api, reflection, denied)
03-25 16:03:07.523 2443 2567 W com.mbwhatsapp: Accessing hidden method Lcom/android/org/conscrypt/AbstractConscryptSocket;->getAlpnSelectedProtocol()[B (max-target-q, reflection, denied)
03-25 16:06:01.718 2443 4723 E RenderScript: Failed loading RS driver: dlopen failed: library "libRSDriver_mtk.so" not found
03-25 16:06:01.718 2443 4723 E RenderScript: Failed to load runtime libRSDriver_mtk.so, loading default
03-25 16:06:01.736 2443 2443 W libc : Access denied finding property "vendor.transsion.scroll_adjust.support"
03-25 16:06:01.736 2443 2443 W libc : Access denied finding property "vendor.transsion.scroll_adjust.support"
03-25 16:06:01.775 2443 2443 W libc : Access denied finding property "vendor.transsion.scroll_adjust.support"
03-25 16:06:01.775 2443 2443 W libc : Access denied finding property "vendor.transsion.scroll_adjust.support"
03-25 16:06:01.797 2443 4734 W LOTTIE : Unknown shape type rd
03-25 16:06:01.841 2443 2443 E ArmVmp : Match on catch block at 0x0a in for 0x7faf123035
03-25 16:06:01.845 2443 2443 E ArmVmp : Match on catch block at 0x0a in for 0x7faf123035
03-25 16:06:01.901 2443 2443 E ArmVmp : Match on catch block at 0xc3 in for 0x7faf123021
03-25 16:06:01.905 2443 2443 E ArmVmp : Match on catch block at 0xc3 in for 0x7faf123021
03-25 16:06:01.935 2443 2559 W Parcel : Expecting binder but got null!
03-25 16:06:01.953 2443 2443 E ArmVmp : Match on catch block at 0xc3 in for 0x7faf123025
03-25 16:06:01.954 2443 2443 E ArmVmp : Match on catch block at 0xc3 in for 0x7faf123025
03-25 16:06:01.966 2443 2443 E ArmVmp : Match on catch block at 0xc3 in for 0x7faf123025
03-25 16:06:01.967 2443 2443 E ArmVmp : Match on catch block at 0xc3 in for 0x7faf123025
03-25 16:06:01.992 2443 2443 E ArmVmp : Match on catch block at 0xc3 in for 0x7faf123025
03-25 16:06:01.994 2443 2443 E ArmVmp : Match on catch block at 0xc3 in for 0x7faf123025
03-25 16:06:02.005 2443 2443 E ArmVmp : Match on catch block at 0xc3 in for 0x7faf123025
03-25 16:06:02.008 2443 2443 E ArmVmp : Match on catch block at 0xc3 in for 0x7faf123025
03-25 16:06:02.016 2443 2443 E ArmVmp : Match on catch block at 0xc3 in for 0x7faf123025
03-25 16:06:02.017 2443 2443 E ArmVmp : Match on catch block at 0xc3 in for 0x7faf123025
03-25 16:06:02.033 2443 2443 E ArmVmp : Match on catch block at 0xc3 in for 0x7faf123025
03-25 16:06:02.034 2443 2443 E ArmVmp : Match on catch block at 0xc3 in for 0x7faf123025
03-25 16:06:02.044 2443 2443 E ArmVmp : Match on catch block at 0xc3 in for 0x7faf123025
03-25 16:06:02.046 2443 2443 E ArmVmp : Match on catch block at 0xc3 in for 0x7faf123025
03-25 16:06:02.059 2443 2443 E ArmVmp : Match on catch block at 0xc3 in for 0x7faf123025
03-25 16:06:02.061 2443 2443 E ArmVmp : Match on catch block at 0xc3 in for 0x7faf123025
03-25 16:06:02.077 2443 2443 E ArmVmp : Match on catch block at 0xc3 in for 0x7faf123025
03-25 16:06:02.080 2443 2443 E ArmVmp : Match on catch block at 0xc3 in for 0x7faf123025
03-25 16:06:02.094 2443 2443 E ArmVmp : Match on catch block at 0xc3 in for 0x7faf123025
03-25 16:06:02.096 2443 2443 E ArmVmp : Match on catch block at 0xc3 in for 0x7faf123025
03-25 16:06:02.485 2443 2443 E ArmVmp : Match on catch block at 0xc3 in for 0x7faf123025
03-25 16:06:02.488 2443 2443 E ArmVmp : Match on catch block at 0xc3 in for 0x7faf123025
03-25 16:06:02.698 2443 2443 E ArmVmp : Match on catch block at 0xc3 in for 0x7faf123025
03-25 16:06:02.700 2443 2443 E ArmVmp : Match on catch block at 0xc3 in for 0x7faf123025
03-25 16:06:02.716 2443 2443 E ArmVmp : Match on catch block at 0xc3 in for 0x7faf123025
03-25 16:06:02.718 2443 2443 E ArmVmp : Match on catch block at 0xc3 in for 0x7faf123025
03-25 16:06:02.733 2443 2443 E ArmVmp : Match on catch block at 0xc3 in for 0x7faf123025
03-25 16:06:02.736 2443 2443 E ArmVmp : Match on catch block at 0xc3 in for 0x7faf123025
03-25 16:06:02.756 2443 2443 E ArmVmp : Match on catch block at 0xc3 in for 0x7faf123025
03-25 16:06:02.759 2443 2443 E ArmVmp : Match on catch block at 0xc3 in for 0x7faf123025
03-25 16:06:02.777 2443 2443 E ArmVmp : Match on catch block at 0xc3 in for 0x7faf123025
03-25 16:06:02.781 2443 2443 E ArmVmp : Match on catch block at 0xc3 in for 0x7faf123025
03-25 16:06:02.796 2443 2443 E ArmVmp : Match on catch block at 0xc3 in for 0x7faf123025
03-25 16:06:02.799 2443 2443 E ArmVmp : Match on catch block at 0xc3 in for 0x7faf123025
03-25 16:06:02.818 2443 2443 E ArmVmp : Match on catch block at 0xc3 in for 0x7faf123025
03-25 16:06:02.821 2443 2443 E ArmVmp : Match on catch block at 0xc3 in for 0x7faf123025
03-25 16:06:02.836 2443 2443 E ArmVmp : Match on catch block at 0xc3 in for 0x7faf123025
03-25 16:06:02.839 2443 2443 E ArmVmp : Match on catch block at 0xc3 in for 0x7faf123025
03-25 16:06:02.851 2443 2443 E ArmVmp : Match on catch block at 0xc3 in for 0x7faf123025
03-25 16:06:02.854 2443 2443 E ArmVmp : Match on catch block at 0xc3 in for 0x7faf123025
03-25 16:06:02.868 2443 2443 E ArmVmp : Match on catch block at 0xc3 in for 0x7faf123025
03-25 16:06:02.871 2443 2443 E ArmVmp : Match on catch block at 0xc3 in for 0x7faf123025
03-25 16:06:02.885 2443 2443 E ArmVmp : Match on catch block at 0xc3 in for 0x7faf123025
03-25 16:06:02.888 2443 2443 E ArmVmp : Match on catch block at 0xc3 in for 0x7faf123025
03-25 16:06:02.892 2443 2443 E ArmVmp : Match on catch block at 0xc3 in for 0x7faf123025
03-25 16:06:02.895 2443 2443 E ArmVmp : Match on catch block at 0xc3 in for 0x7faf123025
03-25 16:06:02.911 2443 2443 E ArmVmp : Match on catch block at 0xc3 in for 0x7faf123025
03-25 16:06:02.914 2443 2443 E ArmVmp : Match on catch block at 0xc3 in for 0x7faf123025
03-25 16:06:02.929 2443 2443 E ArmVmp : Match on catch block at 0xc3 in for 0x7faf123025
03-25 16:06:02.932 2443 2443 E ArmVmp : Match on catch block at 0xc3 in for 0x7faf123025
03-25 16:06:02.947 2443 2443 E ArmVmp : Match on catch block at 0xc3 in for 0x7faf123025
03-25 16:06:02.950 2443 2443 E ArmVmp : Match on catch block at 0xc3 in for 0x7faf123025
03-25 16:06:02.964 2443 2443 E ArmVmp : Match on catch block at 0xc3 in for 0x7faf123025
03-25 16:06:02.967 2443 2443 E ArmVmp : Match on catch block at 0xc3 in for 0x7faf123025
03-25 16:06:02.981 2443 2443 E ArmVmp : Match on catch block at 0xc3 in for 0x7faf123025
03-25 16:06:02.984 2443 2443 E ArmVmp : Match on catch block at 0xc3 in for 0x7faf123025
03-25 16:06:02.999 2443 2443 E ArmVmp : Match on catch block at 0xc3 in for 0x7faf123025
03-25 16:06:03.002 2443 2443 E ArmVmp : Match on catch block at 0xc3 in for 0x7faf123025
03-25 16:06:03.496 2443 2443 E ArmVmp : Match on catch block at 0xc3 in for 0x7faf123025
03-25 16:06:03.499 2443 2443 E ArmVmp : Match on catch block at 0xc3 in for 0x7faf123025
03-25 16:06:03.568 2443 2443 E ArmVmp : Match on catch block at 0xc3 in for 0x7faf123025
03-25 16:06:03.572 2443 2443 E ArmVmp : Match on catch block at 0xc3 in for 0x7faf123025
03-25 16:06:03.586 2443 2443 E ArmVmp : Match on catch block at 0xc3 in for 0x7faf123025
03-25 16:06:03.590 2443 2443 E ArmVmp : Match on catch block at 0xc3 in for 0x7faf123025
03-25 16:06:03.596 2443 2443 E ArmVmp : Match on catch block at 0xc3 in for 0x7faf123025
03-25 16:06:03.598 2443 2443 E ArmVmp : Match on catch block at 0xc3 in for 0x7faf123025
03-25 16:06:03.609 2443 2443 E ArmVmp : Match on catch block at 0xc3 in for 0x7faf123025
03-25 16:06:03.612 2443 2443 E ArmVmp : Match on catch block at 0xc3 in for 0x7faf123025
03-25 16:06:03.617 2443 2443 E ArmVmp : Match on catch block at 0xc3 in for 0x7faf123025
03-25 16:06:03.618 2443 2443 E ArmVmp : Match on catch block at 0xc3 in for 0x7faf123025
03-25 16:06:03.633 2443 2443 E ArmVmp : Match on catch block at 0xc3 in for 0x7faf123025
03-25 16:06:03.637 2443 2443 E ArmVmp : Match on catch block at 0xc3 in for 0x7faf123025
03-25 16:06:03.651 2443 2443 E ArmVmp : Match on catch block at 0xc3 in for 0x7faf123025
03-25 16:06:03.655 2443 2443 E ArmVmp : Match on catch block at 0xc3 in for 0x7faf123025
03-25 16:06:03.668 2443 2443 E ArmVmp : Match on catch block at 0xc3 in for 0x7faf123025
03-25 16:06:03.671 2443 2443 E ArmVmp : Match on catch block at 0xc3 in for 0x7faf123025
03-25 16:06:03.683 2443 2443 E ArmVmp : Match on catch block at 0xc3 in for 0x7faf123025
03-25 16:06:03.686 2443 2443 E ArmVmp : Match on catch block at 0xc3 in for 0x7faf123025
03-25 16:06:03.699 2443 2443 E ArmVmp : Match on catch block at 0xc3 in for 0x7faf123025
03-25 16:06:03.701 2443 2443 E ArmVmp : Match on catch block at 0xc3 in for 0x7faf123025
03-25 16:06:03.717 2443 2443 E ArmVmp : Match on catch block at 0xc3 in for 0x7faf123025
03-25 16:06:03.718 2443 2443 E ArmVmp : Match on catch block at 0xc3 in for 0x7faf123025
03-25 16:06:03.737 2443 2443 E ArmVmp : Match on catch block at 0xc3 in for 0x7faf123025
03-25 16:06:03.739 2443 2443 E ArmVmp : Match on catch block at 0xc3 in for 0x7faf123025
03-25 16:06:03.774 2443 2443 E ArmVmp : Match on catch block at 0xc3 in for 0x7faf123025
03-25 16:06:03.777 2443 2443 E ArmVmp : Match on catch block at 0xc3 in for 0x7faf123025
03-25 16:06:03.793 2443 2443 E ArmVmp : Match on catch block at 0xc3 in for 0x7faf123025
03-25 16:06:03.794 2443 2443 E ArmVmp : Match on catch block at 0xc3 in for 0x7faf123025
03-25 16:06:03.810 2443 2443 E ArmVmp : Match on catch block at 0xc3 in for 0x7faf123025
03-25 16:06:03.812 2443 2443 E ArmVmp : Match on catch block at 0xc3 in for 0x7faf123025
03-25 16:06:03.828 2443 2443 E ArmVmp : Match on catch block at 0xc3 in for 0x7faf123025
03-25 16:06:03.830 2443 2443 E ArmVmp : Match on catch block at 0xc3 in for 0x7faf123025
03-25 16:06:03.843 2443 2443 E ArmVmp : Match on catch block at 0xc3 in for 0x7faf123025
03-25 16:06:03.845 2443 2443 E ArmVmp : Match on catch block at 0xc3 in for 0x7faf123025
03-25 16:06:03.863 2443 2443 E ArmVmp : Match on catch block at 0xc3 in for 0x7faf123025
03-25 16:06:03.864 2443 2443 E ArmVmp : Match on catch block at 0xc3 in for 0x7faf123025
03-25 16:06:04.133 2443 2443 E ArmVmp : Match on catch block at 0xc3 in for 0x7faf123025
03-25 16:06:04.135 2443 2443 E ArmVmp : Match on catch block at 0xc3 in for 0x7faf123025
03-25 16:06:04.163 2443 2443 E ArmVmp : Match on catch block at 0xc3 in for 0x7faf123025
03-25 16:06:04.166 2443 2443 E ArmVmp : Match on catch block at 0xc3 in for 0x7faf123025
03-25 16:06:05.053 2443 2443 W libc : Access denied finding property "vendor.transsion.scroll_adjust.support"
03-25 16:06:05.053 2443 2443 W libc : Access denied finding property "vendor.transsion.scroll_adjust.support"
03-25 16:06:05.080 2443 2443 W libc : Access denied finding property "vendor.transsion.scroll_adjust.support"
03-25 16:06:05.080 2443 2443 W libc : Access denied finding property "vendor.transsion.scroll_adjust.support"
03-25 16:06:05.122 2443 2443 E ArmVmp : Match on catch block at 0x0a in for 0x7faf123035
03-25 16:06:05.124 2443 2443 E ArmVmp : Match on catch block at 0x0a in for 0x7faf123035
03-25 16:06:05.172 2443 2443 E ArmVmp : Match on catch block at 0xc3 in for 0x7faf123021
03-25 16:06:05.174 2443 2443 E ArmVmp : Match on catch block at 0xc3 in for 0x7faf123021
03-25 16:06:05.188 2443 2559 W Parcel : Expecting binder but got null!
03-25 16:06:05.199 2443 2443 E ArmVmp : Match on catch block at 0xc3 in for 0x7faf123025
03-25 16:06:05.201 2443 2443 E ArmVmp : Match on catch block at 0xc3 in for 0x7faf123025
03-25 16:06:05.214 2443 2443 E ArmVmp : Match on catch block at 0xc3 in for 0x7faf123025
03-25 16:06:05.215 2443 2443 E ArmVmp : Match on catch block at 0xc3 in for 0x7faf123025
03-25 16:06:05.232 2443 2443 E ArmVmp : Match on catch block at 0xc3 in for 0x7faf123025
03-25 16:06:05.235 2443 2443 E ArmVmp : Match on catch block at 0xc3 in for 0x7faf123025
03-25 16:06:05.245 2443 2443 E ArmVmp : Match on catch block at 0xc3 in for 0x7faf123025
03-25 16:06:05.246 2443 2443 E ArmVmp : Match on catch block at 0xc3 in for 0x7faf123025
03-25 16:06:05.263 2443 2443 E ArmVmp : Match on catch block at 0xc3 in for 0x7faf123025
03-25 16:06:05.264 2443 2443 E ArmVmp : Match on catch block at 0xc3 in for 0x7faf123025
03-25 16:06:05.279 2443 2443 E ArmVmp : Match on catch block at 0xc3 in for 0x7faf123025
03-25 16:06:05.281 2443 2443 E ArmVmp : Match on catch block at 0xc3 in for 0x7faf123025
03-25 16:06:05.296 2443 2443 E ArmVmp : Match on catch block at 0xc3 in for 0x7faf123025
03-25 16:06:05.297 2443 2443 E ArmVmp : Match on catch block at 0xc3 in for 0x7faf123025
03-25 16:06:05.313 2443 2443 E ArmVmp : Match on catch block at 0xc3 in for 0x7faf123025
03-25 16:06:05.316 2443 2443 E ArmVmp : Match on catch block at 0xc3 in for 0x7faf123025
03-25 16:06:05.322 2443 2443 E ArmVmp : Match on catch block at 0xc3 in for 0x7faf123025
03-25 16:06:05.325 2443 2443 E ArmVmp : Match on catch block at 0xc3 in for 0x7faf123025
03-25 16:06:05.339 2443 2443 E ArmVmp : Match on catch block at 0xc3 in for 0x7faf123025
03-25 16:06:05.341 2443 2443 E ArmVmp : Match on catch block at 0xc3 in for 0x7faf123025
03-25 16:06:05.356 2443 2443 E ArmVmp : Match on catch block at 0xc3 in for 0x7faf123025
03-25 16:06:05.358 2443 2443 E ArmVmp : Match on catch block at 0xc3 in for 0x7faf123025
03-25 16:06:05.731 2443 2443 E ArmVmp : Match on catch block at 0xc3 in for 0x7faf123025
03-25 16:06:05.734 2443 2443 E ArmVmp : Match on catch block at 0xc3 in for 0x7faf123025
03-25 16:06:05.961 2443 2443 E ArmVmp : Match on catch block at 0xc3 in for 0x7faf123025
03-25 16:06:05.964 2443 2443 E ArmVmp : Match on catch block at 0xc3 in for 0x7faf123025
03-25 16:06:05.978 2443 2443 E ArmVmp : Match on catch block at 0xc3 in for 0x7faf123025
03-25 16:06:05.980 2443 2443 E ArmVmp : Match on catch block at 0xc3 in for 0x7faf123025
03-25 16:06:05.997 2443 2443 E ArmVmp : Match on catch block at 0xc3 in for 0x7faf123025
03-25 16:06:06.000 2443 2443 E ArmVmp : Match on catch block at 0xc3 in for 0x7faf123025
03-25 16:06:06.020 2443 2443 E ArmVmp : Match on catch block at 0xc3 in for 0x7faf123025
03-25 16:06:06.023 2443 2443 E ArmVmp : Match on catch block at 0xc3 in for 0x7faf123025
03-25 16:06:06.040 2443 2443 E ArmVmp : Match on catch block at 0xc3 in for 0x7faf123025
03-25 16:06:06.043 2443 2443 E ArmVmp : Match on catch block at 0xc3 in for 0x7faf123025
03-25 16:06:06.062 2443 2443 E ArmVmp : Match on catch block at 0xc3 in for 0x7faf123025
03-25 16:06:06.064 2443 2443 E ArmVmp : Match on catch block at 0xc3 in for 0x7faf123025
03-25 16:06:06.080 2443 2443 E ArmVmp : Match on catch block at 0xc3 in for 0x7faf123025
03-25 16:06:06.083 2443 2443 E ArmVmp : Match on catch block at 0xc3 in for 0x7faf123025
03-25 16:06:06.097 2443 2443 E ArmVmp : Match on catch block at 0xc3 in for 0x7faf123025
03-25 16:06:06.100 2443 2443 E ArmVmp : Match on catch block at 0xc3 in for 0x7faf123025
03-25 16:06:06.113 2443 2443 E ArmVmp : Match on catch block at 0xc3 in for 0x7faf123025
03-25 16:06:06.118 2443 2443 E ArmVmp : Match on catch block at 0xc3 in for 0x7faf123025
03-25 16:06:06.130 2443 2443 E ArmVmp : Match on catch block at 0xc3 in for 0x7faf123025
03-25 16:06:06.133 2443 2443 E ArmVmp : Match on catch block at 0xc3 in for 0x7faf123025
03-25 16:06:06.139 2443 2443 E ArmVmp : Match on catch block at 0xc3 in for 0x7faf123025
03-25 16:06:06.141 2443 2443 E ArmVmp : Match on catch block at 0xc3 in for 0x7faf123025
03-25 16:06:06.156 2443 2443 E ArmVmp : Match on catch block at 0xc3 in for 0x7faf123025
03-25 16:06:06.158 2443 2443 E ArmVmp : Match on catch block at 0xc3 in for 0x7faf123025
03-25 16:06:06.174 2443 2443 E ArmVmp : Match on catch block at 0xc3 in for 0x7faf123025
03-25 16:06:06.177 2443 2443 E ArmVmp : Match on catch block at 0xc3 in for 0x7faf123025
03-25 16:06:06.192 2443 2443 E ArmVmp : Match on catch block at 0xc3 in for 0x7faf123025
03-25 16:06:06.195 2443 2443 E ArmVmp : Match on catch block at 0xc3 in for 0x7faf123025
03-25 16:06:06.210 2443 2443 E ArmVmp : Match on catch block at 0xc3 in for 0x7faf123025
03-25 16:06:06.213 2443 2443 E ArmVmp : Match on catch block at 0xc3 in for 0x7faf123025
03-25 16:06:06.226 2443 2443 E ArmVmp : Match on catch block at 0xc3 in for 0x7faf123025
03-25 16:06:06.229 2443 2443 E ArmVmp : Match on catch block at 0xc3 in for 0x7faf123025
03-25 16:06:06.259 2443 2443 W os.MultipleLicesFactory: instance failed. Factory=com.transsion.activityembedding.ActivityEmbeddingLiceFactory from android.app.IActivityOptionsLice
03-25 16:06:06.263 2443 2443 E ArmVmp : Match on catch block at 0xc3 in for 0x7faf123025
03-25 16:06:06.265 2443 2443 E ArmVmp : Match on catch block at 0xc3 in for 0x7faf123025
03-25 16:06:06.270 2443 2559 E FrameEvents: updateAcquireFence: Did not find frame.
03-25 16:06:06.290 2443 2443 E ArmVmp : Match on catch block at 0xc3 in for 0x7faf123025
03-25 16:06:06.292 2443 2443 E ArmVmp : Match on catch block at 0xc3 in for 0x7faf123025
03-25 16:06:06.355 2443 2443 W libc : Access denied finding property "vendor.transsion.scroll_adjust.support"
03-25 16:06:06.355 2443 2443 W libc : Access denied finding property "vendor.transsion.scroll_adjust.support"
03-25 16:06:06.363 2443 2443 W ResourceType: Bad XML block: header size 18254 or total size 169478669 is larger than data size 380
03-25 16:06:06.366 2443 2443 W ResourceType: Bad XML block: header size 18254 or total size 169478669 is larger than data size 633
03-25 16:06:06.372 2443 2443 W ResourceType: Bad XML block: header size 18254 or total size 169478669 is larger than data size 677
03-25 16:06:06.374 2443 2443 W ResourceType: Bad XML block: header size 18254 or total size 169478669 is larger than data size 248
03-25 16:06:06.378 2443 2443 W ResourceType: Bad XML block: header size 18254 or total size 169478669 is larger than data size 571
03-25 16:06:06.381 2443 2443 W ResourceType: Bad XML block: header size 18254 or total size 169478669 is larger than data size 333
03-25 16:06:06.383 2443 2443 W ResourceType: Bad XML block: header size 18254 or total size 169478669 is larger than data size 650
03-25 16:06:06.386 2443 2443 W ResourceType: Bad XML block: header size 18254 or total size 169478669 is larger than data size 1150
03-25 16:06:06.388 2443 2443 W ResourceType: Bad XML block: header size 18254 or total size 169478669 is larger than data size 491
03-25 16:06:06.390 2443 2443 W ResourceType: Bad XML block: header size 18254 or total size 169478669 is larger than data size 1150
03-25 16:06:06.392 2443 2443 W ResourceType: Bad XML block: header size 18254 or total size 169478669 is larger than data size 659
03-25 16:06:06.394 2443 2443 W ResourceType: Bad XML block: header size 18254 or total size 169478669 is larger than data size 593
03-25 16:06:06.399 2443 2443 W ResourceType: Bad XML block: header size 18254 or total size 169478669 is larger than data size 1171
03-25 16:06:06.401 2443 2443 W ResourceType: Bad XML block: header size 18254 or total size 169478669 is larger than data size 510
03-25 16:06:06.421 2443 2443 W ResourceType: Bad XML block: header size 18254 or total size 169478669 is larger than data size 853
03-25 16:06:06.457 2443 2443 W ResourceType: Bad XML block: header size 18254 or total size 169478669 is larger than data size 650
03-25 16:06:06.496 2443 2443 W View : requestLayout() improperly called by android.widget.Space{7552e59 I.ED..... ......I. 36,108-48,120 #7f0b00ba app:id/action_tile_spacing} during layout: running second layout pass
03-25 16:06:06.496 2443 2443 W View : requestLayout() improperly called by android.widget.Space{53a0a1e I.ED..... ......I. 36,108-48,120 #7f0b00ba app:id/action_tile_spacing} during layout: running second layout pass
03-25 16:06:06.496 2443 2443 W View : requestLayout() improperly called by android.widget.Space{9ffa2ff I.ED..... ......I. 36,108-48,120 #7f0b00ba app:id/action_tile_spacing} during layout: running second layout pass
03-25 16:06:06.501 2443 2443 E ArmVmp : Match on catch block at 0xc3 in for 0x7faf123025
03-25 16:06:06.503 2443 2443 E ArmVmp : Match on catch block at 0xc3 in for 0x7faf123025
03-25 16:06:06.513 2443 2443 E ArmVmp : Match on catch block at 0xc3 in for 0x7faf123025
03-25 16:06:06.516 2443 2443 E ArmVmp : Match on catch block at 0xc3 in for 0x7faf123025
03-25 16:06:06.531 2443 2443 E ArmVmp : Match on catch block at 0xc3 in for 0x7faf123025
03-25 16:06:06.533 2443 2443 E ArmVmp : Match on catch block at 0xc3 in for 0x7faf123025
03-25 16:06:06.577 2443 2559 W Parcel : Expecting binder but got null!
03-25 16:06:06.578 2443 2443 E ArmVmp : Match on catch block at 0xc3 in for 0x7faf123025
03-25 16:06:06.580 2443 2443 E ArmVmp : Match on catch block at 0xc3 in for 0x7faf123025
03-25 16:06:06.586 2443 2443 E ArmVmp : Match on catch block at 0xc3 in for 0x7faf123025
03-25 16:06:06.588 2443 2443 E ArmVmp : Match on catch block at 0xc3 in for 0x7faf123025
03-25 16:06:06.598 2443 2443 E ArmVmp : Match on catch block at 0xc3 in for 0x7faf123025
03-25 16:06:06.600 2443 2443 E ArmVmp : Match on catch block at 0xc3 in for 0x7faf123025
03-25 16:06:06.616 2443 2443 E ArmVmp : Match on catch block at 0xc3 in for 0x7faf123025
03-25 16:06:06.618 2443 2443 E ArmVmp : Match on catch block at 0xc3 in for 0x7faf123025
03-25 16:06:06.706 2443 2443 E ArmVmp : Match on catch block at 0xc3 in for 0x7faf123025
03-25 16:06:06.709 2443 2443 E ArmVmp : Match on catch block at 0xc3 in for 0x7faf123025
03-25 16:06:06.813 2443 2443 E ArmVmp : Match on catch block at 0xc3 in for 0x7faf123025
03-25 16:06:06.816 2443 2443 E ArmVmp : Match on catch block at 0xc3 in for 0x7faf123025
03-25 16:06:06.830 2443 2443 E ArmVmp : Match on catch block at 0xc3 in for 0x7faf123025
03-25 16:06:06.834 2443 2443 E ArmVmp : Match on catch block at 0xc3 in for 0x7faf123025
03-25 16:06:06.862 2443 2443 E ArmVmp : Match on catch block at 0xc3 in for 0x7faf123025
03-25 16:06:06.866 2443 2443 E ArmVmp : Match on catch block at 0xc3 in for 0x7faf123025
03-25 16:06:07.957 2443 2443 E ArmVmp : Match on catch block at 0x0a in for 0x7faf123035
03-25 16:06:07.959 2443 2443 E ArmVmp : Match on catch block at 0x0a in for 0x7faf123035
03-25 16:06:08.007 2443 2443 E ArmVmp : Match on catch block at 0xc3 in for 0x7faf123025
03-25 16:06:08.009 2443 2443 E ArmVmp : Match on catch block at 0xc3 in for 0x7faf123025
03-25 16:06:08.012 2443 2559 E FrameEvents: updateAcquireFence: Did not find frame.
03-25 16:06:08.016 2443 2443 E ArmVmp : Match on catch block at 0xc3 in for 0x7faf123025
03-25 16:06:08.018 2443 2443 E ArmVmp : Match on catch block at 0xc3 in for 0x7faf123025
03-25 16:06:08.032 2443 2443 E ArmVmp : Match on catch block at 0xc3 in for 0x7faf123025
03-25 16:06:08.034 2443 2443 E ArmVmp : Match on catch block at 0xc3 in for 0x7faf123025
03-25 16:06:08.047 2443 2443 E ArmVmp : Match on catch block at 0xc3 in for 0x7faf123025
03-25 16:06:08.052 2443 2443 E ArmVmp : Match on catch block at 0xc3 in for 0x7faf123025
03-25 16:06:08.059 2443 2443 E ArmVmp : Match on catch block at 0xc3 in for 0x7faf123025
03-25 16:06:08.061 2443 2443 E ArmVmp : Match on catch block at 0xc3 in for 0x7faf123025
03-25 16:06:08.070 2443 2443 E ArmVmp : Match on catch block at 0xc3 in for 0x7faf123025
03-25 16:06:08.071 2443 2443 E ArmVmp : Match on catch block at 0xc3 in for 0x7faf123025
03-25 16:06:08.087 2443 2443 E ArmVmp : Match on catch block at 0xc3 in for 0x7faf123025
03-25 16:06:08.089 2443 2443 E ArmVmp : Match on catch block at 0xc3 in for 0x7faf123025
03-25 16:06:08.105 2443 2443 E ArmVmp : Match on catch block at 0xc3 in for 0x7faf123025
03-25 16:06:08.107 2443 2443 E ArmVmp : Match on catch block at 0xc3 in for 0x7faf123025
03-25 16:06:08.162 2443 2443 W ResourceType: Bad XML block: header size 18254 or total size 169478669 is larger than data size 650
03-25 16:06:08.166 2443 2443 E ArmVmp : Match on catch block at 0xc3 in for 0x7faf123025
03-25 16:06:08.168 2443 2443 E ArmVmp : Match on catch block at 0xc3 in for 0x7faf123025
03-25 16:06:08.179 2443 2443 E ArmVmp : Match on catch block at 0xc3 in for 0x7faf123025
03-25 16:06:08.183 2443 2443 E ArmVmp : Match on catch block at 0xc3 in for 0x7faf123025
03-25 16:06:08.373 2443 2443 E ArmVmp : Match on catch block at 0xc3 in for 0x7faf123025
03-25 16:06:08.376 2443 2443 E ArmVmp : Match on catch block at 0xc3 in for 0x7faf123025
03-25 16:06:08.391 2443 2443 E ArmVmp : Match on catch block at 0xc3 in for 0x7faf123025
03-25 16:06:08.393 2443 2443 E ArmVmp : Match on catch block at 0xc3 in for 0x7faf123025
03-25 16:06:08.408 2443 2443 E ArmVmp : Match on catch block at 0xc3 in for 0x7faf123025
03-25 16:06:08.410 2443 2443 E ArmVmp : Match on catch block at 0xc3 in for 0x7faf123025
