03-25 16:07:21.899 2443 2443 E ArmVmp : Match on catch block at 0xc3 in for 0x7faf123025
03-25 16:07:21.907 2443 2443 W OnBackInvokedCallback: OnBackInvokedCallback is not enabled for the application.
03-25 16:07:21.907 2443 2443 W OnBackInvokedCallback: Set 'android:enableOnBackInvokedCallback="true"' in the application manifest.
03-25 16:07:21.910 2443 2443 E ArmVmp : Match on catch block at 0xc3 in for 0x7faf123025
03-25 16:07:21.914 2443 2443 E ArmVmp : Match on catch block at 0xc3 in for 0x7faf123025
03-25 16:07:21.916 2443 2443 E ArmVmp : Match on catch block at 0xc3 in for 0x7faf123025
03-25 16:07:21.927 2443 2443 E ArmVmp : Match on catch block at 0xc3 in for 0x7faf123025
03-25 16:07:21.931 2443 2443 E ArmVmp : Match on catch block at 0xc3 in for 0x7faf123025
03-25 16:07:21.933 2443 2443 E ArmVmp : Match on catch block at 0xc3 in for 0x7faf123025
03-25 16:07:21.950 2443 2443 E ArmVmp : Match on catch block at 0xc3 in for 0x7faf123025
03-25 16:07:21.954 2443 2443 E ArmVmp : Match on catch block at 0xc3 in for 0x7faf123025
03-25 16:07:21.956 2443 2443 E ArmVmp : Match on catch block at 0xc3 in for 0x7faf123025
03-25 16:07:21.962 2443 2443 E ArmVmp : Match on catch block at 0xc3 in for 0x7faf123025
03-25 16:07:21.966 2443 2443 E ArmVmp : Match on catch block at 0xc3 in for 0x7faf123025
03-25 16:07:21.967 2443 2443 E ArmVmp : Match on catch block at 0xc3 in for 0x7faf123025
03-25 16:07:21.980 2443 2443 E ArmVmp : Match on catch block at 0xc3 in for 0x7faf123025
03-25 16:07:21.983 2443 2443 E ArmVmp : Match on catch block at 0xc3 in for 0x7faf123025
03-25 16:07:21.985 2443 2443 E ArmVmp : Match on catch block at 0xc3 in for 0x7faf123025
03-25 16:07:21.998 2443 2443 E ArmVmp : Match on catch block at 0xc3 in for 0x7faf123025
03-25 16:07:22.001 2443 2443 E ArmVmp : Match on catch block at 0xc3 in for 0x7faf123025
03-25 16:07:22.003 2443 2443 E ArmVmp : Match on catch block at 0xc3 in for 0x7faf123025
03-25 16:07:22.016 2443 2443 E ArmVmp : Match on catch block at 0xc3 in for 0x7faf123025
03-25 16:07:22.019 2443 2443 E ArmVmp : Match on catch block at 0xc3 in for 0x7faf123025
03-25 16:07:22.021 2443 2443 E ArmVmp : Match on catch block at 0xc3 in for 0x7faf123025
03-25 16:07:22.033 2443 2443 E ArmVmp : Match on catch block at 0xc3 in for 0x7faf123025
03-25 16:07:22.037 2443 2443 E ArmVmp : Match on catch block at 0xc3 in for 0x7faf123025
03-25 16:07:22.038 2443 2443 E ArmVmp : Match on catch block at 0xc3 in for 0x7faf123025
03-25 16:07:22.051 2443 2443 E ArmVmp : Match on catch block at 0xc3 in for 0x7faf123025
03-25 16:07:22.054 2443 2443 E ArmVmp : Match on catch block at 0xc3 in for 0x7faf123025
03-25 16:07:22.055 2443 2443 E ArmVmp : Match on catch block at 0xc3 in for 0x7faf123025
03-25 16:07:22.069 2443 2443 E ArmVmp : Match on catch block at 0xc3 in for 0x7faf123025
03-25 16:07:22.072 2443 2443 E ArmVmp : Match on catch block at 0xc3 in for 0x7faf123025
03-25 16:07:22.073 2443 2443 E ArmVmp : Match on catch block at 0xc3 in for 0x7faf123025
03-25 16:07:22.086 2443 2443 E ArmVmp : Match on catch block at 0xc3 in for 0x7faf123025
03-25 16:07:22.089 2443 2443 E ArmVmp : Match on catch block at 0xc3 in for 0x7faf123025
03-25 16:07:22.091 2443 2443 E ArmVmp : Match on catch block at 0xc3 in for 0x7faf123025
03-25 16:07:22.104 2443 2443 E ArmVmp : Match on catch block at 0xc3 in for 0x7faf123025
03-25 16:07:22.108 2443 2443 E ArmVmp : Match on catch block at 0xc3 in for 0x7faf123025
03-25 16:07:22.109 2443 2443 E ArmVmp : Match on catch block at 0xc3 in for 0x7faf123025
03-25 16:07:22.122 2443 2443 E ArmVmp : Match on catch block at 0xc3 in for 0x7faf123025
03-25 16:07:22.125 2443 2443 E ArmVmp : Match on catch block at 0xc3 in for 0x7faf123025
03-25 16:07:22.126 2443 2443 E ArmVmp : Match on catch block at 0xc3 in for 0x7faf123025
03-25 16:07:22.140 2443 2443 E ArmVmp : Match on catch block at 0xc3 in for 0x7faf123025
03-25 16:07:22.143 2443 2443 E ArmVmp : Match on catch block at 0xc3 in for 0x7faf123025
03-25 16:07:22.145 2443 2443 E ArmVmp : Match on catch block at 0xc3 in for 0x7faf123025
03-25 16:07:22.353 2443 2443 E ArmVmp : Match on catch block at 0xc3 in for 0x7faf123025
03-25 16:07:22.355 2443 2443 E ArmVmp : Match on catch block at 0xc3 in for 0x7faf123025
03-25 16:07:22.357 2443 2443 E ArmVmp : Match on catch block at 0xc3 in for 0x7faf123025
03-25 16:07:22.548 2443 2443 E ArmVmp : Match on catch block at 0xc3 in for 0x7faf123025
03-25 16:07:22.550 2443 2443 E ArmVmp : Match on catch block at 0xc3 in for 0x7faf123025
03-25 16:07:22.552 2443 2443 E ArmVmp : Match on catch block at 0xc3 in for 0x7faf123025
03-25 16:07:22.566 2443 2443 E ArmVmp : Match on catch block at 0xc3 in for 0x7faf123025
03-25 16:07:22.568 2443 2443 E ArmVmp : Match on catch block at 0xc3 in for 0x7faf123025
03-25 16:07:22.569 2443 2443 E ArmVmp : Match on catch block at 0xc3 in for 0x7faf123025
03-25 16:07:22.583 2443 2443 E ArmVmp : Match on catch block at 0xc3 in for 0x7faf123025
03-25 16:07:22.585 2443 2443 E ArmVmp : Match on catch block at 0xc3 in for 0x7faf123025
03-25 16:07:22.587 2443 2443 E ArmVmp : Match on catch block at 0xc3 in for 0x7faf123025
03-25 16:07:22.601 2443 2443 E ArmVmp : Match on catch block at 0xc3 in for 0x7faf123025
03-25 16:07:22.603 2443 2443 E ArmVmp : Match on catch block at 0xc3 in for 0x7faf123025
03-25 16:07:22.605 2443 2443 E ArmVmp : Match on catch block at 0xc3 in for 0x7faf123025
03-25 16:07:22.622 2443 2443 E ArmVmp : Match on catch block at 0xc3 in for 0x7faf123025
03-25 16:07:22.624 2443 2443 E ArmVmp : Match on catch block at 0xc3 in for 0x7faf123025
03-25 16:07:22.627 2443 2443 E ArmVmp : Match on catch block at 0xc3 in for 0x7faf123025
03-25 16:07:22.651 2443 2443 E ArmVmp : Match on catch block at 0xc3 in for 0x7faf123025
03-25 16:07:22.655 2443 2443 E ArmVmp : Match on catch block at 0xc3 in for 0x7faf123025
03-25 16:07:22.658 2443 2443 E ArmVmp : Match on catch block at 0xc3 in for 0x7faf123025
03-25 16:07:22.667 2443 2443 E ArmVmp : Match on catch block at 0xc3 in for 0x7faf123025
03-25 16:07:22.672 2443 2443 E ArmVmp : Match on catch block at 0xc3 in for 0x7faf123025
03-25 16:07:22.674 2443 2443 E ArmVmp : Match on catch block at 0xc3 in for 0x7faf123025
03-25 16:07:22.685 2443 2443 E ArmVmp : Match on catch block at 0xc3 in for 0x7faf123025
03-25 16:07:22.689 2443 2443 E ArmVmp : Match on catch block at 0xc3 in for 0x7faf123025
03-25 16:07:22.691 2443 2443 E ArmVmp : Match on catch block at 0xc3 in for 0x7faf123025
03-25 16:07:22.702 2443 2443 E ArmVmp : Match on catch block at 0xc3 in for 0x7faf123025
03-25 16:07:22.706 2443 2443 E ArmVmp : Match on catch block at 0xc3 in for 0x7faf123025
03-25 16:07:22.709 2443 2443 E ArmVmp : Match on catch block at 0xc3 in for 0x7faf123025
03-25 16:07:22.719 2443 2443 E ArmVmp : Match on catch block at 0xc3 in for 0x7faf123025
03-25 16:07:22.723 2443 2443 E ArmVmp : Match on catch block at 0xc3 in for 0x7faf123025
03-25 16:07:22.726 2443 2443 E ArmVmp : Match on catch block at 0xc3 in for 0x7faf123025
03-25 16:07:22.745 2443 2443 E ArmVmp : Match on catch block at 0xc3 in for 0x7faf123025
03-25 16:07:22.749 2443 2443 E ArmVmp : Match on catch block at 0xc3 in for 0x7faf123025
03-25 16:07:22.751 2443 2443 E ArmVmp : Match on catch block at 0xc3 in for 0x7faf123025
03-25 16:07:22.762 2443 2443 E ArmVmp : Match on catch block at 0xc3 in for 0x7faf123025
03-25 16:07:22.767 2443 2443 E ArmVmp : Match on catch block at 0xc3 in for 0x7faf123025
03-25 16:07:22.769 2443 2443 E ArmVmp : Match on catch block at 0xc3 in for 0x7faf123025
03-25 16:07:22.780 2443 2443 E ArmVmp : Match on catch block at 0xc3 in for 0x7faf123025
03-25 16:07:22.784 2443 2443 E ArmVmp : Match on catch block at 0xc3 in for 0x7faf123025
03-25 16:07:22.786 2443 2443 E ArmVmp : Match on catch block at 0xc3 in for 0x7faf123025
03-25 16:07:22.798 2443 2443 E ArmVmp : Match on catch block at 0xc3 in for 0x7faf123025
03-25 16:07:22.802 2443 2443 E ArmVmp : Match on catch block at 0xc3 in for 0x7faf123025
03-25 16:07:22.804 2443 2443 E ArmVmp : Match on catch block at 0xc3 in for 0x7faf123025
03-25 16:07:22.815 2443 2443 E ArmVmp : Match on catch block at 0xc3 in for 0x7faf123025
03-25 16:07:22.819 2443 2443 E ArmVmp : Match on catch block at 0xc3 in for 0x7faf123025
03-25 16:07:22.822 2443 2443 E ArmVmp : Match on catch block at 0xc3 in for 0x7faf123025
03-25 16:07:22.834 2443 2443 E ArmVmp : Match on catch block at 0xc3 in for 0x7faf123025
03-25 16:07:22.838 2443 2443 E ArmVmp : Match on catch block at 0xc3 in for 0x7faf123025
03-25 16:07:22.840 2443 2443 E ArmVmp : Match on catch block at 0xc3 in for 0x7faf123025
03-25 16:07:22.851 2443 2443 E ArmVmp : Match on catch block at 0xc3 in for 0x7faf123025
03-25 16:07:22.855 2443 2443 E ArmVmp : Match on catch block at 0xc3 in for 0x7faf123025
03-25 16:07:22.857 2443 2443 E ArmVmp : Match on catch block at 0xc3 in for 0x7faf123025
03-25 16:07:22.869 2443 2443 E ArmVmp : Match on catch block at 0xc3 in for 0x7faf123025
03-25 16:07:22.872 2443 2443 E ArmVmp : Match on catch block at 0xc3 in for 0x7faf123025
03-25 16:07:22.874 2443 2443 E ArmVmp : Match on catch block at 0xc3 in for 0x7faf123025
03-25 16:07:23.365 2443 2443 E ArmVmp : Match on catch block at 0xc3 in for 0x7faf123025
03-25 16:07:23.368 2443 2443 E ArmVmp : Match on catch block at 0xc3 in for 0x7faf123025
03-25 16:07:23.370 2443 2443 E ArmVmp : Match on catch block at 0xc3 in for 0x7faf123025
03-25 16:07:23.562 2443 2443 E ArmVmp : Match on catch block at 0xc3 in for 0x7faf123025
03-25 16:07:23.568 2443 2443 E ArmVmp : Match on catch block at 0xc3 in for 0x7faf123025
03-25 16:07:23.571 2443 2443 E ArmVmp : Match on catch block at 0xc3 in for 0x7faf123025
03-25 16:07:23.580 2443 2443 E ArmVmp : Match on catch block at 0xc3 in for 0x7faf123025
03-25 16:07:23.585 2443 2443 E ArmVmp : Match on catch block at 0xc3 in for 0x7faf123025
03-25 16:07:23.588 2443 2443 E ArmVmp : Match on catch block at 0xc3 in for 0x7faf123025
03-25 16:07:23.597 2443 2443 E ArmVmp : Match on catch block at 0xc3 in for 0x7faf123025
03-25 16:07:23.602 2443 2443 E ArmVmp : Match on catch block at 0xc3 in for 0x7faf123025
03-25 16:07:23.605 2443 2443 E ArmVmp : Match on catch block at 0xc3 in for 0x7faf123025
03-25 16:07:23.615 2443 2443 E ArmVmp : Match on catch block at 0xc3 in for 0x7faf123025
03-25 16:07:23.619 2443 2443 E ArmVmp : Match on catch block at 0xc3 in for 0x7faf123025
03-25 16:07:23.621 2443 2443 E ArmVmp : Match on catch block at 0xc3 in for 0x7faf123025
03-25 16:07:23.636 2443 2443 E ArmVmp : Match on catch block at 0xc3 in for 0x7faf123025
03-25 16:07:23.641 2443 2443 E ArmVmp : Match on catch block at 0xc3 in for 0x7faf123025
03-25 16:07:23.643 2443 2443 E ArmVmp : Match on catch block at 0xc3 in for 0x7faf123025
03-25 16:07:23.658 2443 2443 E ArmVmp : Match on catch block at 0xc3 in for 0x7faf123025
03-25 16:07:23.662 2443 2443 E ArmVmp : Match on catch block at 0xc3 in for 0x7faf123025
03-25 16:07:23.664 2443 2443 E ArmVmp : Match on catch block at 0xc3 in for 0x7faf123025
03-25 16:07:23.679 2443 2443 E ArmVmp : Match on catch block at 0xc3 in for 0x7faf123025
03-25 16:07:23.683 2443 2443 E ArmVmp : Match on catch block at 0xc3 in for 0x7faf123025
03-25 16:07:23.685 2443 2443 E ArmVmp : Match on catch block at 0xc3 in for 0x7faf123025
03-25 16:07:23.698 2443 2443 E ArmVmp : Match on catch block at 0xc3 in for 0x7faf123025
03-25 16:07:23.702 2443 2443 E ArmVmp : Match on catch block at 0xc3 in for 0x7faf123025
03-25 16:07:23.704 2443 2443 E ArmVmp : Match on catch block at 0xc3 in for 0x7faf123025
03-25 16:07:23.714 2443 2443 E ArmVmp : Match on catch block at 0xc3 in for 0x7faf123025
03-25 16:07:23.718 2443 2443 E ArmVmp : Match on catch block at 0xc3 in for 0x7faf123025
03-25 16:07:23.720 2443 2443 E ArmVmp : Match on catch block at 0xc3 in for 0x7faf123025
03-25 16:07:23.731 2443 2443 E ArmVmp : Match on catch block at 0xc3 in for 0x7faf123025
03-25 16:07:23.735 2443 2443 E ArmVmp : Match on catch block at 0xc3 in for 0x7faf123025
03-25 16:07:23.738 2443 2443 E ArmVmp : Match on catch block at 0xc3 in for 0x7faf123025
03-25 16:07:23.747 2443 2443 E ArmVmp : Match on catch block at 0xc3 in for 0x7faf123025
03-25 16:07:23.752 2443 2443 E ArmVmp : Match on catch block at 0xc3 in for 0x7faf123025
03-25 16:07:23.754 2443 2443 E ArmVmp : Match on catch block at 0xc3 in for 0x7faf123025
03-25 16:07:23.758 2443 2443 E ArmVmp : Match on catch block at 0xc3 in for 0x7faf123025
03-25 16:07:23.762 2443 2443 E ArmVmp : Match on catch block at 0xc3 in for 0x7faf123025
03-25 16:07:23.765 2443 2443 E ArmVmp : Match on catch block at 0xc3 in for 0x7faf123025
03-25 16:07:23.773 2443 2443 E ArmVmp : Match on catch block at 0xc3 in for 0x7faf123025
03-25 16:07:23.778 2443 2443 E ArmVmp : Match on catch block at 0xc3 in for 0x7faf123025
03-25 16:07:23.780 2443 2443 E ArmVmp : Match on catch block at 0xc3 in for 0x7faf123025
03-25 16:07:23.791 2443 2443 E ArmVmp : Match on catch block at 0xc3 in for 0x7faf123025
03-25 16:07:23.795 2443 2443 E ArmVmp : Match on catch block at 0xc3 in for 0x7faf123025
03-25 16:07:23.797 2443 2443 E ArmVmp : Match on catch block at 0xc3 in for 0x7faf123025
03-25 16:07:23.809 2443 2443 E ArmVmp : Match on catch block at 0xc3 in for 0x7faf123025
03-25 16:07:23.812 2443 2443 E ArmVmp : Match on catch block at 0xc3 in for 0x7faf123025
03-25 16:07:23.814 2443 2443 E ArmVmp : Match on catch block at 0xc3 in for 0x7faf123025
03-25 16:07:23.879 2443 2443 E ArmVmp : Match on catch block at 0xc3 in for 0x7faf123025
03-25 16:07:23.882 2443 2443 E ArmVmp : Match on catch block at 0xc3 in for 0x7faf123025
03-25 16:07:23.883 2443 2443 E ArmVmp : Match on catch block at 0xc3 in for 0x7faf123025
03-25 16:07:24.379 2443 2443 E ArmVmp : Match on catch block at 0xc3 in for 0x7faf123025
03-25 16:07:24.383 2443 2443 E ArmVmp : Match on catch block at 0xc3 in for 0x7faf123025
03-25 16:07:24.386 2443 2443 E ArmVmp : Match on catch block at 0xc3 in for 0x7faf123025
03-25 16:07:24.676 2443 2443 E ArmVmp : Match on catch block at 0xc3 in for 0x7faf123025
03-25 16:07:24.679 2443 2443 E ArmVmp : Match on catch block at 0xc3 in for 0x7faf123025
03-25 16:07:24.681 2443 2443 E ArmVmp : Match on catch block at 0xc3 in for 0x7faf123025
03-25 16:07:24.692 2443 2443 E ArmVmp : Match on catch block at 0xc3 in for 0x7faf123025
03-25 16:07:24.695 2443 2443 E ArmVmp : Match on catch block at 0xc3 in for 0x7faf123025
03-25 16:07:24.697 2443 2443 E ArmVmp : Match on catch block at 0xc3 in for 0x7faf123025
03-25 16:07:24.707 2443 2443 E ArmVmp : Match on catch block at 0xc3 in for 0x7faf123025
03-25 16:07:24.710 2443 2443 E ArmVmp : Match on catch block at 0xc3 in for 0x7faf123025
03-25 16:07:24.713 2443 2443 E ArmVmp : Match on catch block at 0xc3 in for 0x7faf123025
03-25 16:07:24.723 2443 2443 E ArmVmp : Match on catch block at 0xc3 in for 0x7faf123025
03-25 16:07:24.728 2443 2443 E ArmVmp : Match on catch block at 0xc3 in for 0x7faf123025
03-25 16:07:24.730 2443 2443 E ArmVmp : Match on catch block at 0xc3 in for 0x7faf123025
03-25 16:07:24.740 2443 2443 E ArmVmp : Match on catch block at 0xc3 in for 0x7faf123025
03-25 16:07:24.743 2443 2443 E ArmVmp : Match on catch block at 0xc3 in for 0x7faf123025
03-25 16:07:24.745 2443 2443 E ArmVmp : Match on catch block at 0xc3 in for 0x7faf123025
03-25 16:07:24.757 2443 2443 E ArmVmp : Match on catch block at 0xc3 in for 0x7faf123025
03-25 16:07:24.761 2443 2443 E ArmVmp : Match on catch block at 0xc3 in for 0x7faf123025
03-25 16:07:24.763 2443 2443 E ArmVmp : Match on catch block at 0xc3 in for 0x7faf123025
03-25 16:07:24.774 2443 2443 E ArmVmp : Match on catch block at 0xc3 in for 0x7faf123025
03-25 16:07:24.778 2443 2443 E ArmVmp : Match on catch block at 0xc3 in for 0x7faf123025
03-25 16:07:24.781 2443 2443 E ArmVmp : Match on catch block at 0xc3 in for 0x7faf123025
03-25 16:07:24.788 2443 2443 E ArmVmp : Match on catch block at 0xc3 in for 0x7faf123025
03-25 16:07:24.792 2443 2443 E ArmVmp : Match on catch block at 0xc3 in for 0x7faf123025
03-25 16:07:24.794 2443 2443 E ArmVmp : Match on catch block at 0xc3 in for 0x7faf123025
03-25 16:07:24.804 2443 2443 E ArmVmp : Match on catch block at 0xc3 in for 0x7faf123025
03-25 16:07:24.807 2443 2443 E ArmVmp : Match on catch block at 0xc3 in for 0x7faf123025
03-25 16:07:24.811 2443 2443 E ArmVmp : Match on catch block at 0xc3 in for 0x7faf123025
03-25 16:07:24.821 2443 2443 E ArmVmp : Match on catch block at 0xc3 in for 0x7faf123025
03-25 16:07:24.826 2443 2443 E ArmVmp : Match on catch block at 0xc3 in for 0x7faf123025
03-25 16:07:24.828 2443 2443 E ArmVmp : Match on catch block at 0xc3 in for 0x7faf123025
03-25 16:07:24.839 2443 2443 E ArmVmp : Match on catch block at 0xc3 in for 0x7faf123025
03-25 16:07:24.842 2443 2443 E ArmVmp : Match on catch block at 0xc3 in for 0x7faf123025
03-25 16:07:24.845 2443 2443 E ArmVmp : Match on catch block at 0xc3 in for 0x7faf123025
03-25 16:07:24.856 2443 2443 E ArmVmp : Match on catch block at 0xc3 in for 0x7faf123025
03-25 16:07:24.860 2443 2443 E ArmVmp : Match on catch block at 0xc3 in for 0x7faf123025
03-25 16:07:24.862 2443 2443 E ArmVmp : Match on catch block at 0xc3 in for 0x7faf123025
03-25 16:07:24.874 2443 2443 E ArmVmp : Match on catch block at 0xc3 in for 0x7faf123025
03-25 16:07:24.879 2443 2443 E ArmVmp : Match on catch block at 0xc3 in for 0x7faf123025
03-25 16:07:24.883 2443 2443 E ArmVmp : Match on catch block at 0xc3 in for 0x7faf123025
03-25 16:07:24.998 2443 2443 E ArmVmp : Match on catch block at 0xc3 in for 0x7faf123025
03-25 16:07:25.002 2443 2443 E ArmVmp : Match on catch block at 0xc3 in for 0x7faf123025
03-25 16:07:25.006 2443 2443 E ArmVmp : Match on catch block at 0xc3 in for 0x7faf123025
03-25 16:07:25.222 2443 2443 E ArmVmp : Match on catch block at 0xc3 in for 0x7faf123025
03-25 16:07:25.226 2443 2443 E ArmVmp : Match on catch block at 0xc3 in for 0x7faf123025
03-25 16:07:25.229 2443 2443 E ArmVmp : Match on catch block at 0xc3 in for 0x7faf123025
03-25 16:07:25.395 2443 2443 E ArmVmp : Match on catch block at 0xc3 in for 0x7faf123025
03-25 16:07:25.399 2443 2443 E ArmVmp : Match on catch block at 0xc3 in for 0x7faf123025
03-25 16:07:25.402 2443 2443 E ArmVmp : Match on catch block at 0xc3 in for 0x7faf123025
03-25 16:07:25.521 2443 2443 E ArmVmp : Match on catch block at 0xc3 in for 0x7faf123025
03-25 16:07:25.524 2443 2443 E ArmVmp : Match on catch block at 0xc3 in for 0x7faf123025
03-25 16:07:25.526 2443 2443 E ArmVmp : Match on catch block at 0xc3 in for 0x7faf123025
03-25 16:07:25.687 2443 2443 E ArmVmp : Match on catch block at 0xc3 in for 0x7faf123025
03-25 16:07:25.690 2443 2443 E ArmVmp : Match on catch block at 0xc3 in for 0x7faf123025
03-25 16:07:25.692 2443 2443 E ArmVmp : Match on catch block at 0xc3 in for 0x7faf123025
03-25 16:07:25.859 2443 2443 E ArmVmp : Match on catch block at 0xc3 in for 0x7faf123025
03-25 16:07:25.862 2443 2443 E ArmVmp : Match on catch block at 0xc3 in for 0x7faf123025
03-25 16:07:25.866 2443 2443 E ArmVmp : Match on catch block at 0xc3 in for 0x7faf123025
03-25 16:07:26.366 2443 2443 E ArmVmp : Match on catch block at 0xc3 in for 0x7faf123025
03-25 16:07:26.371 2443 2443 E ArmVmp : Match on catch block at 0xc3 in for 0x7faf123025
03-25 16:07:26.374 2443 2443 E ArmVmp : Match on catch block at 0xc3 in for 0x7faf123025
03-25 16:07:26.866 2443 2443 E ArmVmp : Match on catch block at 0xc3 in for 0x7faf123025
03-25 16:07:26.869 2443 2443 E ArmVmp : Match on catch block at 0xc3 in for 0x7faf123025
03-25 16:07:26.870 2443 2443 E ArmVmp : Match on catch block at 0xc3 in for 0x7faf123025
03-25 16:07:26.893 2443 2443 E ArmVmp : Match on catch block at 0xc3 in for 0x7faf123025
03-25 16:07:26.898 2443 2443 E ArmVmp : Match on catch block at 0xc3 in for 0x7faf123025
03-25 16:07:26.902 2443 2443 E ArmVmp : Match on catch block at 0xc3 in for 0x7faf123025
03-25 16:07:26.931 2443 2443 E ArmVmp : Match on catch block at 0xc3 in for 0x7faf123025
03-25 16:07:26.935 2443 2443 E ArmVmp : Match on catch block at 0xc3 in for 0x7faf123025
03-25 16:07:26.959 2443 2443 E ArmVmp : Match on catch block at 0xc3 in for 0x7faf123025
03-25 16:07:26.964 2443 2443 E ArmVmp : Match on catch block at 0xc3 in for 0x7faf123025
03-25 16:07:26.978 2443 2443 E ArmVmp : Match on catch block at 0xc3 in for 0x7faf123025
03-25 16:07:26.982 2443 2443 E ArmVmp : Match on catch block at 0xc3 in for 0x7faf123025
03-25 16:07:26.992 2443 2443 E ArmVmp : Match on catch block at 0xc3 in for 0x7faf123025
03-25 16:07:26.997 2443 2443 E ArmVmp : Match on catch block at 0xc3 in for 0x7faf123025
03-25 16:07:27.003 2443 2443 E ArmVmp : Match on catch block at 0xc3 in for 0x7faf123025
03-25 16:07:27.008 2443 2443 E ArmVmp : Match on catch block at 0xc3 in for 0x7faf123025
03-25 16:07:27.019 2443 2443 E ArmVmp : Match on catch block at 0xc3 in for 0x7faf123025
03-25 16:07:27.024 2443 2443 E ArmVmp : Match on catch block at 0xc3 in for 0x7faf123025
03-25 16:07:27.037 2443 2443 E ArmVmp : Match on catch block at 0xc3 in for 0x7faf123025
03-25 16:07:27.042 2443 2443 E ArmVmp : Match on catch block at 0xc3 in for 0x7faf123025
03-25 16:07:27.055 2443 2443 E ArmVmp : Match on catch block at 0xc3 in for 0x7faf123025
03-25 16:07:27.059 2443 2443 E ArmVmp : Match on catch block at 0xc3 in for 0x7faf123025
03-25 16:07:27.074 2443 2443 E ArmVmp : Match on catch block at 0xc3 in for 0x7faf123025
03-25 16:07:27.079 2443 2443 E ArmVmp : Match on catch block at 0xc3 in for 0x7faf123025
03-25 16:07:27.090 2443 2443 E ArmVmp : Match on catch block at 0xc3 in for 0x7faf123025
03-25 16:07:27.093 2443 2443 E ArmVmp : Match on catch block at 0xc3 in for 0x7faf123025
03-25 16:07:27.159 2443 4685 W MediaPlayer: Use of stream types is deprecated for operations other than volume control
03-25 16:07:27.159 2443 4685 W MediaPlayer: See the documentation of setAudioStreamType() for what to use instead with android.media.AudioAttributes to qualify your playback use case
03-25 16:07:27.163 2443 2443 E ArmVmp : Match on catch block at 0xc3 in for 0x7faf123025
03-25 16:07:27.166 2443 2443 E ArmVmp : Match on catch block at 0xc3 in for 0x7faf123025
03-25 16:07:27.180 2443 2443 E ArmVmp : Match on catch block at 0xc3 in for 0x7faf123025
03-25 16:07:27.184 2443 2443 E ArmVmp : Match on catch block at 0xc3 in for 0x7faf123025
03-25 16:07:27.392 2443 2443 E ArmVmp : Match on catch block at 0xc3 in for 0x7faf123025
03-25 16:07:27.395 2443 2443 E ArmVmp : Match on catch block at 0xc3 in for 0x7faf123025
03-25 16:07:27.499 2443 2443 E ArmVmp : Match on catch block at 0xc3 in for 0x7faf123025
03-25 16:07:27.502 2443 2443 E ArmVmp : Match on catch block at 0xc3 in for 0x7faf123025
03-25 16:07:27.514 2443 4685 W MediaPlayer: Use of stream types is deprecated for operations other than volume control
03-25 16:07:27.514 2443 4685 W MediaPlayer: See the documentation of setAudioStreamType() for what to use instead with android.media.AudioAttributes to qualify your playback use case
03-25 16:07:27.525 2443 2443 E ArmVmp : Match on catch block at 0xc3 in for 0x7faf123025
03-25 16:07:27.528 2443 2443 E ArmVmp : Match on catch block at 0xc3 in for 0x7faf123025
03-25 16:07:27.542 2443 2443 E ArmVmp : Match on catch block at 0xc3 in for 0x7faf123025
03-25 16:07:27.545 2443 2443 E ArmVmp : Match on catch block at 0xc3 in for 0x7faf123025
03-25 16:07:27.559 2443 2443 E ArmVmp : Match on catch block at 0xc3 in for 0x7faf123025
03-25 16:07:27.561 2443 2443 E ArmVmp : Match on catch block at 0xc3 in for 0x7faf123025
03-25 16:07:27.570 2443 2540 E SQLiteDatabase: Error inserting transferred=1 media_job_uuid=035afdad-2981-4f2b-b004-8fcc6ef78357 transcoded=0 gif_attribution=0 first_scan_length=0 direct_path=/v/t62.15575- 24/30542704_735648758683910_6858741908512662587_n.enc?ccb=11- 4&oh=01_AdS26UZe6Nh73TU7Hjfy1XVFOUTyidrXGKyJQx0bhVXFSw&oe=662935F0&_nc_sid=5e03e0 thumbnail_height_width_ratio=1.0 is_animated_sticker=0 file_hash=4n62SQ3t8vgqWU3+AUaS4GVhu9X9pH1BiCPbiMrOvGI= file_path=Media/MBWhatsApp Stickers/STK-20240325-WA0000.webp file_size=0 partial_media_hash=null face_x=0 face_y=0 height=64 trim_to=0 media_key_timestamp=1711397204000 message_url=https://mmg.whatsapp.net/v/t62.15575- 24/30542704_735648758683910_6858741908512662587_n.enc?ccb=11- 4&oh=01_AdS26UZe6Nh73TU7Hjfy1XVFOUTyidrXGKyJQx0bhVXFSw&oe=662935F0&_nc_sid=5e03e0&m ms3=true media_caption=null trim_from=0 mime_type=image/webp partial_media_enc_hash=null width=64 original_file_hash=null has_streaming_sidecar=0 autotransfer_retry_enabled=1 media_upload_handle=null message_row_id=14 multicast_id=null enc_file_hash=51CvCFD5Qbdd2LGuZMUzECj252PA7B1mpP2KSKbpH4U= mute_video=0 page_count=0 first_scan_sidecar=null suspicious_content=0 file_length=26126 media_name=null media_duration=0 chat_row_id=3 media_key=[B@96dfbf3
03-25 16:07:27.570 2443 2540 E SQLiteDatabase: android.database.sqlite.SQLiteConstraintException: UNIQUE constraint failed: message_media.message_row_id (code 1555 SQLITE_CONSTRAINT_PRIMARYKEY)
03-25 16:07:27.570 2443 2540 E SQLiteDatabase: at android.database.sqlite.SQLiteConnection.nativeExecuteForLastInsertedRowId(Native Method)
03-25 16:07:27.570 2443 2540 E SQLiteDatabase: at android.database.sqlite.SQLiteConnection.executeForLastInsertedRowId(SQLiteConnecti on.java:961)
03-25 16:07:27.570 2443 2540 E SQLiteDatabase: at android.database.sqlite.SQLiteSession.executeForLastInsertedRowId(SQLiteSession.jav a:790)
03-25 16:07:27.570 2443 2540 E SQLiteDatabase: at android.database.sqlite.SQLiteStatement.executeInsert(SQLiteStatement.java:89)
03-25 16:07:27.570 2443 2540 E SQLiteDatabase: at android.database.sqlite.SQLiteDatabase.insertWithOnConflict(SQLiteDatabase.java:187 4)
03-25 16:07:27.570 2443 2540 E SQLiteDatabase: at android.database.sqlite.SQLiteDatabase.insert(SQLiteDatabase.java:1743)
03-25 16:07:27.570 2443 2540 E SQLiteDatabase: at X.2tm.A08(Unknown Source:6)
03-25 16:07:27.570 2443 2540 E SQLiteDatabase: at X.35Y.A07(Unknown Source:212)
03-25 16:07:27.570 2443 2540 E SQLiteDatabase: at X.3QF.A14(Unknown Source:470)
03-25 16:07:27.570 2443 2540 E SQLiteDatabase: at X.3gU.run(Unknown Source:982)
03-25 16:07:27.570 2443 2540 E SQLiteDatabase: at android.os.Handler.handleCallback(Handler.java:942)
03-25 16:07:27.570 2443 2540 E SQLiteDatabase: at android.os.Handler.dispatchMessage(Handler.java:99)
03-25 16:07:27.570 2443 2540 E SQLiteDatabase: at X.0zq.dispatchMessage(Unknown Source:4)
03-25 16:07:27.570 2443 2540 E SQLiteDatabase: at android.os.Looper.loopOnce(Looper.java:204)
03-25 16:07:27.570 2443 2540 E SQLiteDatabase: at android.os.Looper.loop(Looper.java:291)
03-25 16:07:27.570 2443 2540 E SQLiteDatabase: at android.os.HandlerThread.run(HandlerThread.java:67)
03-25 16:07:27.588 2443 2443 E ArmVmp : Match on catch block at 0xc3 in for 0x7faf123025
03-25 16:07:27.591 2443 2443 E ArmVmp : Match on catch block at 0xc3 in for 0x7faf123025
03-25 16:07:27.596 2443 2443 E ArmVmp : Match on catch block at 0xc3 in for 0x7faf123025
03-25 16:07:27.598 2443 2443 E ArmVmp : Match on catch block at 0xc3 in for 0x7faf123025
03-25 16:07:27.606 2443 2443 E ArmVmp : Match on catch block at 0xc3 in for 0x7faf123025
03-25 16:07:27.612 2443 2443 E ArmVmp : Match on catch block at 0xc3 in for 0x7faf123025
03-25 16:07:27.635 2443 2443 E ArmVmp : Match on catch block at 0xc3 in for 0x7faf123025
03-25 16:07:27.637 2443 2443 E ArmVmp : Match on catch block at 0xc3 in for 0x7faf123025
03-25 16:07:27.890 2443 2443 E ArmVmp : Match on catch block at 0xc3 in for 0x7faf123025
03-25 16:07:27.893 2443 2443 E ArmVmp : Match on catch block at 0xc3 in for 0x7faf123025
03-25 16:07:28.384 2443 2443 E ArmVmp : Match on catch block at 0xc3 in for 0x7faf123025
03-25 16:07:28.387 2443 2443 E ArmVmp : Match on catch block at 0xc3 in for 0x7faf123025
03-25 16:07:28.544 2443 2443 E ArmVmp : Match on catch block at 0xc3 in for 0x7faf123025
03-25 16:07:28.547 2443 2443 E ArmVmp : Match on catch block at 0xc3 in for 0x7faf123025
03-25 16:07:28.583 2443 2443 E ArmVmp : Match on catch block at 0xc3 in for 0x7faf123025
03-25 16:07:28.586 2443 2443 E ArmVmp : Match on catch block at 0xc3 in for 0x7faf123025
03-25 16:07:28.605 2443 2443 E ArmVmp : Match on catch block at 0xc3 in for 0x7faf123025
03-25 16:07:28.607 2443 2443 E ArmVmp : Match on catch block at 0xc3 in for 0x7faf123025
03-25 16:07:28.635 2443 2443 W libc : Access denied finding property "vendor.transsion.scroll_adjust.support"
03-25 16:07:28.635 2443 2443 W libc : Access denied finding property "vendor.transsion.scroll_adjust.support"
03-25 16:07:28.642 2443 2443 W libc : Access denied finding property "vendor.transsion.scroll_adjust.support"
03-25 16:07:28.642 2443 2443 W libc : Access denied finding property "vendor.transsion.scroll_adjust.support"
03-25 16:07:28.643 2443 2443 W TabLayout: MODE_SCROLLABLE + GRAVITY_FILL is not supported, GRAVITY_START will be used instead
03-25 16:07:28.655 2443 2443 W BottomSheetBehavior: BottomSheetBehavior now supports multiple callbacks. `setBottomSheetCallback()` removes all existing callbacks, including ones set internally by library authors, which may result in unintended behavior. This may change in the future. Please use `addBottomSheetCallback()` and `removeBottomSheetCallback()` instead to set your own callbacks.
03-25 16:07:28.667 2443 6625 E CameraManagerGlobal: Camera 3 is not available. Ignore physical camera status change
03-25 16:07:28.672 2443 2443 W libc : Access denied finding property "vendor.transsion.scroll_adjust.support"
03-25 16:07:28.672 2443 2443 W libc : Access denied finding property "vendor.transsion.scroll_adjust.support"
03-25 16:07:28.673 2443 2443 W libc : Access denied finding property "vendor.transsion.scroll_adjust.support"
03-25 16:07:28.673 2443 2443 W libc : Access denied finding property "vendor.transsion.scroll_adjust.support"
03-25 16:07:28.674 2443 2443 W libc : Access denied finding property "vendor.transsion.scroll_adjust.support"
03-25 16:07:28.674 2443 2443 W libc : Access denied finding property "vendor.transsion.scroll_adjust.support"
03-25 16:07:28.704 2443 2443 W libc : Access denied finding property "vendor.transsion.scroll_adjust.support"
03-25 16:07:28.704 2443 2443 W libc : Access denied finding property "vendor.transsion.scroll_adjust.support"
03-25 16:07:28.711 2443 2443 W libc : Access denied finding property "vendor.transsion.scroll_adjust.support"
03-25 16:07:28.711 2443 2443 W libc : Access denied finding property "vendor.transsion.scroll_adjust.support"
03-25 16:07:28.755 2443 2443 W libc : Access denied finding property "vendor.transsion.scroll_adjust.support"
03-25 16:07:28.755 2443 2443 W libc : Access denied finding property "vendor.transsion.scroll_adjust.support"
03-25 16:07:28.756 2443 2443 W View : requestLayout() improperly called by com.mbwhatsapp.WaImageView{f09517c VF.D..CL. ......ID 0,0-192,192 #7f0b1814 app:id/shutter} during layout: running second layout pass
03-25 16:07:28.756 2443 2443 W View : requestLayout() improperly called by com.mbwhatsapp.CircularProgressBar{fb3aa05 V.ED..... ......ID 0,0-192,192 #7f0b14fc app:id/recording_progress} during layout: running second layout pass
03-25 16:07:28.756 2443 2443 W View : requestLayout() improperly called by com.mbwhatsapp.WaImageView{22b1a5a VF.D..C.. ......ID 0,0-144,144 #7f0b1976 app:id/switch_camera_btn} during layout: running second layout pass
03-25 16:07:28.756 2443 2443 W View : requestLayout() improperly called by com.mbwhatsapp.WaImageView{9fdd48b VFED..C.. ......ID 0,0-144,144 #7f0b0b0d app:id/gallery_btn} during layout: running second layout pass
03-25 16:07:28.756 2443 2443 W View : requestLayout() improperly called by com.mbwhatsapp.WaImageView{6580968 VF.D..C.. ......ID 0,0-144,144 #7f0b0a9c app:id/flash_btn} during layout: running second layout pass
03-25 16:07:28.756 2443 2443 W View : requestLayout() improperly called by com.mbwhatsapp.WaImageView{4c9e181 VFED..C.. ......ID 0,0-144,144 #7f0b057f app:id/close_camera_btn} during layout: running second layout pass
03-25 16:07:28.756 2443 2443 W View : requestLayout() improperly called by X.4Ki{7708226 V.ED..... ......ID 0,6-1080,150} during layout: running second layout pass
03-25 16:07:28.772 2443 2559 W Parcel : Expecting binder but got null!
03-25 16:07:28.774 2443 2443 E ArmVmp : Match on catch block at 0xc3 in for 0x7faf123025
03-25 16:07:28.777 2443 2443 E ArmVmp : Match on catch block at 0xc3 in for 0x7faf123025
03-25 16:07:28.792 2443 2443 W View : requestLayout() improperly called by com.mbwhatsapp.WaImageView{f09517c VF.D..CL. ......ID 444,1680-636,1872 #7f0b1814 app:id/shutter} during layout: running second layout pass
03-25 16:07:28.792 2443 2443 W View : requestLayout() improperly called by com.mbwhatsapp.CircularProgressBar{fb3aa05 V.ED..... ......ID 444,1680-636,1872 #7f0b14fc app:id/recording_progress} during layout: running second layout pass
03-25 16:07:28.792 2443 2443 W View : requestLayout() improperly called by com.mbwhatsapp.WaImageView{22b1a5a VF.D..C.. ......ID 912,1704-1056,1848 #7f0b1976 app:id/switch_camera_btn} during layout: running second layout pass
03-25 16:07:28.792 2443 2443 W View : requestLayout() improperly called by com.mbwhatsapp.WaImageView{9fdd48b VFED..C.. ......ID 24,1704-168,1848 #7f0b0b0d app:id/gallery_btn} during layout: running second layout pass
03-25 16:07:28.792 2443 2443 W View : requestLayout() improperly called by com.mbwhatsapp.WaImageView{6580968 VF.D..C.. ......I. 912,24-1056,168 #7f0b0a9c app:id/flash_btn} during layout: running second layout pass
03-25 16:07:28.792 2443 2443 W View : requestLayout() improperly called by com.mbwhatsapp.WaImageView{4c9e181 VFED..C.. ......I. 24,24-168,168 #7f0b057f app:id/close_camera_btn} during layout: running second layout pass
03-25 16:07:28.797 2443 2443 E ArmVmp : Match on catch block at 0xc3 in for 0x7faf123025
03-25 16:07:28.808 2443 2443 E ArmVmp : Match on catch block at 0xc3 in for 0x7faf123025
03-25 16:07:28.868 2443 2443 E ArmVmp : Match on catch block at 0xc3 in for 0x7faf123025
03-25 16:07:28.875 2443 2443 E ArmVmp : Match on catch block at 0xc3 in for 0x7faf123025
03-25 16:07:28.878 2443 2443 W OnBackInvokedCallback: OnBackInvokedCallback is not enabled for the application.
03-25 16:07:28.878 2443 2443 W OnBackInvokedCallback: Set 'android:enableOnBackInvokedCallback="true"' in the application manifest.
03-25 16:07:28.905 2443 2443 E ArmVmp : Match on catch block at 0xc3 in for 0x7faf123025
03-25 16:07:28.913 2443 2443 E ArmVmp : Match on catch block at 0xc3 in for 0x7faf123025
03-25 16:07:28.921 2443 2443 W RemoteInputConnectionImpl: requestCursorAnchorInfo on inactive InputConnection
03-25 16:07:28.973 2443 2443 E ArmVmp : Match on catch block at 0xc3 in for 0x7faf123025
03-25 16:07:28.983 2443 2443 E ArmVmp : Match on catch block at 0xc3 in for 0x7faf123025
03-25 16:07:29.053 2443 2443 E ArmVmp : Match on catch block at 0xc3 in for 0x7faf123025
03-25 16:07:29.061 2443 2443 E ArmVmp : Match on catch block at 0xc3 in for 0x7faf123025
03-25 16:07:29.102 2443 2443 E ArmVmp : Match on catch block at 0xc3 in for 0x7faf123025
03-25 16:07:29.109 2443 2443 E ArmVmp : Match on catch block at 0xc3 in for 0x7faf123025
03-25 16:07:29.113 2443 5156 W Choreographer: Frame time is 0.093852 now = 38324350054360 timestampNanos = 38324350148212 ms in the future! Check that graphics HAL is generating vsync timestamps using the correct timebase.
03-25 16:07:29.160 2443 2443 E ArmVmp : Match on catch block at 0xc3 in for 0x7faf123025
03-25 16:07:29.164 2443 2443 E ArmVmp : Match on catch block at 0xc3 in for 0x7faf123025
03-25 16:07:30.045 2443 2460 W System : A resource failed to call CursorWrapperInner.close.
03-25 16:07:30.071 2443 2443 W libc : Access denied finding property "vendor.transsion.scroll_adjust.support"
03-25 16:07:33.397 2443 2443 W libc : Access denied finding property "vendor.transsion.scroll_adjust.support"
03-25 16:07:33.397 2443 2443 W libc : Access denied finding property "vendor.transsion.scroll_adjust.support"
03-25 16:07:33.402 2443 2443 W libc : Access denied finding property "vendor.transsion.scroll_adjust.support"
03-25 16:07:33.402 2443 2443 W libc : Access denied finding property "vendor.transsion.scroll_adjust.support"
03-25 16:07:33.411 2443 2443 W libc : Access denied finding property "vendor.transsion.scroll_adjust.support"
03-25 16:07:33.411 2443 2443 W libc : Access denied finding property "vendor.transsion.scroll_adjust.support"
03-25 16:07:33.500 2443 2443 W libc : Access denied finding property "vendor.transsion.scroll_adjust.support"
03-25 16:07:33.500 2443 2443 W libc : Access denied finding property "vendor.transsion.scroll_adjust.support"
03-25 16:07:33.508 2443 2443 W libc : Access denied finding property "vendor.transsion.scroll_adjust.support"
03-25 16:07:33.508 2443 2443 W libc : Access denied finding property "vendor.transsion.scroll_adjust.support"
03-25 16:07:33.509 2443 2522 E CameraManagerGlobal: Camera 3 is not available. Ignore physical camera status change
03-25 16:07:33.509 2443 2443 W libc : Access denied finding property "vendor.transsion.scroll_adjust.support"
03-25 16:07:33.509 2443 2443 W libc : Access denied finding property "vendor.transsion.scroll_adjust.support"
03-25 16:07:33.512 2443 2443 W libc : Access denied finding property "vendor.transsion.scroll_adjust.support"
03-25 16:07:33.512 2443 2443 W libc : Access denied finding property "vendor.transsion.scroll_adjust.support"
03-25 16:07:33.517 2443 2443 W BottomSheetBehavior: BottomSheetBehavior now supports multiple callbacks. `setBottomSheetCallback()` removes all existing callbacks, including ones set internally by library authors, which may result in unintended behavior. This may change in the future. Please use `addBottomSheetCallback()` and `removeBottomSheetCallback()` instead to set your own callbacks.
03-25 16:07:33.521 2443 2443 W libc : Access denied finding property "vendor.transsion.scroll_adjust.support"
03-25 16:07:33.521 2443 2443 W libc : Access denied finding property "vendor.transsion.scroll_adjust.support"
03-25 16:07:33.521 2443 2443 E RecyclerView: No adapter attached; skipping layout
03-25 16:07:33.529 2443 2443 E RecyclerView: No adapter attached; skipping layout
03-25 16:07:33.576 2443 2559 W Parcel : Expecting binder but got null!
03-25 16:07:34.610 2443 2540 E SQLiteDatabase: Error inserting transferred=0 media_job_uuid=12606e4b-01b3-4fa9-8112-81fb0a7905e3 transcoded=1 gif_attribution=0 first_scan_length=0 direct_path=null thumbnail_height_width_ratio=0.7777778 is_animated_sticker=0 file_hash=null file_path=/data/user/0/com.mbwhatsapp/files/.Shared/1af2ab9a-bfef-440c-98fe- e3817e4669f8.jpg file_size=28735 partial_media_hash=null face_x=0 face_y=0 height=554 trim_to=0 media_key_timestamp=0 message_url=null media_caption=null trim_from=0 mime_type=null partial_media_enc_hash=null width=717 original_file_hash=2pypikaAdQCkaAXBC6ITTjkqCt4rWj93JxsqBjp1JSM= has_streaming_sidecar=0 autotransfer_retry_enabled=1 media_upload_handle=null message_row_id=15 multicast_id=null enc_file_hash=null mute_video=0 page_count=0 first_scan_sidecar=null suspicious_content=0 file_length=28735 media_name=1af2ab9a- bfef-440c-98fe-e3817e4669f8.jpg media_duration=0 chat_row_id=3 media_key=null
03-25 16:07:34.610 2443 2540 E SQLiteDatabase: android.database.sqlite.SQLiteConstraintException: UNIQUE constraint failed: message_media.message_row_id (code 1555 SQLITE_CONSTRAINT_PRIMARYKEY)
03-25 16:07:34.610 2443 2540 E SQLiteDatabase: at android.database.sqlite.SQLiteConnection.nativeExecuteForLastInsertedRowId(Native Method)
03-25 16:07:34.610 2443 2540 E SQLiteDatabase: at android.database.sqlite.SQLiteConnection.executeForLastInsertedRowId(SQLiteConnecti on.java:961)
03-25 16:07:34.610 2443 2540 E SQLiteDatabase: at android.database.sqlite.SQLiteSession.executeForLastInsertedRowId(SQLiteSession.jav a:790)
03-25 16:07:34.610 2443 2540 E SQLiteDatabase: at android.database.sqlite.SQLiteStatement.executeInsert(SQLiteStatement.java:89)
03-25 16:07:34.610 2443 2540 E SQLiteDatabase: at android.database.sqlite.SQLiteDatabase.insertWithOnConflict(SQLiteDatabase.java:187 4)
03-25 16:07:34.610 2443 2540 E SQLiteDatabase: at android.database.sqlite.SQLiteDatabase.insert(SQLiteDatabase.java:1743)
03-25 16:07:34.610 2443 2540 E SQLiteDatabase: at X.2tm.A08(Unknown Source:6)
03-25 16:07:34.610 2443 2540 E SQLiteDatabase: at X.35Y.A07(Unknown Source:212)
03-25 16:07:34.610 2443 2540 E SQLiteDatabase: at X.3QF.A14(Unknown Source:470)
03-25 16:07:34.610 2443 2540 E SQLiteDatabase: at X.3gU.run(Unknown Source:982)
03-25 16:07:34.610 2443 2540 E SQLiteDatabase: at android.os.Handler.handleCallback(Handler.java:942)
03-25 16:07:34.610 2443 2540 E SQLiteDatabase: at android.os.Handler.dispatchMessage(Handler.java:99)
03-25 16:07:34.610 2443 2540 E SQLiteDatabase: at X.0zq.dispatchMessage(Unknown Source:4)
03-25 16:07:34.610 2443 2540 E SQLiteDatabase: at android.os.Looper.loopOnce(Looper.java:204)
03-25 16:07:34.610 2443 2540 E SQLiteDatabase: at android.os.Looper.loop(Looper.java:291)
03-25 16:07:34.610 2443 2540 E SQLiteDatabase: at android.os.HandlerThread.run(HandlerThread.java:67)
03-25 16:07:34.642 2443 2443 E ArmVmp : Match on catch block at 0x0a in for 0x7faf123035
03-25 16:07:34.645 2443 2443 E ArmVmp : Match on catch block at 0x0a in for 0x7faf123035
03-25 16:07:34.715 2443 2443 E ArmVmp : Match on catch block at 0xc3 in for 0x7faf123025
03-25 16:07:34.717 2443 2443 E ArmVmp : Match on catch block at 0xc3 in for 0x7faf123025
03-25 16:07:34.745 2443 2443 E ArmVmp : Match on catch block at 0xc3 in for 0x7faf123025
03-25 16:07:34.748 2443 2443 E ArmVmp : Match on catch block at 0xc3 in for 0x7faf123025
03-25 16:07:34.762 2443 2443 E ArmVmp : Match on catch block at 0xc3 in for 0x7faf123025
03-25 16:07:34.765 2443 2443 E ArmVmp : Match on catch block at 0xc3 in for 0x7faf123025
03-25 16:07:34.798 2443 2443 E ArmVmp : Match on catch block at 0xc3 in for 0x7faf123025
03-25 16:07:34.802 2443 2443 E ArmVmp : Match on catch block at 0xc3 in for 0x7faf123025
03-25 16:07:34.830 2443 2443 E ArmVmp : Match on catch block at 0xc3 in for 0x7faf123025
03-25 16:07:34.832 2443 2443 E ArmVmp : Match on catch block at 0xc3 in for 0x7faf123025
03-25 16:07:34.843 2443 2443 E ArmVmp : Match on catch block at 0xc3 in for 0x7faf123025
03-25 16:07:34.847 2443 2443 E ArmVmp : Match on catch block at 0xc3 in for 0x7faf123025
03-25 16:07:34.858 2443 2443 E ArmVmp : Match on catch block at 0xc3 in for 0x7faf123025
03-25 16:07:34.860 2443 2443 E ArmVmp : Match on catch block at 0xc3 in for 0x7faf123025
03-25 16:07:34.875 2443 2443 E ArmVmp : Match on catch block at 0xc3 in for 0x7faf123025
03-25 16:07:34.880 2443 2443 E ArmVmp : Match on catch block at 0xc3 in for 0x7faf123025
03-25 16:07:34.886 2443 2443 W OnBackInvokedCallback: OnBackInvokedCallback is not enabled for the application.
03-25 16:07:34.886 2443 2443 W OnBackInvokedCallback: Set 'android:enableOnBackInvokedCallback="true"' in the application manifest.
03-25 16:07:34.890 2443 2443 E ArmVmp : Match on catch block at 0xc3 in for 0x7faf123025
03-25 16:07:34.892 2443 2443 E ArmVmp : Match on catch block at 0xc3 in for 0x7faf123025
03-25 16:07:34.905 2443 2443 E ArmVmp : Match on catch block at 0xc3 in for 0x7faf123025
03-25 16:07:34.907 2443 2443 E ArmVmp : Match on catch block at 0xc3 in for 0x7faf123025
03-25 16:07:34.913 2443 2443 E ArmVmp : Match on catch block at 0xc3 in for 0x7faf123025
03-25 16:07:34.916 2443 2443 E ArmVmp : Match on catch block at 0xc3 in for 0x7faf123025
03-25 16:07:34.930 2443 2443 E ArmVmp : Match on catch block at 0xc3 in for 0x7faf123025
03-25 16:07:34.934 2443 2443 E ArmVmp : Match on catch block at 0xc3 in for 0x7faf123025
03-25 16:07:34.948 2443 2443 E ArmVmp : Match on catch block at 0xc3 in for 0x7faf123025
03-25 16:07:34.952 2443 2443 E ArmVmp : Match on catch block at 0xc3 in for 0x7faf123025
03-25 16:07:34.966 2443 2443 E ArmVmp : Match on catch block at 0xc3 in for 0x7faf123025
03-25 16:07:34.970 2443 2443 E ArmVmp : Match on catch block at 0xc3 in for 0x7faf123025
03-25 16:07:34.984 2443 2443 E ArmVmp : Match on catch block at 0xc3 in for 0x7faf123025
03-25 16:07:34.987 2443 2443 E ArmVmp : Match on catch block at 0xc3 in for 0x7faf123025
03-25 16:07:35.001 2443 2443 E ArmVmp : Match on catch block at 0xc3 in for 0x7faf123025
03-25 16:07:35.005 2443 2443 E ArmVmp : Match on catch block at 0xc3 in for 0x7faf123025
03-25 16:07:35.019 2443 2443 E ArmVmp : Match on catch block at 0xc3 in for 0x7faf123025
03-25 16:07:35.023 2443 2443 E ArmVmp : Match on catch block at 0xc3 in for 0x7faf123025
03-25 16:07:35.037 2443 2443 E ArmVmp : Match on catch block at 0xc3 in for 0x7faf123025
03-25 16:07:35.041 2443 2443 E ArmVmp : Match on catch block at 0xc3 in for 0x7faf123025
03-25 16:07:35.055 2443 2443 E ArmVmp : Match on catch block at 0xc3 in for 0x7faf123025
03-25 16:07:35.058 2443 2443 E ArmVmp : Match on catch block at 0xc3 in for 0x7faf123025
03-25 16:07:35.073 2443 2443 E ArmVmp : Match on catch block at 0xc3 in for 0x7faf123025
03-25 16:07:35.078 2443 2443 E ArmVmp : Match on catch block at 0xc3 in for 0x7faf123025
03-25 16:07:35.090 2443 2443 E ArmVmp : Match on catch block at 0xc3 in for 0x7faf123025
03-25 16:07:35.094 2443 2443 E ArmVmp : Match on catch block at 0xc3 in for 0x7faf123025
03-25 16:07:35.108 2443 2443 E ArmVmp : Match on catch block at 0xc3 in for 0x7faf123025
03-25 16:07:35.111 2443 2443 E ArmVmp : Match on catch block at 0xc3 in for 0x7faf123025
03-25 16:07:35.114 2443 2540 E SQLiteDatabase: Error inserting transferred=1 media_job_uuid=12606e4b-01b3-4fa9-8112-81fb0a7905e3 transcoded=1 gif_attribution=0 first_scan_length=0 direct_path=/o1/v/t62.7118-24/f1/m234/up-oil-image-fb148685- 544f-472c-9d06-2f666f9ca915?ccb=9- 4&oh=01_AdSYzFPAy73qdzU0DJRHyW3iXWTxBKFryhIGCiZvBD4qNg&oe=66295F64&_nc_sid=000000 thumbnail_height_width_ratio=0.7777778 is_animated_sticker=0 file_hash=Ljhxiryp2lI9jWZp4mWbE8mJpxNSCf+g332JrQOAWbY= file_path=Media/MBWhatsApp Images/Sent/IMG-20240325-WA0003.jpg file_size=28735 partial_media_hash=oonimMlBE0OHuHBm5VK9teiSLnELI70q4JZrZDP7rmY= face_x=0 face_y=0 height=554 trim_to=0 media_key_timestamp=1711397255349 message_url=https://mmg.whatsapp.net/o1/v/t62.7118-24/f1/m234/up-oil-image- fb148685-544f-472c-9d06-2f666f9ca915?ccb=9- 4&oh=01_AdSYzFPAy73qdzU0DJRHyW3iXWTxBKFryhIGCiZvBD4qNg&oe=66295F64&_nc_sid=000000&m ms3=true media_caption=null trim_from=0 mime_type=null partial_media_enc_hash=null width=717 original_file_hash=2pypikaAdQCkaAXBC6ITTjkqCt4rWj93JxsqBjp1JSM= has_streaming_sidecar=1 autotransfer_retry_enabled=0 media_upload_handle=null message_row_id=15 multicast_id=null enc_file_hash=qGGF2reojQuID1PobyI9QeegdtYemUWOtqFj4jwonH8= mute_video=0 page_count=0 first_scan_sidecar=null suspicious_content=0 file_length=28735 media_name=1af2ab9a-bfef-440c-98fe-e3817e4669f8.jpg media_duration=0 chat_row_id=3 media_key=[B@57cb944
03-25 16:07:35.114 2443 2540 E SQLiteDatabase: android.database.sqlite.SQLiteConstraintException: UNIQUE constraint failed: message_media.message_row_id (code 1555 SQLITE_CONSTRAINT_PRIMARYKEY)
03-25 16:07:35.114 2443 2540 E SQLiteDatabase: at android.database.sqlite.SQLiteConnection.nativeExecuteForLastInsertedRowId(Native Method)
03-25 16:07:35.114 2443 2540 E SQLiteDatabase: at android.database.sqlite.SQLiteConnection.executeForLastInsertedRowId(SQLiteConnecti on.java:961)
03-25 16:07:35.114 2443 2540 E SQLiteDatabase: at android.database.sqlite.SQLiteSession.executeForLastInsertedRowId(SQLiteSession.jav a:790)
03-25 16:07:35.114 2443 2540 E SQLiteDatabase: at android.database.sqlite.SQLiteStatement.executeInsert(SQLiteStatement.java:89)
03-25 16:07:35.114 2443 2540 E SQLiteDatabase: at android.database.sqlite.SQLiteDatabase.insertWithOnConflict(SQLiteDatabase.java:187 4)
03-25 16:07:35.114 2443 2540 E SQLiteDatabase: at android.database.sqlite.SQLiteDatabase.insert(SQLiteDatabase.java:1743)
03-25 16:07:35.114 2443 2540 E SQLiteDatabase: at X.2tm.A08(Unknown Source:6)
03-25 16:07:35.114 2443 2540 E SQLiteDatabase: at X.35Y.A07(Unknown Source:212)
03-25 16:07:35.114 2443 2540 E SQLiteDatabase: at X.3QF.A14(Unknown Source:470)
03-25 16:07:35.114 2443 2540 E SQLiteDatabase: at X.3gU.run(Unknown Source:982)
03-25 16:07:35.114 2443 2540 E SQLiteDatabase: at android.os.Handler.handleCallback(Handler.java:942)
03-25 16:07:35.114 2443 2540 E SQLiteDatabase: at android.os.Handler.dispatchMessage(Handler.java:99)
03-25 16:07:35.114 2443 2540 E SQLiteDatabase: at X.0zq.dispatchMessage(Unknown Source:4)
03-25 16:07:35.114 2443 2540 E SQLiteDatabase: at android.os.Looper.loopOnce(Looper.java:204)
03-25 16:07:35.114 2443 2540 E SQLiteDatabase: at android.os.Looper.loop(Looper.java:291)
03-25 16:07:35.114 2443 2540 E SQLiteDatabase: at android.os.HandlerThread.run(HandlerThread.java:67)
03-25 16:07:35.126 2443 2443 E ArmVmp : Match on catch block at 0xc3 in for 0x7faf123025
03-25 16:07:35.129 2443 2443 E ArmVmp : Match on catch block at 0xc3 in for 0x7faf123025
03-25 16:07:35.144 2443 2443 E ArmVmp : Match on catch block at 0xc3 in for 0x7faf123025
03-25 16:07:35.149 2443 2443 E ArmVmp : Match on catch block at 0xc3 in for 0x7faf123025
03-25 16:07:35.162 2443 2443 E ArmVmp : Match on catch block at 0xc3 in for 0x7faf123025
03-25 16:07:35.165 2443 2443 E ArmVmp : Match on catch block at 0xc3 in for 0x7faf123025
03-25 16:07:35.192 2443 2443 W BottomSheetBehavior: BottomSheetBehavior now supports multiple callbacks. `setBottomSheetCallback()` removes all existing callbacks, including ones set internally by library authors, which may result in unintended behavior. This may change in the future. Please use `addBottomSheetCallback()` and `removeBottomSheetCallback()` instead to set your own callbacks.
03-25 16:07:35.322 2443 2443 E ArmVmp : Match on catch block at 0xc3 in for 0x7faf123025
03-25 16:07:35.326 2443 2443 E ArmVmp : Match on catch block at 0xc3 in for 0x7faf123025
03-25 16:07:35.388 2443 4685 W MediaPlayer: Use of stream types is deprecated for operations other than volume control
