03-25 16:07:47.065 2443 2443 E ArmVmp : Match on catch block at 0xc3 in for 0x7faf123025
03-25 16:07:47.074 2443 2443 E ArmVmp : Match on catch block at 0xc3 in for 0x7faf123025
03-25 16:07:47.077 2443 2443 E ArmVmp : Match on catch block at 0xc3 in for 0x7faf123025
03-25 16:07:47.082 2443 2443 E ArmVmp : Match on catch block at 0xc3 in for 0x7faf123025
03-25 16:07:47.085 2443 2443 E ArmVmp : Match on catch block at 0xc3 in for 0x7faf123025
03-25 16:07:47.095 2443 2443 E ArmVmp : Match on catch block at 0xc3 in for 0x7faf123025
03-25 16:07:47.098 2443 2443 E ArmVmp : Match on catch block at 0xc3 in for 0x7faf123025
03-25 16:07:47.112 2443 2443 E ArmVmp : Match on catch block at 0xc3 in for 0x7faf123025
03-25 16:07:47.116 2443 2443 E ArmVmp : Match on catch block at 0xc3 in for 0x7faf123025
03-25 16:07:47.128 2443 2443 E ArmVmp : Match on catch block at 0xc3 in for 0x7faf123025
03-25 16:07:47.132 2443 2443 E ArmVmp : Match on catch block at 0xc3 in for 0x7faf123025
03-25 16:07:47.147 2443 2443 E ArmVmp : Match on catch block at 0xc3 in for 0x7faf123025
03-25 16:07:47.151 2443 2443 E ArmVmp : Match on catch block at 0xc3 in for 0x7faf123025
03-25 16:07:47.156 2443 2443 E ArmVmp : Match on catch block at 0xc3 in for 0x7faf123025
03-25 16:07:47.160 2443 2443 E ArmVmp : Match on catch block at 0xc3 in for 0x7faf123025
03-25 16:07:47.172 2443 2443 E ArmVmp : Match on catch block at 0xc3 in for 0x7faf123025
03-25 16:07:47.176 2443 2443 E ArmVmp : Match on catch block at 0xc3 in for 0x7faf123025
03-25 16:07:47.190 2443 2443 E ArmVmp : Match on catch block at 0xc3 in for 0x7faf123025
03-25 16:07:47.193 2443 2443 E ArmVmp : Match on catch block at 0xc3 in for 0x7faf123025
03-25 16:07:47.208 2443 2443 E ArmVmp : Match on catch block at 0xc3 in for 0x7faf123025
03-25 16:07:47.212 2443 2443 E ArmVmp : Match on catch block at 0xc3 in for 0x7faf123025
03-25 16:07:47.225 2443 2443 E ArmVmp : Match on catch block at 0xc3 in for 0x7faf123025
03-25 16:07:47.228 2443 2443 E ArmVmp : Match on catch block at 0xc3 in for 0x7faf123025
03-25 16:07:47.242 2443 2443 E ArmVmp : Match on catch block at 0xc3 in for 0x7faf123025
03-25 16:07:47.246 2443 2443 E ArmVmp : Match on catch block at 0xc3 in for 0x7faf123025
03-25 16:07:47.281 2443 2443 E ArmVmp : Match on catch block at 0xc3 in for 0x7faf123025
03-25 16:07:47.285 2443 2443 E ArmVmp : Match on catch block at 0xc3 in for 0x7faf123025
03-25 16:07:47.324 2443 2559 W Parcel : Expecting binder but got null!
03-25 16:07:47.328 2443 2443 E ArmVmp : Match on catch block at 0xc3 in for 0x7faf123025
03-25 16:07:47.331 2443 2443 E ArmVmp : Match on catch block at 0xc3 in for 0x7faf123025
03-25 16:07:47.344 2443 2443 E ArmVmp : Match on catch block at 0xc3 in for 0x7faf123025
03-25 16:07:47.348 2443 2443 E ArmVmp : Match on catch block at 0xc3 in for 0x7faf123025
03-25 16:07:47.355 2443 2443 E ArmVmp : Match on catch block at 0xc3 in for 0x7faf123025
03-25 16:07:47.359 2443 2443 E ArmVmp : Match on catch block at 0xc3 in for 0x7faf123025
03-25 16:07:47.367 2443 2443 E ArmVmp : Match on catch block at 0xc3 in for 0x7faf123025
03-25 16:07:47.369 2443 2443 E ArmVmp : Match on catch block at 0xc3 in for 0x7faf123025
03-25 16:07:47.385 2443 2443 E ArmVmp : Match on catch block at 0xc3 in for 0x7faf123025
03-25 16:07:47.387 2443 2443 E ArmVmp : Match on catch block at 0xc3 in for 0x7faf123025
03-25 16:07:47.402 2443 2443 E ArmVmp : Match on catch block at 0xc3 in for 0x7faf123025
03-25 16:07:47.405 2443 2443 E ArmVmp : Match on catch block at 0xc3 in for 0x7faf123025
03-25 16:07:47.420 2443 2443 E ArmVmp : Match on catch block at 0xc3 in for 0x7faf123025
03-25 16:07:47.422 2443 2443 E ArmVmp : Match on catch block at 0xc3 in for 0x7faf123025
03-25 16:07:47.437 2443 2443 E ArmVmp : Match on catch block at 0xc3 in for 0x7faf123025
03-25 16:07:47.440 2443 2443 E ArmVmp : Match on catch block at 0xc3 in for 0x7faf123025
03-25 16:07:47.455 2443 2443 E ArmVmp : Match on catch block at 0xc3 in for 0x7faf123025
03-25 16:07:47.458 2443 2443 E ArmVmp : Match on catch block at 0xc3 in for 0x7faf123025
03-25 16:07:47.473 2443 2443 E ArmVmp : Match on catch block at 0xc3 in for 0x7faf123025
03-25 16:07:47.475 2443 2443 E ArmVmp : Match on catch block at 0xc3 in for 0x7faf123025
03-25 16:07:47.491 2443 2443 E ArmVmp : Match on catch block at 0xc3 in for 0x7faf123025
03-25 16:07:47.493 2443 2443 E ArmVmp : Match on catch block at 0xc3 in for 0x7faf123025
03-25 16:07:47.508 2443 2443 E ArmVmp : Match on catch block at 0xc3 in for 0x7faf123025
03-25 16:07:47.511 2443 2443 E ArmVmp : Match on catch block at 0xc3 in for 0x7faf123025
03-25 16:07:47.526 2443 2443 E ArmVmp : Match on catch block at 0xc3 in for 0x7faf123025
03-25 16:07:47.528 2443 2443 E ArmVmp : Match on catch block at 0xc3 in for 0x7faf123025
03-25 16:07:47.544 2443 2443 E ArmVmp : Match on catch block at 0xc3 in for 0x7faf123025
03-25 16:07:47.546 2443 2443 E ArmVmp : Match on catch block at 0xc3 in for 0x7faf123025
03-25 16:07:47.562 2443 2443 E ArmVmp : Match on catch block at 0xc3 in for 0x7faf123025
03-25 16:07:47.564 2443 2443 E ArmVmp : Match on catch block at 0xc3 in for 0x7faf123025
03-25 16:07:47.581 2443 2443 E ArmVmp : Match on catch block at 0xc3 in for 0x7faf123025
03-25 16:07:47.583 2443 2443 E ArmVmp : Match on catch block at 0xc3 in for 0x7faf123025
03-25 16:07:47.597 2443 2443 E ArmVmp : Match on catch block at 0xc3 in for 0x7faf123025
03-25 16:07:47.599 2443 2443 E ArmVmp : Match on catch block at 0xc3 in for 0x7faf123025
03-25 16:07:47.633 2443 2443 E ArmVmp : Match on catch block at 0xc3 in for 0x7faf123025
03-25 16:07:47.635 2443 2443 E ArmVmp : Match on catch block at 0xc3 in for 0x7faf123025
03-25 16:07:47.882 2443 2443 E ArmVmp : Match on catch block at 0xc3 in for 0x7faf123025
03-25 16:07:47.887 2443 2443 E ArmVmp : Match on catch block at 0xc3 in for 0x7faf123025
03-25 16:07:48.295 2443 2443 E ArmVmp : Match on catch block at 0xc3 in for 0x7faf123025
03-25 16:07:48.300 2443 2443 E ArmVmp : Match on catch block at 0xc3 in for 0x7faf123025
03-25 16:07:48.307 2443 2443 E ArmVmp : Match on catch block at 0xc3 in for 0x7faf123025
03-25 16:07:48.312 2443 2443 E ArmVmp : Match on catch block at 0xc3 in for 0x7faf123025
03-25 16:07:48.325 2443 2443 E ArmVmp : Match on catch block at 0xc3 in for 0x7faf123025
03-25 16:07:48.327 2443 2443 E ArmVmp : Match on catch block at 0xc3 in for 0x7faf123025
03-25 16:07:48.343 2443 2443 E ArmVmp : Match on catch block at 0xc3 in for 0x7faf123025
03-25 16:07:48.345 2443 2443 E ArmVmp : Match on catch block at 0xc3 in for 0x7faf123025
03-25 16:07:48.361 2443 2443 E ArmVmp : Match on catch block at 0xc3 in for 0x7faf123025
03-25 16:07:48.363 2443 2443 E ArmVmp : Match on catch block at 0xc3 in for 0x7faf123025
03-25 16:07:48.378 2443 2443 E ArmVmp : Match on catch block at 0xc3 in for 0x7faf123025
03-25 16:07:48.380 2443 2443 E ArmVmp : Match on catch block at 0xc3 in for 0x7faf123025
03-25 16:07:48.396 2443 2443 E ArmVmp : Match on catch block at 0xc3 in for 0x7faf123025
03-25 16:07:48.398 2443 2443 E ArmVmp : Match on catch block at 0xc3 in for 0x7faf123025
03-25 16:07:48.414 2443 2443 E ArmVmp : Match on catch block at 0xc3 in for 0x7faf123025
03-25 16:07:48.416 2443 2443 E ArmVmp : Match on catch block at 0xc3 in for 0x7faf123025
03-25 16:07:48.431 2443 2443 E ArmVmp : Match on catch block at 0xc3 in for 0x7faf123025
03-25 16:07:48.434 2443 2443 E ArmVmp : Match on catch block at 0xc3 in for 0x7faf123025
03-25 16:07:48.449 2443 2443 E ArmVmp : Match on catch block at 0xc3 in for 0x7faf123025
03-25 16:07:48.452 2443 2443 E ArmVmp : Match on catch block at 0xc3 in for 0x7faf123025
03-25 16:07:48.467 2443 2443 E ArmVmp : Match on catch block at 0xc3 in for 0x7faf123025
03-25 16:07:48.469 2443 2443 E ArmVmp : Match on catch block at 0xc3 in for 0x7faf123025
03-25 16:07:48.484 2443 2443 E ArmVmp : Match on catch block at 0xc3 in for 0x7faf123025
03-25 16:07:48.487 2443 2443 E ArmVmp : Match on catch block at 0xc3 in for 0x7faf123025
03-25 16:07:48.502 2443 2443 E ArmVmp : Match on catch block at 0xc3 in for 0x7faf123025
03-25 16:07:48.504 2443 2443 E ArmVmp : Match on catch block at 0xc3 in for 0x7faf123025
03-25 16:07:48.520 2443 2443 E ArmVmp : Match on catch block at 0xc3 in for 0x7faf123025
03-25 16:07:48.522 2443 2443 E ArmVmp : Match on catch block at 0xc3 in for 0x7faf123025
03-25 16:07:48.538 2443 2443 E ArmVmp : Match on catch block at 0xc3 in for 0x7faf123025
03-25 16:07:48.540 2443 2443 E ArmVmp : Match on catch block at 0xc3 in for 0x7faf123025
03-25 16:07:48.555 2443 2443 E ArmVmp : Match on catch block at 0xc3 in for 0x7faf123025
03-25 16:07:48.558 2443 2443 E ArmVmp : Match on catch block at 0xc3 in for 0x7faf123025
03-25 16:07:48.573 2443 2443 E ArmVmp : Match on catch block at 0xc3 in for 0x7faf123025
03-25 16:07:48.576 2443 2443 E ArmVmp : Match on catch block at 0xc3 in for 0x7faf123025
03-25 16:07:48.591 2443 2443 E ArmVmp : Match on catch block at 0xc3 in for 0x7faf123025
03-25 16:07:48.593 2443 2443 E ArmVmp : Match on catch block at 0xc3 in for 0x7faf123025
03-25 16:07:48.609 2443 2443 E ArmVmp : Match on catch block at 0xc3 in for 0x7faf123025
03-25 16:07:48.611 2443 2443 E ArmVmp : Match on catch block at 0xc3 in for 0x7faf123025
03-25 16:07:48.627 2443 2443 E ArmVmp : Match on catch block at 0xc3 in for 0x7faf123025
03-25 16:07:48.629 2443 2443 E ArmVmp : Match on catch block at 0xc3 in for 0x7faf123025
03-25 16:07:48.644 2443 2443 E ArmVmp : Match on catch block at 0xc3 in for 0x7faf123025
03-25 16:07:48.647 2443 2443 E ArmVmp : Match on catch block at 0xc3 in for 0x7faf123025
03-25 16:07:48.669 2443 2443 E ArmVmp : Match on catch block at 0xc3 in for 0x7faf123025
03-25 16:07:48.670 2443 2443 E ArmVmp : Match on catch block at 0xc3 in for 0x7faf123025
03-25 16:07:48.686 2443 2443 E ArmVmp : Match on catch block at 0xc3 in for 0x7faf123025
03-25 16:07:48.687 2443 2443 E ArmVmp : Match on catch block at 0xc3 in for 0x7faf123025
03-25 16:07:48.697 2443 2443 E ArmVmp : Match on catch block at 0xc3 in for 0x7faf123025
03-25 16:07:48.699 2443 2443 E ArmVmp : Match on catch block at 0xc3 in for 0x7faf123025
03-25 16:07:48.721 2443 2443 E ArmVmp : Match on catch block at 0xc3 in for 0x7faf123025
03-25 16:07:48.723 2443 2443 E ArmVmp : Match on catch block at 0xc3 in for 0x7faf123025
03-25 16:07:48.726 2443 2443 W OnBackInvokedCallback: OnBackInvokedCallback is not enabled for the application.
03-25 16:07:48.726 2443 2443 W OnBackInvokedCallback: Set 'android:enableOnBackInvokedCallback="true"' in the application manifest.
03-25 16:07:48.733 2443 2443 E ArmVmp : Match on catch block at 0xc3 in for 0x7faf123025
03-25 16:07:48.735 2443 2443 E ArmVmp : Match on catch block at 0xc3 in for 0x7faf123025
03-25 16:07:48.754 2443 2443 E ArmVmp : Match on catch block at 0xc3 in for 0x7faf123025
03-25 16:07:48.756 2443 2443 E ArmVmp : Match on catch block at 0xc3 in for 0x7faf123025
03-25 16:07:48.768 2443 2443 E ArmVmp : Match on catch block at 0xc3 in for 0x7faf123025
03-25 16:07:48.771 2443 2443 E ArmVmp : Match on catch block at 0xc3 in for 0x7faf123025
03-25 16:07:48.786 2443 2443 E ArmVmp : Match on catch block at 0xc3 in for 0x7faf123025
03-25 16:07:48.788 2443 2443 E ArmVmp : Match on catch block at 0xc3 in for 0x7faf123025
03-25 16:07:48.804 2443 2443 E ArmVmp : Match on catch block at 0xc3 in for 0x7faf123025
03-25 16:07:48.806 2443 2443 E ArmVmp : Match on catch block at 0xc3 in for 0x7faf123025
03-25 16:07:48.822 2443 2443 E ArmVmp : Match on catch block at 0xc3 in for 0x7faf123025
03-25 16:07:48.827 2443 2443 E ArmVmp : Match on catch block at 0xc3 in for 0x7faf123025
03-25 16:07:48.840 2443 2443 E ArmVmp : Match on catch block at 0xc3 in for 0x7faf123025
03-25 16:07:48.843 2443 2443 E ArmVmp : Match on catch block at 0xc3 in for 0x7faf123025
03-25 16:07:48.858 2443 2443 E ArmVmp : Match on catch block at 0xc3 in for 0x7faf123025
03-25 16:07:48.862 2443 2443 E ArmVmp : Match on catch block at 0xc3 in for 0x7faf123025
03-25 16:07:48.875 2443 2443 E ArmVmp : Match on catch block at 0xc3 in for 0x7faf123025
03-25 16:07:48.879 2443 2443 E ArmVmp : Match on catch block at 0xc3 in for 0x7faf123025
03-25 16:07:48.893 2443 2443 E ArmVmp : Match on catch block at 0xc3 in for 0x7faf123025
03-25 16:07:48.898 2443 2443 E ArmVmp : Match on catch block at 0xc3 in for 0x7faf123025
03-25 16:07:48.911 2443 2443 E ArmVmp : Match on catch block at 0xc3 in for 0x7faf123025
03-25 16:07:48.916 2443 2443 E ArmVmp : Match on catch block at 0xc3 in for 0x7faf123025
03-25 16:07:48.928 2443 2443 E ArmVmp : Match on catch block at 0xc3 in for 0x7faf123025
03-25 16:07:48.933 2443 2443 E ArmVmp : Match on catch block at 0xc3 in for 0x7faf123025
03-25 16:07:48.952 2443 2443 E ArmVmp : Match on catch block at 0xc3 in for 0x7faf123025
03-25 16:07:48.956 2443 2443 E ArmVmp : Match on catch block at 0xc3 in for 0x7faf123025
03-25 16:07:48.965 2443 2443 E ArmVmp : Match on catch block at 0xc3 in for 0x7faf123025
03-25 16:07:48.969 2443 2443 E ArmVmp : Match on catch block at 0xc3 in for 0x7faf123025
03-25 16:07:49.407 2443 2443 E ArmVmp : Match on catch block at 0xc3 in for 0x7faf123025
03-25 16:07:49.409 2443 2443 E ArmVmp : Match on catch block at 0xc3 in for 0x7faf123025
03-25 16:07:49.763 2443 2443 E ArmVmp : Match on catch block at 0xc3 in for 0x7faf123025
03-25 16:07:49.766 2443 2443 E ArmVmp : Match on catch block at 0xc3 in for 0x7faf123025
03-25 16:07:49.779 2443 2443 E ArmVmp : Match on catch block at 0xc3 in for 0x7faf123025
03-25 16:07:49.782 2443 2443 E ArmVmp : Match on catch block at 0xc3 in for 0x7faf123025
03-25 16:07:49.799 2443 2443 E ArmVmp : Match on catch block at 0xc3 in for 0x7faf123025
03-25 16:07:49.803 2443 2443 E ArmVmp : Match on catch block at 0xc3 in for 0x7faf123025
03-25 16:07:49.816 2443 2443 E ArmVmp : Match on catch block at 0xc3 in for 0x7faf123025
03-25 16:07:49.822 2443 2443 E ArmVmp : Match on catch block at 0xc3 in for 0x7faf123025
03-25 16:07:49.833 2443 2443 E ArmVmp : Match on catch block at 0xc3 in for 0x7faf123025
03-25 16:07:49.838 2443 2443 E ArmVmp : Match on catch block at 0xc3 in for 0x7faf123025
03-25 16:07:49.852 2443 2443 E ArmVmp : Match on catch block at 0xc3 in for 0x7faf123025
03-25 16:07:49.856 2443 2443 E ArmVmp : Match on catch block at 0xc3 in for 0x7faf123025
03-25 16:07:49.870 2443 2443 E ArmVmp : Match on catch block at 0xc3 in for 0x7faf123025
03-25 16:07:49.876 2443 2443 E ArmVmp : Match on catch block at 0xc3 in for 0x7faf123025
03-25 16:07:49.892 2443 2443 E ArmVmp : Match on catch block at 0xc3 in for 0x7faf123025
03-25 16:07:49.896 2443 2443 E ArmVmp : Match on catch block at 0xc3 in for 0x7faf123025
03-25 16:07:49.911 2443 2443 E ArmVmp : Match on catch block at 0xc3 in for 0x7faf123025
03-25 16:07:49.915 2443 2443 E ArmVmp : Match on catch block at 0xc3 in for 0x7faf123025
03-25 16:07:49.924 2443 2443 E ArmVmp : Match on catch block at 0xc3 in for 0x7faf123025
03-25 16:07:49.930 2443 2443 E ArmVmp : Match on catch block at 0xc3 in for 0x7faf123025
03-25 16:07:49.940 2443 2443 E ArmVmp : Match on catch block at 0xc3 in for 0x7faf123025
03-25 16:07:49.944 2443 2443 E ArmVmp : Match on catch block at 0xc3 in for 0x7faf123025
03-25 16:07:49.958 2443 2443 E ArmVmp : Match on catch block at 0xc3 in for 0x7faf123025
03-25 16:07:49.963 2443 2443 E ArmVmp : Match on catch block at 0xc3 in for 0x7faf123025
03-25 16:07:50.118 2443 2443 E ArmVmp : Match on catch block at 0xc3 in for 0x7faf123025
03-25 16:07:50.127 2443 2443 E ArmVmp : Match on catch block at 0xc3 in for 0x7faf123025
03-25 16:07:50.205 2443 2443 E ArmVmp : Match on catch block at 0xc3 in for 0x7faf123025
03-25 16:07:50.209 2443 2443 E ArmVmp : Match on catch block at 0xc3 in for 0x7faf123025
03-25 16:07:50.428 2443 2443 E ArmVmp : Match on catch block at 0xc3 in for 0x7faf123025
03-25 16:07:50.432 2443 2443 E ArmVmp : Match on catch block at 0xc3 in for 0x7faf123025
03-25 16:07:50.555 2443 2443 E ArmVmp : Match on catch block at 0xc3 in for 0x7faf123025
03-25 16:07:50.560 2443 2443 E ArmVmp : Match on catch block at 0xc3 in for 0x7faf123025
03-25 16:07:50.571 2443 2443 E ArmVmp : Match on catch block at 0xc3 in for 0x7faf123025
03-25 16:07:50.576 2443 2443 E ArmVmp : Match on catch block at 0xc3 in for 0x7faf123025
03-25 16:07:50.592 2443 2443 E ArmVmp : Match on catch block at 0xc3 in for 0x7faf123025
03-25 16:07:50.597 2443 2443 E ArmVmp : Match on catch block at 0xc3 in for 0x7faf123025
03-25 16:07:50.608 2443 2443 E ArmVmp : Match on catch block at 0xc3 in for 0x7faf123025
03-25 16:07:50.613 2443 2443 E ArmVmp : Match on catch block at 0xc3 in for 0x7faf123025
03-25 16:07:50.626 2443 2443 E ArmVmp : Match on catch block at 0xc3 in for 0x7faf123025
03-25 16:07:50.630 2443 2443 E ArmVmp : Match on catch block at 0xc3 in for 0x7faf123025
03-25 16:07:50.643 2443 2443 E ArmVmp : Match on catch block at 0xc3 in for 0x7faf123025
03-25 16:07:50.648 2443 2443 E ArmVmp : Match on catch block at 0xc3 in for 0x7faf123025
03-25 16:07:50.663 2443 2443 E ArmVmp : Match on catch block at 0xc3 in for 0x7faf123025
03-25 16:07:50.667 2443 2443 E ArmVmp : Match on catch block at 0xc3 in for 0x7faf123025
03-25 16:07:50.680 2443 2443 E ArmVmp : Match on catch block at 0xc3 in for 0x7faf123025
03-25 16:07:50.685 2443 2443 E ArmVmp : Match on catch block at 0xc3 in for 0x7faf123025
03-25 16:07:50.697 2443 2443 E ArmVmp : Match on catch block at 0xc3 in for 0x7faf123025
03-25 16:07:50.702 2443 2443 E ArmVmp : Match on catch block at 0xc3 in for 0x7faf123025
03-25 16:07:50.714 2443 2443 E ArmVmp : Match on catch block at 0xc3 in for 0x7faf123025
03-25 16:07:50.719 2443 2443 E ArmVmp : Match on catch block at 0xc3 in for 0x7faf123025
03-25 16:07:50.730 2443 2443 E ArmVmp : Match on catch block at 0xc3 in for 0x7faf123025
03-25 16:07:50.736 2443 2443 E ArmVmp : Match on catch block at 0xc3 in for 0x7faf123025
03-25 16:07:50.757 2443 2443 E ArmVmp : Match on catch block at 0xc3 in for 0x7faf123025
03-25 16:07:50.763 2443 2443 E ArmVmp : Match on catch block at 0xc3 in for 0x7faf123025
03-25 16:07:50.779 2443 2443 E ArmVmp : Match on catch block at 0xc3 in for 0x7faf123025
03-25 16:07:50.787 2443 2443 E ArmVmp : Match on catch block at 0xc3 in for 0x7faf123025
03-25 16:07:50.803 2443 2443 E ArmVmp : Match on catch block at 0xc3 in for 0x7faf123025
03-25 16:07:50.808 2443 2443 E ArmVmp : Match on catch block at 0xc3 in for 0x7faf123025
03-25 16:07:50.815 2443 2443 E ArmVmp : Match on catch block at 0xc3 in for 0x7faf123025
03-25 16:07:50.820 2443 2443 E ArmVmp : Match on catch block at 0xc3 in for 0x7faf123025
03-25 16:07:50.833 2443 2443 E ArmVmp : Match on catch block at 0xc3 in for 0x7faf123025
03-25 16:07:50.838 2443 2443 E ArmVmp : Match on catch block at 0xc3 in for 0x7faf123025
03-25 16:07:50.846 2443 2443 E ArmVmp : Match on catch block at 0xc3 in for 0x7faf123025
03-25 16:07:50.851 2443 2443 E ArmVmp : Match on catch block at 0xc3 in for 0x7faf123025
03-25 16:07:50.863 2443 2443 E ArmVmp : Match on catch block at 0xc3 in for 0x7faf123025
03-25 16:07:50.868 2443 2443 E ArmVmp : Match on catch block at 0xc3 in for 0x7faf123025
03-25 16:07:50.881 2443 2443 E ArmVmp : Match on catch block at 0xc3 in for 0x7faf123025
03-25 16:07:50.886 2443 2443 E ArmVmp : Match on catch block at 0xc3 in for 0x7faf123025
03-25 16:07:50.900 2443 2443 E ArmVmp : Match on catch block at 0xc3 in for 0x7faf123025
03-25 16:07:50.904 2443 2443 E ArmVmp : Match on catch block at 0xc3 in for 0x7faf123025
03-25 16:07:50.919 2443 2443 E ArmVmp : Match on catch block at 0xc3 in for 0x7faf123025
03-25 16:07:50.922 2443 2443 E ArmVmp : Match on catch block at 0xc3 in for 0x7faf123025
03-25 16:07:50.934 2443 2443 E ArmVmp : Match on catch block at 0xc3 in for 0x7faf123025
03-25 16:07:50.939 2443 2443 E ArmVmp : Match on catch block at 0xc3 in for 0x7faf123025
03-25 16:07:50.952 2443 2443 E ArmVmp : Match on catch block at 0xc3 in for 0x7faf123025
03-25 16:07:50.960 2443 2443 E ArmVmp : Match on catch block at 0xc3 in for 0x7faf123025
03-25 16:07:50.970 2443 2443 E ArmVmp : Match on catch block at 0xc3 in for 0x7faf123025
03-25 16:07:50.975 2443 2443 E ArmVmp : Match on catch block at 0xc3 in for 0x7faf123025
03-25 16:07:50.988 2443 2443 E ArmVmp : Match on catch block at 0xc3 in for 0x7faf123025
03-25 16:07:50.992 2443 2443 E ArmVmp : Match on catch block at 0xc3 in for 0x7faf123025
03-25 16:07:51.011 2443 2443 E ArmVmp : Match on catch block at 0xc3 in for 0x7faf123025
03-25 16:07:51.020 2443 2443 E ArmVmp : Match on catch block at 0xc3 in for 0x7faf123025
03-25 16:07:51.032 2443 2443 E ArmVmp : Match on catch block at 0xc3 in for 0x7faf123025
03-25 16:07:51.036 2443 2443 E ArmVmp : Match on catch block at 0xc3 in for 0x7faf123025
03-25 16:07:51.042 2443 2443 E ArmVmp : Match on catch block at 0xc3 in for 0x7faf123025
03-25 16:07:51.048 2443 2443 E ArmVmp : Match on catch block at 0xc3 in for 0x7faf123025
03-25 16:07:51.058 2443 2443 E ArmVmp : Match on catch block at 0xc3 in for 0x7faf123025
03-25 16:07:51.064 2443 2443 E ArmVmp : Match on catch block at 0xc3 in for 0x7faf123025
03-25 16:07:51.076 2443 2443 E ArmVmp : Match on catch block at 0xc3 in for 0x7faf123025
03-25 16:07:51.081 2443 2443 E ArmVmp : Match on catch block at 0xc3 in for 0x7faf123025
03-25 16:07:51.094 2443 2443 E ArmVmp : Match on catch block at 0xc3 in for 0x7faf123025
03-25 16:07:51.099 2443 2443 E ArmVmp : Match on catch block at 0xc3 in for 0x7faf123025
03-25 16:07:51.112 2443 2443 E ArmVmp : Match on catch block at 0xc3 in for 0x7faf123025
03-25 16:07:51.116 2443 2443 E ArmVmp : Match on catch block at 0xc3 in for 0x7faf123025
03-25 16:07:51.184 2443 2443 E ArmVmp : Match on catch block at 0xc3 in for 0x7faf123025
03-25 16:07:51.191 2443 2443 E ArmVmp : Match on catch block at 0xc3 in for 0x7faf123025
03-25 16:07:51.307 2443 2443 E ArmVmp : Match on catch block at 0xc3 in for 0x7faf123025
03-25 16:07:51.312 2443 2443 E ArmVmp : Match on catch block at 0xc3 in for 0x7faf123025
03-25 16:07:51.689 2443 2443 E ArmVmp : Match on catch block at 0xc3 in for 0x7faf123025
03-25 16:07:51.691 2443 2443 E ArmVmp : Match on catch block at 0xc3 in for 0x7faf123025
03-25 16:07:51.709 2443 2443 E ArmVmp : Match on catch block at 0xc3 in for 0x7faf123025
03-25 16:07:51.711 2443 2443 E ArmVmp : Match on catch block at 0xc3 in for 0x7faf123025
03-25 16:07:51.724 2443 2443 E ArmVmp : Match on catch block at 0xc3 in for 0x7faf123025
03-25 16:07:51.726 2443 2443 E ArmVmp : Match on catch block at 0xc3 in for 0x7faf123025
03-25 16:07:51.751 2443 2443 E ArmVmp : Match on catch block at 0xc3 in for 0x7faf123025
03-25 16:07:51.754 2443 2443 E ArmVmp : Match on catch block at 0xc3 in for 0x7faf123025
03-25 16:07:51.762 2443 2443 E ArmVmp : Match on catch block at 0xc3 in for 0x7faf123025
03-25 16:07:51.767 2443 2443 E ArmVmp : Match on catch block at 0xc3 in for 0x7faf123025
03-25 16:07:51.778 2443 2443 E ArmVmp : Match on catch block at 0xc3 in for 0x7faf123025
03-25 16:07:51.780 2443 2443 E ArmVmp : Match on catch block at 0xc3 in for 0x7faf123025
03-25 16:07:51.784 2443 2443 E ArmVmp : Match on catch block at 0xc3 in for 0x7faf123025
03-25 16:07:51.788 2443 2443 E ArmVmp : Match on catch block at 0xc3 in for 0x7faf123025
03-25 16:07:51.804 2443 2443 E ArmVmp : Match on catch block at 0xc3 in for 0x7faf123025
03-25 16:07:51.815 2443 2443 E ArmVmp : Match on catch block at 0xc3 in for 0x7faf123025
03-25 16:07:51.822 2443 2443 E ArmVmp : Match on catch block at 0xc3 in for 0x7faf123025
03-25 16:07:51.827 2443 2443 E ArmVmp : Match on catch block at 0xc3 in for 0x7faf123025
03-25 16:07:51.839 2443 2443 E ArmVmp : Match on catch block at 0xc3 in for 0x7faf123025
03-25 16:07:51.842 2443 2443 E ArmVmp : Match on catch block at 0xc3 in for 0x7faf123025
03-25 16:07:51.857 2443 2443 E ArmVmp : Match on catch block at 0xc3 in for 0x7faf123025
03-25 16:07:51.860 2443 2443 E ArmVmp : Match on catch block at 0xc3 in for 0x7faf123025
03-25 16:07:51.874 2443 2443 E ArmVmp : Match on catch block at 0xc3 in for 0x7faf123025
03-25 16:07:51.877 2443 2443 E ArmVmp : Match on catch block at 0xc3 in for 0x7faf123025
03-25 16:07:51.893 2443 2443 E ArmVmp : Match on catch block at 0xc3 in for 0x7faf123025
03-25 16:07:51.900 2443 2443 E ArmVmp : Match on catch block at 0xc3 in for 0x7faf123025
03-25 16:07:51.911 2443 2443 E ArmVmp : Match on catch block at 0xc3 in for 0x7faf123025
03-25 16:07:51.917 2443 2443 E ArmVmp : Match on catch block at 0xc3 in for 0x7faf123025
03-25 16:07:51.929 2443 4685 W MediaPlayer: Use of stream types is deprecated for operations other than volume control
03-25 16:07:51.929 2443 4685 W MediaPlayer: See the documentation of setAudioStreamType() for what to use instead with android.media.AudioAttributes to qualify your playback use case
03-25 16:07:51.934 2443 2443 E ArmVmp : Match on catch block at 0xc3 in for 0x7faf123025
03-25 16:07:51.938 2443 2443 E ArmVmp : Match on catch block at 0xc3 in for 0x7faf123025
03-25 16:07:51.947 2443 2443 E ArmVmp : Match on catch block at 0xc3 in for 0x7faf123025
03-25 16:07:51.952 2443 2443 E ArmVmp : Match on catch block at 0xc3 in for 0x7faf123025
03-25 16:07:52.213 2443 2443 E ArmVmp : Match on catch block at 0xc3 in for 0x7faf123025
03-25 16:07:52.219 2443 2443 E ArmVmp : Match on catch block at 0xc3 in for 0x7faf123025
03-25 16:07:52.460 2443 2443 E ArmVmp : Match on catch block at 0xc3 in for 0x7faf123025
03-25 16:07:52.463 2443 2443 E ArmVmp : Match on catch block at 0xc3 in for 0x7faf123025
03-25 16:07:52.478 2443 2443 E ArmVmp : Match on catch block at 0xc3 in for 0x7faf123025
03-25 16:07:52.480 2443 2443 E ArmVmp : Match on catch block at 0xc3 in for 0x7faf123025
03-25 16:07:52.496 2443 2443 E ArmVmp : Match on catch block at 0xc3 in for 0x7faf123025
03-25 16:07:52.498 2443 2443 E ArmVmp : Match on catch block at 0xc3 in for 0x7faf123025
03-25 16:07:52.525 2443 2443 W libc : Access denied finding property "vendor.transsion.scroll_adjust.support"
03-25 16:07:52.526 2443 2443 W libc : Access denied finding property "vendor.transsion.scroll_adjust.support"
03-25 16:07:52.533 2443 2443 W libc : Access denied finding property "vendor.transsion.scroll_adjust.support"
03-25 16:07:52.533 2443 2443 W libc : Access denied finding property "vendor.transsion.scroll_adjust.support"
03-25 16:07:52.534 2443 2443 W TabLayout: MODE_SCROLLABLE + GRAVITY_FILL is not supported, GRAVITY_START will be used instead
03-25 16:07:52.547 2443 2443 W BottomSheetBehavior: BottomSheetBehavior now supports multiple callbacks. `setBottomSheetCallback()` removes all existing callbacks, including ones set internally by library authors, which may result in unintended behavior. This may change in the future. Please use `addBottomSheetCallback()` and `removeBottomSheetCallback()` instead to set your own callbacks.
03-25 16:07:52.557 2443 5701 E CameraManagerGlobal: Camera 3 is not available. Ignore physical camera status change
03-25 16:07:52.561 2443 2443 W libc : Access denied finding property "vendor.transsion.scroll_adjust.support"
03-25 16:07:52.561 2443 2443 W libc : Access denied finding property "vendor.transsion.scroll_adjust.support"
03-25 16:07:52.564 2443 2443 W libc : Access denied finding property "vendor.transsion.scroll_adjust.support"
03-25 16:07:52.565 2443 2443 W libc : Access denied finding property "vendor.transsion.scroll_adjust.support"
03-25 16:07:52.566 2443 2443 W libc : Access denied finding property "vendor.transsion.scroll_adjust.support"
03-25 16:07:52.566 2443 2443 W libc : Access denied finding property "vendor.transsion.scroll_adjust.support"
03-25 16:07:52.601 2443 2443 W libc : Access denied finding property "vendor.transsion.scroll_adjust.support"
03-25 16:07:52.601 2443 2443 W libc : Access denied finding property "vendor.transsion.scroll_adjust.support"
03-25 16:07:52.607 2443 2443 W libc : Access denied finding property "vendor.transsion.scroll_adjust.support"
03-25 16:07:52.607 2443 2443 W libc : Access denied finding property "vendor.transsion.scroll_adjust.support"
03-25 16:07:52.650 2443 2443 W libc : Access denied finding property "vendor.transsion.scroll_adjust.support"
03-25 16:07:52.650 2443 2443 W libc : Access denied finding property "vendor.transsion.scroll_adjust.support"
03-25 16:07:52.651 2443 2443 W View : requestLayout() improperly called by com.mbwhatsapp.WaImageView{f6ffbc0 VF.D..CL. ......ID 0,0-192,192 #7f0b1814 app:id/shutter} during layout: running second layout pass
03-25 16:07:52.651 2443 2443 W View : requestLayout() improperly called by com.mbwhatsapp.CircularProgressBar{7e2e0f9 V.ED..... ......ID 0,0-192,192 #7f0b14fc app:id/recording_progress} during layout: running second layout pass
03-25 16:07:52.651 2443 2443 W View : requestLayout() improperly called by com.mbwhatsapp.WaImageView{5bbd83e VF.D..C.. ......ID 0,0-144,144 #7f0b1976 app:id/switch_camera_btn} during layout: running second layout pass
03-25 16:07:52.651 2443 2443 W View : requestLayout() improperly called by com.mbwhatsapp.WaImageView{ad2269f VFED..C.. ......ID 0,0-144,144 #7f0b0b0d app:id/gallery_btn} during layout: running second layout pass
03-25 16:07:52.651 2443 2443 W View : requestLayout() improperly called by com.mbwhatsapp.WaImageView{13913ec VF.D..C.. ......ID 0,0-144,144 #7f0b0a9c app:id/flash_btn} during layout: running second layout pass
03-25 16:07:52.651 2443 2443 W View : requestLayout() improperly called by com.mbwhatsapp.WaImageView{de793b5 VFED..C.. ......ID 0,0-144,144 #7f0b057f app:id/close_camera_btn} during layout: running second layout pass
03-25 16:07:52.651 2443 2443 W View : requestLayout() improperly called by X.4Ki{d993a4a V.ED..... ......ID 0,6-1080,150} during layout: running second layout pass
03-25 16:07:52.673 2443 2559 W Parcel : Expecting binder but got null!
03-25 16:07:52.675 2443 2443 E ArmVmp : Match on catch block at 0xc3 in for 0x7faf123025
03-25 16:07:52.677 2443 2443 E ArmVmp : Match on catch block at 0xc3 in for 0x7faf123025
03-25 16:07:52.703 2443 2443 W View : requestLayout() improperly called by com.mbwhatsapp.WaImageView{f6ffbc0 VF.D..CL. ......ID 444,1680-636,1872 #7f0b1814 app:id/shutter} during layout: running second layout pass
03-25 16:07:52.703 2443 2443 W View : requestLayout() improperly called by com.mbwhatsapp.CircularProgressBar{7e2e0f9 V.ED..... ......ID 444,1680-636,1872 #7f0b14fc app:id/recording_progress} during layout: running second layout pass
03-25 16:07:52.703 2443 2443 W View : requestLayout() improperly called by com.mbwhatsapp.WaImageView{5bbd83e VF.D..C.. ......ID 912,1704-1056,1848 #7f0b1976 app:id/switch_camera_btn} during layout: running second layout pass
03-25 16:07:52.703 2443 2443 W View : requestLayout() improperly called by com.mbwhatsapp.WaImageView{ad2269f VFED..C.. ......ID 24,1704-168,1848 #7f0b0b0d app:id/gallery_btn} during layout: running second layout pass
03-25 16:07:52.703 2443 2443 W View : requestLayout() improperly called by com.mbwhatsapp.WaImageView{13913ec VF.D..C.. ......I. 912,24-1056,168 #7f0b0a9c app:id/flash_btn} during layout: running second layout pass
03-25 16:07:52.703 2443 2443 W View : requestLayout() improperly called by com.mbwhatsapp.WaImageView{de793b5 VFED..C.. ......I. 24,24-168,168 #7f0b057f app:id/close_camera_btn} during layout: running second layout pass
03-25 16:07:52.707 2443 2443 E ArmVmp : Match on catch block at 0xc3 in for 0x7faf123025
03-25 16:07:52.715 2443 2443 E ArmVmp : Match on catch block at 0xc3 in for 0x7faf123025
03-25 16:07:52.767 2443 2443 E ArmVmp : Match on catch block at 0xc3 in for 0x7faf123025
03-25 16:07:52.773 2443 2443 E ArmVmp : Match on catch block at 0xc3 in for 0x7faf123025
03-25 16:07:52.778 2443 2443 W OnBackInvokedCallback: OnBackInvokedCallback is not enabled for the application.
03-25 16:07:52.778 2443 2443 W OnBackInvokedCallback: Set 'android:enableOnBackInvokedCallback="true"' in the application manifest.
03-25 16:07:52.812 2443 2443 E ArmVmp : Match on catch block at 0xc3 in for 0x7faf123025
03-25 16:07:52.817 2443 2443 E ArmVmp : Match on catch block at 0xc3 in for 0x7faf123025
03-25 16:07:52.823 2443 2443 W RemoteInputConnectionImpl: requestCursorAnchorInfo on inactive InputConnection
03-25 16:07:52.929 2443 2443 E ArmVmp : Match on catch block at 0xc3 in for 0x7faf123025
03-25 16:07:52.933 2443 2443 E ArmVmp : Match on catch block at 0xc3 in for 0x7faf123025
03-25 16:07:53.023 2443 2443 E ArmVmp : Match on catch block at 0xc3 in for 0x7faf123025
03-25 16:07:53.028 2443 2443 E ArmVmp : Match on catch block at 0xc3 in for 0x7faf123025
03-25 16:07:53.053 2443 2443 E ArmVmp : Match on catch block at 0xc3 in for 0x7faf123025
03-25 16:07:53.057 2443 2443 E ArmVmp : Match on catch block at 0xc3 in for 0x7faf123025
03-25 16:07:53.100 2443 2443 E ArmVmp : Match on catch block at 0xc3 in for 0x7faf123025
03-25 16:07:53.105 2443 2443 E ArmVmp : Match on catch block at 0xc3 in for 0x7faf123025
03-25 16:07:53.832 2443 2460 W System : A resource failed to call CursorWrapperInner.close.
03-25 16:07:54.068 2443 5701 E CameraManagerGlobal: Camera 3 is not available. Ignore physical camera status change
03-25 16:07:54.768 2443 2443 W Optic-Task-Hand: type=1400 audit(0.0:58726): avc: denied { getattr } for name="dmabuf:" dev="dmabuf" ino=1 scontext=u:r:untrusted_app:s0:c247,c256,c512,c768 tcontext=u:object_r:unlabeled:s0 tclass=filesystem permissive=0 app=com.mbwhatsapp
03-25 16:07:54.808 2443 2443 W Optic-Task-Hand: type=1400 audit(0.0:58727): avc: denied { getattr } for name="dmabuf:" dev="dmabuf" ino=1 scontext=u:r:untrusted_app:s0:c247,c256,c512,c768 tcontext=u:object_r:unlabeled:s0 tclass=filesystem permissive=0 app=com.mbwhatsapp
03-25 16:07:54.852 2443 2443 W Optic-Task-Hand: type=1400 audit(0.0:58728): avc: denied { getattr } for name="dmabuf:" dev="dmabuf" ino=1 scontext=u:r:untrusted_app:s0:c247,c256,c512,c768 tcontext=u:object_r:unlabeled:s0 tclass=filesystem permissive=0 app=com.mbwhatsapp
03-25 16:07:54.884 2443 2443 W Optic-Task-Hand: type=1400 audit(0.0:58729): avc: denied { getattr } for name="dmabuf:" dev="dmabuf" ino=1 scontext=u:r:untrusted_app:s0:c247,c256,c512,c768 tcontext=u:object_r:unlabeled:s0 tclass=filesystem permissive=0 app=com.mbwhatsapp
03-25 16:07:54.952 2443 2443 W Optic-Task-Hand: type=1400 audit(0.0:58730): avc: denied { getattr } for name="dmabuf:" dev="dmabuf" ino=1 scontext=u:r:untrusted_app:s0:c247,c256,c512,c768 tcontext=u:object_r:unlabeled:s0 tclass=filesystem permissive=0 app=com.mbwhatsapp
03-25 16:07:55.121 2443 2559 W Parcel : Expecting binder but got null!
03-25 16:07:55.907 2443 2443 W libc : Access denied finding property "vendor.transsion.scroll_adjust.support"
03-25 16:07:55.907 2443 2443 W libc : Access denied finding property "vendor.transsion.scroll_adjust.support"
03-25 16:07:55.984 2443 2559 W Parcel : Expecting binder but got null!
03-25 16:07:57.653 2443 5156 W Choreographer: Frame time is 0.00424 now = 38352890400824 timestampNanos = 38352890405064 ms in the future! Check that graphics HAL is generating vsync timestamps using the correct timebase.
03-25 16:07:57.688 2443 5156 W Choreographer: Frame time is 0.094598 now = 38352925653439 timestampNanos = 38352925748037 ms in the future! Check that graphics HAL is generating vsync timestamps using the correct timebase.
03-25 16:07:57.706 2443 5156 W Choreographer: Frame time is 0.035023 now = 38352943467362 timestampNanos = 38352943502385 ms in the future! Check that graphics HAL is generating vsync timestamps using the correct timebase.
03-25 16:07:57.724 2443 5156 W Choreographer: Frame time is 0.145613 now = 38352961293208 timestampNanos = 38352961438821 ms in the future! Check that graphics HAL is generating vsync timestamps using the correct timebase.
03-25 16:07:57.742 2443 5156 W Choreographer: Frame time is 0.189177 now = 38352979308593 timestampNanos = 38352979497770 ms in the future! Check that graphics HAL is generating vsync timestamps using the correct timebase.
03-25 16:07:57.760 2443 5156 W Choreographer: Frame time is 0.184412 now = 38352997957747 timestampNanos = 38352998142159 ms in the future! Check that graphics HAL is generating vsync timestamps using the correct timebase.
03-25 16:07:57.778 2443 5156 W Choreographer: Frame time is 0.225009 now = 38353015563901 timestampNanos = 38353015788910 ms in the future! Check that graphics HAL is generating vsync timestamps using the correct timebase.
03-25 16:07:57.944 2443 2443 W Optic-Task-Hand: type=1400 audit(0.0:58782): avc: denied { getattr } for name="dmabuf:" dev="dmabuf" ino=1 scontext=u:r:untrusted_app:s0:c247,c256,c512,c768 tcontext=u:object_r:unlabeled:s0 tclass=filesystem permissive=0 app=com.mbwhatsapp
03-25 16:07:57.976 2443 2443 W Optic-Task-Hand: type=1400 audit(0.0:58783): avc: denied { getattr } for name="dmabuf:" dev="dmabuf" ino=1 scontext=u:r:untrusted_app:s0:c247,c256,c512,c768 tcontext=u:object_r:unlabeled:s0 tclass=filesystem permissive=0 app=com.mbwhatsapp
03-25 16:07:58.008 2443 2443 W Optic-Task-Hand: type=1400 audit(0.0:58784): avc: denied { getattr } for name="dmabuf:" dev="dmabuf" ino=1 scontext=u:r:untrusted_app:s0:c247,c256,c512,c768 tcontext=u:object_r:unlabeled:s0 tclass=filesystem permissive=0 app=com.mbwhatsapp
03-25 16:08:00.439 2443 5779 W gralloc4: Could not find component description for FourCC value 0
03-25 16:08:00.439 2443 5779 E ion : ioctl c0044901 failed with code -1: Invalid argument
03-25 16:08:00.513 2443 2443 W libc : Access denied finding property "vendor.transsion.scroll_adjust.support"
03-25 16:08:00.513 2443 2443 W libc : Access denied finding property "vendor.transsion.scroll_adjust.support"
03-25 16:08:00.519 2443 2443 W libc : Access denied finding property "vendor.transsion.scroll_adjust.support"
03-25 16:08:00.519 2443 2443 W libc : Access denied finding property "vendor.transsion.scroll_adjust.support"
03-25 16:08:00.528 2443 2443 W libc : Access denied finding property "vendor.transsion.scroll_adjust.support"
03-25 16:08:00.528 2443 2443 W libc : Access denied finding property "vendor.transsion.scroll_adjust.support"
03-25 16:08:00.579 2443 2443 W libc : Access denied finding property "vendor.transsion.scroll_adjust.support"
03-25 16:08:00.579 2443 2443 W libc : Access denied finding property "vendor.transsion.scroll_adjust.support"
03-25 16:08:00.588 2443 2443 W libc : Access denied finding property "vendor.transsion.scroll_adjust.support"
03-25 16:08:00.588 2443 2443 W libc : Access denied finding property "vendor.transsion.scroll_adjust.support"
03-25 16:08:00.588 2443 2443 W libc : Access denied finding property "vendor.transsion.scroll_adjust.support"
03-25 16:08:00.588 2443 2443 W libc : Access denied finding property "vendor.transsion.scroll_adjust.support"
03-25 16:08:00.588 2443 2901 E ion : ioctl c0044901 failed with code -1: Invalid argument
03-25 16:08:00.588 2443 2443 W com.mbwhatsapp: type=1400 audit(0.0:58789): avc: denied { search } for comm=4D42576861747341707020576F726B name="ppm" dev="proc" ino=4026531919 scontext=u:r:untrusted_app:s0:c247,c256,c512,c768 tcontext=u:object_r:proc_ppm:s0 tclass=dir permissive=0 app=com.mbwhatsapp
03-25 16:08:00.592 2443 2443 W libc : Access denied finding property "vendor.transsion.scroll_adjust.support"
03-25 16:08:00.592 2443 2443 W libc : Access denied finding property "vendor.transsion.scroll_adjust.support"
03-25 16:08:00.588 2443 2443 W com.mbwhatsapp: type=1400 audit(0.0:58791): avc: denied { search } for comm=4D42576861747341707020576F726B name="ppm" dev="proc" ino=4026531919 scontext=u:r:untrusted_app:s0:c247,c256,c512,c768 tcontext=u:object_r:proc_ppm:s0 tclass=dir permissive=0 app=com.mbwhatsapp
03-25 16:08:00.596 2443 2443 W BottomSheetBehavior: BottomSheetBehavior now supports multiple callbacks. `setBottomSheetCallback()` removes all existing callbacks, including ones set internally by library authors, which may result in unintended behavior. This may change in the future. Please use `addBottomSheetCallback()` and `removeBottomSheetCallback()` instead to set your own callbacks.
03-25 16:08:00.638 2443 2443 W libc : Access denied finding property "vendor.transsion.scroll_adjust.support"
03-25 16:08:00.639 2443 2443 W libc : Access denied finding property "vendor.transsion.scroll_adjust.support"
03-25 16:08:00.639 2443 2443 E RecyclerView: No adapter attached; skipping layout
03-25 16:08:00.657 2443 2559 W Parcel : Expecting binder but got null!
03-25 16:08:00.663 2443 2443 E RecyclerView: No adapter attached; skipping layout
03-25 16:08:01.567 2443 2443 W libc : Access denied finding property "vendor.transsion.scroll_adjust.support"
03-25 16:08:01.567 2443 2443 W libc : Access denied finding property "vendor.transsion.scroll_adjust.support"
03-25 16:08:01.618 2443 2443 W libc : Access denied finding property "vendor.transsion.scroll_adjust.support"
03-25 16:08:01.618 2443 2443 W libc : Access denied finding property "vendor.transsion.scroll_adjust.support"
03-25 16:08:01.657 2443 2559 W Parcel : Expecting binder but got null!
03-25 16:08:01.664 2443 2443 W ProcessImageQue: type=1400 audit(0.0:58799): avc: denied { search } for name="ppm" dev="proc" ino=4026531919 scontext=u:r:untrusted_app:s0:c247,c256,c512,c768 tcontext=u:object_r:proc_ppm:s0 tclass=dir permissive=0 app=com.mbwhatsapp
03-25 16:08:01.668 2443 2443 W ProcessImageQue: type=1400 audit(0.0:58800): avc: denied { search } for name="ppm" dev="proc" ino=4026531919 scontext=u:r:untrusted_app:s0:c247,c256,c512,c768 tcontext=u:object_r:proc_ppm:s0 tclass=dir permissive=0 app=com.mbwhatsapp
03-25 16:08:03.452 2443 2443 W ProcessImageQue: type=1400 audit(0.0:58812): avc: denied { search } for name="ppm" dev="proc" ino=4026531919 scontext=u:r:untrusted_app:s0:c247,c256,c512,c768 tcontext=u:object_r:proc_ppm:s0 tclass=dir permissive=0 app=com.mbwhatsapp
03-25 16:08:03.456 2443 2443 W ProcessImageQue: type=1400 audit(0.0:58813): avc: denied { search } for name="ppm" dev="proc" ino=4026531919 scontext=u:r:untrusted_app:s0:c247,c256,c512,c768 tcontext=u:object_r:proc_ppm:s0 tclass=dir permissive=0 app=com.mbwhatsapp
03-25 16:08:03.456 2443 2443 W ProcessImageQue: type=1400 audit(0.0:58814): avc: denied { search } for name="ppm" dev="proc" ino=4026531919 scontext=u:r:untrusted_app:s0:c247,c256,c512,c768 tcontext=u:object_r:proc_ppm:s0 tclass=dir permissive=0 app=com.mbwhatsapp
03-25 16:08:03.500 2443 2443 W ProcessImageQue: type=1400 audit(0.0:58815): avc: denied { search } for name="ppm" dev="proc" ino=4026531919 scontext=u:r:untrusted_app:s0:c247,c256,c512,c768 tcontext=u:object_r:proc_ppm:s0 tclass=dir permissive=0 app=com.mbwhatsapp
03-25 16:08:06.392 2443 2443 W com.mbwhatsapp: type=1400 audit(0.0:58850): avc: denied { search } for comm=4D42576861747341707020576F726B name="ppm" dev="proc" ino=4026531919 scontext=u:r:untrusted_app:s0:c247,c256,c512,c768 tcontext=u:object_r:proc_ppm:s0 tclass=dir permissive=0 app=com.mbwhatsapp
03-25 16:08:06.392 2443 2443 W com.mbwhatsapp: type=1400 audit(0.0:58851): avc: denied { search } for comm=4D42576861747341707020576F726B name="ppm" dev="proc" ino=4026531919 scontext=u:r:untrusted_app:s0:c247,c256,c512,c768 tcontext=u:object_r:proc_ppm:s0 tclass=dir permissive=0 app=com.mbwhatsapp
03-25 16:08:06.448 2443 2443 W ProcessImageQue: type=1400 audit(0.0:58852): avc: denied { search } for name="ppm" dev="proc" ino=4026531919 scontext=u:r:untrusted_app:s0:c247,c256,c512,c768 tcontext=u:object_r:proc_ppm:s0 tclass=dir permissive=0 app=com.mbwhatsapp
03-25 16:08:06.452 2443 2443 W ProcessImageQue: type=1400 audit(0.0:58853): avc: denied { search } for name="ppm" dev="proc" ino=4026531919 scontext=u:r:untrusted_app:s0:c247,c256,c512,c768 tcontext=u:object_r:proc_ppm:s0 tclass=dir permissive=0 app=com.mbwhatsapp
03-25 16:08:06.571 2443 2443 E ArmVmp : Match on catch block at 0x0a in for 0x7faf123035
03-25 16:08:06.577 2443 2443 E ArmVmp : Match on catch block at 0x0a in for 0x7faf123035
03-25 16:08:06.644 2443 2443 E ArmVmp : Match on catch block at 0xc3 in for 0x7faf123025
03-25 16:08:06.647 2443 2443 E ArmVmp : Match on catch block at 0xc3 in for 0x7faf123025
03-25 16:08:06.649 2443 2443 E ArmVmp : Match on catch block at 0xc3 in for 0x7faf123021
03-25 16:08:06.680 2443 2443 E ArmVmp : Match on catch block at 0xc3 in for 0x7faf123025
03-25 16:08:06.683 2443 2443 E ArmVmp : Match on catch block at 0xc3 in for 0x7faf123025
03-25 16:08:06.685 2443 2443 E ArmVmp : Match on catch block at 0xc3 in for 0x7faf123025
03-25 16:08:06.706 2443 2443 E ArmVmp : Match on catch block at 0xc3 in for 0x7faf123025
03-25 16:08:06.708 2443 2443 E ArmVmp : Match on catch block at 0xc3 in for 0x7faf123025
03-25 16:08:06.714 2443 2443 E ArmVmp : Match on catch block at 0xc3 in for 0x7faf123025
03-25 16:08:06.744 2443 2443 E ArmVmp : Match on catch block at 0xc3 in for 0x7faf123025
03-25 16:08:06.750 2443 2443 E ArmVmp : Match on catch block at 0xc3 in for 0x7faf123025
03-25 16:08:06.759 2443 2443 E ArmVmp : Match on catch block at 0xc3 in for 0x7faf123025
03-25 16:08:06.788 2443 2443 E ArmVmp : Match on catch block at 0xc3 in for 0x7faf123025
03-25 16:08:06.791 2443 2443 E ArmVmp : Match on catch block at 0xc3 in for 0x7faf123025
03-25 16:08:06.797 2443 2443 E ArmVmp : Match on catch block at 0xc3 in for 0x7faf123025
03-25 16:08:06.813 2443 2443 E ArmVmp : Match on catch block at 0xc3 in for 0x7faf123025
03-25 16:08:06.817 2443 2443 E ArmVmp : Match on catch block at 0xc3 in for 0x7faf123025
03-25 16:08:06.822 2443 2443 E ArmVmp : Match on catch block at 0xc3 in for 0x7faf123025
03-25 16:08:06.827 2443 2443 E ArmVmp : Match on catch block at 0xc3 in for 0x7faf123025
03-25 16:08:06.830 2443 2443 E ArmVmp : Match on catch block at 0xc3 in for 0x7faf123025
03-25 16:08:06.832 2443 2443 E ArmVmp : Match on catch block at 0xc3 in for 0x7faf123025
03-25 16:08:06.841 2443 2443 W OnBackInvokedCallback: OnBackInvokedCallback is not enabled for the application.
03-25 16:08:06.841 2443 2443 W OnBackInvokedCallback: Set 'android:enableOnBackInvokedCallback="true"' in the application manifest.
03-25 16:08:06.845 2443 2443 E ArmVmp : Match on catch block at 0xc3 in for 0x7faf123025
03-25 16:08:06.850 2443 2443 E ArmVmp : Match on catch block at 0xc3 in for 0x7faf123025
03-25 16:08:06.854 2443 2443 E ArmVmp : Match on catch block at 0xc3 in for 0x7faf123025
03-25 16:08:06.866 2443 2443 E ArmVmp : Match on catch block at 0xc3 in for 0x7faf123025
03-25 16:08:06.872 2443 2443 E ArmVmp : Match on catch block at 0xc3 in for 0x7faf123025
03-25 16:08:06.874 2443 2443 E ArmVmp : Match on catch block at 0xc3 in for 0x7faf123025
03-25 16:08:06.892 2443 2443 E ArmVmp : Match on catch block at 0xc3 in for 0x7faf123025
03-25 16:08:06.896 2443 2443 E ArmVmp : Match on catch block at 0xc3 in for 0x7faf123025
03-25 16:08:06.899 2443 2443 E ArmVmp : Match on catch block at 0xc3 in for 0x7faf123025
03-25 16:08:06.906 2443 2443 E ArmVmp : Match on catch block at 0xc3 in for 0x7faf123025
03-25 16:08:06.910 2443 2443 E ArmVmp : Match on catch block at 0xc3 in for 0x7faf123025
03-25 16:08:06.912 2443 2443 E ArmVmp : Match on catch block at 0xc3 in for 0x7faf123025
03-25 16:08:06.921 2443 2443 E ArmVmp : Match on catch block at 0xc3 in for 0x7faf123025
03-25 16:08:06.925 2443 2443 E ArmVmp : Match on catch block at 0xc3 in for 0x7faf123025
03-25 16:08:06.927 2443 2443 E ArmVmp : Match on catch block at 0xc3 in for 0x7faf123025
03-25 16:08:06.938 2443 2443 E ArmVmp : Match on catch block at 0xc3 in for 0x7faf123025
03-25 16:08:06.943 2443 2443 E ArmVmp : Match on catch block at 0xc3 in for 0x7faf123025
03-25 16:08:06.946 2443 2443 E ArmVmp : Match on catch block at 0xc3 in for 0x7faf123025
03-25 16:08:06.956 2443 2443 E ArmVmp : Match on catch block at 0xc3 in for 0x7faf123025
03-25 16:08:06.961 2443 2443 E ArmVmp : Match on catch block at 0xc3 in for 0x7faf123025
03-25 16:08:06.963 2443 2443 E ArmVmp : Match on catch block at 0xc3 in for 0x7faf123025
03-25 16:08:06.974 2443 2443 E ArmVmp : Match on catch block at 0xc3 in for 0x7faf123025
03-25 16:08:06.979 2443 2443 E ArmVmp : Match on catch block at 0xc3 in for 0x7faf123025
03-25 16:08:06.981 2443 2443 E ArmVmp : Match on catch block at 0xc3 in for 0x7faf123025
03-25 16:08:06.992 2443 2443 E ArmVmp : Match on catch block at 0xc3 in for 0x7faf123025
03-25 16:08:06.998 2443 2443 E ArmVmp : Match on catch block at 0xc3 in for 0x7faf123025
03-25 16:08:07.002 2443 2443 E ArmVmp : Match on catch block at 0xc3 in for 0x7faf123025
03-25 16:08:07.011 2443 2443 E ArmVmp : Match on catch block at 0xc3 in for 0x7faf123025
03-25 16:08:07.016 2443 2443 E ArmVmp : Match on catch block at 0xc3 in for 0x7faf123025
03-25 16:08:07.018 2443 2443 E ArmVmp : Match on catch block at 0xc3 in for 0x7faf123025
03-25 16:08:07.109 2443 2443 W BottomSheetBehavior: BottomSheetBehavior now supports multiple callbacks. `setBottomSheetCallback()` removes all existing callbacks, including ones set internally by library authors, which may result in unintended behavior. This may change in the future. Please use `addBottomSheetCallback()` and `removeBottomSheetCallback()` instead to set your own callbacks.
03-25 16:08:07.240 2443 2443 E ArmVmp : Match on catch block at 0xc3 in for 0x7faf123025
03-25 16:08:07.243 2443 2443 E ArmVmp : Match on catch block at 0xc3 in for 0x7faf123025
03-25 16:08:07.244 2443 2443 E ArmVmp : Match on catch block at 0xc3 in for 0x7faf123025
03-25 16:08:07.418 2443 2443 E ArmVmp : Match on catch block at 0xc3 in for 0x7faf123025
03-25 16:08:07.423 2443 2443 E ArmVmp : Match on catch block at 0xc3 in for 0x7faf123025
03-25 16:08:07.425 2443 2443 E ArmVmp : Match on catch block at 0xc3 in for 0x7faf123025
03-25 16:08:07.435 2443 2443 E ArmVmp : Match on catch block at 0xc3 in for 0x7faf123025
03-25 16:08:07.438 2443 2443 E ArmVmp : Match on catch block at 0xc3 in for 0x7faf123025
03-25 16:08:07.441 2443 2443 E ArmVmp : Match on catch block at 0xc3 in for 0x7faf123025
03-25 16:08:07.450 2443 2443 E ArmVmp : Match on catch block at 0xc3 in for 0x7faf123025
03-25 16:08:07.455 2443 2443 E ArmVmp : Match on catch block at 0xc3 in for 0x7faf123025
