03-25 15:46:28.143 15222 15222 E ArmVmp : Match on catch block at 0xc3 in for 0x7faf123025
03-25 15:46:28.330 15222 15222 E ArmVmp : Match on catch block at 0xc3 in for 0x7faf123025
03-25 15:46:28.335 15222 15222 E ArmVmp : Match on catch block at 0xc3 in for 0x7faf123025
03-25 15:46:28.456 15222 15222 E ArmVmp : Match on catch block at 0xc3 in for 0x7faf123025
03-25 15:46:28.460 15222 15222 E ArmVmp : Match on catch block at 0xc3 in for 0x7faf123025
03-25 15:46:28.604 15222 15222 E ArmVmp : Match on catch block at 0xc3 in for 0x7faf123025
03-25 15:46:28.607 15222 15222 E ArmVmp : Match on catch block at 0xc3 in for 0x7faf123025
03-25 15:46:28.616 15222 15222 E ArmVmp : Match on catch block at 0xc3 in for 0x7faf123025
03-25 15:46:28.621 15222 15222 E ArmVmp : Match on catch block at 0xc3 in for 0x7faf123025
03-25 15:46:28.756 15222 15222 E ArmVmp : Match on catch block at 0xc3 in for 0x7faf123025
03-25 15:46:28.759 15222 15222 E ArmVmp : Match on catch block at 0xc3 in for 0x7faf123025
03-25 15:46:28.989 15222 15222 E ArmVmp : Match on catch block at 0xc3 in for 0x7faf123025
03-25 15:46:28.995 15222 15222 E ArmVmp : Match on catch block at 0xc3 in for 0x7faf123025
03-25 15:46:29.057 15222 15222 E ArmVmp : Match on catch block at 0xc3 in for 0x7faf123025
03-25 15:46:29.060 15222 15222 E ArmVmp : Match on catch block at 0xc3 in for 0x7faf123025
03-25 15:46:29.279 15222 15222 E ArmVmp : Match on catch block at 0xc3 in for 0x7faf123025
03-25 15:46:29.282 15222 15222 E ArmVmp : Match on catch block at 0xc3 in for 0x7faf123025
03-25 15:46:29.325 15222 15222 E ArmVmp : Match on catch block at 0xc3 in for 0x7faf123025
03-25 15:46:29.328 15222 15222 E ArmVmp : Match on catch block at 0xc3 in for 0x7faf123025
03-25 15:46:29.335 15222 15222 E ArmVmp : Match on catch block at 0xc3 in for 0x7faf123025
03-25 15:46:29.338 15222 15222 E ArmVmp : Match on catch block at 0xc3 in for 0x7faf123025
03-25 15:46:29.528 15222 15222 E ArmVmp : Match on catch block at 0xc3 in for 0x7faf123025
03-25 15:46:29.532 15222 15222 E ArmVmp : Match on catch block at 0xc3 in for 0x7faf123025
03-25 15:46:29.570 15222 15222 E ArmVmp : Match on catch block at 0xc3 in for 0x7faf123025
03-25 15:46:29.574 15222 15222 E ArmVmp : Match on catch block at 0xc3 in for 0x7faf123025
03-25 15:46:29.764 15222 15222 E ArmVmp : Match on catch block at 0xc3 in for 0x7faf123025
03-25 15:46:29.768 15222 15222 E ArmVmp : Match on catch block at 0xc3 in for 0x7faf123025
03-25 15:46:29.829 15222 15222 E ArmVmp : Match on catch block at 0xc3 in for 0x7faf123025
03-25 15:46:29.832 15222 15222 E ArmVmp : Match on catch block at 0xc3 in for 0x7faf123025
03-25 15:46:29.983 15222 15222 E ArmVmp : Match on catch block at 0xc3 in for 0x7faf123025
03-25 15:46:29.986 15222 15222 E ArmVmp : Match on catch block at 0xc3 in for 0x7faf123025
03-25 15:46:29.995 15222 15222 E ArmVmp : Match on catch block at 0xc3 in for 0x7faf123025
03-25 15:46:29.998 15222 15222 E ArmVmp : Match on catch block at 0xc3 in for 0x7faf123025
03-25 15:46:30.477 15222 15222 E ArmVmp : Match on catch block at 0xc3 in for 0x7faf123025
03-25 15:46:30.485 15222 15222 E ArmVmp : Match on catch block at 0xc3 in for 0x7faf123025
03-25 15:46:30.992 15222 15222 E ArmVmp : Match on catch block at 0xc3 in for 0x7faf123025
03-25 15:46:30.996 15222 15222 E ArmVmp : Match on catch block at 0xc3 in for 0x7faf123025
03-25 15:46:31.188 15222 15222 E ArmVmp : Match on catch block at 0xc3 in for 0x7faf123025
03-25 15:46:31.192 15222 15222 E ArmVmp : Match on catch block at 0xc3 in for 0x7faf123025
03-25 15:46:31.482 15222 15222 E ArmVmp : Match on catch block at 0xc3 in for 0x7faf123025
03-25 15:46:31.486 15222 15222 E ArmVmp : Match on catch block at 0xc3 in for 0x7faf123025
03-25 15:46:31.580 15222 15222 E ArmVmp : Match on catch block at 0xc3 in for 0x7faf123025
03-25 15:46:31.584 15222 15222 E ArmVmp : Match on catch block at 0xc3 in for 0x7faf123025
03-25 15:46:31.598 15222 15222 E ArmVmp : Match on catch block at 0xc3 in for 0x7faf123025
03-25 15:46:31.605 15222 15222 E ArmVmp : Match on catch block at 0xc3 in for 0x7faf123025
03-25 15:46:31.614 15222 15222 E ArmVmp : Match on catch block at 0xc3 in for 0x7faf123025
03-25 15:46:31.620 15222 15222 E ArmVmp : Match on catch block at 0xc3 in for 0x7faf123025
03-25 15:46:31.653 15222 15222 E ArmVmp : Match on catch block at 0xc3 in for 0x7faf123025
03-25 15:46:31.656 15222 15222 E ArmVmp : Match on catch block at 0xc3 in for 0x7faf123025
03-25 15:46:31.664 15222 15222 E ArmVmp : Match on catch block at 0xc3 in for 0x7faf123025
03-25 15:46:31.667 15222 15222 E ArmVmp : Match on catch block at 0xc3 in for 0x7faf123025
03-25 15:46:31.885 15222 15222 E ArmVmp : Match on catch block at 0xc3 in for 0x7faf123025
03-25 15:46:31.888 15222 15222 E ArmVmp : Match on catch block at 0xc3 in for 0x7faf123025
03-25 15:46:32.052 15222 15222 E ArmVmp : Match on catch block at 0xc3 in for 0x7faf123025
03-25 15:46:32.056 15222 15222 E ArmVmp : Match on catch block at 0xc3 in for 0x7faf123025
03-25 15:46:32.311 15222 15222 E ArmVmp : Match on catch block at 0xc3 in for 0x7faf123025
03-25 15:46:32.314 15222 15222 E ArmVmp : Match on catch block at 0xc3 in for 0x7faf123025
03-25 15:46:32.493 15222 15222 E ArmVmp : Match on catch block at 0xc3 in for 0x7faf123025
03-25 15:46:32.496 15222 15222 E ArmVmp : Match on catch block at 0xc3 in for 0x7faf123025
03-25 15:46:32.688 15222 15222 E ArmVmp : Match on catch block at 0xc3 in for 0x7faf123025
03-25 15:46:32.691 15222 15222 E ArmVmp : Match on catch block at 0xc3 in for 0x7faf123025
03-25 15:46:32.700 15222 15222 E ArmVmp : Match on catch block at 0xc3 in for 0x7faf123025
03-25 15:46:32.704 15222 15222 E ArmVmp : Match on catch block at 0xc3 in for 0x7faf123025
03-25 15:46:32.912 15222 15222 E ArmVmp : Match on catch block at 0xc3 in for 0x7faf123025
03-25 15:46:32.915 15222 15222 E ArmVmp : Match on catch block at 0xc3 in for 0x7faf123025
03-25 15:46:33.130 15222 15222 E ArmVmp : Match on catch block at 0xc3 in for 0x7faf123025
03-25 15:46:33.133 15222 15222 E ArmVmp : Match on catch block at 0xc3 in for 0x7faf123025
03-25 15:46:33.288 15222 15222 E ArmVmp : Match on catch block at 0xc3 in for 0x7faf123025
03-25 15:46:33.294 15222 15222 E ArmVmp : Match on catch block at 0xc3 in for 0x7faf123025
03-25 15:46:33.552 15222 15222 E ArmVmp : Match on catch block at 0xc3 in for 0x7faf123025
03-25 15:46:33.556 15222 15222 E ArmVmp : Match on catch block at 0xc3 in for 0x7faf123025
03-25 15:46:33.726 15222 15222 E ArmVmp : Match on catch block at 0xc3 in for 0x7faf123025
03-25 15:46:33.732 15222 15222 E ArmVmp : Match on catch block at 0xc3 in for 0x7faf123025
03-25 15:46:33.919 15222 15222 E ArmVmp : Match on catch block at 0xc3 in for 0x7faf123025
03-25 15:46:33.926 15222 15222 E ArmVmp : Match on catch block at 0xc3 in for 0x7faf123025
03-25 15:46:34.293 15222 15222 E ArmVmp : Match on catch block at 0xc3 in for 0x7faf123025
03-25 15:46:34.298 15222 15222 E ArmVmp : Match on catch block at 0xc3 in for 0x7faf123025
03-25 15:46:34.311 15222 15222 E ArmVmp : Match on catch block at 0xc3 in for 0x7faf123025
03-25 15:46:34.314 15222 15222 E ArmVmp : Match on catch block at 0xc3 in for 0x7faf123025
03-25 15:46:34.329 15222 15222 E ArmVmp : Match on catch block at 0xc3 in for 0x7faf123025
03-25 15:46:34.332 15222 15222 E ArmVmp : Match on catch block at 0xc3 in for 0x7faf123025
03-25 15:46:34.347 15222 15222 E ArmVmp : Match on catch block at 0xc3 in for 0x7faf123025
03-25 15:46:34.352 15222 15222 E ArmVmp : Match on catch block at 0xc3 in for 0x7faf123025
03-25 15:46:34.376 15222 15222 E ArmVmp : Match on catch block at 0xc3 in for 0x7faf123025
03-25 15:46:34.379 15222 15222 E ArmVmp : Match on catch block at 0xc3 in for 0x7faf123025
03-25 15:46:34.389 15222 15222 E ArmVmp : Match on catch block at 0xc3 in for 0x7faf123025
03-25 15:46:34.391 15222 15222 E ArmVmp : Match on catch block at 0xc3 in for 0x7faf123025
03-25 15:46:34.878 15222 15222 E ArmVmp : Match on catch block at 0xc3 in for 0x7faf123025
03-25 15:46:34.884 15222 15222 E ArmVmp : Match on catch block at 0xc3 in for 0x7faf123025
03-25 15:46:35.024 15222 15222 E ArmVmp : Match on catch block at 0xc3 in for 0x7faf123025
03-25 15:46:35.029 15222 15222 E ArmVmp : Match on catch block at 0xc3 in for 0x7faf123025
03-25 15:46:35.036 15222 15222 E ArmVmp : Match on catch block at 0xc3 in for 0x7faf123025
03-25 15:46:35.042 15222 15222 E ArmVmp : Match on catch block at 0xc3 in for 0x7faf123025
03-25 15:46:35.410 15222 15222 E ArmVmp : Match on catch block at 0xc3 in for 0x7faf123025
03-25 15:46:35.416 15222 15222 E ArmVmp : Match on catch block at 0xc3 in for 0x7faf123025
03-25 15:46:35.632 15222 15222 E ArmVmp : Match on catch block at 0xc3 in for 0x7faf123025
03-25 15:46:35.636 15222 15222 E ArmVmp : Match on catch block at 0xc3 in for 0x7faf123025
03-25 15:46:35.848 15222 15222 E ArmVmp : Match on catch block at 0xc3 in for 0x7faf123025
03-25 15:46:35.851 15222 15222 E ArmVmp : Match on catch block at 0xc3 in for 0x7faf123025
03-25 15:46:35.864 15222 15222 E ArmVmp : Match on catch block at 0xc3 in for 0x7faf123025
03-25 15:46:35.867 15222 15222 E ArmVmp : Match on catch block at 0xc3 in for 0x7faf123025
03-25 15:46:36.350 15222 15222 E ArmVmp : Match on catch block at 0xc3 in for 0x7faf123025
03-25 15:46:36.357 15222 15222 E ArmVmp : Match on catch block at 0xc3 in for 0x7faf123025
03-25 15:46:36.599 15222 15222 E ArmVmp : Match on catch block at 0xc3 in for 0x7faf123025
03-25 15:46:36.604 15222 15222 E ArmVmp : Match on catch block at 0xc3 in for 0x7faf123025
03-25 15:46:36.652 15222 15222 E ArmVmp : Match on catch block at 0xc3 in for 0x7faf123025
03-25 15:46:36.660 15222 15222 E ArmVmp : Match on catch block at 0xc3 in for 0x7faf123025
03-25 15:46:36.706 15222 15222 E ArmVmp : Match on catch block at 0xc3 in for 0x7faf123025
03-25 15:46:36.710 15222 15222 E ArmVmp : Match on catch block at 0xc3 in for 0x7faf123025
03-25 15:46:36.759 15222 15222 E ArmVmp : Match on catch block at 0xc3 in for 0x7faf123025
03-25 15:46:36.763 15222 15222 E ArmVmp : Match on catch block at 0xc3 in for 0x7faf123025
03-25 15:46:36.816 15222 15222 E ArmVmp : Match on catch block at 0xc3 in for 0x7faf123025
03-25 15:46:36.821 15222 15222 E ArmVmp : Match on catch block at 0xc3 in for 0x7faf123025
03-25 15:46:36.831 15222 15222 E ArmVmp : Match on catch block at 0xc3 in for 0x7faf123025
03-25 15:46:36.835 15222 15222 E ArmVmp : Match on catch block at 0xc3 in for 0x7faf123025
03-25 15:46:36.847 15222 15222 E ArmVmp : Match on catch block at 0xc3 in for 0x7faf123025
03-25 15:46:36.855 15222 15222 E ArmVmp : Match on catch block at 0xc3 in for 0x7faf123025
03-25 15:46:36.873 15222 15222 E ArmVmp : Match on catch block at 0xc3 in for 0x7faf123025
03-25 15:46:36.876 15222 15222 E ArmVmp : Match on catch block at 0xc3 in for 0x7faf123025
03-25 15:46:36.884 15222 15222 E ArmVmp : Match on catch block at 0xc3 in for 0x7faf123025
03-25 15:46:36.888 15222 15222 E ArmVmp : Match on catch block at 0xc3 in for 0x7faf123025
03-25 15:46:36.901 15222 15222 E ArmVmp : Match on catch block at 0xc3 in for 0x7faf123025
03-25 15:46:36.907 15222 15222 E ArmVmp : Match on catch block at 0xc3 in for 0x7faf123025
03-25 15:46:36.923 15222 15222 E ArmVmp : Match on catch block at 0xc3 in for 0x7faf123025
03-25 15:46:36.927 15222 15222 E ArmVmp : Match on catch block at 0xc3 in for 0x7faf123025
03-25 15:46:36.936 15222 15222 E ArmVmp : Match on catch block at 0xc3 in for 0x7faf123025
03-25 15:46:36.940 15222 15222 E ArmVmp : Match on catch block at 0xc3 in for 0x7faf123025
03-25 15:46:36.954 15222 15222 E ArmVmp : Match on catch block at 0xc3 in for 0x7faf123025
03-25 15:46:36.957 15222 15222 E ArmVmp : Match on catch block at 0xc3 in for 0x7faf123025
03-25 15:46:36.972 15222 15222 E ArmVmp : Match on catch block at 0xc3 in for 0x7faf123025
03-25 15:46:36.976 15222 15222 E ArmVmp : Match on catch block at 0xc3 in for 0x7faf123025
03-25 15:46:36.989 15222 15222 E ArmVmp : Match on catch block at 0xc3 in for 0x7faf123025
03-25 15:46:36.995 15222 15222 E ArmVmp : Match on catch block at 0xc3 in for 0x7faf123025
03-25 15:46:37.007 15222 15222 E ArmVmp : Match on catch block at 0xc3 in for 0x7faf123025
03-25 15:46:37.010 15222 15222 E ArmVmp : Match on catch block at 0xc3 in for 0x7faf123025
03-25 15:46:37.025 15222 15222 E ArmVmp : Match on catch block at 0xc3 in for 0x7faf123025
03-25 15:46:37.031 15222 15222 E ArmVmp : Match on catch block at 0xc3 in for 0x7faf123025
03-25 15:46:37.060 15222 15222 E ArmVmp : Match on catch block at 0xc3 in for 0x7faf123025
03-25 15:46:37.067 15222 15222 E ArmVmp : Match on catch block at 0xc3 in for 0x7faf123025
03-25 15:46:37.114 15222 15222 E ArmVmp : Match on catch block at 0xc3 in for 0x7faf123025
03-25 15:46:37.121 15222 15222 E ArmVmp : Match on catch block at 0xc3 in for 0x7faf123025
03-25 15:46:37.309 15222 15222 E ArmVmp : Match on catch block at 0xc3 in for 0x7faf123025
03-25 15:46:37.313 15222 15222 E ArmVmp : Match on catch block at 0xc3 in for 0x7faf123025
03-25 15:46:37.681 15222 15222 E ArmVmp : Match on catch block at 0xc3 in for 0x7faf123025
03-25 15:46:37.686 15222 15222 E ArmVmp : Match on catch block at 0xc3 in for 0x7faf123025
03-25 15:46:37.734 15222 15222 E ArmVmp : Match on catch block at 0xc3 in for 0x7faf123025
03-25 15:46:37.736 15222 15222 E ArmVmp : Match on catch block at 0xc3 in for 0x7faf123025
03-25 15:46:37.743 15222 15322 E FrameEvents: updateAcquireFence: Did not find frame.
03-25 15:46:37.766 15222 15222 E ArmVmp : Match on catch block at 0xc3 in for 0x7faf123025
03-25 15:46:37.767 15222 15222 E ArmVmp : Match on catch block at 0xc3 in for 0x7faf123025
03-25 15:46:37.824 15222 15222 W libc : Access denied finding property "vendor.transsion.scroll_adjust.support"
03-25 15:46:37.825 15222 15222 W libc : Access denied finding property "vendor.transsion.scroll_adjust.support"
03-25 15:46:37.830 15222 15222 W ResourceType: Bad XML block: header size 18254 or total size 169478669 is larger than data size 380
03-25 15:46:37.832 15222 15222 W ResourceType: Bad XML block: header size 18254 or total size 169478669 is larger than data size 633
03-25 15:46:37.838 15222 15222 W ResourceType: Bad XML block: header size 18254 or total size 169478669 is larger than data size 677
03-25 15:46:37.839 15222 15222 W ResourceType: Bad XML block: header size 18254 or total size 169478669 is larger than data size 248
03-25 15:46:37.842 15222 15222 W ResourceType: Bad XML block: header size 18254 or total size 169478669 is larger than data size 571
03-25 15:46:37.846 15222 15222 W ResourceType: Bad XML block: header size 18254 or total size 169478669 is larger than data size 333
03-25 15:46:37.848 15222 15222 W ResourceType: Bad XML block: header size 18254 or total size 169478669 is larger than data size 650
03-25 15:46:37.850 15222 15222 W ResourceType: Bad XML block: header size 18254 or total size 169478669 is larger than data size 1150
03-25 15:46:37.851 15222 15222 W ResourceType: Bad XML block: header size 18254 or total size 169478669 is larger than data size 491
03-25 15:46:37.853 15222 15222 W ResourceType: Bad XML block: header size 18254 or total size 169478669 is larger than data size 1150
03-25 15:46:37.855 15222 15222 W ResourceType: Bad XML block: header size 18254 or total size 169478669 is larger than data size 659
03-25 15:46:37.857 15222 15222 W ResourceType: Bad XML block: header size 18254 or total size 169478669 is larger than data size 593
03-25 15:46:37.861 15222 15222 W ResourceType: Bad XML block: header size 18254 or total size 169478669 is larger than data size 1171
03-25 15:46:37.863 15222 15222 W ResourceType: Bad XML block: header size 18254 or total size 169478669 is larger than data size 510
03-25 15:46:37.870 15222 15222 W ResourceType: Bad XML block: header size 18254 or total size 169478669 is larger than data size 853
03-25 15:46:37.897 15222 15222 W ResourceType: Bad XML block: header size 18254 or total size 169478669 is larger than data size 650
03-25 15:46:37.938 15222 15222 W View : requestLayout() improperly called by com.mbwhatsapp.wds.components.actiontile.WDSActionTile{580109 VFE...C.. ......ID 12,36-996,249 #7f0b00af app:id/action_search_chat} during layout: running second layout pass
03-25 15:46:37.942 15222 15222 E ArmVmp : Match on catch block at 0xc3 in for 0x7faf123025
03-25 15:46:37.944 15222 15222 E ArmVmp : Match on catch block at 0xc3 in for 0x7faf123025
03-25 15:46:37.963 15222 15222 E ArmVmp : Match on catch block at 0xc3 in for 0x7faf123025
03-25 15:46:37.964 15222 15222 E ArmVmp : Match on catch block at 0xc3 in for 0x7faf123025
03-25 15:46:37.977 15222 15222 E ArmVmp : Match on catch block at 0xc3 in for 0x7faf123025
03-25 15:46:37.979 15222 15222 E ArmVmp : Match on catch block at 0xc3 in for 0x7faf123025
03-25 15:46:37.999 15222 15322 W Parcel : Expecting binder but got null!
03-25 15:46:38.001 15222 15222 E ArmVmp : Match on catch block at 0xc3 in for 0x7faf123025
03-25 15:46:38.003 15222 15222 E ArmVmp : Match on catch block at 0xc3 in for 0x7faf123025
03-25 15:46:38.010 15222 15222 E ArmVmp : Match on catch block at 0xc3 in for 0x7faf123025
03-25 15:46:38.012 15222 15222 E ArmVmp : Match on catch block at 0xc3 in for 0x7faf123025
03-25 15:46:38.017 15222 15222 E ArmVmp : Match on catch block at 0xc3 in for 0x7faf123025
03-25 15:46:38.019 15222 15222 E ArmVmp : Match on catch block at 0xc3 in for 0x7faf123025
03-25 15:46:38.030 15222 15222 W OnBackInvokedCallback: OnBackInvokedCallback is not enabled for the application.
03-25 15:46:38.030 15222 15222 W OnBackInvokedCallback: Set 'android:enableOnBackInvokedCallback="true"' in the application manifest.
03-25 15:46:38.054 15222 15222 E ArmVmp : Match on catch block at 0xc3 in for 0x7faf123025
03-25 15:46:38.057 15222 15222 E ArmVmp : Match on catch block at 0xc3 in for 0x7faf123025
03-25 15:46:38.064 15222 15222 W RemoteInputConnectionImpl: requestCursorAnchorInfo on inactive InputConnection
03-25 15:46:38.076 15222 15222 E ArmVmp : Match on catch block at 0xc3 in for 0x7faf123025
03-25 15:46:38.078 15222 15222 E ArmVmp : Match on catch block at 0xc3 in for 0x7faf123025
03-25 15:46:38.088 15222 15222 E ArmVmp : Match on catch block at 0xc3 in for 0x7faf123025
03-25 15:46:38.093 15222 15222 E ArmVmp : Match on catch block at 0xc3 in for 0x7faf123025
03-25 15:46:38.160 15222 15222 E ArmVmp : Match on catch block at 0xc3 in for 0x7faf123025
03-25 15:46:38.164 15222 15222 E ArmVmp : Match on catch block at 0xc3 in for 0x7faf123025
03-25 15:46:39.920 15222 15322 W Parcel : Expecting binder but got null!
03-25 15:46:41.109 15222 15222 W libc : Access denied finding property "vendor.transsion.scroll_adjust.support"
03-25 15:46:41.109 15222 15222 W libc : Access denied finding property "vendor.transsion.scroll_adjust.support"
03-25 15:46:41.295 15222 15222 W libc : Access denied finding property "vendor.transsion.scroll_adjust.support"
03-25 15:46:41.295 15222 15222 W libc : Access denied finding property "vendor.transsion.scroll_adjust.support"
03-25 15:46:41.312 15222 15322 W Parcel : Expecting binder but got null!
03-25 15:46:41.319 15222 15222 W BottomSheetBehavior: BottomSheetBehavior now supports multiple callbacks. `setBottomSheetCallback()` removes all existing callbacks, including ones set internally by library authors, which may result in unintended behavior. This may change in the future. Please use `addBottomSheetCallback()` and `removeBottomSheetCallback()` instead to set your own callbacks.
03-25 15:46:42.414 15222 15322 W Parcel : Expecting binder but got null!
03-25 15:46:42.493 15222 15222 W OnBackInvokedCallback: OnBackInvokedCallback is not enabled for the application.
03-25 15:46:42.493 15222 15222 W OnBackInvokedCallback: Set 'android:enableOnBackInvokedCallback="true"' in the application manifest.
03-25 15:46:44.911 15222 15222 W libc : Access denied finding property "vendor.transsion.scroll_adjust.support"
03-25 15:46:44.912 15222 15222 W libc : Access denied finding property "vendor.transsion.scroll_adjust.support"
03-25 15:46:44.915 15222 15222 W libc : Access denied finding property "vendor.transsion.scroll_adjust.support"
03-25 15:46:44.915 15222 15222 W libc : Access denied finding property "vendor.transsion.scroll_adjust.support"
03-25 15:46:44.964 15222 15322 W Parcel : Expecting binder but got null!
03-25 15:46:47.833 15222 15222 W InputEventReceiver: Attempted to finish an input event but the input event receiver has already been disposed.
03-25 15:46:47.861 15222 15222 W OnBackInvokedCallback: OnBackInvokedCallback is not enabled for the application.
03-25 15:46:47.861 15222 15222 W OnBackInvokedCallback: Set 'android:enableOnBackInvokedCallback="true"' in the application manifest.
03-25 15:46:49.368 15222 15222 W libc : Access denied finding property "vendor.transsion.scroll_adjust.support"
03-25 15:46:49.369 15222 15222 W libc : Access denied finding property "vendor.transsion.scroll_adjust.support"
03-25 15:46:49.371 15222 15222 W libc : Access denied finding property "vendor.transsion.scroll_adjust.support"
03-25 15:46:49.371 15222 15222 W libc : Access denied finding property "vendor.transsion.scroll_adjust.support"
03-25 15:46:49.422 15222 15322 W Parcel : Expecting binder but got null!
03-25 15:46:50.662 15222 15222 W OnBackInvokedCallback: OnBackInvokedCallback is not enabled for the application.
03-25 15:46:50.662 15222 15222 W OnBackInvokedCallback: Set 'android:enableOnBackInvokedCallback="true"' in the application manifest.
03-25 15:46:56.912 15222 15222 W RemoteInputConnectionImpl: requestCursorAnchorInfo on inactive InputConnection
03-25 15:46:56.929 15222 15222 E ImeBackDispatcher: Ime callback not found. Ignoring unregisterReceivedCallback. callbackId: 259010443
03-25 15:47:00.455 15222 15222 W libc : Access denied finding property "vendor.transsion.scroll_adjust.support"
03-25 15:47:00.455 15222 15222 W libc : Access denied finding property "vendor.transsion.scroll_adjust.support"
03-25 15:47:00.455 15222 15222 W libc : Access denied finding property "vendor.transsion.scroll_adjust.support"
03-25 15:47:10.284 15222 15222 W libc : Access denied finding property "vendor.transsion.scroll_adjust.support"
03-25 15:47:10.284 15222 15222 W libc : Access denied finding property "vendor.transsion.scroll_adjust.support"
03-25 15:47:10.286 15222 15222 W libc : Access denied finding property "vendor.transsion.scroll_adjust.support"
03-25 15:47:10.286 15222 15222 W libc : Access denied finding property "vendor.transsion.scroll_adjust.support"
03-25 15:47:10.326 15222 15322 W Parcel : Expecting binder but got null!
03-25 15:47:12.380 15222 15222 W View : requestLayout() improperly called by com.mbwhatsapp.TextEmojiLabel{fc1d0a5 VFED..C.. ......ID 0,0-0,122 #7f0b06ab app:id/conversation_contact_name} during layout: running second layout pass
03-25 15:47:12.386 15222 15222 W View : requestLayout() improperly called by com.mbwhatsapp.TextEmojiLabel{fc1d0a5 VFED..C.. ......ID 0,0-0,122 #7f0b06ab app:id/conversation_contact_name} during layout: running second layout pass
03-25 15:47:13.118 15222 15222 E ArmVmp : Match on catch block at 0x0a in for 0x7faf123035
03-25 15:47:13.127 15222 15222 E ArmVmp : Match on catch block at 0x0a in for 0x7faf123035
03-25 15:47:13.176 15222 15222 E ArmVmp : Match on catch block at 0xc3 in for 0x7faf123025
03-25 15:47:13.179 15222 15222 E ArmVmp : Match on catch block at 0xc3 in for 0x7faf123025
03-25 15:47:13.185 15222 15322 E FrameEvents: updateAcquireFence: Did not find frame.
03-25 15:47:13.192 15222 15222 E ArmVmp : Match on catch block at 0xc3 in for 0x7faf123025
03-25 15:47:13.195 15222 15222 E ArmVmp : Match on catch block at 0xc3 in for 0x7faf123025
03-25 15:47:13.219 15222 15222 E ArmVmp : Match on catch block at 0xc3 in for 0x7faf123025
03-25 15:47:13.223 15222 15222 E ArmVmp : Match on catch block at 0xc3 in for 0x7faf123025
03-25 15:47:13.559 15222 15222 E ArmVmp : Match on catch block at 0xc3 in for 0x7faf123025
03-25 15:47:13.562 15222 15222 E ArmVmp : Match on catch block at 0xc3 in for 0x7faf123025
03-25 15:47:13.578 15222 15222 E ArmVmp : Match on catch block at 0xc3 in for 0x7faf123025
03-25 15:47:13.581 15222 15222 E ArmVmp : Match on catch block at 0xc3 in for 0x7faf123025
03-25 15:47:13.595 15222 15222 E ArmVmp : Match on catch block at 0xc3 in for 0x7faf123025
03-25 15:47:13.599 15222 15222 E ArmVmp : Match on catch block at 0xc3 in for 0x7faf123025
03-25 15:47:13.675 15222 15222 E ArmVmp : Match on catch block at 0xc3 in for 0x7faf123025
03-25 15:47:13.677 15222 15222 E ArmVmp : Match on catch block at 0xc3 in for 0x7faf123025
03-25 15:47:13.699 15222 15222 E ArmVmp : Match on catch block at 0xc3 in for 0x7faf123025
03-25 15:47:13.700 15222 15222 E ArmVmp : Match on catch block at 0xc3 in for 0x7faf123025
03-25 15:47:13.719 15222 15222 E ArmVmp : Match on catch block at 0xc3 in for 0x7faf123025
03-25 15:47:13.720 15222 15222 E ArmVmp : Match on catch block at 0xc3 in for 0x7faf123025
03-25 15:47:13.734 15222 15222 E ArmVmp : Match on catch block at 0xc3 in for 0x7faf123025
03-25 15:47:13.736 15222 15222 E ArmVmp : Match on catch block at 0xc3 in for 0x7faf123025
03-25 15:47:13.754 15222 15222 E ArmVmp : Match on catch block at 0xc3 in for 0x7faf123025
03-25 15:47:13.757 15222 15222 E ArmVmp : Match on catch block at 0xc3 in for 0x7faf123025
03-25 15:47:13.770 15222 15222 E ArmVmp : Match on catch block at 0xc3 in for 0x7faf123025
03-25 15:47:13.772 15222 15222 E ArmVmp : Match on catch block at 0xc3 in for 0x7faf123025
03-25 15:47:13.790 15222 15222 E ArmVmp : Match on catch block at 0xc3 in for 0x7faf123025
03-25 15:47:13.794 15222 15222 E ArmVmp : Match on catch block at 0xc3 in for 0x7faf123025
03-25 15:47:13.807 15222 15222 E ArmVmp : Match on catch block at 0xc3 in for 0x7faf123025
03-25 15:47:13.810 15222 15222 E ArmVmp : Match on catch block at 0xc3 in for 0x7faf123025
03-25 15:47:13.824 15222 15222 E ArmVmp : Match on catch block at 0xc3 in for 0x7faf123025
03-25 15:47:13.828 15222 15222 E ArmVmp : Match on catch block at 0xc3 in for 0x7faf123025
03-25 15:47:13.949 15222 15222 E ArmVmp : Match on catch block at 0xc3 in for 0x7faf123025
03-25 15:47:13.953 15222 15222 E ArmVmp : Match on catch block at 0xc3 in for 0x7faf123025
03-25 15:47:13.966 15222 15222 E ArmVmp : Match on catch block at 0xc3 in for 0x7faf123025
03-25 15:47:13.970 15222 15222 E ArmVmp : Match on catch block at 0xc3 in for 0x7faf123025
03-25 15:47:13.984 15222 15222 E ArmVmp : Match on catch block at 0xc3 in for 0x7faf123025
03-25 15:47:13.987 15222 15222 E ArmVmp : Match on catch block at 0xc3 in for 0x7faf123025
03-25 15:47:14.002 15222 15222 E ArmVmp : Match on catch block at 0xc3 in for 0x7faf123025
03-25 15:47:14.005 15222 15222 E ArmVmp : Match on catch block at 0xc3 in for 0x7faf123025
03-25 15:47:14.020 15222 15222 E ArmVmp : Match on catch block at 0xc3 in for 0x7faf123025
03-25 15:47:14.023 15222 15222 E ArmVmp : Match on catch block at 0xc3 in for 0x7faf123025
03-25 15:47:14.035 15222 15222 E ArmVmp : Match on catch block at 0xc3 in for 0x7faf123025
03-25 15:47:14.038 15222 15222 E ArmVmp : Match on catch block at 0xc3 in for 0x7faf123025
03-25 15:47:14.049 15222 15222 E ArmVmp : Match on catch block at 0xc3 in for 0x7faf123025
03-25 15:47:14.053 15222 15222 E ArmVmp : Match on catch block at 0xc3 in for 0x7faf123025
03-25 15:47:14.067 15222 15222 E ArmVmp : Match on catch block at 0xc3 in for 0x7faf123025
03-25 15:47:14.070 15222 15222 E ArmVmp : Match on catch block at 0xc3 in for 0x7faf123025
03-25 15:47:14.084 15222 15222 E ArmVmp : Match on catch block at 0xc3 in for 0x7faf123025
03-25 15:47:14.087 15222 15222 E ArmVmp : Match on catch block at 0xc3 in for 0x7faf123025
03-25 15:47:14.100 15222 15222 E ArmVmp : Match on catch block at 0xc3 in for 0x7faf123025
03-25 15:47:14.104 15222 15222 E ArmVmp : Match on catch block at 0xc3 in for 0x7faf123025
03-25 15:47:14.118 15222 15222 E ArmVmp : Match on catch block at 0xc3 in for 0x7faf123025
03-25 15:47:14.121 15222 15222 E ArmVmp : Match on catch block at 0xc3 in for 0x7faf123025
03-25 15:47:14.129 15222 15222 E ArmVmp : Match on catch block at 0xc3 in for 0x7faf123025
03-25 15:47:14.133 15222 15222 E ArmVmp : Match on catch block at 0xc3 in for 0x7faf123025
03-25 15:47:14.143 15222 15222 E ArmVmp : Match on catch block at 0xc3 in for 0x7faf123025
03-25 15:47:14.147 15222 15222 E ArmVmp : Match on catch block at 0xc3 in for 0x7faf123025
03-25 15:47:14.167 15222 15222 E ArmVmp : Match on catch block at 0xc3 in for 0x7faf123025
03-25 15:47:14.170 15222 15222 E ArmVmp : Match on catch block at 0xc3 in for 0x7faf123025
03-25 15:47:14.180 15222 15222 E ArmVmp : Match on catch block at 0xc3 in for 0x7faf123025
03-25 15:47:14.184 15222 15222 E ArmVmp : Match on catch block at 0xc3 in for 0x7faf123025
03-25 15:47:14.197 15222 15222 E ArmVmp : Match on catch block at 0xc3 in for 0x7faf123025
03-25 15:47:14.200 15222 15222 E ArmVmp : Match on catch block at 0xc3 in for 0x7faf123025
03-25 15:47:14.215 15222 15222 E ArmVmp : Match on catch block at 0xc3 in for 0x7faf123025
03-25 15:47:14.219 15222 15222 E ArmVmp : Match on catch block at 0xc3 in for 0x7faf123025
03-25 15:47:14.234 15222 15222 E ArmVmp : Match on catch block at 0xc3 in for 0x7faf123025
03-25 15:47:14.237 15222 15222 E ArmVmp : Match on catch block at 0xc3 in for 0x7faf123025
03-25 15:47:14.251 15222 15222 E ArmVmp : Match on catch block at 0xc3 in for 0x7faf123025
03-25 15:47:14.254 15222 15222 E ArmVmp : Match on catch block at 0xc3 in for 0x7faf123025
03-25 15:47:14.268 15222 15222 E ArmVmp : Match on catch block at 0xc3 in for 0x7faf123025
03-25 15:47:14.271 15222 15222 E ArmVmp : Match on catch block at 0xc3 in for 0x7faf123025
03-25 15:47:14.286 15222 15222 E ArmVmp : Match on catch block at 0xc3 in for 0x7faf123025
03-25 15:47:14.288 15222 15222 E ArmVmp : Match on catch block at 0xc3 in for 0x7faf123025
03-25 15:47:14.303 15222 15222 E ArmVmp : Match on catch block at 0xc3 in for 0x7faf123025
03-25 15:47:14.305 15222 15222 E ArmVmp : Match on catch block at 0xc3 in for 0x7faf123025
03-25 15:47:14.321 15222 15222 E ArmVmp : Match on catch block at 0xc3 in for 0x7faf123025
03-25 15:47:14.323 15222 15222 E ArmVmp : Match on catch block at 0xc3 in for 0x7faf123025
03-25 15:47:14.339 15222 15222 E ArmVmp : Match on catch block at 0xc3 in for 0x7faf123025
03-25 15:47:14.341 15222 15222 E ArmVmp : Match on catch block at 0xc3 in for 0x7faf123025
03-25 15:47:14.356 15222 15222 E ArmVmp : Match on catch block at 0xc3 in for 0x7faf123025
03-25 15:47:14.359 15222 15222 E ArmVmp : Match on catch block at 0xc3 in for 0x7faf123025
03-25 15:47:14.374 15222 15222 E ArmVmp : Match on catch block at 0xc3 in for 0x7faf123025
03-25 15:47:14.377 15222 15222 E ArmVmp : Match on catch block at 0xc3 in for 0x7faf123025
03-25 15:47:14.392 15222 15222 E ArmVmp : Match on catch block at 0xc3 in for 0x7faf123025
03-25 15:47:14.394 15222 15222 E ArmVmp : Match on catch block at 0xc3 in for 0x7faf123025
03-25 15:47:14.409 15222 15222 E ArmVmp : Match on catch block at 0xc3 in for 0x7faf123025
03-25 15:47:14.412 15222 15222 E ArmVmp : Match on catch block at 0xc3 in for 0x7faf123025
03-25 15:47:14.427 15222 15222 E ArmVmp : Match on catch block at 0xc3 in for 0x7faf123025
03-25 15:47:14.430 15222 15222 E ArmVmp : Match on catch block at 0xc3 in for 0x7faf123025
03-25 15:47:14.445 15222 15222 E ArmVmp : Match on catch block at 0xc3 in for 0x7faf123025
03-25 15:47:14.448 15222 15222 E ArmVmp : Match on catch block at 0xc3 in for 0x7faf123025
03-25 15:47:14.463 15222 15222 E ArmVmp : Match on catch block at 0xc3 in for 0x7faf123025
03-25 15:47:14.465 15222 15222 E ArmVmp : Match on catch block at 0xc3 in for 0x7faf123025
03-25 15:47:14.480 15222 15222 E ArmVmp : Match on catch block at 0xc3 in for 0x7faf123025
03-25 15:47:14.483 15222 15222 E ArmVmp : Match on catch block at 0xc3 in for 0x7faf123025
03-25 15:47:14.498 15222 15222 E ArmVmp : Match on catch block at 0xc3 in for 0x7faf123025
03-25 15:47:14.501 15222 15222 E ArmVmp : Match on catch block at 0xc3 in for 0x7faf123025
03-25 15:47:14.516 15222 15222 E ArmVmp : Match on catch block at 0xc3 in for 0x7faf123025
03-25 15:47:14.519 15222 15222 E ArmVmp : Match on catch block at 0xc3 in for 0x7faf123025
03-25 15:47:14.728 15222 15222 E ArmVmp : Match on catch block at 0xc3 in for 0x7faf123025
03-25 15:47:14.730 15222 15222 E ArmVmp : Match on catch block at 0xc3 in for 0x7faf123025
03-25 15:47:14.764 15222 15222 E ArmVmp : Match on catch block at 0xc3 in for 0x7faf123025
03-25 15:47:14.767 15222 15222 E ArmVmp : Match on catch block at 0xc3 in for 0x7faf123025
03-25 15:47:14.786 15222 15222 E ArmVmp : Match on catch block at 0xc3 in for 0x7faf123025
03-25 15:47:14.789 15222 15222 E ArmVmp : Match on catch block at 0xc3 in for 0x7faf123025
03-25 15:47:14.830 15222 15222 E ArmVmp : Match on catch block at 0xc3 in for 0x7faf123025
03-25 15:47:14.834 15222 15222 E ArmVmp : Match on catch block at 0xc3 in for 0x7faf123025
03-25 16:00:46.941 15222 15322 W Parcel : Expecting binder but got null!
03-25 16:00:48.652 15222 15222 E RippleDrawable: The RippleDrawable.STYLE_PATTERNED animation is not supported for a non-hardware accelerated Canvas. Skipping animation.
03-25 16:00:48.655 15222 15222 E RippleDrawable: The RippleDrawable.STYLE_PATTERNED animation is not supported for a non-hardware accelerated Canvas. Skipping animation.
03-25 16:00:48.669 15222 15222 E RippleDrawable: The RippleDrawable.STYLE_PATTERNED animation is not supported for a non-hardware accelerated Canvas. Skipping animation.
03-25 16:00:48.670 15222 15222 E RippleDrawable: The RippleDrawable.STYLE_PATTERNED animation is not supported for a non-hardware accelerated Canvas. Skipping animation.
03-25 16:00:48.818 15222 15222 W libc : Access denied finding property "vendor.transsion.scroll_adjust.support"
03-25 16:00:48.818 15222 15222 W libc : Access denied finding property "vendor.transsion.scroll_adjust.support"
03-25 16:00:48.824 15222 15322 W Parcel : Expecting binder but got null!
03-25 16:00:50.145 15222 15222 W InputEventReceiver: Attempted to finish an input event but the input event receiver has already been disposed.
03-25 16:00:51.358 15222 15322 W Parcel : Expecting binder but got null!
03-25 16:00:53.235 15222 15222 E RippleDrawable: The RippleDrawable.STYLE_PATTERNED animation is not supported for a non-hardware accelerated Canvas. Skipping animation.
03-25 16:00:53.238 15222 15222 E RippleDrawable: The RippleDrawable.STYLE_PATTERNED animation is not supported for a non-hardware accelerated Canvas. Skipping animation.
03-25 16:00:53.250 15222 15222 E RippleDrawable: The RippleDrawable.STYLE_PATTERNED animation is not supported for a non-hardware accelerated Canvas. Skipping animation.
03-25 16:00:53.251 15222 15222 E RippleDrawable: The RippleDrawable.STYLE_PATTERNED animation is not supported for a non-hardware accelerated Canvas. Skipping animation.
03-25 16:00:53.268 15222 15222 E RippleDrawable: The RippleDrawable.STYLE_PATTERNED animation is not supported for a non-hardware accelerated Canvas. Skipping animation.
03-25 16:00:53.269 15222 15222 E RippleDrawable: The RippleDrawable.STYLE_PATTERNED animation is not supported for a non-hardware accelerated Canvas. Skipping animation.
03-25 16:00:53.286 15222 15222 E RippleDrawable: The RippleDrawable.STYLE_PATTERNED animation is not supported for a non-hardware accelerated Canvas. Skipping animation.
03-25 16:00:53.286 15222 15222 E RippleDrawable: The RippleDrawable.STYLE_PATTERNED animation is not supported for a non-hardware accelerated Canvas. Skipping animation.
03-25 16:00:53.303 15222 15222 E RippleDrawable: The RippleDrawable.STYLE_PATTERNED animation is not supported for a non-hardware accelerated Canvas. Skipping animation.
03-25 16:00:53.304 15222 15222 E RippleDrawable: The RippleDrawable.STYLE_PATTERNED animation is not supported for a non-hardware accelerated Canvas. Skipping animation.
03-25 16:00:53.321 15222 15222 E RippleDrawable: The RippleDrawable.STYLE_PATTERNED animation is not supported for a non-hardware accelerated Canvas. Skipping animation.
03-25 16:00:53.322 15222 15222 E RippleDrawable: The RippleDrawable.STYLE_PATTERNED animation is not supported for a non-hardware accelerated Canvas. Skipping animation.
03-25 16:00:53.339 15222 15222 E RippleDrawable: The RippleDrawable.STYLE_PATTERNED animation is not supported for a non-hardware accelerated Canvas. Skipping animation.
03-25 16:00:53.340 15222 15222 E RippleDrawable: The RippleDrawable.STYLE_PATTERNED animation is not supported for a non-hardware accelerated Canvas. Skipping animation.
03-25 16:00:53.357 15222 15222 E RippleDrawable: The RippleDrawable.STYLE_PATTERNED animation is not supported for a non-hardware accelerated Canvas. Skipping animation.
03-25 16:00:53.357 15222 15222 E RippleDrawable: The RippleDrawable.STYLE_PATTERNED animation is not supported for a non-hardware accelerated Canvas. Skipping animation.
03-25 16:00:53.374 15222 15222 E RippleDrawable: The RippleDrawable.STYLE_PATTERNED animation is not supported for a non-hardware accelerated Canvas. Skipping animation.
03-25 16:00:53.375 15222 15222 E RippleDrawable: The RippleDrawable.STYLE_PATTERNED animation is not supported for a non-hardware accelerated Canvas. Skipping animation.
03-25 16:00:53.392 15222 15222 E RippleDrawable: The RippleDrawable.STYLE_PATTERNED animation is not supported for a non-hardware accelerated Canvas. Skipping animation.
03-25 16:00:53.392 15222 15222 E RippleDrawable: The RippleDrawable.STYLE_PATTERNED animation is not supported for a non-hardware accelerated Canvas. Skipping animation.
03-25 16:00:53.409 15222 15222 E RippleDrawable: The RippleDrawable.STYLE_PATTERNED animation is not supported for a non-hardware accelerated Canvas. Skipping animation.
03-25 16:00:53.410 15222 15222 E RippleDrawable: The RippleDrawable.STYLE_PATTERNED animation is not supported for a non-hardware accelerated Canvas. Skipping animation.
03-25 16:00:53.427 15222 15222 E RippleDrawable: The RippleDrawable.STYLE_PATTERNED animation is not supported for a non-hardware accelerated Canvas. Skipping animation.
03-25 16:00:53.428 15222 15222 E RippleDrawable: The RippleDrawable.STYLE_PATTERNED animation is not supported for a non-hardware accelerated Canvas. Skipping animation.
03-25 16:00:53.445 15222 15222 E RippleDrawable: The RippleDrawable.STYLE_PATTERNED animation is not supported for a non-hardware accelerated Canvas. Skipping animation.
03-25 16:00:53.446 15222 15222 E RippleDrawable: The RippleDrawable.STYLE_PATTERNED animation is not supported for a non-hardware accelerated Canvas. Skipping animation.
03-25 16:00:53.463 15222 15222 E RippleDrawable: The RippleDrawable.STYLE_PATTERNED animation is not supported for a non-hardware accelerated Canvas. Skipping animation.
03-25 16:00:53.464 15222 15222 E RippleDrawable: The RippleDrawable.STYLE_PATTERNED animation is not supported for a non-hardware accelerated Canvas. Skipping animation.
03-25 16:00:53.480 15222 15222 E RippleDrawable: The RippleDrawable.STYLE_PATTERNED animation is not supported for a non-hardware accelerated Canvas. Skipping animation.
03-25 16:00:53.481 15222 15222 E RippleDrawable: The RippleDrawable.STYLE_PATTERNED animation is not supported for a non-hardware accelerated Canvas. Skipping animation.
03-25 16:00:53.498 15222 15222 E RippleDrawable: The RippleDrawable.STYLE_PATTERNED animation is not supported for a non-hardware accelerated Canvas. Skipping animation.
03-25 16:00:53.499 15222 15222 E RippleDrawable: The RippleDrawable.STYLE_PATTERNED animation is not supported for a non-hardware accelerated Canvas. Skipping animation.
03-25 16:00:53.516 15222 15222 E RippleDrawable: The RippleDrawable.STYLE_PATTERNED animation is not supported for a non-hardware accelerated Canvas. Skipping animation.
03-25 16:00:53.517 15222 15222 E RippleDrawable: The RippleDrawable.STYLE_PATTERNED animation is not supported for a non-hardware accelerated Canvas. Skipping animation.
03-25 16:00:53.534 15222 15222 E RippleDrawable: The RippleDrawable.STYLE_PATTERNED animation is not supported for a non-hardware accelerated Canvas. Skipping animation.
03-25 16:00:53.535 15222 15222 E RippleDrawable: The RippleDrawable.STYLE_PATTERNED animation is not supported for a non-hardware accelerated Canvas. Skipping animation.
03-25 16:00:53.551 15222 15222 E RippleDrawable: The RippleDrawable.STYLE_PATTERNED animation is not supported for a non-hardware accelerated Canvas. Skipping animation.
03-25 16:00:53.552 15222 15222 E RippleDrawable: The RippleDrawable.STYLE_PATTERNED animation is not supported for a non-hardware accelerated Canvas. Skipping animation.
03-25 16:00:53.569 15222 15222 E RippleDrawable: The RippleDrawable.STYLE_PATTERNED animation is not supported for a non-hardware accelerated Canvas. Skipping animation.
03-25 16:00:53.570 15222 15222 E RippleDrawable: The RippleDrawable.STYLE_PATTERNED animation is not supported for a non-hardware accelerated Canvas. Skipping animation.
03-25 16:00:53.587 15222 15222 E RippleDrawable: The RippleDrawable.STYLE_PATTERNED animation is not supported for a non-hardware accelerated Canvas. Skipping animation.
03-25 16:00:53.588 15222 15222 E RippleDrawable: The RippleDrawable.STYLE_PATTERNED animation is not supported for a non-hardware accelerated Canvas. Skipping animation.
03-25 16:00:53.605 15222 15222 E RippleDrawable: The RippleDrawable.STYLE_PATTERNED animation is not supported for a non-hardware accelerated Canvas. Skipping animation.
03-25 16:00:53.605 15222 15222 E RippleDrawable: The RippleDrawable.STYLE_PATTERNED animation is not supported for a non-hardware accelerated Canvas. Skipping animation.
03-25 16:00:53.623 15222 15222 E RippleDrawable: The RippleDrawable.STYLE_PATTERNED animation is not supported for a non-hardware accelerated Canvas. Skipping animation.
03-25 16:00:53.624 15222 15222 E RippleDrawable: The RippleDrawable.STYLE_PATTERNED animation is not supported for a non-hardware accelerated Canvas. Skipping animation.
03-25 16:00:53.640 15222 15222 E RippleDrawable: The RippleDrawable.STYLE_PATTERNED animation is not supported for a non-hardware accelerated Canvas. Skipping animation.
03-25 16:00:53.641 15222 15222 E RippleDrawable: The RippleDrawable.STYLE_PATTERNED animation is not supported for a non-hardware accelerated Canvas. Skipping animation.
03-25 16:00:53.658 15222 15222 E RippleDrawable: The RippleDrawable.STYLE_PATTERNED animation is not supported for a non-hardware accelerated Canvas. Skipping animation.
03-25 16:00:53.659 15222 15222 E RippleDrawable: The RippleDrawable.STYLE_PATTERNED animation is not supported for a non-hardware accelerated Canvas. Skipping animation.
03-25 16:00:53.676 15222 15222 E RippleDrawable: The RippleDrawable.STYLE_PATTERNED animation is not supported for a non-hardware accelerated Canvas. Skipping animation.
03-25 16:00:53.676 15222 15222 E RippleDrawable: The RippleDrawable.STYLE_PATTERNED animation is not supported for a non-hardware accelerated Canvas. Skipping animation.
03-25 16:00:53.693 15222 15222 E RippleDrawable: The RippleDrawable.STYLE_PATTERNED animation is not supported for a non-hardware accelerated Canvas. Skipping animation.
03-25 16:00:53.694 15222 15222 E RippleDrawable: The RippleDrawable.STYLE_PATTERNED animation is not supported for a non-hardware accelerated Canvas. Skipping animation.
03-25 16:00:53.711 15222 15222 E RippleDrawable: The RippleDrawable.STYLE_PATTERNED animation is not supported for a non-hardware accelerated Canvas. Skipping animation.
03-25 16:00:53.712 15222 15222 E RippleDrawable: The RippleDrawable.STYLE_PATTERNED animation is not supported for a non-hardware accelerated Canvas. Skipping animation.
03-25 16:00:53.729 15222 15222 E RippleDrawable: The RippleDrawable.STYLE_PATTERNED animation is not supported for a non-hardware accelerated Canvas. Skipping animation.
03-25 16:00:53.730 15222 15222 E RippleDrawable: The RippleDrawable.STYLE_PATTERNED animation is not supported for a non-hardware accelerated Canvas. Skipping animation.
03-25 16:00:53.746 15222 15222 E RippleDrawable: The RippleDrawable.STYLE_PATTERNED animation is not supported for a non-hardware accelerated Canvas. Skipping animation.
03-25 16:00:53.747 15222 15222 E RippleDrawable: The RippleDrawable.STYLE_PATTERNED animation is not supported for a non-hardware accelerated Canvas. Skipping animation.
03-25 16:00:53.764 15222 15222 E RippleDrawable: The RippleDrawable.STYLE_PATTERNED animation is not supported for a non-hardware accelerated Canvas. Skipping animation.
03-25 16:00:53.765 15222 15222 E RippleDrawable: The RippleDrawable.STYLE_PATTERNED animation is not supported for a non-hardware accelerated Canvas. Skipping animation.
03-25 16:00:53.782 15222 15222 E RippleDrawable: The RippleDrawable.STYLE_PATTERNED animation is not supported for a non-hardware accelerated Canvas. Skipping animation.
03-25 16:00:53.783 15222 15222 E RippleDrawable: The RippleDrawable.STYLE_PATTERNED animation is not supported for a non-hardware accelerated Canvas. Skipping animation.
03-25 16:00:53.800 15222 15222 E RippleDrawable: The RippleDrawable.STYLE_PATTERNED animation is not supported for a non-hardware accelerated Canvas. Skipping animation.
03-25 16:00:53.800 15222 15222 E RippleDrawable: The RippleDrawable.STYLE_PATTERNED animation is not supported for a non-hardware accelerated Canvas. Skipping animation.
03-25 16:00:53.817 15222 15222 E RippleDrawable: The RippleDrawable.STYLE_PATTERNED animation is not supported for a non-hardware accelerated Canvas. Skipping animation.
03-25 16:00:53.818 15222 15222 E RippleDrawable: The RippleDrawable.STYLE_PATTERNED animation is not supported for a non-hardware accelerated Canvas. Skipping animation.
03-25 16:00:53.835 15222 15222 E RippleDrawable: The RippleDrawable.STYLE_PATTERNED animation is not supported for a non-hardware accelerated Canvas. Skipping animation.
03-25 16:00:53.836 15222 15222 E RippleDrawable: The RippleDrawable.STYLE_PATTERNED animation is not supported for a non-hardware accelerated Canvas. Skipping animation.
03-25 16:00:53.853 15222 15222 E RippleDrawable: The RippleDrawable.STYLE_PATTERNED animation is not supported for a non-hardware accelerated Canvas. Skipping animation.
03-25 16:00:53.854 15222 15222 E RippleDrawable: The RippleDrawable.STYLE_PATTERNED animation is not supported for a non-hardware accelerated Canvas. Skipping animation.
03-25 16:00:53.871 15222 15222 E RippleDrawable: The RippleDrawable.STYLE_PATTERNED animation is not supported for a non-hardware accelerated Canvas. Skipping animation.
03-25 16:00:53.871 15222 15222 E RippleDrawable: The RippleDrawable.STYLE_PATTERNED animation is not supported for a non-hardware accelerated Canvas. Skipping animation.
03-25 16:00:53.891 15222 15222 E RippleDrawable: The RippleDrawable.STYLE_PATTERNED animation is not supported for a non-hardware accelerated Canvas. Skipping animation.
03-25 16:00:53.892 15222 15222 E RippleDrawable: The RippleDrawable.STYLE_PATTERNED animation is not supported for a non-hardware accelerated Canvas. Skipping animation.
03-25 16:00:53.894 15222 15222 E RippleDrawable: The RippleDrawable.STYLE_PATTERNED animation is not supported for a non-hardware accelerated Canvas. Skipping animation.
03-25 16:00:53.995 15222 15222 W libc : Access denied finding property "vendor.transsion.scroll_adjust.support"
03-25 16:00:53.995 15222 15222 W libc : Access denied finding property "vendor.transsion.scroll_adjust.support"
03-25 16:00:54.005 15222 15222 W libc : Access denied finding property "vendor.transsion.scroll_adjust.support"
03-25 16:00:54.005 15222 15222 W libc : Access denied finding property "vendor.transsion.scroll_adjust.support"
03-25 16:00:54.161 15222 15322 W Parcel : Expecting binder but got null!
03-25 16:00:55.661 15222 15222 W libc : Access denied finding property "vendor.transsion.scroll_adjust.support"
03-25 16:00:55.661 15222 15222 W libc : Access denied finding property "vendor.transsion.scroll_adjust.support"
03-25 16:00:55.668 15222 15322 W Parcel : Expecting binder but got null!
03-25 16:00:58.433 15222 15222 W ViewRootImpl: Not reporting timeline because gpuCompletedTime is 1.711078694566E7ms ahead of presentTime. FRAME_TIMELINE_VSYNC_ID=27805204, INPUT_EVENT_ID=1028682300
03-25 16:00:59.136 15222 15222 W libc : Access denied finding property "vendor.transsion.scroll_adjust.support"
03-25 16:00:59.136 15222 15222 W libc : Access denied finding property "vendor.transsion.scroll_adjust.support"
03-25 16:00:59.146 15222 15222 W libc : Access denied finding property "vendor.transsion.scroll_adjust.support"
03-25 16:00:59.146 15222 15222 W libc : Access denied finding property "vendor.transsion.scroll_adjust.support"
03-25 16:00:59.244 15222 15322 W Parcel : Expecting binder but got null!
03-25 16:01:04.846 15222 15222 W libc : Access denied finding property "vendor.transsion.scroll_adjust.support"
03-25 16:01:04.846 15222 15222 W libc : Access denied finding property "vendor.transsion.scroll_adjust.support"
03-25 16:01:04.970 15222 15222 W View : requestLayout() improperly called by android.widget.Space{43e6fd2 I.ED..... ......I. 36,108-48,120 #7f0b00ba app:id/action_tile_spacing} during layout: running second layout pass
03-25 16:01:04.970 15222 15222 W View : requestLayout() improperly called by android.widget.Space{313c8a3 I.ED..... ......I. 36,108-48,120 #7f0b00ba app:id/action_tile_spacing} during layout: running second layout pass
03-25 16:01:04.970 15222 15222 W View : requestLayout() improperly called by android.widget.Space{7a047a0 I.ED..... ......I. 36,108-48,120 #7f0b00ba app:id/action_tile_spacing} during layout: running second layout pass
03-25 16:01:04.982 15222 15322 W Parcel : Expecting binder but got null!
03-25 16:01:06.193 15222 15222 W libc : Access denied finding property "vendor.transsion.scroll_adjust.support"
