02-10 17:45:53.293 27415 27469 E SQLiteDatabase: at X.3QF.A14(Unknown Source:470)
02-10 17:45:53.293 27415 27469 E SQLiteDatabase: at X.3gU.run(Unknown Source:982)
02-10 17:45:53.293 27415 27469 E SQLiteDatabase: at android.os.Handler.handleCallback(Handler.java:938)
02-10 17:45:53.293 27415 27469 E SQLiteDatabase: at android.os.Handler.dispatchMessage(Handler.java:99)
02-10 17:45:53.293 27415 27469 E SQLiteDatabase: at X.0zq.dispatchMessage(Unknown Source:4)
02-10 17:45:53.293 27415 27469 E SQLiteDatabase: at android.os.Looper.loopOnce(Looper.java:211)
02-10 17:45:53.293 27415 27469 E SQLiteDatabase: at android.os.Looper.loop(Looper.java:300)
02-10 17:45:53.293 27415 27469 E SQLiteDatabase: at android.os.HandlerThread.run(HandlerThread.java:67)
02-10 17:45:53.325 27415 27415 E ArmVmp : Match on catch block at 0xc3 in for 0x7d337b2025
02-10 17:45:53.328 27415 27415 E ArmVmp : Match on catch block at 0xc3 in for 0x7d337b2025
02-10 17:45:53.330 27415 27415 E ArmVmp : Match on catch block at 0xc3 in for 0x7d337b2025
02-10 17:45:53.335 27415 27415 E ArmVmp : Match on catch block at 0xc3 in for 0x7d337b2025
02-10 17:45:53.338 27415 27415 E ArmVmp : Match on catch block at 0xc3 in for 0x7d337b2025
02-10 17:45:53.340 27415 27415 E ArmVmp : Match on catch block at 0xc3 in for 0x7d337b2025
02-10 17:45:53.347 27415 27415 E ArmVmp : Match on catch block at 0xc3 in for 0x7d337b2025
02-10 17:45:53.350 27415 27415 E ArmVmp : Match on catch block at 0xc3 in for 0x7d337b2025
02-10 17:45:53.352 27415 27415 E ArmVmp : Match on catch block at 0xc3 in for 0x7d337b2025
02-10 17:45:53.369 27415 27415 E ArmVmp : Match on catch block at 0xc3 in for 0x7d337b2025
02-10 17:45:53.371 27415 27415 E ArmVmp : Match on catch block at 0xc3 in for 0x7d337b2025
02-10 17:45:53.372 27415 27415 E ArmVmp : Match on catch block at 0xc3 in for 0x7d337b2025
02-10 17:45:53.380 27415 27415 E ArmVmp : Match on catch block at 0xc3 in for 0x7d337b2025
02-10 17:45:53.383 27415 27415 E ArmVmp : Match on catch block at 0xc3 in for 0x7d337b2025
02-10 17:45:53.385 27415 27415 E ArmVmp : Match on catch block at 0xc3 in for 0x7d337b2025
02-10 17:45:53.398 27415 27415 E ArmVmp : Match on catch block at 0xc3 in for 0x7d337b2025
02-10 17:45:53.400 27415 27415 E ArmVmp : Match on catch block at 0xc3 in for 0x7d337b2025
02-10 17:45:53.402 27415 27415 E ArmVmp : Match on catch block at 0xc3 in for 0x7d337b2025
02-10 17:45:53.487 27415 27469 E SQLiteDatabase: Error inserting transferred=0 media_job_uuid=fe146bba-eae0-4498-aef0-fe1e5b9a1cac transcoded=0 gif_attribution=0 first_scan_length=12987 direct_path=/v/t62.7118- 24/35833756_1746196979220211_3816118958852353070_n.enc?ccb=11- 4&oh=01_AdRIAqntcJgWy- QXFgLkWao5Vl2EzqKh5bsUXcIUvnq15A&oe=65EED7C1&_nc_sid=5e03e0&_nc_hot=1707561950 thumbnail_height_width_ratio=0.45833334 is_animated_sticker=0 file_hash=525M4+24ftEydE7a68Jkfl/8t6dn2H/6u0iQm/odWvM= file_path=null file_size=0 partial_media_hash=emAyMknwrU04Q30IKiEYmx1iUa0rV2aV6XKBaBra8j0= face_x=0 face_y=0 height=720 trim_to=0 media_key_timestamp=1707560867000 message_url=https://mmg.whatsapp.net/v/t62.7118- 24/35833756_1746196979220211_3816118958852353070_n.enc?ccb=11- 4&oh=01_AdRIAqntcJgWy- QXFgLkWao5Vl2EzqKh5bsUXcIUvnq15A&oe=65EED7C1&_nc_sid=5e03e0&mms3=true media_caption=null trim_from=0 mime_type=image/jpeg partial_media_enc_hash=null width=1544 original_file_hash=null has_streaming_sidecar=1 autotransfer_retry_enabled=1 media_upload_handle=null message_row_id=1486 multicast_id=null enc_file_hash=729ieD/ULryYfLKiOJgPJE3FyP3ti5f/3op0oWgYpvo= mute_video=0 page_count=0 first_scan_sidecar=[B@cbd1a6a suspicious_content=0 file_length=163326 media_name=null media_duration=0 chat_row_id=60 media_key=[B@28cbb5b
02-10 17:45:53.487 27415 27469 E SQLiteDatabase: android.database.sqlite.SQLiteConstraintException: UNIQUE constraint failed: message_media.message_row_id (code 1555 SQLITE_CONSTRAINT_PRIMARYKEY)
02-10 17:45:53.487 27415 27469 E SQLiteDatabase: at android.database.sqlite.SQLiteConnection.nativeExecuteForLastInsertedRowId(Native Method)
02-10 17:45:53.487 27415 27469 E SQLiteDatabase: at android.database.sqlite.SQLiteConnection.executeForLastInsertedRowId(SQLiteConnecti on.java:940)
02-10 17:45:53.487 27415 27469 E SQLiteDatabase: at android.database.sqlite.SQLiteSession.executeForLastInsertedRowId(SQLiteSession.jav a:790)
02-10 17:45:53.487 27415 27469 E SQLiteDatabase: at android.database.sqlite.SQLiteStatement.executeInsert(SQLiteStatement.java:89)
02-10 17:45:53.487 27415 27469 E SQLiteDatabase: at android.database.sqlite.SQLiteDatabase.insertWithOnConflict(SQLiteDatabase.java:170 2)
02-10 17:45:53.487 27415 27469 E SQLiteDatabase: at android.database.sqlite.SQLiteDatabase.insert(SQLiteDatabase.java:1571)
02-10 17:45:53.487 27415 27469 E SQLiteDatabase: at X.2tm.A08(Unknown Source:6)
02-10 17:45:53.487 27415 27469 E SQLiteDatabase: at X.35Y.A07(Unknown Source:212)
02-10 17:45:53.487 27415 27469 E SQLiteDatabase: at X.3QF.A14(Unknown Source:470)
02-10 17:45:53.487 27415 27469 E SQLiteDatabase: at X.3gU.run(Unknown Source:982)
02-10 17:45:53.487 27415 27469 E SQLiteDatabase: at android.os.Handler.handleCallback(Handler.java:938)
02-10 17:45:53.487 27415 27469 E SQLiteDatabase: at android.os.Handler.dispatchMessage(Handler.java:99)
02-10 17:45:53.487 27415 27469 E SQLiteDatabase: at X.0zq.dispatchMessage(Unknown Source:4)
02-10 17:45:53.487 27415 27469 E SQLiteDatabase: at android.os.Looper.loopOnce(Looper.java:211)
02-10 17:45:53.487 27415 27469 E SQLiteDatabase: at android.os.Looper.loop(Looper.java:300)
02-10 17:45:53.487 27415 27469 E SQLiteDatabase: at android.os.HandlerThread.run(HandlerThread.java:67)
02-10 17:45:53.597 27415 27415 E ArmVmp : Match on catch block at 0xc3 in for 0x7d337b2025
02-10 17:45:53.598 27415 27415 E ArmVmp : Match on catch block at 0xc3 in for 0x7d337b2025
02-10 17:45:53.600 27415 27415 E ArmVmp : Match on catch block at 0xc3 in for 0x7d337b2025
02-10 17:45:54.096 27415 27415 E ArmVmp : Match on catch block at 0xc3 in for 0x7d337b2025
02-10 17:45:54.099 27415 27415 E ArmVmp : Match on catch block at 0xc3 in for 0x7d337b2025
02-10 17:45:54.100 27415 27415 E ArmVmp : Match on catch block at 0xc3 in for 0x7d337b2025
02-10 17:45:54.227 27415 27578 W com.mbwhatsapp: Accessing hidden method Landroid/app/MiuiNotification;-><init>()V (blocked, reflection, denied)
02-10 17:45:54.299 27415 27578 W com.mbwhatsapp: Accessing hidden method Landroid/app/MiuiNotification;-><init>()V (blocked, reflection, denied)
02-10 17:45:54.539 27415 27469 E SQLiteDatabase: Error inserting transferred=0 media_job_uuid=80956f24-235b-4410-9cf9-ac72b392699e transcoded=0 gif_attribution=0 first_scan_length=5114 direct_path=/o1/v/t62.7118-24/f1/m232/up-oil-image-7c96796a- 4c7f-498e-b2cf-d212545ac855?ccb=9- 4&oh=01_AdQymY0KvzrRRAYeZxyndIKQFctbVw8oUAVHwKcophbm7g&oe=65EEAFF5&_nc_sid=000000 thumbnail_height_width_ratio=0.42708334 is_animated_sticker=0 file_hash=refrpDLJNFj35JXuEHFacCVl8PAjP6f9KSMrw5OPEbI= file_path=null file_size=0 partial_media_hash=+phCFrXhqJwWzBKgQjdz4rkn/DqPx4K/dCFwXhte0ZU= face_x=0 face_y=0 height=471 trim_to=0 media_key_timestamp=1707561831000 message_url=https://mmg.whatsapp.net/o1/v/t62.7118-24/f1/m232/up-oil-image- 7c96796a-4c7f-498e-b2cf-d212545ac855?ccb=9- 4&oh=01_AdQymY0KvzrRRAYeZxyndIKQFctbVw8oUAVHwKcophbm7g&oe=65EEAFF5&_nc_sid=000000&m ms3=true media_caption=null trim_from=0 mime_type=image/jpeg partial_media_enc_hash=null width=1080 original_file_hash=null has_streaming_sidecar=1 autotransfer_retry_enabled=1 media_upload_handle=null message_row_id=1488 multicast_id=null enc_file_hash=dMEVzVpRfer+XAIZmpHpvOVQOIJbt5kRW1ZwKwEGAAw= mute_video=0 page_count=0 first_scan_sidecar=[B@83bb3d7 suspicious_content=0 file_length=58142 media_name=null media_duration=0 chat_row_id=140 media_key=[B@18144c4
02-10 17:45:54.539 27415 27469 E SQLiteDatabase: android.database.sqlite.SQLiteConstraintException: UNIQUE constraint failed: message_media.message_row_id (code 1555 SQLITE_CONSTRAINT_PRIMARYKEY)
02-10 17:45:54.539 27415 27469 E SQLiteDatabase: at android.database.sqlite.SQLiteConnection.nativeExecuteForLastInsertedRowId(Native Method)
02-10 17:45:54.539 27415 27469 E SQLiteDatabase: at android.database.sqlite.SQLiteConnection.executeForLastInsertedRowId(SQLiteConnecti on.java:940)
02-10 17:45:54.539 27415 27469 E SQLiteDatabase: at android.database.sqlite.SQLiteSession.executeForLastInsertedRowId(SQLiteSession.jav a:790)
02-10 17:45:54.539 27415 27469 E SQLiteDatabase: at android.database.sqlite.SQLiteStatement.executeInsert(SQLiteStatement.java:89)
02-10 17:45:54.539 27415 27469 E SQLiteDatabase: at android.database.sqlite.SQLiteDatabase.insertWithOnConflict(SQLiteDatabase.java:170 2)
02-10 17:45:54.539 27415 27469 E SQLiteDatabase: at android.database.sqlite.SQLiteDatabase.insert(SQLiteDatabase.java:1571)
02-10 17:45:54.539 27415 27469 E SQLiteDatabase: at X.2tm.A08(Unknown Source:6)
02-10 17:45:54.539 27415 27469 E SQLiteDatabase: at X.35Y.A07(Unknown Source:212)
02-10 17:45:54.539 27415 27469 E SQLiteDatabase: at X.3QF.A14(Unknown Source:470)
02-10 17:45:54.539 27415 27469 E SQLiteDatabase: at X.3gU.run(Unknown Source:982)
02-10 17:45:54.539 27415 27469 E SQLiteDatabase: at android.os.Handler.handleCallback(Handler.java:938)
02-10 17:45:54.539 27415 27469 E SQLiteDatabase: at android.os.Handler.dispatchMessage(Handler.java:99)
02-10 17:45:54.539 27415 27469 E SQLiteDatabase: at X.0zq.dispatchMessage(Unknown Source:4)
02-10 17:45:54.539 27415 27469 E SQLiteDatabase: at android.os.Looper.loopOnce(Looper.java:211)
02-10 17:45:54.539 27415 27469 E SQLiteDatabase: at android.os.Looper.loop(Looper.java:300)
02-10 17:45:54.539 27415 27469 E SQLiteDatabase: at android.os.HandlerThread.run(HandlerThread.java:67)
02-10 17:45:54.597 27415 27415 E ArmVmp : Match on catch block at 0xc3 in for 0x7d337b2025
02-10 17:45:54.601 27415 27415 E ArmVmp : Match on catch block at 0xc3 in for 0x7d337b2025
02-10 17:45:54.604 27415 27415 E ArmVmp : Match on catch block at 0xc3 in for 0x7d337b2025
02-10 17:45:54.723 27415 27578 W com.mbwhatsapp: Accessing hidden method Landroid/app/MiuiNotification;-><init>()V (blocked, reflection, denied)
02-10 17:45:55.013 27415 27415 E ArmVmp : Match on catch block at 0xc3 in for 0x7d337b2025
02-10 17:45:55.015 27415 27415 E ArmVmp : Match on catch block at 0xc3 in for 0x7d337b2025
02-10 17:45:55.016 27415 27415 E ArmVmp : Match on catch block at 0xc3 in for 0x7d337b2025
02-10 17:45:55.029 27415 27415 E ArmVmp : Match on catch block at 0xc3 in for 0x7d337b2025
02-10 17:45:55.030 27415 27415 E ArmVmp : Match on catch block at 0xc3 in for 0x7d337b2025
02-10 17:45:55.032 27415 27415 E ArmVmp : Match on catch block at 0xc3 in for 0x7d337b2025
02-10 17:45:55.095 27415 27415 E ArmVmp : Match on catch block at 0xc3 in for 0x7d337b2025
02-10 17:45:55.097 27415 27415 E ArmVmp : Match on catch block at 0xc3 in for 0x7d337b2025
02-10 17:45:55.099 27415 27415 E ArmVmp : Match on catch block at 0xc3 in for 0x7d337b2025
02-10 17:45:55.597 27415 27415 E ArmVmp : Match on catch block at 0xc3 in for 0x7d337b2025
02-10 17:45:55.601 27415 27415 E ArmVmp : Match on catch block at 0xc3 in for 0x7d337b2025
02-10 17:45:55.603 27415 27415 E ArmVmp : Match on catch block at 0xc3 in for 0x7d337b2025
02-10 17:45:56.095 27415 27415 E ArmVmp : Match on catch block at 0xc3 in for 0x7d337b2025
02-10 17:45:56.097 27415 27415 E ArmVmp : Match on catch block at 0xc3 in for 0x7d337b2025
02-10 17:45:56.098 27415 27415 E ArmVmp : Match on catch block at 0xc3 in for 0x7d337b2025
02-10 17:45:56.596 27415 27415 E ArmVmp : Match on catch block at 0xc3 in for 0x7d337b2025
02-10 17:45:56.599 27415 27415 E ArmVmp : Match on catch block at 0xc3 in for 0x7d337b2025
02-10 17:45:56.602 27415 27415 E ArmVmp : Match on catch block at 0xc3 in for 0x7d337b2025
02-10 17:45:56.934 27415 27578 W com.mbwhatsapp: Accessing hidden method Landroid/app/MiuiNotification;-><init>()V (blocked, reflection, denied)
02-10 17:45:57.100 27415 27415 E ArmVmp : Match on catch block at 0xc3 in for 0x7d337b2025
02-10 17:45:57.109 27415 27415 E ArmVmp : Match on catch block at 0xc3 in for 0x7d337b2025
02-10 17:45:57.116 27415 27415 E ArmVmp : Match on catch block at 0xc3 in for 0x7d337b2025
02-10 17:45:57.342 27415 27578 W com.mbwhatsapp: Accessing hidden method Landroid/app/MiuiNotification;-><init>()V (blocked, reflection, denied)
02-10 17:45:57.595 27415 27415 E ArmVmp : Match on catch block at 0xc3 in for 0x7d337b2025
02-10 17:45:57.596 27415 27415 E ArmVmp : Match on catch block at 0xc3 in for 0x7d337b2025
02-10 17:45:57.598 27415 27415 E ArmVmp : Match on catch block at 0xc3 in for 0x7d337b2025
02-10 17:45:57.888 27415 27578 W com.mbwhatsapp: Accessing hidden method Landroid/app/MiuiNotification;-><init>()V (blocked, reflection, denied)
02-10 17:45:58.002 27415 27578 W com.mbwhatsapp: Accessing hidden method Landroid/app/MiuiNotification;-><init>()V (blocked, reflection, denied)
02-10 17:45:58.064 27415 27578 W com.mbwhatsapp: Accessing hidden method Landroid/app/MiuiNotification;-><init>()V (blocked, reflection, denied)
02-10 17:45:58.095 27415 27415 E ArmVmp : Match on catch block at 0xc3 in for 0x7d337b2025
02-10 17:45:58.097 27415 27415 E ArmVmp : Match on catch block at 0xc3 in for 0x7d337b2025
02-10 17:45:58.098 27415 27415 E ArmVmp : Match on catch block at 0xc3 in for 0x7d337b2025
02-10 17:45:58.372 27415 27469 E SQLiteDatabase: Error inserting transferred=0 media_job_uuid=fffed98f-f4e1-4ea7-840b-a4d3c0d677f2 transcoded=0 gif_attribution=0 first_scan_length=4921 direct_path=/v/t62.7118- 24/18860942_6917512528372125_6874890665703545077_n.enc?ccb=11- 4&oh=01_AdRFup_2G_4B9LdQicf7uRYdoiSovsw21CxElLevVu8BGw&oe=65EEA61A&_nc_sid=5e03e0&_ nc_hot=1707561956 thumbnail_height_width_ratio=2.3225806 is_animated_sticker=0 file_hash=LVu/ml162qWQCf5MMI02J2FhPHMzp9ICabXJQP0M5kQ= file_path=null file_size=0 partial_media_hash=eaKgxlLbAUn9abUC8oD+b+lVFU/PF/0LXgNXJf4ERvE= face_x=0 face_y=0 height=1200 trim_to=0 media_key_timestamp=1707553435000 message_url=https://mmg.whatsapp.net/v/t62.7118- 24/18860942_6917512528372125_6874890665703545077_n.enc?ccb=11- 4&oh=01_AdRFup_2G_4B9LdQicf7uRYdoiSovsw21CxElLevVu8BGw&oe=65EEA61A&_nc_sid=5e03e0&m ms3=true media_caption=null trim_from=0 mime_type=image/jpeg partial_media_enc_hash=null width=540 original_file_hash=null has_streaming_sidecar=1 autotransfer_retry_enabled=1 media_upload_handle=null message_row_id=1494 multicast_id=null enc_file_hash=+xHp2M7IAymsPVGIHVfjcG6NjUOM5g5Nm/Ieu9JDoBU= mute_video=0 page_count=0 first_scan_sidecar=[B@98525ee suspicious_content=0 file_length=47683 media_name=null media_duration=0 chat_row_id=58 media_key=[B@353da8f
02-10 17:45:58.372 27415 27469 E SQLiteDatabase: android.database.sqlite.SQLiteConstraintException: UNIQUE constraint failed: message_media.message_row_id (code 1555 SQLITE_CONSTRAINT_PRIMARYKEY)
02-10 17:45:58.372 27415 27469 E SQLiteDatabase: at android.database.sqlite.SQLiteConnection.nativeExecuteForLastInsertedRowId(Native Method)
02-10 17:45:58.372 27415 27469 E SQLiteDatabase: at android.database.sqlite.SQLiteConnection.executeForLastInsertedRowId(SQLiteConnecti on.java:940)
02-10 17:45:58.372 27415 27469 E SQLiteDatabase: at android.database.sqlite.SQLiteSession.executeForLastInsertedRowId(SQLiteSession.jav a:790)
02-10 17:45:58.372 27415 27469 E SQLiteDatabase: at android.database.sqlite.SQLiteStatement.executeInsert(SQLiteStatement.java:89)
02-10 17:45:58.372 27415 27469 E SQLiteDatabase: at android.database.sqlite.SQLiteDatabase.insertWithOnConflict(SQLiteDatabase.java:170 2)
02-10 17:45:58.372 27415 27469 E SQLiteDatabase: at android.database.sqlite.SQLiteDatabase.insert(SQLiteDatabase.java:1571)
02-10 17:45:58.372 27415 27469 E SQLiteDatabase: at X.2tm.A08(Unknown Source:6)
02-10 17:45:58.372 27415 27469 E SQLiteDatabase: at X.35Y.A07(Unknown Source:212)
02-10 17:45:58.372 27415 27469 E SQLiteDatabase: at X.3QF.A14(Unknown Source:470)
02-10 17:45:58.372 27415 27469 E SQLiteDatabase: at X.3gU.run(Unknown Source:982)
02-10 17:45:58.372 27415 27469 E SQLiteDatabase: at android.os.Handler.handleCallback(Handler.java:938)
02-10 17:45:58.372 27415 27469 E SQLiteDatabase: at android.os.Handler.dispatchMessage(Handler.java:99)
02-10 17:45:58.372 27415 27469 E SQLiteDatabase: at X.0zq.dispatchMessage(Unknown Source:4)
02-10 17:45:58.372 27415 27469 E SQLiteDatabase: at android.os.Looper.loopOnce(Looper.java:211)
02-10 17:45:58.372 27415 27469 E SQLiteDatabase: at android.os.Looper.loop(Looper.java:300)
02-10 17:45:58.372 27415 27469 E SQLiteDatabase: at android.os.HandlerThread.run(HandlerThread.java:67)
02-10 17:45:58.594 27415 27415 E ArmVmp : Match on catch block at 0xc3 in for 0x7d337b2025
02-10 17:45:58.596 27415 27415 E ArmVmp : Match on catch block at 0xc3 in for 0x7d337b2025
02-10 17:45:58.597 27415 27415 E ArmVmp : Match on catch block at 0xc3 in for 0x7d337b2025
02-10 17:45:59.093 27415 27415 E ArmVmp : Match on catch block at 0xc3 in for 0x7d337b2025
02-10 17:45:59.095 27415 27415 E ArmVmp : Match on catch block at 0xc3 in for 0x7d337b2025
02-10 17:45:59.096 27415 27415 E ArmVmp : Match on catch block at 0xc3 in for 0x7d337b2025
02-10 17:45:59.544 27415 27415 E ArmVmp : Match on catch block at 0xc3 in for 0x7d337b2025
02-10 17:45:59.546 27415 27415 E ArmVmp : Match on catch block at 0xc3 in for 0x7d337b2025
02-10 17:45:59.547 27415 27415 E ArmVmp : Match on catch block at 0xc3 in for 0x7d337b2025
02-10 17:45:59.559 27415 27415 E ArmVmp : Match on catch block at 0xc3 in for 0x7d337b2025
02-10 17:45:59.561 27415 27415 E ArmVmp : Match on catch block at 0xc3 in for 0x7d337b2025
02-10 17:45:59.562 27415 27415 E ArmVmp : Match on catch block at 0xc3 in for 0x7d337b2025
02-10 17:45:59.593 27415 27415 E ArmVmp : Match on catch block at 0xc3 in for 0x7d337b2025
02-10 17:45:59.595 27415 27415 E ArmVmp : Match on catch block at 0xc3 in for 0x7d337b2025
02-10 17:45:59.596 27415 27415 E ArmVmp : Match on catch block at 0xc3 in for 0x7d337b2025
02-10 17:45:59.776 27415 27415 E ArmVmp : Match on catch block at 0xc3 in for 0x7d337b2025
02-10 17:45:59.777 27415 27415 E ArmVmp : Match on catch block at 0xc3 in for 0x7d337b2025
02-10 17:45:59.779 27415 27415 E ArmVmp : Match on catch block at 0xc3 in for 0x7d337b2025
02-10 17:45:59.805 27415 27415 E ArmVmp : Match on catch block at 0xc3 in for 0x7d337b2025
02-10 17:45:59.807 27415 27415 E ArmVmp : Match on catch block at 0xc3 in for 0x7d337b2025
02-10 17:45:59.808 27415 27415 E ArmVmp : Match on catch block at 0xc3 in for 0x7d337b2025
02-10 17:45:59.825 27415 27484 E FrameEvents: updateAcquireFence: Did not find frame.
02-10 17:45:59.825 27415 27484 E OpenGLRenderer: EglManager::makeCurrent mED = 0xb400007c643d48c0, surface = 0x0, mEC = 0xb400007be3106980, error = EGL_SUCCESS
02-10 17:45:59.846 27415 27415 E ArmVmp : Match on catch block at 0xc3 in for 0x7d337b2025
02-10 17:45:59.848 27415 27415 E ArmVmp : Match on catch block at 0xc3 in for 0x7d337b2025
02-10 17:45:59.850 27415 27415 E ArmVmp : Match on catch block at 0xc3 in for 0x7d337b2025
02-10 17:45:59.949 27415 27415 W ResourceType: Bad XML block: header size 18254 or total size 169478669 is larger than data size 380
02-10 17:45:59.953 27415 27415 W ResourceType: Bad XML block: header size 18254 or total size 169478669 is larger than data size 431
02-10 17:45:59.964 27415 27415 W ResourceType: Bad XML block: header size 18254 or total size 169478669 is larger than data size 677
02-10 17:45:59.967 27415 27415 W ResourceType: Bad XML block: header size 18254 or total size 169478669 is larger than data size 248
02-10 17:45:59.972 27415 27415 W ResourceType: Bad XML block: header size 18254 or total size 169478669 is larger than data size 571
02-10 17:45:59.978 27415 27415 W ResourceType: Bad XML block: header size 18254 or total size 169478669 is larger than data size 333
02-10 17:45:59.982 27415 27415 W ResourceType: Bad XML block: header size 18254 or total size 169478669 is larger than data size 650
02-10 17:45:59.986 27415 27415 W ResourceType: Bad XML block: header size 18254 or total size 169478669 is larger than data size 1150
02-10 17:45:59.989 27415 27415 W ResourceType: Bad XML block: header size 18254 or total size 169478669 is larger than data size 491
02-10 17:45:59.992 27415 27415 W ResourceType: Bad XML block: header size 18254 or total size 169478669 is larger than data size 1150
02-10 17:45:59.996 27415 27415 W ResourceType: Bad XML block: header size 18254 or total size 169478669 is larger than data size 659
02-10 17:46:00.000 27415 27415 W ResourceType: Bad XML block: header size 18254 or total size 169478669 is larger than data size 593
02-10 17:46:00.009 27415 27415 W ResourceType: Bad XML block: header size 18254 or total size 169478669 is larger than data size 1171
02-10 17:46:00.011 27415 27415 W ResourceType: Bad XML block: header size 18254 or total size 169478669 is larger than data size 510
02-10 17:46:00.039 27415 27415 W ResourceType: Bad XML block: header size 18254 or total size 169478669 is larger than data size 853
02-10 17:46:00.097 27415 27415 W ResourceType: Bad XML block: header size 18254 or total size 169478669 is larger than data size 650
02-10 17:46:00.135 27415 27415 W View : requestLayout() improperly called by android.widget.Space{eb7ff59 I.ED..... ......I. 24,72-32,80 #7f0b00ba app:id/action_tile_spacing} during layout: running second layout pass
02-10 17:46:00.135 27415 27415 W View : requestLayout() improperly called by android.widget.Space{bfb071e I.ED..... ......I. 24,72-32,80 #7f0b00ba app:id/action_tile_spacing} during layout: running second layout pass
02-10 17:46:00.135 27415 27415 W View : requestLayout() improperly called by android.widget.Space{5415bff I.ED..... ......I. 24,72-32,80 #7f0b00ba app:id/action_tile_spacing} during layout: running second layout pass
02-10 17:46:00.135 27415 27415 W View : requestLayout() improperly called by android.widget.Space{d160dcc I.ED..... ......I. 24,72-32,80 #7f0b00ba app:id/action_tile_spacing} during layout: running second layout pass
02-10 17:46:00.138 27415 27415 E ArmVmp : Match on catch block at 0xc3 in for 0x7d337b2025
02-10 17:46:00.140 27415 27415 E ArmVmp : Match on catch block at 0xc3 in for 0x7d337b2025
02-10 17:46:00.141 27415 27415 E ArmVmp : Match on catch block at 0xc3 in for 0x7d337b2025
02-10 17:46:00.159 27415 27415 E ArmVmp : Match on catch block at 0xc3 in for 0x7d337b2025
02-10 17:46:00.161 27415 27415 E ArmVmp : Match on catch block at 0xc3 in for 0x7d337b2025
02-10 17:46:00.163 27415 27415 E ArmVmp : Match on catch block at 0xc3 in for 0x7d337b2025
02-10 17:46:00.183 27415 27415 E ArmVmp : Match on catch block at 0xc3 in for 0x7d337b2025
02-10 17:46:00.184 27415 27415 E ArmVmp : Match on catch block at 0xc3 in for 0x7d337b2025
02-10 17:46:00.187 27415 27415 E ArmVmp : Match on catch block at 0xc3 in for 0x7d337b2025
02-10 17:46:00.211 27415 27578 W com.mbwhatsapp: Accessing hidden method Landroid/app/MiuiNotification;-><init>()V (blocked, reflection, denied)
02-10 17:46:00.244 27415 27415 E ArmVmp : Match on catch block at 0xc3 in for 0x7d337b2025
02-10 17:46:00.247 27415 27415 E ArmVmp : Match on catch block at 0xc3 in for 0x7d337b2025
02-10 17:46:00.249 27415 27415 E ArmVmp : Match on catch block at 0xc3 in for 0x7d337b2025
02-10 17:46:00.289 27415 27415 E ArmVmp : Match on catch block at 0xc3 in for 0x7d337b2025
02-10 17:46:00.291 27415 27415 E ArmVmp : Match on catch block at 0xc3 in for 0x7d337b2025
02-10 17:46:00.294 27415 27415 E ArmVmp : Match on catch block at 0xc3 in for 0x7d337b2025
02-10 17:46:00.311 27415 27415 E ArmVmp : Match on catch block at 0xc3 in for 0x7d337b2025
02-10 17:46:00.313 27415 27415 E ArmVmp : Match on catch block at 0xc3 in for 0x7d337b2025
02-10 17:46:00.315 27415 27415 E ArmVmp : Match on catch block at 0xc3 in for 0x7d337b2025
02-10 17:46:00.330 27415 27415 E ArmVmp : Match on catch block at 0xc3 in for 0x7d337b2025
02-10 17:46:00.332 27415 27415 E ArmVmp : Match on catch block at 0xc3 in for 0x7d337b2025
02-10 17:46:00.334 27415 27415 E ArmVmp : Match on catch block at 0xc3 in for 0x7d337b2025
02-10 17:46:00.516 27415 27415 E ArmVmp : Match on catch block at 0xc3 in for 0x7d337b2025
02-10 17:46:00.518 27415 27415 E ArmVmp : Match on catch block at 0xc3 in for 0x7d337b2025
02-10 17:46:00.520 27415 27415 E ArmVmp : Match on catch block at 0xc3 in for 0x7d337b2025
02-10 17:46:00.760 27415 27415 W ResourceType: Bad XML block: header size 18254 or total size 169478669 is larger than data size 650
02-10 17:46:02.536 27415 27578 W com.mbwhatsapp: Accessing hidden method Landroid/app/MiuiNotification;-><init>()V (blocked, reflection, denied)
02-10 17:46:02.592 27415 27578 W com.mbwhatsapp: Accessing hidden method Landroid/app/MiuiNotification;-><init>()V (blocked, reflection, denied)
02-10 17:46:02.708 27415 27415 E ArmVmp : Match on catch block at 0x0a in for 0x7d337b2035
02-10 17:46:02.716 27415 27415 E ArmVmp : Match on catch block at 0x0a in for 0x7d337b2035
02-10 17:46:02.778 27415 27415 E ArmVmp : Match on catch block at 0xc3 in for 0x7d337b2025
02-10 17:46:02.781 27415 27415 E ArmVmp : Match on catch block at 0xc3 in for 0x7d337b2025
02-10 17:46:02.791 27415 27484 E FrameEvents: updateAcquireFence: Did not find frame.
02-10 17:46:02.791 27415 27484 E OpenGLRenderer: EglManager::makeCurrent mED = 0xb400007c643d48c0, surface = 0x0, mEC = 0xb400007be3106980, error = EGL_SUCCESS
02-10 17:46:02.801 27415 27415 E ArmVmp : Match on catch block at 0xc3 in for 0x7d337b2025
02-10 17:46:02.804 27415 27415 E ArmVmp : Match on catch block at 0xc3 in for 0x7d337b2025
02-10 17:46:02.839 27415 27415 E ArmVmp : Match on catch block at 0xc3 in for 0x7d337b2025
02-10 17:46:02.841 27415 27415 E ArmVmp : Match on catch block at 0xc3 in for 0x7d337b2025
02-10 17:46:02.867 27415 27415 E ArmVmp : Match on catch block at 0xc3 in for 0x7d337b2025
02-10 17:46:02.870 27415 27415 E ArmVmp : Match on catch block at 0xc3 in for 0x7d337b2025
02-10 17:46:02.886 27415 27415 E ArmVmp : Match on catch block at 0xc3 in for 0x7d337b2025
02-10 17:46:02.890 27415 27415 E ArmVmp : Match on catch block at 0xc3 in for 0x7d337b2025
02-10 17:46:02.909 27415 27415 E ArmVmp : Match on catch block at 0xc3 in for 0x7d337b2025
02-10 17:46:02.913 27415 27415 E ArmVmp : Match on catch block at 0xc3 in for 0x7d337b2025
02-10 17:46:02.927 27415 27415 E ArmVmp : Match on catch block at 0xc3 in for 0x7d337b2025
02-10 17:46:02.931 27415 27415 E ArmVmp : Match on catch block at 0xc3 in for 0x7d337b2025
02-10 17:46:02.948 27415 27415 E ArmVmp : Match on catch block at 0xc3 in for 0x7d337b2025
02-10 17:46:02.951 27415 27415 E ArmVmp : Match on catch block at 0xc3 in for 0x7d337b2025
02-10 17:46:02.967 27415 27415 E ArmVmp : Match on catch block at 0xc3 in for 0x7d337b2025
02-10 17:46:02.970 27415 27415 E ArmVmp : Match on catch block at 0xc3 in for 0x7d337b2025
02-10 17:46:02.983 27415 27415 E ArmVmp : Match on catch block at 0xc3 in for 0x7d337b2025
02-10 17:46:02.986 27415 27415 E ArmVmp : Match on catch block at 0xc3 in for 0x7d337b2025
02-10 17:46:03.000 27415 27415 E ArmVmp : Match on catch block at 0xc3 in for 0x7d337b2025
02-10 17:46:03.004 27415 27415 E ArmVmp : Match on catch block at 0xc3 in for 0x7d337b2025
02-10 17:46:03.024 27415 27415 E ArmVmp : Match on catch block at 0xc3 in for 0x7d337b2025
02-10 17:46:03.026 27415 27415 E ArmVmp : Match on catch block at 0xc3 in for 0x7d337b2025
02-10 17:46:03.053 27415 27415 E ArmVmp : Match on catch block at 0xc3 in for 0x7d337b2025
02-10 17:46:03.056 27415 27415 E ArmVmp : Match on catch block at 0xc3 in for 0x7d337b2025
02-10 17:46:03.059 27415 27578 W com.mbwhatsapp: Accessing hidden method Landroid/app/MiuiNotification;-><init>()V (blocked, reflection, denied)
02-10 17:46:03.113 27415 27415 E ArmVmp : Match on catch block at 0xc3 in for 0x7d337b2025
02-10 17:46:03.116 27415 27415 E ArmVmp : Match on catch block at 0xc3 in for 0x7d337b2025
02-10 17:46:03.139 27415 27469 E SQLiteDatabase: Error inserting transferred=0 media_job_uuid=1cf2bb43-0d36-487c-af03-4da812ab3f45 transcoded=0 gif_attribution=0 first_scan_length=27028 direct_path=/v/t62.7118- 24/32060951_1054509442272843_1541512392925497571_n.enc?ccb=11-4&oh=01_AdTgQ-- 7JI5JSLDlQBCA1ERlhGANQYi_aZD2l-6zJKX0-g&oe=65EEC5EF&_nc_sid=5e03e0 thumbnail_height_width_ratio=1.0 is_animated_sticker=0 file_hash=WVbEZ+oEFO4DAoUm8sDH0tEY7L6zecAgi7VZY4uIZKo= file_path=null file_size=0 partial_media_hash=mSNEPGsvhpeoMKCGnLIdIZ2PdvPVYAaYakIe3ZU1XFo= face_x=0 face_y=0 height=1599 trim_to=0 media_key_timestamp=1707561926000 message_url=https://mmg.whatsapp.net/v/t62.7118- 24/32060951_1054509442272843_1541512392925497571_n.enc?ccb=11-4&oh=01_AdTgQ-- 7JI5JSLDlQBCA1ERlhGANQYi_aZD2l-6zJKX0-g&oe=65EEC5EF&_nc_sid=5e03e0&mms3=true media_caption=null trim_from=0 mime_type=image/jpeg partial_media_enc_hash=null width=1599 original_file_hash=null has_streaming_sidecar=1 autotransfer_retry_enabled=1 media_upload_handle=null message_row_id=1497 multicast_id=null enc_file_hash=+NHjG7Ct4tZ3p/x3DJTzBMvY1eBuHzMi3x0D9uWt1Oc= mute_video=0 page_count=0 first_scan_sidecar=[B@796088a suspicious_content=0 file_length=280519 media_name=null media_duration=0 chat_row_id=134 media_key=[B@637defb
02-10 17:46:03.139 27415 27469 E SQLiteDatabase: android.database.sqlite.SQLiteConstraintException: UNIQUE constraint failed: message_media.message_row_id (code 1555 SQLITE_CONSTRAINT_PRIMARYKEY)
02-10 17:46:03.139 27415 27469 E SQLiteDatabase: at android.database.sqlite.SQLiteConnection.nativeExecuteForLastInsertedRowId(Native Method)
02-10 17:46:03.139 27415 27469 E SQLiteDatabase: at android.database.sqlite.SQLiteConnection.executeForLastInsertedRowId(SQLiteConnecti on.java:940)
02-10 17:46:03.139 27415 27469 E SQLiteDatabase: at android.database.sqlite.SQLiteSession.executeForLastInsertedRowId(SQLiteSession.jav a:790)
02-10 17:46:03.139 27415 27469 E SQLiteDatabase: at android.database.sqlite.SQLiteStatement.executeInsert(SQLiteStatement.java:89)
02-10 17:46:03.139 27415 27469 E SQLiteDatabase: at android.database.sqlite.SQLiteDatabase.insertWithOnConflict(SQLiteDatabase.java:170 2)
02-10 17:46:03.139 27415 27469 E SQLiteDatabase: at android.database.sqlite.SQLiteDatabase.insert(SQLiteDatabase.java:1571)
02-10 17:46:03.139 27415 27469 E SQLiteDatabase: at X.2tm.A08(Unknown Source:6)
02-10 17:46:03.139 27415 27469 E SQLiteDatabase: at X.35Y.A07(Unknown Source:212)
02-10 17:46:03.139 27415 27469 E SQLiteDatabase: at X.3QF.A14(Unknown Source:470)
02-10 17:46:03.139 27415 27469 E SQLiteDatabase: at X.3gU.run(Unknown Source:982)
02-10 17:46:03.139 27415 27469 E SQLiteDatabase: at android.os.Handler.handleCallback(Handler.java:938)
02-10 17:46:03.139 27415 27469 E SQLiteDatabase: at android.os.Handler.dispatchMessage(Handler.java:99)
02-10 17:46:03.139 27415 27469 E SQLiteDatabase: at X.0zq.dispatchMessage(Unknown Source:4)
02-10 17:46:03.139 27415 27469 E SQLiteDatabase: at android.os.Looper.loopOnce(Looper.java:211)
02-10 17:46:03.139 27415 27469 E SQLiteDatabase: at android.os.Looper.loop(Looper.java:300)
02-10 17:46:03.139 27415 27469 E SQLiteDatabase: at android.os.HandlerThread.run(HandlerThread.java:67)
02-10 17:46:03.191 27415 27415 E ArmVmp : Match on catch block at 0xc3 in for 0x7d337b2025
02-10 17:46:03.194 27415 27415 E ArmVmp : Match on catch block at 0xc3 in for 0x7d337b2025
02-10 17:46:03.211 27415 27415 E ArmVmp : Match on catch block at 0xc3 in for 0x7d337b2025
02-10 17:46:03.214 27415 27415 E ArmVmp : Match on catch block at 0xc3 in for 0x7d337b2025
02-10 17:46:03.234 27415 27415 E ArmVmp : Match on catch block at 0xc3 in for 0x7d337b2025
02-10 17:46:03.237 27415 27415 E ArmVmp : Match on catch block at 0xc3 in for 0x7d337b2025
02-10 17:46:03.307 27415 27484 E OpenGLRenderer: EglManager::makeCurrent mED = 0xb400007c643d48c0, surface = 0x0, mEC = 0xb400007be3106980, error = EGL_SUCCESS
02-10 17:46:03.334 27415 27415 E ArmVmp : Match on catch block at 0xc3 in for 0x7d337b2025
02-10 17:46:03.335 27415 27415 E ArmVmp : Match on catch block at 0xc3 in for 0x7d337b2025
02-10 17:46:03.352 27415 27415 E ArmVmp : Match on catch block at 0xc3 in for 0x7d337b2025
02-10 17:46:03.354 27415 27415 E ArmVmp : Match on catch block at 0xc3 in for 0x7d337b2025
02-10 17:46:03.359 27415 27415 E ArmVmp : Match on catch block at 0xc3 in for 0x7d337b2025
02-10 17:46:03.359 27415 27469 E SQLiteDatabase: Error inserting transferred=0 media_job_uuid=daeeab7c-2a0d-4018-a8a0-43fef3493946 transcoded=0 gif_attribution=0 first_scan_length=13993 direct_path=/v/t62.7118- 24/20121805_1608914562979965_1812926156856491330_n.enc?ccb=11-4&oh=01_AdTT- 7D1yyw13725kSytn3zuFTGc4eNZK4wZsl7XD78n0Q&oe=65EEAD3B&_nc_sid=5e03e0&_nc_hot=170756 1961 thumbnail_height_width_ratio=0.43055555 is_animated_sticker=0 file_hash=mkmPQGgnzPYxmwB7ZMfBaueZxkAX4jJUb4UY6TVvMe4= file_path=null file_size=0 partial_media_hash=+uzaJsfnODOBO/i4UJvyTYJcJfHZDYsI2QXYRD7h90U= face_x=0 face_y=0 height=717 trim_to=0 media_key_timestamp=1707474819000 message_url=https://mmg.whatsapp.net/v/t62.7118- 24/20121805_1608914562979965_1812926156856491330_n.enc?ccb=11-4&oh=01_AdTT- 7D1yyw13725kSytn3zuFTGc4eNZK4wZsl7XD78n0Q&oe=65EEAD3B&_nc_sid=5e03e0&mms3=true media_caption=null trim_from=0 mime_type=image/jpeg partial_media_enc_hash=null width=1600 original_file_hash=null has_streaming_sidecar=1 autotransfer_retry_enabled=1 media_upload_handle=null message_row_id=1498 multicast_id=null enc_file_hash=KhXqerrkR+jLdUj9jWRpAYSsC+/Y1VxyynV0HQifSCo= mute_video=0 page_count=0 first_scan_sidecar=[B@97c0a43 suspicious_content=0 file_length=165634 media_name=null media_duration=0 chat_row_id=152 media_key=[B@7c2f8c0
02-10 17:46:03.359 27415 27469 E SQLiteDatabase: android.database.sqlite.SQLiteConstraintException: UNIQUE constraint failed: message_media.message_row_id (code 1555 SQLITE_CONSTRAINT_PRIMARYKEY)
02-10 17:46:03.359 27415 27469 E SQLiteDatabase: at android.database.sqlite.SQLiteConnection.nativeExecuteForLastInsertedRowId(Native Method)
02-10 17:46:03.359 27415 27469 E SQLiteDatabase: at android.database.sqlite.SQLiteConnection.executeForLastInsertedRowId(SQLiteConnecti on.java:940)
02-10 17:46:03.359 27415 27469 E SQLiteDatabase: at android.database.sqlite.SQLiteSession.executeForLastInsertedRowId(SQLiteSession.jav a:790)
02-10 17:46:03.359 27415 27469 E SQLiteDatabase: at android.database.sqlite.SQLiteStatement.executeInsert(SQLiteStatement.java:89)
02-10 17:46:03.359 27415 27469 E SQLiteDatabase: at android.database.sqlite.SQLiteDatabase.insertWithOnConflict(SQLiteDatabase.java:170 2)
02-10 17:46:03.359 27415 27469 E SQLiteDatabase: at android.database.sqlite.SQLiteDatabase.insert(SQLiteDatabase.java:1571)
02-10 17:46:03.359 27415 27469 E SQLiteDatabase: at X.2tm.A08(Unknown Source:6)
02-10 17:46:03.359 27415 27469 E SQLiteDatabase: at X.35Y.A07(Unknown Source:212)
02-10 17:46:03.359 27415 27469 E SQLiteDatabase: at X.3QF.A14(Unknown Source:470)
02-10 17:46:03.359 27415 27469 E SQLiteDatabase: at X.3gU.run(Unknown Source:982)
02-10 17:46:03.359 27415 27469 E SQLiteDatabase: at android.os.Handler.handleCallback(Handler.java:938)
02-10 17:46:03.359 27415 27469 E SQLiteDatabase: at android.os.Handler.dispatchMessage(Handler.java:99)
02-10 17:46:03.359 27415 27469 E SQLiteDatabase: at X.0zq.dispatchMessage(Unknown Source:4)
02-10 17:46:03.359 27415 27469 E SQLiteDatabase: at android.os.Looper.loopOnce(Looper.java:211)
02-10 17:46:03.359 27415 27469 E SQLiteDatabase: at android.os.Looper.loop(Looper.java:300)
02-10 17:46:03.359 27415 27469 E SQLiteDatabase: at android.os.HandlerThread.run(HandlerThread.java:67)
02-10 17:46:03.362 27415 27415 E ArmVmp : Match on catch block at 0xc3 in for 0x7d337b2025
02-10 17:46:03.374 27415 27415 E ArmVmp : Match on catch block at 0xc3 in for 0x7d337b2025
02-10 17:46:03.377 27415 27415 E ArmVmp : Match on catch block at 0xc3 in for 0x7d337b2025
02-10 17:46:03.391 27415 27415 E ArmVmp : Match on catch block at 0xc3 in for 0x7d337b2025
02-10 17:46:03.393 27415 27415 E ArmVmp : Match on catch block at 0xc3 in for 0x7d337b2025
02-10 17:46:03.407 27415 27415 E ArmVmp : Match on catch block at 0xc3 in for 0x7d337b2025
02-10 17:46:03.410 27415 27415 E ArmVmp : Match on catch block at 0xc3 in for 0x7d337b2025
02-10 17:46:03.425 27415 27415 E ArmVmp : Match on catch block at 0xc3 in for 0x7d337b2025
02-10 17:46:03.428 27415 27415 E ArmVmp : Match on catch block at 0xc3 in for 0x7d337b2025
02-10 17:46:03.440 27415 27415 E ArmVmp : Match on catch block at 0xc3 in for 0x7d337b2025
02-10 17:46:03.443 27415 27415 E ArmVmp : Match on catch block at 0xc3 in for 0x7d337b2025
02-10 17:46:03.485 27415 27415 E ArmVmp : Match on catch block at 0xc3 in for 0x7d337b2025
02-10 17:46:03.488 27415 27415 E ArmVmp : Match on catch block at 0xc3 in for 0x7d337b2025
02-10 17:46:03.501 27415 27415 E ArmVmp : Match on catch block at 0xc3 in for 0x7d337b2025
02-10 17:46:03.503 27415 27415 E ArmVmp : Match on catch block at 0xc3 in for 0x7d337b2025
02-10 17:46:03.528 27415 27415 E ArmVmp : Match on catch block at 0xc3 in for 0x7d337b2025
02-10 17:46:03.531 27415 27415 E ArmVmp : Match on catch block at 0xc3 in for 0x7d337b2025
02-10 17:46:03.540 27415 27415 E ArmVmp : Match on catch block at 0xc3 in for 0x7d337b2025
02-10 17:46:03.543 27415 27415 E ArmVmp : Match on catch block at 0xc3 in for 0x7d337b2025
02-10 17:46:03.557 27415 27415 E ArmVmp : Match on catch block at 0xc3 in for 0x7d337b2025
02-10 17:46:03.559 27415 27415 E ArmVmp : Match on catch block at 0xc3 in for 0x7d337b2025
02-10 17:46:03.574 27415 27415 E ArmVmp : Match on catch block at 0xc3 in for 0x7d337b2025
02-10 17:46:03.577 27415 27415 E ArmVmp : Match on catch block at 0xc3 in for 0x7d337b2025
02-10 17:46:03.591 27415 27415 E ArmVmp : Match on catch block at 0xc3 in for 0x7d337b2025
02-10 17:46:03.594 27415 27415 E ArmVmp : Match on catch block at 0xc3 in for 0x7d337b2025
02-10 17:46:03.607 27415 27415 E ArmVmp : Match on catch block at 0xc3 in for 0x7d337b2025
02-10 17:46:03.610 27415 27415 E ArmVmp : Match on catch block at 0xc3 in for 0x7d337b2025
02-10 17:46:03.624 27415 27415 E ArmVmp : Match on catch block at 0xc3 in for 0x7d337b2025
02-10 17:46:03.627 27415 27415 E ArmVmp : Match on catch block at 0xc3 in for 0x7d337b2025
02-10 17:46:03.641 27415 27415 E ArmVmp : Match on catch block at 0xc3 in for 0x7d337b2025
02-10 17:46:03.644 27415 27415 E ArmVmp : Match on catch block at 0xc3 in for 0x7d337b2025
02-10 17:46:03.658 27415 27415 E ArmVmp : Match on catch block at 0xc3 in for 0x7d337b2025
02-10 17:46:03.661 27415 27415 E ArmVmp : Match on catch block at 0xc3 in for 0x7d337b2025
02-10 17:46:03.674 27415 27415 E ArmVmp : Match on catch block at 0xc3 in for 0x7d337b2025
02-10 17:46:03.677 27415 27415 E ArmVmp : Match on catch block at 0xc3 in for 0x7d337b2025
02-10 17:46:03.691 27415 27415 E ArmVmp : Match on catch block at 0xc3 in for 0x7d337b2025
02-10 17:46:03.694 27415 27415 E ArmVmp : Match on catch block at 0xc3 in for 0x7d337b2025
02-10 17:46:03.707 27415 27415 E ArmVmp : Match on catch block at 0xc3 in for 0x7d337b2025
02-10 17:46:03.711 27415 27415 E ArmVmp : Match on catch block at 0xc3 in for 0x7d337b2025
02-10 17:46:03.724 27415 27415 E ArmVmp : Match on catch block at 0xc3 in for 0x7d337b2025
02-10 17:46:03.728 27415 27415 E ArmVmp : Match on catch block at 0xc3 in for 0x7d337b2025
02-10 17:46:03.741 27415 27415 E ArmVmp : Match on catch block at 0xc3 in for 0x7d337b2025
02-10 17:46:03.744 27415 27415 E ArmVmp : Match on catch block at 0xc3 in for 0x7d337b2025
02-10 17:46:03.772 27415 27415 E ArmVmp : Match on catch block at 0xc3 in for 0x7d337b2025
02-10 17:46:03.774 27415 27415 E ArmVmp : Match on catch block at 0xc3 in for 0x7d337b2025
02-10 17:46:03.783 27415 27415 E ArmVmp : Match on catch block at 0xc3 in for 0x7d337b2025
02-10 17:46:03.785 27415 27415 E ArmVmp : Match on catch block at 0xc3 in for 0x7d337b2025
02-10 17:46:03.795 27415 27415 E ArmVmp : Match on catch block at 0xc3 in for 0x7d337b2025
02-10 17:46:03.797 27415 27415 E ArmVmp : Match on catch block at 0xc3 in for 0x7d337b2025
02-10 17:46:03.808 27415 27415 E ArmVmp : Match on catch block at 0xc3 in for 0x7d337b2025
02-10 17:46:03.810 27415 27415 E ArmVmp : Match on catch block at 0xc3 in for 0x7d337b2025
02-10 17:46:03.827 27415 27415 E ArmVmp : Match on catch block at 0xc3 in for 0x7d337b2025
02-10 17:46:03.830 27415 27415 E ArmVmp : Match on catch block at 0xc3 in for 0x7d337b2025
02-10 17:46:03.841 27415 27415 E ArmVmp : Match on catch block at 0xc3 in for 0x7d337b2025
02-10 17:46:03.842 27415 27415 E ArmVmp : Match on catch block at 0xc3 in for 0x7d337b2025
02-10 17:46:03.857 27415 27415 E ArmVmp : Match on catch block at 0xc3 in for 0x7d337b2025
02-10 17:46:03.859 27415 27415 E ArmVmp : Match on catch block at 0xc3 in for 0x7d337b2025
02-10 17:46:03.874 27415 27415 E ArmVmp : Match on catch block at 0xc3 in for 0x7d337b2025
02-10 17:46:03.876 27415 27415 E ArmVmp : Match on catch block at 0xc3 in for 0x7d337b2025
02-10 17:46:03.891 27415 27415 E ArmVmp : Match on catch block at 0xc3 in for 0x7d337b2025
02-10 17:46:03.893 27415 27415 E ArmVmp : Match on catch block at 0xc3 in for 0x7d337b2025
02-10 17:46:03.906 27415 27415 E ArmVmp : Match on catch block at 0xc3 in for 0x7d337b2025
02-10 17:46:03.909 27415 27415 E ArmVmp : Match on catch block at 0xc3 in for 0x7d337b2025
02-10 17:46:03.923 27415 27415 E ArmVmp : Match on catch block at 0xc3 in for 0x7d337b2025
02-10 17:46:03.925 27415 27415 E ArmVmp : Match on catch block at 0xc3 in for 0x7d337b2025
02-10 17:46:03.940 27415 27415 E ArmVmp : Match on catch block at 0xc3 in for 0x7d337b2025
02-10 17:46:03.941 27415 27415 E ArmVmp : Match on catch block at 0xc3 in for 0x7d337b2025
02-10 17:46:03.956 27415 27415 E ArmVmp : Match on catch block at 0xc3 in for 0x7d337b2025
02-10 17:46:03.958 27415 27415 E ArmVmp : Match on catch block at 0xc3 in for 0x7d337b2025
02-10 17:46:03.973 27415 27415 E ArmVmp : Match on catch block at 0xc3 in for 0x7d337b2025
02-10 17:46:03.975 27415 27415 E ArmVmp : Match on catch block at 0xc3 in for 0x7d337b2025
02-10 17:46:03.990 27415 27415 E ArmVmp : Match on catch block at 0xc3 in for 0x7d337b2025
02-10 17:46:03.992 27415 27415 E ArmVmp : Match on catch block at 0xc3 in for 0x7d337b2025
02-10 17:46:04.006 27415 27415 E ArmVmp : Match on catch block at 0xc3 in for 0x7d337b2025
02-10 17:46:04.008 27415 27415 E ArmVmp : Match on catch block at 0xc3 in for 0x7d337b2025
02-10 17:46:04.023 27415 27415 E ArmVmp : Match on catch block at 0xc3 in for 0x7d337b2025
02-10 17:46:04.025 27415 27415 E ArmVmp : Match on catch block at 0xc3 in for 0x7d337b2025
02-10 17:46:04.054 27415 27415 E ArmVmp : Match on catch block at 0xc3 in for 0x7d337b2025
02-10 17:46:04.056 27415 27415 E ArmVmp : Match on catch block at 0xc3 in for 0x7d337b2025
02-10 17:46:04.065 27415 27415 E ArmVmp : Match on catch block at 0xc3 in for 0x7d337b2025
02-10 17:46:04.066 27415 27415 E ArmVmp : Match on catch block at 0xc3 in for 0x7d337b2025
02-10 17:46:04.076 27415 27415 E ArmVmp : Match on catch block at 0xc3 in for 0x7d337b2025
02-10 17:46:04.077 27415 27415 E ArmVmp : Match on catch block at 0xc3 in for 0x7d337b2025
02-10 17:46:04.090 27415 27415 E ArmVmp : Match on catch block at 0xc3 in for 0x7d337b2025
02-10 17:46:04.091 27415 27415 E ArmVmp : Match on catch block at 0xc3 in for 0x7d337b2025
02-10 17:46:04.106 27415 27415 E ArmVmp : Match on catch block at 0xc3 in for 0x7d337b2025
02-10 17:46:04.108 27415 27415 E ArmVmp : Match on catch block at 0xc3 in for 0x7d337b2025
02-10 17:46:04.123 27415 27415 E ArmVmp : Match on catch block at 0xc3 in for 0x7d337b2025
02-10 17:46:04.125 27415 27415 E ArmVmp : Match on catch block at 0xc3 in for 0x7d337b2025
02-10 17:46:04.140 27415 27415 E ArmVmp : Match on catch block at 0xc3 in for 0x7d337b2025
02-10 17:46:04.142 27415 27415 E ArmVmp : Match on catch block at 0xc3 in for 0x7d337b2025
02-10 17:46:04.156 27415 27415 E ArmVmp : Match on catch block at 0xc3 in for 0x7d337b2025
02-10 17:46:04.158 27415 27415 E ArmVmp : Match on catch block at 0xc3 in for 0x7d337b2025
02-10 17:46:04.173 27415 27415 E ArmVmp : Match on catch block at 0xc3 in for 0x7d337b2025
02-10 17:46:04.174 27415 27415 E ArmVmp : Match on catch block at 0xc3 in for 0x7d337b2025
02-10 17:46:04.190 27415 27415 E ArmVmp : Match on catch block at 0xc3 in for 0x7d337b2025
02-10 17:46:04.191 27415 27415 E ArmVmp : Match on catch block at 0xc3 in for 0x7d337b2025
02-10 17:46:04.206 27415 27415 E ArmVmp : Match on catch block at 0xc3 in for 0x7d337b2025
02-10 17:46:04.208 27415 27415 E ArmVmp : Match on catch block at 0xc3 in for 0x7d337b2025
02-10 17:46:04.223 27415 27415 E ArmVmp : Match on catch block at 0xc3 in for 0x7d337b2025
02-10 17:46:04.224 27415 27415 E ArmVmp : Match on catch block at 0xc3 in for 0x7d337b2025
02-10 17:46:04.240 27415 27415 E ArmVmp : Match on catch block at 0xc3 in for 0x7d337b2025
02-10 17:46:04.241 27415 27415 E ArmVmp : Match on catch block at 0xc3 in for 0x7d337b2025
02-10 17:46:04.257 27415 27415 E ArmVmp : Match on catch block at 0xc3 in for 0x7d337b2025
02-10 17:46:04.259 27415 27415 E ArmVmp : Match on catch block at 0xc3 in for 0x7d337b2025
02-10 17:46:04.273 27415 27415 E ArmVmp : Match on catch block at 0xc3 in for 0x7d337b2025
02-10 17:46:04.276 27415 27415 E ArmVmp : Match on catch block at 0xc3 in for 0x7d337b2025
02-10 17:46:04.291 27415 27415 E ArmVmp : Match on catch block at 0xc3 in for 0x7d337b2025
02-10 17:46:04.293 27415 27415 E ArmVmp : Match on catch block at 0xc3 in for 0x7d337b2025
02-10 17:46:04.307 27415 27415 E ArmVmp : Match on catch block at 0xc3 in for 0x7d337b2025
02-10 17:46:04.309 27415 27415 E ArmVmp : Match on catch block at 0xc3 in for 0x7d337b2025
02-10 17:46:04.323 27415 27415 E ArmVmp : Match on catch block at 0xc3 in for 0x7d337b2025
02-10 17:46:04.325 27415 27415 E ArmVmp : Match on catch block at 0xc3 in for 0x7d337b2025
02-10 17:46:04.340 27415 27415 E ArmVmp : Match on catch block at 0xc3 in for 0x7d337b2025
02-10 17:46:04.343 27415 27415 E ArmVmp : Match on catch block at 0xc3 in for 0x7d337b2025
02-10 17:46:04.356 27415 27578 W com.mbwhatsapp: Accessing hidden method Landroid/app/MiuiNotification;-><init>()V (blocked, reflection, denied)
02-10 17:46:04.357 27415 27415 E ArmVmp : Match on catch block at 0xc3 in for 0x7d337b2025
02-10 17:46:04.359 27415 27415 E ArmVmp : Match on catch block at 0xc3 in for 0x7d337b2025
02-10 17:46:04.391 27415 27415 E ArmVmp : Match on catch block at 0xc3 in for 0x7d337b2025
02-10 17:46:04.394 27415 27415 E ArmVmp : Match on catch block at 0xc3 in for 0x7d337b2025
02-10 17:46:04.873 27415 27415 E ArmVmp : Match on catch block at 0xc3 in for 0x7d337b2025
02-10 17:46:04.876 27415 27415 E ArmVmp : Match on catch block at 0xc3 in for 0x7d337b2025
02-10 17:46:05.373 27415 27415 E ArmVmp : Match on catch block at 0xc3 in for 0x7d337b2025
02-10 17:46:05.375 27415 27415 E ArmVmp : Match on catch block at 0xc3 in for 0x7d337b2025
02-10 17:46:05.691 27415 27415 E ArmVmp : Match on catch block at 0xc3 in for 0x7d337b2025
02-10 17:46:05.694 27415 27415 E ArmVmp : Match on catch block at 0xc3 in for 0x7d337b2025
02-10 17:46:05.708 27415 27415 E ArmVmp : Match on catch block at 0xc3 in for 0x7d337b2025
02-10 17:46:05.710 27415 27415 E ArmVmp : Match on catch block at 0xc3 in for 0x7d337b2025
02-10 17:46:05.724 27415 27415 E ArmVmp : Match on catch block at 0xc3 in for 0x7d337b2025
02-10 17:46:05.726 27415 27415 E ArmVmp : Match on catch block at 0xc3 in for 0x7d337b2025
02-10 17:46:05.740 27415 27415 E ArmVmp : Match on catch block at 0xc3 in for 0x7d337b2025
02-10 17:46:05.742 27415 27415 E ArmVmp : Match on catch block at 0xc3 in for 0x7d337b2025
02-10 17:46:05.756 27415 27415 E ArmVmp : Match on catch block at 0xc3 in for 0x7d337b2025
02-10 17:46:05.759 27415 27415 E ArmVmp : Match on catch block at 0xc3 in for 0x7d337b2025
02-10 17:46:05.773 27415 27415 E ArmVmp : Match on catch block at 0xc3 in for 0x7d337b2025
02-10 17:46:05.775 27415 27415 E ArmVmp : Match on catch block at 0xc3 in for 0x7d337b2025
02-10 17:46:05.789 27415 27415 E ArmVmp : Match on catch block at 0xc3 in for 0x7d337b2025
02-10 17:46:05.792 27415 27415 E ArmVmp : Match on catch block at 0xc3 in for 0x7d337b2025
02-10 17:46:05.806 27415 27415 E ArmVmp : Match on catch block at 0xc3 in for 0x7d337b2025
02-10 17:46:05.808 27415 27415 E ArmVmp : Match on catch block at 0xc3 in for 0x7d337b2025
02-10 17:46:05.822 27415 27415 E ArmVmp : Match on catch block at 0xc3 in for 0x7d337b2025
02-10 17:46:05.825 27415 27415 E ArmVmp : Match on catch block at 0xc3 in for 0x7d337b2025
02-10 17:46:05.839 27415 27415 E ArmVmp : Match on catch block at 0xc3 in for 0x7d337b2025
02-10 17:46:05.841 27415 27415 E ArmVmp : Match on catch block at 0xc3 in for 0x7d337b2025
02-10 17:46:05.856 27415 27415 E ArmVmp : Match on catch block at 0xc3 in for 0x7d337b2025
02-10 17:46:05.858 27415 27415 E ArmVmp : Match on catch block at 0xc3 in for 0x7d337b2025
02-10 17:46:05.872 27415 27415 E ArmVmp : Match on catch block at 0xc3 in for 0x7d337b2025
02-10 17:46:05.875 27415 27415 E ArmVmp : Match on catch block at 0xc3 in for 0x7d337b2025
02-10 17:46:05.889 27415 27415 E ArmVmp : Match on catch block at 0xc3 in for 0x7d337b2025
02-10 17:46:05.891 27415 27415 E ArmVmp : Match on catch block at 0xc3 in for 0x7d337b2025
02-10 17:46:05.906 27415 27415 E ArmVmp : Match on catch block at 0xc3 in for 0x7d337b2025
02-10 17:46:05.908 27415 27415 E ArmVmp : Match on catch block at 0xc3 in for 0x7d337b2025
02-10 17:46:05.922 27415 27415 E ArmVmp : Match on catch block at 0xc3 in for 0x7d337b2025
02-10 17:46:05.924 27415 27415 E ArmVmp : Match on catch block at 0xc3 in for 0x7d337b2025
02-10 17:46:05.939 27415 27415 E ArmVmp : Match on catch block at 0xc3 in for 0x7d337b2025
02-10 17:46:05.941 27415 27415 E ArmVmp : Match on catch block at 0xc3 in for 0x7d337b2025
02-10 17:46:06.039 27415 27415 E ArmVmp : Match on catch block at 0xc3 in for 0x7d337b2025
02-10 17:46:06.042 27415 27415 E ArmVmp : Match on catch block at 0xc3 in for 0x7d337b2025
