02-10 17:51:16.615 29718 29718 E ArmVmp : Match on catch block at 0xc3 in for 0x7d337b2025
02-10 17:51:16.616 29718 29718 E ArmVmp : Match on catch block at 0xc3 in for 0x7d337b2025
02-10 17:51:16.629 29718 29718 E ArmVmp : Match on catch block at 0xc3 in for 0x7d337b2025
02-10 17:51:16.632 29718 29718 E ArmVmp : Match on catch block at 0xc3 in for 0x7d337b2025
02-10 17:51:16.633 29718 29718 E ArmVmp : Match on catch block at 0xc3 in for 0x7d337b2025
02-10 17:51:16.646 29718 29718 E ArmVmp : Match on catch block at 0xc3 in for 0x7d337b2025
02-10 17:51:16.648 29718 29718 E ArmVmp : Match on catch block at 0xc3 in for 0x7d337b2025
02-10 17:51:16.650 29718 29718 E ArmVmp : Match on catch block at 0xc3 in for 0x7d337b2025
02-10 17:51:16.662 29718 29718 E ArmVmp : Match on catch block at 0xc3 in for 0x7d337b2025
02-10 17:51:16.665 29718 29718 E ArmVmp : Match on catch block at 0xc3 in for 0x7d337b2025
02-10 17:51:16.666 29718 29718 E ArmVmp : Match on catch block at 0xc3 in for 0x7d337b2025
02-10 17:51:16.679 29718 29718 E ArmVmp : Match on catch block at 0xc3 in for 0x7d337b2025
02-10 17:51:16.681 29718 29718 E ArmVmp : Match on catch block at 0xc3 in for 0x7d337b2025
02-10 17:51:16.683 29718 29718 E ArmVmp : Match on catch block at 0xc3 in for 0x7d337b2025
02-10 17:51:16.696 29718 29718 E ArmVmp : Match on catch block at 0xc3 in for 0x7d337b2025
02-10 17:51:16.698 29718 29718 E ArmVmp : Match on catch block at 0xc3 in for 0x7d337b2025
02-10 17:51:16.700 29718 29718 E ArmVmp : Match on catch block at 0xc3 in for 0x7d337b2025
02-10 17:51:16.712 29718 29718 E ArmVmp : Match on catch block at 0xc3 in for 0x7d337b2025
02-10 17:51:16.715 29718 29718 E ArmVmp : Match on catch block at 0xc3 in for 0x7d337b2025
02-10 17:51:16.717 29718 29718 E ArmVmp : Match on catch block at 0xc3 in for 0x7d337b2025
02-10 17:51:16.747 29718 29718 E ArmVmp : Match on catch block at 0xc3 in for 0x7d337b2025
02-10 17:51:16.749 29718 29718 E ArmVmp : Match on catch block at 0xc3 in for 0x7d337b2025
02-10 17:51:16.769 29718 29718 E ArmVmp : Match on catch block at 0xc3 in for 0x7d337b2025
02-10 17:51:16.771 29718 29718 E ArmVmp : Match on catch block at 0xc3 in for 0x7d337b2025
02-10 17:51:16.778 29718 29718 E ArmVmp : Match on catch block at 0xc3 in for 0x7d337b2025
02-10 17:51:16.781 29718 29718 E ArmVmp : Match on catch block at 0xc3 in for 0x7d337b2025
02-10 17:51:16.795 29718 29718 E ArmVmp : Match on catch block at 0xc3 in for 0x7d337b2025
02-10 17:51:16.798 29718 29718 E ArmVmp : Match on catch block at 0xc3 in for 0x7d337b2025
02-10 17:51:16.812 29718 29718 E ArmVmp : Match on catch block at 0xc3 in for 0x7d337b2025
02-10 17:51:16.815 29718 29718 E ArmVmp : Match on catch block at 0xc3 in for 0x7d337b2025
02-10 17:51:16.829 29718 29718 E ArmVmp : Match on catch block at 0xc3 in for 0x7d337b2025
02-10 17:51:16.832 29718 29718 E ArmVmp : Match on catch block at 0xc3 in for 0x7d337b2025
02-10 17:51:16.835 29718 29718 E ArmVmp : Match on catch block at 0xc3 in for 0x7d337b2025
02-10 17:51:16.846 29718 29718 E ArmVmp : Match on catch block at 0xc3 in for 0x7d337b2025
02-10 17:51:16.849 29718 29718 E ArmVmp : Match on catch block at 0xc3 in for 0x7d337b2025
02-10 17:51:16.852 29718 29718 E ArmVmp : Match on catch block at 0xc3 in for 0x7d337b2025
02-10 17:51:16.862 29718 29718 E ArmVmp : Match on catch block at 0xc3 in for 0x7d337b2025
02-10 17:51:16.865 29718 29718 E ArmVmp : Match on catch block at 0xc3 in for 0x7d337b2025
02-10 17:51:16.869 29718 29718 E ArmVmp : Match on catch block at 0xc3 in for 0x7d337b2025
02-10 17:51:16.879 29718 29718 E ArmVmp : Match on catch block at 0xc3 in for 0x7d337b2025
02-10 17:51:16.883 29718 29718 E ArmVmp : Match on catch block at 0xc3 in for 0x7d337b2025
02-10 17:51:16.885 29718 29718 E ArmVmp : Match on catch block at 0xc3 in for 0x7d337b2025
02-10 17:51:16.896 29718 29718 E ArmVmp : Match on catch block at 0xc3 in for 0x7d337b2025
02-10 17:51:16.900 29718 29718 E ArmVmp : Match on catch block at 0xc3 in for 0x7d337b2025
02-10 17:51:16.903 29718 29718 E ArmVmp : Match on catch block at 0xc3 in for 0x7d337b2025
02-10 17:51:16.913 29718 29718 E ArmVmp : Match on catch block at 0xc3 in for 0x7d337b2025
02-10 17:51:16.916 29718 29718 E ArmVmp : Match on catch block at 0xc3 in for 0x7d337b2025
02-10 17:51:16.919 29718 29718 E ArmVmp : Match on catch block at 0xc3 in for 0x7d337b2025
02-10 17:51:16.929 29718 29718 E ArmVmp : Match on catch block at 0xc3 in for 0x7d337b2025
02-10 17:51:16.933 29718 29718 E ArmVmp : Match on catch block at 0xc3 in for 0x7d337b2025
02-10 17:51:16.936 29718 29718 E ArmVmp : Match on catch block at 0xc3 in for 0x7d337b2025
02-10 17:51:16.947 29718 29718 E ArmVmp : Match on catch block at 0xc3 in for 0x7d337b2025
02-10 17:51:16.950 29718 29718 E ArmVmp : Match on catch block at 0xc3 in for 0x7d337b2025
02-10 17:51:16.952 29718 29718 E ArmVmp : Match on catch block at 0xc3 in for 0x7d337b2025
02-10 17:51:16.963 29718 29718 E ArmVmp : Match on catch block at 0xc3 in for 0x7d337b2025
02-10 17:51:16.967 29718 29718 E ArmVmp : Match on catch block at 0xc3 in for 0x7d337b2025
02-10 17:51:16.970 29718 29718 E ArmVmp : Match on catch block at 0xc3 in for 0x7d337b2025
02-10 17:51:16.994 29718 29718 E ArmVmp : Match on catch block at 0xc3 in for 0x7d337b2025
02-10 17:51:16.998 29718 29718 E ArmVmp : Match on catch block at 0xc3 in for 0x7d337b2025
02-10 17:51:17.002 29718 29718 E ArmVmp : Match on catch block at 0xc3 in for 0x7d337b2025
02-10 17:51:17.012 29718 29718 E ArmVmp : Match on catch block at 0xc3 in for 0x7d337b2025
02-10 17:51:17.015 29718 29718 E ArmVmp : Match on catch block at 0xc3 in for 0x7d337b2025
02-10 17:51:17.018 29718 29718 E ArmVmp : Match on catch block at 0xc3 in for 0x7d337b2025
02-10 17:51:17.114 29718 29718 E ArmVmp : Match on catch block at 0xc3 in for 0x7d337b2025
02-10 17:51:17.118 29718 29718 E ArmVmp : Match on catch block at 0xc3 in for 0x7d337b2025
02-10 17:51:17.121 29718 29718 E ArmVmp : Match on catch block at 0xc3 in for 0x7d337b2025
02-10 17:51:17.162 29718 29844 W com.mbwhatsapp: Accessing hidden method Landroid/app/MiuiNotification;-><init>()V (blocked, reflection, denied)
02-10 17:51:17.435 29718 29844 W com.mbwhatsapp: Accessing hidden method Landroid/app/MiuiNotification;-><init>()V (blocked, reflection, denied)
02-10 17:51:17.504 29718 29844 W com.mbwhatsapp: Accessing hidden method Landroid/app/MiuiNotification;-><init>()V (blocked, reflection, denied)
02-10 17:51:17.614 29718 29718 E ArmVmp : Match on catch block at 0xc3 in for 0x7d337b2025
02-10 17:51:17.618 29718 29718 E ArmVmp : Match on catch block at 0xc3 in for 0x7d337b2025
02-10 17:51:17.621 29718 29718 E ArmVmp : Match on catch block at 0xc3 in for 0x7d337b2025
02-10 17:51:18.114 29718 29718 E ArmVmp : Match on catch block at 0xc3 in for 0x7d337b2025
02-10 17:51:18.118 29718 29718 E ArmVmp : Match on catch block at 0xc3 in for 0x7d337b2025
02-10 17:51:18.121 29718 29718 E ArmVmp : Match on catch block at 0xc3 in for 0x7d337b2025
02-10 17:51:18.534 29718 29718 E ArmVmp : Match on catch block at 0xc3 in for 0x7d337b2025
02-10 17:51:18.536 29718 29718 E ArmVmp : Match on catch block at 0xc3 in for 0x7d337b2025
02-10 17:51:18.538 29718 29718 E ArmVmp : Match on catch block at 0xc3 in for 0x7d337b2025
02-10 17:51:18.549 29718 29718 E ArmVmp : Match on catch block at 0xc3 in for 0x7d337b2025
02-10 17:51:18.551 29718 29718 E ArmVmp : Match on catch block at 0xc3 in for 0x7d337b2025
02-10 17:51:18.554 29718 29718 E ArmVmp : Match on catch block at 0xc3 in for 0x7d337b2025
02-10 17:51:18.562 29718 29718 E ArmVmp : Match on catch block at 0xc3 in for 0x7d337b2025
02-10 17:51:18.566 29718 29718 E ArmVmp : Match on catch block at 0xc3 in for 0x7d337b2025
02-10 17:51:18.569 29718 29718 E ArmVmp : Match on catch block at 0xc3 in for 0x7d337b2025
02-10 17:51:18.579 29718 29718 E ArmVmp : Match on catch block at 0xc3 in for 0x7d337b2025
02-10 17:51:18.583 29718 29718 E ArmVmp : Match on catch block at 0xc3 in for 0x7d337b2025
02-10 17:51:18.585 29718 29718 E ArmVmp : Match on catch block at 0xc3 in for 0x7d337b2025
02-10 17:51:18.594 29718 29718 E ArmVmp : Match on catch block at 0xc3 in for 0x7d337b2025
02-10 17:51:18.597 29718 29718 E ArmVmp : Match on catch block at 0xc3 in for 0x7d337b2025
02-10 17:51:18.599 29718 29718 E ArmVmp : Match on catch block at 0xc3 in for 0x7d337b2025
02-10 17:51:18.604 29718 29844 W com.mbwhatsapp: Accessing hidden method Landroid/app/MiuiNotification;-><init>()V (blocked, reflection, denied)
02-10 17:51:18.611 29718 29718 E ArmVmp : Match on catch block at 0xc3 in for 0x7d337b2025
02-10 17:51:18.613 29718 29718 E ArmVmp : Match on catch block at 0xc3 in for 0x7d337b2025
02-10 17:51:18.615 29718 29718 E ArmVmp : Match on catch block at 0xc3 in for 0x7d337b2025
02-10 17:51:18.628 29718 29718 E ArmVmp : Match on catch block at 0xc3 in for 0x7d337b2025
02-10 17:51:18.630 29718 29718 E ArmVmp : Match on catch block at 0xc3 in for 0x7d337b2025
02-10 17:51:18.632 29718 29718 E ArmVmp : Match on catch block at 0xc3 in for 0x7d337b2025
02-10 17:51:18.648 29718 29718 E ArmVmp : Match on catch block at 0xc3 in for 0x7d337b2025
02-10 17:51:18.651 29718 29718 E ArmVmp : Match on catch block at 0xc3 in for 0x7d337b2025
02-10 17:51:18.654 29718 29718 E ArmVmp : Match on catch block at 0xc3 in for 0x7d337b2025
02-10 17:51:18.661 29718 29718 E ArmVmp : Match on catch block at 0xc3 in for 0x7d337b2025
02-10 17:51:18.664 29718 29718 E ArmVmp : Match on catch block at 0xc3 in for 0x7d337b2025
02-10 17:51:18.666 29718 29718 E ArmVmp : Match on catch block at 0xc3 in for 0x7d337b2025
02-10 17:51:18.677 29718 29718 E ArmVmp : Match on catch block at 0xc3 in for 0x7d337b2025
02-10 17:51:18.680 29718 29718 E ArmVmp : Match on catch block at 0xc3 in for 0x7d337b2025
02-10 17:51:18.681 29718 29718 E ArmVmp : Match on catch block at 0xc3 in for 0x7d337b2025
02-10 17:51:18.694 29718 29718 E ArmVmp : Match on catch block at 0xc3 in for 0x7d337b2025
02-10 17:51:18.697 29718 29718 E ArmVmp : Match on catch block at 0xc3 in for 0x7d337b2025
02-10 17:51:18.698 29718 29718 E ArmVmp : Match on catch block at 0xc3 in for 0x7d337b2025
02-10 17:51:18.711 29718 29718 E ArmVmp : Match on catch block at 0xc3 in for 0x7d337b2025
02-10 17:51:18.714 29718 29718 E ArmVmp : Match on catch block at 0xc3 in for 0x7d337b2025
02-10 17:51:18.717 29718 29718 E ArmVmp : Match on catch block at 0xc3 in for 0x7d337b2025
02-10 17:51:18.728 29718 29718 E ArmVmp : Match on catch block at 0xc3 in for 0x7d337b2025
02-10 17:51:18.733 29718 29718 E ArmVmp : Match on catch block at 0xc3 in for 0x7d337b2025
02-10 17:51:18.735 29718 29718 E ArmVmp : Match on catch block at 0xc3 in for 0x7d337b2025
02-10 17:51:18.744 29718 29718 E ArmVmp : Match on catch block at 0xc3 in for 0x7d337b2025
02-10 17:51:18.748 29718 29718 E ArmVmp : Match on catch block at 0xc3 in for 0x7d337b2025
02-10 17:51:18.750 29718 29718 E ArmVmp : Match on catch block at 0xc3 in for 0x7d337b2025
02-10 17:51:18.761 29718 29718 E ArmVmp : Match on catch block at 0xc3 in for 0x7d337b2025
02-10 17:51:18.765 29718 29718 E ArmVmp : Match on catch block at 0xc3 in for 0x7d337b2025
02-10 17:51:18.768 29718 29718 E ArmVmp : Match on catch block at 0xc3 in for 0x7d337b2025
02-10 17:51:18.778 29718 29718 E ArmVmp : Match on catch block at 0xc3 in for 0x7d337b2025
02-10 17:51:18.782 29718 29718 E ArmVmp : Match on catch block at 0xc3 in for 0x7d337b2025
02-10 17:51:18.784 29718 29718 E ArmVmp : Match on catch block at 0xc3 in for 0x7d337b2025
02-10 17:51:18.795 29718 29718 E ArmVmp : Match on catch block at 0xc3 in for 0x7d337b2025
02-10 17:51:18.798 29718 29718 E ArmVmp : Match on catch block at 0xc3 in for 0x7d337b2025
02-10 17:51:18.800 29718 29718 E ArmVmp : Match on catch block at 0xc3 in for 0x7d337b2025
02-10 17:51:18.811 29718 29718 E ArmVmp : Match on catch block at 0xc3 in for 0x7d337b2025
02-10 17:51:18.813 29718 29718 E ArmVmp : Match on catch block at 0xc3 in for 0x7d337b2025
02-10 17:51:18.815 29718 29718 E ArmVmp : Match on catch block at 0xc3 in for 0x7d337b2025
02-10 17:51:18.827 29718 29718 E ArmVmp : Match on catch block at 0xc3 in for 0x7d337b2025
02-10 17:51:18.830 29718 29718 E ArmVmp : Match on catch block at 0xc3 in for 0x7d337b2025
02-10 17:51:18.832 29718 29718 E ArmVmp : Match on catch block at 0xc3 in for 0x7d337b2025
02-10 17:51:18.844 29718 29718 E ArmVmp : Match on catch block at 0xc3 in for 0x7d337b2025
02-10 17:51:18.846 29718 29718 E ArmVmp : Match on catch block at 0xc3 in for 0x7d337b2025
02-10 17:51:18.848 29718 29718 E ArmVmp : Match on catch block at 0xc3 in for 0x7d337b2025
02-10 17:51:18.861 29718 29718 E ArmVmp : Match on catch block at 0xc3 in for 0x7d337b2025
02-10 17:51:18.865 29718 29718 E ArmVmp : Match on catch block at 0xc3 in for 0x7d337b2025
02-10 17:51:18.867 29718 29718 E ArmVmp : Match on catch block at 0xc3 in for 0x7d337b2025
02-10 17:51:18.894 29718 29844 W com.mbwhatsapp: Accessing hidden method Landroid/app/MiuiNotification;-><init>()V (blocked, reflection, denied)
02-10 17:51:18.925 29718 29718 E ArmVmp : Match on catch block at 0xc3 in for 0x7d337b2025
02-10 17:51:18.928 29718 29718 E ArmVmp : Match on catch block at 0xc3 in for 0x7d337b2025
02-10 17:51:18.930 29718 29718 E ArmVmp : Match on catch block at 0xc3 in for 0x7d337b2025
02-10 17:51:19.403 29718 29718 E ArmVmp : Match on catch block at 0xc3 in for 0x7d337b2025
02-10 17:51:19.407 29718 29718 E ArmVmp : Match on catch block at 0xc3 in for 0x7d337b2025
02-10 17:51:19.410 29718 29718 E ArmVmp : Match on catch block at 0xc3 in for 0x7d337b2025
02-10 17:51:19.421 29718 29718 E ArmVmp : Match on catch block at 0xc3 in for 0x7d337b2025
02-10 17:51:19.425 29718 29718 E ArmVmp : Match on catch block at 0xc3 in for 0x7d337b2025
02-10 17:51:19.429 29718 29718 E ArmVmp : Match on catch block at 0xc3 in for 0x7d337b2025
02-10 17:51:19.445 29718 29718 E ArmVmp : Match on catch block at 0xc3 in for 0x7d337b2025
02-10 17:51:19.450 29718 29718 E ArmVmp : Match on catch block at 0xc3 in for 0x7d337b2025
02-10 17:51:19.453 29718 29718 E ArmVmp : Match on catch block at 0xc3 in for 0x7d337b2025
02-10 17:51:19.943 29718 29718 E ArmVmp : Match on catch block at 0xc3 in for 0x7d337b2025
02-10 17:51:19.946 29718 29718 E ArmVmp : Match on catch block at 0xc3 in for 0x7d337b2025
02-10 17:51:19.948 29718 29718 E ArmVmp : Match on catch block at 0xc3 in for 0x7d337b2025
02-10 17:51:20.010 29718 29718 E ArmVmp : Match on catch block at 0xc3 in for 0x7d337b2025
02-10 17:51:20.012 29718 29718 E ArmVmp : Match on catch block at 0xc3 in for 0x7d337b2025
02-10 17:51:20.014 29718 29718 E ArmVmp : Match on catch block at 0xc3 in for 0x7d337b2025
02-10 17:51:20.110 29718 29718 E ArmVmp : Match on catch block at 0xc3 in for 0x7d337b2025
02-10 17:51:20.112 29718 29718 E ArmVmp : Match on catch block at 0xc3 in for 0x7d337b2025
02-10 17:51:20.114 29718 29718 E ArmVmp : Match on catch block at 0xc3 in for 0x7d337b2025
02-10 17:51:20.160 29718 29718 E ArmVmp : Match on catch block at 0xc3 in for 0x7d337b2025
02-10 17:51:20.164 29718 29718 E ArmVmp : Match on catch block at 0xc3 in for 0x7d337b2025
02-10 17:51:20.167 29718 29718 E ArmVmp : Match on catch block at 0xc3 in for 0x7d337b2025
02-10 17:51:20.260 29718 29718 E ArmVmp : Match on catch block at 0xc3 in for 0x7d337b2025
02-10 17:51:20.262 29718 29718 E ArmVmp : Match on catch block at 0xc3 in for 0x7d337b2025
02-10 17:51:20.266 29718 29718 E ArmVmp : Match on catch block at 0xc3 in for 0x7d337b2025
02-10 17:51:20.277 29718 29718 E ArmVmp : Match on catch block at 0xc3 in for 0x7d337b2025
02-10 17:51:20.280 29718 29718 E ArmVmp : Match on catch block at 0xc3 in for 0x7d337b2025
02-10 17:51:20.282 29718 29718 E ArmVmp : Match on catch block at 0xc3 in for 0x7d337b2025
02-10 17:51:20.543 29718 29718 E ArmVmp : Match on catch block at 0xc3 in for 0x7d337b2025
02-10 17:51:20.545 29718 29718 E ArmVmp : Match on catch block at 0xc3 in for 0x7d337b2025
02-10 17:51:20.547 29718 29718 E ArmVmp : Match on catch block at 0xc3 in for 0x7d337b2025
02-10 17:51:20.588 29718 29718 E ArmVmp : Match on catch block at 0xc3 in for 0x7d337b2025
02-10 17:51:20.594 29718 29718 E ArmVmp : Match on catch block at 0xc3 in for 0x7d337b2025
02-10 17:51:20.598 29718 29718 E ArmVmp : Match on catch block at 0xc3 in for 0x7d337b2025
02-10 17:51:20.642 29718 29718 E ArmVmp : Match on catch block at 0xc3 in for 0x7d337b2025
02-10 17:51:20.650 29718 29718 E ArmVmp : Match on catch block at 0xc3 in for 0x7d337b2025
02-10 17:51:20.675 29718 29718 E ArmVmp : Match on catch block at 0xc3 in for 0x7d337b2025
02-10 17:51:20.683 29718 29718 E ArmVmp : Match on catch block at 0xc3 in for 0x7d337b2025
02-10 17:51:20.750 29718 29718 E ArmVmp : Match on catch block at 0xc3 in for 0x7d337b2025
02-10 17:51:20.753 29718 29718 E ArmVmp : Match on catch block at 0xc3 in for 0x7d337b2025
02-10 17:51:20.774 29718 29718 E ArmVmp : Match on catch block at 0xc3 in for 0x7d337b2025
02-10 17:51:20.779 29718 29718 E ArmVmp : Match on catch block at 0xc3 in for 0x7d337b2025
02-10 17:51:20.837 29718 29718 E ArmVmp : Match on catch block at 0xc3 in for 0x7d337b2025
02-10 17:51:20.840 29718 29718 E ArmVmp : Match on catch block at 0xc3 in for 0x7d337b2025
02-10 17:51:20.846 29718 29718 E ArmVmp : Match on catch block at 0xc3 in for 0x7d337b2025
02-10 17:51:20.849 29718 29718 E ArmVmp : Match on catch block at 0xc3 in for 0x7d337b2025
02-10 17:51:20.923 29718 29844 W com.mbwhatsapp: Accessing hidden method Landroid/app/MiuiNotification;-><init>()V (blocked, reflection, denied)
02-10 17:51:21.031 29718 29718 E ArmVmp : Match on catch block at 0xc3 in for 0x7d337b2025
02-10 17:51:21.034 29718 29718 E ArmVmp : Match on catch block at 0xc3 in for 0x7d337b2025
02-10 17:51:21.046 29718 29718 E ArmVmp : Match on catch block at 0xc3 in for 0x7d337b2025
02-10 17:51:21.049 29718 29718 E ArmVmp : Match on catch block at 0xc3 in for 0x7d337b2025
02-10 17:51:21.060 29718 29718 E ArmVmp : Match on catch block at 0xc3 in for 0x7d337b2025
02-10 17:51:21.063 29718 29718 E ArmVmp : Match on catch block at 0xc3 in for 0x7d337b2025
02-10 17:51:21.076 29718 29718 E ArmVmp : Match on catch block at 0xc3 in for 0x7d337b2025
02-10 17:51:21.079 29718 29718 E ArmVmp : Match on catch block at 0xc3 in for 0x7d337b2025
02-10 17:51:21.092 29718 29718 E ArmVmp : Match on catch block at 0xc3 in for 0x7d337b2025
02-10 17:51:21.095 29718 29718 E ArmVmp : Match on catch block at 0xc3 in for 0x7d337b2025
02-10 17:51:21.110 29718 29718 E ArmVmp : Match on catch block at 0xc3 in for 0x7d337b2025
02-10 17:51:21.112 29718 29718 E ArmVmp : Match on catch block at 0xc3 in for 0x7d337b2025
02-10 17:51:21.130 29718 29718 E ArmVmp : Match on catch block at 0xc3 in for 0x7d337b2025
02-10 17:51:21.133 29718 29718 E ArmVmp : Match on catch block at 0xc3 in for 0x7d337b2025
02-10 17:51:21.144 29718 29788 W MediaPlayer: Use of stream types is deprecated for operations other than volume control
02-10 17:51:21.144 29718 29788 W MediaPlayer: See the documentation of setAudioStreamType() for what to use instead with android.media.AudioAttributes to qualify your playback use case
02-10 17:51:21.145 29718 29718 E ArmVmp : Match on catch block at 0xc3 in for 0x7d337b2025
02-10 17:51:21.149 29718 29718 E ArmVmp : Match on catch block at 0xc3 in for 0x7d337b2025
02-10 17:51:21.163 29718 29718 E ArmVmp : Match on catch block at 0xc3 in for 0x7d337b2025
02-10 17:51:21.166 29718 29718 E ArmVmp : Match on catch block at 0xc3 in for 0x7d337b2025
02-10 17:51:21.175 29718 29718 E ArmVmp : Match on catch block at 0xc3 in for 0x7d337b2025
02-10 17:51:21.178 29718 29718 E ArmVmp : Match on catch block at 0xc3 in for 0x7d337b2025
02-10 17:51:21.192 29718 29718 E ArmVmp : Match on catch block at 0xc3 in for 0x7d337b2025
02-10 17:51:21.194 29718 29718 E ArmVmp : Match on catch block at 0xc3 in for 0x7d337b2025
02-10 17:51:21.209 29718 29718 E ArmVmp : Match on catch block at 0xc3 in for 0x7d337b2025
02-10 17:51:21.211 29718 29718 E ArmVmp : Match on catch block at 0xc3 in for 0x7d337b2025
02-10 17:51:21.226 29718 29718 E ArmVmp : Match on catch block at 0xc3 in for 0x7d337b2025
02-10 17:51:21.233 29718 29718 E ArmVmp : Match on catch block at 0xc3 in for 0x7d337b2025
02-10 17:51:21.322 29718 29844 W com.mbwhatsapp: Accessing hidden method Landroid/app/MiuiNotification;-><init>()V (blocked, reflection, denied)
02-10 17:51:21.344 29718 29718 E ArmVmp : Match on catch block at 0xc3 in for 0x7d337b2025
02-10 17:51:21.348 29718 29718 E ArmVmp : Match on catch block at 0xc3 in for 0x7d337b2025
02-10 17:51:21.355 29718 29763 E SQLiteDatabase: Error inserting transferred=0 media_job_uuid=9ec7ca4e-6132-4ac8-8697-d77f51849977 transcoded=0 gif_attribution=0 first_scan_length=7947 direct_path=/o1/v/t62.7118-24/f1/m234/up-oil-image-fab5b7c0- b588-4a9c-8150-58f2f3ca0f26?ccb=9- 4&oh=01_AdR2g1v8Qty6zo3XLMsAPMMg68kLPEa22Fg49QSI6gZE6w&oe=65EEABF0&_nc_sid=000000&_ nc_hot=1707562258 thumbnail_height_width_ratio=1.5777777 is_animated_sticker=0 file_hash=OkYMs5C8Ui98MNNzhlqApq6ejQwGzsMovq4x4kHiShA= file_path=null file_size=0 partial_media_hash=npz5On8uS2lxKyECg2zX6AWTX871B6xb8gpPbv+BSWE= face_x=0 face_y=0 height=1134 trim_to=0 media_key_timestamp=1707562245000 message_url=https://mmg.whatsapp.net/o1/v/t62.7118-24/f1/m234/up-oil-image- fab5b7c0-b588-4a9c-8150-58f2f3ca0f26?ccb=9- 4&oh=01_AdR2g1v8Qty6zo3XLMsAPMMg68kLPEa22Fg49QSI6gZE6w&oe=65EEABF0&_nc_sid=000000&m ms3=true media_caption=null trim_from=0 mime_type=image/jpeg partial_media_enc_hash=null width=720 original_file_hash=null has_streaming_sidecar=1 autotransfer_retry_enabled=1 media_upload_handle=null message_row_id=2123 multicast_id=null enc_file_hash=PBkgh23Vd/1oZEIiEdLKOq6dnJXcT9e+pki4wJ3vTgA= mute_video=0 page_count=0 first_scan_sidecar=[B@bdd525d suspicious_content=0 file_length=71431 media_name=null media_duration=0 chat_row_id=156 media_key=[B@d4297d2
02-10 17:51:21.355 29718 29763 E SQLiteDatabase: android.database.sqlite.SQLiteConstraintException: UNIQUE constraint failed: message_media.message_row_id (code 1555 SQLITE_CONSTRAINT_PRIMARYKEY)
02-10 17:51:21.355 29718 29763 E SQLiteDatabase: at android.database.sqlite.SQLiteConnection.nativeExecuteForLastInsertedRowId(Native Method)
02-10 17:51:21.355 29718 29763 E SQLiteDatabase: at android.database.sqlite.SQLiteConnection.executeForLastInsertedRowId(SQLiteConnecti on.java:940)
02-10 17:51:21.355 29718 29763 E SQLiteDatabase: at android.database.sqlite.SQLiteSession.executeForLastInsertedRowId(SQLiteSession.jav a:790)
02-10 17:51:21.355 29718 29763 E SQLiteDatabase: at android.database.sqlite.SQLiteStatement.executeInsert(SQLiteStatement.java:89)
02-10 17:51:21.355 29718 29763 E SQLiteDatabase: at android.database.sqlite.SQLiteDatabase.insertWithOnConflict(SQLiteDatabase.java:170 2)
02-10 17:51:21.355 29718 29763 E SQLiteDatabase: at android.database.sqlite.SQLiteDatabase.insert(SQLiteDatabase.java:1571)
02-10 17:51:21.355 29718 29763 E SQLiteDatabase: at X.2tm.A08(Unknown Source:6)
02-10 17:51:21.355 29718 29763 E SQLiteDatabase: at X.35Y.A07(Unknown Source:212)
02-10 17:51:21.355 29718 29763 E SQLiteDatabase: at X.3QF.A14(Unknown Source:470)
02-10 17:51:21.355 29718 29763 E SQLiteDatabase: at X.3gU.run(Unknown Source:982)
02-10 17:51:21.355 29718 29763 E SQLiteDatabase: at android.os.Handler.handleCallback(Handler.java:938)
02-10 17:51:21.355 29718 29763 E SQLiteDatabase: at android.os.Handler.dispatchMessage(Handler.java:99)
02-10 17:51:21.355 29718 29763 E SQLiteDatabase: at X.0zq.dispatchMessage(Unknown Source:4)
02-10 17:51:21.355 29718 29763 E SQLiteDatabase: at android.os.Looper.loopOnce(Looper.java:211)
02-10 17:51:21.355 29718 29763 E SQLiteDatabase: at android.os.Looper.loop(Looper.java:300)
02-10 17:51:21.355 29718 29763 E SQLiteDatabase: at android.os.HandlerThread.run(HandlerThread.java:67)
02-10 17:51:21.444 29718 29718 E ArmVmp : Match on catch block at 0xc3 in for 0x7d337b2025
02-10 17:51:21.451 29718 29718 E ArmVmp : Match on catch block at 0xc3 in for 0x7d337b2025
02-10 17:51:21.694 29718 29718 E ArmVmp : Match on catch block at 0xc3 in for 0x7d337b2025
02-10 17:51:21.700 29718 29718 E ArmVmp : Match on catch block at 0xc3 in for 0x7d337b2025
02-10 17:51:21.713 29718 29718 E ArmVmp : Match on catch block at 0xc3 in for 0x7d337b2025
02-10 17:51:21.717 29718 29718 E ArmVmp : Match on catch block at 0xc3 in for 0x7d337b2025
02-10 17:51:21.726 29718 29718 E ArmVmp : Match on catch block at 0xc3 in for 0x7d337b2025
02-10 17:51:21.731 29718 29718 E ArmVmp : Match on catch block at 0xc3 in for 0x7d337b2025
02-10 17:51:21.743 29718 29718 E ArmVmp : Match on catch block at 0xc3 in for 0x7d337b2025
02-10 17:51:21.749 29718 29718 E ArmVmp : Match on catch block at 0xc3 in for 0x7d337b2025
02-10 17:51:21.759 29718 29718 E ArmVmp : Match on catch block at 0xc3 in for 0x7d337b2025
02-10 17:51:21.764 29718 29718 E ArmVmp : Match on catch block at 0xc3 in for 0x7d337b2025
02-10 17:51:21.777 29718 29718 E ArmVmp : Match on catch block at 0xc3 in for 0x7d337b2025
02-10 17:51:21.782 29718 29718 E ArmVmp : Match on catch block at 0xc3 in for 0x7d337b2025
02-10 17:51:21.793 29718 29718 E ArmVmp : Match on catch block at 0xc3 in for 0x7d337b2025
02-10 17:51:21.800 29718 29718 E ArmVmp : Match on catch block at 0xc3 in for 0x7d337b2025
02-10 17:51:21.810 29718 29718 E ArmVmp : Match on catch block at 0xc3 in for 0x7d337b2025
02-10 17:51:21.813 29718 29718 E ArmVmp : Match on catch block at 0xc3 in for 0x7d337b2025
02-10 17:51:21.826 29718 29718 E ArmVmp : Match on catch block at 0xc3 in for 0x7d337b2025
02-10 17:51:21.830 29718 29718 E ArmVmp : Match on catch block at 0xc3 in for 0x7d337b2025
02-10 17:51:21.843 29718 29718 E ArmVmp : Match on catch block at 0xc3 in for 0x7d337b2025
02-10 17:51:21.847 29718 29718 E ArmVmp : Match on catch block at 0xc3 in for 0x7d337b2025
02-10 17:51:21.900 29718 29718 E ArmVmp : Match on catch block at 0xc3 in for 0x7d337b2025
02-10 17:51:21.903 29718 29718 E ArmVmp : Match on catch block at 0xc3 in for 0x7d337b2025
02-10 17:51:21.909 29718 29718 E ArmVmp : Match on catch block at 0xc3 in for 0x7d337b2025
02-10 17:51:21.913 29718 29718 E ArmVmp : Match on catch block at 0xc3 in for 0x7d337b2025
02-10 17:51:21.926 29718 29718 E ArmVmp : Match on catch block at 0xc3 in for 0x7d337b2025
02-10 17:51:21.930 29718 29718 E ArmVmp : Match on catch block at 0xc3 in for 0x7d337b2025
02-10 17:51:21.942 29718 29718 E ArmVmp : Match on catch block at 0xc3 in for 0x7d337b2025
02-10 17:51:21.945 29718 29718 E ArmVmp : Match on catch block at 0xc3 in for 0x7d337b2025
02-10 17:51:22.000 29718 29718 E ArmVmp : Match on catch block at 0xc3 in for 0x7d337b2025
02-10 17:51:22.006 29718 29718 E ArmVmp : Match on catch block at 0xc3 in for 0x7d337b2025
02-10 17:51:22.018 29718 29718 E ArmVmp : Match on catch block at 0xc3 in for 0x7d337b2025
02-10 17:51:22.021 29718 29718 E ArmVmp : Match on catch block at 0xc3 in for 0x7d337b2025
02-10 17:51:22.029 29718 29718 E ArmVmp : Match on catch block at 0xc3 in for 0x7d337b2025
02-10 17:51:22.034 29718 29718 E ArmVmp : Match on catch block at 0xc3 in for 0x7d337b2025
02-10 17:51:22.042 29718 29718 E ArmVmp : Match on catch block at 0xc3 in for 0x7d337b2025
02-10 17:51:22.046 29718 29718 E ArmVmp : Match on catch block at 0xc3 in for 0x7d337b2025
02-10 17:51:22.060 29718 29718 E ArmVmp : Match on catch block at 0xc3 in for 0x7d337b2025
02-10 17:51:22.063 29718 29718 E ArmVmp : Match on catch block at 0xc3 in for 0x7d337b2025
02-10 17:51:22.077 29718 29718 E ArmVmp : Match on catch block at 0xc3 in for 0x7d337b2025
02-10 17:51:22.081 29718 29718 E ArmVmp : Match on catch block at 0xc3 in for 0x7d337b2025
02-10 17:51:22.093 29718 29718 E ArmVmp : Match on catch block at 0xc3 in for 0x7d337b2025
02-10 17:51:22.097 29718 29718 E ArmVmp : Match on catch block at 0xc3 in for 0x7d337b2025
02-10 17:51:22.109 29718 29718 E ArmVmp : Match on catch block at 0xc3 in for 0x7d337b2025
02-10 17:51:22.113 29718 29718 E ArmVmp : Match on catch block at 0xc3 in for 0x7d337b2025
02-10 17:51:22.310 29718 29718 E ArmVmp : Match on catch block at 0xc3 in for 0x7d337b2025
02-10 17:51:22.319 29718 29718 E ArmVmp : Match on catch block at 0xc3 in for 0x7d337b2025
02-10 17:51:22.488 29718 29718 E ArmVmp : Match on catch block at 0xc3 in for 0x7d337b2025
02-10 17:51:22.493 29718 29718 E ArmVmp : Match on catch block at 0xc3 in for 0x7d337b2025
02-10 17:51:22.509 29718 29718 E ArmVmp : Match on catch block at 0xc3 in for 0x7d337b2025
02-10 17:51:22.517 29718 29718 E ArmVmp : Match on catch block at 0xc3 in for 0x7d337b2025
02-10 17:51:22.598 29718 29718 E ArmVmp : Match on catch block at 0xc3 in for 0x7d337b2025
02-10 17:51:22.601 29718 29718 E ArmVmp : Match on catch block at 0xc3 in for 0x7d337b2025
02-10 17:51:22.613 29718 29718 E ArmVmp : Match on catch block at 0xc3 in for 0x7d337b2025
02-10 17:51:22.616 29718 29718 E ArmVmp : Match on catch block at 0xc3 in for 0x7d337b2025
02-10 17:51:22.629 29718 29718 E ArmVmp : Match on catch block at 0xc3 in for 0x7d337b2025
02-10 17:51:22.632 29718 29718 E ArmVmp : Match on catch block at 0xc3 in for 0x7d337b2025
02-10 17:51:22.677 29718 29718 E ArmVmp : Match on catch block at 0xc3 in for 0x7d337b2025
02-10 17:51:22.682 29718 29718 E ArmVmp : Match on catch block at 0xc3 in for 0x7d337b2025
02-10 17:51:22.910 29718 29718 E ArmVmp : Match on catch block at 0xc3 in for 0x7d337b2025
02-10 17:51:22.914 29718 29718 E ArmVmp : Match on catch block at 0xc3 in for 0x7d337b2025
02-10 17:51:23.075 29718 29718 E ArmVmp : Match on catch block at 0xc3 in for 0x7d337b2025
02-10 17:51:23.077 29718 29718 E ArmVmp : Match on catch block at 0xc3 in for 0x7d337b2025
02-10 17:51:23.181 29718 29718 E ArmVmp : Match on catch block at 0xc3 in for 0x7d337b2025
02-10 17:51:23.184 29718 29718 E ArmVmp : Match on catch block at 0xc3 in for 0x7d337b2025
02-10 17:51:23.276 29718 29718 E ArmVmp : Match on catch block at 0xc3 in for 0x7d337b2025
02-10 17:51:23.284 29718 29718 E ArmVmp : Match on catch block at 0xc3 in for 0x7d337b2025
02-10 17:51:23.443 29718 29718 E ArmVmp : Match on catch block at 0xc3 in for 0x7d337b2025
02-10 17:51:23.449 29718 29718 E ArmVmp : Match on catch block at 0xc3 in for 0x7d337b2025
02-10 17:51:23.607 29718 29844 W com.mbwhatsapp: Accessing hidden method Landroid/app/MiuiNotification;-><init>()V (blocked, reflection, denied)
02-10 17:51:23.944 29718 29718 E ArmVmp : Match on catch block at 0xc3 in for 0x7d337b2025
02-10 17:51:23.953 29718 29718 E ArmVmp : Match on catch block at 0xc3 in for 0x7d337b2025
02-10 17:51:23.998 29718 29718 E ArmVmp : Match on catch block at 0xc3 in for 0x7d337b2025
02-10 17:51:24.003 29718 29718 E ArmVmp : Match on catch block at 0xc3 in for 0x7d337b2025
02-10 17:51:24.012 29718 29718 E ArmVmp : Match on catch block at 0xc3 in for 0x7d337b2025
02-10 17:51:24.015 29718 29718 E ArmVmp : Match on catch block at 0xc3 in for 0x7d337b2025
02-10 17:51:24.026 29718 29718 E ArmVmp : Match on catch block at 0xc3 in for 0x7d337b2025
02-10 17:51:24.030 29718 29718 E ArmVmp : Match on catch block at 0xc3 in for 0x7d337b2025
02-10 17:51:24.042 29718 29718 E ArmVmp : Match on catch block at 0xc3 in for 0x7d337b2025
02-10 17:51:24.046 29718 29718 E ArmVmp : Match on catch block at 0xc3 in for 0x7d337b2025
02-10 17:51:24.063 29718 29718 E ArmVmp : Match on catch block at 0xc3 in for 0x7d337b2025
02-10 17:51:24.070 29718 29718 E ArmVmp : Match on catch block at 0xc3 in for 0x7d337b2025
02-10 17:51:24.092 29718 29718 E ArmVmp : Match on catch block at 0xc3 in for 0x7d337b2025
02-10 17:51:24.099 29718 29718 E ArmVmp : Match on catch block at 0xc3 in for 0x7d337b2025
02-10 17:51:24.131 29718 29844 W com.mbwhatsapp: Accessing hidden method Landroid/app/MiuiNotification;-><init>()V (blocked, reflection, denied)
02-10 17:51:24.158 29718 29718 E ArmVmp : Match on catch block at 0xc3 in for 0x7d337b2025
02-10 17:51:24.164 29718 29718 E ArmVmp : Match on catch block at 0xc3 in for 0x7d337b2025
02-10 17:51:24.178 29718 29718 E ArmVmp : Match on catch block at 0xc3 in for 0x7d337b2025
02-10 17:51:24.185 29718 29718 E ArmVmp : Match on catch block at 0xc3 in for 0x7d337b2025
02-10 17:51:24.209 29718 29718 E ArmVmp : Match on catch block at 0xc3 in for 0x7d337b2025
02-10 17:51:24.213 29718 29718 E ArmVmp : Match on catch block at 0xc3 in for 0x7d337b2025
02-10 17:51:24.293 29718 29718 E ArmVmp : Match on catch block at 0xc3 in for 0x7d337b2025
02-10 17:51:24.299 29718 29718 E ArmVmp : Match on catch block at 0xc3 in for 0x7d337b2025
02-10 17:51:24.315 29718 29718 E ArmVmp : Match on catch block at 0xc3 in for 0x7d337b2025
02-10 17:51:24.321 29718 29718 E ArmVmp : Match on catch block at 0xc3 in for 0x7d337b2025
02-10 17:51:24.342 29718 29718 E ArmVmp : Match on catch block at 0xc3 in for 0x7d337b2025
02-10 17:51:24.346 29718 29718 E ArmVmp : Match on catch block at 0xc3 in for 0x7d337b2025
02-10 17:51:24.359 29718 29718 E ArmVmp : Match on catch block at 0xc3 in for 0x7d337b2025
02-10 17:51:24.364 29718 29718 E ArmVmp : Match on catch block at 0xc3 in for 0x7d337b2025
02-10 17:51:24.375 29718 29718 E ArmVmp : Match on catch block at 0xc3 in for 0x7d337b2025
02-10 17:51:24.381 29718 29718 E ArmVmp : Match on catch block at 0xc3 in for 0x7d337b2025
02-10 17:51:24.397 29718 29718 E ArmVmp : Match on catch block at 0xc3 in for 0x7d337b2025
02-10 17:51:24.402 29718 29718 E ArmVmp : Match on catch block at 0xc3 in for 0x7d337b2025
02-10 17:51:24.411 29718 29718 E ArmVmp : Match on catch block at 0xc3 in for 0x7d337b2025
02-10 17:51:24.419 29718 29718 E ArmVmp : Match on catch block at 0xc3 in for 0x7d337b2025
02-10 17:51:24.426 29718 29718 E ArmVmp : Match on catch block at 0xc3 in for 0x7d337b2025
02-10 17:51:24.430 29718 29718 E ArmVmp : Match on catch block at 0xc3 in for 0x7d337b2025
02-10 17:51:24.442 29718 29718 E ArmVmp : Match on catch block at 0xc3 in for 0x7d337b2025
02-10 17:51:24.447 29718 29718 E ArmVmp : Match on catch block at 0xc3 in for 0x7d337b2025
02-10 17:51:24.460 29718 29718 E ArmVmp : Match on catch block at 0xc3 in for 0x7d337b2025
02-10 17:51:24.467 29718 29718 E ArmVmp : Match on catch block at 0xc3 in for 0x7d337b2025
02-10 17:51:24.477 29718 29718 E ArmVmp : Match on catch block at 0xc3 in for 0x7d337b2025
02-10 17:51:24.482 29718 29718 E ArmVmp : Match on catch block at 0xc3 in for 0x7d337b2025
02-10 17:51:24.492 29718 29718 E ArmVmp : Match on catch block at 0xc3 in for 0x7d337b2025
02-10 17:51:24.497 29718 29718 E ArmVmp : Match on catch block at 0xc3 in for 0x7d337b2025
02-10 17:51:24.510 29718 29718 E ArmVmp : Match on catch block at 0xc3 in for 0x7d337b2025
02-10 17:51:24.515 29718 29718 E ArmVmp : Match on catch block at 0xc3 in for 0x7d337b2025
02-10 17:51:24.525 29718 29718 E ArmVmp : Match on catch block at 0xc3 in for 0x7d337b2025
02-10 17:51:24.532 29718 29718 E ArmVmp : Match on catch block at 0xc3 in for 0x7d337b2025
02-10 17:51:24.546 29718 29718 E ArmVmp : Match on catch block at 0xc3 in for 0x7d337b2025
02-10 17:51:24.551 29718 29718 E ArmVmp : Match on catch block at 0xc3 in for 0x7d337b2025
02-10 17:51:24.559 29718 29718 E ArmVmp : Match on catch block at 0xc3 in for 0x7d337b2025
02-10 17:51:24.565 29718 29718 E ArmVmp : Match on catch block at 0xc3 in for 0x7d337b2025
02-10 17:51:24.577 29718 29718 E ArmVmp : Match on catch block at 0xc3 in for 0x7d337b2025
02-10 17:51:24.583 29718 29718 E ArmVmp : Match on catch block at 0xc3 in for 0x7d337b2025
02-10 17:51:24.593 29718 29718 E ArmVmp : Match on catch block at 0xc3 in for 0x7d337b2025
02-10 17:51:24.599 29718 29718 E ArmVmp : Match on catch block at 0xc3 in for 0x7d337b2025
02-10 17:51:24.610 29718 29718 E ArmVmp : Match on catch block at 0xc3 in for 0x7d337b2025
02-10 17:51:24.615 29718 29718 E ArmVmp : Match on catch block at 0xc3 in for 0x7d337b2025
02-10 17:51:24.626 29718 29718 E ArmVmp : Match on catch block at 0xc3 in for 0x7d337b2025
02-10 17:51:24.632 29718 29718 E ArmVmp : Match on catch block at 0xc3 in for 0x7d337b2025
02-10 17:51:24.644 29718 29718 E ArmVmp : Match on catch block at 0xc3 in for 0x7d337b2025
02-10 17:51:24.649 29718 29718 E ArmVmp : Match on catch block at 0xc3 in for 0x7d337b2025
02-10 17:51:24.660 29718 29718 E ArmVmp : Match on catch block at 0xc3 in for 0x7d337b2025
02-10 17:51:24.665 29718 29718 E ArmVmp : Match on catch block at 0xc3 in for 0x7d337b2025
02-10 17:51:24.675 29718 29718 E ArmVmp : Match on catch block at 0xc3 in for 0x7d337b2025
02-10 17:51:24.681 29718 29718 E ArmVmp : Match on catch block at 0xc3 in for 0x7d337b2025
02-10 17:51:24.693 29718 29718 E ArmVmp : Match on catch block at 0xc3 in for 0x7d337b2025
02-10 17:51:24.700 29718 29718 E ArmVmp : Match on catch block at 0xc3 in for 0x7d337b2025
02-10 17:51:24.709 29718 29718 E ArmVmp : Match on catch block at 0xc3 in for 0x7d337b2025
02-10 17:51:24.714 29718 29718 E ArmVmp : Match on catch block at 0xc3 in for 0x7d337b2025
02-10 17:51:24.726 29718 29718 E ArmVmp : Match on catch block at 0xc3 in for 0x7d337b2025
02-10 17:51:24.731 29718 29718 E ArmVmp : Match on catch block at 0xc3 in for 0x7d337b2025
02-10 17:51:24.742 29718 29718 E ArmVmp : Match on catch block at 0xc3 in for 0x7d337b2025
02-10 17:51:24.747 29718 29718 E ArmVmp : Match on catch block at 0xc3 in for 0x7d337b2025
02-10 17:51:24.761 29718 29718 E ArmVmp : Match on catch block at 0xc3 in for 0x7d337b2025
02-10 17:51:24.767 29718 29718 E ArmVmp : Match on catch block at 0xc3 in for 0x7d337b2025
02-10 17:51:24.779 29718 29718 E ArmVmp : Match on catch block at 0xc3 in for 0x7d337b2025
02-10 17:51:24.785 29718 29718 E ArmVmp : Match on catch block at 0xc3 in for 0x7d337b2025
02-10 17:51:24.793 29718 29718 E ArmVmp : Match on catch block at 0xc3 in for 0x7d337b2025
02-10 17:51:24.799 29718 29718 E ArmVmp : Match on catch block at 0xc3 in for 0x7d337b2025
02-10 17:51:24.817 29718 29718 E ArmVmp : Match on catch block at 0xc3 in for 0x7d337b2025
02-10 17:51:24.823 29718 29718 E ArmVmp : Match on catch block at 0xc3 in for 0x7d337b2025
02-10 17:51:24.839 29718 29718 E ArmVmp : Match on catch block at 0xc3 in for 0x7d337b2025
02-10 17:51:24.846 29718 29718 E ArmVmp : Match on catch block at 0xc3 in for 0x7d337b2025
02-10 17:51:24.994 29718 29718 E ArmVmp : Match on catch block at 0xc3 in for 0x7d337b2025
02-10 17:51:25.003 29718 29718 E ArmVmp : Match on catch block at 0xc3 in for 0x7d337b2025
02-10 17:51:25.015 29718 29844 W com.mbwhatsapp: Accessing hidden method Landroid/app/MiuiNotification;-><init>()V (blocked, reflection, denied)
02-10 17:51:25.473 29718 29718 E ArmVmp : Match on catch block at 0xc3 in for 0x7d337b2025
02-10 17:51:25.475 29718 29718 E ArmVmp : Match on catch block at 0xc3 in for 0x7d337b2025
02-10 17:51:25.525 29718 29718 E ArmVmp : Match on catch block at 0xc3 in for 0x7d337b2025
02-10 17:51:25.530 29718 29718 E ArmVmp : Match on catch block at 0xc3 in for 0x7d337b2025
02-10 17:51:25.658 29718 29718 E ArmVmp : Match on catch block at 0xc3 in for 0x7d337b2025
02-10 17:51:25.667 29718 29718 E ArmVmp : Match on catch block at 0xc3 in for 0x7d337b2025
02-10 17:51:25.874 29718 29718 E ArmVmp : Match on catch block at 0xc3 in for 0x7d337b2025
02-10 17:51:25.880 29718 29718 E ArmVmp : Match on catch block at 0xc3 in for 0x7d337b2025
02-10 17:51:26.022 29718 29718 E ArmVmp : Match on catch block at 0xc3 in for 0x7d337b2025
02-10 17:51:26.025 29718 29718 E ArmVmp : Match on catch block at 0xc3 in for 0x7d337b2025
02-10 17:51:26.107 29718 29718 E ArmVmp : Match on catch block at 0xc3 in for 0x7d337b2025
02-10 17:51:26.116 29718 29718 E ArmVmp : Match on catch block at 0xc3 in for 0x7d337b2025
02-10 17:51:26.422 29718 29718 E ArmVmp : Match on catch block at 0xc3 in for 0x7d337b2025
02-10 17:51:26.424 29718 29718 E ArmVmp : Match on catch block at 0xc3 in for 0x7d337b2025
02-10 17:51:26.443 29718 29718 E ArmVmp : Match on catch block at 0xc3 in for 0x7d337b2025
02-10 17:51:26.453 29718 29718 E ArmVmp : Match on catch block at 0xc3 in for 0x7d337b2025
02-10 17:51:26.495 29718 29718 E ArmVmp : Match on catch block at 0xc3 in for 0x7d337b2025
02-10 17:51:26.502 29718 29718 E ArmVmp : Match on catch block at 0xc3 in for 0x7d337b2025
02-10 17:51:26.549 29718 29718 E ArmVmp : Match on catch block at 0xc3 in for 0x7d337b2025
02-10 17:51:26.555 29718 29718 E ArmVmp : Match on catch block at 0xc3 in for 0x7d337b2025
02-10 17:51:26.576 29718 29718 E ArmVmp : Match on catch block at 0xc3 in for 0x7d337b2025
02-10 17:51:26.584 29718 29718 E ArmVmp : Match on catch block at 0xc3 in for 0x7d337b2025
02-10 17:51:26.670 29718 29718 E ArmVmp : Match on catch block at 0xc3 in for 0x7d337b2025
02-10 17:51:26.674 29718 29718 E ArmVmp : Match on catch block at 0xc3 in for 0x7d337b2025
02-10 17:51:26.695 29718 29718 E ArmVmp : Match on catch block at 0xc3 in for 0x7d337b2025
02-10 17:51:26.699 29718 29718 E ArmVmp : Match on catch block at 0xc3 in for 0x7d337b2025
02-10 17:51:26.733 29718 29718 E ArmVmp : Match on catch block at 0xc3 in for 0x7d337b2025
02-10 17:51:26.738 29718 29718 E ArmVmp : Match on catch block at 0xc3 in for 0x7d337b2025
02-10 17:51:26.747 29718 29718 E ArmVmp : Match on catch block at 0xc3 in for 0x7d337b2025
02-10 17:51:26.749 29718 29718 E ArmVmp : Match on catch block at 0xc3 in for 0x7d337b2025
02-10 17:51:26.761 29718 29718 E ArmVmp : Match on catch block at 0xc3 in for 0x7d337b2025
02-10 17:51:26.763 29718 29718 E ArmVmp : Match on catch block at 0xc3 in for 0x7d337b2025
02-10 17:51:26.872 29718 29718 E ArmVmp : Match on catch block at 0xc3 in for 0x7d337b2025
02-10 17:51:26.875 29718 29718 E ArmVmp : Match on catch block at 0xc3 in for 0x7d337b2025
02-10 17:51:26.890 29718 29718 E ArmVmp : Match on catch block at 0xc3 in for 0x7d337b2025
02-10 17:51:26.893 29718 29718 E ArmVmp : Match on catch block at 0xc3 in for 0x7d337b2025
02-10 17:51:26.927 29718 29718 E ArmVmp : Match on catch block at 0xc3 in for 0x7d337b2025
02-10 17:51:26.930 29718 29718 E ArmVmp : Match on catch block at 0xc3 in for 0x7d337b2025
02-10 17:51:26.965 29718 29718 E ArmVmp : Match on catch block at 0xc3 in for 0x7d337b2025
02-10 17:51:26.969 29718 29718 E ArmVmp : Match on catch block at 0xc3 in for 0x7d337b2025
02-10 17:51:27.183 29718 29718 E ArmVmp : Match on catch block at 0xc3 in for 0x7d337b2025
02-10 17:51:27.186 29718 29718 E ArmVmp : Match on catch block at 0xc3 in for 0x7d337b2025
02-10 17:51:27.218 29718 29718 E ArmVmp : Match on catch block at 0xc3 in for 0x7d337b2025
02-10 17:51:27.221 29718 29718 E ArmVmp : Match on catch block at 0xc3 in for 0x7d337b2025
02-10 17:51:27.272 29718 29718 E ArmVmp : Match on catch block at 0xc3 in for 0x7d337b2025
02-10 17:51:27.277 29718 29718 E ArmVmp : Match on catch block at 0xc3 in for 0x7d337b2025
02-10 17:51:27.334 29718 29718 E ArmVmp : Match on catch block at 0xc3 in for 0x7d337b2025
02-10 17:51:27.336 29718 29718 E ArmVmp : Match on catch block at 0xc3 in for 0x7d337b2025
02-10 17:51:27.367 29718 29718 E ArmVmp : Match on catch block at 0xc3 in for 0x7d337b2025
02-10 17:51:27.369 29718 29718 E ArmVmp : Match on catch block at 0xc3 in for 0x7d337b2025
02-10 17:51:27.386 29718 29718 E ArmVmp : Match on catch block at 0xc3 in for 0x7d337b2025
02-10 17:51:27.389 29718 29718 E ArmVmp : Match on catch block at 0xc3 in for 0x7d337b2025
02-10 17:51:28.396 29718 29718 E ArmVmp : Match on catch block at 0x0a in for 0x7d337b2035
02-10 17:51:28.400 29718 29718 E ArmVmp : Match on catch block at 0x0a in for 0x7d337b2035
02-10 17:51:28.526 29718 29718 E ArmVmp : Match on catch block at 0xc3 in for 0x7d337b2021
02-10 17:51:28.528 29718 29718 E ArmVmp : Match on catch block at 0xc3 in for 0x7d337b2021
02-10 17:51:28.531 29718 29718 E ArmVmp : Match on catch block at 0xc3 in for 0x7d337b2021
02-10 17:51:28.571 29718 29718 E ArmVmp : Match on catch block at 0xc3 in for 0x7d337b2025
02-10 17:51:28.573 29718 29718 E ArmVmp : Match on catch block at 0xc3 in for 0x7d337b2025
02-10 17:51:28.575 29718 29718 E ArmVmp : Match on catch block at 0xc3 in for 0x7d337b2025
02-10 17:51:28.610 29718 29718 E ArmVmp : Match on catch block at 0xc3 in for 0x7d337b2025
02-10 17:51:28.612 29718 29718 E ArmVmp : Match on catch block at 0xc3 in for 0x7d337b2025
02-10 17:51:28.614 29718 29718 E ArmVmp : Match on catch block at 0xc3 in for 0x7d337b2025
02-10 17:51:28.635 29718 29718 E ArmVmp : Match on catch block at 0xc3 in for 0x7d337b2025
02-10 17:51:28.637 29718 29718 E ArmVmp : Match on catch block at 0xc3 in for 0x7d337b2025
02-10 17:51:28.638 29718 29718 E ArmVmp : Match on catch block at 0xc3 in for 0x7d337b2025
02-10 17:51:28.644 29718 29844 W com.mbwhatsapp: Accessing hidden method Landroid/app/MiuiNotification;-><init>()V (blocked, reflection, denied)
02-10 17:51:28.660 29718 29718 E ArmVmp : Match on catch block at 0xc3 in for 0x7d337b2025
02-10 17:51:28.662 29718 29718 E ArmVmp : Match on catch block at 0xc3 in for 0x7d337b2025
02-10 17:51:28.664 29718 29718 E ArmVmp : Match on catch block at 0xc3 in for 0x7d337b2025
02-10 17:51:28.679 29718 29718 E ArmVmp : Match on catch block at 0xc3 in for 0x7d337b2025
02-10 17:51:28.681 29718 29718 E ArmVmp : Match on catch block at 0xc3 in for 0x7d337b2025
02-10 17:51:28.683 29718 29718 E ArmVmp : Match on catch block at 0xc3 in for 0x7d337b2025
02-10 17:51:28.701 29718 29718 E ArmVmp : Match on catch block at 0xc3 in for 0x7d337b2025
02-10 17:51:28.702 29718 29718 E ArmVmp : Match on catch block at 0xc3 in for 0x7d337b2025
02-10 17:51:28.704 29718 29718 E ArmVmp : Match on catch block at 0xc3 in for 0x7d337b2025
02-10 17:51:28.712 29718 29718 E ArmVmp : Match on catch block at 0xc3 in for 0x7d337b2025
02-10 17:51:28.714 29718 29718 E ArmVmp : Match on catch block at 0xc3 in for 0x7d337b2025
02-10 17:51:28.716 29718 29718 E ArmVmp : Match on catch block at 0xc3 in for 0x7d337b2025
02-10 17:51:28.762 29718 29718 E ArmVmp : Match on catch block at 0xc3 in for 0x7d337b2025
02-10 17:51:28.764 29718 29718 E ArmVmp : Match on catch block at 0xc3 in for 0x7d337b2025
02-10 17:51:28.765 29718 29718 E ArmVmp : Match on catch block at 0xc3 in for 0x7d337b2025
02-10 17:51:28.773 29718 29718 E ArmVmp : Match on catch block at 0xc3 in for 0x7d337b2025
02-10 17:51:28.775 29718 29718 E ArmVmp : Match on catch block at 0xc3 in for 0x7d337b2025
02-10 17:51:28.777 29718 29718 E ArmVmp : Match on catch block at 0xc3 in for 0x7d337b2025
02-10 17:51:28.789 29718 29718 E ArmVmp : Match on catch block at 0xc3 in for 0x7d337b2025
02-10 17:51:28.791 29718 29718 E ArmVmp : Match on catch block at 0xc3 in for 0x7d337b2025
02-10 17:51:28.793 29718 29718 E ArmVmp : Match on catch block at 0xc3 in for 0x7d337b2025
02-10 17:51:28.806 29718 29718 E ArmVmp : Match on catch block at 0xc3 in for 0x7d337b2025
02-10 17:51:28.808 29718 29718 E ArmVmp : Match on catch block at 0xc3 in for 0x7d337b2025
02-10 17:51:28.810 29718 29718 E ArmVmp : Match on catch block at 0xc3 in for 0x7d337b2025
02-10 17:51:28.822 29718 29718 E ArmVmp : Match on catch block at 0xc3 in for 0x7d337b2025
02-10 17:51:28.824 29718 29718 E ArmVmp : Match on catch block at 0xc3 in for 0x7d337b2025
02-10 17:51:28.826 29718 29718 E ArmVmp : Match on catch block at 0xc3 in for 0x7d337b2025
02-10 17:51:28.855 29718 29718 E ArmVmp : Match on catch block at 0xc3 in for 0x7d337b2025
02-10 17:51:28.858 29718 29718 E ArmVmp : Match on catch block at 0xc3 in for 0x7d337b2025
02-10 17:51:28.860 29718 29718 E ArmVmp : Match on catch block at 0xc3 in for 0x7d337b2025
02-10 17:51:28.872 29718 29718 E ArmVmp : Match on catch block at 0xc3 in for 0x7d337b2025
02-10 17:51:28.875 29718 29718 E ArmVmp : Match on catch block at 0xc3 in for 0x7d337b2025
02-10 17:51:28.877 29718 29718 E ArmVmp : Match on catch block at 0xc3 in for 0x7d337b2025
02-10 17:51:28.888 29718 29718 E ArmVmp : Match on catch block at 0xc3 in for 0x7d337b2025
02-10 17:51:28.891 29718 29718 E ArmVmp : Match on catch block at 0xc3 in for 0x7d337b2025
02-10 17:51:28.893 29718 29718 E ArmVmp : Match on catch block at 0xc3 in for 0x7d337b2025
02-10 17:51:28.910 29718 29718 E ArmVmp : Match on catch block at 0xc3 in for 0x7d337b2025
02-10 17:51:28.912 29718 29844 W com.mbwhatsapp: Accessing hidden method Landroid/app/MiuiNotification;-><init>()V (blocked, reflection, denied)
02-10 17:51:28.912 29718 29718 E ArmVmp : Match on catch block at 0xc3 in for 0x7d337b2025
02-10 17:51:28.915 29718 29718 E ArmVmp : Match on catch block at 0xc3 in for 0x7d337b2025
02-10 17:51:28.935 29718 29718 E ArmVmp : Match on catch block at 0xc3 in for 0x7d337b2025
02-10 17:51:28.936 29718 29718 E ArmVmp : Match on catch block at 0xc3 in for 0x7d337b2025
02-10 17:51:28.938 29718 29718 E ArmVmp : Match on catch block at 0xc3 in for 0x7d337b2025
02-10 17:51:28.949 29718 29718 E ArmVmp : Match on catch block at 0xc3 in for 0x7d337b2025
02-10 17:51:28.951 29718 29718 E ArmVmp : Match on catch block at 0xc3 in for 0x7d337b2025
02-10 17:51:28.954 29718 29718 E ArmVmp : Match on catch block at 0xc3 in for 0x7d337b2025
02-10 17:51:28.957 29718 29718 E ArmVmp : Match on catch block at 0xc3 in for 0x7d337b2025
02-10 17:51:28.959 29718 29718 E ArmVmp : Match on catch block at 0xc3 in for 0x7d337b2025
02-10 17:51:28.960 29718 29718 E ArmVmp : Match on catch block at 0xc3 in for 0x7d337b2025
02-10 17:51:28.971 29718 29718 E ArmVmp : Match on catch block at 0xc3 in for 0x7d337b2025
02-10 17:51:28.973 29718 29718 E ArmVmp : Match on catch block at 0xc3 in for 0x7d337b2025
02-10 17:51:28.975 29718 29718 E ArmVmp : Match on catch block at 0xc3 in for 0x7d337b2025
02-10 17:51:29.004 29718 29718 E ArmVmp : Match on catch block at 0xc3 in for 0x7d337b2025
02-10 17:51:29.006 29718 29718 E ArmVmp : Match on catch block at 0xc3 in for 0x7d337b2025
02-10 17:51:29.008 29718 29718 E ArmVmp : Match on catch block at 0xc3 in for 0x7d337b2025
02-10 17:51:29.021 29718 29718 E ArmVmp : Match on catch block at 0xc3 in for 0x7d337b2025
02-10 17:51:29.024 29718 29718 E ArmVmp : Match on catch block at 0xc3 in for 0x7d337b2025
02-10 17:51:29.026 29718 29718 E ArmVmp : Match on catch block at 0xc3 in for 0x7d337b2025
02-10 17:51:29.039 29718 29718 E ArmVmp : Match on catch block at 0xc3 in for 0x7d337b2025
