02-10 17:49:29.350 28983 28983 E ArmVmp : Match on catch block at 0xc3 in for 0x7d337b2025
02-10 17:49:29.365 28983 28983 E ArmVmp : Match on catch block at 0xc3 in for 0x7d337b2025
02-10 17:49:29.367 28983 28983 E ArmVmp : Match on catch block at 0xc3 in for 0x7d337b2025
02-10 17:49:29.382 28983 28983 E ArmVmp : Match on catch block at 0xc3 in for 0x7d337b2025
02-10 17:49:29.383 28983 28983 E ArmVmp : Match on catch block at 0xc3 in for 0x7d337b2025
02-10 17:49:29.398 28983 28983 E ArmVmp : Match on catch block at 0xc3 in for 0x7d337b2025
02-10 17:49:29.400 28983 28983 E ArmVmp : Match on catch block at 0xc3 in for 0x7d337b2025
02-10 17:49:29.415 28983 28983 E ArmVmp : Match on catch block at 0xc3 in for 0x7d337b2025
02-10 17:49:29.416 28983 28983 E ArmVmp : Match on catch block at 0xc3 in for 0x7d337b2025
02-10 17:49:29.431 28983 28983 E ArmVmp : Match on catch block at 0xc3 in for 0x7d337b2025
02-10 17:49:29.434 28983 28983 E ArmVmp : Match on catch block at 0xc3 in for 0x7d337b2025
02-10 17:49:29.449 28983 28983 E ArmVmp : Match on catch block at 0xc3 in for 0x7d337b2025
02-10 17:49:29.453 28983 28983 E ArmVmp : Match on catch block at 0xc3 in for 0x7d337b2025
02-10 17:49:29.466 28983 28983 E ArmVmp : Match on catch block at 0xc3 in for 0x7d337b2025
02-10 17:49:29.470 28983 28983 E ArmVmp : Match on catch block at 0xc3 in for 0x7d337b2025
02-10 17:49:29.482 28983 28983 E ArmVmp : Match on catch block at 0xc3 in for 0x7d337b2025
02-10 17:49:29.485 28983 28983 E ArmVmp : Match on catch block at 0xc3 in for 0x7d337b2025
02-10 17:49:29.498 28983 28983 E ArmVmp : Match on catch block at 0xc3 in for 0x7d337b2025
02-10 17:49:29.502 28983 28983 E ArmVmp : Match on catch block at 0xc3 in for 0x7d337b2025
02-10 17:49:29.515 28983 28983 E ArmVmp : Match on catch block at 0xc3 in for 0x7d337b2025
02-10 17:49:29.519 28983 28983 E ArmVmp : Match on catch block at 0xc3 in for 0x7d337b2025
02-10 17:49:29.532 28983 28983 E ArmVmp : Match on catch block at 0xc3 in for 0x7d337b2025
02-10 17:49:29.535 28983 28983 E ArmVmp : Match on catch block at 0xc3 in for 0x7d337b2025
02-10 17:49:29.549 28983 28983 E ArmVmp : Match on catch block at 0xc3 in for 0x7d337b2025
02-10 17:49:29.552 28983 28983 E ArmVmp : Match on catch block at 0xc3 in for 0x7d337b2025
02-10 17:49:29.567 28983 28983 E ArmVmp : Match on catch block at 0xc3 in for 0x7d337b2025
02-10 17:49:29.571 28983 28983 E ArmVmp : Match on catch block at 0xc3 in for 0x7d337b2025
02-10 17:49:29.591 28983 28983 E ArmVmp : Match on catch block at 0xc3 in for 0x7d337b2025
02-10 17:49:29.595 28983 28983 E ArmVmp : Match on catch block at 0xc3 in for 0x7d337b2025
02-10 17:49:29.600 28983 29111 W com.mbwhatsapp: Accessing hidden method Landroid/app/MiuiNotification;-><init>()V (blocked, reflection, denied)
02-10 17:49:29.638 28983 28983 E ArmVmp : Match on catch block at 0xc3 in for 0x7d337b2025
02-10 17:49:29.640 28983 28983 E ArmVmp : Match on catch block at 0xc3 in for 0x7d337b2025
02-10 17:49:29.648 28983 28983 E ArmVmp : Match on catch block at 0xc3 in for 0x7d337b2025
02-10 17:49:29.651 28983 28983 E ArmVmp : Match on catch block at 0xc3 in for 0x7d337b2025
02-10 17:49:29.665 28983 28983 E ArmVmp : Match on catch block at 0xc3 in for 0x7d337b2025
02-10 17:49:29.669 28983 28983 E ArmVmp : Match on catch block at 0xc3 in for 0x7d337b2025
02-10 17:49:29.681 28983 28983 E ArmVmp : Match on catch block at 0xc3 in for 0x7d337b2025
02-10 17:49:29.683 28983 28983 E ArmVmp : Match on catch block at 0xc3 in for 0x7d337b2025
02-10 17:49:29.698 28983 28983 E ArmVmp : Match on catch block at 0xc3 in for 0x7d337b2025
02-10 17:49:29.700 28983 28983 E ArmVmp : Match on catch block at 0xc3 in for 0x7d337b2025
02-10 17:49:29.714 28983 28983 E ArmVmp : Match on catch block at 0xc3 in for 0x7d337b2025
02-10 17:49:29.716 28983 28983 E ArmVmp : Match on catch block at 0xc3 in for 0x7d337b2025
02-10 17:49:29.731 28983 28983 E ArmVmp : Match on catch block at 0xc3 in for 0x7d337b2025
02-10 17:49:29.733 28983 28983 E ArmVmp : Match on catch block at 0xc3 in for 0x7d337b2025
02-10 17:49:29.749 28983 28983 E ArmVmp : Match on catch block at 0xc3 in for 0x7d337b2025
02-10 17:49:29.752 28983 28983 E ArmVmp : Match on catch block at 0xc3 in for 0x7d337b2025
02-10 17:49:29.766 28983 28983 E ArmVmp : Match on catch block at 0xc3 in for 0x7d337b2025
02-10 17:49:29.769 28983 28983 E ArmVmp : Match on catch block at 0xc3 in for 0x7d337b2025
02-10 17:49:29.782 28983 28983 E ArmVmp : Match on catch block at 0xc3 in for 0x7d337b2025
02-10 17:49:29.785 28983 28983 E ArmVmp : Match on catch block at 0xc3 in for 0x7d337b2025
02-10 17:49:29.799 28983 28983 E ArmVmp : Match on catch block at 0xc3 in for 0x7d337b2025
02-10 17:49:29.801 28983 28983 E ArmVmp : Match on catch block at 0xc3 in for 0x7d337b2025
02-10 17:49:29.815 28983 28983 E ArmVmp : Match on catch block at 0xc3 in for 0x7d337b2025
02-10 17:49:29.817 28983 28983 E ArmVmp : Match on catch block at 0xc3 in for 0x7d337b2025
02-10 17:49:29.832 28983 28983 E ArmVmp : Match on catch block at 0xc3 in for 0x7d337b2025
02-10 17:49:29.835 28983 28983 E ArmVmp : Match on catch block at 0xc3 in for 0x7d337b2025
02-10 17:49:29.848 28983 28983 E ArmVmp : Match on catch block at 0xc3 in for 0x7d337b2025
02-10 17:49:29.850 28983 28983 E ArmVmp : Match on catch block at 0xc3 in for 0x7d337b2025
02-10 17:49:29.865 28983 28983 E ArmVmp : Match on catch block at 0xc3 in for 0x7d337b2025
02-10 17:49:29.867 28983 28983 E ArmVmp : Match on catch block at 0xc3 in for 0x7d337b2025
02-10 17:49:29.881 28983 28983 E ArmVmp : Match on catch block at 0xc3 in for 0x7d337b2025
02-10 17:49:29.883 28983 28983 E ArmVmp : Match on catch block at 0xc3 in for 0x7d337b2025
02-10 17:49:29.898 28983 28983 E ArmVmp : Match on catch block at 0xc3 in for 0x7d337b2025
02-10 17:49:29.900 28983 28983 E ArmVmp : Match on catch block at 0xc3 in for 0x7d337b2025
02-10 17:49:29.914 28983 28983 E ArmVmp : Match on catch block at 0xc3 in for 0x7d337b2025
02-10 17:49:29.916 28983 28983 E ArmVmp : Match on catch block at 0xc3 in for 0x7d337b2025
02-10 17:49:29.931 28983 28983 E ArmVmp : Match on catch block at 0xc3 in for 0x7d337b2025
02-10 17:49:29.933 28983 28983 E ArmVmp : Match on catch block at 0xc3 in for 0x7d337b2025
02-10 17:49:29.947 28983 28983 E ArmVmp : Match on catch block at 0xc3 in for 0x7d337b2025
02-10 17:49:29.949 28983 28983 E ArmVmp : Match on catch block at 0xc3 in for 0x7d337b2025
02-10 17:49:29.964 28983 28983 E ArmVmp : Match on catch block at 0xc3 in for 0x7d337b2025
02-10 17:49:29.967 28983 28983 E ArmVmp : Match on catch block at 0xc3 in for 0x7d337b2025
02-10 17:49:29.981 28983 28983 E ArmVmp : Match on catch block at 0xc3 in for 0x7d337b2025
02-10 17:49:29.983 28983 28983 E ArmVmp : Match on catch block at 0xc3 in for 0x7d337b2025
02-10 17:49:29.997 28983 28983 E ArmVmp : Match on catch block at 0xc3 in for 0x7d337b2025
02-10 17:49:29.999 28983 28983 E ArmVmp : Match on catch block at 0xc3 in for 0x7d337b2025
02-10 17:49:30.014 28983 28983 E ArmVmp : Match on catch block at 0xc3 in for 0x7d337b2025
02-10 17:49:30.016 28983 28983 E ArmVmp : Match on catch block at 0xc3 in for 0x7d337b2025
02-10 17:49:30.031 28983 28983 E ArmVmp : Match on catch block at 0xc3 in for 0x7d337b2025
02-10 17:49:30.032 28983 28983 E ArmVmp : Match on catch block at 0xc3 in for 0x7d337b2025
02-10 17:49:30.047 28983 28983 E ArmVmp : Match on catch block at 0xc3 in for 0x7d337b2025
02-10 17:49:30.049 28983 28983 E ArmVmp : Match on catch block at 0xc3 in for 0x7d337b2025
02-10 17:49:30.064 28983 28983 E ArmVmp : Match on catch block at 0xc3 in for 0x7d337b2025
02-10 17:49:30.067 28983 28983 E ArmVmp : Match on catch block at 0xc3 in for 0x7d337b2025
02-10 17:49:30.080 28983 28983 E ArmVmp : Match on catch block at 0xc3 in for 0x7d337b2025
02-10 17:49:30.082 28983 28983 E ArmVmp : Match on catch block at 0xc3 in for 0x7d337b2025
02-10 17:49:30.182 28983 28983 E ArmVmp : Match on catch block at 0xc3 in for 0x7d337b2025
02-10 17:49:30.184 28983 28983 E ArmVmp : Match on catch block at 0xc3 in for 0x7d337b2025
02-10 17:49:30.198 28983 28983 E ArmVmp : Match on catch block at 0xc3 in for 0x7d337b2025
02-10 17:49:30.200 28983 28983 E ArmVmp : Match on catch block at 0xc3 in for 0x7d337b2025
02-10 17:49:30.214 28983 28983 E ArmVmp : Match on catch block at 0xc3 in for 0x7d337b2025
02-10 17:49:30.216 28983 28983 E ArmVmp : Match on catch block at 0xc3 in for 0x7d337b2025
02-10 17:49:30.231 28983 28983 E ArmVmp : Match on catch block at 0xc3 in for 0x7d337b2025
02-10 17:49:30.233 28983 28983 E ArmVmp : Match on catch block at 0xc3 in for 0x7d337b2025
02-10 17:49:30.247 28983 28983 E ArmVmp : Match on catch block at 0xc3 in for 0x7d337b2025
02-10 17:49:30.250 28983 28983 E ArmVmp : Match on catch block at 0xc3 in for 0x7d337b2025
02-10 17:49:30.264 28983 28983 E ArmVmp : Match on catch block at 0xc3 in for 0x7d337b2025
02-10 17:49:30.267 28983 28983 E ArmVmp : Match on catch block at 0xc3 in for 0x7d337b2025
02-10 17:49:30.281 28983 28983 E ArmVmp : Match on catch block at 0xc3 in for 0x7d337b2025
02-10 17:49:30.283 28983 28983 E ArmVmp : Match on catch block at 0xc3 in for 0x7d337b2025
02-10 17:49:30.298 28983 28983 E ArmVmp : Match on catch block at 0xc3 in for 0x7d337b2025
02-10 17:49:30.300 28983 28983 E ArmVmp : Match on catch block at 0xc3 in for 0x7d337b2025
02-10 17:49:30.314 28983 28983 E ArmVmp : Match on catch block at 0xc3 in for 0x7d337b2025
02-10 17:49:30.316 28983 28983 E ArmVmp : Match on catch block at 0xc3 in for 0x7d337b2025
02-10 17:49:30.331 28983 28983 E ArmVmp : Match on catch block at 0xc3 in for 0x7d337b2025
02-10 17:49:30.333 28983 28983 E ArmVmp : Match on catch block at 0xc3 in for 0x7d337b2025
02-10 17:49:30.348 28983 28983 E ArmVmp : Match on catch block at 0xc3 in for 0x7d337b2025
02-10 17:49:30.349 28983 28983 E ArmVmp : Match on catch block at 0xc3 in for 0x7d337b2025
02-10 17:49:30.364 28983 28983 E ArmVmp : Match on catch block at 0xc3 in for 0x7d337b2025
02-10 17:49:30.367 28983 28983 E ArmVmp : Match on catch block at 0xc3 in for 0x7d337b2025
02-10 17:49:30.381 28983 28983 E ArmVmp : Match on catch block at 0xc3 in for 0x7d337b2025
02-10 17:49:30.383 28983 28983 E ArmVmp : Match on catch block at 0xc3 in for 0x7d337b2025
02-10 17:49:30.397 28983 28983 E ArmVmp : Match on catch block at 0xc3 in for 0x7d337b2025
02-10 17:49:30.399 28983 28983 E ArmVmp : Match on catch block at 0xc3 in for 0x7d337b2025
02-10 17:49:30.414 28983 28983 E ArmVmp : Match on catch block at 0xc3 in for 0x7d337b2025
02-10 17:49:30.416 28983 28983 E ArmVmp : Match on catch block at 0xc3 in for 0x7d337b2025
02-10 17:49:30.430 28983 28983 E ArmVmp : Match on catch block at 0xc3 in for 0x7d337b2025
02-10 17:49:30.432 28983 28983 E ArmVmp : Match on catch block at 0xc3 in for 0x7d337b2025
02-10 17:49:30.447 28983 28983 E ArmVmp : Match on catch block at 0xc3 in for 0x7d337b2025
02-10 17:49:30.449 28983 28983 E ArmVmp : Match on catch block at 0xc3 in for 0x7d337b2025
02-10 17:49:30.464 28983 28983 E ArmVmp : Match on catch block at 0xc3 in for 0x7d337b2025
02-10 17:49:30.467 28983 28983 E ArmVmp : Match on catch block at 0xc3 in for 0x7d337b2025
02-10 17:49:30.483 28983 28983 E ArmVmp : Match on catch block at 0xc3 in for 0x7d337b2025
02-10 17:49:30.485 28983 28983 E ArmVmp : Match on catch block at 0xc3 in for 0x7d337b2025
02-10 17:49:30.497 28983 28983 E ArmVmp : Match on catch block at 0xc3 in for 0x7d337b2025
02-10 17:49:30.499 28983 28983 E ArmVmp : Match on catch block at 0xc3 in for 0x7d337b2025
02-10 17:49:30.514 28983 28983 E ArmVmp : Match on catch block at 0xc3 in for 0x7d337b2025
02-10 17:49:30.515 28983 28983 E ArmVmp : Match on catch block at 0xc3 in for 0x7d337b2025
02-10 17:49:30.530 28983 28983 E ArmVmp : Match on catch block at 0xc3 in for 0x7d337b2025
02-10 17:49:30.532 28983 28983 E ArmVmp : Match on catch block at 0xc3 in for 0x7d337b2025
02-10 17:49:30.547 28983 28983 E ArmVmp : Match on catch block at 0xc3 in for 0x7d337b2025
02-10 17:49:30.549 28983 28983 E ArmVmp : Match on catch block at 0xc3 in for 0x7d337b2025
02-10 17:49:30.564 28983 28983 E ArmVmp : Match on catch block at 0xc3 in for 0x7d337b2025
02-10 17:49:30.566 28983 28983 E ArmVmp : Match on catch block at 0xc3 in for 0x7d337b2025
02-10 17:49:30.580 28983 28983 E ArmVmp : Match on catch block at 0xc3 in for 0x7d337b2025
02-10 17:49:30.582 28983 28983 E ArmVmp : Match on catch block at 0xc3 in for 0x7d337b2025
02-10 17:49:30.597 28983 28983 E ArmVmp : Match on catch block at 0xc3 in for 0x7d337b2025
02-10 17:49:30.599 28983 28983 E ArmVmp : Match on catch block at 0xc3 in for 0x7d337b2025
02-10 17:49:30.614 28983 28983 E ArmVmp : Match on catch block at 0xc3 in for 0x7d337b2025
02-10 17:49:30.615 28983 28983 E ArmVmp : Match on catch block at 0xc3 in for 0x7d337b2025
02-10 17:49:30.630 28983 28983 E ArmVmp : Match on catch block at 0xc3 in for 0x7d337b2025
02-10 17:49:30.632 28983 28983 E ArmVmp : Match on catch block at 0xc3 in for 0x7d337b2025
02-10 17:49:30.647 28983 28983 E ArmVmp : Match on catch block at 0xc3 in for 0x7d337b2025
02-10 17:49:30.649 28983 28983 E ArmVmp : Match on catch block at 0xc3 in for 0x7d337b2025
02-10 17:49:30.664 28983 28983 E ArmVmp : Match on catch block at 0xc3 in for 0x7d337b2025
02-10 17:49:30.666 28983 28983 E ArmVmp : Match on catch block at 0xc3 in for 0x7d337b2025
02-10 17:49:30.680 28983 28983 E ArmVmp : Match on catch block at 0xc3 in for 0x7d337b2025
02-10 17:49:30.682 28983 28983 E ArmVmp : Match on catch block at 0xc3 in for 0x7d337b2025
02-10 17:49:30.697 28983 28983 E ArmVmp : Match on catch block at 0xc3 in for 0x7d337b2025
02-10 17:49:30.699 28983 28983 E ArmVmp : Match on catch block at 0xc3 in for 0x7d337b2025
02-10 17:49:30.714 28983 28983 E ArmVmp : Match on catch block at 0xc3 in for 0x7d337b2025
02-10 17:49:30.715 28983 28983 E ArmVmp : Match on catch block at 0xc3 in for 0x7d337b2025
02-10 17:49:30.730 28983 28983 E ArmVmp : Match on catch block at 0xc3 in for 0x7d337b2025
02-10 17:49:30.732 28983 28983 E ArmVmp : Match on catch block at 0xc3 in for 0x7d337b2025
02-10 17:49:30.747 28983 28983 E ArmVmp : Match on catch block at 0xc3 in for 0x7d337b2025
02-10 17:49:30.749 28983 28983 E ArmVmp : Match on catch block at 0xc3 in for 0x7d337b2025
02-10 17:49:30.764 28983 28983 E ArmVmp : Match on catch block at 0xc3 in for 0x7d337b2025
02-10 17:49:30.766 28983 28983 E ArmVmp : Match on catch block at 0xc3 in for 0x7d337b2025
02-10 17:49:30.780 28983 28983 E ArmVmp : Match on catch block at 0xc3 in for 0x7d337b2025
02-10 17:49:30.782 28983 28983 E ArmVmp : Match on catch block at 0xc3 in for 0x7d337b2025
02-10 17:49:30.797 28983 28983 E ArmVmp : Match on catch block at 0xc3 in for 0x7d337b2025
02-10 17:49:30.799 28983 28983 E ArmVmp : Match on catch block at 0xc3 in for 0x7d337b2025
02-10 17:49:30.997 28983 28983 E ArmVmp : Match on catch block at 0xc3 in for 0x7d337b2025
02-10 17:49:30.998 28983 28983 E ArmVmp : Match on catch block at 0xc3 in for 0x7d337b2025
02-10 17:49:31.013 28983 28983 E ArmVmp : Match on catch block at 0xc3 in for 0x7d337b2025
02-10 17:49:31.015 28983 28983 E ArmVmp : Match on catch block at 0xc3 in for 0x7d337b2025
02-10 17:49:31.047 28983 28983 E ArmVmp : Match on catch block at 0xc3 in for 0x7d337b2025
02-10 17:49:31.049 28983 28983 E ArmVmp : Match on catch block at 0xc3 in for 0x7d337b2025
02-10 17:49:31.076 28983 28983 E ArmVmp : Match on catch block at 0xc3 in for 0x7d337b2025
02-10 17:49:31.079 28983 28983 E ArmVmp : Match on catch block at 0xc3 in for 0x7d337b2025
02-10 17:49:31.233 28983 28983 E ArmVmp : Match on catch block at 0xc3 in for 0x7d337b2025
02-10 17:49:31.237 28983 28983 E ArmVmp : Match on catch block at 0xc3 in for 0x7d337b2025
02-10 17:49:31.258 28983 28983 E ArmVmp : Match on catch block at 0xc3 in for 0x7d337b2025
02-10 17:49:31.260 28983 28983 E ArmVmp : Match on catch block at 0xc3 in for 0x7d337b2025
02-10 17:49:31.292 28983 28983 E ArmVmp : Match on catch block at 0xc3 in for 0x7d337b2025
02-10 17:49:31.294 28983 28983 E ArmVmp : Match on catch block at 0xc3 in for 0x7d337b2025
02-10 17:49:31.317 28983 28983 E ArmVmp : Match on catch block at 0xc3 in for 0x7d337b2025
02-10 17:49:31.320 28983 28983 E ArmVmp : Match on catch block at 0xc3 in for 0x7d337b2025
02-10 17:49:31.339 28983 28983 E ArmVmp : Match on catch block at 0xc3 in for 0x7d337b2025
02-10 17:49:31.342 28983 28983 E ArmVmp : Match on catch block at 0xc3 in for 0x7d337b2025
02-10 17:49:31.356 28983 28983 E ArmVmp : Match on catch block at 0xc3 in for 0x7d337b2025
02-10 17:49:31.359 28983 28983 E ArmVmp : Match on catch block at 0xc3 in for 0x7d337b2025
02-10 17:49:31.423 28983 29111 W com.mbwhatsapp: Accessing hidden method Landroid/app/MiuiNotification;-><init>()V (blocked, reflection, denied)
02-10 17:49:31.563 28983 28983 E ArmVmp : Match on catch block at 0xc3 in for 0x7d337b2025
02-10 17:49:31.566 28983 28983 E ArmVmp : Match on catch block at 0xc3 in for 0x7d337b2025
02-10 17:49:31.640 28983 29111 W com.mbwhatsapp: Accessing hidden method Landroid/app/MiuiNotification;-><init>()V (blocked, reflection, denied)
02-10 17:49:31.747 28983 29041 E OpenGLRenderer: EglManager::makeCurrent mED = 0xb400007c643d48c0, surface = 0x0, mEC = 0xb400007bd6da6980, error = EGL_SUCCESS
02-10 17:49:31.752 28983 28983 E ArmVmp : Match on catch block at 0xc3 in for 0x7d337b2025
02-10 17:49:31.754 28983 28983 E ArmVmp : Match on catch block at 0xc3 in for 0x7d337b2025
02-10 17:49:33.193 28983 29041 E OpenGLRenderer: EglManager::makeCurrent mED = 0xb400007c643d48c0, surface = 0x0, mEC = 0xb400007bd6da6980, error = EGL_SUCCESS
02-10 17:49:33.291 28983 29111 W com.mbwhatsapp: Accessing hidden method Landroid/app/MiuiNotification;-><init>()V (blocked, reflection, denied)
02-10 17:49:33.445 28983 29111 W com.mbwhatsapp: Accessing hidden method Landroid/app/MiuiNotification;-><init>()V (blocked, reflection, denied)
02-10 17:49:34.753 28983 29111 W com.mbwhatsapp: Accessing hidden method Landroid/app/MiuiNotification;-><init>()V (blocked, reflection, denied)
02-10 17:49:35.041 28983 29111 W com.mbwhatsapp: Accessing hidden method Landroid/app/MiuiNotification;-><init>()V (blocked, reflection, denied)
02-10 17:49:35.564 28983 29111 W com.mbwhatsapp: Accessing hidden method Landroid/app/MiuiNotification;-><init>()V (blocked, reflection, denied)
02-10 17:49:36.168 28983 29111 W com.mbwhatsapp: Accessing hidden method Landroid/app/MiuiNotification;-><init>()V (blocked, reflection, denied)
02-10 17:49:36.556 28983 29111 W com.mbwhatsapp: Accessing hidden method Landroid/app/MiuiNotification;-><init>()V (blocked, reflection, denied)
02-10 17:49:39.041 28983 29111 W com.mbwhatsapp: Accessing hidden method Landroid/app/MiuiNotification;-><init>()V (blocked, reflection, denied)
02-10 17:49:39.947 28983 29111 W com.mbwhatsapp: Accessing hidden method Landroid/app/MiuiNotification;-><init>()V (blocked, reflection, denied)
02-10 17:49:41.660 28983 29111 W com.mbwhatsapp: Accessing hidden method Landroid/app/MiuiNotification;-><init>()V (blocked, reflection, denied)
02-10 17:49:41.836 28983 29111 W com.mbwhatsapp: Accessing hidden method Landroid/app/MiuiNotification;-><init>()V (blocked, reflection, denied)
02-10 17:49:43.150 28983 29111 W com.mbwhatsapp: Accessing hidden method Landroid/app/MiuiNotification;-><init>()V (blocked, reflection, denied)
02-10 17:49:43.357 28983 29111 W com.mbwhatsapp: Accessing hidden method Landroid/app/MiuiNotification;-><init>()V (blocked, reflection, denied)
02-10 17:49:43.704 28983 29028 E SQLiteDatabase: Error inserting transferred=0 media_job_uuid=5aee24c1-0fe1-4732-9517-c5718647a7cf transcoded=0 gif_attribution=0 first_scan_length=7539 direct_path=/v/t62.7118- 24/31796747_403818868723732_7301798318713268594_n.enc?ccb=11-4&oh=01_AdQzaNJNvX8- 3Vsa7DIhIivPt3dx76sQrjtI6X3Ih8f0bw&oe=65EEBBE4&_nc_sid=5e03e0&_nc_hot=1707562162 thumbnail_height_width_ratio=0.44444445 is_animated_sticker=0 file_hash=TlOpC/XDRl0Zb8M6zz9IlhSsbii8WjvfJUkiJ8M+ToI= file_path=null file_size=0 partial_media_hash=fHySQ50pdCoInt3LDz6mnh3AL5Ni6YOH+Clv8fOB9YU= face_x=0 face_y=0 height=571 trim_to=0 media_key_timestamp=1707490775000 message_url=https://mmg.whatsapp.net/v/t62.7118- 24/31796747_403818868723732_7301798318713268594_n.enc?ccb=11-4&oh=01_AdQzaNJNvX8- 3Vsa7DIhIivPt3dx76sQrjtI6X3Ih8f0bw&oe=65EEBBE4&_nc_sid=5e03e0&mms3=true media_caption=null trim_from=0 mime_type=image/jpeg partial_media_enc_hash=null width=1280 original_file_hash=null has_streaming_sidecar=1 autotransfer_retry_enabled=1 media_upload_handle=null message_row_id=1962 multicast_id=null enc_file_hash=HcJ4c2Nid4vFhIWIwUiBW7Ilr74unz7+q6jgP1qPDCU= mute_video=0 page_count=0 first_scan_sidecar=[B@dc957b1 suspicious_content=0 file_length=80142 media_name=null media_duration=0 chat_row_id=135 media_key=[B@b587496
02-10 17:49:43.704 28983 29028 E SQLiteDatabase: android.database.sqlite.SQLiteConstraintException: UNIQUE constraint failed: message_media.message_row_id (code 1555 SQLITE_CONSTRAINT_PRIMARYKEY)
02-10 17:49:43.704 28983 29028 E SQLiteDatabase: at android.database.sqlite.SQLiteConnection.nativeExecuteForLastInsertedRowId(Native Method)
02-10 17:49:43.704 28983 29028 E SQLiteDatabase: at android.database.sqlite.SQLiteConnection.executeForLastInsertedRowId(SQLiteConnecti on.java:940)
02-10 17:49:43.704 28983 29028 E SQLiteDatabase: at android.database.sqlite.SQLiteSession.executeForLastInsertedRowId(SQLiteSession.jav a:790)
02-10 17:49:43.704 28983 29028 E SQLiteDatabase: at android.database.sqlite.SQLiteStatement.executeInsert(SQLiteStatement.java:89)
02-10 17:49:43.704 28983 29028 E SQLiteDatabase: at android.database.sqlite.SQLiteDatabase.insertWithOnConflict(SQLiteDatabase.java:170 2)
02-10 17:49:43.704 28983 29028 E SQLiteDatabase: at android.database.sqlite.SQLiteDatabase.insert(SQLiteDatabase.java:1571)
02-10 17:49:43.704 28983 29028 E SQLiteDatabase: at X.2tm.A08(Unknown Source:6)
02-10 17:49:43.704 28983 29028 E SQLiteDatabase: at X.35Y.A07(Unknown Source:212)
02-10 17:49:43.704 28983 29028 E SQLiteDatabase: at X.3QF.A14(Unknown Source:470)
02-10 17:49:43.704 28983 29028 E SQLiteDatabase: at X.3gU.run(Unknown Source:982)
02-10 17:49:43.704 28983 29028 E SQLiteDatabase: at android.os.Handler.handleCallback(Handler.java:938)
02-10 17:49:43.704 28983 29028 E SQLiteDatabase: at android.os.Handler.dispatchMessage(Handler.java:99)
02-10 17:49:43.704 28983 29028 E SQLiteDatabase: at X.0zq.dispatchMessage(Unknown Source:4)
02-10 17:49:43.704 28983 29028 E SQLiteDatabase: at android.os.Looper.loopOnce(Looper.java:211)
02-10 17:49:43.704 28983 29028 E SQLiteDatabase: at android.os.Looper.loop(Looper.java:300)
02-10 17:49:43.704 28983 29028 E SQLiteDatabase: at android.os.HandlerThread.run(HandlerThread.java:67)
02-10 17:49:45.445 28983 29111 W com.mbwhatsapp: Accessing hidden method Landroid/app/MiuiNotification;-><init>()V (blocked, reflection, denied)
02-10 17:49:45.508 28983 29028 E SQLiteDatabase: Error inserting transferred=0 media_job_uuid=1f8e4daa-f700-4728-bf57-947e4672aa8d transcoded=0 gif_attribution=0 first_scan_length=9674 direct_path=/o1/v/t62.7118-24/f1/m233/up-oil-image-16488ba5- 5d2e-40d0-84e3-23266f301a0d?ccb=9- 4&oh=01_AdR4Rx3M1cFUbqlGTAuMYxEuy5KUSG6LGllK6zCKg6kO5A&oe=65EEB5CF&_nc_sid=000000 thumbnail_height_width_ratio=0.45833334 is_animated_sticker=0 file_hash=wYf7UYkvRSMNm5jKuHGU+BnkOoDLMVuepAzqpIj750g= file_path=null file_size=0 partial_media_hash=lkI0kEpfSNFXi8/Rs2zojc2B2K9ozzs1IcYwWMhPcT8= face_x=0 face_y=0 height=591 trim_to=0 media_key_timestamp=1707552717000 message_url=https://mmg.whatsapp.net/o1/v/t62.7118-24/f1/m233/up-oil-image- 16488ba5-5d2e-40d0-84e3-23266f301a0d?ccb=9- 4&oh=01_AdR4Rx3M1cFUbqlGTAuMYxEuy5KUSG6LGllK6zCKg6kO5A&oe=65EEB5CF&_nc_sid=000000&m ms3=true media_caption=null trim_from=0 mime_type=image/jpeg partial_media_enc_hash=null width=1280 original_file_hash=null has_streaming_sidecar=1 autotransfer_retry_enabled=1 media_upload_handle=null message_row_id=1963 multicast_id=null enc_file_hash=rJYlj0iz5vo9qNnQKuJGixt9m3HSZ/7Evf56Hi/42gQ= mute_video=0 page_count=0 first_scan_sidecar=[B@9e89634 suspicious_content=0 file_length=125960 media_name=null media_duration=0 chat_row_id=175 media_key=[B@603fc5d
02-10 17:49:45.508 28983 29028 E SQLiteDatabase: android.database.sqlite.SQLiteConstraintException: UNIQUE constraint failed: message_media.message_row_id (code 1555 SQLITE_CONSTRAINT_PRIMARYKEY)
02-10 17:49:45.508 28983 29028 E SQLiteDatabase: at android.database.sqlite.SQLiteConnection.nativeExecuteForLastInsertedRowId(Native Method)
02-10 17:49:45.508 28983 29028 E SQLiteDatabase: at android.database.sqlite.SQLiteConnection.executeForLastInsertedRowId(SQLiteConnecti on.java:940)
02-10 17:49:45.508 28983 29028 E SQLiteDatabase: at android.database.sqlite.SQLiteSession.executeForLastInsertedRowId(SQLiteSession.jav a:790)
02-10 17:49:45.508 28983 29028 E SQLiteDatabase: at android.database.sqlite.SQLiteStatement.executeInsert(SQLiteStatement.java:89)
02-10 17:49:45.508 28983 29028 E SQLiteDatabase: at android.database.sqlite.SQLiteDatabase.insertWithOnConflict(SQLiteDatabase.java:170 2)
02-10 17:49:45.508 28983 29028 E SQLiteDatabase: at android.database.sqlite.SQLiteDatabase.insert(SQLiteDatabase.java:1571)
02-10 17:49:45.508 28983 29028 E SQLiteDatabase: at X.2tm.A08(Unknown Source:6)
02-10 17:49:45.508 28983 29028 E SQLiteDatabase: at X.35Y.A07(Unknown Source:212)
02-10 17:49:45.508 28983 29028 E SQLiteDatabase: at X.3QF.A14(Unknown Source:470)
02-10 17:49:45.508 28983 29028 E SQLiteDatabase: at X.3gU.run(Unknown Source:982)
02-10 17:49:45.508 28983 29028 E SQLiteDatabase: at android.os.Handler.handleCallback(Handler.java:938)
02-10 17:49:45.508 28983 29028 E SQLiteDatabase: at android.os.Handler.dispatchMessage(Handler.java:99)
02-10 17:49:45.508 28983 29028 E SQLiteDatabase: at X.0zq.dispatchMessage(Unknown Source:4)
02-10 17:49:45.508 28983 29028 E SQLiteDatabase: at android.os.Looper.loopOnce(Looper.java:211)
02-10 17:49:45.508 28983 29028 E SQLiteDatabase: at android.os.Looper.loop(Looper.java:300)
02-10 17:49:45.508 28983 29028 E SQLiteDatabase: at android.os.HandlerThread.run(HandlerThread.java:67)
02-10 17:49:46.530 28983 29111 W com.mbwhatsapp: Accessing hidden method Landroid/app/MiuiNotification;-><init>()V (blocked, reflection, denied)
02-10 17:49:46.664 28983 29111 W com.mbwhatsapp: Accessing hidden method Landroid/app/MiuiNotification;-><init>()V (blocked, reflection, denied)
02-10 17:49:46.823 28983 29111 W com.mbwhatsapp: Accessing hidden method Landroid/app/MiuiNotification;-><init>()V (blocked, reflection, denied)
02-10 17:49:47.359 28983 29111 W com.mbwhatsapp: Accessing hidden method Landroid/app/MiuiNotification;-><init>()V (blocked, reflection, denied)
02-10 17:49:47.427 28983 29111 W com.mbwhatsapp: Accessing hidden method Landroid/app/MiuiNotification;-><init>()V (blocked, reflection, denied)
02-10 17:49:48.625 28983 29028 E SQLiteDatabase: Error inserting transferred=1 media_job_uuid=36f47c3d-8a8f-494b-bcd4-51b750b35aaa transcoded=0 gif_attribution=0 first_scan_length=0 direct_path=/v/t62.7117- 24/32132826_788565349758341_1078821721970530797_n.enc?ccb=11- 4&oh=01_AdQD6fto7rRDZDKxSF1gyL_mtVgOQzVH6bOz5lMqnzw8Fg&oe=65EEC221&_nc_sid=5e03e0 thumbnail_height_width_ratio=0.0 is_animated_sticker=0 file_hash=RYfKQsXKIYNEQnP5wWZWswuit5qkThMxan3PL8U05lA= file_path=Media/MBWhatsApp Voice Notes/202406/PTT-20240210-WA0019.opus file_size=25742 partial_media_hash=null face_x=0 face_y=0 height=0 trim_to=0 media_key_timestamp=1707562177000 message_url=https://mmg.whatsapp.net/v/t62.7117- 24/32132826_788565349758341_1078821721970530797_n.enc?ccb=11- 4&oh=01_AdQD6fto7rRDZDKxSF1gyL_mtVgOQzVH6bOz5lMqnzw8Fg&oe=65EEC221&_nc_sid=5e03e0&m ms3=true media_caption=null trim_from=0 mime_type=audio/ogg; codecs=opus partial_media_enc_hash=null width=0 original_file_hash=null has_streaming_sidecar=0 autotransfer_retry_enabled=1 media_upload_handle=null message_row_id=1969 multicast_id=null enc_file_hash=SYKvSaWdbGUfmZI/Pes8jU2Ccip4iZABuQuxlSwWPG8= mute_video=0 page_count=0 first_scan_sidecar=null suspicious_content=0 file_length=25742 media_name=null media_duration=10 chat_row_id=57 media_key=[B@366adb
02-10 17:49:48.625 28983 29028 E SQLiteDatabase: android.database.sqlite.SQLiteConstraintException: UNIQUE constraint failed: message_media.message_row_id (code 1555 SQLITE_CONSTRAINT_PRIMARYKEY)
02-10 17:49:48.625 28983 29028 E SQLiteDatabase: at android.database.sqlite.SQLiteConnection.nativeExecuteForLastInsertedRowId(Native Method)
02-10 17:49:48.625 28983 29028 E SQLiteDatabase: at android.database.sqlite.SQLiteConnection.executeForLastInsertedRowId(SQLiteConnecti on.java:940)
02-10 17:49:48.625 28983 29028 E SQLiteDatabase: at android.database.sqlite.SQLiteSession.executeForLastInsertedRowId(SQLiteSession.jav a:790)
02-10 17:49:48.625 28983 29028 E SQLiteDatabase: at android.database.sqlite.SQLiteStatement.executeInsert(SQLiteStatement.java:89)
02-10 17:49:48.625 28983 29028 E SQLiteDatabase: at android.database.sqlite.SQLiteDatabase.insertWithOnConflict(SQLiteDatabase.java:170 2)
02-10 17:49:48.625 28983 29028 E SQLiteDatabase: at android.database.sqlite.SQLiteDatabase.insert(SQLiteDatabase.java:1571)
02-10 17:49:48.625 28983 29028 E SQLiteDatabase: at X.2tm.A08(Unknown Source:6)
02-10 17:49:48.625 28983 29028 E SQLiteDatabase: at X.35Y.A07(Unknown Source:212)
02-10 17:49:48.625 28983 29028 E SQLiteDatabase: at X.3QF.A14(Unknown Source:470)
02-10 17:49:48.625 28983 29028 E SQLiteDatabase: at X.3gU.run(Unknown Source:982)
02-10 17:49:48.625 28983 29028 E SQLiteDatabase: at android.os.Handler.handleCallback(Handler.java:938)
02-10 17:49:48.625 28983 29028 E SQLiteDatabase: at android.os.Handler.dispatchMessage(Handler.java:99)
02-10 17:49:48.625 28983 29028 E SQLiteDatabase: at X.0zq.dispatchMessage(Unknown Source:4)
02-10 17:49:48.625 28983 29028 E SQLiteDatabase: at android.os.Looper.loopOnce(Looper.java:211)
02-10 17:49:48.625 28983 29028 E SQLiteDatabase: at android.os.Looper.loop(Looper.java:300)
02-10 17:49:48.625 28983 29028 E SQLiteDatabase: at android.os.HandlerThread.run(HandlerThread.java:67)
02-10 17:49:48.689 28983 29111 W com.mbwhatsapp: Accessing hidden method Landroid/app/MiuiNotification;-><init>()V (blocked, reflection, denied)
02-10 17:49:49.469 28983 29111 W com.mbwhatsapp: Accessing hidden method Landroid/app/MiuiNotification;-><init>()V (blocked, reflection, denied)
02-10 17:49:49.748 28983 29111 W com.mbwhatsapp: Accessing hidden method Landroid/app/MiuiNotification;-><init>()V (blocked, reflection, denied)
02-10 17:49:49.919 28983 29028 E SQLiteDatabase: Error inserting transferred=0 media_job_uuid=abb491c9-de8d-4b8d-abcc-16ddf2ea10be transcoded=0 gif_attribution=0 first_scan_length=7735 direct_path=/v/t62.7118- 24/12323587_936744421187472_8755329367146744956_n.enc?ccb=11- 4&oh=01_AdQpxWT01oi_pnEWxyhl9ft_X6ZfTm_JiSOHmbQUyHE-Iw&oe=65EED968&_nc_sid=5e03e0 thumbnail_height_width_ratio=2.25 is_animated_sticker=0 file_hash=7xsvR8d/wG49GNV2vsWqeBJqONCem0aPwSwBUEdFhzY= file_path=null file_size=0 partial_media_hash=RSPE/wGTeDO309t18TXLa0Zk2Za3DfTUPcvC0iHk1xs= face_x=0 face_y=0 height=1600 trim_to=0 media_key_timestamp=1707562134000 message_url=https://mmg.whatsapp.net/v/t62.7118- 24/12323587_936744421187472_8755329367146744956_n.enc?ccb=11- 4&oh=01_AdQpxWT01oi_pnEWxyhl9ft_X6ZfTm_JiSOHmbQUyHE- Iw&oe=65EED968&_nc_sid=5e03e0&mms3=true media_caption=null trim_from=0 mime_type=image/jpeg partial_media_enc_hash=null width=720 original_file_hash=null has_streaming_sidecar=1 autotransfer_retry_enabled=1 media_upload_handle=null message_row_id=1971 multicast_id=null enc_file_hash=FH9mx8wyt2oo6VCWyy413OQmzdlB+dURFQUva15cVf0= mute_video=0 page_count=0 first_scan_sidecar=[B@65bbb9f suspicious_content=0 file_length=113498 media_name=null media_duration=0 chat_row_id=157 media_key=[B@43384ec
02-10 17:49:49.919 28983 29028 E SQLiteDatabase: android.database.sqlite.SQLiteConstraintException: UNIQUE constraint failed: message_media.message_row_id (code 1555 SQLITE_CONSTRAINT_PRIMARYKEY)
02-10 17:49:49.919 28983 29028 E SQLiteDatabase: at android.database.sqlite.SQLiteConnection.nativeExecuteForLastInsertedRowId(Native Method)
02-10 17:49:49.919 28983 29028 E SQLiteDatabase: at android.database.sqlite.SQLiteConnection.executeForLastInsertedRowId(SQLiteConnecti on.java:940)
02-10 17:49:49.919 28983 29028 E SQLiteDatabase: at android.database.sqlite.SQLiteSession.executeForLastInsertedRowId(SQLiteSession.jav a:790)
02-10 17:49:49.919 28983 29028 E SQLiteDatabase: at android.database.sqlite.SQLiteStatement.executeInsert(SQLiteStatement.java:89)
02-10 17:49:49.919 28983 29028 E SQLiteDatabase: at android.database.sqlite.SQLiteDatabase.insertWithOnConflict(SQLiteDatabase.java:170 2)
02-10 17:49:49.919 28983 29028 E SQLiteDatabase: at android.database.sqlite.SQLiteDatabase.insert(SQLiteDatabase.java:1571)
02-10 17:49:49.919 28983 29028 E SQLiteDatabase: at X.2tm.A08(Unknown Source:6)
02-10 17:49:49.919 28983 29028 E SQLiteDatabase: at X.35Y.A07(Unknown Source:212)
02-10 17:49:49.919 28983 29028 E SQLiteDatabase: at X.3QF.A14(Unknown Source:470)
02-10 17:49:49.919 28983 29028 E SQLiteDatabase: at X.3gU.run(Unknown Source:982)
02-10 17:49:49.919 28983 29028 E SQLiteDatabase: at android.os.Handler.handleCallback(Handler.java:938)
02-10 17:49:49.919 28983 29028 E SQLiteDatabase: at android.os.Handler.dispatchMessage(Handler.java:99)
02-10 17:49:49.919 28983 29028 E SQLiteDatabase: at X.0zq.dispatchMessage(Unknown Source:4)
02-10 17:49:49.919 28983 29028 E SQLiteDatabase: at android.os.Looper.loopOnce(Looper.java:211)
02-10 17:49:49.919 28983 29028 E SQLiteDatabase: at android.os.Looper.loop(Looper.java:300)
02-10 17:49:49.919 28983 29028 E SQLiteDatabase: at android.os.HandlerThread.run(HandlerThread.java:67)
02-10 17:49:51.157 28983 29111 W com.mbwhatsapp: Accessing hidden method Landroid/app/MiuiNotification;-><init>()V (blocked, reflection, denied)
02-10 17:49:51.310 28983 29111 W com.mbwhatsapp: Accessing hidden method Landroid/app/MiuiNotification;-><init>()V (blocked, reflection, denied)
02-10 17:49:52.546 28983 29111 W com.mbwhatsapp: Accessing hidden method Landroid/app/MiuiNotification;-><init>()V (blocked, reflection, denied)
02-10 17:49:52.703 28983 29111 W com.mbwhatsapp: Accessing hidden method Landroid/app/MiuiNotification;-><init>()V (blocked, reflection, denied)
02-10 17:49:53.621 28983 29111 W com.mbwhatsapp: Accessing hidden method Landroid/app/MiuiNotification;-><init>()V (blocked, reflection, denied)
02-10 17:49:53.744 28983 29028 E SQLiteDatabase: Error inserting transferred=0 media_job_uuid=19c875e7-be92-43d4-bbd3-527f43e0e93c transcoded=0 gif_attribution=0 first_scan_length=9674 direct_path=/o1/v/t62.7118-24/f1/m233/up-oil-image-16488ba5- 5d2e-40d0-84e3-23266f301a0d?ccb=9- 4&oh=01_AdR4Rx3M1cFUbqlGTAuMYxEuy5KUSG6LGllK6zCKg6kO5A&oe=65EEB5CF&_nc_sid=000000 thumbnail_height_width_ratio=0.45833334 is_animated_sticker=0 file_hash=wYf7UYkvRSMNm5jKuHGU+BnkOoDLMVuepAzqpIj750g= file_path=null file_size=0 partial_media_hash=lkI0kEpfSNFXi8/Rs2zojc2B2K9ozzs1IcYwWMhPcT8= face_x=0 face_y=0 height=591 trim_to=0 media_key_timestamp=1707552717000 message_url=https://mmg.whatsapp.net/o1/v/t62.7118-24/f1/m233/up-oil-image- 16488ba5-5d2e-40d0-84e3-23266f301a0d?ccb=9- 4&oh=01_AdR4Rx3M1cFUbqlGTAuMYxEuy5KUSG6LGllK6zCKg6kO5A&oe=65EEB5CF&_nc_sid=000000&m ms3=true media_caption=null trim_from=0 mime_type=image/jpeg partial_media_enc_hash=null width=1280 original_file_hash=null has_streaming_sidecar=1 autotransfer_retry_enabled=1 media_upload_handle=null message_row_id=1975 multicast_id=null enc_file_hash=rJYlj0iz5vo9qNnQKuJGixt9m3HSZ/7Evf56Hi/42gQ= mute_video=0 page_count=0 first_scan_sidecar=[B@6a89577 suspicious_content=0 file_length=125960 media_name=null media_duration=0 chat_row_id=70 media_key=[B@45c15e4
02-10 17:49:53.744 28983 29028 E SQLiteDatabase: android.database.sqlite.SQLiteConstraintException: UNIQUE constraint failed: message_media.message_row_id (code 1555 SQLITE_CONSTRAINT_PRIMARYKEY)
02-10 17:49:53.744 28983 29028 E SQLiteDatabase: at android.database.sqlite.SQLiteConnection.nativeExecuteForLastInsertedRowId(Native Method)
02-10 17:49:53.744 28983 29028 E SQLiteDatabase: at android.database.sqlite.SQLiteConnection.executeForLastInsertedRowId(SQLiteConnecti on.java:940)
02-10 17:49:53.744 28983 29028 E SQLiteDatabase: at android.database.sqlite.SQLiteSession.executeForLastInsertedRowId(SQLiteSession.jav a:790)
02-10 17:49:53.744 28983 29028 E SQLiteDatabase: at android.database.sqlite.SQLiteStatement.executeInsert(SQLiteStatement.java:89)
02-10 17:49:53.744 28983 29028 E SQLiteDatabase: at android.database.sqlite.SQLiteDatabase.insertWithOnConflict(SQLiteDatabase.java:170 2)
02-10 17:49:53.744 28983 29028 E SQLiteDatabase: at android.database.sqlite.SQLiteDatabase.insert(SQLiteDatabase.java:1571)
02-10 17:49:53.744 28983 29028 E SQLiteDatabase: at X.2tm.A08(Unknown Source:6)
02-10 17:49:53.744 28983 29028 E SQLiteDatabase: at X.35Y.A07(Unknown Source:212)
02-10 17:49:53.744 28983 29028 E SQLiteDatabase: at X.3QF.A14(Unknown Source:470)
02-10 17:49:53.744 28983 29028 E SQLiteDatabase: at X.3gU.run(Unknown Source:982)
02-10 17:49:53.744 28983 29028 E SQLiteDatabase: at android.os.Handler.handleCallback(Handler.java:938)
02-10 17:49:53.744 28983 29028 E SQLiteDatabase: at android.os.Handler.dispatchMessage(Handler.java:99)
02-10 17:49:53.744 28983 29028 E SQLiteDatabase: at X.0zq.dispatchMessage(Unknown Source:4)
02-10 17:49:53.744 28983 29028 E SQLiteDatabase: at android.os.Looper.loopOnce(Looper.java:211)
02-10 17:49:53.744 28983 29028 E SQLiteDatabase: at android.os.Looper.loop(Looper.java:300)
02-10 17:49:53.744 28983 29028 E SQLiteDatabase: at android.os.HandlerThread.run(HandlerThread.java:67)
02-10 17:49:54.824 28983 29111 W com.mbwhatsapp: Accessing hidden method Landroid/app/MiuiNotification;-><init>()V (blocked, reflection, denied)
02-10 17:49:55.532 28983 29111 W com.mbwhatsapp: Accessing hidden method Landroid/app/MiuiNotification;-><init>()V (blocked, reflection, denied)
02-10 17:49:55.651 28983 29111 W com.mbwhatsapp: Accessing hidden method Landroid/app/MiuiNotification;-><init>()V (blocked, reflection, denied)
02-10 17:49:55.692 28983 29028 E SQLiteDatabase: Error inserting transferred=0 media_job_uuid=a65445d7-bbd2-4671-aae7-a71a3da5f87d transcoded=0 gif_attribution=0 first_scan_length=9674 direct_path=/o1/v/t62.7118-24/f1/m233/up-oil-image-16488ba5- 5d2e-40d0-84e3-23266f301a0d?ccb=9- 4&oh=01_AdR4Rx3M1cFUbqlGTAuMYxEuy5KUSG6LGllK6zCKg6kO5A&oe=65EEB5CF&_nc_sid=000000 thumbnail_height_width_ratio=0.45833334 is_animated_sticker=0 file_hash=wYf7UYkvRSMNm5jKuHGU+BnkOoDLMVuepAzqpIj750g= file_path=null file_size=0 partial_media_hash=lkI0kEpfSNFXi8/Rs2zojc2B2K9ozzs1IcYwWMhPcT8= face_x=0 face_y=0 height=591 trim_to=0 media_key_timestamp=1707552717000 message_url=https://mmg.whatsapp.net/o1/v/t62.7118-24/f1/m233/up-oil-image- 16488ba5-5d2e-40d0-84e3-23266f301a0d?ccb=9- 4&oh=01_AdR4Rx3M1cFUbqlGTAuMYxEuy5KUSG6LGllK6zCKg6kO5A&oe=65EEB5CF&_nc_sid=000000&m ms3=true media_caption=null trim_from=0 mime_type=image/jpeg partial_media_enc_hash=null width=1280 original_file_hash=null has_streaming_sidecar=1 autotransfer_retry_enabled=1 media_upload_handle=null message_row_id=1978 multicast_id=null enc_file_hash=rJYlj0iz5vo9qNnQKuJGixt9m3HSZ/7Evf56Hi/42gQ= mute_video=0 page_count=0 first_scan_sidecar=[B@d0407e0 suspicious_content=0 file_length=125960 media_name=null media_duration=0 chat_row_id=143 media_key=[B@c5dca99
02-10 17:49:55.692 28983 29028 E SQLiteDatabase: android.database.sqlite.SQLiteConstraintException: UNIQUE constraint failed: message_media.message_row_id (code 1555 SQLITE_CONSTRAINT_PRIMARYKEY)
02-10 17:49:55.692 28983 29028 E SQLiteDatabase: at android.database.sqlite.SQLiteConnection.nativeExecuteForLastInsertedRowId(Native Method)
02-10 17:49:55.692 28983 29028 E SQLiteDatabase: at android.database.sqlite.SQLiteConnection.executeForLastInsertedRowId(SQLiteConnecti on.java:940)
02-10 17:49:55.692 28983 29028 E SQLiteDatabase: at android.database.sqlite.SQLiteSession.executeForLastInsertedRowId(SQLiteSession.jav a:790)
02-10 17:49:55.692 28983 29028 E SQLiteDatabase: at android.database.sqlite.SQLiteStatement.executeInsert(SQLiteStatement.java:89)
02-10 17:49:55.692 28983 29028 E SQLiteDatabase: at android.database.sqlite.SQLiteDatabase.insertWithOnConflict(SQLiteDatabase.java:170 2)
02-10 17:49:55.692 28983 29028 E SQLiteDatabase: at android.database.sqlite.SQLiteDatabase.insert(SQLiteDatabase.java:1571)
02-10 17:49:55.692 28983 29028 E SQLiteDatabase: at X.2tm.A08(Unknown Source:6)
02-10 17:49:55.692 28983 29028 E SQLiteDatabase: at X.35Y.A07(Unknown Source:212)
02-10 17:49:55.692 28983 29028 E SQLiteDatabase: at X.3QF.A14(Unknown Source:470)
02-10 17:49:55.692 28983 29028 E SQLiteDatabase: at X.3gU.run(Unknown Source:982)
02-10 17:49:55.692 28983 29028 E SQLiteDatabase: at android.os.Handler.handleCallback(Handler.java:938)
02-10 17:49:55.692 28983 29028 E SQLiteDatabase: at android.os.Handler.dispatchMessage(Handler.java:99)
02-10 17:49:55.692 28983 29028 E SQLiteDatabase: at X.0zq.dispatchMessage(Unknown Source:4)
02-10 17:49:55.692 28983 29028 E SQLiteDatabase: at android.os.Looper.loopOnce(Looper.java:211)
02-10 17:49:55.692 28983 29028 E SQLiteDatabase: at android.os.Looper.loop(Looper.java:300)
02-10 17:49:55.692 28983 29028 E SQLiteDatabase: at android.os.HandlerThread.run(HandlerThread.java:67)
02-10 17:49:56.018 28983 29111 W com.mbwhatsapp: Accessing hidden method Landroid/app/MiuiNotification;-><init>()V (blocked, reflection, denied)
02-10 17:49:56.088 28983 29111 W com.mbwhatsapp: Accessing hidden method Landroid/app/MiuiNotification;-><init>()V (blocked, reflection, denied)
02-10 17:49:56.153 28983 29111 W com.mbwhatsapp: Accessing hidden method Landroid/app/MiuiNotification;-><init>()V (blocked, reflection, denied)
02-10 17:49:58.795 28983 29111 W com.mbwhatsapp: Accessing hidden method Landroid/app/MiuiNotification;-><init>()V (blocked, reflection, denied)
02-10 17:49:59.824 28983 29111 W com.mbwhatsapp: Accessing hidden method Landroid/app/MiuiNotification;-><init>()V (blocked, reflection, denied)
02-10 17:50:00.895 28983 29111 W com.mbwhatsapp: Accessing hidden method Landroid/app/MiuiNotification;-><init>()V (blocked, reflection, denied)
02-10 17:50:01.046 28983 29111 W com.mbwhatsapp: Accessing hidden method Landroid/app/MiuiNotification;-><init>()V (blocked, reflection, denied)
02-10 17:50:01.699 28983 29111 W com.mbwhatsapp: Accessing hidden method Landroid/app/MiuiNotification;-><init>()V (blocked, reflection, denied)
02-10 17:50:02.072 28983 29111 W com.mbwhatsapp: Accessing hidden method Landroid/app/MiuiNotification;-><init>()V (blocked, reflection, denied)
02-10 17:50:02.140 28983 29111 W com.mbwhatsapp: Accessing hidden method Landroid/app/MiuiNotification;-><init>()V (blocked, reflection, denied)
02-10 17:50:03.036 28983 29111 W com.mbwhatsapp: Accessing hidden method Landroid/app/MiuiNotification;-><init>()V (blocked, reflection, denied)
02-10 17:50:04.473 28983 29111 W com.mbwhatsapp: Accessing hidden method Landroid/app/MiuiNotification;-><init>()V (blocked, reflection, denied)
02-10 17:50:04.949 28983 29111 W com.mbwhatsapp: Accessing hidden method Landroid/app/MiuiNotification;-><init>()V (blocked, reflection, denied)
02-10 17:50:06.667 28983 29111 W com.mbwhatsapp: Accessing hidden method Landroid/app/MiuiNotification;-><init>()V (blocked, reflection, denied)
02-10 17:50:07.229 28983 29111 W com.mbwhatsapp: Accessing hidden method Landroid/app/MiuiNotification;-><init>()V (blocked, reflection, denied)
02-10 17:50:11.373 28983 29111 W com.mbwhatsapp: Accessing hidden method Landroid/app/MiuiNotification;-><init>()V (blocked, reflection, denied)
02-10 17:50:13.417 28983 29111 W com.mbwhatsapp: Accessing hidden method Landroid/app/MiuiNotification;-><init>()V (blocked, reflection, denied)
02-10 17:50:13.588 28983 29111 W com.mbwhatsapp: Accessing hidden method Landroid/app/MiuiNotification;-><init>()V (blocked, reflection, denied)
02-10 17:50:14.157 28983 28983 E ArmVmp : Match on catch block at 0x0a in for 0x7d337b2035
02-10 17:50:14.161 28983 28983 E ArmVmp : Match on catch block at 0x0a in for 0x7d337b2035
02-10 17:50:14.335 28983 28983 E ArmVmp : Match on catch block at 0xc3 in for 0x7d337b2021
02-10 17:50:14.338 28983 28983 E ArmVmp : Match on catch block at 0xc3 in for 0x7d337b2021
02-10 17:50:14.341 28983 28983 E ArmVmp : Match on catch block at 0xc3 in for 0x7d337b2021
02-10 17:50:14.386 28983 28983 E ArmVmp : Match on catch block at 0xc3 in for 0x7d337b2025
02-10 17:50:14.388 28983 28983 E ArmVmp : Match on catch block at 0xc3 in for 0x7d337b2025
02-10 17:50:14.391 28983 28983 E ArmVmp : Match on catch block at 0xc3 in for 0x7d337b2025
02-10 17:50:14.414 28983 28983 E ArmVmp : Match on catch block at 0xc3 in for 0x7d337b2025
02-10 17:50:14.416 28983 28983 E ArmVmp : Match on catch block at 0xc3 in for 0x7d337b2025
02-10 17:50:14.417 28983 28983 E ArmVmp : Match on catch block at 0xc3 in for 0x7d337b2025
02-10 17:50:14.450 28983 28983 E ArmVmp : Match on catch block at 0xc3 in for 0x7d337b2025
02-10 17:50:14.453 28983 28983 E ArmVmp : Match on catch block at 0xc3 in for 0x7d337b2025
02-10 17:50:14.456 28983 28983 E ArmVmp : Match on catch block at 0xc3 in for 0x7d337b2025
02-10 17:50:14.470 28983 28983 E ArmVmp : Match on catch block at 0xc3 in for 0x7d337b2025
02-10 17:50:14.474 28983 28983 E ArmVmp : Match on catch block at 0xc3 in for 0x7d337b2025
02-10 17:50:14.478 28983 28983 E ArmVmp : Match on catch block at 0xc3 in for 0x7d337b2025
02-10 17:50:14.483 28983 29111 W com.mbwhatsapp: Accessing hidden method Landroid/app/MiuiNotification;-><init>()V (blocked, reflection, denied)
02-10 17:50:14.495 28983 28983 E ArmVmp : Match on catch block at 0xc3 in for 0x7d337b2025
02-10 17:50:14.497 28983 28983 E ArmVmp : Match on catch block at 0xc3 in for 0x7d337b2025
02-10 17:50:14.498 28983 28983 E ArmVmp : Match on catch block at 0xc3 in for 0x7d337b2025
02-10 17:50:14.513 28983 28983 E ArmVmp : Match on catch block at 0xc3 in for 0x7d337b2025
02-10 17:50:14.515 28983 28983 E ArmVmp : Match on catch block at 0xc3 in for 0x7d337b2025
02-10 17:50:14.517 28983 28983 E ArmVmp : Match on catch block at 0xc3 in for 0x7d337b2025
02-10 17:50:14.532 28983 28983 E ArmVmp : Match on catch block at 0xc3 in for 0x7d337b2025
02-10 17:50:14.534 28983 28983 E ArmVmp : Match on catch block at 0xc3 in for 0x7d337b2025
02-10 17:50:14.535 28983 28983 E ArmVmp : Match on catch block at 0xc3 in for 0x7d337b2025
02-10 17:50:14.546 28983 28983 E ArmVmp : Match on catch block at 0xc3 in for 0x7d337b2025
02-10 17:50:14.548 28983 28983 E ArmVmp : Match on catch block at 0xc3 in for 0x7d337b2025
02-10 17:50:14.550 28983 28983 E ArmVmp : Match on catch block at 0xc3 in for 0x7d337b2025
02-10 17:50:14.559 28983 28983 E ArmVmp : Match on catch block at 0xc3 in for 0x7d337b2025
02-10 17:50:14.562 28983 28983 E ArmVmp : Match on catch block at 0xc3 in for 0x7d337b2025
02-10 17:50:14.564 28983 28983 E ArmVmp : Match on catch block at 0xc3 in for 0x7d337b2025
02-10 17:50:14.569 28983 28983 E ArmVmp : Match on catch block at 0xc3 in for 0x7d337b2025
02-10 17:50:14.573 28983 28983 E ArmVmp : Match on catch block at 0xc3 in for 0x7d337b2025
02-10 17:50:14.574 28983 28983 E ArmVmp : Match on catch block at 0xc3 in for 0x7d337b2025
02-10 17:50:14.585 28983 28983 E ArmVmp : Match on catch block at 0xc3 in for 0x7d337b2025
02-10 17:50:14.587 28983 28983 E ArmVmp : Match on catch block at 0xc3 in for 0x7d337b2025
02-10 17:50:14.589 28983 28983 E ArmVmp : Match on catch block at 0xc3 in for 0x7d337b2025
02-10 17:50:14.602 28983 28983 E ArmVmp : Match on catch block at 0xc3 in for 0x7d337b2025
02-10 17:50:14.604 28983 28983 E ArmVmp : Match on catch block at 0xc3 in for 0x7d337b2025
02-10 17:50:14.606 28983 28983 E ArmVmp : Match on catch block at 0xc3 in for 0x7d337b2025
02-10 17:50:14.618 28983 28983 E ArmVmp : Match on catch block at 0xc3 in for 0x7d337b2025
02-10 17:50:14.620 28983 28983 E ArmVmp : Match on catch block at 0xc3 in for 0x7d337b2025
02-10 17:50:14.622 28983 28983 E ArmVmp : Match on catch block at 0xc3 in for 0x7d337b2025
02-10 17:50:14.635 28983 28983 E ArmVmp : Match on catch block at 0xc3 in for 0x7d337b2025
02-10 17:50:14.637 28983 28983 E ArmVmp : Match on catch block at 0xc3 in for 0x7d337b2025
02-10 17:50:14.639 28983 28983 E ArmVmp : Match on catch block at 0xc3 in for 0x7d337b2025
02-10 17:50:14.652 28983 28983 E ArmVmp : Match on catch block at 0xc3 in for 0x7d337b2025
02-10 17:50:14.654 28983 28983 E ArmVmp : Match on catch block at 0xc3 in for 0x7d337b2025
02-10 17:50:14.656 28983 28983 E ArmVmp : Match on catch block at 0xc3 in for 0x7d337b2025
02-10 17:50:14.668 28983 28983 E ArmVmp : Match on catch block at 0xc3 in for 0x7d337b2025
02-10 17:50:14.670 28983 28983 E ArmVmp : Match on catch block at 0xc3 in for 0x7d337b2025
02-10 17:50:14.672 28983 28983 E ArmVmp : Match on catch block at 0xc3 in for 0x7d337b2025
02-10 17:50:14.685 28983 28983 E ArmVmp : Match on catch block at 0xc3 in for 0x7d337b2025
02-10 17:50:14.687 28983 28983 E ArmVmp : Match on catch block at 0xc3 in for 0x7d337b2025
02-10 17:50:14.690 28983 28983 E ArmVmp : Match on catch block at 0xc3 in for 0x7d337b2025
02-10 17:50:14.702 28983 28983 E ArmVmp : Match on catch block at 0xc3 in for 0x7d337b2025
02-10 17:50:14.704 28983 28983 E ArmVmp : Match on catch block at 0xc3 in for 0x7d337b2025
02-10 17:50:14.705 28983 28983 E ArmVmp : Match on catch block at 0xc3 in for 0x7d337b2025
02-10 17:50:14.718 28983 28983 E ArmVmp : Match on catch block at 0xc3 in for 0x7d337b2025
02-10 17:50:14.720 28983 28983 E ArmVmp : Match on catch block at 0xc3 in for 0x7d337b2025
02-10 17:50:14.723 28983 28983 E ArmVmp : Match on catch block at 0xc3 in for 0x7d337b2025
02-10 17:50:14.752 28983 29111 W com.mbwhatsapp: Accessing hidden method Landroid/app/MiuiNotification;-><init>()V (blocked, reflection, denied)
