02-10 17:46:06.050 27415 27415 E ArmVmp : Match on catch block at 0xc3 in for 0x7d337b2025
02-10 17:46:06.053 27415 27415 E ArmVmp : Match on catch block at 0xc3 in for 0x7d337b2025
02-10 17:46:06.075 27415 27415 E ArmVmp : Match on catch block at 0xc3 in for 0x7d337b2025
02-10 17:46:06.077 27415 27415 E ArmVmp : Match on catch block at 0xc3 in for 0x7d337b2025
02-10 17:46:06.089 27415 27415 E ArmVmp : Match on catch block at 0xc3 in for 0x7d337b2025
02-10 17:46:06.093 27415 27415 E ArmVmp : Match on catch block at 0xc3 in for 0x7d337b2025
02-10 17:46:06.389 27415 27415 E ArmVmp : Match on catch block at 0xc3 in for 0x7d337b2025
02-10 17:46:06.392 27415 27415 E ArmVmp : Match on catch block at 0xc3 in for 0x7d337b2025
02-10 17:46:06.890 27415 27415 E ArmVmp : Match on catch block at 0xc3 in for 0x7d337b2025
02-10 17:46:06.894 27415 27415 E ArmVmp : Match on catch block at 0xc3 in for 0x7d337b2025
02-10 17:46:07.139 27415 27415 E ArmVmp : Match on catch block at 0xc3 in for 0x7d337b2025
02-10 17:46:07.141 27415 27415 E ArmVmp : Match on catch block at 0xc3 in for 0x7d337b2025
02-10 17:46:07.276 27415 27415 E ArmVmp : Match on catch block at 0xc3 in for 0x7d337b2025
02-10 17:46:07.280 27415 27415 E ArmVmp : Match on catch block at 0xc3 in for 0x7d337b2025
02-10 17:46:07.606 27415 27484 E FrameEvents: updateAcquireFence: Did not find frame.
02-10 17:46:07.606 27415 27484 E OpenGLRenderer: EglManager::makeCurrent mED = 0xb400007c643d48c0, surface = 0x0, mEC = 0xb400007be3106980, error = EGL_SUCCESS
02-10 17:46:07.790 27415 27578 W com.mbwhatsapp: Accessing hidden method Landroid/app/MiuiNotification;-><init>()V (blocked, reflection, denied)
02-10 17:46:08.034 27415 27578 W com.mbwhatsapp: Accessing hidden method Landroid/app/MiuiNotification;-><init>()V (blocked, reflection, denied)
02-10 17:46:08.256 27415 27578 W com.mbwhatsapp: Accessing hidden method Landroid/app/MiuiNotification;-><init>()V (blocked, reflection, denied)
02-10 17:46:08.289 27415 27578 W com.mbwhatsapp: Accessing hidden method Landroid/app/MiuiNotification;-><init>()V (blocked, reflection, denied)
02-10 17:46:08.488 27415 27578 W com.mbwhatsapp: Accessing hidden method Landroid/app/MiuiNotification;-><init>()V (blocked, reflection, denied)
02-10 17:46:10.999 27415 27578 W com.mbwhatsapp: Accessing hidden method Landroid/app/MiuiNotification;-><init>()V (blocked, reflection, denied)
02-10 17:46:11.349 27415 27484 E OpenGLRenderer: EglManager::makeCurrent mED = 0xb400007c643d48c0, surface = 0x0, mEC = 0xb400007be3106980, error = EGL_SUCCESS
02-10 17:46:17.619 27415 27578 W com.mbwhatsapp: Accessing hidden method Landroid/app/MiuiNotification;-><init>()V (blocked, reflection, denied)
02-10 17:46:18.083 27415 27578 W com.mbwhatsapp: Accessing hidden method Landroid/app/MiuiNotification;-><init>()V (blocked, reflection, denied)
02-10 17:46:18.223 27415 27578 W com.mbwhatsapp: Accessing hidden method Landroid/app/MiuiNotification;-><init>()V (blocked, reflection, denied)
02-10 17:46:18.396 27415 27469 E SQLiteDatabase: Error inserting transferred=0 media_job_uuid=c5dd53fa-94ef-4113-995f-444fff0139bd transcoded=0 gif_attribution=0 first_scan_length=14459 direct_path=/v/t62.7118- 24/25475281_1434061680583915_5807801293684617551_n.enc?ccb=11- 4&oh=01_AdQ_29itxUXWbwa1zLkO7U_B9308IpztLXXrIDwwAJz0aw&oe=65EED9DE&_nc_sid=5e03e0&_ nc_hot=1707561921 thumbnail_height_width_ratio=1.0 is_animated_sticker=0 file_hash=b3SzM64SK7FBW3ZWFlCECZc7KmkktN/T3Cqfv6tBzz0= file_path=null file_size=0 partial_media_hash=f2SGeR6YrQhiuLbrCHwqw3Y8fIwepW8xL61U95pz740= face_x=0 face_y=0 height=1080 trim_to=0 media_key_timestamp=1707558333000 message_url=https://mmg.whatsapp.net/v/t62.7118- 24/25475281_1434061680583915_5807801293684617551_n.enc?ccb=11- 4&oh=01_AdQ_29itxUXWbwa1zLkO7U_B9308IpztLXXrIDwwAJz0aw&oe=65EED9DE&_nc_sid=5e03e0&m ms3=true media_caption=null trim_from=0 mime_type=image/jpeg partial_media_enc_hash=null width=1080 original_file_hash=null has_streaming_sidecar=1 autotransfer_retry_enabled=1 media_upload_handle=null message_row_id=1511 multicast_id=null enc_file_hash=fADONnNr+M+3G9GspUeBXCA9Or7zy3i1Gr3ExKvSy84= mute_video=0 page_count=0 first_scan_sidecar=[B@de83fd6 suspicious_content=0 file_length=155448 media_name=null media_duration=0 chat_row_id=119 media_key=[B@4da9257
02-10 17:46:18.396 27415 27469 E SQLiteDatabase: android.database.sqlite.SQLiteConstraintException: UNIQUE constraint failed: message_media.message_row_id (code 1555 SQLITE_CONSTRAINT_PRIMARYKEY)
02-10 17:46:18.396 27415 27469 E SQLiteDatabase: at android.database.sqlite.SQLiteConnection.nativeExecuteForLastInsertedRowId(Native Method)
02-10 17:46:18.396 27415 27469 E SQLiteDatabase: at android.database.sqlite.SQLiteConnection.executeForLastInsertedRowId(SQLiteConnecti on.java:940)
02-10 17:46:18.396 27415 27469 E SQLiteDatabase: at android.database.sqlite.SQLiteSession.executeForLastInsertedRowId(SQLiteSession.jav a:790)
02-10 17:46:18.396 27415 27469 E SQLiteDatabase: at android.database.sqlite.SQLiteStatement.executeInsert(SQLiteStatement.java:89)
02-10 17:46:18.396 27415 27469 E SQLiteDatabase: at android.database.sqlite.SQLiteDatabase.insertWithOnConflict(SQLiteDatabase.java:170 2)
02-10 17:46:18.396 27415 27469 E SQLiteDatabase: at android.database.sqlite.SQLiteDatabase.insert(SQLiteDatabase.java:1571)
02-10 17:46:18.396 27415 27469 E SQLiteDatabase: at X.2tm.A08(Unknown Source:6)
02-10 17:46:18.396 27415 27469 E SQLiteDatabase: at X.35Y.A07(Unknown Source:212)
02-10 17:46:18.396 27415 27469 E SQLiteDatabase: at X.3QF.A14(Unknown Source:470)
02-10 17:46:18.396 27415 27469 E SQLiteDatabase: at X.3gU.run(Unknown Source:982)
02-10 17:46:18.396 27415 27469 E SQLiteDatabase: at android.os.Handler.handleCallback(Handler.java:938)
02-10 17:46:18.396 27415 27469 E SQLiteDatabase: at android.os.Handler.dispatchMessage(Handler.java:99)
02-10 17:46:18.396 27415 27469 E SQLiteDatabase: at X.0zq.dispatchMessage(Unknown Source:4)
02-10 17:46:18.396 27415 27469 E SQLiteDatabase: at android.os.Looper.loopOnce(Looper.java:211)
02-10 17:46:18.396 27415 27469 E SQLiteDatabase: at android.os.Looper.loop(Looper.java:300)
02-10 17:46:18.396 27415 27469 E SQLiteDatabase: at android.os.HandlerThread.run(HandlerThread.java:67)
02-10 17:46:22.561 27415 27415 E ArmVmp : Match on catch block at 0x0a in for 0x7d337b2035
02-10 17:46:22.565 27415 27415 E ArmVmp : Match on catch block at 0x0a in for 0x7d337b2035
02-10 17:46:22.706 27415 27415 E ArmVmp : Match on catch block at 0xc3 in for 0x7d337b2021
02-10 17:46:22.713 27415 27415 E ArmVmp : Match on catch block at 0xc3 in for 0x7d337b2021
02-10 17:46:22.779 27415 27415 E ArmVmp : Match on catch block at 0xc3 in for 0x7d337b2025
02-10 17:46:22.783 27415 27415 E ArmVmp : Match on catch block at 0xc3 in for 0x7d337b2025
02-10 17:46:22.822 27415 27578 W com.mbwhatsapp: Accessing hidden method Landroid/app/MiuiNotification;-><init>()V (blocked, reflection, denied)
02-10 17:46:22.832 27415 27415 E ArmVmp : Match on catch block at 0xc3 in for 0x7d337b2025
02-10 17:46:22.835 27415 27415 E ArmVmp : Match on catch block at 0xc3 in for 0x7d337b2025
02-10 17:46:22.866 27415 27415 E ArmVmp : Match on catch block at 0xc3 in for 0x7d337b2025
02-10 17:46:22.869 27415 27415 E ArmVmp : Match on catch block at 0xc3 in for 0x7d337b2025
02-10 17:46:22.873 27415 27578 W com.mbwhatsapp: Accessing hidden method Landroid/app/MiuiNotification;-><init>()V (blocked, reflection, denied)
02-10 17:46:22.900 27415 27415 E ArmVmp : Match on catch block at 0xc3 in for 0x7d337b2025
02-10 17:46:22.902 27415 27415 E ArmVmp : Match on catch block at 0xc3 in for 0x7d337b2025
02-10 17:46:23.046 27415 27415 E ArmVmp : Match on catch block at 0xc3 in for 0x7d337b2025
02-10 17:46:23.048 27415 27415 E ArmVmp : Match on catch block at 0xc3 in for 0x7d337b2025
02-10 17:46:23.172 27415 27415 E ArmVmp : Match on catch block at 0xc3 in for 0x7d337b2025
02-10 17:46:23.175 27415 27415 E ArmVmp : Match on catch block at 0xc3 in for 0x7d337b2025
02-10 17:46:23.194 27415 27578 W com.mbwhatsapp: Accessing hidden method Landroid/app/MiuiNotification;-><init>()V (blocked, reflection, denied)
02-10 17:46:23.210 27415 27578 W com.mbwhatsapp: Accessing hidden method Landroid/app/MiuiNotification;-><init>()V (blocked, reflection, denied)
02-10 17:46:23.371 27415 27484 E OpenGLRenderer: EglManager::makeCurrent mED = 0xb400007c643d48c0, surface = 0x0, mEC = 0xb400007be3106980, error = EGL_SUCCESS
02-10 17:46:23.489 27415 27484 E OpenGLRenderer: EglManager::makeCurrent mED = 0xb400007c643d48c0, surface = 0x0, mEC = 0xb400007be3106980, error = EGL_SUCCESS
02-10 17:46:23.504 27415 27415 E ArmVmp : Match on catch block at 0xc3 in for 0x7d337b2025
02-10 17:46:23.506 27415 27415 E ArmVmp : Match on catch block at 0xc3 in for 0x7d337b2025
02-10 17:46:23.514 27415 27415 E ArmVmp : Match on catch block at 0xc3 in for 0x7d337b2025
02-10 17:46:23.515 27415 27415 E ArmVmp : Match on catch block at 0xc3 in for 0x7d337b2025
02-10 17:46:23.527 27415 27415 E ArmVmp : Match on catch block at 0xc3 in for 0x7d337b2025
02-10 17:46:23.529 27415 27415 E ArmVmp : Match on catch block at 0xc3 in for 0x7d337b2025
02-10 17:46:23.544 27415 27415 E ArmVmp : Match on catch block at 0xc3 in for 0x7d337b2025
02-10 17:46:23.545 27415 27415 E ArmVmp : Match on catch block at 0xc3 in for 0x7d337b2025
02-10 17:46:23.560 27415 27415 E ArmVmp : Match on catch block at 0xc3 in for 0x7d337b2025
02-10 17:46:23.562 27415 27415 E ArmVmp : Match on catch block at 0xc3 in for 0x7d337b2025
02-10 17:46:23.617 27415 27415 E ArmVmp : Match on catch block at 0xc3 in for 0x7d337b2025
02-10 17:46:23.619 27415 27415 E ArmVmp : Match on catch block at 0xc3 in for 0x7d337b2025
02-10 17:46:23.627 27415 27415 E ArmVmp : Match on catch block at 0xc3 in for 0x7d337b2025
02-10 17:46:23.629 27415 27415 E ArmVmp : Match on catch block at 0xc3 in for 0x7d337b2025
02-10 17:46:23.644 27415 27415 E ArmVmp : Match on catch block at 0xc3 in for 0x7d337b2025
02-10 17:46:23.646 27415 27415 E ArmVmp : Match on catch block at 0xc3 in for 0x7d337b2025
02-10 17:46:23.660 27415 27415 E ArmVmp : Match on catch block at 0xc3 in for 0x7d337b2025
02-10 17:46:23.662 27415 27415 E ArmVmp : Match on catch block at 0xc3 in for 0x7d337b2025
02-10 17:46:23.677 27415 27415 E ArmVmp : Match on catch block at 0xc3 in for 0x7d337b2025
02-10 17:46:23.678 27415 27415 E ArmVmp : Match on catch block at 0xc3 in for 0x7d337b2025
02-10 17:46:23.694 27415 27415 E ArmVmp : Match on catch block at 0xc3 in for 0x7d337b2025
02-10 17:46:23.696 27415 27415 E ArmVmp : Match on catch block at 0xc3 in for 0x7d337b2025
02-10 17:46:23.710 27415 27415 E ArmVmp : Match on catch block at 0xc3 in for 0x7d337b2025
02-10 17:46:23.712 27415 27415 E ArmVmp : Match on catch block at 0xc3 in for 0x7d337b2025
02-10 17:46:23.727 27415 27415 E ArmVmp : Match on catch block at 0xc3 in for 0x7d337b2025
02-10 17:46:23.728 27415 27415 E ArmVmp : Match on catch block at 0xc3 in for 0x7d337b2025
02-10 17:46:23.744 27415 27415 E ArmVmp : Match on catch block at 0xc3 in for 0x7d337b2025
02-10 17:46:23.746 27415 27415 E ArmVmp : Match on catch block at 0xc3 in for 0x7d337b2025
02-10 17:46:23.760 27415 27415 E ArmVmp : Match on catch block at 0xc3 in for 0x7d337b2025
02-10 17:46:23.762 27415 27415 E ArmVmp : Match on catch block at 0xc3 in for 0x7d337b2025
02-10 17:46:23.777 27415 27415 E ArmVmp : Match on catch block at 0xc3 in for 0x7d337b2025
02-10 17:46:23.778 27415 27415 E ArmVmp : Match on catch block at 0xc3 in for 0x7d337b2025
02-10 17:46:23.794 27415 27415 E ArmVmp : Match on catch block at 0xc3 in for 0x7d337b2025
02-10 17:46:23.796 27415 27415 E ArmVmp : Match on catch block at 0xc3 in for 0x7d337b2025
02-10 17:46:23.810 27415 27415 E ArmVmp : Match on catch block at 0xc3 in for 0x7d337b2025
02-10 17:46:23.812 27415 27415 E ArmVmp : Match on catch block at 0xc3 in for 0x7d337b2025
02-10 17:46:23.827 27415 27415 E ArmVmp : Match on catch block at 0xc3 in for 0x7d337b2025
02-10 17:46:23.829 27415 27415 E ArmVmp : Match on catch block at 0xc3 in for 0x7d337b2025
02-10 17:46:23.968 27415 27415 E ArmVmp : Match on catch block at 0xc3 in for 0x7d337b2025
02-10 17:46:23.970 27415 27415 E ArmVmp : Match on catch block at 0xc3 in for 0x7d337b2025
02-10 17:46:24.000 27415 27415 E ArmVmp : Match on catch block at 0xc3 in for 0x7d337b2025
02-10 17:46:24.002 27415 27415 E ArmVmp : Match on catch block at 0xc3 in for 0x7d337b2025
02-10 17:46:24.019 27415 27415 E ArmVmp : Match on catch block at 0xc3 in for 0x7d337b2025
02-10 17:46:24.020 27415 27415 E ArmVmp : Match on catch block at 0xc3 in for 0x7d337b2025
02-10 17:46:24.041 27415 27415 E ArmVmp : Match on catch block at 0xc3 in for 0x7d337b2025
02-10 17:46:24.043 27415 27415 E ArmVmp : Match on catch block at 0xc3 in for 0x7d337b2025
02-10 17:46:24.077 27415 27415 E ArmVmp : Match on catch block at 0xc3 in for 0x7d337b2025
02-10 17:46:24.078 27415 27415 E ArmVmp : Match on catch block at 0xc3 in for 0x7d337b2025
02-10 17:46:24.082 27415 27415 E ArmVmp : Match on catch block at 0xc3 in for 0x7d337b2025
02-10 17:46:24.084 27415 27415 E ArmVmp : Match on catch block at 0xc3 in for 0x7d337b2025
02-10 17:46:24.093 27415 27415 E ArmVmp : Match on catch block at 0xc3 in for 0x7d337b2025
02-10 17:46:24.095 27415 27415 E ArmVmp : Match on catch block at 0xc3 in for 0x7d337b2025
02-10 17:46:24.110 27415 27415 E ArmVmp : Match on catch block at 0xc3 in for 0x7d337b2025
02-10 17:46:24.112 27415 27415 E ArmVmp : Match on catch block at 0xc3 in for 0x7d337b2025
02-10 17:46:24.127 27415 27415 E ArmVmp : Match on catch block at 0xc3 in for 0x7d337b2025
02-10 17:46:24.128 27415 27415 E ArmVmp : Match on catch block at 0xc3 in for 0x7d337b2025
02-10 17:46:24.144 27415 27415 E ArmVmp : Match on catch block at 0xc3 in for 0x7d337b2025
02-10 17:46:24.145 27415 27415 E ArmVmp : Match on catch block at 0xc3 in for 0x7d337b2025
02-10 17:46:24.255 27415 27415 E ArmVmp : Match on catch block at 0xc3 in for 0x7d337b2025
02-10 17:46:24.258 27415 27415 E ArmVmp : Match on catch block at 0xc3 in for 0x7d337b2025
02-10 17:46:24.268 27415 27415 E ArmVmp : Match on catch block at 0xc3 in for 0x7d337b2025
02-10 17:46:24.271 27415 27415 E ArmVmp : Match on catch block at 0xc3 in for 0x7d337b2025
02-10 17:46:24.279 27415 27415 E ArmVmp : Match on catch block at 0xc3 in for 0x7d337b2025
02-10 17:46:24.282 27415 27415 E ArmVmp : Match on catch block at 0xc3 in for 0x7d337b2025
02-10 17:46:24.296 27415 27415 E ArmVmp : Match on catch block at 0xc3 in for 0x7d337b2025
02-10 17:46:24.299 27415 27415 E ArmVmp : Match on catch block at 0xc3 in for 0x7d337b2025
02-10 17:46:24.312 27415 27415 E ArmVmp : Match on catch block at 0xc3 in for 0x7d337b2025
02-10 17:46:24.315 27415 27415 E ArmVmp : Match on catch block at 0xc3 in for 0x7d337b2025
02-10 17:46:24.512 27415 27415 E ArmVmp : Match on catch block at 0xc3 in for 0x7d337b2025
02-10 17:46:24.516 27415 27415 E ArmVmp : Match on catch block at 0xc3 in for 0x7d337b2025
02-10 17:46:24.529 27415 27415 E ArmVmp : Match on catch block at 0xc3 in for 0x7d337b2025
02-10 17:46:24.532 27415 27415 E ArmVmp : Match on catch block at 0xc3 in for 0x7d337b2025
02-10 17:46:24.818 27415 27578 W com.mbwhatsapp: Accessing hidden method Landroid/app/MiuiNotification;-><init>()V (blocked, reflection, denied)
02-10 17:46:24.917 27415 27484 E OpenGLRenderer: EglManager::makeCurrent mED = 0xb400007c643d48c0, surface = 0x0, mEC = 0xb400007be3106980, error = EGL_SUCCESS
02-10 17:46:24.924 27415 27415 W InputEventReceiver: Attempted to finish an input event but the input event receiver has already been disposed.
02-10 17:46:24.927 27415 27415 E ArmVmp : Match on catch block at 0xc3 in for 0x7d337b2025
02-10 17:46:24.928 27415 27415 E ArmVmp : Match on catch block at 0xc3 in for 0x7d337b2025
02-10 17:46:24.943 27415 27415 E ArmVmp : Match on catch block at 0xc3 in for 0x7d337b2025
02-10 17:46:24.945 27415 27415 E ArmVmp : Match on catch block at 0xc3 in for 0x7d337b2025
02-10 17:46:24.960 27415 27415 E ArmVmp : Match on catch block at 0xc3 in for 0x7d337b2025
02-10 17:46:24.962 27415 27415 E ArmVmp : Match on catch block at 0xc3 in for 0x7d337b2025
02-10 17:46:24.977 27415 27415 E ArmVmp : Match on catch block at 0xc3 in for 0x7d337b2025
02-10 17:46:24.978 27415 27415 E ArmVmp : Match on catch block at 0xc3 in for 0x7d337b2025
02-10 17:46:25.008 27415 27415 E ArmVmp : Match on catch block at 0xc3 in for 0x7d337b2025
02-10 17:46:25.010 27415 27415 E ArmVmp : Match on catch block at 0xc3 in for 0x7d337b2025
02-10 17:46:25.108 27415 27415 E ArmVmp : Match on catch block at 0xc3 in for 0x7d337b2025
02-10 17:46:25.110 27415 27415 E ArmVmp : Match on catch block at 0xc3 in for 0x7d337b2025
02-10 17:46:25.154 27415 27415 E ArmVmp : Match on catch block at 0xc3 in for 0x7d337b2025
02-10 17:46:25.157 27415 27415 E ArmVmp : Match on catch block at 0xc3 in for 0x7d337b2025
02-10 17:46:25.173 27415 27415 E ArmVmp : Match on catch block at 0xc3 in for 0x7d337b2025
02-10 17:46:25.175 27415 27415 E ArmVmp : Match on catch block at 0xc3 in for 0x7d337b2025
02-10 17:46:25.194 27415 27415 E ArmVmp : Match on catch block at 0xc3 in for 0x7d337b2025
02-10 17:46:25.197 27415 27415 E ArmVmp : Match on catch block at 0xc3 in for 0x7d337b2025
02-10 17:46:25.205 27415 27578 W com.mbwhatsapp: Accessing hidden method Landroid/app/MiuiNotification;-><init>()V (blocked, reflection, denied)
02-10 17:46:25.209 27415 27415 E ArmVmp : Match on catch block at 0xc3 in for 0x7d337b2025
02-10 17:46:25.210 27415 27415 E ArmVmp : Match on catch block at 0xc3 in for 0x7d337b2025
02-10 17:46:25.269 27415 27415 E ArmVmp : Match on catch block at 0xc3 in for 0x7d337b2025
02-10 17:46:25.271 27415 27415 E ArmVmp : Match on catch block at 0xc3 in for 0x7d337b2025
02-10 17:46:25.619 27415 27484 E OpenGLRenderer: EglManager::makeCurrent mED = 0xb400007c643d48c0, surface = 0x0, mEC = 0xb400007be3106980, error = EGL_SUCCESS
02-10 17:46:28.005 27415 27578 W com.mbwhatsapp: Accessing hidden method Landroid/app/MiuiNotification;-><init>()V (blocked, reflection, denied)
02-10 17:46:28.058 27415 27469 E SQLiteDatabase: Error inserting transferred=0 media_job_uuid=7a3848f9-f905-46d9-8691-fcd2d72357bf transcoded=0 gif_attribution=0 first_scan_length=24152 direct_path=/o1/v/t62.7118-24/f1/m232/up-oil-image- 10f515ff-d205-4f04-8683-f0e00b45b558?ccb=9-4&oh=01_AdS- czlj8Ajf6t0HhgQW9zb6PzBhq8EpV- ENXFa8MLS0uQ&oe=65EEC80A&_nc_sid=000000&_nc_hot=1707561986 thumbnail_height_width_ratio=1.0 is_animated_sticker=0 file_hash=ar8YQ8E2fguya3Eao4hVBLHj7Wz7HYR/lQ2U3Lvrkm8= file_path=null file_size=0 partial_media_hash=0RC7cHrY9ln8nSO3zn1xLAv7Gtb9D7oHL2JD36caiI4= face_x=0 face_y=0 height=1280 trim_to=0 media_key_timestamp=1707549979000 message_url=https://mmg.whatsapp.net/o1/v/t62.7118-24/f1/m232/up-oil-image- 10f515ff-d205-4f04-8683-f0e00b45b558?ccb=9-4&oh=01_AdS- czlj8Ajf6t0HhgQW9zb6PzBhq8EpV-ENXFa8MLS0uQ&oe=65EEC80A&_nc_sid=000000&mms3=true media_caption=null trim_from=0 mime_type=image/jpeg partial_media_enc_hash=null width=1280 original_file_hash=null has_streaming_sidecar=1 autotransfer_retry_enabled=1 media_upload_handle=null message_row_id=1519 multicast_id=null enc_file_hash=pKd90tTB7j4YMAuU0a2OOJtT8dlhlE0q+Rd607KhcfU= mute_video=0 page_count=0 first_scan_sidecar=[B@35b6107 suspicious_content=0 file_length=203488 media_name=null media_duration=0 chat_row_id=182 media_key=[B@7e2a234
02-10 17:46:28.058 27415 27469 E SQLiteDatabase: android.database.sqlite.SQLiteConstraintException: UNIQUE constraint failed: message_media.message_row_id (code 1555 SQLITE_CONSTRAINT_PRIMARYKEY)
02-10 17:46:28.058 27415 27469 E SQLiteDatabase: at android.database.sqlite.SQLiteConnection.nativeExecuteForLastInsertedRowId(Native Method)
02-10 17:46:28.058 27415 27469 E SQLiteDatabase: at android.database.sqlite.SQLiteConnection.executeForLastInsertedRowId(SQLiteConnecti on.java:940)
02-10 17:46:28.058 27415 27469 E SQLiteDatabase: at android.database.sqlite.SQLiteSession.executeForLastInsertedRowId(SQLiteSession.jav a:790)
02-10 17:46:28.058 27415 27469 E SQLiteDatabase: at android.database.sqlite.SQLiteStatement.executeInsert(SQLiteStatement.java:89)
02-10 17:46:28.058 27415 27469 E SQLiteDatabase: at android.database.sqlite.SQLiteDatabase.insertWithOnConflict(SQLiteDatabase.java:170 2)
02-10 17:46:28.058 27415 27469 E SQLiteDatabase: at android.database.sqlite.SQLiteDatabase.insert(SQLiteDatabase.java:1571)
02-10 17:46:28.058 27415 27469 E SQLiteDatabase: at X.2tm.A08(Unknown Source:6)
02-10 17:46:28.058 27415 27469 E SQLiteDatabase: at X.35Y.A07(Unknown Source:212)
02-10 17:46:28.058 27415 27469 E SQLiteDatabase: at X.3QF.A14(Unknown Source:470)
02-10 17:46:28.058 27415 27469 E SQLiteDatabase: at X.3gU.run(Unknown Source:982)
02-10 17:46:28.058 27415 27469 E SQLiteDatabase: at android.os.Handler.handleCallback(Handler.java:938)
02-10 17:46:28.058 27415 27469 E SQLiteDatabase: at android.os.Handler.dispatchMessage(Handler.java:99)
02-10 17:46:28.058 27415 27469 E SQLiteDatabase: at X.0zq.dispatchMessage(Unknown Source:4)
02-10 17:46:28.058 27415 27469 E SQLiteDatabase: at android.os.Looper.loopOnce(Looper.java:211)
02-10 17:46:28.058 27415 27469 E SQLiteDatabase: at android.os.Looper.loop(Looper.java:300)
02-10 17:46:28.058 27415 27469 E SQLiteDatabase: at android.os.HandlerThread.run(HandlerThread.java:67)
02-10 17:46:32.704 27415 27415 W Looper : PerfMonitor doFrame : time=35ms vsyncFrame=0 latency=3946ms procState=-1 historyMsgCount=512 (msgIndex=475 wall=58ms seq=13309 late=3757ms h=android.os.Handler c=X.3eA)
02-10 17:46:39.320 27415 27415 W Looper : PerfMonitor doFrame : time=30ms vsyncFrame=0 latency=6603ms procState=-1 historyMsgCount=512 (msgIndex=441 wall=51ms seq=17805 late=6537ms h=android.os.Handler c=X.3eA)
02-10 17:46:40.414 27415 27484 W RenderInspector: DequeueBuffer time out on com.mbwhatsapp/com.mbwhatsapp.contact.picker.ContactPicker, count=2, avg=340 ms, max=350 ms.
02-10 17:46:43.841 27415 27578 W com.mbwhatsapp: Accessing hidden method Landroid/app/MiuiNotification;-><init>()V (blocked, reflection, denied)
02-10 17:46:44.036 27415 27484 W RenderInspector: DequeueBuffer time out on com.mbwhatsapp/com.mbwhatsapp.contact.picker.ContactPicker, count=1, avg=17 ms, max=17 ms.
02-10 17:46:44.777 27415 27484 W RenderInspector: DequeueBuffer time out on com.mbwhatsapp/com.mbwhatsapp.contact.picker.ContactPicker, count=1, avg=17 ms, max=17 ms.
02-10 17:46:45.945 27415 27771 E CursorWindow: Failed to read row 635, column 1 from a window with 635 rows, 67 columns
02-10 17:46:45.952 27415 27461 E CursorWindow: Failed to read row 635, column 1 from a window with 635 rows, 67 columns
02-10 17:46:46.046 27415 27800 E CursorWindow: Failed to read row 635, column 1 from a window with 635 rows, 67 columns
02-10 17:46:46.071 27415 27415 W Looper : PerfMonitor doFrame : time=75ms vsyncFrame=0 latency=6697ms procState=-1 historyMsgCount=512 (msgIndex=221 wall=280ms seq=26474 late=6823ms h=android.view.ViewRootImpl$ViewRootHandler c=android.widget.AbsListView$3)
02-10 17:46:46.108 27415 27415 W Looper : PerfMonitor looperActivity : package=com.mbwhatsapp/.contact.picker.ContactPicker time=1ms latency=6620ms running=0ms procState=-1 historyMsgCount=512 (msgIndex=20 wall=280ms seq=26474 late=6823ms h=android.view.ViewRootImpl$ViewRootHandler c=android.widget.AbsListView$3) (msgIndex=312 wall=75ms seq=26766 late=6697ms h=android.view.Choreographer$FrameHandler c=android.view.Choreographer$FrameDisplayEventReceiver)
02-10 17:46:46.118 27415 27415 W Looper : PerfMonitor looperActivity : package=com.mbwhatsapp/.contact.picker.ContactPicker time=7ms latency=6622ms running=0ms procState=-1 historyMsgCount=512 (msgIndex=19 wall=280ms seq=26474 late=6823ms h=android.view.ViewRootImpl$ViewRootHandler c=android.widget.AbsListView$3) (msgIndex=311 wall=75ms seq=26766 late=6697ms h=android.view.Choreographer$FrameHandler c=android.view.Choreographer$FrameDisplayEventReceiver)
02-10 17:46:46.146 27415 27415 W Looper : PerfMonitor looperActivity : package=com.mbwhatsapp/.contact.picker.ContactPicker time=9ms latency=6403ms running=0ms procState=-1 historyMsgCount=512 (msgIndex=160 wall=75ms seq=26766 late=6697ms h=android.view.Choreographer$FrameHandler c=android.view.Choreographer$FrameDisplayEventReceiver)
02-10 17:46:46.166 27415 27415 W Looper : PerfMonitor looperActivity : package=com.mbwhatsapp/.contact.picker.ContactPicker time=3ms latency=6210ms running=0ms procState=-1 historyMsgCount=512
02-10 17:46:46.187 27415 27415 W Looper : PerfMonitor looperActivity : package=com.mbwhatsapp/.contact.picker.ContactPicker time=0ms latency=5821ms running=0ms procState=-1 historyMsgCount=512
02-10 17:46:46.197 27415 27415 W Looper : PerfMonitor looperActivity : package=com.mbwhatsapp/.contact.picker.ContactPicker time=7ms latency=5815ms running=0ms procState=-1 historyMsgCount=512
02-10 17:46:46.736 27415 27578 W com.mbwhatsapp: Accessing hidden method Landroid/app/MiuiNotification;-><init>()V (blocked, reflection, denied)
02-10 17:46:50.709 27415 27578 W com.mbwhatsapp: Accessing hidden method Landroid/app/MiuiNotification;-><init>()V (blocked, reflection, denied)
02-10 17:46:50.841 27415 27415 W Looper : PerfMonitor doFrame : time=118ms vsyncFrame=0 latency=4692ms procState=-1 historyMsgCount=512
02-10 17:46:51.617 27415 27578 W com.mbwhatsapp: Accessing hidden method Landroid/app/MiuiNotification;-><init>()V (blocked, reflection, denied)
02-10 17:46:53.586 27415 27415 W Looper : PerfMonitor looperActivity : package=com.mbwhatsapp/.contact.picker.ContactPicker time=3ms latency=4229ms running=0ms procState=-1 historyMsgCount=512
02-10 17:46:53.595 27415 27415 W Looper : PerfMonitor looperActivity : package=com.mbwhatsapp/.contact.picker.ContactPicker time=6ms latency=4226ms running=0ms procState=-1 historyMsgCount=512
02-10 17:46:53.682 27415 27415 W Looper : PerfMonitor looperActivity : package=com.mbwhatsapp/.contact.picker.ContactPicker time=8ms latency=4105ms running=0ms procState=-1 historyMsgCount=512
02-10 17:46:53.709 27415 27415 W Looper : PerfMonitor looperActivity : package=com.mbwhatsapp/.contact.picker.ContactPicker time=2ms latency=4079ms running=0ms procState=-1 historyMsgCount=512
02-10 17:46:53.885 27415 27415 W Looper : PerfMonitor looperActivity : package=com.mbwhatsapp/.contact.picker.ContactPicker time=0ms latency=3787ms running=0ms procState=-1 historyMsgCount=512
02-10 17:46:53.904 27415 27415 W Looper : PerfMonitor looperActivity : package=com.mbwhatsapp/.contact.picker.ContactPicker time=7ms latency=3791ms running=0ms procState=-1 historyMsgCount=512
02-10 17:46:54.640 27415 27415 W Looper : PerfMonitor doFrame : time=107ms vsyncFrame=0 latency=3799ms procState=-1 historyMsgCount=512
02-10 17:46:55.609 27415 27578 W com.mbwhatsapp: Accessing hidden method Landroid/app/MiuiNotification;-><init>()V (blocked, reflection, denied) --------- beginning of main
02-10 17:47:00.019 28250 28250 E com.mbwhatsapp: Not starting debugger since process cannot load the jdwp agent.
02-10 17:47:00.097 28250 28250 W ResourceType: CREATING STRING CACHE OF 192 bytes
02-10 17:47:00.106 28250 28250 W System.err: java.lang.ClassNotFoundException: mbmodsd.mbmodsw.ui.views.btn.BtnBK
02-10 17:47:00.106 28250 28250 W System.err: at java.lang.Runtime.nativeLoad(Native Method)
02-10 17:47:00.106 28250 28250 W System.err: at java.lang.Runtime.nativeLoad(Runtime.java:1126)
02-10 17:47:00.106 28250 28250 W System.err: at java.lang.Runtime.loadLibrary0(Runtime.java:1080)
02-10 17:47:00.106 28250 28250 W System.err: at java.lang.Runtime.loadLibrary0(Runtime.java:1003)
02-10 17:47:00.106 28250 28250 W System.err: at java.lang.System.loadLibrary(System.java:1661)
02-10 17:47:00.106 28250 28250 W System.err: at arm.EpicVm.<clinit>(Unknown Source:2)
02-10 17:47:00.106 28250 28250 W System.err: at java.lang.Class.newInstance(Native Method)
02-10 17:47:00.106 28250 28250 W System.err: at android.app.AppComponentFactory.instantiateApplication(AppComponentFactory.java:76)
02-10 17:47:00.106 28250 28250 W System.err: at androidx.core.app.CoreComponentFactory.instantiateApplication(Unknown Source:0)
02-10 17:47:00.106 28250 28250 W System.err: at android.app.Instrumentation.newApplication(Instrumentation.java:1189)
02-10 17:47:00.106 28250 28250 W System.err: at android.app.LoadedApk.makeApplication(LoadedApk.java:1379)
02-10 17:47:00.106 28250 28250 W System.err: at android.app.ActivityThread.handleBindApplication(ActivityThread.java:7075)
02-10 17:47:00.106 28250 28250 W System.err: at android.app.ActivityThread.access$1700(ActivityThread.java:275)
02-10 17:47:00.106 28250 28250 W System.err: at android.app.ActivityThread$H.handleMessage(ActivityThread.java:2185)
02-10 17:47:00.106 28250 28250 W System.err: at android.os.Handler.dispatchMessage(Handler.java:106)
02-10 17:47:00.106 28250 28250 W System.err: at android.os.Looper.loopOnce(Looper.java:211)
02-10 17:47:00.106 28250 28250 W System.err: at android.os.Looper.loop(Looper.java:300)
02-10 17:47:00.106 28250 28250 W System.err: at android.app.ActivityThread.main(ActivityThread.java:8301)
02-10 17:47:00.106 28250 28250 W System.err: at java.lang.reflect.Method.invoke(Native Method)
02-10 17:47:00.106 28250 28250 W System.err: at com.android.internal.os.RuntimeInit$MethodAndArgsCaller.run(RuntimeInit.java:577)
02-10 17:47:00.106 28250 28250 W System.err: at com.android.internal.os.ZygoteInit.main(ZygoteInit.java:1076)
02-10 17:47:00.118 28250 28250 E CustomActivityOnCrash: IMPORTANT WARNING! You already have an UncaughtExceptionHandler, are you sure this is correct? If you use a custom UncaughtExceptionHandler, you must initialize it AFTER CustomActivityOnCrash! Installing anyway, but your original handler will not be called.
02-10 17:47:00.302 28250 28250 W com.mbwhatsapp: Accessing hidden method Lcom/android/org/conscrypt/OpenSSLSocketImpl;->setUseSessionTickets(Z)V (max- target-q,core-platform-api, reflection, denied)
02-10 17:47:00.302 28250 28250 W com.mbwhatsapp: Accessing hidden method Lcom/android/org/conscrypt/AbstractConscryptSocket;->setUseSessionTickets(Z)V (max- target-q, reflection, denied)
02-10 17:47:00.333 28250 28250 W com.mbwhatsapp: type=1400 audit(0.0:127706): avc: granted { execute } for path="/data/data/com.mbwhatsapp/files/decompressed/libs.spk.zst/libc++_shared.so" dev="dm-9" ino=957947 scontext=u:r:untrusted_app:s0:c39,c257,c512,c768 tcontext=u:object_r:app_data_file:s0:c39,c257,c512,c768 tclass=file app=com.mbwhatsapp
02-10 17:47:00.337 28250 28250 W com.mbwhatsapp: type=1400 audit(0.0:127707): avc: granted { execute } for path="/data/data/com.mbwhatsapp/files/decompressed/libs.spk.zst/libvlc.so" dev="dm- 9" ino=957937 scontext=u:r:untrusted_app:s0:c39,c257,c512,c768 tcontext=u:object_r:app_data_file:s0:c39,c257,c512,c768 tclass=file app=com.mbwhatsapp
02-10 17:47:00.345 28250 28250 W com.mbwhatsapp: type=1400 audit(0.0:127708): avc: granted { execute } for path="/data/data/com.mbwhatsapp/files/decompressed/libs.spk.zst/libwhatsapp.so" dev="dm-9" ino=957939 scontext=u:r:untrusted_app:s0:c39,c257,c512,c768 tcontext=u:object_r:app_data_file:s0:c39,c257,c512,c768 tclass=file app=com.mbwhatsapp
02-10 17:47:00.365 28250 28250 W com.mbwhatsapp: type=1400 audit(0.0:127709): avc: granted { execute } for path="/data/data/com.mbwhatsapp/files/decompressed/libs.spk.zst/libcurve25519.so" dev="dm-9" ino=957942 scontext=u:r:untrusted_app:s0:c39,c257,c512,c768 tcontext=u:object_r:app_data_file:s0:c39,c257,c512,c768 tclass=file app=com.mbwhatsapp
02-10 17:47:00.373 28250 28250 W com.mbwhatsapp: type=1400 audit(0.0:127710): avc: granted { execute } for path="/data/data/com.mbwhatsapp/files/decompressed/libs.spk.zst/libwhatsapp.so" dev="dm-9" ino=957939 scontext=u:r:untrusted_app:s0:c39,c257,c512,c768 tcontext=u:object_r:app_data_file:s0:c39,c257,c512,c768 tclass=file app=com.mbwhatsapp
02-10 17:47:00.373 28250 28250 W com.mbwhatsapp: type=1400 audit(0.0:127711): avc: granted { execute } for path="/data/data/com.mbwhatsapp/files/decompressed/libs.spk.zst/libwhatsapp.so" dev="dm-9" ino=957939 scontext=u:r:untrusted_app:s0:c39,c257,c512,c768 tcontext=u:object_r:app_data_file:s0:c39,c257,c512,c768 tclass=file app=com.mbwhatsapp
02-10 17:47:00.373 28250 28250 W com.mbwhatsapp: type=1400 audit(0.0:127712): avc: granted { execute } for path="/data/data/com.mbwhatsapp/files/decompressed/libs.spk.zst/libwhatsapp.so" dev="dm-9" ino=957939 scontext=u:r:untrusted_app:s0:c39,c257,c512,c768 tcontext=u:object_r:app_data_file:s0:c39,c257,c512,c768 tclass=file app=com.mbwhatsapp
02-10 17:47:01.585 28250 28435 W com.mbwhatsapp: Accessing hidden method Landroid/app/MiuiNotification;-><init>()V (blocked, reflection, denied)
02-10 17:47:01.607 28250 28435 W com.mbwhatsapp: Accessing hidden method Landroid/app/MiuiNotification;-><init>()V (blocked, reflection, denied)
02-10 17:47:01.675 28250 28435 W com.mbwhatsapp: Accessing hidden method Landroid/app/MiuiNotification;-><init>()V (blocked, reflection, denied)
02-10 17:47:01.850 28250 28435 W com.mbwhatsapp: Accessing hidden method Landroid/app/MiuiNotification;-><init>()V (blocked, reflection, denied)
02-10 17:47:02.168 28250 28435 W com.mbwhatsapp: Accessing hidden method Landroid/app/MiuiNotification;-><init>()V (blocked, reflection, denied)
02-10 17:47:02.457 28250 28435 W com.mbwhatsapp: Accessing hidden method Landroid/app/MiuiNotification;-><init>()V (blocked, reflection, denied)
02-10 17:47:02.512 28250 28435 W com.mbwhatsapp: Accessing hidden method Landroid/app/MiuiNotification;-><init>()V (blocked, reflection, denied)
02-10 17:47:02.570 28250 28435 W com.mbwhatsapp: Accessing hidden method Landroid/app/MiuiNotification;-><init>()V (blocked, reflection, denied) --------- beginning of system
02-10 17:47:02.811 28250 28250 E MiuiMultiWindowUtils: initFreeFormResolutionArgs failed, device is earth
02-10 17:47:02.905 28250 28448 E QT : [QT]file does not exist
02-10 17:47:03.400 28250 28250 E ArmVmp : Match on catch block at 0x0a in for 0x7d337b2031
02-10 17:47:03.439 28250 28451 W com.mbwhatsapp: Accessing hidden method Lcom/android/org/conscrypt/ConscryptEngineSocket;->setUseSessionTickets(Z)V (max- target-q,core-platform-api, reflection, denied)
02-10 17:47:03.439 28250 28451 W com.mbwhatsapp: Accessing hidden method Lcom/android/org/conscrypt/OpenSSLSocketImpl;->setUseSessionTickets(Z)V (max- target-q,core-platform-api, reflection, denied)
02-10 17:47:03.439 28250 28451 W com.mbwhatsapp: Accessing hidden method Lcom/android/org/conscrypt/AbstractConscryptSocket;->setUseSessionTickets(Z)V (max- target-q, reflection, denied)
02-10 17:47:03.439 28250 28451 W com.mbwhatsapp: Accessing hidden method Lcom/android/org/conscrypt/ConscryptEngineSocket;->setHostname(Ljava/lang/String;)V (max-target-q,core-platform-api, reflection, denied)
02-10 17:47:03.440 28250 28451 W com.mbwhatsapp: Accessing hidden method Lcom/android/org/conscrypt/OpenSSLSocketImpl;->setHostname(Ljava/lang/String;)V (max-target-q,core-platform-api, reflection, denied)
02-10 17:47:03.440 28250 28451 W com.mbwhatsapp: Accessing hidden method Lcom/android/org/conscrypt/AbstractConscryptSocket;->setHostname(Ljava/lang/ String;)V (max-target-q, reflection, denied)
02-10 17:47:03.440 28250 28451 W com.mbwhatsapp: Accessing hidden method Lcom/android/org/conscrypt/OpenSSLSocketImpl;->setAlpnProtocols([B)V (max-target- q,core-platform-api, reflection, denied)
02-10 17:47:03.440 28250 28451 W com.mbwhatsapp: Accessing hidden method Lcom/android/org/conscrypt/AbstractConscryptSocket;->setAlpnProtocols([B)V (max- target-q, reflection, denied)
02-10 17:47:03.445 28250 28250 E ArmVmp : Match on catch block at 0x0a in for 0x7d337b204d
02-10 17:47:03.554 28250 28451 W com.mbwhatsapp: Accessing hidden method Lcom/android/org/conscrypt/OpenSSLSocketImpl;->getAlpnSelectedProtocol()[B (max- target-q,core-platform-api, reflection, denied)
02-10 17:47:03.554 28250 28451 W com.mbwhatsapp: Accessing hidden method Lcom/android/org/conscrypt/AbstractConscryptSocket;->getAlpnSelectedProtocol()[B (max-target-q, reflection, denied)
02-10 17:47:03.622 28250 28250 W Activity: PerfMonitor: Slow Operation: Activity com.mbwhatsapp/.HomeActivity onCreate took 707ms
02-10 17:47:03.688 28250 28250 W Looper : PerfMonitor looperActivity : package=com.mbwhatsapp/.HomeActivity time=0ms latency=805ms running=0ms procState=-1 historyMsgCount=5 (msgIndex=5 wall=792ms seq=1308 late=13ms h=android.app.ActivityThread$H w=159)
02-10 17:47:03.718 28250 28435 W com.mbwhatsapp: Accessing hidden method Landroid/app/MiuiNotification;-><init>()V (blocked, reflection, denied)
02-10 17:47:03.767 28250 28250 W Looper : PerfMonitor looperActivity : package=com.mbwhatsapp/.HomeActivity time=0ms latency=311ms running=0ms procState=-1 historyMsgCount=512
02-10 17:47:03.803 28250 28250 W Looper : PerfMonitor looperActivity : package=com.mbwhatsapp/.HomeActivity time=32ms latency=312ms running=0ms procState=-1 historyMsgCount=512
02-10 17:47:04.169 28250 28447 E OpenGLRenderer: EglManager::makeCurrent mED = 0xb400007c643d48c0, surface = 0x0, mEC = 0xb400007c816d4700, error = EGL_SUCCESS
02-10 17:47:04.175 28250 28447 E libEGL : pre_cache appList: com.sina.weibo,com.smile.gifmaker,com.ss.android.article.news,com.ss.android.ugc.aw eme,com.taobao.taobao,com.tencent.mm,tv.danmaku.bili,
02-10 17:47:04.945 28250 28250 E RecyclerView: No adapter attached; skipping layout
02-10 17:47:05.043 28250 28447 E OpenGLRenderer: fbcNotifyFrameComplete error: undefined symbol: fbcNotifyFrameComplete
02-10 17:47:05.043 28250 28447 E OpenGLRenderer: fbcNotifyNoRender error: undefined symbol: fbcNotifyNoRender
02-10 17:47:05.051 28250 28250 W Looper : PerfMonitor longMsg : seq=2882 plan=17:47:03.691 late=150ms wall=1210ms running=0ms h=android.view.Choreographer$FrameHandler c=android.view.Choreographer$FrameDisplayEventReceiver procState=-1
02-10 17:47:05.051 28250 28250 W Looper : PerfMonitor doFrame : time=1210ms vsyncFrame=0 latency=150ms procState=-1 historyMsgCount=512
02-10 17:47:05.133 28250 28435 W com.mbwhatsapp: Accessing hidden method Landroid/app/MiuiNotification;-><init>()V (blocked, reflection, denied)
02-10 17:47:05.259 28250 28447 E OpenGLRenderer: EglManager::makeCurrent mED = 0xb400007c643d48c0, surface = 0x0, mEC = 0xb400007c816d4700, error = EGL_SUCCESS
02-10 17:47:05.268 28250 28250 E RecyclerView: No adapter attached; skipping layout
02-10 17:47:05.282 28250 28250 W Looper : PerfMonitor doFrame : time=70ms vsyncFrame=0 latency=1355ms procState=-1 historyMsgCount=512
02-10 17:47:05.308 28250 28250 E ArmVmp : Match on catch block at 0x0a in for 0x7d337b2035
02-10 17:47:05.317 28250 28250 W Looper : PerfMonitor looperActivity : package=com.mbwhatsapp/mbmodsd.mbmodsw.mbsettings.yo.PauseActivity time=13ms latency=1258ms running=0ms procState=-1 historyMsgCount=512 (msgIndex=466 wall=70ms seq=3808 late=1355ms h=android.view.Choreographer$FrameHandler c=android.view.Choreographer$FrameDisplayEventReceiver)
02-10 17:47:05.317 28250 28250 W Looper : PerfMonitor looperActivity : package=com.mbwhatsapp/mbmodsd.mbmodsw.mbsettings.yo.PauseActivity time=0ms latency=1271ms running=0ms procState=-1 historyMsgCount=512 (msgIndex=465 wall=70ms seq=3808 late=1355ms h=android.view.Choreographer$FrameHandler c=android.view.Choreographer$FrameDisplayEventReceiver)
02-10 17:47:05.668 28250 28447 E OpenGLRenderer: EglManager::makeCurrent mED = 0xb400007c643d48c0, surface = 0x0, mEC = 0xb400007c816d4700, error = EGL_SUCCESS
02-10 17:47:05.833 28250 28250 W Looper : PerfMonitor doFrame : time=169ms vsyncFrame=0 latency=441ms procState=-1 historyMsgCount=512
02-10 17:47:05.837 28250 28250 W Looper : PerfMonitor looperActivity : package=com.mbwhatsapp/mbmodsd.mbmodsw.mbsettings.yo.PauseActivity time=0ms latency=523ms running=0ms procState=-1 historyMsgCount=512 (msgIndex=499 wall=169ms seq=5194 late=441ms h=android.view.Choreographer$FrameHandler c=android.view.Choreographer$FrameDisplayEventReceiver)
02-10 17:47:05.839 28250 28250 W Looper : PerfMonitor looperActivity : package=com.mbwhatsapp/mbmodsd.mbmodsw.mbsettings.yo.PauseActivity time=1ms latency=525ms running=0ms procState=-1 historyMsgCount=512 (msgIndex=498 wall=169ms seq=5194 late=441ms h=android.view.Choreographer$FrameHandler c=android.view.Choreographer$FrameDisplayEventReceiver)
02-10 17:47:05.842 28250 28313 E SQLiteDatabase: Error inserting transferred=0 media_job_uuid=40e013ef-7878-41b0-8edd-bc4407c4dffc transcoded=0 gif_attribution=0 first_scan_length=1524 direct_path=/o1/v/t62.7118-24/f1/m233/up-oil-image-a33387d6- 2677-49a0-92ba-feca6c2924de?ccb=9- 4&oh=01_AdRj1bzjHVr0dI8t6VsJoy3HPGzlPfKbgTYHvNhczqB7tQ&oe=65EED161&_nc_sid=000000&_ nc_hot=1707562003 thumbnail_height_width_ratio=0.9861111 is_animated_sticker=0 file_hash=hR78G9zkNHlZHzsi9gArDrPuYsSs3OLxObxONuaQ2cg= file_path=null file_size=0 partial_media_hash=d0RObS8cHfsNXNKWFUSACx/IFX0xHh2DtHi/RvSMhqk= face_x=0 face_y=0 height=399 trim_to=0 media_key_timestamp=1707559832000 message_url=https://mmg.whatsapp.net/o1/v/t62.7118-24/f1/m233/up-oil-image- a33387d6-2677-49a0-92ba-feca6c2924de?ccb=9- 4&oh=01_AdRj1bzjHVr0dI8t6VsJoy3HPGzlPfKbgTYHvNhczqB7tQ&oe=65EED161&_nc_sid=000000&m ms3=true media_caption=null trim_from=0 mime_type=image/jpeg partial_media_enc_hash=null width=400 original_file_hash=null has_streaming_sidecar=1 autotransfer_retry_enabled=1 media_upload_handle=null message_row_id=1538 multicast_id=null enc_file_hash=HE7erTOiceZkndmi0hqq5cZtZawxisq/fCL0WFjLNkE= mute_video=0 page_count=0 first_scan_sidecar=[B@68e61cf suspicious_content=0 file_length=17490 media_name=null media_duration=0 chat_row_id=71 media_key=[B@186e75c
02-10 17:47:05.842 28250 28313 E SQLiteDatabase: android.database.sqlite.SQLiteConstraintException: UNIQUE constraint failed: message_media.message_row_id (code 1555 SQLITE_CONSTRAINT_PRIMARYKEY)
02-10 17:47:05.842 28250 28313 E SQLiteDatabase: at android.database.sqlite.SQLiteConnection.nativeExecuteForLastInsertedRowId(Native Method)
02-10 17:47:05.842 28250 28313 E SQLiteDatabase: at android.database.sqlite.SQLiteConnection.executeForLastInsertedRowId(SQLiteConnecti on.java:940)
02-10 17:47:05.842 28250 28313 E SQLiteDatabase: at android.database.sqlite.SQLiteSession.executeForLastInsertedRowId(SQLiteSession.jav a:790)
02-10 17:47:05.842 28250 28313 E SQLiteDatabase: at android.database.sqlite.SQLiteStatement.executeInsert(SQLiteStatement.java:89)
02-10 17:47:05.842 28250 28313 E SQLiteDatabase: at android.database.sqlite.SQLiteDatabase.insertWithOnConflict(SQLiteDatabase.java:170 2)
02-10 17:47:05.842 28250 28313 E SQLiteDatabase: at android.database.sqlite.SQLiteDatabase.insert(SQLiteDatabase.java:1571)
02-10 17:47:05.842 28250 28313 E SQLiteDatabase: at X.2tm.A08(Unknown Source:6)
02-10 17:47:05.842 28250 28313 E SQLiteDatabase: at X.35Y.A07(Unknown Source:212)
02-10 17:47:05.842 28250 28313 E SQLiteDatabase: at X.3QF.A14(Unknown Source:470)
02-10 17:47:05.842 28250 28313 E SQLiteDatabase: at X.3gU.run(Unknown Source:982)
02-10 17:47:05.842 28250 28313 E SQLiteDatabase: at android.os.Handler.handleCallback(Handler.java:938)
02-10 17:47:05.842 28250 28313 E SQLiteDatabase: at android.os.Handler.dispatchMessage(Handler.java:99)
02-10 17:47:05.842 28250 28313 E SQLiteDatabase: at X.0zq.dispatchMessage(Unknown Source:4)
02-10 17:47:05.842 28250 28313 E SQLiteDatabase: at android.os.Looper.loopOnce(Looper.java:211)
02-10 17:47:05.842 28250 28313 E SQLiteDatabase: at android.os.Looper.loop(Looper.java:300)
02-10 17:47:05.842 28250 28313 E SQLiteDatabase: at android.os.HandlerThread.run(HandlerThread.java:67)
02-10 17:47:05.951 28250 28435 W com.mbwhatsapp: Accessing hidden method Landroid/app/MiuiNotification;-><init>()V (blocked, reflection, denied)
02-10 17:47:06.158 28250 28258 W com.mbwhatsapp: Cleared Reference was only reachable from finalizer (only reported once)
02-10 17:47:06.161 28250 28250 W Looper : PerfMonitor looperActivity : package=com.mbwhatsapp/.HomeActivity time=0ms latency=344ms running=0ms procState=-1 historyMsgCount=512
02-10 17:47:06.188 28250 28250 W Looper : PerfMonitor looperActivity : package=com.mbwhatsapp/.HomeActivity time=26ms latency=343ms running=0ms procState=-1 historyMsgCount=512
02-10 17:47:06.207 28250 28313 E SQLiteDatabase: Error inserting transferred=0 media_job_uuid=5efaf2f7-51a3-441c-b8b3-fb7ad14b4211 transcoded=0 gif_attribution=0 first_scan_length=7166 direct_path=/o1/v/t62.7118-24/f1/m233/up-oil-image-169ea08f- 73ac-4912-b50d-e6f7971ea97e?ccb=9- 4&oh=01_AdSQwk99NPoB4BFLtL1WRb5Imetg31qYvLrG2dtd1eZWcg&oe=65EEBCA0&_nc_sid=000000 thumbnail_height_width_ratio=2.25 is_animated_sticker=0 file_hash=U6++G/xjWFmaU63te3B0gqRQhYLvg1V+IDRUsfACVok= file_path=null file_size=0 partial_media_hash=IJ38I7hq1Gts1MkqabZ2dU+WW7wa0iCLrIKFgk6r5xg= face_x=0 face_y=0 height=1280 trim_to=0 media_key_timestamp=1707562006000 message_url=https://mmg.whatsapp.net/o1/v/t62.7118-24/f1/m233/up-oil-image- 169ea08f-73ac-4912-b50d-e6f7971ea97e?ccb=9- 4&oh=01_AdSQwk99NPoB4BFLtL1WRb5Imetg31qYvLrG2dtd1eZWcg&oe=65EEBCA0&_nc_sid=000000&m ms3=true media_caption=null trim_from=0 mime_type=image/jpeg partial_media_enc_hash=null width=576 original_file_hash=null has_streaming_sidecar=1 autotransfer_retry_enabled=1 media_upload_handle=null message_row_id=1540 multicast_id=null enc_file_hash=OW9p7W24qhGdwrIJ6A9JrhNOB/RKdZRueeE99sNwVXw= mute_video=0 page_count=0 first_scan_sidecar=[B@f98e762 suspicious_content=0 file_length=90669 media_name=null media_duration=0 chat_row_id=178 media_key=[B@26690f3
02-10 17:47:06.207 28250 28313 E SQLiteDatabase: android.database.sqlite.SQLiteConstraintException: UNIQUE constraint failed: message_media.message_row_id (code 1555 SQLITE_CONSTRAINT_PRIMARYKEY)
02-10 17:47:06.207 28250 28313 E SQLiteDatabase: at android.database.sqlite.SQLiteConnection.nativeExecuteForLastInsertedRowId(Native Method)
02-10 17:47:06.207 28250 28313 E SQLiteDatabase: at android.database.sqlite.SQLiteConnection.executeForLastInsertedRowId(SQLiteConnecti on.java:940)
02-10 17:47:06.207 28250 28313 E SQLiteDatabase: at android.database.sqlite.SQLiteSession.executeForLastInsertedRowId(SQLiteSession.jav a:790)
02-10 17:47:06.207 28250 28313 E SQLiteDatabase: at android.database.sqlite.SQLiteStatement.executeInsert(SQLiteStatement.java:89)
02-10 17:47:06.207 28250 28313 E SQLiteDatabase: at android.database.sqlite.SQLiteDatabase.insertWithOnConflict(SQLiteDatabase.java:170 2)
02-10 17:47:06.207 28250 28313 E SQLiteDatabase: at android.database.sqlite.SQLiteDatabase.insert(SQLiteDatabase.java:1571)
02-10 17:47:06.207 28250 28313 E SQLiteDatabase: at X.2tm.A08(Unknown Source:6)
02-10 17:47:06.207 28250 28313 E SQLiteDatabase: at X.35Y.A07(Unknown Source:212)
02-10 17:47:06.207 28250 28313 E SQLiteDatabase: at X.3QF.A14(Unknown Source:470)
02-10 17:47:06.207 28250 28313 E SQLiteDatabase: at X.3gU.run(Unknown Source:982)
02-10 17:47:06.207 28250 28313 E SQLiteDatabase: at android.os.Handler.handleCallback(Handler.java:938)
02-10 17:47:06.207 28250 28313 E SQLiteDatabase: at android.os.Handler.dispatchMessage(Handler.java:99)
02-10 17:47:06.207 28250 28313 E SQLiteDatabase: at X.0zq.dispatchMessage(Unknown Source:4)
02-10 17:47:06.207 28250 28313 E SQLiteDatabase: at android.os.Looper.loopOnce(Looper.java:211)
02-10 17:47:06.207 28250 28313 E SQLiteDatabase: at android.os.Looper.loop(Looper.java:300)
02-10 17:47:06.207 28250 28313 E SQLiteDatabase: at android.os.HandlerThread.run(HandlerThread.java:67)
02-10 17:47:06.246 28250 28435 W com.mbwhatsapp: Accessing hidden method Landroid/app/MiuiNotification;-><init>()V (blocked, reflection, denied)
02-10 17:47:06.498 28250 28250 W Looper : PerfMonitor doFrame : time=209ms vsyncFrame=0 latency=333ms procState=-1 historyMsgCount=512
02-10 17:47:06.545 28250 28435 W com.mbwhatsapp: Accessing hidden method Landroid/app/MiuiNotification;-><init>()V (blocked, reflection, denied)
02-10 17:47:06.594 28250 28435 W com.mbwhatsapp: Accessing hidden method Landroid/app/MiuiNotification;-><init>()V (blocked, reflection, denied)
02-10 17:47:07.204 28250 28250 W MirrorManager: this model don't Support
02-10 17:47:07.275 28250 28435 W com.mbwhatsapp: Accessing hidden method Landroid/app/MiuiNotification;-><init>()V (blocked, reflection, denied)
02-10 17:47:07.322 28250 28435 W com.mbwhatsapp: Accessing hidden method Landroid/app/MiuiNotification;-><init>()V (blocked, reflection, denied)
02-10 17:47:07.648 28250 28435 W com.mbwhatsapp: Accessing hidden method Landroid/app/MiuiNotification;-><init>()V (blocked, reflection, denied)
02-10 17:47:07.684 28250 28435 W com.mbwhatsapp: Accessing hidden method Landroid/app/MiuiNotification;-><init>()V (blocked, reflection, denied)
02-10 17:47:07.938 28250 28435 W com.mbwhatsapp: Accessing hidden method Landroid/app/MiuiNotification;-><init>()V (blocked, reflection, denied)
02-10 17:47:08.116 28250 28435 W com.mbwhatsapp: Accessing hidden method Landroid/app/MiuiNotification;-><init>()V (blocked, reflection, denied)
02-10 17:47:08.393 28250 28435 W com.mbwhatsapp: Accessing hidden method Landroid/app/MiuiNotification;-><init>()V (blocked, reflection, denied)
02-10 17:47:08.639 28250 28435 W com.mbwhatsapp: Accessing hidden method Landroid/app/MiuiNotification;-><init>()V (blocked, reflection, denied)
02-10 17:47:08.870 28250 28435 W com.mbwhatsapp: Accessing hidden method Landroid/app/MiuiNotification;-><init>()V (blocked, reflection, denied)
02-10 17:47:09.086 28250 28435 W com.mbwhatsapp: Accessing hidden method Landroid/app/MiuiNotification;-><init>()V (blocked, reflection, denied)
02-10 17:47:09.150 28250 28435 W com.mbwhatsapp: Accessing hidden method Landroid/app/MiuiNotification;-><init>()V (blocked, reflection, denied)
02-10 17:47:09.900 28250 28435 W com.mbwhatsapp: Accessing hidden method Landroid/app/MiuiNotification;-><init>()V (blocked, reflection, denied)
