02-10 17:56:44.687 29718 29718 E ArmVmp : Match on catch block at 0xc3 in for 0x7d337b2025
02-10 17:56:44.689 29718 29718 E ArmVmp : Match on catch block at 0xc3 in for 0x7d337b2025
02-10 17:56:44.701 29718 29718 E ArmVmp : Match on catch block at 0xc3 in for 0x7d337b2025
02-10 17:56:44.705 29718 29718 E ArmVmp : Match on catch block at 0xc3 in for 0x7d337b2025
02-10 17:56:44.709 29718 29718 E ArmVmp : Match on catch block at 0xc3 in for 0x7d337b2025
02-10 17:56:44.718 29718 29718 E ArmVmp : Match on catch block at 0xc3 in for 0x7d337b2025
02-10 17:56:44.721 29718 29718 E ArmVmp : Match on catch block at 0xc3 in for 0x7d337b2025
02-10 17:56:44.723 29718 29718 E ArmVmp : Match on catch block at 0xc3 in for 0x7d337b2025
02-10 17:56:44.868 29718 29718 E ArmVmp : Match on catch block at 0xc3 in for 0x7d337b2025
02-10 17:56:44.871 29718 29718 E ArmVmp : Match on catch block at 0xc3 in for 0x7d337b2025
02-10 17:56:44.873 29718 29718 E ArmVmp : Match on catch block at 0xc3 in for 0x7d337b2025
02-10 17:56:45.252 29718 29718 E ArmVmp : Match on catch block at 0xc3 in for 0x7d337b2025
02-10 17:56:45.257 29718 29718 E ArmVmp : Match on catch block at 0xc3 in for 0x7d337b2025
02-10 17:56:45.260 29718 29718 E ArmVmp : Match on catch block at 0xc3 in for 0x7d337b2025
02-10 17:56:45.368 29718 29718 E ArmVmp : Match on catch block at 0xc3 in for 0x7d337b2025
02-10 17:56:45.371 29718 29718 E ArmVmp : Match on catch block at 0xc3 in for 0x7d337b2025
02-10 17:56:45.373 29718 29718 E ArmVmp : Match on catch block at 0xc3 in for 0x7d337b2025
02-10 17:56:45.585 29718 29718 E ArmVmp : Match on catch block at 0xc3 in for 0x7d337b2025
02-10 17:56:45.588 29718 29718 E ArmVmp : Match on catch block at 0xc3 in for 0x7d337b2025
02-10 17:56:45.590 29718 29718 E ArmVmp : Match on catch block at 0xc3 in for 0x7d337b2025
02-10 17:56:45.767 29718 29718 E ArmVmp : Match on catch block at 0xc3 in for 0x7d337b2025
02-10 17:56:45.769 29718 29718 E ArmVmp : Match on catch block at 0xc3 in for 0x7d337b2025
02-10 17:56:45.771 29718 29718 E ArmVmp : Match on catch block at 0xc3 in for 0x7d337b2025
02-10 17:56:45.784 29718 29718 E ArmVmp : Match on catch block at 0xc3 in for 0x7d337b2025
02-10 17:56:45.786 29718 29718 E ArmVmp : Match on catch block at 0xc3 in for 0x7d337b2025
02-10 17:56:45.788 29718 29718 E ArmVmp : Match on catch block at 0xc3 in for 0x7d337b2025
02-10 17:56:45.850 29718 29718 E ArmVmp : Match on catch block at 0xc3 in for 0x7d337b2025
02-10 17:56:45.853 29718 29718 E ArmVmp : Match on catch block at 0xc3 in for 0x7d337b2025
02-10 17:56:45.855 29718 29718 E ArmVmp : Match on catch block at 0xc3 in for 0x7d337b2025
02-10 17:56:45.967 29718 29718 E ArmVmp : Match on catch block at 0xc3 in for 0x7d337b2025
02-10 17:56:45.969 29718 29718 E ArmVmp : Match on catch block at 0xc3 in for 0x7d337b2025
02-10 17:56:45.971 29718 29718 E ArmVmp : Match on catch block at 0xc3 in for 0x7d337b2025
02-10 17:56:46.035 29718 29718 E ArmVmp : Match on catch block at 0xc3 in for 0x7d337b2025
02-10 17:56:46.041 29718 29718 E ArmVmp : Match on catch block at 0xc3 in for 0x7d337b2025
02-10 17:56:46.042 29718 29718 E ArmVmp : Match on catch block at 0xc3 in for 0x7d337b2025
02-10 17:56:46.134 29718 29718 E ArmVmp : Match on catch block at 0xc3 in for 0x7d337b2025
02-10 17:56:46.140 29718 29718 E ArmVmp : Match on catch block at 0xc3 in for 0x7d337b2025
02-10 17:56:46.144 29718 29718 E ArmVmp : Match on catch block at 0xc3 in for 0x7d337b2025
02-10 17:56:46.633 29718 29718 E ArmVmp : Match on catch block at 0xc3 in for 0x7d337b2025
02-10 17:56:46.635 29718 29718 E ArmVmp : Match on catch block at 0xc3 in for 0x7d337b2025
02-10 17:56:46.636 29718 29718 E ArmVmp : Match on catch block at 0xc3 in for 0x7d337b2025
02-10 17:56:46.669 29718 29718 E ArmVmp : Match on catch block at 0xc3 in for 0x7d337b2025
02-10 17:56:46.676 29718 29718 E ArmVmp : Match on catch block at 0xc3 in for 0x7d337b2025
02-10 17:56:46.680 29718 29718 E ArmVmp : Match on catch block at 0xc3 in for 0x7d337b2025
02-10 17:56:46.728 29718 29718 E ArmVmp : Match on catch block at 0xc3 in for 0x7d337b2025
02-10 17:56:46.734 29718 29718 E ArmVmp : Match on catch block at 0xc3 in for 0x7d337b2025
02-10 17:56:46.739 29718 29718 E ArmVmp : Match on catch block at 0xc3 in for 0x7d337b2025
02-10 17:56:46.775 29718 29718 E ArmVmp : Match on catch block at 0xc3 in for 0x7d337b2025
02-10 17:56:46.780 29718 29718 E ArmVmp : Match on catch block at 0xc3 in for 0x7d337b2025
02-10 17:56:46.786 29718 29718 E ArmVmp : Match on catch block at 0xc3 in for 0x7d337b2025
02-10 17:56:46.790 29718 29718 E ArmVmp : Match on catch block at 0xc3 in for 0x7d337b2025
02-10 17:56:46.816 29718 29718 E ArmVmp : Match on catch block at 0xc3 in for 0x7d337b2025
02-10 17:56:46.819 29718 29718 E ArmVmp : Match on catch block at 0xc3 in for 0x7d337b2025
02-10 17:56:46.874 29718 29718 E ArmVmp : Match on catch block at 0xc3 in for 0x7d337b2025
02-10 17:56:46.877 29718 29718 E ArmVmp : Match on catch block at 0xc3 in for 0x7d337b2025
02-10 17:56:46.906 29718 29718 E ArmVmp : Match on catch block at 0xc3 in for 0x7d337b2025
02-10 17:56:46.909 29718 29718 E ArmVmp : Match on catch block at 0xc3 in for 0x7d337b2025
02-10 17:56:46.919 29718 29718 E ArmVmp : Match on catch block at 0xc3 in for 0x7d337b2025
02-10 17:56:46.922 29718 29718 E ArmVmp : Match on catch block at 0xc3 in for 0x7d337b2025
02-10 17:56:46.934 29718 29718 E ArmVmp : Match on catch block at 0xc3 in for 0x7d337b2025
02-10 17:56:46.937 29718 29718 E ArmVmp : Match on catch block at 0xc3 in for 0x7d337b2025
02-10 17:56:46.951 29718 29718 E ArmVmp : Match on catch block at 0xc3 in for 0x7d337b2025
02-10 17:56:46.954 29718 29718 E ArmVmp : Match on catch block at 0xc3 in for 0x7d337b2025
02-10 17:56:46.968 29718 29718 E ArmVmp : Match on catch block at 0xc3 in for 0x7d337b2025
02-10 17:56:46.973 29718 29718 E ArmVmp : Match on catch block at 0xc3 in for 0x7d337b2025
02-10 17:56:46.983 29718 29718 E ArmVmp : Match on catch block at 0xc3 in for 0x7d337b2025
02-10 17:56:46.986 29718 29718 E ArmVmp : Match on catch block at 0xc3 in for 0x7d337b2025
02-10 17:56:47.188 29718 29718 E ArmVmp : Match on catch block at 0xc3 in for 0x7d337b2025
02-10 17:56:47.192 29718 29718 E ArmVmp : Match on catch block at 0xc3 in for 0x7d337b2025
02-10 17:56:47.201 29718 30343 W MediaPlayer: Use of stream types is deprecated for operations other than volume control
02-10 17:56:47.201 29718 30343 W MediaPlayer: See the documentation of setAudioStreamType() for what to use instead with android.media.AudioAttributes to qualify your playback use case
02-10 17:56:47.205 29718 29718 E ArmVmp : Match on catch block at 0xc3 in for 0x7d337b2025
02-10 17:56:47.209 29718 29718 E ArmVmp : Match on catch block at 0xc3 in for 0x7d337b2025
02-10 17:56:47.402 29718 29718 E ArmVmp : Match on catch block at 0xc3 in for 0x7d337b2025
02-10 17:56:47.404 29718 29718 E ArmVmp : Match on catch block at 0xc3 in for 0x7d337b2025
02-10 17:56:47.416 29718 29718 E ArmVmp : Match on catch block at 0xc3 in for 0x7d337b2025
02-10 17:56:47.418 29718 29718 E ArmVmp : Match on catch block at 0xc3 in for 0x7d337b2025
02-10 17:56:47.432 29718 29718 E ArmVmp : Match on catch block at 0xc3 in for 0x7d337b2025
02-10 17:56:47.435 29718 29718 E ArmVmp : Match on catch block at 0xc3 in for 0x7d337b2025
02-10 17:56:47.449 29718 29718 E ArmVmp : Match on catch block at 0xc3 in for 0x7d337b2025
02-10 17:56:47.452 29718 29718 E ArmVmp : Match on catch block at 0xc3 in for 0x7d337b2025
02-10 17:56:47.466 29718 29718 E ArmVmp : Match on catch block at 0xc3 in for 0x7d337b2025
02-10 17:56:47.469 29718 29718 E ArmVmp : Match on catch block at 0xc3 in for 0x7d337b2025
02-10 17:56:47.483 29718 29718 E ArmVmp : Match on catch block at 0xc3 in for 0x7d337b2025
02-10 17:56:47.485 29718 29718 E ArmVmp : Match on catch block at 0xc3 in for 0x7d337b2025
02-10 17:56:47.499 29718 29718 E ArmVmp : Match on catch block at 0xc3 in for 0x7d337b2025
02-10 17:56:47.502 29718 29718 E ArmVmp : Match on catch block at 0xc3 in for 0x7d337b2025
02-10 17:56:47.612 29718 29718 E ArmVmp : Match on catch block at 0xc3 in for 0x7d337b2025
02-10 17:56:47.615 29718 29718 E ArmVmp : Match on catch block at 0xc3 in for 0x7d337b2025
02-10 17:56:47.631 29718 29718 E ArmVmp : Match on catch block at 0xc3 in for 0x7d337b2025
02-10 17:56:47.634 29718 29718 E ArmVmp : Match on catch block at 0xc3 in for 0x7d337b2025
02-10 17:56:47.702 29718 29718 E ArmVmp : Match on catch block at 0xc3 in for 0x7d337b2025
02-10 17:56:47.705 29718 29718 E ArmVmp : Match on catch block at 0xc3 in for 0x7d337b2025
02-10 17:56:47.720 29718 29718 E ArmVmp : Match on catch block at 0xc3 in for 0x7d337b2025
02-10 17:56:47.762 29718 29718 E ArmVmp : Match on catch block at 0xc3 in for 0x7d337b2025
02-10 17:56:47.765 29718 29718 E ArmVmp : Match on catch block at 0xc3 in for 0x7d337b2025
02-10 17:56:47.779 29718 29718 E ArmVmp : Match on catch block at 0xc3 in for 0x7d337b2025
02-10 17:56:47.799 29718 29718 E ArmVmp : Match on catch block at 0xc3 in for 0x7d337b2025
02-10 17:56:47.803 29718 29718 E ArmVmp : Match on catch block at 0xc3 in for 0x7d337b2025
02-10 17:56:47.819 29718 29718 E ArmVmp : Match on catch block at 0xc3 in for 0x7d337b2025
02-10 17:56:47.843 29718 29718 E ArmVmp : Match on catch block at 0xc3 in for 0x7d337b2025
02-10 17:56:47.845 29718 29718 E ArmVmp : Match on catch block at 0xc3 in for 0x7d337b2025
02-10 17:56:47.862 29718 29718 E ArmVmp : Match on catch block at 0xc3 in for 0x7d337b2025
02-10 17:56:47.877 29718 29718 E ArmVmp : Match on catch block at 0xc3 in for 0x7d337b2025
02-10 17:56:47.879 29718 29718 E ArmVmp : Match on catch block at 0xc3 in for 0x7d337b2025
02-10 17:56:47.900 29718 29718 E ArmVmp : Match on catch block at 0xc3 in for 0x7d337b2025
02-10 17:56:47.912 29718 29718 E ArmVmp : Match on catch block at 0xc3 in for 0x7d337b2025
02-10 17:56:47.914 29718 29718 E ArmVmp : Match on catch block at 0xc3 in for 0x7d337b2025
02-10 17:56:47.933 29718 29718 E ArmVmp : Match on catch block at 0xc3 in for 0x7d337b2025
02-10 17:56:47.949 29718 29718 E ArmVmp : Match on catch block at 0xc3 in for 0x7d337b2025
02-10 17:56:47.951 29718 29718 E ArmVmp : Match on catch block at 0xc3 in for 0x7d337b2025
02-10 17:56:47.969 29718 29718 E ArmVmp : Match on catch block at 0xc3 in for 0x7d337b2025
02-10 17:56:47.987 29718 29718 E ArmVmp : Match on catch block at 0xc3 in for 0x7d337b2025
02-10 17:56:47.989 29718 29718 E ArmVmp : Match on catch block at 0xc3 in for 0x7d337b2025
02-10 17:56:48.007 29718 29718 E ArmVmp : Match on catch block at 0xc3 in for 0x7d337b2025
02-10 17:56:48.269 29718 29718 E ArmVmp : Match on catch block at 0xc3 in for 0x7d337b2025
02-10 17:56:48.273 29718 29718 E ArmVmp : Match on catch block at 0xc3 in for 0x7d337b2025
02-10 17:56:48.294 29718 29718 E ArmVmp : Match on catch block at 0xc3 in for 0x7d337b2025
02-10 17:56:48.319 29718 29718 E ArmVmp : Match on catch block at 0xc3 in for 0x7d337b2025
02-10 17:56:48.323 29718 29718 E ArmVmp : Match on catch block at 0xc3 in for 0x7d337b2025
02-10 17:56:48.339 29718 29718 E ArmVmp : Match on catch block at 0xc3 in for 0x7d337b2025
02-10 17:56:49.270 29718 29718 E ArmVmp : Match on catch block at 0xc3 in for 0x7d337b2025
02-10 17:56:49.272 29718 29718 E ArmVmp : Match on catch block at 0xc3 in for 0x7d337b2025
02-10 17:56:49.284 29718 29718 E ArmVmp : Match on catch block at 0xc3 in for 0x7d337b2025
02-10 17:56:49.297 29718 29718 E ArmVmp : Match on catch block at 0xc3 in for 0x7d337b2025
02-10 17:56:49.300 29718 29718 E ArmVmp : Match on catch block at 0xc3 in for 0x7d337b2025
02-10 17:56:49.313 29718 29718 E ArmVmp : Match on catch block at 0xc3 in for 0x7d337b2025
02-10 17:56:49.319 29718 29718 E ArmVmp : Match on catch block at 0xc3 in for 0x7d337b2025
02-10 17:56:49.322 29718 29718 E ArmVmp : Match on catch block at 0xc3 in for 0x7d337b2025
02-10 17:56:49.335 29718 29718 E ArmVmp : Match on catch block at 0xc3 in for 0x7d337b2025
02-10 17:56:49.349 29718 29718 E ArmVmp : Match on catch block at 0xc3 in for 0x7d337b2025
02-10 17:56:49.354 29718 29718 E ArmVmp : Match on catch block at 0xc3 in for 0x7d337b2025
02-10 17:56:49.367 29718 29718 E ArmVmp : Match on catch block at 0xc3 in for 0x7d337b2025
02-10 17:56:49.409 29718 29718 E ArmVmp : Match on catch block at 0xc3 in for 0x7d337b2025
02-10 17:56:49.412 29718 29718 E ArmVmp : Match on catch block at 0xc3 in for 0x7d337b2025
02-10 17:56:49.425 29718 29718 E ArmVmp : Match on catch block at 0xc3 in for 0x7d337b2025
02-10 17:56:49.474 29718 29718 E ArmVmp : Match on catch block at 0xc3 in for 0x7d337b2025
02-10 17:56:49.477 29718 29718 E ArmVmp : Match on catch block at 0xc3 in for 0x7d337b2025
02-10 17:56:49.490 29718 29718 E ArmVmp : Match on catch block at 0xc3 in for 0x7d337b2025
02-10 17:56:49.511 29718 29718 E ArmVmp : Match on catch block at 0xc3 in for 0x7d337b2025
02-10 17:56:49.514 29718 29718 E ArmVmp : Match on catch block at 0xc3 in for 0x7d337b2025
02-10 17:56:49.527 29718 29718 E ArmVmp : Match on catch block at 0xc3 in for 0x7d337b2025
02-10 17:56:49.537 29718 29718 E ArmVmp : Match on catch block at 0xc3 in for 0x7d337b2025
02-10 17:56:49.539 29718 29718 E ArmVmp : Match on catch block at 0xc3 in for 0x7d337b2025
02-10 17:56:49.553 29718 29718 E ArmVmp : Match on catch block at 0xc3 in for 0x7d337b2025
02-10 17:56:49.565 29718 29718 E ArmVmp : Match on catch block at 0xc3 in for 0x7d337b2025
02-10 17:56:49.569 29718 29718 E ArmVmp : Match on catch block at 0xc3 in for 0x7d337b2025
02-10 17:56:49.584 29718 29718 E ArmVmp : Match on catch block at 0xc3 in for 0x7d337b2025
02-10 17:56:49.610 29718 29718 E ArmVmp : Match on catch block at 0xc3 in for 0x7d337b2025
02-10 17:56:49.612 29718 29718 E ArmVmp : Match on catch block at 0xc3 in for 0x7d337b2025
02-10 17:56:49.630 29718 29718 E ArmVmp : Match on catch block at 0xc3 in for 0x7d337b2025
02-10 17:56:49.722 29718 29718 E ArmVmp : Match on catch block at 0xc3 in for 0x7d337b2025
02-10 17:56:49.723 29718 29718 E ArmVmp : Match on catch block at 0xc3 in for 0x7d337b2025
02-10 17:56:49.752 29718 29718 E ArmVmp : Match on catch block at 0xc3 in for 0x7d337b2025
02-10 17:56:49.754 29718 29718 E ArmVmp : Match on catch block at 0xc3 in for 0x7d337b2025
02-10 17:56:49.768 29718 29718 E ArmVmp : Match on catch block at 0xc3 in for 0x7d337b2025
02-10 17:56:49.771 29718 29718 E ArmVmp : Match on catch block at 0xc3 in for 0x7d337b2025
02-10 17:56:49.782 29718 29718 E ArmVmp : Match on catch block at 0xc3 in for 0x7d337b2025
02-10 17:56:49.784 29718 29718 E ArmVmp : Match on catch block at 0xc3 in for 0x7d337b2025
02-10 17:56:49.798 29718 29718 E ArmVmp : Match on catch block at 0xc3 in for 0x7d337b2025
02-10 17:56:49.801 29718 29718 E ArmVmp : Match on catch block at 0xc3 in for 0x7d337b2025
02-10 17:56:49.841 29718 29718 E ArmVmp : Match on catch block at 0xc3 in for 0x7d337b2025
02-10 17:56:49.844 29718 29718 E ArmVmp : Match on catch block at 0xc3 in for 0x7d337b2025
02-10 17:56:49.856 29718 29718 E ArmVmp : Match on catch block at 0xc3 in for 0x7d337b2025
02-10 17:56:49.858 29718 29718 E ArmVmp : Match on catch block at 0xc3 in for 0x7d337b2025
02-10 17:56:49.863 29718 29777 E OpenGLRenderer: EglManager::makeCurrent mED = 0xb400007c643d48c0, surface = 0x0, mEC = 0xb400007be145c800, error = EGL_SUCCESS
02-10 17:56:49.880 29718 29718 E ArmVmp : Match on catch block at 0xc3 in for 0x7d337b2025
02-10 17:56:49.882 29718 29718 E ArmVmp : Match on catch block at 0xc3 in for 0x7d337b2025
02-10 17:56:49.897 29718 29718 E ArmVmp : Match on catch block at 0xc3 in for 0x7d337b2025
02-10 17:56:49.899 29718 29718 E ArmVmp : Match on catch block at 0xc3 in for 0x7d337b2025
02-10 17:56:49.921 29718 29718 E ArmVmp : Match on catch block at 0xc3 in for 0x7d337b2025
02-10 17:56:49.923 29718 29718 E ArmVmp : Match on catch block at 0xc3 in for 0x7d337b2025
02-10 17:56:49.930 29718 29718 E ArmVmp : Match on catch block at 0xc3 in for 0x7d337b2025
02-10 17:56:49.933 29718 29718 E ArmVmp : Match on catch block at 0xc3 in for 0x7d337b2025
02-10 17:56:49.947 29718 29718 E ArmVmp : Match on catch block at 0xc3 in for 0x7d337b2025
02-10 17:56:49.950 29718 29718 E ArmVmp : Match on catch block at 0xc3 in for 0x7d337b2025
02-10 17:56:49.964 29718 29718 E ArmVmp : Match on catch block at 0xc3 in for 0x7d337b2025
02-10 17:56:49.966 29718 29718 E ArmVmp : Match on catch block at 0xc3 in for 0x7d337b2025
02-10 17:56:49.989 29718 29718 E ArmVmp : Match on catch block at 0xc3 in for 0x7d337b2025
02-10 17:56:49.991 29718 29718 E ArmVmp : Match on catch block at 0xc3 in for 0x7d337b2025
02-10 17:56:49.997 29718 29718 E ArmVmp : Match on catch block at 0xc3 in for 0x7d337b2025
02-10 17:56:50.000 29718 29718 E ArmVmp : Match on catch block at 0xc3 in for 0x7d337b2025
02-10 17:56:50.188 29718 29718 E ArmVmp : Match on catch block at 0xc3 in for 0x7d337b2025
02-10 17:56:50.191 29718 29718 E ArmVmp : Match on catch block at 0xc3 in for 0x7d337b2025
02-10 17:56:50.245 29718 29718 E ArmVmp : Match on catch block at 0xc3 in for 0x7d337b2025
02-10 17:56:50.249 29718 29718 E ArmVmp : Match on catch block at 0xc3 in for 0x7d337b2025
02-10 17:56:50.261 29718 29718 E ArmVmp : Match on catch block at 0xc3 in for 0x7d337b2025
02-10 17:56:50.263 29718 29718 E ArmVmp : Match on catch block at 0xc3 in for 0x7d337b2025
02-10 17:56:50.281 29718 29718 E ArmVmp : Match on catch block at 0xc3 in for 0x7d337b2025
02-10 17:56:50.284 29718 29718 E ArmVmp : Match on catch block at 0xc3 in for 0x7d337b2025
02-10 17:56:50.450 29718 29718 E ArmVmp : Match on catch block at 0xc3 in for 0x7d337b2025
02-10 17:56:50.453 29718 29718 E ArmVmp : Match on catch block at 0xc3 in for 0x7d337b2025
02-10 17:56:50.464 29718 29718 E ArmVmp : Match on catch block at 0xc3 in for 0x7d337b2025
02-10 17:56:50.467 29718 29718 E ArmVmp : Match on catch block at 0xc3 in for 0x7d337b2025
02-10 17:56:50.481 29718 29718 E ArmVmp : Match on catch block at 0xc3 in for 0x7d337b2025
02-10 17:56:50.483 29718 29718 E ArmVmp : Match on catch block at 0xc3 in for 0x7d337b2025
02-10 17:56:50.497 29718 29718 E ArmVmp : Match on catch block at 0xc3 in for 0x7d337b2025
02-10 17:56:50.499 29718 29718 E ArmVmp : Match on catch block at 0xc3 in for 0x7d337b2025
02-10 17:56:50.514 29718 29718 E ArmVmp : Match on catch block at 0xc3 in for 0x7d337b2025
02-10 17:56:50.518 29718 29718 E ArmVmp : Match on catch block at 0xc3 in for 0x7d337b2025
02-10 17:56:50.530 29718 29718 E ArmVmp : Match on catch block at 0xc3 in for 0x7d337b2025
02-10 17:56:50.532 29718 29718 E ArmVmp : Match on catch block at 0xc3 in for 0x7d337b2025
02-10 17:56:50.547 29718 29718 E ArmVmp : Match on catch block at 0xc3 in for 0x7d337b2025
02-10 17:56:50.549 29718 29718 E ArmVmp : Match on catch block at 0xc3 in for 0x7d337b2025
02-10 17:56:50.567 29718 29718 E ArmVmp : Match on catch block at 0xc3 in for 0x7d337b2025
02-10 17:56:50.570 29718 29718 E ArmVmp : Match on catch block at 0xc3 in for 0x7d337b2025
02-10 17:56:50.580 29718 29718 E ArmVmp : Match on catch block at 0xc3 in for 0x7d337b2025
02-10 17:56:50.583 29718 29718 E ArmVmp : Match on catch block at 0xc3 in for 0x7d337b2025
02-10 17:56:50.597 29718 29718 E ArmVmp : Match on catch block at 0xc3 in for 0x7d337b2025
02-10 17:56:50.599 29718 29718 E ArmVmp : Match on catch block at 0xc3 in for 0x7d337b2025
02-10 17:56:50.613 29718 29718 E ArmVmp : Match on catch block at 0xc3 in for 0x7d337b2025
02-10 17:56:50.617 29718 29718 E ArmVmp : Match on catch block at 0xc3 in for 0x7d337b2025
02-10 17:56:50.630 29718 29718 E ArmVmp : Match on catch block at 0xc3 in for 0x7d337b2025
02-10 17:56:50.632 29718 29718 E ArmVmp : Match on catch block at 0xc3 in for 0x7d337b2025
02-10 17:56:50.647 29718 29718 E ArmVmp : Match on catch block at 0xc3 in for 0x7d337b2025
02-10 17:56:50.649 29718 29718 E ArmVmp : Match on catch block at 0xc3 in for 0x7d337b2025
02-10 17:56:50.664 29718 29718 E ArmVmp : Match on catch block at 0xc3 in for 0x7d337b2025
02-10 17:56:50.669 29718 29718 E ArmVmp : Match on catch block at 0xc3 in for 0x7d337b2025
02-10 17:56:50.798 29718 29718 E ArmVmp : Match on catch block at 0xc3 in for 0x7d337b2025
02-10 17:56:50.803 29718 29718 E ArmVmp : Match on catch block at 0xc3 in for 0x7d337b2025
02-10 17:56:51.148 29718 29718 E ArmVmp : Match on catch block at 0xc3 in for 0x7d337b2025
02-10 17:56:51.152 29718 29718 E ArmVmp : Match on catch block at 0xc3 in for 0x7d337b2025
02-10 17:56:51.164 29718 29718 E ArmVmp : Match on catch block at 0xc3 in for 0x7d337b2025
02-10 17:56:51.169 29718 29718 E ArmVmp : Match on catch block at 0xc3 in for 0x7d337b2025
02-10 17:56:51.181 29718 29718 E ArmVmp : Match on catch block at 0xc3 in for 0x7d337b2025
02-10 17:56:51.185 29718 29718 E ArmVmp : Match on catch block at 0xc3 in for 0x7d337b2025
02-10 17:56:51.198 29718 29718 E ArmVmp : Match on catch block at 0xc3 in for 0x7d337b2025
02-10 17:56:51.202 29718 29718 E ArmVmp : Match on catch block at 0xc3 in for 0x7d337b2025
02-10 17:56:51.214 29718 29718 E ArmVmp : Match on catch block at 0xc3 in for 0x7d337b2025
02-10 17:56:51.220 29718 29718 E ArmVmp : Match on catch block at 0xc3 in for 0x7d337b2025
02-10 17:56:51.231 29718 29718 E ArmVmp : Match on catch block at 0xc3 in for 0x7d337b2025
02-10 17:56:51.235 29718 29718 E ArmVmp : Match on catch block at 0xc3 in for 0x7d337b2025
02-10 17:56:51.248 29718 29718 E ArmVmp : Match on catch block at 0xc3 in for 0x7d337b2025
02-10 17:56:51.252 29718 29718 E ArmVmp : Match on catch block at 0xc3 in for 0x7d337b2025
02-10 17:56:51.264 29718 29718 E ArmVmp : Match on catch block at 0xc3 in for 0x7d337b2025
02-10 17:56:51.268 29718 29718 E ArmVmp : Match on catch block at 0xc3 in for 0x7d337b2025
02-10 17:56:51.281 29718 29718 E ArmVmp : Match on catch block at 0xc3 in for 0x7d337b2025
02-10 17:56:51.286 29718 29718 E ArmVmp : Match on catch block at 0xc3 in for 0x7d337b2025
02-10 17:56:51.297 29718 29718 E ArmVmp : Match on catch block at 0xc3 in for 0x7d337b2025
02-10 17:56:51.302 29718 29718 E ArmVmp : Match on catch block at 0xc3 in for 0x7d337b2025
02-10 17:56:51.315 29718 29718 E ArmVmp : Match on catch block at 0xc3 in for 0x7d337b2025
02-10 17:56:51.320 29718 29718 E ArmVmp : Match on catch block at 0xc3 in for 0x7d337b2025
02-10 17:56:51.331 29718 29718 E ArmVmp : Match on catch block at 0xc3 in for 0x7d337b2025
02-10 17:56:51.335 29718 29718 E ArmVmp : Match on catch block at 0xc3 in for 0x7d337b2025
02-10 17:56:51.348 29718 29718 E ArmVmp : Match on catch block at 0xc3 in for 0x7d337b2025
02-10 17:56:51.352 29718 29718 E ArmVmp : Match on catch block at 0xc3 in for 0x7d337b2025
02-10 17:56:51.365 29718 29718 E ArmVmp : Match on catch block at 0xc3 in for 0x7d337b2025
02-10 17:56:51.369 29718 29718 E ArmVmp : Match on catch block at 0xc3 in for 0x7d337b2025
02-10 17:56:51.381 29718 29718 E ArmVmp : Match on catch block at 0xc3 in for 0x7d337b2025
02-10 17:56:51.385 29718 29718 E ArmVmp : Match on catch block at 0xc3 in for 0x7d337b2025
02-10 17:56:51.398 29718 29718 E ArmVmp : Match on catch block at 0xc3 in for 0x7d337b2025
02-10 17:56:51.402 29718 29718 E ArmVmp : Match on catch block at 0xc3 in for 0x7d337b2025
02-10 17:56:51.415 29718 29718 E ArmVmp : Match on catch block at 0xc3 in for 0x7d337b2025
02-10 17:56:51.419 29718 29718 E ArmVmp : Match on catch block at 0xc3 in for 0x7d337b2025
02-10 17:56:51.431 29718 29718 E ArmVmp : Match on catch block at 0xc3 in for 0x7d337b2025
02-10 17:56:51.436 29718 29718 E ArmVmp : Match on catch block at 0xc3 in for 0x7d337b2025
02-10 17:56:51.448 29718 29718 E ArmVmp : Match on catch block at 0xc3 in for 0x7d337b2025
02-10 17:56:51.452 29718 29718 E ArmVmp : Match on catch block at 0xc3 in for 0x7d337b2025
02-10 17:56:51.464 29718 29718 E ArmVmp : Match on catch block at 0xc3 in for 0x7d337b2025
02-10 17:56:51.469 29718 29718 E ArmVmp : Match on catch block at 0xc3 in for 0x7d337b2025
02-10 17:56:51.480 29718 29718 E ArmVmp : Match on catch block at 0xc3 in for 0x7d337b2025
02-10 17:56:51.483 29718 29718 E ArmVmp : Match on catch block at 0xc3 in for 0x7d337b2025
02-10 17:56:51.496 29718 29718 E ArmVmp : Match on catch block at 0xc3 in for 0x7d337b2025
02-10 17:56:51.499 29718 29718 E ArmVmp : Match on catch block at 0xc3 in for 0x7d337b2025
02-10 17:56:51.513 29718 29718 E ArmVmp : Match on catch block at 0xc3 in for 0x7d337b2025
02-10 17:56:51.515 29718 29718 E ArmVmp : Match on catch block at 0xc3 in for 0x7d337b2025
02-10 17:56:51.530 29718 29718 E ArmVmp : Match on catch block at 0xc3 in for 0x7d337b2025
02-10 17:56:51.531 29718 29718 E ArmVmp : Match on catch block at 0xc3 in for 0x7d337b2025
02-10 17:56:51.546 29718 29718 E ArmVmp : Match on catch block at 0xc3 in for 0x7d337b2025
02-10 17:56:51.548 29718 29718 E ArmVmp : Match on catch block at 0xc3 in for 0x7d337b2025
02-10 17:56:51.563 29718 29718 E ArmVmp : Match on catch block at 0xc3 in for 0x7d337b2025
02-10 17:56:51.565 29718 29718 E ArmVmp : Match on catch block at 0xc3 in for 0x7d337b2025
02-10 17:56:51.629 29718 29718 E ArmVmp : Match on catch block at 0xc3 in for 0x7d337b2025
02-10 17:56:51.632 29718 29718 E ArmVmp : Match on catch block at 0xc3 in for 0x7d337b2025
02-10 17:56:51.731 29718 29718 E ArmVmp : Match on catch block at 0xc3 in for 0x7d337b2025
02-10 17:56:51.736 29718 29718 E ArmVmp : Match on catch block at 0xc3 in for 0x7d337b2025
02-10 17:56:51.830 29718 29718 E ArmVmp : Match on catch block at 0xc3 in for 0x7d337b2025
02-10 17:56:51.832 29718 29718 E ArmVmp : Match on catch block at 0xc3 in for 0x7d337b2025
02-10 17:56:51.846 29718 29718 E ArmVmp : Match on catch block at 0xc3 in for 0x7d337b2025
02-10 17:56:51.849 29718 29718 E ArmVmp : Match on catch block at 0xc3 in for 0x7d337b2025
02-10 17:56:51.863 29718 29718 E ArmVmp : Match on catch block at 0xc3 in for 0x7d337b2025
02-10 17:56:51.865 29718 29718 E ArmVmp : Match on catch block at 0xc3 in for 0x7d337b2025
02-10 17:56:51.879 29718 29718 E ArmVmp : Match on catch block at 0xc3 in for 0x7d337b2025
02-10 17:56:51.882 29718 29718 E ArmVmp : Match on catch block at 0xc3 in for 0x7d337b2025
02-10 17:56:51.896 29718 29718 E ArmVmp : Match on catch block at 0xc3 in for 0x7d337b2025
02-10 17:56:51.898 29718 29718 E ArmVmp : Match on catch block at 0xc3 in for 0x7d337b2025
02-10 17:56:51.913 29718 29718 E ArmVmp : Match on catch block at 0xc3 in for 0x7d337b2025
02-10 17:56:51.915 29718 29718 E ArmVmp : Match on catch block at 0xc3 in for 0x7d337b2025
02-10 17:56:51.931 29718 29718 E ArmVmp : Match on catch block at 0xc3 in for 0x7d337b2025
02-10 17:56:51.935 29718 29718 E ArmVmp : Match on catch block at 0xc3 in for 0x7d337b2025
02-10 17:56:51.947 29718 29718 E ArmVmp : Match on catch block at 0xc3 in for 0x7d337b2025
02-10 17:56:51.952 29718 29718 E ArmVmp : Match on catch block at 0xc3 in for 0x7d337b2025
02-10 17:56:51.964 29718 29718 E ArmVmp : Match on catch block at 0xc3 in for 0x7d337b2025
02-10 17:56:51.969 29718 29718 E ArmVmp : Match on catch block at 0xc3 in for 0x7d337b2025
02-10 17:56:51.981 29718 29718 E ArmVmp : Match on catch block at 0xc3 in for 0x7d337b2025
02-10 17:56:51.985 29718 29718 E ArmVmp : Match on catch block at 0xc3 in for 0x7d337b2025
02-10 17:56:51.996 29718 29718 E ArmVmp : Match on catch block at 0xc3 in for 0x7d337b2025
02-10 17:56:51.999 29718 29718 E ArmVmp : Match on catch block at 0xc3 in for 0x7d337b2025
02-10 17:56:52.013 29718 29718 E ArmVmp : Match on catch block at 0xc3 in for 0x7d337b2025
02-10 17:56:52.015 29718 29718 E ArmVmp : Match on catch block at 0xc3 in for 0x7d337b2025
02-10 17:56:52.029 29718 29718 E ArmVmp : Match on catch block at 0xc3 in for 0x7d337b2025
02-10 17:56:52.032 29718 29718 E ArmVmp : Match on catch block at 0xc3 in for 0x7d337b2025
02-10 17:56:52.046 29718 29718 E ArmVmp : Match on catch block at 0xc3 in for 0x7d337b2025
02-10 17:56:52.048 29718 29718 E ArmVmp : Match on catch block at 0xc3 in for 0x7d337b2025
02-10 17:56:52.062 29718 29718 E ArmVmp : Match on catch block at 0xc3 in for 0x7d337b2025
02-10 17:56:52.065 29718 29718 E ArmVmp : Match on catch block at 0xc3 in for 0x7d337b2025
02-10 17:56:52.081 29718 29718 E ArmVmp : Match on catch block at 0xc3 in for 0x7d337b2025
02-10 17:56:52.086 29718 29718 E ArmVmp : Match on catch block at 0xc3 in for 0x7d337b2025
02-10 17:56:52.097 29718 29718 E ArmVmp : Match on catch block at 0xc3 in for 0x7d337b2025
02-10 17:56:52.101 29718 29718 E ArmVmp : Match on catch block at 0xc3 in for 0x7d337b2025
02-10 17:56:52.214 29718 29718 E ArmVmp : Match on catch block at 0xc3 in for 0x7d337b2025
02-10 17:56:52.219 29718 29718 E ArmVmp : Match on catch block at 0xc3 in for 0x7d337b2025
02-10 17:56:52.281 29718 29718 E ArmVmp : Match on catch block at 0xc3 in for 0x7d337b2025
02-10 17:56:52.285 29718 29718 E ArmVmp : Match on catch block at 0xc3 in for 0x7d337b2025
02-10 17:56:52.297 29718 29718 E ArmVmp : Match on catch block at 0xc3 in for 0x7d337b2025
02-10 17:56:52.302 29718 29718 E ArmVmp : Match on catch block at 0xc3 in for 0x7d337b2025
02-10 17:56:52.464 29718 29718 E ArmVmp : Match on catch block at 0xc3 in for 0x7d337b2025
02-10 17:56:52.469 29718 29718 E ArmVmp : Match on catch block at 0xc3 in for 0x7d337b2025
02-10 17:56:52.532 29718 29718 E ArmVmp : Match on catch block at 0xc3 in for 0x7d337b2025
02-10 17:56:52.536 29718 29718 E ArmVmp : Match on catch block at 0xc3 in for 0x7d337b2025
02-10 17:56:52.989 29718 29718 E ArmVmp : Match on catch block at 0xc3 in for 0x7d337b2025
02-10 17:56:52.991 29718 29718 E ArmVmp : Match on catch block at 0xc3 in for 0x7d337b2025
02-10 17:56:52.995 29718 29718 E ArmVmp : Match on catch block at 0xc3 in for 0x7d337b2025
02-10 17:56:52.997 29718 29718 E ArmVmp : Match on catch block at 0xc3 in for 0x7d337b2025
02-10 17:56:53.012 29718 29718 E ArmVmp : Match on catch block at 0xc3 in for 0x7d337b2025
02-10 17:56:53.014 29718 29718 E ArmVmp : Match on catch block at 0xc3 in for 0x7d337b2025
02-10 17:56:53.029 29718 29718 E ArmVmp : Match on catch block at 0xc3 in for 0x7d337b2025
02-10 17:56:53.033 29718 29718 E ArmVmp : Match on catch block at 0xc3 in for 0x7d337b2025
02-10 17:56:53.069 29718 29718 E ArmVmp : Match on catch block at 0xc3 in for 0x7d337b2025
02-10 17:56:53.073 29718 29718 E ArmVmp : Match on catch block at 0xc3 in for 0x7d337b2025
02-10 17:56:53.105 29718 29718 E ArmVmp : Match on catch block at 0xc3 in for 0x7d337b2025
02-10 17:56:53.108 29718 29718 E ArmVmp : Match on catch block at 0xc3 in for 0x7d337b2025
02-10 17:56:53.116 29718 29718 E ArmVmp : Match on catch block at 0xc3 in for 0x7d337b2025
02-10 17:56:53.119 29718 29718 E ArmVmp : Match on catch block at 0xc3 in for 0x7d337b2025
02-10 17:56:53.163 29718 29718 E ArmVmp : Match on catch block at 0xc3 in for 0x7d337b2025
02-10 17:56:53.166 29718 29718 E ArmVmp : Match on catch block at 0xc3 in for 0x7d337b2025
02-10 17:56:53.184 29718 29718 E ArmVmp : Match on catch block at 0xc3 in for 0x7d337b2025
02-10 17:56:53.188 29718 29718 E ArmVmp : Match on catch block at 0xc3 in for 0x7d337b2025
02-10 17:56:53.221 29718 29718 E ArmVmp : Match on catch block at 0xc3 in for 0x7d337b2025
02-10 17:56:53.223 29718 29718 E ArmVmp : Match on catch block at 0xc3 in for 0x7d337b2025
02-10 17:56:53.230 29718 29718 E ArmVmp : Match on catch block at 0xc3 in for 0x7d337b2025
02-10 17:56:53.236 29718 29718 E ArmVmp : Match on catch block at 0xc3 in for 0x7d337b2025
02-10 17:56:53.246 29718 29718 E ArmVmp : Match on catch block at 0xc3 in for 0x7d337b2025
02-10 17:56:53.251 29718 29718 E ArmVmp : Match on catch block at 0xc3 in for 0x7d337b2025
02-10 17:56:53.263 29718 29718 E ArmVmp : Match on catch block at 0xc3 in for 0x7d337b2025
02-10 17:56:53.266 29718 29718 E ArmVmp : Match on catch block at 0xc3 in for 0x7d337b2025
02-10 17:56:53.280 29718 29718 E ArmVmp : Match on catch block at 0xc3 in for 0x7d337b2025
02-10 17:56:53.283 29718 29718 E ArmVmp : Match on catch block at 0xc3 in for 0x7d337b2025
02-10 17:56:53.297 29718 29718 E ArmVmp : Match on catch block at 0xc3 in for 0x7d337b2025
02-10 17:56:53.300 29718 29718 E ArmVmp : Match on catch block at 0xc3 in for 0x7d337b2025
02-10 17:56:53.446 29718 29718 E ArmVmp : Match on catch block at 0xc3 in for 0x7d337b2025
02-10 17:56:53.451 29718 29718 E ArmVmp : Match on catch block at 0xc3 in for 0x7d337b2025
02-10 17:56:53.469 29718 29718 E ArmVmp : Match on catch block at 0xc3 in for 0x7d337b2025
02-10 17:56:53.471 29718 29718 E ArmVmp : Match on catch block at 0xc3 in for 0x7d337b2025
02-10 17:56:53.500 29718 29718 E ArmVmp : Match on catch block at 0xc3 in for 0x7d337b2025
02-10 17:56:53.503 29718 29718 E ArmVmp : Match on catch block at 0xc3 in for 0x7d337b2025
02-10 17:56:53.712 29718 29718 E ArmVmp : Match on catch block at 0xc3 in for 0x7d337b2025
02-10 17:56:53.714 29718 29718 E ArmVmp : Match on catch block at 0xc3 in for 0x7d337b2025
02-10 17:56:53.744 29718 29718 E ArmVmp : Match on catch block at 0xc3 in for 0x7d337b2025
02-10 17:56:53.747 29718 29718 E ArmVmp : Match on catch block at 0xc3 in for 0x7d337b2025
02-10 17:56:53.765 29718 29718 E ArmVmp : Match on catch block at 0xc3 in for 0x7d337b2025
02-10 17:56:53.768 29718 29718 E ArmVmp : Match on catch block at 0xc3 in for 0x7d337b2025
02-10 17:56:53.810 29718 29718 E ArmVmp : Match on catch block at 0xc3 in for 0x7d337b2025
02-10 17:56:53.816 29718 29718 E ArmVmp : Match on catch block at 0xc3 in for 0x7d337b2025
02-10 17:56:53.868 29718 29718 E ArmVmp : Match on catch block at 0xc3 in for 0x7d337b2025
02-10 17:56:53.871 29718 29718 E ArmVmp : Match on catch block at 0xc3 in for 0x7d337b2025
02-10 17:56:53.897 29718 29718 E ArmVmp : Match on catch block at 0xc3 in for 0x7d337b2025
02-10 17:56:53.900 29718 29718 E ArmVmp : Match on catch block at 0xc3 in for 0x7d337b2025
02-10 17:56:53.911 29718 29718 E ArmVmp : Match on catch block at 0xc3 in for 0x7d337b2025
02-10 17:56:53.915 29718 29718 E ArmVmp : Match on catch block at 0xc3 in for 0x7d337b2025
02-10 17:56:53.933 29718 29718 E ArmVmp : Match on catch block at 0xc3 in for 0x7d337b2025
02-10 17:56:53.936 29718 29718 E ArmVmp : Match on catch block at 0xc3 in for 0x7d337b2025
02-10 17:56:56.791 29718 29718 W Choreographer: Frame time is 0.038348 now = 131645827316923 timestampNanos = 131645827355271 ms in the future! Check that graphics HAL is generating vsync timestamps using the correct timebase.
02-10 17:56:57.070 29718 29777 E OpenGLRenderer: EglManager::makeCurrent mED = 0xb400007c643d48c0, surface = 0x0, mEC = 0xb400007be145c800, error = EGL_SUCCESS
02-10 17:57:01.617 29718 29777 E OpenGLRenderer: EglManager::makeCurrent mED = 0xb400007c643d48c0, surface = 0x0, mEC = 0xb400007be145c800, error = EGL_SUCCESS
02-10 17:57:01.665 29718 29777 E OpenGLRenderer: EglManager::makeCurrent mED = 0xb400007c643d48c0, surface = 0x0, mEC = 0xb400007be145c800, error = EGL_SUCCESS
02-10 17:57:01.855 29718 29763 E SQLiteDatabase: Error inserting transferred=1 media_job_uuid=8e953327-3eb4-40ac-acf2-1c09b60da4c8 transcoded=0 gif_attribution=0 first_scan_length=0 direct_path=/v/t62.7117- 24/19378992_1378164519736263_1063917825904906182_n.enc?ccb=11- 4&oh=01_AdSwXxB8j1c6RFleP0KbjSUucbuUuBpRssqWyefpR3jHUg&oe=65EEE266&_nc_sid=5e03e0 thumbnail_height_width_ratio=0.0 is_animated_sticker=0 file_hash=j+ +TRS2AFzME1j7pv6HvzgTGfNHoMDENLQTZMHimh/8= file_path=Media/MBWhatsApp Voice Notes/202406/PTT-20240210-WA0029.opus file_size=16429 partial_media_hash=null face_x=0 face_y=0 height=0 trim_to=0 media_key_timestamp=1707562614000 message_url=https://mmg.whatsapp.net/v/t62.7117- 24/19378992_1378164519736263_1063917825904906182_n.enc?ccb=11- 4&oh=01_AdSwXxB8j1c6RFleP0KbjSUucbuUuBpRssqWyefpR3jHUg&oe=65EEE266&_nc_sid=5e03e0&m ms3=true media_caption=null trim_from=0 mime_type=audio/ogg; codecs=opus partial_media_enc_hash=null width=0 original_file_hash=null has_streaming_sidecar=0 autotransfer_retry_enabled=1 media_upload_handle=null message_row_id=2464 multicast_id=null enc_file_hash=clEwO+Cf07EtFzLdldDEB7DuGe2iIIu0DHnkYvrmQro= mute_video=0 page_count=0 first_scan_sidecar=null suspicious_content=0 file_length=16429 media_name=null media_duration=6 chat_row_id=57 media_key=[B@cfc53d
02-10 17:57:01.855 29718 29763 E SQLiteDatabase: android.database.sqlite.SQLiteConstraintException: UNIQUE constraint failed: message_media.message_row_id (code 1555 SQLITE_CONSTRAINT_PRIMARYKEY)
02-10 17:57:01.855 29718 29763 E SQLiteDatabase: at android.database.sqlite.SQLiteConnection.nativeExecuteForLastInsertedRowId(Native Method)
02-10 17:57:01.855 29718 29763 E SQLiteDatabase: at android.database.sqlite.SQLiteConnection.executeForLastInsertedRowId(SQLiteConnecti on.java:940)
02-10 17:57:01.855 29718 29763 E SQLiteDatabase: at android.database.sqlite.SQLiteSession.executeForLastInsertedRowId(SQLiteSession.jav a:790)
02-10 17:57:01.855 29718 29763 E SQLiteDatabase: at android.database.sqlite.SQLiteStatement.executeInsert(SQLiteStatement.java:89)
02-10 17:57:01.855 29718 29763 E SQLiteDatabase: at android.database.sqlite.SQLiteDatabase.insertWithOnConflict(SQLiteDatabase.java:170 2)
02-10 17:57:01.855 29718 29763 E SQLiteDatabase: at android.database.sqlite.SQLiteDatabase.insert(SQLiteDatabase.java:1571)
02-10 17:57:01.855 29718 29763 E SQLiteDatabase: at X.2tm.A08(Unknown Source:6)
02-10 17:57:01.855 29718 29763 E SQLiteDatabase: at X.35Y.A07(Unknown Source:212)
02-10 17:57:01.855 29718 29763 E SQLiteDatabase: at X.3QF.A14(Unknown Source:470)
02-10 17:57:01.855 29718 29763 E SQLiteDatabase: at X.3gU.run(Unknown Source:982)
02-10 17:57:01.855 29718 29763 E SQLiteDatabase: at android.os.Handler.handleCallback(Handler.java:938)
02-10 17:57:01.855 29718 29763 E SQLiteDatabase: at android.os.Handler.dispatchMessage(Handler.java:99)
02-10 17:57:01.855 29718 29763 E SQLiteDatabase: at X.0zq.dispatchMessage(Unknown Source:4)
02-10 17:57:01.855 29718 29763 E SQLiteDatabase: at android.os.Looper.loopOnce(Looper.java:211)
02-10 17:57:01.855 29718 29763 E SQLiteDatabase: at android.os.Looper.loop(Looper.java:300)
02-10 17:57:01.855 29718 29763 E SQLiteDatabase: at android.os.HandlerThread.run(HandlerThread.java:67)
02-10 17:57:03.074 29718 29777 E OpenGLRenderer: EglManager::makeCurrent mED = 0xb400007c643d48c0, surface = 0x0, mEC = 0xb400007be145c800, error = EGL_SUCCESS
02-10 17:57:04.863 29718 29777 E BLASTBufferQueue: [ViewRootImpl[PopupWindow:b9f1938]#61](f:0,a:2) setNextTransaction
02-10 17:57:06.259 29718 29763 E SQLiteDatabase: Error inserting transferred=0 media_job_uuid=cb997d4c-8be1-4cf0-ae41-5f35612b5ea6 transcoded=0 gif_attribution=0 first_scan_length=13794 direct_path=/o1/v/t62.7118-24/f1/m232/up-oil-image- 0edd2f1a-8b97-4f13-bd72-9b40ab619a04?ccb=9-4&oh=01_AdS0jYSD0d8G4C202zchEF- 0AVMDdneELK9_f1SFovhKEA&oe=65EEBD69&_nc_sid=000000&_nc_hot=1707562613 thumbnail_height_width_ratio=1.3333334 is_animated_sticker=0 file_hash=dWHu9cnWHndAABN1U1F7m3DczVe27f+vUTOhYd0aqFk= file_path=null file_size=0 partial_media_hash=rmdEdTLxdbRIG56GBrGgqO5WbfEZepa9NvRJiC2o48o= face_x=0 face_y=0 height=1280 trim_to=0 media_key_timestamp=1707562570000 message_url=https://mmg.whatsapp.net/o1/v/t62.7118-24/f1/m232/up-oil-image- 0edd2f1a-8b97-4f13-bd72-9b40ab619a04?ccb=9-4&oh=01_AdS0jYSD0d8G4C202zchEF- 0AVMDdneELK9_f1SFovhKEA&oe=65EEBD69&_nc_sid=000000&mms3=true media_caption=null trim_from=0 mime_type=image/jpeg partial_media_enc_hash=null width=970 original_file_hash=null has_streaming_sidecar=1 autotransfer_retry_enabled=1 media_upload_handle=null message_row_id=2466 multicast_id=null enc_file_hash=eMPujlp/25xQiM4A8+IH0JR0bjYmbv8dsU3g/SH/u8A= mute_video=0 page_count=0 first_scan_sidecar=[B@86e6324 suspicious_content=0 file_length=136976 media_name=null media_duration=0 chat_row_id=180 media_key=[B@b0d5e8d
02-10 17:57:06.259 29718 29763 E SQLiteDatabase: android.database.sqlite.SQLiteConstraintException: UNIQUE constraint failed: message_media.message_row_id (code 1555 SQLITE_CONSTRAINT_PRIMARYKEY)
02-10 17:57:06.259 29718 29763 E SQLiteDatabase: at android.database.sqlite.SQLiteConnection.nativeExecuteForLastInsertedRowId(Native Method)
02-10 17:57:06.259 29718 29763 E SQLiteDatabase: at android.database.sqlite.SQLiteConnection.executeForLastInsertedRowId(SQLiteConnecti on.java:940)
02-10 17:57:06.259 29718 29763 E SQLiteDatabase: at android.database.sqlite.SQLiteSession.executeForLastInsertedRowId(SQLiteSession.jav a:790)
02-10 17:57:06.259 29718 29763 E SQLiteDatabase: at android.database.sqlite.SQLiteStatement.executeInsert(SQLiteStatement.java:89)
02-10 17:57:06.259 29718 29763 E SQLiteDatabase: at android.database.sqlite.SQLiteDatabase.insertWithOnConflict(SQLiteDatabase.java:170 2)
02-10 17:57:06.259 29718 29763 E SQLiteDatabase: at android.database.sqlite.SQLiteDatabase.insert(SQLiteDatabase.java:1571)
02-10 17:57:06.259 29718 29763 E SQLiteDatabase: at X.2tm.A08(Unknown Source:6)
02-10 17:57:06.259 29718 29763 E SQLiteDatabase: at X.35Y.A07(Unknown Source:212)
02-10 17:57:06.259 29718 29763 E SQLiteDatabase: at X.3QF.A14(Unknown Source:470)
02-10 17:57:06.259 29718 29763 E SQLiteDatabase: at X.3gU.run(Unknown Source:982)
02-10 17:57:06.259 29718 29763 E SQLiteDatabase: at android.os.Handler.handleCallback(Handler.java:938)
02-10 17:57:06.259 29718 29763 E SQLiteDatabase: at android.os.Handler.dispatchMessage(Handler.java:99)
02-10 17:57:06.259 29718 29763 E SQLiteDatabase: at X.0zq.dispatchMessage(Unknown Source:4)
02-10 17:57:06.259 29718 29763 E SQLiteDatabase: at android.os.Looper.loopOnce(Looper.java:211)
02-10 17:57:06.259 29718 29763 E SQLiteDatabase: at android.os.Looper.loop(Looper.java:300)
02-10 17:57:06.259 29718 29763 E SQLiteDatabase: at android.os.HandlerThread.run(HandlerThread.java:67)
02-10 17:57:06.924 29718 29777 E OpenGLRenderer: EglManager::makeCurrent mED = 0xb400007c643d48c0, surface = 0x0, mEC = 0xb400007be145c800, error = EGL_SUCCESS
02-10 17:57:10.253 29718 29763 E SQLiteDatabase: Error inserting transferred=0 media_job_uuid=28023282-7443-47de-a51b-d516c0124085 transcoded=0 gif_attribution=0 first_scan_length=9009 direct_path=/v/t62.7118- 24/26452971_774878977305005_750481367546791698_n.enc?ccb=11- 4&oh=01_AdQVYCMB9_uIKzVA9OA_XGLewWzttW8uUjXUaNGfMKabiA&oe=65EECC6F&_nc_sid=5e03e0&_ nc_hot=1707562629 thumbnail_height_width_ratio=1.44 is_animated_sticker=0 file_hash=Tn+w61xlf2Lg360l312gHYigN45kIzTPyCOOHp99sqA= file_path=null file_size=0 partial_media_hash=XbxT067UHR+EWaUA/a93u7d+n5AoQQj3rGCr3P7YSuo= face_x=0 face_y=0 height=1280 trim_to=0 media_key_timestamp=1707552501000 message_url=https://mmg.whatsapp.net/v/t62.7118- 24/26452971_774878977305005_750481367546791698_n.enc?ccb=11- 4&oh=01_AdQVYCMB9_uIKzVA9OA_XGLewWzttW8uUjXUaNGfMKabiA&oe=65EECC6F&_nc_sid=5e03e0&m ms3=true media_caption=null trim_from=0 mime_type=image/jpeg partial_media_enc_hash=null width=903 original_file_hash=null has_streaming_sidecar=1 autotransfer_retry_enabled=1 media_upload_handle=null message_row_id=2469 multicast_id=null enc_file_hash=N9ch956k3nOqDT/z8VkKCWKGm1jXSrYV0FCxl3tkrfw= mute_video=0 page_count=0 first_scan_sidecar=[B@6345d34 suspicious_content=0 file_length=78020 media_name=null media_duration=0 chat_row_id=64 media_key=[B@2e9b75d
02-10 17:57:10.253 29718 29763 E SQLiteDatabase: android.database.sqlite.SQLiteConstraintException: UNIQUE constraint failed: message_media.message_row_id (code 1555 SQLITE_CONSTRAINT_PRIMARYKEY)
02-10 17:57:10.253 29718 29763 E SQLiteDatabase: at android.database.sqlite.SQLiteConnection.nativeExecuteForLastInsertedRowId(Native Method)
02-10 17:57:10.253 29718 29763 E SQLiteDatabase: at android.database.sqlite.SQLiteConnection.executeForLastInsertedRowId(SQLiteConnecti on.java:940)
02-10 17:57:10.253 29718 29763 E SQLiteDatabase: at android.database.sqlite.SQLiteSession.executeForLastInsertedRowId(SQLiteSession.jav a:790)
02-10 17:57:10.253 29718 29763 E SQLiteDatabase: at android.database.sqlite.SQLiteStatement.executeInsert(SQLiteStatement.java:89)
02-10 17:57:10.253 29718 29763 E SQLiteDatabase: at android.database.sqlite.SQLiteDatabase.insertWithOnConflict(SQLiteDatabase.java:170 2)
02-10 17:57:10.253 29718 29763 E SQLiteDatabase: at android.database.sqlite.SQLiteDatabase.insert(SQLiteDatabase.java:1571)
02-10 17:57:10.253 29718 29763 E SQLiteDatabase: at X.2tm.A08(Unknown Source:6)
02-10 17:57:10.253 29718 29763 E SQLiteDatabase: at X.35Y.A07(Unknown Source:212)
02-10 17:57:10.253 29718 29763 E SQLiteDatabase: at X.3QF.A14(Unknown Source:470)
02-10 17:57:10.253 29718 29763 E SQLiteDatabase: at X.3gU.run(Unknown Source:982)
02-10 17:57:10.253 29718 29763 E SQLiteDatabase: at android.os.Handler.handleCallback(Handler.java:938)
02-10 17:57:10.253 29718 29763 E SQLiteDatabase: at android.os.Handler.dispatchMessage(Handler.java:99)
02-10 17:57:10.253 29718 29763 E SQLiteDatabase: at X.0zq.dispatchMessage(Unknown Source:4)
02-10 17:57:10.253 29718 29763 E SQLiteDatabase: at android.os.Looper.loopOnce(Looper.java:211)
02-10 17:57:10.253 29718 29763 E SQLiteDatabase: at android.os.Looper.loop(Looper.java:300)
02-10 17:57:10.253 29718 29763 E SQLiteDatabase: at android.os.HandlerThread.run(HandlerThread.java:67)
02-10 17:57:12.680 29718 29777 E OpenGLRenderer: EglManager::makeCurrent mED = 0xb400007c643d48c0, surface = 0x0, mEC = 0xb400007be145c800, error = EGL_SUCCESS
02-10 17:57:15.589 29718 29763 E SQLiteDatabase: Error inserting transferred=1 media_job_uuid=0294b502-dce0-4a91-9906-30225a38e72c transcoded=0 gif_attribution=0 first_scan_length=0 direct_path=/v/t62.7117- 24/30600027_723868193056718_6533400311146700169_n.enc?ccb=11- 4&oh=01_AdSd1vJWd7B9i2C_7gP67OFX9c8pAbjMc3d3cC8ccLqXXA&oe=65EED710&_nc_sid=5e03e0 thumbnail_height_width_ratio=0.0 is_animated_sticker=0 file_hash=17NH+p7bBeRse29RPYYoPnvHLHOyXEbbH3cogbeFnBs= file_path=Media/MBWhatsApp Voice Notes/202406/PTT-20240210-WA0030.opus file_size=5331 partial_media_hash=null face_x=0 face_y=0 height=0 trim_to=0 media_key_timestamp=1707562633000 message_url=https://mmg.whatsapp.net/v/t62.7117- 24/30600027_723868193056718_6533400311146700169_n.enc?ccb=11- 4&oh=01_AdSd1vJWd7B9i2C_7gP67OFX9c8pAbjMc3d3cC8ccLqXXA&oe=65EED710&_nc_sid=5e03e0&m ms3=true media_caption=null trim_from=0 mime_type=audio/ogg; codecs=opus partial_media_enc_hash=null width=0 original_file_hash=null has_streaming_sidecar=0 autotransfer_retry_enabled=1 media_upload_handle=null message_row_id=2479 multicast_id=null enc_file_hash=5nujHukn8ybg8GQP1R/CL/1Xr44AbsP7Ne4eucwOjVc= mute_video=0 page_count=0 first_scan_sidecar=null suspicious_content=0 file_length=5331 media_name=null media_duration=2 chat_row_id=57 media_key=[B@e4f94b8
02-10 17:57:15.589 29718 29763 E SQLiteDatabase: android.database.sqlite.SQLiteConstraintException: UNIQUE constraint failed: message_media.message_row_id (code 1555 SQLITE_CONSTRAINT_PRIMARYKEY)
02-10 17:57:15.589 29718 29763 E SQLiteDatabase: at android.database.sqlite.SQLiteConnection.nativeExecuteForLastInsertedRowId(Native Method)
02-10 17:57:15.589 29718 29763 E SQLiteDatabase: at android.database.sqlite.SQLiteConnection.executeForLastInsertedRowId(SQLiteConnecti on.java:940)
02-10 17:57:15.589 29718 29763 E SQLiteDatabase: at android.database.sqlite.SQLiteSession.executeForLastInsertedRowId(SQLiteSession.jav a:790)
02-10 17:57:15.589 29718 29763 E SQLiteDatabase: at android.database.sqlite.SQLiteStatement.executeInsert(SQLiteStatement.java:89)
02-10 17:57:15.589 29718 29763 E SQLiteDatabase: at android.database.sqlite.SQLiteDatabase.insertWithOnConflict(SQLiteDatabase.java:170 2)
02-10 17:57:15.589 29718 29763 E SQLiteDatabase: at android.database.sqlite.SQLiteDatabase.insert(SQLiteDatabase.java:1571)
02-10 17:57:15.589 29718 29763 E SQLiteDatabase: at X.2tm.A08(Unknown Source:6)
02-10 17:57:15.589 29718 29763 E SQLiteDatabase: at X.35Y.A07(Unknown Source:212)
02-10 17:57:15.589 29718 29763 E SQLiteDatabase: at X.3QF.A14(Unknown Source:470)
02-10 17:57:15.589 29718 29763 E SQLiteDatabase: at X.3gU.run(Unknown Source:982)
02-10 17:57:15.589 29718 29763 E SQLiteDatabase: at android.os.Handler.handleCallback(Handler.java:938)
02-10 17:57:15.589 29718 29763 E SQLiteDatabase: at android.os.Handler.dispatchMessage(Handler.java:99)
02-10 17:57:15.589 29718 29763 E SQLiteDatabase: at X.0zq.dispatchMessage(Unknown Source:4)
02-10 17:57:15.589 29718 29763 E SQLiteDatabase: at android.os.Looper.loopOnce(Looper.java:211)
02-10 17:57:15.589 29718 29763 E SQLiteDatabase: at android.os.Looper.loop(Looper.java:300)
02-10 17:57:15.589 29718 29763 E SQLiteDatabase: at android.os.HandlerThread.run(HandlerThread.java:67)
02-10 17:57:17.233 29718 29777 E OpenGLRenderer: EglManager::makeCurrent mED = 0xb400007c643d48c0, surface = 0x0, mEC = 0xb400007be145c800, error = EGL_SUCCESS
02-10 17:57:18.417 29718 29777 E OpenGLRenderer: EglManager::makeCurrent mED = 0xb400007c643d48c0, surface = 0x0, mEC = 0xb400007be145c800, error = EGL_SUCCESS
02-10 17:57:18.435 29718 29777 E OpenGLRenderer: EglManager::makeCurrent mED = 0xb400007c643d48c0, surface = 0x0, mEC = 0xb400007be145c800, error = EGL_SUCCESS
02-10 17:57:18.450 29718 29777 E OpenGLRenderer: EglManager::makeCurrent mED = 0xb400007c643d48c0, surface = 0x0, mEC = 0xb400007be145c800, error = EGL_SUCCESS
02-10 17:57:18.467 29718 29777 E OpenGLRenderer: EglManager::makeCurrent mED = 0xb400007c643d48c0, surface = 0x0, mEC = 0xb400007be145c800, error = EGL_SUCCESS
02-10 17:57:18.484 29718 29777 E OpenGLRenderer: EglManager::makeCurrent mED = 0xb400007c643d48c0, surface = 0x0, mEC = 0xb400007be145c800, error = EGL_SUCCESS
02-10 17:57:18.502 29718 29777 E OpenGLRenderer: EglManager::makeCurrent mED = 0xb400007c643d48c0, surface = 0x0, mEC = 0xb400007be145c800, error = EGL_SUCCESS
02-10 17:57:18.533 29718 29777 E OpenGLRenderer: EglManager::makeCurrent mED = 0xb400007c643d48c0, surface = 0x0, mEC = 0xb400007be145c800, error = EGL_SUCCESS
02-10 17:57:18.550 29718 29777 E OpenGLRenderer: EglManager::makeCurrent mED = 0xb400007c643d48c0, surface = 0x0, mEC = 0xb400007be145c800, error = EGL_SUCCESS
02-10 17:57:18.567 29718 29777 E OpenGLRenderer: EglManager::makeCurrent mED = 0xb400007c643d48c0, surface = 0x0, mEC = 0xb400007be145c800, error = EGL_SUCCESS
