02-10 17:50:21.283 28983 28983 E ArmVmp : Match on catch block at 0xc3 in for 0x7d337b2025
02-10 17:50:21.286 28983 28983 E ArmVmp : Match on catch block at 0xc3 in for 0x7d337b2025
02-10 17:50:21.289 28983 28983 E ArmVmp : Match on catch block at 0xc3 in for 0x7d337b2025
02-10 17:50:21.329 28983 28983 E ArmVmp : Match on catch block at 0xc3 in for 0x7d337b2025
02-10 17:50:21.333 28983 28983 E ArmVmp : Match on catch block at 0xc3 in for 0x7d337b2025
02-10 17:50:21.336 28983 28983 E ArmVmp : Match on catch block at 0xc3 in for 0x7d337b2025
02-10 17:50:21.372 28983 28983 E ArmVmp : Match on catch block at 0xc3 in for 0x7d337b2025
02-10 17:50:21.377 28983 28983 E ArmVmp : Match on catch block at 0xc3 in for 0x7d337b2025
02-10 17:50:21.386 28983 28983 E ArmVmp : Match on catch block at 0xc3 in for 0x7d337b2025
02-10 17:50:21.389 28983 28983 E ArmVmp : Match on catch block at 0xc3 in for 0x7d337b2025
02-10 17:50:21.422 28983 28983 E ArmVmp : Match on catch block at 0xc3 in for 0x7d337b2025
02-10 17:50:21.425 28983 28983 E ArmVmp : Match on catch block at 0xc3 in for 0x7d337b2025
02-10 17:50:21.457 28983 28983 E ArmVmp : Match on catch block at 0xc3 in for 0x7d337b2025
02-10 17:50:21.459 28983 28983 E ArmVmp : Match on catch block at 0xc3 in for 0x7d337b2025
02-10 17:50:21.517 28983 28983 E ArmVmp : Match on catch block at 0xc3 in for 0x7d337b2025
02-10 17:50:21.519 28983 28983 E ArmVmp : Match on catch block at 0xc3 in for 0x7d337b2025
02-10 17:50:21.529 28983 28983 E ArmVmp : Match on catch block at 0xc3 in for 0x7d337b2025
02-10 17:50:21.532 28983 28983 E ArmVmp : Match on catch block at 0xc3 in for 0x7d337b2025
02-10 17:50:21.564 28983 28983 E ArmVmp : Match on catch block at 0xc3 in for 0x7d337b2025
02-10 17:50:21.568 28983 28983 E ArmVmp : Match on catch block at 0xc3 in for 0x7d337b2025
02-10 17:50:21.595 28983 28983 E ArmVmp : Match on catch block at 0xc3 in for 0x7d337b2025
02-10 17:50:21.597 28983 28983 E ArmVmp : Match on catch block at 0xc3 in for 0x7d337b2025
02-10 17:50:21.635 28983 28983 E ArmVmp : Match on catch block at 0xc3 in for 0x7d337b2025
02-10 17:50:21.639 28983 28983 E ArmVmp : Match on catch block at 0xc3 in for 0x7d337b2025
02-10 17:50:21.654 28983 28983 E ArmVmp : Match on catch block at 0xc3 in for 0x7d337b2025
02-10 17:50:21.657 28983 28983 E ArmVmp : Match on catch block at 0xc3 in for 0x7d337b2025
02-10 17:50:21.669 28983 28983 E ArmVmp : Match on catch block at 0xc3 in for 0x7d337b2025
02-10 17:50:21.673 28983 28983 E ArmVmp : Match on catch block at 0xc3 in for 0x7d337b2025
02-10 17:50:21.686 28983 28983 E ArmVmp : Match on catch block at 0xc3 in for 0x7d337b2025
02-10 17:50:21.690 28983 28983 E ArmVmp : Match on catch block at 0xc3 in for 0x7d337b2025
02-10 17:50:21.700 28983 28983 E ArmVmp : Match on catch block at 0xc3 in for 0x7d337b2025
02-10 17:50:21.705 28983 28983 E ArmVmp : Match on catch block at 0xc3 in for 0x7d337b2025
02-10 17:50:21.730 28983 28983 E ArmVmp : Match on catch block at 0xc3 in for 0x7d337b2025
02-10 17:50:21.733 28983 28983 E ArmVmp : Match on catch block at 0xc3 in for 0x7d337b2025
02-10 17:50:21.781 28983 28983 E ArmVmp : Match on catch block at 0xc3 in for 0x7d337b2025
02-10 17:50:21.784 28983 28983 E ArmVmp : Match on catch block at 0xc3 in for 0x7d337b2025
02-10 17:50:21.793 28983 29054 W MediaPlayer: Use of stream types is deprecated for operations other than volume control
02-10 17:50:21.793 28983 29054 W MediaPlayer: See the documentation of setAudioStreamType() for what to use instead with android.media.AudioAttributes to qualify your playback use case
02-10 17:50:21.799 28983 28983 E ArmVmp : Match on catch block at 0xc3 in for 0x7d337b2025
02-10 17:50:21.803 28983 28983 E ArmVmp : Match on catch block at 0xc3 in for 0x7d337b2025
02-10 17:50:21.816 28983 28983 E ArmVmp : Match on catch block at 0xc3 in for 0x7d337b2025
02-10 17:50:21.819 28983 28983 E ArmVmp : Match on catch block at 0xc3 in for 0x7d337b2025
02-10 17:50:21.833 28983 28983 E ArmVmp : Match on catch block at 0xc3 in for 0x7d337b2025
02-10 17:50:21.835 28983 28983 E ArmVmp : Match on catch block at 0xc3 in for 0x7d337b2025
02-10 17:50:21.846 28983 28983 E ArmVmp : Match on catch block at 0xc3 in for 0x7d337b2025
02-10 17:50:21.848 28983 28983 E ArmVmp : Match on catch block at 0xc3 in for 0x7d337b2025
02-10 17:50:21.997 28983 28983 E ArmVmp : Match on catch block at 0xc3 in for 0x7d337b2025
02-10 17:50:22.000 28983 28983 E ArmVmp : Match on catch block at 0xc3 in for 0x7d337b2025
02-10 17:50:22.151 28983 28983 E ArmVmp : Match on catch block at 0xc3 in for 0x7d337b2025
02-10 17:50:22.153 28983 28983 E ArmVmp : Match on catch block at 0xc3 in for 0x7d337b2025
02-10 17:50:22.166 28983 28983 E ArmVmp : Match on catch block at 0xc3 in for 0x7d337b2025
02-10 17:50:22.168 28983 28983 E ArmVmp : Match on catch block at 0xc3 in for 0x7d337b2025
02-10 17:50:22.204 28983 28983 E ArmVmp : Match on catch block at 0xc3 in for 0x7d337b2025
02-10 17:50:22.208 28983 28983 E ArmVmp : Match on catch block at 0xc3 in for 0x7d337b2025
02-10 17:50:22.226 28983 28983 E ArmVmp : Match on catch block at 0xc3 in for 0x7d337b2025
02-10 17:50:22.228 28983 28983 E ArmVmp : Match on catch block at 0xc3 in for 0x7d337b2025
02-10 17:50:22.286 28983 28983 E ArmVmp : Match on catch block at 0xc3 in for 0x7d337b2025
02-10 17:50:22.288 28983 28983 E ArmVmp : Match on catch block at 0xc3 in for 0x7d337b2025
02-10 17:50:22.299 28983 28983 E ArmVmp : Match on catch block at 0xc3 in for 0x7d337b2025
02-10 17:50:22.346 28983 29041 E OpenGLRenderer: EglManager::makeCurrent mED = 0xb400007c643d48c0, surface = 0x0, mEC = 0xb400007bd6da6980, error = EGL_SUCCESS
02-10 17:50:22.364 28983 29041 E OpenGLRenderer: EglManager::makeCurrent mED = 0xb400007c643d48c0, surface = 0x0, mEC = 0xb400007bd6da6980, error = EGL_SUCCESS
02-10 17:50:22.370 28983 28983 E ArmVmp : Match on catch block at 0xc3 in for 0x7d337b2025
02-10 17:50:22.372 28983 28983 E ArmVmp : Match on catch block at 0xc3 in for 0x7d337b2025
02-10 17:50:22.383 28983 28983 E ArmVmp : Match on catch block at 0xc3 in for 0x7d337b2025
02-10 17:50:22.429 28983 28983 E ArmVmp : Match on catch block at 0xc3 in for 0x7d337b2025
02-10 17:50:22.433 28983 28983 E ArmVmp : Match on catch block at 0xc3 in for 0x7d337b2025
02-10 17:50:22.444 28983 28983 E ArmVmp : Match on catch block at 0xc3 in for 0x7d337b2025
02-10 17:50:22.485 28983 28983 E ArmVmp : Match on catch block at 0xc3 in for 0x7d337b2025
02-10 17:50:22.488 28983 28983 E ArmVmp : Match on catch block at 0xc3 in for 0x7d337b2025
02-10 17:50:22.501 28983 28983 E ArmVmp : Match on catch block at 0xc3 in for 0x7d337b2025
02-10 17:50:22.522 28983 28983 E ArmVmp : Match on catch block at 0xc3 in for 0x7d337b2025
02-10 17:50:22.525 28983 28983 E ArmVmp : Match on catch block at 0xc3 in for 0x7d337b2025
02-10 17:50:22.537 28983 28983 E ArmVmp : Match on catch block at 0xc3 in for 0x7d337b2025
02-10 17:50:22.568 28983 28983 E ArmVmp : Match on catch block at 0xc3 in for 0x7d337b2025
02-10 17:50:22.571 28983 28983 E ArmVmp : Match on catch block at 0xc3 in for 0x7d337b2025
02-10 17:50:22.585 28983 28983 E ArmVmp : Match on catch block at 0xc3 in for 0x7d337b2025
02-10 17:50:22.600 28983 28983 E ArmVmp : Match on catch block at 0xc3 in for 0x7d337b2025
02-10 17:50:22.604 28983 28983 E ArmVmp : Match on catch block at 0xc3 in for 0x7d337b2025
02-10 17:50:22.618 28983 28983 E ArmVmp : Match on catch block at 0xc3 in for 0x7d337b2025
02-10 17:50:23.054 28983 28983 E ArmVmp : Match on catch block at 0xc3 in for 0x7d337b2025
02-10 17:50:23.058 28983 28983 E ArmVmp : Match on catch block at 0xc3 in for 0x7d337b2025
02-10 17:50:23.082 28983 28983 E ArmVmp : Match on catch block at 0xc3 in for 0x7d337b2025
02-10 17:50:23.102 28983 28983 E ArmVmp : Match on catch block at 0xc3 in for 0x7d337b2025
02-10 17:50:23.106 28983 28983 E ArmVmp : Match on catch block at 0xc3 in for 0x7d337b2025
02-10 17:50:23.131 28983 28983 E ArmVmp : Match on catch block at 0xc3 in for 0x7d337b2025
02-10 17:50:23.150 28983 28983 E ArmVmp : Match on catch block at 0xc3 in for 0x7d337b2025
02-10 17:50:23.153 28983 28983 E ArmVmp : Match on catch block at 0xc3 in for 0x7d337b2025
02-10 17:50:23.174 28983 28983 E ArmVmp : Match on catch block at 0xc3 in for 0x7d337b2025
02-10 17:50:23.191 28983 28983 E ArmVmp : Match on catch block at 0xc3 in for 0x7d337b2025
02-10 17:50:23.195 28983 28983 E ArmVmp : Match on catch block at 0xc3 in for 0x7d337b2025
02-10 17:50:23.214 28983 28983 E ArmVmp : Match on catch block at 0xc3 in for 0x7d337b2025
02-10 17:50:23.229 28983 28983 E ArmVmp : Match on catch block at 0xc3 in for 0x7d337b2025
02-10 17:50:23.231 28983 28983 E ArmVmp : Match on catch block at 0xc3 in for 0x7d337b2025
02-10 17:50:23.250 28983 28983 E ArmVmp : Match on catch block at 0xc3 in for 0x7d337b2025
02-10 17:50:23.266 28983 28983 E ArmVmp : Match on catch block at 0xc3 in for 0x7d337b2025
02-10 17:50:23.269 28983 28983 E ArmVmp : Match on catch block at 0xc3 in for 0x7d337b2025
02-10 17:50:23.289 28983 28983 E ArmVmp : Match on catch block at 0xc3 in for 0x7d337b2025
02-10 17:50:23.305 28983 28983 E ArmVmp : Match on catch block at 0xc3 in for 0x7d337b2025
02-10 17:50:23.308 28983 28983 E ArmVmp : Match on catch block at 0xc3 in for 0x7d337b2025
02-10 17:50:23.327 28983 28983 E ArmVmp : Match on catch block at 0xc3 in for 0x7d337b2025
02-10 17:50:23.343 28983 28983 E ArmVmp : Match on catch block at 0xc3 in for 0x7d337b2025
02-10 17:50:23.346 28983 28983 E ArmVmp : Match on catch block at 0xc3 in for 0x7d337b2025
02-10 17:50:23.364 28983 28983 E ArmVmp : Match on catch block at 0xc3 in for 0x7d337b2025
02-10 17:50:23.382 28983 28983 E ArmVmp : Match on catch block at 0xc3 in for 0x7d337b2025
02-10 17:50:23.384 28983 28983 E ArmVmp : Match on catch block at 0xc3 in for 0x7d337b2025
02-10 17:50:23.401 28983 28983 E ArmVmp : Match on catch block at 0xc3 in for 0x7d337b2025
02-10 17:50:23.417 28983 28983 E ArmVmp : Match on catch block at 0xc3 in for 0x7d337b2025
02-10 17:50:23.420 28983 28983 E ArmVmp : Match on catch block at 0xc3 in for 0x7d337b2025
02-10 17:50:23.438 28983 28983 E ArmVmp : Match on catch block at 0xc3 in for 0x7d337b2025
02-10 17:50:23.447 28983 28983 E ArmVmp : Match on catch block at 0xc3 in for 0x7d337b2025
02-10 17:50:23.451 28983 28983 E ArmVmp : Match on catch block at 0xc3 in for 0x7d337b2025
02-10 17:50:23.465 28983 28983 E ArmVmp : Match on catch block at 0xc3 in for 0x7d337b2025
02-10 17:50:24.018 28983 28983 E ArmVmp : Match on catch block at 0xc3 in for 0x7d337b2025
02-10 17:50:24.020 28983 28983 E ArmVmp : Match on catch block at 0xc3 in for 0x7d337b2025
02-10 17:50:24.051 28983 28983 E ArmVmp : Match on catch block at 0xc3 in for 0x7d337b2025
02-10 17:50:24.054 28983 28983 E ArmVmp : Match on catch block at 0xc3 in for 0x7d337b2025
02-10 17:50:24.068 28983 28983 E ArmVmp : Match on catch block at 0xc3 in for 0x7d337b2025
02-10 17:50:24.072 28983 28983 E ArmVmp : Match on catch block at 0xc3 in for 0x7d337b2025
02-10 17:50:24.083 28983 28983 E ArmVmp : Match on catch block at 0xc3 in for 0x7d337b2025
02-10 17:50:24.086 28983 28983 E ArmVmp : Match on catch block at 0xc3 in for 0x7d337b2025
02-10 17:50:24.096 28983 28983 E ArmVmp : Match on catch block at 0xc3 in for 0x7d337b2025
02-10 17:50:24.099 28983 28983 E ArmVmp : Match on catch block at 0xc3 in for 0x7d337b2025
02-10 17:50:24.121 28983 28983 E ArmVmp : Match on catch block at 0xc3 in for 0x7d337b2025
02-10 17:50:24.124 28983 28983 E ArmVmp : Match on catch block at 0xc3 in for 0x7d337b2025
02-10 17:50:24.139 28983 28983 E ArmVmp : Match on catch block at 0xc3 in for 0x7d337b2025
02-10 17:50:24.143 28983 28983 E ArmVmp : Match on catch block at 0xc3 in for 0x7d337b2025
02-10 17:50:24.170 28983 28983 E ArmVmp : Match on catch block at 0xc3 in for 0x7d337b2025
02-10 17:50:24.173 28983 28983 E ArmVmp : Match on catch block at 0xc3 in for 0x7d337b2025
02-10 17:50:24.185 28983 29041 E OpenGLRenderer: EglManager::makeCurrent mED = 0xb400007c643d48c0, surface = 0x0, mEC = 0xb400007bd6da6980, error = EGL_SUCCESS
02-10 17:50:24.201 28983 28983 E ArmVmp : Match on catch block at 0xc3 in for 0x7d337b2025
02-10 17:50:24.204 28983 28983 E ArmVmp : Match on catch block at 0xc3 in for 0x7d337b2025
02-10 17:50:24.226 28983 28983 E ArmVmp : Match on catch block at 0xc3 in for 0x7d337b2025
02-10 17:50:24.228 28983 28983 E ArmVmp : Match on catch block at 0xc3 in for 0x7d337b2025
02-10 17:50:24.281 28983 28983 E ArmVmp : Match on catch block at 0xc3 in for 0x7d337b2025
02-10 17:50:24.284 28983 28983 E ArmVmp : Match on catch block at 0xc3 in for 0x7d337b2025
02-10 17:50:24.309 28983 28983 E ArmVmp : Match on catch block at 0xc3 in for 0x7d337b2025
02-10 17:50:24.311 28983 28983 E ArmVmp : Match on catch block at 0xc3 in for 0x7d337b2025
02-10 17:50:24.327 28983 28983 E ArmVmp : Match on catch block at 0xc3 in for 0x7d337b2025
02-10 17:50:24.329 28983 28983 E ArmVmp : Match on catch block at 0xc3 in for 0x7d337b2025
02-10 17:50:24.352 28983 29041 E OpenGLRenderer: EglManager::makeCurrent mED = 0xb400007c643d48c0, surface = 0x0, mEC = 0xb400007bd6da6980, error = EGL_SUCCESS
02-10 17:50:24.363 28983 29041 E OpenGLRenderer: EglManager::makeCurrent mED = 0xb400007c643d48c0, surface = 0x0, mEC = 0xb400007bd6da6980, error = EGL_SUCCESS
02-10 17:50:24.373 28983 29041 E OpenGLRenderer: EglManager::makeCurrent mED = 0xb400007c643d48c0, surface = 0x0, mEC = 0xb400007bd6da6980, error = EGL_SUCCESS
02-10 17:50:24.385 28983 29041 E OpenGLRenderer: EglManager::makeCurrent mED = 0xb400007c643d48c0, surface = 0x0, mEC = 0xb400007bd6da6980, error = EGL_SUCCESS
02-10 17:50:24.401 28983 29041 E OpenGLRenderer: EglManager::makeCurrent mED = 0xb400007c643d48c0, surface = 0x0, mEC = 0xb400007bd6da6980, error = EGL_SUCCESS
02-10 17:50:24.417 28983 29041 E OpenGLRenderer: EglManager::makeCurrent mED = 0xb400007c643d48c0, surface = 0x0, mEC = 0xb400007bd6da6980, error = EGL_SUCCESS
02-10 17:50:24.434 28983 29041 E OpenGLRenderer: EglManager::makeCurrent mED = 0xb400007c643d48c0, surface = 0x0, mEC = 0xb400007bd6da6980, error = EGL_SUCCESS
02-10 17:50:24.451 28983 29041 E OpenGLRenderer: EglManager::makeCurrent mED = 0xb400007c643d48c0, surface = 0x0, mEC = 0xb400007bd6da6980, error = EGL_SUCCESS
02-10 17:50:24.468 28983 29041 E OpenGLRenderer: EglManager::makeCurrent mED = 0xb400007c643d48c0, surface = 0x0, mEC = 0xb400007bd6da6980, error = EGL_SUCCESS
02-10 17:50:24.483 28983 29041 E OpenGLRenderer: EglManager::makeCurrent mED = 0xb400007c643d48c0, surface = 0x0, mEC = 0xb400007bd6da6980, error = EGL_SUCCESS
02-10 17:50:24.498 28983 29041 E OpenGLRenderer: EglManager::makeCurrent mED = 0xb400007c643d48c0, surface = 0x0, mEC = 0xb400007bd6da6980, error = EGL_SUCCESS
02-10 17:50:24.547 28983 28983 E ArmVmp : Match on catch block at 0xc3 in for 0x7d337b2025
02-10 17:50:24.552 28983 28983 E ArmVmp : Match on catch block at 0xc3 in for 0x7d337b2025
02-10 17:50:25.047 28983 28983 E ArmVmp : Match on catch block at 0xc3 in for 0x7d337b2025
02-10 17:50:25.051 28983 28983 E ArmVmp : Match on catch block at 0xc3 in for 0x7d337b2025
02-10 17:50:25.319 28983 28983 E ArmVmp : Match on catch block at 0xc3 in for 0x7d337b2025
02-10 17:50:25.323 28983 28983 E ArmVmp : Match on catch block at 0xc3 in for 0x7d337b2025
02-10 17:50:25.338 28983 28983 E ArmVmp : Match on catch block at 0xc3 in for 0x7d337b2025
02-10 17:50:25.342 28983 28983 E ArmVmp : Match on catch block at 0xc3 in for 0x7d337b2025
02-10 17:50:25.350 28983 28983 E ArmVmp : Match on catch block at 0xc3 in for 0x7d337b2025
02-10 17:50:25.353 28983 28983 E ArmVmp : Match on catch block at 0xc3 in for 0x7d337b2025
02-10 17:50:25.362 28983 28983 E ArmVmp : Match on catch block at 0xc3 in for 0x7d337b2025
02-10 17:50:25.367 28983 28983 E ArmVmp : Match on catch block at 0xc3 in for 0x7d337b2025
02-10 17:50:25.378 28983 28983 E ArmVmp : Match on catch block at 0xc3 in for 0x7d337b2025
02-10 17:50:25.380 28983 28983 E ArmVmp : Match on catch block at 0xc3 in for 0x7d337b2025
02-10 17:50:25.395 28983 28983 E ArmVmp : Match on catch block at 0xc3 in for 0x7d337b2025
02-10 17:50:25.397 28983 28983 E ArmVmp : Match on catch block at 0xc3 in for 0x7d337b2025
02-10 17:50:25.412 28983 28983 E ArmVmp : Match on catch block at 0xc3 in for 0x7d337b2025
02-10 17:50:25.414 28983 28983 E ArmVmp : Match on catch block at 0xc3 in for 0x7d337b2025
02-10 17:50:25.431 28983 28983 E ArmVmp : Match on catch block at 0xc3 in for 0x7d337b2025
02-10 17:50:25.433 28983 28983 E ArmVmp : Match on catch block at 0xc3 in for 0x7d337b2025
02-10 17:50:25.445 28983 28983 E ArmVmp : Match on catch block at 0xc3 in for 0x7d337b2025
02-10 17:50:25.447 28983 28983 E ArmVmp : Match on catch block at 0xc3 in for 0x7d337b2025
02-10 17:50:25.462 28983 28983 E ArmVmp : Match on catch block at 0xc3 in for 0x7d337b2025
02-10 17:50:25.467 28983 28983 E ArmVmp : Match on catch block at 0xc3 in for 0x7d337b2025
02-10 17:50:25.479 28983 28983 E ArmVmp : Match on catch block at 0xc3 in for 0x7d337b2025
02-10 17:50:25.483 28983 28983 E ArmVmp : Match on catch block at 0xc3 in for 0x7d337b2025
02-10 17:50:25.496 28983 28983 E ArmVmp : Match on catch block at 0xc3 in for 0x7d337b2025
02-10 17:50:25.501 28983 28983 E ArmVmp : Match on catch block at 0xc3 in for 0x7d337b2025
02-10 17:50:25.513 28983 28983 E ArmVmp : Match on catch block at 0xc3 in for 0x7d337b2025
02-10 17:50:25.517 28983 28983 E ArmVmp : Match on catch block at 0xc3 in for 0x7d337b2025
02-10 17:50:25.635 28983 29041 E OpenGLRenderer: EglManager::makeCurrent mED = 0xb400007c643d48c0, surface = 0x0, mEC = 0xb400007bd6da6980, error = EGL_SUCCESS
02-10 17:50:25.638 28983 28983 E ArmVmp : Match on catch block at 0xc3 in for 0x7d337b2025
02-10 17:50:25.642 28983 28983 E ArmVmp : Match on catch block at 0xc3 in for 0x7d337b2025
02-10 17:50:25.847 28983 28983 E ArmVmp : Match on catch block at 0xc3 in for 0x7d337b2025
02-10 17:50:25.851 28983 28983 E ArmVmp : Match on catch block at 0xc3 in for 0x7d337b2025
02-10 17:50:25.913 28983 28983 E ArmVmp : Match on catch block at 0xc3 in for 0x7d337b2025
02-10 17:50:25.917 28983 28983 E ArmVmp : Match on catch block at 0xc3 in for 0x7d337b2025
02-10 17:50:25.930 28983 28983 E ArmVmp : Match on catch block at 0xc3 in for 0x7d337b2025
02-10 17:50:25.933 28983 28983 E ArmVmp : Match on catch block at 0xc3 in for 0x7d337b2025
02-10 17:50:25.947 28983 28983 E ArmVmp : Match on catch block at 0xc3 in for 0x7d337b2025
02-10 17:50:25.951 28983 28983 E ArmVmp : Match on catch block at 0xc3 in for 0x7d337b2025
02-10 17:50:25.964 28983 28983 E ArmVmp : Match on catch block at 0xc3 in for 0x7d337b2025
02-10 17:50:25.968 28983 28983 E ArmVmp : Match on catch block at 0xc3 in for 0x7d337b2025
02-10 17:50:25.980 28983 28983 E ArmVmp : Match on catch block at 0xc3 in for 0x7d337b2025
02-10 17:50:25.985 28983 28983 E ArmVmp : Match on catch block at 0xc3 in for 0x7d337b2025
02-10 17:50:25.997 28983 28983 E ArmVmp : Match on catch block at 0xc3 in for 0x7d337b2025
02-10 17:50:26.002 28983 28983 E ArmVmp : Match on catch block at 0xc3 in for 0x7d337b2025
02-10 17:50:26.013 28983 28983 E ArmVmp : Match on catch block at 0xc3 in for 0x7d337b2025
02-10 17:50:26.018 28983 28983 E ArmVmp : Match on catch block at 0xc3 in for 0x7d337b2025
02-10 17:50:26.030 28983 28983 E ArmVmp : Match on catch block at 0xc3 in for 0x7d337b2025
02-10 17:50:26.035 28983 28983 E ArmVmp : Match on catch block at 0xc3 in for 0x7d337b2025
02-10 17:50:26.047 28983 28983 E ArmVmp : Match on catch block at 0xc3 in for 0x7d337b2025
02-10 17:50:26.051 28983 28983 E ArmVmp : Match on catch block at 0xc3 in for 0x7d337b2025
02-10 17:50:26.063 28983 28983 E ArmVmp : Match on catch block at 0xc3 in for 0x7d337b2025
02-10 17:50:26.067 28983 28983 E ArmVmp : Match on catch block at 0xc3 in for 0x7d337b2025
02-10 17:50:26.080 28983 28983 E ArmVmp : Match on catch block at 0xc3 in for 0x7d337b2025
02-10 17:50:26.084 28983 28983 E ArmVmp : Match on catch block at 0xc3 in for 0x7d337b2025
02-10 17:50:26.097 28983 28983 E ArmVmp : Match on catch block at 0xc3 in for 0x7d337b2025
02-10 17:50:26.102 28983 28983 E ArmVmp : Match on catch block at 0xc3 in for 0x7d337b2025
02-10 17:50:26.113 28983 28983 E ArmVmp : Match on catch block at 0xc3 in for 0x7d337b2025
02-10 17:50:26.117 28983 28983 E ArmVmp : Match on catch block at 0xc3 in for 0x7d337b2025
02-10 17:50:26.130 28983 28983 E ArmVmp : Match on catch block at 0xc3 in for 0x7d337b2025
02-10 17:50:26.135 28983 28983 E ArmVmp : Match on catch block at 0xc3 in for 0x7d337b2025
02-10 17:50:26.146 28983 28983 E ArmVmp : Match on catch block at 0xc3 in for 0x7d337b2025
02-10 17:50:26.150 28983 28983 E ArmVmp : Match on catch block at 0xc3 in for 0x7d337b2025
02-10 17:50:26.162 28983 28983 E ArmVmp : Match on catch block at 0xc3 in for 0x7d337b2025
02-10 17:50:26.165 28983 28983 E ArmVmp : Match on catch block at 0xc3 in for 0x7d337b2025
02-10 17:50:26.179 28983 28983 E ArmVmp : Match on catch block at 0xc3 in for 0x7d337b2025
02-10 17:50:26.183 28983 28983 E ArmVmp : Match on catch block at 0xc3 in for 0x7d337b2025
02-10 17:50:26.356 28983 28983 E ArmVmp : Match on catch block at 0xc3 in for 0x7d337b2025
02-10 17:50:26.359 28983 28983 E ArmVmp : Match on catch block at 0xc3 in for 0x7d337b2025
02-10 17:50:26.366 28983 28983 E ArmVmp : Match on catch block at 0xc3 in for 0x7d337b2025
02-10 17:50:26.368 28983 28983 E ArmVmp : Match on catch block at 0xc3 in for 0x7d337b2025
02-10 17:50:26.662 28983 28983 E ArmVmp : Match on catch block at 0xc3 in for 0x7d337b2025
02-10 17:50:26.665 28983 28983 E ArmVmp : Match on catch block at 0xc3 in for 0x7d337b2025
02-10 17:50:26.845 28983 28983 E ArmVmp : Match on catch block at 0xc3 in for 0x7d337b2025
02-10 17:50:26.849 28983 28983 E ArmVmp : Match on catch block at 0xc3 in for 0x7d337b2025
02-10 17:50:27.101 28983 28983 E ArmVmp : Match on catch block at 0xc3 in for 0x7d337b2025
02-10 17:50:27.105 28983 28983 E ArmVmp : Match on catch block at 0xc3 in for 0x7d337b2025
02-10 17:50:27.116 28983 28983 E ArmVmp : Match on catch block at 0xc3 in for 0x7d337b2025
02-10 17:50:27.119 28983 28983 E ArmVmp : Match on catch block at 0xc3 in for 0x7d337b2025
02-10 17:50:27.346 28983 28983 E ArmVmp : Match on catch block at 0xc3 in for 0x7d337b2025
02-10 17:50:27.350 28983 28983 E ArmVmp : Match on catch block at 0xc3 in for 0x7d337b2025
02-10 17:50:27.630 28983 29041 E OpenGLRenderer: EglManager::makeCurrent mED = 0xb400007c643d48c0, surface = 0x0, mEC = 0xb400007bd6da6980, error = EGL_SUCCESS
02-10 17:50:27.695 28983 28983 E ArmVmp : Match on catch block at 0xc3 in for 0x7d337b2025
02-10 17:50:27.699 28983 28983 E ArmVmp : Match on catch block at 0xc3 in for 0x7d337b2025
02-10 17:50:27.861 28983 28983 E ArmVmp : Match on catch block at 0xc3 in for 0x7d337b2025
02-10 17:50:27.866 28983 28983 E ArmVmp : Match on catch block at 0xc3 in for 0x7d337b2025
02-10 17:50:27.932 28983 28983 E ArmVmp : Match on catch block at 0xc3 in for 0x7d337b2025
02-10 17:50:27.936 28983 28983 E ArmVmp : Match on catch block at 0xc3 in for 0x7d337b2025
02-10 17:50:27.958 28983 28983 E ArmVmp : Match on catch block at 0xc3 in for 0x7d337b2025
02-10 17:50:27.962 28983 28983 E ArmVmp : Match on catch block at 0xc3 in for 0x7d337b2025
02-10 17:50:27.988 28983 28983 E ArmVmp : Match on catch block at 0xc3 in for 0x7d337b2025
02-10 17:50:27.993 28983 28983 E ArmVmp : Match on catch block at 0xc3 in for 0x7d337b2025
02-10 17:50:28.039 28983 28983 E ArmVmp : Match on catch block at 0xc3 in for 0x7d337b2025
02-10 17:50:28.043 28983 28983 E ArmVmp : Match on catch block at 0xc3 in for 0x7d337b2025
02-10 17:50:28.050 28983 28983 E ArmVmp : Match on catch block at 0xc3 in for 0x7d337b2025
02-10 17:50:28.053 28983 28983 E ArmVmp : Match on catch block at 0xc3 in for 0x7d337b2025
02-10 17:50:28.060 28983 28983 E ArmVmp : Match on catch block at 0xc3 in for 0x7d337b2025
02-10 17:50:28.062 28983 28983 E ArmVmp : Match on catch block at 0xc3 in for 0x7d337b2025
02-10 17:50:28.078 28983 28983 E ArmVmp : Match on catch block at 0xc3 in for 0x7d337b2025
02-10 17:50:28.081 28983 28983 E ArmVmp : Match on catch block at 0xc3 in for 0x7d337b2025
02-10 17:50:28.094 28983 28983 E ArmVmp : Match on catch block at 0xc3 in for 0x7d337b2025
02-10 17:50:28.096 28983 28983 E ArmVmp : Match on catch block at 0xc3 in for 0x7d337b2025
02-10 17:50:28.111 28983 28983 E ArmVmp : Match on catch block at 0xc3 in for 0x7d337b2025
02-10 17:50:28.114 28983 28983 E ArmVmp : Match on catch block at 0xc3 in for 0x7d337b2025
02-10 17:50:28.127 28983 28983 E ArmVmp : Match on catch block at 0xc3 in for 0x7d337b2025
02-10 17:50:28.131 28983 28983 E ArmVmp : Match on catch block at 0xc3 in for 0x7d337b2025
02-10 17:50:28.144 28983 28983 E ArmVmp : Match on catch block at 0xc3 in for 0x7d337b2025
02-10 17:50:28.146 28983 28983 E ArmVmp : Match on catch block at 0xc3 in for 0x7d337b2025
02-10 17:50:28.161 28983 28983 E ArmVmp : Match on catch block at 0xc3 in for 0x7d337b2025
02-10 17:50:28.167 28983 28983 E ArmVmp : Match on catch block at 0xc3 in for 0x7d337b2025
02-10 17:50:28.178 28983 28983 E ArmVmp : Match on catch block at 0xc3 in for 0x7d337b2025
02-10 17:50:28.182 28983 28983 E ArmVmp : Match on catch block at 0xc3 in for 0x7d337b2025
02-10 17:50:28.195 28983 28983 E ArmVmp : Match on catch block at 0xc3 in for 0x7d337b2025
02-10 17:50:28.199 28983 28983 E ArmVmp : Match on catch block at 0xc3 in for 0x7d337b2025
02-10 17:50:28.210 28983 28983 E ArmVmp : Match on catch block at 0xc3 in for 0x7d337b2025
02-10 17:50:28.215 28983 28983 E ArmVmp : Match on catch block at 0xc3 in for 0x7d337b2025
02-10 17:50:28.227 28983 28983 E ArmVmp : Match on catch block at 0xc3 in for 0x7d337b2025
02-10 17:50:28.231 28983 28983 E ArmVmp : Match on catch block at 0xc3 in for 0x7d337b2025
02-10 17:50:28.244 28983 28983 E ArmVmp : Match on catch block at 0xc3 in for 0x7d337b2025
02-10 17:50:28.249 28983 28983 E ArmVmp : Match on catch block at 0xc3 in for 0x7d337b2025
02-10 17:50:28.261 28983 28983 E ArmVmp : Match on catch block at 0xc3 in for 0x7d337b2025
02-10 17:50:28.266 28983 28983 E ArmVmp : Match on catch block at 0xc3 in for 0x7d337b2025
02-10 17:50:28.277 28983 28983 E ArmVmp : Match on catch block at 0xc3 in for 0x7d337b2025
02-10 17:50:28.282 28983 28983 E ArmVmp : Match on catch block at 0xc3 in for 0x7d337b2025
02-10 17:50:28.294 28983 28983 E ArmVmp : Match on catch block at 0xc3 in for 0x7d337b2025
02-10 17:50:28.299 28983 28983 E ArmVmp : Match on catch block at 0xc3 in for 0x7d337b2025
02-10 17:50:28.311 28983 28983 E ArmVmp : Match on catch block at 0xc3 in for 0x7d337b2025
02-10 17:50:28.315 28983 28983 E ArmVmp : Match on catch block at 0xc3 in for 0x7d337b2025
02-10 17:50:28.328 28983 28983 E ArmVmp : Match on catch block at 0xc3 in for 0x7d337b2025
02-10 17:50:28.332 28983 28983 E ArmVmp : Match on catch block at 0xc3 in for 0x7d337b2025
02-10 17:50:28.344 28983 28983 E ArmVmp : Match on catch block at 0xc3 in for 0x7d337b2025
02-10 17:50:28.348 28983 28983 E ArmVmp : Match on catch block at 0xc3 in for 0x7d337b2025
02-10 17:50:28.478 28983 28983 E ArmVmp : Match on catch block at 0xc3 in for 0x7d337b2025
02-10 17:50:28.482 28983 28983 E ArmVmp : Match on catch block at 0xc3 in for 0x7d337b2025
02-10 17:50:28.778 28983 28983 E ArmVmp : Match on catch block at 0xc3 in for 0x7d337b2025
02-10 17:50:28.782 28983 28983 E ArmVmp : Match on catch block at 0xc3 in for 0x7d337b2025
02-10 17:50:29.011 28983 28983 E ArmVmp : Match on catch block at 0xc3 in for 0x7d337b2025
02-10 17:50:29.016 28983 28983 E ArmVmp : Match on catch block at 0xc3 in for 0x7d337b2025
02-10 17:50:29.488 28983 28983 E ArmVmp : Match on catch block at 0xc3 in for 0x7d337b2025
02-10 17:50:29.490 28983 28983 E ArmVmp : Match on catch block at 0xc3 in for 0x7d337b2025
02-10 17:50:29.495 28983 28983 E ArmVmp : Match on catch block at 0xc3 in for 0x7d337b2025
02-10 17:50:29.498 28983 28983 E ArmVmp : Match on catch block at 0xc3 in for 0x7d337b2025
02-10 17:50:30.016 28983 28983 E ArmVmp : Match on catch block at 0xc3 in for 0x7d337b2025
02-10 17:50:30.019 28983 28983 E ArmVmp : Match on catch block at 0xc3 in for 0x7d337b2025
02-10 17:50:30.031 28983 29028 E SQLiteDatabase: Error inserting transferred=0 media_job_uuid=e6765a38-f260-4763-8ec0-b4586789ecaa transcoded=0 gif_attribution=0 first_scan_length=7735 direct_path=/v/t62.7118- 24/12323587_936744421187472_8755329367146744956_n.enc?ccb=11- 4&oh=01_AdQpxWT01oi_pnEWxyhl9ft_X6ZfTm_JiSOHmbQUyHE-Iw&oe=65EED968&_nc_sid=5e03e0 thumbnail_height_width_ratio=2.25 is_animated_sticker=0 file_hash=7xsvR8d/wG49GNV2vsWqeBJqONCem0aPwSwBUEdFhzY= file_path=null file_size=0 partial_media_hash=RSPE/wGTeDO309t18TXLa0Zk2Za3DfTUPcvC0iHk1xs= face_x=0 face_y=0 height=1600 trim_to=0 media_key_timestamp=1707562134000 message_url=https://mmg.whatsapp.net/v/t62.7118- 24/12323587_936744421187472_8755329367146744956_n.enc?ccb=11- 4&oh=01_AdQpxWT01oi_pnEWxyhl9ft_X6ZfTm_JiSOHmbQUyHE- Iw&oe=65EED968&_nc_sid=5e03e0&mms3=true media_caption=null trim_from=0 mime_type=image/jpeg partial_media_enc_hash=null width=720 original_file_hash=null has_streaming_sidecar=1 autotransfer_retry_enabled=1 media_upload_handle=null message_row_id=2024 multicast_id=null enc_file_hash=FH9mx8wyt2oo6VCWyy413OQmzdlB+dURFQUva15cVf0= mute_video=0 page_count=0 first_scan_sidecar=[B@51a1d65 suspicious_content=0 file_length=113498 media_name=null media_duration=0 chat_row_id=157 media_key=[B@2317a3a
02-10 17:50:30.031 28983 29028 E SQLiteDatabase: android.database.sqlite.SQLiteConstraintException: UNIQUE constraint failed: message_media.message_row_id (code 1555 SQLITE_CONSTRAINT_PRIMARYKEY)
02-10 17:50:30.031 28983 29028 E SQLiteDatabase: at android.database.sqlite.SQLiteConnection.nativeExecuteForLastInsertedRowId(Native Method)
02-10 17:50:30.031 28983 29028 E SQLiteDatabase: at android.database.sqlite.SQLiteConnection.executeForLastInsertedRowId(SQLiteConnecti on.java:940)
02-10 17:50:30.031 28983 29028 E SQLiteDatabase: at android.database.sqlite.SQLiteSession.executeForLastInsertedRowId(SQLiteSession.jav a:790)
02-10 17:50:30.031 28983 29028 E SQLiteDatabase: at android.database.sqlite.SQLiteStatement.executeInsert(SQLiteStatement.java:89)
02-10 17:50:30.031 28983 29028 E SQLiteDatabase: at android.database.sqlite.SQLiteDatabase.insertWithOnConflict(SQLiteDatabase.java:170 2)
02-10 17:50:30.031 28983 29028 E SQLiteDatabase: at android.database.sqlite.SQLiteDatabase.insert(SQLiteDatabase.java:1571)
02-10 17:50:30.031 28983 29028 E SQLiteDatabase: at X.2tm.A08(Unknown Source:6)
02-10 17:50:30.031 28983 29028 E SQLiteDatabase: at X.35Y.A07(Unknown Source:212)
02-10 17:50:30.031 28983 29028 E SQLiteDatabase: at X.3QF.A14(Unknown Source:470)
02-10 17:50:30.031 28983 29028 E SQLiteDatabase: at X.3gU.run(Unknown Source:982)
02-10 17:50:30.031 28983 29028 E SQLiteDatabase: at android.os.Handler.handleCallback(Handler.java:938)
02-10 17:50:30.031 28983 29028 E SQLiteDatabase: at android.os.Handler.dispatchMessage(Handler.java:99)
02-10 17:50:30.031 28983 29028 E SQLiteDatabase: at X.0zq.dispatchMessage(Unknown Source:4)
02-10 17:50:30.031 28983 29028 E SQLiteDatabase: at android.os.Looper.loopOnce(Looper.java:211)
02-10 17:50:30.031 28983 29028 E SQLiteDatabase: at android.os.Looper.loop(Looper.java:300)
02-10 17:50:30.031 28983 29028 E SQLiteDatabase: at android.os.HandlerThread.run(HandlerThread.java:67)
02-10 17:50:30.181 28983 28983 E ArmVmp : Match on catch block at 0xc3 in for 0x7d337b2025
02-10 17:50:30.186 28983 28983 E ArmVmp : Match on catch block at 0xc3 in for 0x7d337b2025
02-10 17:50:30.206 28983 28983 E ArmVmp : Match on catch block at 0xc3 in for 0x7d337b2025
02-10 17:50:30.209 28983 28983 E ArmVmp : Match on catch block at 0xc3 in for 0x7d337b2025
02-10 17:50:30.525 28983 28983 E ArmVmp : Match on catch block at 0xc3 in for 0x7d337b2025
02-10 17:50:30.527 28983 28983 E ArmVmp : Match on catch block at 0xc3 in for 0x7d337b2025
02-10 17:50:30.543 28983 28983 E ArmVmp : Match on catch block at 0xc3 in for 0x7d337b2025
02-10 17:50:30.549 28983 28983 E ArmVmp : Match on catch block at 0xc3 in for 0x7d337b2025
02-10 17:50:31.044 28983 28983 E ArmVmp : Match on catch block at 0xc3 in for 0x7d337b2025
02-10 17:50:31.048 28983 28983 E ArmVmp : Match on catch block at 0xc3 in for 0x7d337b2025
02-10 17:50:31.176 28983 28983 E ArmVmp : Match on catch block at 0xc3 in for 0x7d337b2025
02-10 17:50:31.180 28983 28983 E ArmVmp : Match on catch block at 0xc3 in for 0x7d337b2025
02-10 17:50:31.373 28983 29028 E SQLiteDatabase: Error inserting transferred=0 media_job_uuid=da3ecdd9-7979-4f81-9e9b-9815ac2b784e transcoded=0 gif_attribution=0 first_scan_length=6080 direct_path=/v/t62.7118- 24/19935877_402272452302025_7300122893196148786_n.enc?ccb=11- 4&oh=01_AdS9b_mtMllLjW7bDczZWGyDTzgQsWnh15EP4Q5DDKbzKw&oe=65EED44F&_nc_sid=5e03e0&_ nc_hot=1707562226 thumbnail_height_width_ratio=0.41666666 is_animated_sticker=0 file_hash=R95W1LCA504dbu9WuYJg7SM4+WSGgbF9ITDJZJsnGNA= file_path=null file_size=0 partial_media_hash=0PloFtW1HK1YAMGp6617zqynBgpJMrHM7N8STBHQzng= face_x=0 face_y=0 height=540 trim_to=0 media_key_timestamp=1707562206000 message_url=https://mmg.whatsapp.net/v/t62.7118- 24/19935877_402272452302025_7300122893196148786_n.enc?ccb=11- 4&oh=01_AdS9b_mtMllLjW7bDczZWGyDTzgQsWnh15EP4Q5DDKbzKw&oe=65EED44F&_nc_sid=5e03e0&m ms3=true media_caption=null trim_from=0 mime_type=image/jpeg partial_media_enc_hash=null width=1230 original_file_hash=null has_streaming_sidecar=1 autotransfer_retry_enabled=1 media_upload_handle=null message_row_id=2025 multicast_id=null enc_file_hash=qEw/e4IfFF4Smd5j3OfmpZbukB2DFeFvsnvoaa3uZE8= mute_video=0 page_count=0 first_scan_sidecar=[B@b8931 suspicious_content=0 file_length=67731 media_name=null media_duration=0 chat_row_id=124 media_key=[B@59c8816
02-10 17:50:31.373 28983 29028 E SQLiteDatabase: android.database.sqlite.SQLiteConstraintException: UNIQUE constraint failed: message_media.message_row_id (code 1555 SQLITE_CONSTRAINT_PRIMARYKEY)
02-10 17:50:31.373 28983 29028 E SQLiteDatabase: at android.database.sqlite.SQLiteConnection.nativeExecuteForLastInsertedRowId(Native Method)
02-10 17:50:31.373 28983 29028 E SQLiteDatabase: at android.database.sqlite.SQLiteConnection.executeForLastInsertedRowId(SQLiteConnecti on.java:940)
02-10 17:50:31.373 28983 29028 E SQLiteDatabase: at android.database.sqlite.SQLiteSession.executeForLastInsertedRowId(SQLiteSession.jav a:790)
02-10 17:50:31.373 28983 29028 E SQLiteDatabase: at android.database.sqlite.SQLiteStatement.executeInsert(SQLiteStatement.java:89)
02-10 17:50:31.373 28983 29028 E SQLiteDatabase: at android.database.sqlite.SQLiteDatabase.insertWithOnConflict(SQLiteDatabase.java:170 2)
02-10 17:50:31.373 28983 29028 E SQLiteDatabase: at android.database.sqlite.SQLiteDatabase.insert(SQLiteDatabase.java:1571)
02-10 17:50:31.373 28983 29028 E SQLiteDatabase: at X.2tm.A08(Unknown Source:6)
02-10 17:50:31.373 28983 29028 E SQLiteDatabase: at X.35Y.A07(Unknown Source:212)
02-10 17:50:31.373 28983 29028 E SQLiteDatabase: at X.3QF.A14(Unknown Source:470)
02-10 17:50:31.373 28983 29028 E SQLiteDatabase: at X.3gU.run(Unknown Source:982)
02-10 17:50:31.373 28983 29028 E SQLiteDatabase: at android.os.Handler.handleCallback(Handler.java:938)
02-10 17:50:31.373 28983 29028 E SQLiteDatabase: at android.os.Handler.dispatchMessage(Handler.java:99)
02-10 17:50:31.373 28983 29028 E SQLiteDatabase: at X.0zq.dispatchMessage(Unknown Source:4)
02-10 17:50:31.373 28983 29028 E SQLiteDatabase: at android.os.Looper.loopOnce(Looper.java:211)
02-10 17:50:31.373 28983 29028 E SQLiteDatabase: at android.os.Looper.loop(Looper.java:300)
02-10 17:50:31.373 28983 29028 E SQLiteDatabase: at android.os.HandlerThread.run(HandlerThread.java:67)
02-10 17:50:31.417 28983 28983 E ArmVmp : Match on catch block at 0xc3 in for 0x7d337b2025
02-10 17:50:31.420 28983 28983 E ArmVmp : Match on catch block at 0xc3 in for 0x7d337b2025
02-10 17:50:31.426 28983 28983 E ArmVmp : Match on catch block at 0xc3 in for 0x7d337b2025
02-10 17:50:31.428 28983 28983 E ArmVmp : Match on catch block at 0xc3 in for 0x7d337b2025
02-10 17:50:31.694 28983 28983 E ArmVmp : Match on catch block at 0xc3 in for 0x7d337b2025
02-10 17:50:31.700 28983 28983 E ArmVmp : Match on catch block at 0xc3 in for 0x7d337b2025
02-10 17:50:31.826 28983 28983 E ArmVmp : Match on catch block at 0xc3 in for 0x7d337b2025
02-10 17:50:31.831 28983 28983 E ArmVmp : Match on catch block at 0xc3 in for 0x7d337b2025
02-10 17:50:31.839 28983 29028 E SQLiteDatabase: Error inserting transferred=0 media_job_uuid=76fc01d8-e4ae-4a4e-ae72-3d2269802e47 transcoded=0 gif_attribution=0 first_scan_length=6153 direct_path=/v/t62.7118- 24/19480822_341259978374306_3336988836897871676_n.enc?ccb=11-4&oh=01_AdQwCo59rI4- vhE1DkrV1aYeBKFxid1BxcPFovsf-VEzLg&oe=65EECD10&_nc_sid=5e03e0&_nc_hot=1707562226 thumbnail_height_width_ratio=0.41666666 is_animated_sticker=0 file_hash=dmcHYV4sN73P++3UcmhYUKi7UoS52h7tfPXXRpH8AbE= file_path=null file_size=0 partial_media_hash=mwr8NKe55Ws2g4I0BtmLiYQYgV/AfhbHBa2AM/6EJ/g= face_x=0 face_y=0 height=540 trim_to=0 media_key_timestamp=1707562206000 message_url=https://mmg.whatsapp.net/v/t62.7118- 24/19480822_341259978374306_3336988836897871676_n.enc?ccb=11-4&oh=01_AdQwCo59rI4- vhE1DkrV1aYeBKFxid1BxcPFovsf-VEzLg&oe=65EECD10&_nc_sid=5e03e0&mms3=true media_caption=null trim_from=0 mime_type=image/jpeg partial_media_enc_hash=null width=1230 original_file_hash=null has_streaming_sidecar=1 autotransfer_retry_enabled=1 media_upload_handle=null message_row_id=2027 multicast_id=null enc_file_hash=51A1OVdO0EtrQe1CZNzORVcsE25KYSF8qmYUI74EJPY= mute_video=0 page_count=0 first_scan_sidecar=[B@d5f0c38 suspicious_content=0 file_length=55255 media_name=null media_duration=0 chat_row_id=124 media_key=[B@2817411
02-10 17:50:31.839 28983 29028 E SQLiteDatabase: android.database.sqlite.SQLiteConstraintException: UNIQUE constraint failed: message_media.message_row_id (code 1555 SQLITE_CONSTRAINT_PRIMARYKEY)
02-10 17:50:31.839 28983 29028 E SQLiteDatabase: at android.database.sqlite.SQLiteConnection.nativeExecuteForLastInsertedRowId(Native Method)
02-10 17:50:31.839 28983 29028 E SQLiteDatabase: at android.database.sqlite.SQLiteConnection.executeForLastInsertedRowId(SQLiteConnecti on.java:940)
02-10 17:50:31.839 28983 29028 E SQLiteDatabase: at android.database.sqlite.SQLiteSession.executeForLastInsertedRowId(SQLiteSession.jav a:790)
02-10 17:50:31.839 28983 29028 E SQLiteDatabase: at android.database.sqlite.SQLiteStatement.executeInsert(SQLiteStatement.java:89)
02-10 17:50:31.839 28983 29028 E SQLiteDatabase: at android.database.sqlite.SQLiteDatabase.insertWithOnConflict(SQLiteDatabase.java:170 2)
02-10 17:50:31.839 28983 29028 E SQLiteDatabase: at android.database.sqlite.SQLiteDatabase.insert(SQLiteDatabase.java:1571)
02-10 17:50:31.839 28983 29028 E SQLiteDatabase: at X.2tm.A08(Unknown Source:6)
02-10 17:50:31.839 28983 29028 E SQLiteDatabase: at X.35Y.A07(Unknown Source:212)
02-10 17:50:31.839 28983 29028 E SQLiteDatabase: at X.3QF.A14(Unknown Source:470)
02-10 17:50:31.839 28983 29028 E SQLiteDatabase: at X.3gU.run(Unknown Source:982)
02-10 17:50:31.839 28983 29028 E SQLiteDatabase: at android.os.Handler.handleCallback(Handler.java:938)
02-10 17:50:31.839 28983 29028 E SQLiteDatabase: at android.os.Handler.dispatchMessage(Handler.java:99)
02-10 17:50:31.839 28983 29028 E SQLiteDatabase: at X.0zq.dispatchMessage(Unknown Source:4)
02-10 17:50:31.839 28983 29028 E SQLiteDatabase: at android.os.Looper.loopOnce(Looper.java:211)
02-10 17:50:31.839 28983 29028 E SQLiteDatabase: at android.os.Looper.loop(Looper.java:300)
02-10 17:50:31.839 28983 29028 E SQLiteDatabase: at android.os.HandlerThread.run(HandlerThread.java:67)
02-10 17:50:32.028 28983 29028 E SQLiteDatabase: Error inserting transferred=0 media_job_uuid=b4b1df23-7e99-40be-ab62-014d27b8447f transcoded=0 gif_attribution=0 first_scan_length=9674 direct_path=/o1/v/t62.7118-24/f1/m233/up-oil-image-16488ba5- 5d2e-40d0-84e3-23266f301a0d?ccb=9- 4&oh=01_AdR4Rx3M1cFUbqlGTAuMYxEuy5KUSG6LGllK6zCKg6kO5A&oe=65EEB5CF&_nc_sid=000000 thumbnail_height_width_ratio=0.45833334 is_animated_sticker=0 file_hash=wYf7UYkvRSMNm5jKuHGU+BnkOoDLMVuepAzqpIj750g= file_path=null file_size=0 partial_media_hash=lkI0kEpfSNFXi8/Rs2zojc2B2K9ozzs1IcYwWMhPcT8= face_x=0 face_y=0 height=591 trim_to=0 media_key_timestamp=1707552717000 message_url=https://mmg.whatsapp.net/o1/v/t62.7118-24/f1/m233/up-oil-image- 16488ba5-5d2e-40d0-84e3-23266f301a0d?ccb=9- 4&oh=01_AdR4Rx3M1cFUbqlGTAuMYxEuy5KUSG6LGllK6zCKg6kO5A&oe=65EEB5CF&_nc_sid=000000&m ms3=true media_caption=null trim_from=0 mime_type=image/jpeg partial_media_enc_hash=null width=1280 original_file_hash=null has_streaming_sidecar=1 autotransfer_retry_enabled=1 media_upload_handle=null message_row_id=2028 multicast_id=null enc_file_hash=rJYlj0iz5vo9qNnQKuJGixt9m3HSZ/7Evf56Hi/42gQ= mute_video=0 page_count=0 first_scan_sidecar=[B@19a2c05 suspicious_content=0 file_length=125960 media_name=null media_duration=0 chat_row_id=150 media_key=[B@8ec745a
02-10 17:50:32.028 28983 29028 E SQLiteDatabase: android.database.sqlite.SQLiteConstraintException: UNIQUE constraint failed: message_media.message_row_id (code 1555 SQLITE_CONSTRAINT_PRIMARYKEY)
02-10 17:50:32.028 28983 29028 E SQLiteDatabase: at android.database.sqlite.SQLiteConnection.nativeExecuteForLastInsertedRowId(Native Method)
02-10 17:50:32.028 28983 29028 E SQLiteDatabase: at android.database.sqlite.SQLiteConnection.executeForLastInsertedRowId(SQLiteConnecti on.java:940)
02-10 17:50:32.028 28983 29028 E SQLiteDatabase: at android.database.sqlite.SQLiteSession.executeForLastInsertedRowId(SQLiteSession.jav a:790)
02-10 17:50:32.028 28983 29028 E SQLiteDatabase: at android.database.sqlite.SQLiteStatement.executeInsert(SQLiteStatement.java:89)
02-10 17:50:32.028 28983 29028 E SQLiteDatabase: at android.database.sqlite.SQLiteDatabase.insertWithOnConflict(SQLiteDatabase.java:170 2)
02-10 17:50:32.028 28983 29028 E SQLiteDatabase: at android.database.sqlite.SQLiteDatabase.insert(SQLiteDatabase.java:1571)
02-10 17:50:32.028 28983 29028 E SQLiteDatabase: at X.2tm.A08(Unknown Source:6)
02-10 17:50:32.028 28983 29028 E SQLiteDatabase: at X.35Y.A07(Unknown Source:212)
02-10 17:50:32.028 28983 29028 E SQLiteDatabase: at X.3QF.A14(Unknown Source:470)
02-10 17:50:32.028 28983 29028 E SQLiteDatabase: at X.3gU.run(Unknown Source:982)
02-10 17:50:32.028 28983 29028 E SQLiteDatabase: at android.os.Handler.handleCallback(Handler.java:938)
02-10 17:50:32.028 28983 29028 E SQLiteDatabase: at android.os.Handler.dispatchMessage(Handler.java:99)
02-10 17:50:32.028 28983 29028 E SQLiteDatabase: at X.0zq.dispatchMessage(Unknown Source:4)
02-10 17:50:32.028 28983 29028 E SQLiteDatabase: at android.os.Looper.loopOnce(Looper.java:211)
02-10 17:50:32.028 28983 29028 E SQLiteDatabase: at android.os.Looper.loop(Looper.java:300)
02-10 17:50:32.028 28983 29028 E SQLiteDatabase: at android.os.HandlerThread.run(HandlerThread.java:67)
02-10 17:50:32.326 28983 28983 E ArmVmp : Match on catch block at 0xc3 in for 0x7d337b2025
02-10 17:50:32.329 28983 28983 E ArmVmp : Match on catch block at 0xc3 in for 0x7d337b2025
02-10 17:50:32.625 28983 28983 E ArmVmp : Match on catch block at 0xc3 in for 0x7d337b2025
02-10 17:50:32.627 28983 28983 E ArmVmp : Match on catch block at 0xc3 in for 0x7d337b2025
02-10 17:50:33.008 28983 28983 E ArmVmp : Match on catch block at 0xc3 in for 0x7d337b2025
02-10 17:50:33.012 28983 28983 E ArmVmp : Match on catch block at 0xc3 in for 0x7d337b2025
02-10 17:50:33.025 28983 28983 E ArmVmp : Match on catch block at 0xc3 in for 0x7d337b2025
02-10 17:50:33.029 28983 28983 E ArmVmp : Match on catch block at 0xc3 in for 0x7d337b2025
02-10 17:50:33.042 28983 28983 E ArmVmp : Match on catch block at 0xc3 in for 0x7d337b2025
02-10 17:50:33.047 28983 28983 E ArmVmp : Match on catch block at 0xc3 in for 0x7d337b2025
02-10 17:50:33.059 28983 28983 E ArmVmp : Match on catch block at 0xc3 in for 0x7d337b2025
02-10 17:50:33.064 28983 28983 E ArmVmp : Match on catch block at 0xc3 in for 0x7d337b2025
02-10 17:50:33.075 28983 28983 E ArmVmp : Match on catch block at 0xc3 in for 0x7d337b2025
02-10 17:50:33.079 28983 28983 E ArmVmp : Match on catch block at 0xc3 in for 0x7d337b2025
02-10 17:50:33.091 28983 28983 E ArmVmp : Match on catch block at 0xc3 in for 0x7d337b2025
02-10 17:50:33.097 28983 28983 E ArmVmp : Match on catch block at 0xc3 in for 0x7d337b2025
02-10 17:50:33.109 28983 28983 E ArmVmp : Match on catch block at 0xc3 in for 0x7d337b2025
02-10 17:50:33.113 28983 28983 E ArmVmp : Match on catch block at 0xc3 in for 0x7d337b2025
02-10 17:50:33.125 28983 28983 E ArmVmp : Match on catch block at 0xc3 in for 0x7d337b2025
02-10 17:50:33.128 28983 28983 E ArmVmp : Match on catch block at 0xc3 in for 0x7d337b2025
02-10 17:50:33.141 28983 28983 E ArmVmp : Match on catch block at 0xc3 in for 0x7d337b2025
02-10 17:50:33.146 28983 28983 E ArmVmp : Match on catch block at 0xc3 in for 0x7d337b2025
02-10 17:50:33.158 28983 28983 E ArmVmp : Match on catch block at 0xc3 in for 0x7d337b2025
02-10 17:50:33.161 28983 28983 E ArmVmp : Match on catch block at 0xc3 in for 0x7d337b2025
02-10 17:50:33.175 28983 28983 E ArmVmp : Match on catch block at 0xc3 in for 0x7d337b2025
02-10 17:50:33.180 28983 28983 E ArmVmp : Match on catch block at 0xc3 in for 0x7d337b2025
02-10 17:50:33.190 28983 28983 E ArmVmp : Match on catch block at 0xc3 in for 0x7d337b2025
02-10 17:50:33.196 28983 28983 E ArmVmp : Match on catch block at 0xc3 in for 0x7d337b2025
02-10 17:50:33.208 28983 28983 E ArmVmp : Match on catch block at 0xc3 in for 0x7d337b2025
02-10 17:50:33.212 28983 28983 E ArmVmp : Match on catch block at 0xc3 in for 0x7d337b2025
02-10 17:50:33.224 28983 28983 E ArmVmp : Match on catch block at 0xc3 in for 0x7d337b2025
02-10 17:50:33.227 28983 28983 E ArmVmp : Match on catch block at 0xc3 in for 0x7d337b2025
02-10 17:50:33.241 28983 28983 E ArmVmp : Match on catch block at 0xc3 in for 0x7d337b2025
02-10 17:50:33.244 28983 28983 E ArmVmp : Match on catch block at 0xc3 in for 0x7d337b2025
02-10 17:50:33.258 28983 28983 E ArmVmp : Match on catch block at 0xc3 in for 0x7d337b2025
02-10 17:50:33.261 28983 28983 E ArmVmp : Match on catch block at 0xc3 in for 0x7d337b2025
02-10 17:50:33.680 28983 28983 E ArmVmp : Match on catch block at 0xc3 in for 0x7d337b2025
02-10 17:50:33.683 28983 28983 E ArmVmp : Match on catch block at 0xc3 in for 0x7d337b2025
02-10 17:50:33.906 28983 28983 E ArmVmp : Match on catch block at 0xc3 in for 0x7d337b2025
02-10 17:50:33.908 28983 28983 E ArmVmp : Match on catch block at 0xc3 in for 0x7d337b2025
02-10 17:50:33.976 28983 28983 E ArmVmp : Match on catch block at 0xc3 in for 0x7d337b2025
02-10 17:50:33.980 28983 28983 E ArmVmp : Match on catch block at 0xc3 in for 0x7d337b2025
02-10 17:50:34.075 28983 28983 E ArmVmp : Match on catch block at 0xc3 in for 0x7d337b2025
02-10 17:50:34.080 28983 28983 E ArmVmp : Match on catch block at 0xc3 in for 0x7d337b2025
02-10 17:50:34.273 28983 28983 E ArmVmp : Match on catch block at 0xc3 in for 0x7d337b2025
02-10 17:50:34.275 28983 28983 E ArmVmp : Match on catch block at 0xc3 in for 0x7d337b2025
02-10 17:50:34.323 28983 28983 E ArmVmp : Match on catch block at 0xc3 in for 0x7d337b2025
02-10 17:50:34.326 28983 28983 E ArmVmp : Match on catch block at 0xc3 in for 0x7d337b2025
02-10 17:50:34.439 28983 28983 E ArmVmp : Match on catch block at 0xc3 in for 0x7d337b2025
02-10 17:50:34.441 28983 28983 E ArmVmp : Match on catch block at 0xc3 in for 0x7d337b2025
02-10 17:50:34.505 28983 28983 E ArmVmp : Match on catch block at 0xc3 in for 0x7d337b2025
02-10 17:50:34.508 28983 28983 E ArmVmp : Match on catch block at 0xc3 in for 0x7d337b2025
02-10 17:50:34.606 28983 28983 E ArmVmp : Match on catch block at 0xc3 in for 0x7d337b2025
02-10 17:50:34.609 28983 28983 E ArmVmp : Match on catch block at 0xc3 in for 0x7d337b2025
02-10 17:50:34.941 28983 28983 E ArmVmp : Match on catch block at 0xc3 in for 0x7d337b2025
02-10 17:50:34.947 28983 28983 E ArmVmp : Match on catch block at 0xc3 in for 0x7d337b2025
02-10 17:50:35.109 28983 28983 E ArmVmp : Match on catch block at 0xc3 in for 0x7d337b2025
02-10 17:50:35.112 28983 28983 E ArmVmp : Match on catch block at 0xc3 in for 0x7d337b2025
02-10 17:50:35.224 28983 28983 E ArmVmp : Match on catch block at 0xc3 in for 0x7d337b2025
02-10 17:50:35.228 28983 28983 E ArmVmp : Match on catch block at 0xc3 in for 0x7d337b2025
02-10 17:50:35.340 28983 28983 E ArmVmp : Match on catch block at 0xc3 in for 0x7d337b2025
02-10 17:50:35.344 28983 28983 E ArmVmp : Match on catch block at 0xc3 in for 0x7d337b2025
02-10 17:50:35.606 28983 28983 E ArmVmp : Match on catch block at 0xc3 in for 0x7d337b2025
02-10 17:50:35.608 28983 28983 E ArmVmp : Match on catch block at 0xc3 in for 0x7d337b2025
02-10 17:50:35.627 28983 28983 E ArmVmp : Match on catch block at 0xc3 in for 0x7d337b2025
02-10 17:50:35.633 28983 28983 E ArmVmp : Match on catch block at 0xc3 in for 0x7d337b2025
02-10 17:50:35.710 28983 28983 E ArmVmp : Match on catch block at 0xc3 in for 0x7d337b2025
02-10 17:50:35.714 28983 28983 E ArmVmp : Match on catch block at 0xc3 in for 0x7d337b2025
02-10 17:50:35.742 28983 28983 E ArmVmp : Match on catch block at 0xc3 in for 0x7d337b2025
02-10 17:50:35.745 28983 28983 E ArmVmp : Match on catch block at 0xc3 in for 0x7d337b2025
02-10 17:50:35.756 28983 28983 E ArmVmp : Match on catch block at 0xc3 in for 0x7d337b2025
02-10 17:50:35.759 28983 28983 E ArmVmp : Match on catch block at 0xc3 in for 0x7d337b2025
02-10 17:50:35.806 28983 28983 E ArmVmp : Match on catch block at 0xc3 in for 0x7d337b2025
02-10 17:50:35.809 28983 28983 E ArmVmp : Match on catch block at 0xc3 in for 0x7d337b2025
02-10 17:50:35.835 28983 28983 E ArmVmp : Match on catch block at 0xc3 in for 0x7d337b2025
02-10 17:50:35.837 28983 28983 E ArmVmp : Match on catch block at 0xc3 in for 0x7d337b2025
02-10 17:50:35.871 28983 28983 E ArmVmp : Match on catch block at 0xc3 in for 0x7d337b2025
