02-10 17:49:20.540 28983 28983 E ArmVmp : Match on catch block at 0xc3 in for 0x7d337b2025
02-10 17:49:20.667 28983 28983 E ArmVmp : Match on catch block at 0xc3 in for 0x7d337b2025
02-10 17:49:20.670 28983 28983 E ArmVmp : Match on catch block at 0xc3 in for 0x7d337b2025
02-10 17:49:20.673 28983 28983 E ArmVmp : Match on catch block at 0xc3 in for 0x7d337b2025
02-10 17:49:20.687 28983 28983 E ArmVmp : Match on catch block at 0xc3 in for 0x7d337b2025
02-10 17:49:20.690 28983 28983 E ArmVmp : Match on catch block at 0xc3 in for 0x7d337b2025
02-10 17:49:20.693 28983 28983 E ArmVmp : Match on catch block at 0xc3 in for 0x7d337b2025
02-10 17:49:20.708 28983 28983 E ArmVmp : Match on catch block at 0xc3 in for 0x7d337b2025
02-10 17:49:20.711 28983 28983 E ArmVmp : Match on catch block at 0xc3 in for 0x7d337b2025
02-10 17:49:20.714 28983 28983 E ArmVmp : Match on catch block at 0xc3 in for 0x7d337b2025
02-10 17:49:20.726 28983 28983 E ArmVmp : Match on catch block at 0xc3 in for 0x7d337b2025
02-10 17:49:20.729 28983 28983 E ArmVmp : Match on catch block at 0xc3 in for 0x7d337b2025
02-10 17:49:20.732 28983 28983 E ArmVmp : Match on catch block at 0xc3 in for 0x7d337b2025
02-10 17:49:20.760 28983 28983 E ArmVmp : Match on catch block at 0xc3 in for 0x7d337b2025
02-10 17:49:20.763 28983 28983 E ArmVmp : Match on catch block at 0xc3 in for 0x7d337b2025
02-10 17:49:20.766 28983 28983 E ArmVmp : Match on catch block at 0xc3 in for 0x7d337b2025
02-10 17:49:20.782 28983 28983 E ArmVmp : Match on catch block at 0xc3 in for 0x7d337b2025
02-10 17:49:20.785 28983 28983 E ArmVmp : Match on catch block at 0xc3 in for 0x7d337b2025
02-10 17:49:20.789 28983 28983 E ArmVmp : Match on catch block at 0xc3 in for 0x7d337b2025
02-10 17:49:20.802 28983 28983 E ArmVmp : Match on catch block at 0xc3 in for 0x7d337b2025
02-10 17:49:20.805 28983 28983 E ArmVmp : Match on catch block at 0xc3 in for 0x7d337b2025
02-10 17:49:20.808 28983 28983 E ArmVmp : Match on catch block at 0xc3 in for 0x7d337b2025
02-10 17:49:20.822 28983 28983 E ArmVmp : Match on catch block at 0xc3 in for 0x7d337b2025
02-10 17:49:20.825 28983 28983 E ArmVmp : Match on catch block at 0xc3 in for 0x7d337b2025
02-10 17:49:20.828 28983 28983 E ArmVmp : Match on catch block at 0xc3 in for 0x7d337b2025
02-10 17:49:20.841 28983 28983 E ArmVmp : Match on catch block at 0xc3 in for 0x7d337b2025
02-10 17:49:20.845 28983 28983 E ArmVmp : Match on catch block at 0xc3 in for 0x7d337b2025
02-10 17:49:20.848 28983 28983 E ArmVmp : Match on catch block at 0xc3 in for 0x7d337b2025
02-10 17:49:20.861 28983 28983 E ArmVmp : Match on catch block at 0xc3 in for 0x7d337b2025
02-10 17:49:20.864 28983 28983 E ArmVmp : Match on catch block at 0xc3 in for 0x7d337b2025
02-10 17:49:20.866 28983 28983 E ArmVmp : Match on catch block at 0xc3 in for 0x7d337b2025
02-10 17:49:20.879 28983 28983 E ArmVmp : Match on catch block at 0xc3 in for 0x7d337b2025
02-10 17:49:20.882 28983 28983 E ArmVmp : Match on catch block at 0xc3 in for 0x7d337b2025
02-10 17:49:20.886 28983 28983 E ArmVmp : Match on catch block at 0xc3 in for 0x7d337b2025
02-10 17:49:20.901 28983 28983 E ArmVmp : Match on catch block at 0xc3 in for 0x7d337b2025
02-10 17:49:20.904 28983 28983 E ArmVmp : Match on catch block at 0xc3 in for 0x7d337b2025
02-10 17:49:20.907 28983 28983 E ArmVmp : Match on catch block at 0xc3 in for 0x7d337b2025
02-10 17:49:20.920 28983 28983 E ArmVmp : Match on catch block at 0xc3 in for 0x7d337b2025
02-10 17:49:20.924 28983 28983 E ArmVmp : Match on catch block at 0xc3 in for 0x7d337b2025
02-10 17:49:20.926 28983 28983 E ArmVmp : Match on catch block at 0xc3 in for 0x7d337b2025
02-10 17:49:20.940 28983 28983 E ArmVmp : Match on catch block at 0xc3 in for 0x7d337b2025
02-10 17:49:20.943 28983 28983 E ArmVmp : Match on catch block at 0xc3 in for 0x7d337b2025
02-10 17:49:20.946 28983 28983 E ArmVmp : Match on catch block at 0xc3 in for 0x7d337b2025
02-10 17:49:20.959 28983 28983 E ArmVmp : Match on catch block at 0xc3 in for 0x7d337b2025
02-10 17:49:20.962 28983 28983 E ArmVmp : Match on catch block at 0xc3 in for 0x7d337b2025
02-10 17:49:20.965 28983 28983 E ArmVmp : Match on catch block at 0xc3 in for 0x7d337b2025
02-10 17:49:20.979 28983 28983 E ArmVmp : Match on catch block at 0xc3 in for 0x7d337b2025
02-10 17:49:20.983 28983 28983 E ArmVmp : Match on catch block at 0xc3 in for 0x7d337b2025
02-10 17:49:20.986 28983 28983 E ArmVmp : Match on catch block at 0xc3 in for 0x7d337b2025
02-10 17:49:20.999 28983 28983 E ArmVmp : Match on catch block at 0xc3 in for 0x7d337b2025
02-10 17:49:21.002 28983 28983 E ArmVmp : Match on catch block at 0xc3 in for 0x7d337b2025
02-10 17:49:21.005 28983 28983 E ArmVmp : Match on catch block at 0xc3 in for 0x7d337b2025
02-10 17:49:21.017 28983 28983 E ArmVmp : Match on catch block at 0xc3 in for 0x7d337b2025
02-10 17:49:21.021 28983 28983 E ArmVmp : Match on catch block at 0xc3 in for 0x7d337b2025
02-10 17:49:21.024 28983 28983 E ArmVmp : Match on catch block at 0xc3 in for 0x7d337b2025
02-10 17:49:21.045 28983 29041 E OpenGLRenderer: EglManager::makeCurrent mED = 0xb400007c643d48c0, surface = 0x0, mEC = 0xb400007bd6da6980, error = EGL_SUCCESS
02-10 17:49:21.050 28983 28983 E ArmVmp : Match on catch block at 0xc3 in for 0x7d337b2025
02-10 17:49:21.054 28983 28983 E ArmVmp : Match on catch block at 0xc3 in for 0x7d337b2025
02-10 17:49:21.057 28983 28983 E ArmVmp : Match on catch block at 0xc3 in for 0x7d337b2025
02-10 17:49:21.090 28983 29041 E OpenGLRenderer: EglManager::makeCurrent mED = 0xb400007c643d48c0, surface = 0x0, mEC = 0xb400007bd6da6980, error = EGL_SUCCESS
02-10 17:49:21.104 28983 29041 E OpenGLRenderer: EglManager::makeCurrent mED = 0xb400007c643d48c0, surface = 0x0, mEC = 0xb400007bd6da6980, error = EGL_SUCCESS
02-10 17:49:21.120 28983 29041 E OpenGLRenderer: EglManager::makeCurrent mED = 0xb400007c643d48c0, surface = 0x0, mEC = 0xb400007bd6da6980, error = EGL_SUCCESS
02-10 17:49:21.133 28983 29041 E OpenGLRenderer: EglManager::makeCurrent mED = 0xb400007c643d48c0, surface = 0x0, mEC = 0xb400007bd6da6980, error = EGL_SUCCESS
02-10 17:49:21.147 28983 29041 E OpenGLRenderer: EglManager::makeCurrent mED = 0xb400007c643d48c0, surface = 0x0, mEC = 0xb400007bd6da6980, error = EGL_SUCCESS
02-10 17:49:21.163 28983 29041 E OpenGLRenderer: EglManager::makeCurrent mED = 0xb400007c643d48c0, surface = 0x0, mEC = 0xb400007bd6da6980, error = EGL_SUCCESS
02-10 17:49:21.178 28983 29041 E OpenGLRenderer: EglManager::makeCurrent mED = 0xb400007c643d48c0, surface = 0x0, mEC = 0xb400007bd6da6980, error = EGL_SUCCESS
02-10 17:49:21.194 28983 29041 E OpenGLRenderer: EglManager::makeCurrent mED = 0xb400007c643d48c0, surface = 0x0, mEC = 0xb400007bd6da6980, error = EGL_SUCCESS
02-10 17:49:21.211 28983 29041 E OpenGLRenderer: EglManager::makeCurrent mED = 0xb400007c643d48c0, surface = 0x0, mEC = 0xb400007bd6da6980, error = EGL_SUCCESS
02-10 17:49:21.227 28983 29041 E OpenGLRenderer: EglManager::makeCurrent mED = 0xb400007c643d48c0, surface = 0x0, mEC = 0xb400007bd6da6980, error = EGL_SUCCESS
02-10 17:49:21.245 28983 29041 E OpenGLRenderer: EglManager::makeCurrent mED = 0xb400007c643d48c0, surface = 0x0, mEC = 0xb400007bd6da6980, error = EGL_SUCCESS
02-10 17:49:21.261 28983 29041 E OpenGLRenderer: EglManager::makeCurrent mED = 0xb400007c643d48c0, surface = 0x0, mEC = 0xb400007bd6da6980, error = EGL_SUCCESS
02-10 17:49:21.278 28983 29041 E OpenGLRenderer: EglManager::makeCurrent mED = 0xb400007c643d48c0, surface = 0x0, mEC = 0xb400007bd6da6980, error = EGL_SUCCESS
02-10 17:49:21.296 28983 29041 E OpenGLRenderer: EglManager::makeCurrent mED = 0xb400007c643d48c0, surface = 0x0, mEC = 0xb400007bd6da6980, error = EGL_SUCCESS
02-10 17:49:21.313 28983 29041 E OpenGLRenderer: EglManager::makeCurrent mED = 0xb400007c643d48c0, surface = 0x0, mEC = 0xb400007bd6da6980, error = EGL_SUCCESS
02-10 17:49:21.327 28983 29041 E OpenGLRenderer: EglManager::makeCurrent mED = 0xb400007c643d48c0, surface = 0x0, mEC = 0xb400007bd6da6980, error = EGL_SUCCESS
02-10 17:49:21.410 28983 28983 E ArmVmp : Match on catch block at 0xc3 in for 0x7d337b2025
02-10 17:49:21.413 28983 28983 E ArmVmp : Match on catch block at 0xc3 in for 0x7d337b2025
02-10 17:49:21.415 28983 28983 E ArmVmp : Match on catch block at 0xc3 in for 0x7d337b2025
02-10 17:49:21.434 28983 28983 E ArmVmp : Match on catch block at 0xc3 in for 0x7d337b2025
02-10 17:49:21.437 28983 28983 E ArmVmp : Match on catch block at 0xc3 in for 0x7d337b2025
02-10 17:49:21.439 28983 28983 E ArmVmp : Match on catch block at 0xc3 in for 0x7d337b2025
02-10 17:49:21.444 28983 28983 E ArmVmp : Match on catch block at 0xc3 in for 0x7d337b2025
02-10 17:49:21.446 28983 28983 E ArmVmp : Match on catch block at 0xc3 in for 0x7d337b2025
02-10 17:49:21.448 28983 28983 E ArmVmp : Match on catch block at 0xc3 in for 0x7d337b2025
02-10 17:49:21.453 28983 28983 E ArmVmp : Match on catch block at 0xc3 in for 0x7d337b2025
02-10 17:49:21.456 28983 28983 E ArmVmp : Match on catch block at 0xc3 in for 0x7d337b2025
02-10 17:49:21.459 28983 28983 E ArmVmp : Match on catch block at 0xc3 in for 0x7d337b2025
02-10 17:49:21.470 28983 28983 E ArmVmp : Match on catch block at 0xc3 in for 0x7d337b2025
02-10 17:49:21.472 28983 28983 E ArmVmp : Match on catch block at 0xc3 in for 0x7d337b2025
02-10 17:49:21.475 28983 28983 E ArmVmp : Match on catch block at 0xc3 in for 0x7d337b2025
02-10 17:49:21.487 28983 28983 E ArmVmp : Match on catch block at 0xc3 in for 0x7d337b2025
02-10 17:49:21.491 28983 28983 E ArmVmp : Match on catch block at 0xc3 in for 0x7d337b2025
02-10 17:49:21.493 28983 28983 E ArmVmp : Match on catch block at 0xc3 in for 0x7d337b2025
02-10 17:49:21.503 28983 28983 E ArmVmp : Match on catch block at 0xc3 in for 0x7d337b2025
02-10 17:49:21.506 28983 28983 E ArmVmp : Match on catch block at 0xc3 in for 0x7d337b2025
02-10 17:49:21.508 28983 28983 E ArmVmp : Match on catch block at 0xc3 in for 0x7d337b2025
02-10 17:49:21.522 28983 28983 E ArmVmp : Match on catch block at 0xc3 in for 0x7d337b2025
02-10 17:49:21.524 28983 28983 E ArmVmp : Match on catch block at 0xc3 in for 0x7d337b2025
02-10 17:49:21.525 28983 28983 E ArmVmp : Match on catch block at 0xc3 in for 0x7d337b2025
02-10 17:49:21.536 28983 28983 E ArmVmp : Match on catch block at 0xc3 in for 0x7d337b2025
02-10 17:49:21.538 28983 28983 E ArmVmp : Match on catch block at 0xc3 in for 0x7d337b2025
02-10 17:49:21.540 28983 28983 E ArmVmp : Match on catch block at 0xc3 in for 0x7d337b2025
02-10 17:49:21.553 28983 28983 E ArmVmp : Match on catch block at 0xc3 in for 0x7d337b2025
02-10 17:49:21.555 28983 28983 E ArmVmp : Match on catch block at 0xc3 in for 0x7d337b2025
02-10 17:49:21.556 28983 28983 E ArmVmp : Match on catch block at 0xc3 in for 0x7d337b2025
02-10 17:49:21.569 28983 28983 E ArmVmp : Match on catch block at 0xc3 in for 0x7d337b2025
02-10 17:49:21.571 28983 28983 E ArmVmp : Match on catch block at 0xc3 in for 0x7d337b2025
02-10 17:49:21.573 28983 28983 E ArmVmp : Match on catch block at 0xc3 in for 0x7d337b2025
02-10 17:49:21.586 28983 28983 E ArmVmp : Match on catch block at 0xc3 in for 0x7d337b2025
02-10 17:49:21.588 28983 28983 E ArmVmp : Match on catch block at 0xc3 in for 0x7d337b2025
02-10 17:49:21.589 28983 28983 E ArmVmp : Match on catch block at 0xc3 in for 0x7d337b2025
02-10 17:49:21.603 28983 28983 E ArmVmp : Match on catch block at 0xc3 in for 0x7d337b2025
02-10 17:49:21.605 28983 28983 E ArmVmp : Match on catch block at 0xc3 in for 0x7d337b2025
02-10 17:49:21.608 28983 28983 E ArmVmp : Match on catch block at 0xc3 in for 0x7d337b2025
02-10 17:49:21.621 28983 28983 E ArmVmp : Match on catch block at 0xc3 in for 0x7d337b2025
02-10 17:49:21.624 28983 28983 E ArmVmp : Match on catch block at 0xc3 in for 0x7d337b2025
02-10 17:49:21.627 28983 28983 E ArmVmp : Match on catch block at 0xc3 in for 0x7d337b2025
02-10 17:49:21.854 28983 28983 E ArmVmp : Match on catch block at 0xc3 in for 0x7d337b2025
02-10 17:49:21.857 28983 28983 E ArmVmp : Match on catch block at 0xc3 in for 0x7d337b2025
02-10 17:49:21.860 28983 28983 E ArmVmp : Match on catch block at 0xc3 in for 0x7d337b2025
02-10 17:49:21.936 28983 28983 E ArmVmp : Match on catch block at 0xc3 in for 0x7d337b2025
02-10 17:49:21.938 28983 28983 E ArmVmp : Match on catch block at 0xc3 in for 0x7d337b2025
02-10 17:49:21.940 28983 28983 E ArmVmp : Match on catch block at 0xc3 in for 0x7d337b2025
02-10 17:49:22.119 28983 28983 E ArmVmp : Match on catch block at 0xc3 in for 0x7d337b2025
02-10 17:49:22.121 28983 28983 E ArmVmp : Match on catch block at 0xc3 in for 0x7d337b2025
02-10 17:49:22.123 28983 28983 E ArmVmp : Match on catch block at 0xc3 in for 0x7d337b2025
02-10 17:49:22.202 28983 28983 E ArmVmp : Match on catch block at 0xc3 in for 0x7d337b2025
02-10 17:49:22.204 28983 28983 E ArmVmp : Match on catch block at 0xc3 in for 0x7d337b2025
02-10 17:49:22.207 28983 28983 E ArmVmp : Match on catch block at 0xc3 in for 0x7d337b2025
02-10 17:49:22.236 28983 28983 E ArmVmp : Match on catch block at 0xc3 in for 0x7d337b2025
02-10 17:49:22.240 28983 28983 E ArmVmp : Match on catch block at 0xc3 in for 0x7d337b2025
02-10 17:49:22.243 28983 28983 E ArmVmp : Match on catch block at 0xc3 in for 0x7d337b2025
02-10 17:49:22.354 28983 28983 E ArmVmp : Match on catch block at 0xc3 in for 0x7d337b2025
02-10 17:49:22.358 28983 28983 E ArmVmp : Match on catch block at 0xc3 in for 0x7d337b2025
02-10 17:49:22.360 28983 28983 E ArmVmp : Match on catch block at 0xc3 in for 0x7d337b2025
02-10 17:49:22.370 28983 28983 E ArmVmp : Match on catch block at 0xc3 in for 0x7d337b2025
02-10 17:49:22.374 28983 28983 E ArmVmp : Match on catch block at 0xc3 in for 0x7d337b2025
02-10 17:49:22.376 28983 28983 E ArmVmp : Match on catch block at 0xc3 in for 0x7d337b2025
02-10 17:49:22.386 28983 28983 E ArmVmp : Match on catch block at 0xc3 in for 0x7d337b2025
02-10 17:49:22.390 28983 28983 E ArmVmp : Match on catch block at 0xc3 in for 0x7d337b2025
02-10 17:49:22.393 28983 28983 E ArmVmp : Match on catch block at 0xc3 in for 0x7d337b2025
02-10 17:49:22.403 28983 28983 E ArmVmp : Match on catch block at 0xc3 in for 0x7d337b2025
02-10 17:49:22.407 28983 28983 E ArmVmp : Match on catch block at 0xc3 in for 0x7d337b2025
02-10 17:49:22.409 28983 28983 E ArmVmp : Match on catch block at 0xc3 in for 0x7d337b2025
02-10 17:49:22.419 28983 28983 E ArmVmp : Match on catch block at 0xc3 in for 0x7d337b2025
02-10 17:49:22.422 28983 28983 E ArmVmp : Match on catch block at 0xc3 in for 0x7d337b2025
02-10 17:49:22.425 28983 28983 E ArmVmp : Match on catch block at 0xc3 in for 0x7d337b2025
02-10 17:49:22.437 28983 28983 E ArmVmp : Match on catch block at 0xc3 in for 0x7d337b2025
02-10 17:49:22.440 28983 28983 E ArmVmp : Match on catch block at 0xc3 in for 0x7d337b2025
02-10 17:49:22.443 28983 28983 E ArmVmp : Match on catch block at 0xc3 in for 0x7d337b2025
02-10 17:49:22.453 28983 28983 E ArmVmp : Match on catch block at 0xc3 in for 0x7d337b2025
02-10 17:49:22.457 28983 28983 E ArmVmp : Match on catch block at 0xc3 in for 0x7d337b2025
02-10 17:49:22.459 28983 28983 E ArmVmp : Match on catch block at 0xc3 in for 0x7d337b2025
02-10 17:49:22.470 28983 28983 E ArmVmp : Match on catch block at 0xc3 in for 0x7d337b2025
02-10 17:49:22.473 28983 28983 E ArmVmp : Match on catch block at 0xc3 in for 0x7d337b2025
02-10 17:49:22.476 28983 28983 E ArmVmp : Match on catch block at 0xc3 in for 0x7d337b2025
02-10 17:49:22.487 28983 28983 E ArmVmp : Match on catch block at 0xc3 in for 0x7d337b2025
02-10 17:49:22.489 28983 28983 E ArmVmp : Match on catch block at 0xc3 in for 0x7d337b2025
02-10 17:49:22.493 28983 28983 E ArmVmp : Match on catch block at 0xc3 in for 0x7d337b2025
02-10 17:49:22.504 28983 28983 E ArmVmp : Match on catch block at 0xc3 in for 0x7d337b2025
02-10 17:49:22.508 28983 28983 E ArmVmp : Match on catch block at 0xc3 in for 0x7d337b2025
02-10 17:49:22.511 28983 28983 E ArmVmp : Match on catch block at 0xc3 in for 0x7d337b2025
02-10 17:49:22.520 28983 28983 E ArmVmp : Match on catch block at 0xc3 in for 0x7d337b2025
02-10 17:49:22.524 28983 28983 E ArmVmp : Match on catch block at 0xc3 in for 0x7d337b2025
02-10 17:49:22.527 28983 28983 E ArmVmp : Match on catch block at 0xc3 in for 0x7d337b2025
02-10 17:49:22.537 28983 28983 E ArmVmp : Match on catch block at 0xc3 in for 0x7d337b2025
02-10 17:49:22.540 28983 28983 E ArmVmp : Match on catch block at 0xc3 in for 0x7d337b2025
02-10 17:49:22.543 28983 28983 E ArmVmp : Match on catch block at 0xc3 in for 0x7d337b2025
02-10 17:49:22.554 28983 28983 E ArmVmp : Match on catch block at 0xc3 in for 0x7d337b2025
02-10 17:49:22.557 28983 28983 E ArmVmp : Match on catch block at 0xc3 in for 0x7d337b2025
02-10 17:49:22.559 28983 28983 E ArmVmp : Match on catch block at 0xc3 in for 0x7d337b2025
02-10 17:49:22.570 28983 28983 E ArmVmp : Match on catch block at 0xc3 in for 0x7d337b2025
02-10 17:49:22.573 28983 28983 E ArmVmp : Match on catch block at 0xc3 in for 0x7d337b2025
02-10 17:49:22.576 28983 28983 E ArmVmp : Match on catch block at 0xc3 in for 0x7d337b2025
02-10 17:49:22.586 28983 28983 E ArmVmp : Match on catch block at 0xc3 in for 0x7d337b2025
02-10 17:49:22.590 28983 28983 E ArmVmp : Match on catch block at 0xc3 in for 0x7d337b2025
02-10 17:49:22.592 28983 28983 E ArmVmp : Match on catch block at 0xc3 in for 0x7d337b2025
02-10 17:49:22.604 28983 28983 E ArmVmp : Match on catch block at 0xc3 in for 0x7d337b2025
02-10 17:49:22.608 28983 28983 E ArmVmp : Match on catch block at 0xc3 in for 0x7d337b2025
02-10 17:49:22.611 28983 28983 E ArmVmp : Match on catch block at 0xc3 in for 0x7d337b2025
02-10 17:49:22.752 28983 28983 E ArmVmp : Match on catch block at 0xc3 in for 0x7d337b2025
02-10 17:49:22.754 28983 28983 E ArmVmp : Match on catch block at 0xc3 in for 0x7d337b2025
02-10 17:49:22.756 28983 28983 E ArmVmp : Match on catch block at 0xc3 in for 0x7d337b2025
02-10 17:49:22.804 28983 28983 E ArmVmp : Match on catch block at 0xc3 in for 0x7d337b2025
02-10 17:49:22.807 28983 28983 E ArmVmp : Match on catch block at 0xc3 in for 0x7d337b2025
02-10 17:49:22.810 28983 28983 E ArmVmp : Match on catch block at 0xc3 in for 0x7d337b2025
02-10 17:49:22.823 28983 28983 E ArmVmp : Match on catch block at 0xc3 in for 0x7d337b2025
02-10 17:49:22.827 28983 28983 E ArmVmp : Match on catch block at 0xc3 in for 0x7d337b2025
02-10 17:49:22.830 28983 28983 E ArmVmp : Match on catch block at 0xc3 in for 0x7d337b2025
02-10 17:49:23.128 28983 29111 W com.mbwhatsapp: Accessing hidden method Landroid/app/MiuiNotification;-><init>()V (blocked, reflection, denied)
02-10 17:49:23.189 28983 29111 W com.mbwhatsapp: Accessing hidden method Landroid/app/MiuiNotification;-><init>()V (blocked, reflection, denied)
02-10 17:49:23.245 28983 29111 W com.mbwhatsapp: Accessing hidden method Landroid/app/MiuiNotification;-><init>()V (blocked, reflection, denied)
02-10 17:49:23.286 28983 28983 E ArmVmp : Match on catch block at 0xc3 in for 0x7d337b2025
02-10 17:49:23.288 28983 28983 E ArmVmp : Match on catch block at 0xc3 in for 0x7d337b2025
02-10 17:49:23.290 28983 28983 E ArmVmp : Match on catch block at 0xc3 in for 0x7d337b2025
02-10 17:49:23.313 28983 28983 E ArmVmp : Match on catch block at 0xc3 in for 0x7d337b2025
02-10 17:49:23.316 28983 28983 E ArmVmp : Match on catch block at 0xc3 in for 0x7d337b2025
02-10 17:49:23.319 28983 28983 E ArmVmp : Match on catch block at 0xc3 in for 0x7d337b2025
02-10 17:49:23.340 28983 28983 E ArmVmp : Match on catch block at 0xc3 in for 0x7d337b2025
02-10 17:49:23.342 28983 28983 E ArmVmp : Match on catch block at 0xc3 in for 0x7d337b2025
02-10 17:49:23.379 28983 28983 E ArmVmp : Match on catch block at 0xc3 in for 0x7d337b2025
02-10 17:49:23.380 28983 28983 E ArmVmp : Match on catch block at 0xc3 in for 0x7d337b2025
02-10 17:49:23.397 28983 28983 E ArmVmp : Match on catch block at 0xc3 in for 0x7d337b2025
02-10 17:49:23.400 28983 28983 E ArmVmp : Match on catch block at 0xc3 in for 0x7d337b2025
02-10 17:49:23.431 28983 28983 E ArmVmp : Match on catch block at 0xc3 in for 0x7d337b2025
02-10 17:49:23.433 28983 28983 E ArmVmp : Match on catch block at 0xc3 in for 0x7d337b2025
02-10 17:49:23.452 28983 28983 E ArmVmp : Match on catch block at 0xc3 in for 0x7d337b2025
02-10 17:49:23.454 28983 28983 E ArmVmp : Match on catch block at 0xc3 in for 0x7d337b2025
02-10 17:49:23.469 28983 28983 E ArmVmp : Match on catch block at 0xc3 in for 0x7d337b2025
02-10 17:49:23.471 28983 28983 E ArmVmp : Match on catch block at 0xc3 in for 0x7d337b2025
02-10 17:49:23.491 28983 28983 E ArmVmp : Match on catch block at 0xc3 in for 0x7d337b2025
02-10 17:49:23.493 28983 28983 E ArmVmp : Match on catch block at 0xc3 in for 0x7d337b2025
02-10 17:49:23.503 28983 28983 E ArmVmp : Match on catch block at 0xc3 in for 0x7d337b2025
02-10 17:49:23.505 28983 28983 E ArmVmp : Match on catch block at 0xc3 in for 0x7d337b2025
02-10 17:49:23.708 28983 28983 E ArmVmp : Match on catch block at 0xc3 in for 0x7d337b2025
02-10 17:49:23.711 28983 28983 E ArmVmp : Match on catch block at 0xc3 in for 0x7d337b2025
02-10 17:49:23.719 28983 29054 W MediaPlayer: Use of stream types is deprecated for operations other than volume control
02-10 17:49:23.719 28983 29054 W MediaPlayer: See the documentation of setAudioStreamType() for what to use instead with android.media.AudioAttributes to qualify your playback use case
02-10 17:49:23.735 28983 28983 E ArmVmp : Match on catch block at 0xc3 in for 0x7d337b2025
02-10 17:49:23.738 28983 28983 E ArmVmp : Match on catch block at 0xc3 in for 0x7d337b2025
02-10 17:49:23.803 28983 28983 E ArmVmp : Match on catch block at 0xc3 in for 0x7d337b2025
02-10 17:49:23.807 28983 28983 E ArmVmp : Match on catch block at 0xc3 in for 0x7d337b2025
02-10 17:49:24.035 28983 28983 E ArmVmp : Match on catch block at 0xc3 in for 0x7d337b2025
02-10 17:49:24.036 28983 28983 E ArmVmp : Match on catch block at 0xc3 in for 0x7d337b2025
02-10 17:49:24.051 28983 28983 E ArmVmp : Match on catch block at 0xc3 in for 0x7d337b2025
02-10 17:49:24.053 28983 28983 E ArmVmp : Match on catch block at 0xc3 in for 0x7d337b2025
02-10 17:49:24.076 28983 28983 E ArmVmp : Match on catch block at 0xc3 in for 0x7d337b2025
02-10 17:49:24.078 28983 28983 E ArmVmp : Match on catch block at 0xc3 in for 0x7d337b2025
02-10 17:49:24.110 28983 28983 E ArmVmp : Match on catch block at 0xc3 in for 0x7d337b2025
02-10 17:49:24.111 28983 28983 E ArmVmp : Match on catch block at 0xc3 in for 0x7d337b2025
02-10 17:49:24.300 28983 28983 E ArmVmp : Match on catch block at 0xc3 in for 0x7d337b2025
02-10 17:49:24.302 28983 28983 E ArmVmp : Match on catch block at 0xc3 in for 0x7d337b2025
02-10 17:49:24.335 28983 28983 E ArmVmp : Match on catch block at 0xc3 in for 0x7d337b2025
02-10 17:49:24.340 28983 28983 E ArmVmp : Match on catch block at 0xc3 in for 0x7d337b2025
02-10 17:49:24.401 28983 28983 E ArmVmp : Match on catch block at 0xc3 in for 0x7d337b2025
02-10 17:49:24.403 28983 28983 E ArmVmp : Match on catch block at 0xc3 in for 0x7d337b2025
02-10 17:49:24.469 28983 28983 E ArmVmp : Match on catch block at 0xc3 in for 0x7d337b2025
02-10 17:49:24.473 28983 28983 E ArmVmp : Match on catch block at 0xc3 in for 0x7d337b2025
02-10 17:49:24.494 28983 28983 E ArmVmp : Match on catch block at 0xc3 in for 0x7d337b2025
02-10 17:49:24.497 28983 28983 E ArmVmp : Match on catch block at 0xc3 in for 0x7d337b2025
02-10 17:49:24.544 28983 28983 E ArmVmp : Match on catch block at 0xc3 in for 0x7d337b2025
02-10 17:49:24.546 28983 28983 E ArmVmp : Match on catch block at 0xc3 in for 0x7d337b2025
02-10 17:49:24.577 28983 29111 W com.mbwhatsapp: Accessing hidden method Landroid/app/MiuiNotification;-><init>()V (blocked, reflection, denied)
02-10 17:49:24.788 28983 29111 W com.mbwhatsapp: Accessing hidden method Landroid/app/MiuiNotification;-><init>()V (blocked, reflection, denied)
02-10 17:49:24.875 28983 29041 E OpenGLRenderer: EglManager::makeCurrent mED = 0xb400007c643d48c0, surface = 0x0, mEC = 0xb400007bd6da6980, error = EGL_SUCCESS
02-10 17:49:25.123 28983 29028 E SQLiteDatabase: Error inserting transferred=0 media_job_uuid=da308065-d020-413d-9c88-5da03d997ee8 transcoded=0 gif_attribution=0 first_scan_length=20152 direct_path=/o1/v/t62.7118-24/f1/m235/up-oil-image- 00de6889-db4b-4c1d-9a1c-8012349d5e1f?ccb=9-4&oh=01_AdQGiBy2vJ- kg7O1JZkC6TXjMr_Bg9gBPuF5Dy1xCOcAVw&oe=65EEC183&_nc_sid=000000&_nc_hot=1707562159 thumbnail_height_width_ratio=1.0 is_animated_sticker=0 file_hash=DPUsJOydO9cpJ00eoHAOghPNIROd+myFKQMRgyPRLQU= file_path=null file_size=0 partial_media_hash=NJwyLMK8dSR4YDezpIqH31qfW1morQUUXejtlrSlemE= face_x=0 face_y=0 height=1280 trim_to=0 media_key_timestamp=1707560137000 message_url=https://mmg.whatsapp.net/o1/v/t62.7118-24/f1/m235/up-oil-image- 00de6889-db4b-4c1d-9a1c-8012349d5e1f?ccb=9-4&oh=01_AdQGiBy2vJ- kg7O1JZkC6TXjMr_Bg9gBPuF5Dy1xCOcAVw&oe=65EEC183&_nc_sid=000000&mms3=true media_caption=null trim_from=0 mime_type=image/jpeg partial_media_enc_hash=null width=1280 original_file_hash=null has_streaming_sidecar=1 autotransfer_retry_enabled=1 media_upload_handle=null message_row_id=1938 multicast_id=null enc_file_hash=SH2jc2C0QVjqUKpTFhREHYt91nBB8qIq+ST5XG1ppDs= mute_video=0 page_count=0 first_scan_sidecar=[B@3cc172c suspicious_content=0 file_length=242726 media_name=null media_duration=0 chat_row_id=180 media_key=[B@4fd75f5
02-10 17:49:25.123 28983 29028 E SQLiteDatabase: android.database.sqlite.SQLiteConstraintException: UNIQUE constraint failed: message_media.message_row_id (code 1555 SQLITE_CONSTRAINT_PRIMARYKEY)
02-10 17:49:25.123 28983 29028 E SQLiteDatabase: at android.database.sqlite.SQLiteConnection.nativeExecuteForLastInsertedRowId(Native Method)
02-10 17:49:25.123 28983 29028 E SQLiteDatabase: at android.database.sqlite.SQLiteConnection.executeForLastInsertedRowId(SQLiteConnecti on.java:940)
02-10 17:49:25.123 28983 29028 E SQLiteDatabase: at android.database.sqlite.SQLiteSession.executeForLastInsertedRowId(SQLiteSession.jav a:790)
02-10 17:49:25.123 28983 29028 E SQLiteDatabase: at android.database.sqlite.SQLiteStatement.executeInsert(SQLiteStatement.java:89)
02-10 17:49:25.123 28983 29028 E SQLiteDatabase: at android.database.sqlite.SQLiteDatabase.insertWithOnConflict(SQLiteDatabase.java:170 2)
02-10 17:49:25.123 28983 29028 E SQLiteDatabase: at android.database.sqlite.SQLiteDatabase.insert(SQLiteDatabase.java:1571)
02-10 17:49:25.123 28983 29028 E SQLiteDatabase: at X.2tm.A08(Unknown Source:6)
02-10 17:49:25.123 28983 29028 E SQLiteDatabase: at X.35Y.A07(Unknown Source:212)
02-10 17:49:25.123 28983 29028 E SQLiteDatabase: at X.3QF.A14(Unknown Source:470)
02-10 17:49:25.123 28983 29028 E SQLiteDatabase: at X.3gU.run(Unknown Source:982)
02-10 17:49:25.123 28983 29028 E SQLiteDatabase: at android.os.Handler.handleCallback(Handler.java:938)
02-10 17:49:25.123 28983 29028 E SQLiteDatabase: at android.os.Handler.dispatchMessage(Handler.java:99)
02-10 17:49:25.123 28983 29028 E SQLiteDatabase: at X.0zq.dispatchMessage(Unknown Source:4)
02-10 17:49:25.123 28983 29028 E SQLiteDatabase: at android.os.Looper.loopOnce(Looper.java:211)
02-10 17:49:25.123 28983 29028 E SQLiteDatabase: at android.os.Looper.loop(Looper.java:300)
02-10 17:49:25.123 28983 29028 E SQLiteDatabase: at android.os.HandlerThread.run(HandlerThread.java:67)
02-10 17:49:25.448 28983 28983 E ArmVmp : Match on catch block at 0x0a in for 0x7d337b2035
02-10 17:49:25.452 28983 28983 E ArmVmp : Match on catch block at 0x0a in for 0x7d337b2035
02-10 17:49:25.590 28983 28983 E ArmVmp : Match on catch block at 0xc3 in for 0x7d337b2021
02-10 17:49:25.592 28983 28983 E ArmVmp : Match on catch block at 0xc3 in for 0x7d337b2021
02-10 17:49:25.594 28983 28983 E ArmVmp : Match on catch block at 0xc3 in for 0x7d337b2021
02-10 17:49:25.790 28983 28983 E ArmVmp : Match on catch block at 0xc3 in for 0x7d337b2025
02-10 17:49:25.792 28983 28983 E ArmVmp : Match on catch block at 0xc3 in for 0x7d337b2025
02-10 17:49:25.794 28983 28983 E ArmVmp : Match on catch block at 0xc3 in for 0x7d337b2025
02-10 17:49:25.854 28983 28983 E ArmVmp : Match on catch block at 0xc3 in for 0x7d337b2025
02-10 17:49:25.856 28983 28983 E ArmVmp : Match on catch block at 0xc3 in for 0x7d337b2025
02-10 17:49:25.858 28983 28983 E ArmVmp : Match on catch block at 0xc3 in for 0x7d337b2025
02-10 17:49:25.881 28983 29111 W com.mbwhatsapp: Accessing hidden method Landroid/app/MiuiNotification;-><init>()V (blocked, reflection, denied)
02-10 17:49:25.882 28983 28983 E ArmVmp : Match on catch block at 0xc3 in for 0x7d337b2025
02-10 17:49:25.884 28983 28983 E ArmVmp : Match on catch block at 0xc3 in for 0x7d337b2025
02-10 17:49:25.886 28983 28983 E ArmVmp : Match on catch block at 0xc3 in for 0x7d337b2025
02-10 17:49:25.917 28983 28983 E ArmVmp : Match on catch block at 0xc3 in for 0x7d337b2025
02-10 17:49:25.919 28983 28983 E ArmVmp : Match on catch block at 0xc3 in for 0x7d337b2025
02-10 17:49:25.921 28983 28983 E ArmVmp : Match on catch block at 0xc3 in for 0x7d337b2025
02-10 17:49:25.937 28983 28983 E ArmVmp : Match on catch block at 0xc3 in for 0x7d337b2025
02-10 17:49:25.939 28983 28983 E ArmVmp : Match on catch block at 0xc3 in for 0x7d337b2025
02-10 17:49:25.941 28983 28983 E ArmVmp : Match on catch block at 0xc3 in for 0x7d337b2025
02-10 17:49:26.088 28983 28983 E ArmVmp : Match on catch block at 0xc3 in for 0x7d337b2025
02-10 17:49:26.090 28983 28983 E ArmVmp : Match on catch block at 0xc3 in for 0x7d337b2025
02-10 17:49:26.092 28983 28983 E ArmVmp : Match on catch block at 0xc3 in for 0x7d337b2025
02-10 17:49:26.147 28983 29111 W com.mbwhatsapp: Accessing hidden method Landroid/app/MiuiNotification;-><init>()V (blocked, reflection, denied)
02-10 17:49:26.175 28983 29041 E OpenGLRenderer: EglManager::makeCurrent mED = 0xb400007c643d48c0, surface = 0x0, mEC = 0xb400007bd6da6980, error = EGL_SUCCESS
02-10 17:49:26.227 28983 29028 E SQLiteDatabase: Error inserting transferred=1 media_job_uuid=820a6890-abe3-4d5f-82df-0b21573b3a4f transcoded=0 gif_attribution=0 first_scan_length=0 direct_path=/v/t62.7117- 24/20100512_359596993583607_8530492014368177299_n.enc?ccb=11- 4&oh=01_AdQgMtgyxmeRqKlOjodaWRnGBZ3_-0n_7FiVYK3qV9Xl9g&oe=65EEB83C&_nc_sid=5e03e0 thumbnail_height_width_ratio=0.0 is_animated_sticker=0 file_hash=wzBN1dBkUvo+BhHdfcX5GCteVvyv+aGIcroDUjrgKlQ= file_path=Media/MBWhatsApp Voice Notes/202406/PTT-20240210-WA0018.opus file_size=4437 partial_media_hash=null face_x=0 face_y=0 height=0 trim_to=0 media_key_timestamp=1707562163000 message_url=https://mmg.whatsapp.net/v/t62.7117- 24/20100512_359596993583607_8530492014368177299_n.enc?ccb=11- 4&oh=01_AdQgMtgyxmeRqKlOjodaWRnGBZ3_- 0n_7FiVYK3qV9Xl9g&oe=65EEB83C&_nc_sid=5e03e0&mms3=true media_caption=null trim_from=0 mime_type=audio/ogg; codecs=opus partial_media_enc_hash=null width=0 original_file_hash=null has_streaming_sidecar=0 autotransfer_retry_enabled=1 media_upload_handle=null message_row_id=1940 multicast_id=null enc_file_hash=b79VP+sA2lfpegwbNXuvSXcehULx/nRQF+SFzBfM2Ws= mute_video=0 page_count=0 first_scan_sidecar=null suspicious_content=0 file_length=4437 media_name=null media_duration=1 chat_row_id=57 media_key=[B@ed2655e
02-10 17:49:26.227 28983 29028 E SQLiteDatabase: android.database.sqlite.SQLiteConstraintException: UNIQUE constraint failed: message_media.message_row_id (code 1555 SQLITE_CONSTRAINT_PRIMARYKEY)
02-10 17:49:26.227 28983 29028 E SQLiteDatabase: at android.database.sqlite.SQLiteConnection.nativeExecuteForLastInsertedRowId(Native Method)
02-10 17:49:26.227 28983 29028 E SQLiteDatabase: at android.database.sqlite.SQLiteConnection.executeForLastInsertedRowId(SQLiteConnecti on.java:940)
02-10 17:49:26.227 28983 29028 E SQLiteDatabase: at android.database.sqlite.SQLiteSession.executeForLastInsertedRowId(SQLiteSession.jav a:790)
02-10 17:49:26.227 28983 29028 E SQLiteDatabase: at android.database.sqlite.SQLiteStatement.executeInsert(SQLiteStatement.java:89)
02-10 17:49:26.227 28983 29028 E SQLiteDatabase: at android.database.sqlite.SQLiteDatabase.insertWithOnConflict(SQLiteDatabase.java:170 2)
02-10 17:49:26.227 28983 29028 E SQLiteDatabase: at android.database.sqlite.SQLiteDatabase.insert(SQLiteDatabase.java:1571)
02-10 17:49:26.227 28983 29028 E SQLiteDatabase: at X.2tm.A08(Unknown Source:6)
02-10 17:49:26.227 28983 29028 E SQLiteDatabase: at X.35Y.A07(Unknown Source:212)
02-10 17:49:26.227 28983 29028 E SQLiteDatabase: at X.3QF.A14(Unknown Source:470)
02-10 17:49:26.227 28983 29028 E SQLiteDatabase: at X.3gU.run(Unknown Source:982)
02-10 17:49:26.227 28983 29028 E SQLiteDatabase: at android.os.Handler.handleCallback(Handler.java:938)
02-10 17:49:26.227 28983 29028 E SQLiteDatabase: at android.os.Handler.dispatchMessage(Handler.java:99)
02-10 17:49:26.227 28983 29028 E SQLiteDatabase: at X.0zq.dispatchMessage(Unknown Source:4)
02-10 17:49:26.227 28983 29028 E SQLiteDatabase: at android.os.Looper.loopOnce(Looper.java:211)
02-10 17:49:26.227 28983 29028 E SQLiteDatabase: at android.os.Looper.loop(Looper.java:300)
02-10 17:49:26.227 28983 29028 E SQLiteDatabase: at android.os.HandlerThread.run(HandlerThread.java:67)
02-10 17:49:26.256 28983 29111 W com.mbwhatsapp: Accessing hidden method Landroid/app/MiuiNotification;-><init>()V (blocked, reflection, denied)
02-10 17:49:26.300 28983 28983 E ArmVmp : Match on catch block at 0xc3 in for 0x7d337b2025
02-10 17:49:26.303 28983 28983 E ArmVmp : Match on catch block at 0xc3 in for 0x7d337b2025
02-10 17:49:26.306 28983 28983 E ArmVmp : Match on catch block at 0xc3 in for 0x7d337b2025
02-10 17:49:26.317 28983 28983 E ArmVmp : Match on catch block at 0xc3 in for 0x7d337b2025
02-10 17:49:26.320 28983 28983 E ArmVmp : Match on catch block at 0xc3 in for 0x7d337b2025
02-10 17:49:26.323 28983 28983 E ArmVmp : Match on catch block at 0xc3 in for 0x7d337b2025
02-10 17:49:26.334 28983 28983 E ArmVmp : Match on catch block at 0xc3 in for 0x7d337b2025
02-10 17:49:26.337 28983 28983 E ArmVmp : Match on catch block at 0xc3 in for 0x7d337b2025
02-10 17:49:26.340 28983 28983 E ArmVmp : Match on catch block at 0xc3 in for 0x7d337b2025
02-10 17:49:26.351 28983 28983 E ArmVmp : Match on catch block at 0xc3 in for 0x7d337b2025
02-10 17:49:26.354 28983 28983 E ArmVmp : Match on catch block at 0xc3 in for 0x7d337b2025
02-10 17:49:26.357 28983 28983 E ArmVmp : Match on catch block at 0xc3 in for 0x7d337b2025
02-10 17:49:26.367 28983 28983 E ArmVmp : Match on catch block at 0xc3 in for 0x7d337b2025
02-10 17:49:26.371 28983 28983 E ArmVmp : Match on catch block at 0xc3 in for 0x7d337b2025
02-10 17:49:26.373 28983 28983 E ArmVmp : Match on catch block at 0xc3 in for 0x7d337b2025
02-10 17:49:26.384 28983 28983 E ArmVmp : Match on catch block at 0xc3 in for 0x7d337b2025
02-10 17:49:26.387 28983 28983 E ArmVmp : Match on catch block at 0xc3 in for 0x7d337b2025
02-10 17:49:26.390 28983 28983 E ArmVmp : Match on catch block at 0xc3 in for 0x7d337b2025
02-10 17:49:26.400 28983 28983 E ArmVmp : Match on catch block at 0xc3 in for 0x7d337b2025
02-10 17:49:26.403 28983 28983 E ArmVmp : Match on catch block at 0xc3 in for 0x7d337b2025
02-10 17:49:26.407 28983 28983 E ArmVmp : Match on catch block at 0xc3 in for 0x7d337b2025
02-10 17:49:26.418 28983 28983 E ArmVmp : Match on catch block at 0xc3 in for 0x7d337b2025
02-10 17:49:26.421 28983 28983 E ArmVmp : Match on catch block at 0xc3 in for 0x7d337b2025
02-10 17:49:26.424 28983 28983 E ArmVmp : Match on catch block at 0xc3 in for 0x7d337b2025
02-10 17:49:26.434 28983 28983 E ArmVmp : Match on catch block at 0xc3 in for 0x7d337b2025
02-10 17:49:26.438 28983 28983 E ArmVmp : Match on catch block at 0xc3 in for 0x7d337b2025
02-10 17:49:26.441 28983 28983 E ArmVmp : Match on catch block at 0xc3 in for 0x7d337b2025
02-10 17:49:26.451 28983 28983 E ArmVmp : Match on catch block at 0xc3 in for 0x7d337b2025
02-10 17:49:26.454 28983 28983 E ArmVmp : Match on catch block at 0xc3 in for 0x7d337b2025
02-10 17:49:26.457 28983 28983 E ArmVmp : Match on catch block at 0xc3 in for 0x7d337b2025
02-10 17:49:26.467 28983 28983 E ArmVmp : Match on catch block at 0xc3 in for 0x7d337b2025
02-10 17:49:26.470 28983 28983 E ArmVmp : Match on catch block at 0xc3 in for 0x7d337b2025
02-10 17:49:26.473 28983 28983 E ArmVmp : Match on catch block at 0xc3 in for 0x7d337b2025
02-10 17:49:26.484 28983 28983 E ArmVmp : Match on catch block at 0xc3 in for 0x7d337b2025
02-10 17:49:26.487 28983 28983 E ArmVmp : Match on catch block at 0xc3 in for 0x7d337b2025
02-10 17:49:26.490 28983 28983 E ArmVmp : Match on catch block at 0xc3 in for 0x7d337b2025
02-10 17:49:26.501 28983 28983 E ArmVmp : Match on catch block at 0xc3 in for 0x7d337b2025
02-10 17:49:26.504 28983 28983 E ArmVmp : Match on catch block at 0xc3 in for 0x7d337b2025
02-10 17:49:26.507 28983 28983 E ArmVmp : Match on catch block at 0xc3 in for 0x7d337b2025
02-10 17:49:26.518 28983 28983 E ArmVmp : Match on catch block at 0xc3 in for 0x7d337b2025
02-10 17:49:26.521 28983 28983 E ArmVmp : Match on catch block at 0xc3 in for 0x7d337b2025
02-10 17:49:26.524 28983 28983 E ArmVmp : Match on catch block at 0xc3 in for 0x7d337b2025
02-10 17:49:26.534 28983 28983 E ArmVmp : Match on catch block at 0xc3 in for 0x7d337b2025
02-10 17:49:26.538 28983 28983 E ArmVmp : Match on catch block at 0xc3 in for 0x7d337b2025
02-10 17:49:26.541 28983 28983 E ArmVmp : Match on catch block at 0xc3 in for 0x7d337b2025
02-10 17:49:26.551 28983 28983 E ArmVmp : Match on catch block at 0xc3 in for 0x7d337b2025
02-10 17:49:26.554 28983 28983 E ArmVmp : Match on catch block at 0xc3 in for 0x7d337b2025
02-10 17:49:26.557 28983 28983 E ArmVmp : Match on catch block at 0xc3 in for 0x7d337b2025
02-10 17:49:26.567 28983 28983 E ArmVmp : Match on catch block at 0xc3 in for 0x7d337b2025
02-10 17:49:26.570 28983 28983 E ArmVmp : Match on catch block at 0xc3 in for 0x7d337b2025
02-10 17:49:26.573 28983 28983 E ArmVmp : Match on catch block at 0xc3 in for 0x7d337b2025
02-10 17:49:26.584 28983 28983 E ArmVmp : Match on catch block at 0xc3 in for 0x7d337b2025
02-10 17:49:26.587 28983 28983 E ArmVmp : Match on catch block at 0xc3 in for 0x7d337b2025
02-10 17:49:26.591 28983 28983 E ArmVmp : Match on catch block at 0xc3 in for 0x7d337b2025
02-10 17:49:26.600 28983 28983 E ArmVmp : Match on catch block at 0xc3 in for 0x7d337b2025
02-10 17:49:26.604 28983 28983 E ArmVmp : Match on catch block at 0xc3 in for 0x7d337b2025
02-10 17:49:26.607 28983 28983 E ArmVmp : Match on catch block at 0xc3 in for 0x7d337b2025
02-10 17:49:26.835 28983 28983 E ArmVmp : Match on catch block at 0xc3 in for 0x7d337b2025
02-10 17:49:26.839 28983 28983 E ArmVmp : Match on catch block at 0xc3 in for 0x7d337b2025
02-10 17:49:26.842 28983 28983 E ArmVmp : Match on catch block at 0xc3 in for 0x7d337b2025
02-10 17:49:26.991 28983 28983 E ArmVmp : Match on catch block at 0xc3 in for 0x7d337b2025
02-10 17:49:26.994 28983 28983 E ArmVmp : Match on catch block at 0xc3 in for 0x7d337b2025
02-10 17:49:26.997 28983 28983 E ArmVmp : Match on catch block at 0xc3 in for 0x7d337b2025
02-10 17:49:27.005 28983 28983 E ArmVmp : Match on catch block at 0xc3 in for 0x7d337b2025
02-10 17:49:27.008 28983 28983 E ArmVmp : Match on catch block at 0xc3 in for 0x7d337b2025
02-10 17:49:27.011 28983 28983 E ArmVmp : Match on catch block at 0xc3 in for 0x7d337b2025
02-10 17:49:27.049 28983 28983 E ArmVmp : Match on catch block at 0xc3 in for 0x7d337b2025
02-10 17:49:27.054 28983 28983 E ArmVmp : Match on catch block at 0xc3 in for 0x7d337b2025
02-10 17:49:27.057 28983 28983 E ArmVmp : Match on catch block at 0xc3 in for 0x7d337b2025
02-10 17:49:27.067 28983 28983 E ArmVmp : Match on catch block at 0xc3 in for 0x7d337b2025
02-10 17:49:27.071 28983 28983 E ArmVmp : Match on catch block at 0xc3 in for 0x7d337b2025
02-10 17:49:27.074 28983 28983 E ArmVmp : Match on catch block at 0xc3 in for 0x7d337b2025
02-10 17:49:27.352 28983 28983 E ArmVmp : Match on catch block at 0xc3 in for 0x7d337b2025
02-10 17:49:27.357 28983 28983 E ArmVmp : Match on catch block at 0xc3 in for 0x7d337b2025
02-10 17:49:27.360 28983 28983 E ArmVmp : Match on catch block at 0xc3 in for 0x7d337b2025
02-10 17:49:27.657 28983 28983 E ArmVmp : Match on catch block at 0xc3 in for 0x7d337b2025
02-10 17:49:27.661 28983 28983 E ArmVmp : Match on catch block at 0xc3 in for 0x7d337b2025
02-10 17:49:27.662 28983 28983 E ArmVmp : Match on catch block at 0xc3 in for 0x7d337b2025
02-10 17:49:27.674 28983 28983 E ArmVmp : Match on catch block at 0xc3 in for 0x7d337b2025
02-10 17:49:27.677 28983 28983 E ArmVmp : Match on catch block at 0xc3 in for 0x7d337b2025
02-10 17:49:27.678 28983 28983 E ArmVmp : Match on catch block at 0xc3 in for 0x7d337b2025
02-10 17:49:27.697 28983 28983 E ArmVmp : Match on catch block at 0xc3 in for 0x7d337b2025
02-10 17:49:27.701 28983 28983 E ArmVmp : Match on catch block at 0xc3 in for 0x7d337b2025
02-10 17:49:27.704 28983 28983 E ArmVmp : Match on catch block at 0xc3 in for 0x7d337b2025
02-10 17:49:27.708 28983 29111 W com.mbwhatsapp: Accessing hidden method Landroid/app/MiuiNotification;-><init>()V (blocked, reflection, denied)
02-10 17:49:27.753 28983 29111 W com.mbwhatsapp: Accessing hidden method Landroid/app/MiuiNotification;-><init>()V (blocked, reflection, denied)
02-10 17:49:27.761 28983 28983 E ArmVmp : Match on catch block at 0xc3 in for 0x7d337b2025
02-10 17:49:27.763 28983 28983 E ArmVmp : Match on catch block at 0xc3 in for 0x7d337b2025
02-10 17:49:27.764 28983 28983 E ArmVmp : Match on catch block at 0xc3 in for 0x7d337b2025
02-10 17:49:27.776 28983 28983 E ArmVmp : Match on catch block at 0xc3 in for 0x7d337b2025
02-10 17:49:27.778 28983 28983 E ArmVmp : Match on catch block at 0xc3 in for 0x7d337b2025
02-10 17:49:27.780 28983 28983 E ArmVmp : Match on catch block at 0xc3 in for 0x7d337b2025
02-10 17:49:27.803 28983 28983 E ArmVmp : Match on catch block at 0xc3 in for 0x7d337b2025
02-10 17:49:27.805 28983 28983 E ArmVmp : Match on catch block at 0xc3 in for 0x7d337b2025
02-10 17:49:27.807 28983 28983 E ArmVmp : Match on catch block at 0xc3 in for 0x7d337b2025
02-10 17:49:27.815 28983 28983 E ArmVmp : Match on catch block at 0xc3 in for 0x7d337b2025
02-10 17:49:27.817 28983 28983 E ArmVmp : Match on catch block at 0xc3 in for 0x7d337b2025
02-10 17:49:27.819 28983 28983 E ArmVmp : Match on catch block at 0xc3 in for 0x7d337b2025
02-10 17:49:27.832 28983 28983 E ArmVmp : Match on catch block at 0xc3 in for 0x7d337b2025
02-10 17:49:27.834 28983 28983 E ArmVmp : Match on catch block at 0xc3 in for 0x7d337b2025
02-10 17:49:27.836 28983 28983 E ArmVmp : Match on catch block at 0xc3 in for 0x7d337b2025
02-10 17:49:27.849 28983 28983 E ArmVmp : Match on catch block at 0xc3 in for 0x7d337b2025
02-10 17:49:27.850 28983 28983 E ArmVmp : Match on catch block at 0xc3 in for 0x7d337b2025
02-10 17:49:27.853 28983 28983 E ArmVmp : Match on catch block at 0xc3 in for 0x7d337b2025
02-10 17:49:27.866 28983 28983 E ArmVmp : Match on catch block at 0xc3 in for 0x7d337b2025
02-10 17:49:27.869 28983 28983 E ArmVmp : Match on catch block at 0xc3 in for 0x7d337b2025
02-10 17:49:27.872 28983 28983 E ArmVmp : Match on catch block at 0xc3 in for 0x7d337b2025
02-10 17:49:27.905 28983 29041 E OpenGLRenderer: EglManager::makeCurrent mED = 0xb400007c643d48c0, surface = 0x0, mEC = 0xb400007bd6da6980, error = EGL_SUCCESS
02-10 17:49:27.921 28983 29041 E OpenGLRenderer: EglManager::makeCurrent mED = 0xb400007c643d48c0, surface = 0x0, mEC = 0xb400007bd6da6980, error = EGL_SUCCESS
02-10 17:49:27.955 28983 29041 E OpenGLRenderer: EglManager::makeCurrent mED = 0xb400007c643d48c0, surface = 0x0, mEC = 0xb400007bd6da6980, error = EGL_SUCCESS
02-10 17:49:27.972 28983 29041 E OpenGLRenderer: EglManager::makeCurrent mED = 0xb400007c643d48c0, surface = 0x0, mEC = 0xb400007bd6da6980, error = EGL_SUCCESS
02-10 17:49:27.995 28983 29041 E OpenGLRenderer: EglManager::makeCurrent mED = 0xb400007c643d48c0, surface = 0x0, mEC = 0xb400007bd6da6980, error = EGL_SUCCESS
02-10 17:49:28.010 28983 28983 E ArmVmp : Match on catch block at 0xc3 in for 0x7d337b2025
02-10 17:49:28.012 28983 28983 E ArmVmp : Match on catch block at 0xc3 in for 0x7d337b2025
02-10 17:49:28.015 28983 28983 E ArmVmp : Match on catch block at 0xc3 in for 0x7d337b2025
02-10 17:49:28.037 28983 28983 E ArmVmp : Match on catch block at 0xc3 in for 0x7d337b2025
02-10 17:49:28.041 28983 28983 E ArmVmp : Match on catch block at 0xc3 in for 0x7d337b2025
02-10 17:49:28.044 28983 28983 E ArmVmp : Match on catch block at 0xc3 in for 0x7d337b2025
02-10 17:49:28.075 28983 29041 E OpenGLRenderer: EglManager::makeCurrent mED = 0xb400007c643d48c0, surface = 0x0, mEC = 0xb400007bd6da6980, error = EGL_SUCCESS
02-10 17:49:28.077 28983 28983 E ArmVmp : Match on catch block at 0xc3 in for 0x7d337b2025
02-10 17:49:28.079 28983 28983 E ArmVmp : Match on catch block at 0xc3 in for 0x7d337b2025
02-10 17:49:28.082 28983 28983 E ArmVmp : Match on catch block at 0xc3 in for 0x7d337b2025
02-10 17:49:28.114 28983 29041 E OpenGLRenderer: EglManager::makeCurrent mED = 0xb400007c643d48c0, surface = 0x0, mEC = 0xb400007bd6da6980, error = EGL_SUCCESS
02-10 17:49:28.127 28983 29041 E OpenGLRenderer: EglManager::makeCurrent mED = 0xb400007c643d48c0, surface = 0x0, mEC = 0xb400007bd6da6980, error = EGL_SUCCESS
02-10 17:49:28.142 28983 29041 E OpenGLRenderer: EglManager::makeCurrent mED = 0xb400007c643d48c0, surface = 0x0, mEC = 0xb400007bd6da6980, error = EGL_SUCCESS
02-10 17:49:28.157 28983 29041 E OpenGLRenderer: EglManager::makeCurrent mED = 0xb400007c643d48c0, surface = 0x0, mEC = 0xb400007bd6da6980, error = EGL_SUCCESS
02-10 17:49:28.172 28983 29041 E OpenGLRenderer: EglManager::makeCurrent mED = 0xb400007c643d48c0, surface = 0x0, mEC = 0xb400007bd6da6980, error = EGL_SUCCESS
02-10 17:49:28.187 28983 29041 E OpenGLRenderer: EglManager::makeCurrent mED = 0xb400007c643d48c0, surface = 0x0, mEC = 0xb400007bd6da6980, error = EGL_SUCCESS
02-10 17:49:28.565 28983 28983 E ArmVmp : Match on catch block at 0xc3 in for 0x7d337b2025
02-10 17:49:28.567 28983 28983 E ArmVmp : Match on catch block at 0xc3 in for 0x7d337b2025
02-10 17:49:28.569 28983 28983 E ArmVmp : Match on catch block at 0xc3 in for 0x7d337b2025
02-10 17:49:28.594 28983 28983 E ArmVmp : Match on catch block at 0xc3 in for 0x7d337b2025
02-10 17:49:28.598 28983 28983 E ArmVmp : Match on catch block at 0xc3 in for 0x7d337b2025
02-10 17:49:28.601 28983 28983 E ArmVmp : Match on catch block at 0xc3 in for 0x7d337b2025
02-10 17:49:28.623 28983 28983 E ArmVmp : Match on catch block at 0xc3 in for 0x7d337b2025
02-10 17:49:28.626 28983 28983 E ArmVmp : Match on catch block at 0xc3 in for 0x7d337b2025
02-10 17:49:28.635 28983 28983 E ArmVmp : Match on catch block at 0xc3 in for 0x7d337b2025
02-10 17:49:28.638 28983 28983 E ArmVmp : Match on catch block at 0xc3 in for 0x7d337b2025
02-10 17:49:28.685 28983 28983 E ArmVmp : Match on catch block at 0xc3 in for 0x7d337b2025
02-10 17:49:28.689 28983 28983 E ArmVmp : Match on catch block at 0xc3 in for 0x7d337b2025
02-10 17:49:28.703 28983 28983 E ArmVmp : Match on catch block at 0xc3 in for 0x7d337b2025
02-10 17:49:28.705 28983 28983 E ArmVmp : Match on catch block at 0xc3 in for 0x7d337b2025
02-10 17:49:28.733 28983 28983 E ArmVmp : Match on catch block at 0xc3 in for 0x7d337b2025
02-10 17:49:28.736 28983 28983 E ArmVmp : Match on catch block at 0xc3 in for 0x7d337b2025
02-10 17:49:28.748 28983 28983 E ArmVmp : Match on catch block at 0xc3 in for 0x7d337b2025
02-10 17:49:28.750 28983 28983 E ArmVmp : Match on catch block at 0xc3 in for 0x7d337b2025
02-10 17:49:28.765 28983 28983 E ArmVmp : Match on catch block at 0xc3 in for 0x7d337b2025
02-10 17:49:28.768 28983 28983 E ArmVmp : Match on catch block at 0xc3 in for 0x7d337b2025
02-10 17:49:28.782 28983 28983 E ArmVmp : Match on catch block at 0xc3 in for 0x7d337b2025
02-10 17:49:28.785 28983 28983 E ArmVmp : Match on catch block at 0xc3 in for 0x7d337b2025
02-10 17:49:28.972 28983 28983 E ArmVmp : Match on catch block at 0xc3 in for 0x7d337b2025
02-10 17:49:28.976 28983 28983 E ArmVmp : Match on catch block at 0xc3 in for 0x7d337b2025
02-10 17:49:28.986 28983 29054 W MediaPlayer: Use of stream types is deprecated for operations other than volume control
02-10 17:49:28.986 28983 29054 W MediaPlayer: See the documentation of setAudioStreamType() for what to use instead with android.media.AudioAttributes to qualify your playback use case
02-10 17:49:28.989 28983 28983 E ArmVmp : Match on catch block at 0xc3 in for 0x7d337b2025
02-10 17:49:28.993 28983 28983 E ArmVmp : Match on catch block at 0xc3 in for 0x7d337b2025
02-10 17:49:29.083 28983 28983 E ArmVmp : Match on catch block at 0xc3 in for 0x7d337b2025
02-10 17:49:29.087 28983 28983 E ArmVmp : Match on catch block at 0xc3 in for 0x7d337b2025
02-10 17:49:29.236 28983 28983 E ArmVmp : Match on catch block at 0xc3 in for 0x7d337b2025
02-10 17:49:29.238 28983 28983 E ArmVmp : Match on catch block at 0xc3 in for 0x7d337b2025
02-10 17:49:29.249 28983 28983 E ArmVmp : Match on catch block at 0xc3 in for 0x7d337b2025
02-10 17:49:29.252 28983 28983 E ArmVmp : Match on catch block at 0xc3 in for 0x7d337b2025
02-10 17:49:29.265 28983 28983 E ArmVmp : Match on catch block at 0xc3 in for 0x7d337b2025
02-10 17:49:29.267 28983 28983 E ArmVmp : Match on catch block at 0xc3 in for 0x7d337b2025
02-10 17:49:29.282 28983 28983 E ArmVmp : Match on catch block at 0xc3 in for 0x7d337b2025
02-10 17:49:29.284 28983 28983 E ArmVmp : Match on catch block at 0xc3 in for 0x7d337b2025
02-10 17:49:29.298 28983 28983 E ArmVmp : Match on catch block at 0xc3 in for 0x7d337b2025
02-10 17:49:29.300 28983 28983 E ArmVmp : Match on catch block at 0xc3 in for 0x7d337b2025
02-10 17:49:29.315 28983 28983 E ArmVmp : Match on catch block at 0xc3 in for 0x7d337b2025
02-10 17:49:29.317 28983 28983 E ArmVmp : Match on catch block at 0xc3 in for 0x7d337b2025
02-10 17:49:29.332 28983 28983 E ArmVmp : Match on catch block at 0xc3 in for 0x7d337b2025
02-10 17:49:29.334 28983 28983 E ArmVmp : Match on catch block at 0xc3 in for 0x7d337b2025
02-10 17:49:29.348 28983 28983 E ArmVmp : Match on catch block at 0xc3 in for 0x7d337b2025
