02-10 17:48:31.633 28250 28447 E OpenGLRenderer: EglManager::makeCurrent mED = 0xb400007c643d48c0, surface = 0x0, mEC = 0xb400007c816d4700, error = EGL_SUCCESS
02-10 17:48:32.505 28250 28447 E OpenGLRenderer: EglManager::makeCurrent mED = 0xb400007c643d48c0, surface = 0x0, mEC = 0xb400007c816d4700, error = EGL_SUCCESS
02-10 17:48:33.722 28250 28313 E SQLiteDatabase: Error inserting transferred=0 media_job_uuid=8035baae-c2c8-4129-acef-45f5c6af7c83 transcoded=0 gif_attribution=0 first_scan_length=9674 direct_path=/o1/v/t62.7118-24/f1/m233/up-oil-image-16488ba5- 5d2e-40d0-84e3-23266f301a0d?ccb=9- 4&oh=01_AdR4Rx3M1cFUbqlGTAuMYxEuy5KUSG6LGllK6zCKg6kO5A&oe=65EEB5CF&_nc_sid=000000 thumbnail_height_width_ratio=0.45833334 is_animated_sticker=0 file_hash=wYf7UYkvRSMNm5jKuHGU+BnkOoDLMVuepAzqpIj750g= file_path=null file_size=0 partial_media_hash=lkI0kEpfSNFXi8/Rs2zojc2B2K9ozzs1IcYwWMhPcT8= face_x=0 face_y=0 height=591 trim_to=0 media_key_timestamp=1707552717000 message_url=https://mmg.whatsapp.net/o1/v/t62.7118-24/f1/m233/up-oil-image- 16488ba5-5d2e-40d0-84e3-23266f301a0d?ccb=9- 4&oh=01_AdR4Rx3M1cFUbqlGTAuMYxEuy5KUSG6LGllK6zCKg6kO5A&oe=65EEB5CF&_nc_sid=000000&m ms3=true media_caption=null trim_from=0 mime_type=image/jpeg partial_media_enc_hash=null width=1280 original_file_hash=null has_streaming_sidecar=1 autotransfer_retry_enabled=1 media_upload_handle=null message_row_id=1872 multicast_id=null enc_file_hash=rJYlj0iz5vo9qNnQKuJGixt9m3HSZ/7Evf56Hi/42gQ= mute_video=0 page_count=0 first_scan_sidecar=[B@c6e138c suspicious_content=0 file_length=125960 media_name=null media_duration=0 chat_row_id=157 media_key=[B@f1b2ad5
02-10 17:48:33.722 28250 28313 E SQLiteDatabase: android.database.sqlite.SQLiteConstraintException: UNIQUE constraint failed: message_media.message_row_id (code 1555 SQLITE_CONSTRAINT_PRIMARYKEY)
02-10 17:48:33.722 28250 28313 E SQLiteDatabase: at android.database.sqlite.SQLiteConnection.nativeExecuteForLastInsertedRowId(Native Method)
02-10 17:48:33.722 28250 28313 E SQLiteDatabase: at android.database.sqlite.SQLiteConnection.executeForLastInsertedRowId(SQLiteConnecti on.java:940)
02-10 17:48:33.722 28250 28313 E SQLiteDatabase: at android.database.sqlite.SQLiteSession.executeForLastInsertedRowId(SQLiteSession.jav a:790)
02-10 17:48:33.722 28250 28313 E SQLiteDatabase: at android.database.sqlite.SQLiteStatement.executeInsert(SQLiteStatement.java:89)
02-10 17:48:33.722 28250 28313 E SQLiteDatabase: at android.database.sqlite.SQLiteDatabase.insertWithOnConflict(SQLiteDatabase.java:170 2)
02-10 17:48:33.722 28250 28313 E SQLiteDatabase: at android.database.sqlite.SQLiteDatabase.insert(SQLiteDatabase.java:1571)
02-10 17:48:33.722 28250 28313 E SQLiteDatabase: at X.2tm.A08(Unknown Source:6)
02-10 17:48:33.722 28250 28313 E SQLiteDatabase: at X.35Y.A07(Unknown Source:212)
02-10 17:48:33.722 28250 28313 E SQLiteDatabase: at X.3QF.A14(Unknown Source:470)
02-10 17:48:33.722 28250 28313 E SQLiteDatabase: at X.3gU.run(Unknown Source:982)
02-10 17:48:33.722 28250 28313 E SQLiteDatabase: at android.os.Handler.handleCallback(Handler.java:938)
02-10 17:48:33.722 28250 28313 E SQLiteDatabase: at android.os.Handler.dispatchMessage(Handler.java:99)
02-10 17:48:33.722 28250 28313 E SQLiteDatabase: at X.0zq.dispatchMessage(Unknown Source:4)
02-10 17:48:33.722 28250 28313 E SQLiteDatabase: at android.os.Looper.loopOnce(Looper.java:211)
02-10 17:48:33.722 28250 28313 E SQLiteDatabase: at android.os.Looper.loop(Looper.java:300)
02-10 17:48:33.722 28250 28313 E SQLiteDatabase: at android.os.HandlerThread.run(HandlerThread.java:67)
02-10 17:48:35.235 28250 28447 E OpenGLRenderer: EglManager::makeCurrent mED = 0xb400007c643d48c0, surface = 0x0, mEC = 0xb400007c816d4700, error = EGL_SUCCESS
02-10 17:48:36.152 28250 28250 E ArmVmp : Match on catch block at 0x0a in for 0x7d337b2039
02-10 17:48:36.167 28250 28250 E ArmVmp : Match on catch block at 0x0a in for 0x7d337b2039
02-10 17:48:36.265 28250 28250 E ArmVmp : Match on catch block at 0x0a in for 0x7d337b202d
02-10 17:48:36.288 28250 28250 E ArmVmp : Match on catch block at 0x0a in for 0x7d337b2031
02-10 17:48:36.541 28250 28447 E libEGL : pre_cache appList: com.sina.weibo,com.smile.gifmaker,com.ss.android.article.news,com.ss.android.ugc.aw eme,com.taobao.taobao,com.tencent.mm,tv.danmaku.bili,
02-10 17:48:36.768 28250 28447 E OpenGLRenderer: EglManager::makeCurrent mED = 0xb400007c643d48c0, surface = 0x0, mEC = 0xb400007c816d4700, error = EGL_SUCCESS
02-10 17:48:37.917 28250 28447 E OpenGLRenderer: EglManager::makeCurrent mED = 0xb400007c643d48c0, surface = 0x0, mEC = 0xb400007c816d4700, error = EGL_SUCCESS
02-10 17:48:38.022 28250 28250 E ArmVmp : Match on catch block at 0x0a in for 0x7d337b2031
02-10 17:48:38.064 28250 28313 E SQLiteDatabase: Error inserting transferred=1 media_job_uuid=f69859c0-66e7-42a0-ab9b-4bac85a8b3b5 transcoded=0 gif_attribution=0 first_scan_length=0 direct_path=/v/t62.7117- 24/41193506_1132588361267706_2348260873875029247_n.enc?ccb=11- 4&oh=01_AdTnmYJKSkG9rb98X4DhPiEHWAFqPu9vTJuV_DHwBRHLXw&oe=65EEDEA1&_nc_sid=5e03e0 thumbnail_height_width_ratio=0.0 is_animated_sticker=0 file_hash=p72FSh4rFYgj0YVyNBCV+zrCVrgmyag4gjp7t4N/mdY= file_path=Media/MBWhatsApp Voice Notes/202406/PTT-20240210-WA0015.opus file_size=4641 partial_media_hash=null face_x=0 face_y=0 height=0 trim_to=0 media_key_timestamp=1707562115000 message_url=https://mmg.whatsapp.net/v/t62.7117- 24/41193506_1132588361267706_2348260873875029247_n.enc?ccb=11- 4&oh=01_AdTnmYJKSkG9rb98X4DhPiEHWAFqPu9vTJuV_DHwBRHLXw&oe=65EEDEA1&_nc_sid=5e03e0&m ms3=true media_caption=null trim_from=0 mime_type=audio/ogg; codecs=opus partial_media_enc_hash=null width=0 original_file_hash=null has_streaming_sidecar=0 autotransfer_retry_enabled=1 media_upload_handle=null message_row_id=1882 multicast_id=null enc_file_hash=pgRW10Wg3DlQNP3tjg4tyVDy6Txu73Jrwe27W/+EEuE= mute_video=0 page_count=0 first_scan_sidecar=null suspicious_content=0 file_length=4641 media_name=null media_duration=1 chat_row_id=57 media_key=[B@e5908f2
02-10 17:48:38.064 28250 28313 E SQLiteDatabase: android.database.sqlite.SQLiteConstraintException: UNIQUE constraint failed: message_media.message_row_id (code 1555 SQLITE_CONSTRAINT_PRIMARYKEY)
02-10 17:48:38.064 28250 28313 E SQLiteDatabase: at android.database.sqlite.SQLiteConnection.nativeExecuteForLastInsertedRowId(Native Method)
02-10 17:48:38.064 28250 28313 E SQLiteDatabase: at android.database.sqlite.SQLiteConnection.executeForLastInsertedRowId(SQLiteConnecti on.java:940)
02-10 17:48:38.064 28250 28313 E SQLiteDatabase: at android.database.sqlite.SQLiteSession.executeForLastInsertedRowId(SQLiteSession.jav a:790)
02-10 17:48:38.064 28250 28313 E SQLiteDatabase: at android.database.sqlite.SQLiteStatement.executeInsert(SQLiteStatement.java:89)
02-10 17:48:38.064 28250 28313 E SQLiteDatabase: at android.database.sqlite.SQLiteDatabase.insertWithOnConflict(SQLiteDatabase.java:170 2)
02-10 17:48:38.064 28250 28313 E SQLiteDatabase: at android.database.sqlite.SQLiteDatabase.insert(SQLiteDatabase.java:1571)
02-10 17:48:38.064 28250 28313 E SQLiteDatabase: at X.2tm.A08(Unknown Source:6)
02-10 17:48:38.064 28250 28313 E SQLiteDatabase: at X.35Y.A07(Unknown Source:212)
02-10 17:48:38.064 28250 28313 E SQLiteDatabase: at X.3QF.A14(Unknown Source:470)
02-10 17:48:38.064 28250 28313 E SQLiteDatabase: at X.3gU.run(Unknown Source:982)
02-10 17:48:38.064 28250 28313 E SQLiteDatabase: at android.os.Handler.handleCallback(Handler.java:938)
02-10 17:48:38.064 28250 28313 E SQLiteDatabase: at android.os.Handler.dispatchMessage(Handler.java:99)
02-10 17:48:38.064 28250 28313 E SQLiteDatabase: at X.0zq.dispatchMessage(Unknown Source:4)
02-10 17:48:38.064 28250 28313 E SQLiteDatabase: at android.os.Looper.loopOnce(Looper.java:211)
02-10 17:48:38.064 28250 28313 E SQLiteDatabase: at android.os.Looper.loop(Looper.java:300)
02-10 17:48:38.064 28250 28313 E SQLiteDatabase: at android.os.HandlerThread.run(HandlerThread.java:67)
02-10 17:48:40.079 28250 28447 E OpenGLRenderer: EglManager::makeCurrent mED = 0xb400007c643d48c0, surface = 0x0, mEC = 0xb400007c816d4700, error = EGL_SUCCESS
02-10 17:48:45.599 28250 28250 E ArmVmp : Match on catch block at 0x0a in for 0x7d337b2031
02-10 17:48:45.655 28250 28313 E SQLiteDatabase: Error inserting transferred=0 media_job_uuid=24fc89d3-cd76-447b-ac16-b105661d34f2 transcoded=0 gif_attribution=0 first_scan_length=19157 direct_path=/v/t62.7118- 24/21428875_1062797881604274_9022535697290246157_n.enc?ccb=11-4&oh=01_AdTFNw- 1poMXRV_2qyaVNSK_RmKS8tiaqx6Lvb- FaAe2xA&oe=65EEC09E&_nc_sid=5e03e0&_nc_hot=1707562123 thumbnail_height_width_ratio=1.0 is_animated_sticker=0 file_hash=UJXvP/jhBFISLdr1NSIO6I/dhx8hqbvU9hcukUUG/Rs= file_path=null file_size=0 partial_media_hash=7U3tQZIaKx0fRBTKZPOrxSR/7BUEY5Bu/aMQRNmQfuQ= face_x=0 face_y=0 height=1280 trim_to=0 media_key_timestamp=1707398900000 message_url=https://mmg.whatsapp.net/v/t62.7118- 24/21428875_1062797881604274_9022535697290246157_n.enc?ccb=11-4&oh=01_AdTFNw- 1poMXRV_2qyaVNSK_RmKS8tiaqx6Lvb-FaAe2xA&oe=65EEC09E&_nc_sid=5e03e0&mms3=true media_caption=null trim_from=0 mime_type=image/jpeg partial_media_enc_hash=null width=1280 original_file_hash=null has_streaming_sidecar=1 autotransfer_retry_enabled=1 media_upload_handle=null message_row_id=1890 multicast_id=null enc_file_hash=mXZVyDzHOmGlC5kOmB4dNZD9BKQvfFMnox/UszQYRMI= mute_video=0 page_count=0 first_scan_sidecar=[B@b62aec9 suspicious_content=0 file_length=157187 media_name=null media_duration=0 chat_row_id=62 media_key=[B@2bbd9ce
02-10 17:48:45.655 28250 28313 E SQLiteDatabase: android.database.sqlite.SQLiteConstraintException: UNIQUE constraint failed: message_media.message_row_id (code 1555 SQLITE_CONSTRAINT_PRIMARYKEY)
02-10 17:48:45.655 28250 28313 E SQLiteDatabase: at android.database.sqlite.SQLiteConnection.nativeExecuteForLastInsertedRowId(Native Method)
02-10 17:48:45.655 28250 28313 E SQLiteDatabase: at android.database.sqlite.SQLiteConnection.executeForLastInsertedRowId(SQLiteConnecti on.java:940)
02-10 17:48:45.655 28250 28313 E SQLiteDatabase: at android.database.sqlite.SQLiteSession.executeForLastInsertedRowId(SQLiteSession.jav a:790)
02-10 17:48:45.655 28250 28313 E SQLiteDatabase: at android.database.sqlite.SQLiteStatement.executeInsert(SQLiteStatement.java:89)
02-10 17:48:45.655 28250 28313 E SQLiteDatabase: at android.database.sqlite.SQLiteDatabase.insertWithOnConflict(SQLiteDatabase.java:170 2)
02-10 17:48:45.655 28250 28313 E SQLiteDatabase: at android.database.sqlite.SQLiteDatabase.insert(SQLiteDatabase.java:1571)
02-10 17:48:45.655 28250 28313 E SQLiteDatabase: at X.2tm.A08(Unknown Source:6)
02-10 17:48:45.655 28250 28313 E SQLiteDatabase: at X.35Y.A07(Unknown Source:212)
02-10 17:48:45.655 28250 28313 E SQLiteDatabase: at X.3QF.A14(Unknown Source:470)
02-10 17:48:45.655 28250 28313 E SQLiteDatabase: at X.3gU.run(Unknown Source:982)
02-10 17:48:45.655 28250 28313 E SQLiteDatabase: at android.os.Handler.handleCallback(Handler.java:938)
02-10 17:48:45.655 28250 28313 E SQLiteDatabase: at android.os.Handler.dispatchMessage(Handler.java:99)
02-10 17:48:45.655 28250 28313 E SQLiteDatabase: at X.0zq.dispatchMessage(Unknown Source:4)
02-10 17:48:45.655 28250 28313 E SQLiteDatabase: at android.os.Looper.loopOnce(Looper.java:211)
02-10 17:48:45.655 28250 28313 E SQLiteDatabase: at android.os.Looper.loop(Looper.java:300)
02-10 17:48:45.655 28250 28313 E SQLiteDatabase: at android.os.HandlerThread.run(HandlerThread.java:67)
02-10 17:48:47.392 28250 28447 E OpenGLRenderer: EglManager::makeCurrent mED = 0xb400007c643d48c0, surface = 0x0, mEC = 0xb400007c816d4700, error = EGL_SUCCESS
02-10 17:48:57.506 28250 28250 E ArmVmp : Match on catch block at 0x0a in for 0x7d337b2031
02-10 17:48:58.692 28250 28313 E SQLiteDatabase: Error inserting transferred=0 media_job_uuid=859dfca6-abeb-4a10-a78f-312bca41978c transcoded=0 gif_attribution=0 first_scan_length=8126 direct_path=/v/t62.7118- 24/19078756_254896327561122_6585394566863568605_n.enc?ccb=11- 4&oh=01_AdS_jBojn0x77pJGv-sI1CYhJrXgF6Jf5TqNo_u2wQqlnw&oe=65EED771&_nc_sid=5e03e0 thumbnail_height_width_ratio=2.3225806 is_animated_sticker=0 file_hash=taXhk4a91q7HKiZWpqMZrSRalrgqhKuMwrHt/G+0P90= file_path=null file_size=0 partial_media_hash=+sKEjb4t9wHbB/2SOAD4P+FOC2OhKkncrctXmM4b2jo= face_x=0 face_y=0 height=1280 trim_to=0 media_key_timestamp=1707562029000 message_url=https://mmg.whatsapp.net/v/t62.7118- 24/19078756_254896327561122_6585394566863568605_n.enc?ccb=11- 4&oh=01_AdS_jBojn0x77pJGv- sI1CYhJrXgF6Jf5TqNo_u2wQqlnw&oe=65EED771&_nc_sid=5e03e0&mms3=true media_caption=null trim_from=0 mime_type=image/jpeg partial_media_enc_hash=null width=561 original_file_hash=null has_streaming_sidecar=1 autotransfer_retry_enabled=1 media_upload_handle=null message_row_id=1910 multicast_id=null enc_file_hash=ATgFprKNGFpYvOTAFMHIA+KDonUwKx70/g4O47HDKa4= mute_video=0 page_count=0 first_scan_sidecar=[B@6f2be18 suspicious_content=0 file_length=111265 media_name=null media_duration=0 chat_row_id=69 media_key=[B@9d67071
02-10 17:48:58.692 28250 28313 E SQLiteDatabase: android.database.sqlite.SQLiteConstraintException: UNIQUE constraint failed: message_media.message_row_id (code 1555 SQLITE_CONSTRAINT_PRIMARYKEY)
02-10 17:48:58.692 28250 28313 E SQLiteDatabase: at android.database.sqlite.SQLiteConnection.nativeExecuteForLastInsertedRowId(Native Method)
02-10 17:48:58.692 28250 28313 E SQLiteDatabase: at android.database.sqlite.SQLiteConnection.executeForLastInsertedRowId(SQLiteConnecti on.java:940)
02-10 17:48:58.692 28250 28313 E SQLiteDatabase: at android.database.sqlite.SQLiteSession.executeForLastInsertedRowId(SQLiteSession.jav a:790)
02-10 17:48:58.692 28250 28313 E SQLiteDatabase: at android.database.sqlite.SQLiteStatement.executeInsert(SQLiteStatement.java:89)
02-10 17:48:58.692 28250 28313 E SQLiteDatabase: at android.database.sqlite.SQLiteDatabase.insertWithOnConflict(SQLiteDatabase.java:170 2)
02-10 17:48:58.692 28250 28313 E SQLiteDatabase: at android.database.sqlite.SQLiteDatabase.insert(SQLiteDatabase.java:1571)
02-10 17:48:58.692 28250 28313 E SQLiteDatabase: at X.2tm.A08(Unknown Source:6)
02-10 17:48:58.692 28250 28313 E SQLiteDatabase: at X.35Y.A07(Unknown Source:212)
02-10 17:48:58.692 28250 28313 E SQLiteDatabase: at X.3QF.A14(Unknown Source:470)
02-10 17:48:58.692 28250 28313 E SQLiteDatabase: at X.3gU.run(Unknown Source:982)
02-10 17:48:58.692 28250 28313 E SQLiteDatabase: at android.os.Handler.handleCallback(Handler.java:938)
02-10 17:48:58.692 28250 28313 E SQLiteDatabase: at android.os.Handler.dispatchMessage(Handler.java:99)
02-10 17:48:58.692 28250 28313 E SQLiteDatabase: at X.0zq.dispatchMessage(Unknown Source:4)
02-10 17:48:58.692 28250 28313 E SQLiteDatabase: at android.os.Looper.loopOnce(Looper.java:211)
02-10 17:48:58.692 28250 28313 E SQLiteDatabase: at android.os.Looper.loop(Looper.java:300)
02-10 17:48:58.692 28250 28313 E SQLiteDatabase: at android.os.HandlerThread.run(HandlerThread.java:67) --------- beginning of main
02-10 17:49:01.932 28983 28983 E com.mbwhatsapp: Not starting debugger since process cannot load the jdwp agent.
02-10 17:49:01.984 28983 28983 W ResourceType: CREATING STRING CACHE OF 192 bytes
02-10 17:49:02.002 28983 28983 W System.err: java.lang.ClassNotFoundException: mbmodsd.mbmodsw.ui.views.btn.BtnBK
02-10 17:49:02.003 28983 28983 W System.err: at java.lang.Runtime.nativeLoad(Native Method)
02-10 17:49:02.003 28983 28983 W System.err: at java.lang.Runtime.nativeLoad(Runtime.java:1126)
02-10 17:49:02.003 28983 28983 W System.err: at java.lang.Runtime.loadLibrary0(Runtime.java:1080)
02-10 17:49:02.003 28983 28983 W System.err: at java.lang.Runtime.loadLibrary0(Runtime.java:1003)
02-10 17:49:02.003 28983 28983 W System.err: at java.lang.System.loadLibrary(System.java:1661)
02-10 17:49:02.003 28983 28983 W System.err: at arm.EpicVm.<clinit>(Unknown Source:2)
02-10 17:49:02.003 28983 28983 W System.err: at java.lang.Class.newInstance(Native Method)
02-10 17:49:02.003 28983 28983 W System.err: at android.app.AppComponentFactory.instantiateApplication(AppComponentFactory.java:76)
02-10 17:49:02.003 28983 28983 W System.err: at androidx.core.app.CoreComponentFactory.instantiateApplication(Unknown Source:0)
02-10 17:49:02.003 28983 28983 W System.err: at android.app.Instrumentation.newApplication(Instrumentation.java:1189)
02-10 17:49:02.003 28983 28983 W System.err: at android.app.LoadedApk.makeApplication(LoadedApk.java:1379)
02-10 17:49:02.003 28983 28983 W System.err: at android.app.ActivityThread.handleBindApplication(ActivityThread.java:7075)
02-10 17:49:02.003 28983 28983 W System.err: at android.app.ActivityThread.access$1700(ActivityThread.java:275)
02-10 17:49:02.003 28983 28983 W System.err: at android.app.ActivityThread$H.handleMessage(ActivityThread.java:2185)
02-10 17:49:02.003 28983 28983 W System.err: at android.os.Handler.dispatchMessage(Handler.java:106)
02-10 17:49:02.003 28983 28983 W System.err: at android.os.Looper.loopOnce(Looper.java:211)
02-10 17:49:02.003 28983 28983 W System.err: at android.os.Looper.loop(Looper.java:300)
02-10 17:49:02.003 28983 28983 W System.err: at android.app.ActivityThread.main(ActivityThread.java:8301)
02-10 17:49:02.003 28983 28983 W System.err: at java.lang.reflect.Method.invoke(Native Method)
02-10 17:49:02.003 28983 28983 W System.err: at com.android.internal.os.RuntimeInit$MethodAndArgsCaller.run(RuntimeInit.java:577)
02-10 17:49:02.003 28983 28983 W System.err: at com.android.internal.os.ZygoteInit.main(ZygoteInit.java:1076)
02-10 17:49:02.037 28983 28983 E CustomActivityOnCrash: IMPORTANT WARNING! You already have an UncaughtExceptionHandler, are you sure this is correct? If you use a custom UncaughtExceptionHandler, you must initialize it AFTER CustomActivityOnCrash! Installing anyway, but your original handler will not be called.
02-10 17:49:02.168 28983 28983 W com.mbwhatsapp: Accessing hidden method Lcom/android/org/conscrypt/OpenSSLSocketImpl;->setUseSessionTickets(Z)V (max- target-q,core-platform-api, reflection, denied)
02-10 17:49:02.169 28983 28983 W com.mbwhatsapp: Accessing hidden method Lcom/android/org/conscrypt/AbstractConscryptSocket;->setUseSessionTickets(Z)V (max- target-q, reflection, denied)
02-10 17:49:02.181 28983 28983 W com.mbwhatsapp: type=1400 audit(0.0:127817): avc: granted { execute } for path="/data/data/com.mbwhatsapp/files/decompressed/libs.spk.zst/libc++_shared.so" dev="dm-9" ino=957947 scontext=u:r:untrusted_app:s0:c39,c257,c512,c768 tcontext=u:object_r:app_data_file:s0:c39,c257,c512,c768 tclass=file app=com.mbwhatsapp
02-10 17:49:02.181 28983 28983 W com.mbwhatsapp: type=1400 audit(0.0:127818): avc: granted { execute } for path="/data/data/com.mbwhatsapp/files/decompressed/libs.spk.zst/libvlc.so" dev="dm- 9" ino=957937 scontext=u:r:untrusted_app:s0:c39,c257,c512,c768 tcontext=u:object_r:app_data_file:s0:c39,c257,c512,c768 tclass=file app=com.mbwhatsapp
02-10 17:49:02.185 28983 28983 W com.mbwhatsapp: type=1400 audit(0.0:127819): avc: granted { execute } for path="/data/data/com.mbwhatsapp/files/decompressed/libs.spk.zst/libwhatsapp.so" dev="dm-9" ino=957939 scontext=u:r:untrusted_app:s0:c39,c257,c512,c768 tcontext=u:object_r:app_data_file:s0:c39,c257,c512,c768 tclass=file app=com.mbwhatsapp
02-10 17:49:02.201 28983 28983 W com.mbwhatsapp: type=1400 audit(0.0:127820): avc: granted { execute } for path="/data/data/com.mbwhatsapp/files/decompressed/libs.spk.zst/libcurve25519.so" dev="dm-9" ino=957942 scontext=u:r:untrusted_app:s0:c39,c257,c512,c768 tcontext=u:object_r:app_data_file:s0:c39,c257,c512,c768 tclass=file app=com.mbwhatsapp
02-10 17:49:02.205 28983 28983 W com.mbwhatsapp: type=1400 audit(0.0:127821): avc: granted { execute } for path="/data/data/com.mbwhatsapp/files/decompressed/libs.spk.zst/libwhatsapp.so" dev="dm-9" ino=957939 scontext=u:r:untrusted_app:s0:c39,c257,c512,c768 tcontext=u:object_r:app_data_file:s0:c39,c257,c512,c768 tclass=file app=com.mbwhatsapp
02-10 17:49:02.205 28983 28983 W com.mbwhatsapp: type=1400 audit(0.0:127822): avc: granted { execute } for path="/data/data/com.mbwhatsapp/files/decompressed/libs.spk.zst/libwhatsapp.so" dev="dm-9" ino=957939 scontext=u:r:untrusted_app:s0:c39,c257,c512,c768 tcontext=u:object_r:app_data_file:s0:c39,c257,c512,c768 tclass=file app=com.mbwhatsapp
02-10 17:49:02.205 28983 28983 W com.mbwhatsapp: type=1400 audit(0.0:127823): avc: granted { execute } for path="/data/data/com.mbwhatsapp/files/decompressed/libs.spk.zst/libwhatsapp.so" dev="dm-9" ino=957939 scontext=u:r:untrusted_app:s0:c39,c257,c512,c768 tcontext=u:object_r:app_data_file:s0:c39,c257,c512,c768 tclass=file app=com.mbwhatsapp
02-10 17:49:02.205 28983 28983 W com.mbwhatsapp: type=1400 audit(0.0:127824): avc: denied { execmod } for path="/apex/com.android.runtime/lib64/bionic/libc.so" dev="loop14" ino=38 scontext=u:r:untrusted_app:s0:c39,c257,c512,c768 tcontext=u:object_r:system_lib_file:s0 tclass=file permissive=0 app=com.mbwhatsapp
02-10 17:49:02.264 28983 29031 W com.mbwhatsapp: Method void X.2rL.A03(java.lang.Integer) failed lock verification and will run slower.
02-10 17:49:02.264 28983 29031 W com.mbwhatsapp: Common causes for lock verification issues are non-optimized dex code
02-10 17:49:02.264 28983 29031 W com.mbwhatsapp: and incorrect proguard optimizations.
02-10 17:49:02.272 28983 28983 W com.mbwhatsapp: Method void X.0eU.A0h(X.0tK, boolean) failed lock verification and will run slower. --------- beginning of system
02-10 17:49:02.305 28983 28983 E MiuiMultiWindowUtils: initFreeFormResolutionArgs failed, device is earth
02-10 17:49:02.377 28983 28983 W Looper : PerfMonitor looperActivity : package=com.mbwhatsapp/.Icon0 time=116ms latency=313ms running=0ms procState=-1 historyMsgCount=2 (msgIndex=2 wall=311ms seq=2 late=5ms h=android.app.ActivityThread$H w=110)
02-10 17:49:02.411 28983 29042 E QT : [QT]file does not exist
02-10 17:49:02.417 28983 28983 W com.mbwhatsapp: Method void com.mbwhatsapp.HomeActivity.A6e() failed lock verification and will run slower.
02-10 17:49:02.738 28983 28983 E ArmVmp : Match on catch block at 0x0a in for 0x7d337b2031
02-10 17:49:02.766 28983 28983 E ArmVmp : Match on catch block at 0x0a in for 0x7d337b204d
02-10 17:49:02.774 28983 29047 W com.mbwhatsapp: Accessing hidden method Lcom/android/org/conscrypt/ConscryptEngineSocket;->setUseSessionTickets(Z)V (max- target-q,core-platform-api, reflection, denied)
02-10 17:49:02.774 28983 29047 W com.mbwhatsapp: Accessing hidden method Lcom/android/org/conscrypt/OpenSSLSocketImpl;->setUseSessionTickets(Z)V (max- target-q,core-platform-api, reflection, denied)
02-10 17:49:02.774 28983 29047 W com.mbwhatsapp: Accessing hidden method Lcom/android/org/conscrypt/AbstractConscryptSocket;->setUseSessionTickets(Z)V (max- target-q, reflection, denied)
02-10 17:49:02.774 28983 29047 W com.mbwhatsapp: Accessing hidden method Lcom/android/org/conscrypt/ConscryptEngineSocket;->setHostname(Ljava/lang/String;)V (max-target-q,core-platform-api, reflection, denied)
02-10 17:49:02.774 28983 29047 W com.mbwhatsapp: Accessing hidden method Lcom/android/org/conscrypt/OpenSSLSocketImpl;->setHostname(Ljava/lang/String;)V (max-target-q,core-platform-api, reflection, denied)
02-10 17:49:02.774 28983 29047 W com.mbwhatsapp: Accessing hidden method Lcom/android/org/conscrypt/AbstractConscryptSocket;->setHostname(Ljava/lang/ String;)V (max-target-q, reflection, denied)
02-10 17:49:02.774 28983 29047 W com.mbwhatsapp: Accessing hidden method Lcom/android/org/conscrypt/OpenSSLSocketImpl;->setAlpnProtocols([B)V (max-target- q,core-platform-api, reflection, denied)
02-10 17:49:02.774 28983 29047 W com.mbwhatsapp: Accessing hidden method Lcom/android/org/conscrypt/AbstractConscryptSocket;->setAlpnProtocols([B)V (max- target-q, reflection, denied)
02-10 17:49:02.883 28983 29047 W com.mbwhatsapp: Accessing hidden method Lcom/android/org/conscrypt/OpenSSLSocketImpl;->getAlpnSelectedProtocol()[B (max- target-q,core-platform-api, reflection, denied)
02-10 17:49:02.883 28983 29047 W com.mbwhatsapp: Accessing hidden method Lcom/android/org/conscrypt/AbstractConscryptSocket;->getAlpnSelectedProtocol()[B (max-target-q, reflection, denied)
02-10 17:49:02.907 28983 28983 W Looper : PerfMonitor looperActivity : package=com.mbwhatsapp/.HomeActivity time=0ms latency=508ms running=0ms procState=-1 historyMsgCount=2 (msgIndex=2 wall=504ms seq=12 late=5ms h=android.app.ActivityThread$H w=159)
02-10 17:49:03.175 28983 29041 E OpenGLRenderer: EglManager::makeCurrent mED = 0xb400007c643d48c0, surface = 0x0, mEC = 0xb400007bd6da6980, error = EGL_SUCCESS
02-10 17:49:03.179 28983 29041 E libEGL : pre_cache appList: com.sina.weibo,com.smile.gifmaker,com.ss.android.article.news,com.ss.android.ugc.aw eme,com.taobao.taobao,com.tencent.mm,tv.danmaku.bili,
02-10 17:49:03.755 28983 28983 E RecyclerView: No adapter attached; skipping layout
02-10 17:49:03.832 28983 29041 E OpenGLRenderer: fbcNotifyFrameComplete error: undefined symbol: fbcNotifyFrameComplete
02-10 17:49:03.832 28983 29041 E OpenGLRenderer: fbcNotifyNoRender error: undefined symbol: fbcNotifyNoRender
02-10 17:49:03.839 28983 28983 W Looper : PerfMonitor doFrame : time=886ms vsyncFrame=0 latency=39ms procState=-1 historyMsgCount=25
02-10 17:49:03.888 28983 29041 E OpenGLRenderer: EglManager::makeCurrent mED = 0xb400007c643d48c0, surface = 0x0, mEC = 0xb400007bd6da6980, error = EGL_SUCCESS
02-10 17:49:03.894 28983 28983 E RecyclerView: No adapter attached; skipping layout
02-10 17:49:03.902 28983 28983 W Looper : PerfMonitor doFrame : time=52ms vsyncFrame=0 latency=886ms procState=-1 historyMsgCount=12 (msgIndex=1 wall=886ms seq=39 late=39ms h=android.view.Choreographer$FrameHandler c=android.view.Choreographer$FrameDisplayEventReceiver)
02-10 17:49:03.909 28983 28983 E ArmVmp : Match on catch block at 0x0a in for 0x7d337b2035
02-10 17:49:03.917 28983 28983 W Looper : PerfMonitor looperActivity : package=com.mbwhatsapp/mbmodsd.mbmodsw.mbsettings.yo.PauseActivity time=12ms latency=814ms running=0ms procState=-1 historyMsgCount=32 (msgIndex=1 wall=886ms seq=39 late=39ms h=android.view.Choreographer$FrameHandler c=android.view.Choreographer$FrameDisplayEventReceiver) (msgIndex=13 wall=52ms seq=51 late=886ms h=android.view.Choreographer$FrameHandler c=android.view.Choreographer$FrameDisplayEventReceiver)
02-10 17:49:03.917 28983 28983 W Looper : PerfMonitor looperActivity : package=com.mbwhatsapp/mbmodsd.mbmodsw.mbsettings.yo.PauseActivity time=0ms latency=826ms running=0ms procState=-1 historyMsgCount=33 (msgIndex=1 wall=886ms seq=39 late=39ms h=android.view.Choreographer$FrameHandler c=android.view.Choreographer$FrameDisplayEventReceiver) (msgIndex=13 wall=52ms seq=51 late=886ms h=android.view.Choreographer$FrameHandler c=android.view.Choreographer$FrameDisplayEventReceiver)
02-10 17:49:03.986 28983 29041 E OpenGLRenderer: EglManager::makeCurrent mED = 0xb400007c643d48c0, surface = 0x0, mEC = 0xb400007bd6da6980, error = EGL_SUCCESS
02-10 17:49:04.047 28983 29005 W LibraryVersion: Failed to get app version for libraryName: firebase-iid
02-10 17:49:04.077 28983 29111 W com.mbwhatsapp: Accessing hidden method Landroid/app/MiuiNotification;-><init>()V (blocked, reflection, denied)
02-10 17:49:04.284 28983 29111 W com.mbwhatsapp: Accessing hidden method Landroid/app/MiuiNotification;-><init>()V (blocked, reflection, denied)
02-10 17:49:04.743 28983 28991 W com.mbwhatsapp: Cleared Reference was only reachable from finalizer (only reported once)
02-10 17:49:04.756 28983 29111 W com.mbwhatsapp: Accessing hidden method Landroid/app/MiuiNotification;-><init>()V (blocked, reflection, denied)
02-10 17:49:05.231 28983 28983 W MirrorManager: this model don't Support
02-10 17:49:05.386 28983 29122 E RenderScript: Failed loading RS driver: dlopen failed: library "libRSDriver_mtk.so" not found
02-10 17:49:05.386 28983 29122 E RenderScript: Failed to load runtime libRSDriver_mtk.so, loading default
02-10 17:49:05.513 28983 29132 W LOTTIE : Unknown shape type rd
02-10 17:49:05.513 28983 29131 W LOTTIE : Unknown shape type rd
02-10 17:49:05.584 28983 28983 E ArmVmp : Match on catch block at 0x0a in for 0x7d337b2035
02-10 17:49:05.590 28983 28983 E ArmVmp : Match on catch block at 0x0a in for 0x7d337b2035
02-10 17:49:05.637 28983 28983 W Looper : PerfMonitor looperActivity : package=com.mbwhatsapp/.Conversation time=0ms latency=334ms running=0ms procState=-1 historyMsgCount=7 (msgIndex=7 wall=319ms seq=604 late=15ms h=android.app.ActivityThread$H w=159)
02-10 17:49:05.819 28983 28983 E ArmVmp : Match on catch block at 0xc3 in for 0x7d337b2021
02-10 17:49:05.825 28983 28983 E ArmVmp : Match on catch block at 0xc3 in for 0x7d337b2021
02-10 17:49:05.828 28983 28983 E ArmVmp : Match on catch block at 0xc3 in for 0x7d337b2021
02-10 17:49:05.861 28983 28983 W Looper : PerfMonitor doFrame : time=224ms vsyncFrame=0 latency=309ms procState=-1 historyMsgCount=3 (msgIndex=1 wall=319ms seq=604 late=15ms h=android.app.ActivityThread$H w=159)
02-10 17:49:05.889 28983 28983 E ArmVmp : Match on catch block at 0xc3 in for 0x7d337b2025
02-10 17:49:05.891 28983 28983 E ArmVmp : Match on catch block at 0xc3 in for 0x7d337b2025
02-10 17:49:05.893 28983 28983 E ArmVmp : Match on catch block at 0xc3 in for 0x7d337b2025
02-10 17:49:05.932 28983 28983 E ArmVmp : Match on catch block at 0xc3 in for 0x7d337b2025
02-10 17:49:05.935 28983 28983 E ArmVmp : Match on catch block at 0xc3 in for 0x7d337b2025
02-10 17:49:05.937 28983 28983 E ArmVmp : Match on catch block at 0xc3 in for 0x7d337b2025
02-10 17:49:05.959 28983 29111 W com.mbwhatsapp: Accessing hidden method Landroid/app/MiuiNotification;-><init>()V (blocked, reflection, denied)
02-10 17:49:05.972 28983 28983 E ArmVmp : Match on catch block at 0xc3 in for 0x7d337b2025
02-10 17:49:05.976 28983 28983 E ArmVmp : Match on catch block at 0xc3 in for 0x7d337b2025
02-10 17:49:05.977 28983 28983 E ArmVmp : Match on catch block at 0xc3 in for 0x7d337b2025
02-10 17:49:06.003 28983 29111 W com.mbwhatsapp: Accessing hidden method Landroid/app/MiuiNotification;-><init>()V (blocked, reflection, denied)
02-10 17:49:06.156 28983 28983 E ArmVmp : Match on catch block at 0xc3 in for 0x7d337b2025
02-10 17:49:06.158 28983 28983 E ArmVmp : Match on catch block at 0xc3 in for 0x7d337b2025
02-10 17:49:06.160 28983 28983 E ArmVmp : Match on catch block at 0xc3 in for 0x7d337b2025
02-10 17:49:06.203 28983 28983 E ArmVmp : Match on catch block at 0xc3 in for 0x7d337b2025
02-10 17:49:06.208 28983 28983 E ArmVmp : Match on catch block at 0xc3 in for 0x7d337b2025
02-10 17:49:06.211 28983 28983 E ArmVmp : Match on catch block at 0xc3 in for 0x7d337b2025
02-10 17:49:06.229 28983 28983 E ArmVmp : Match on catch block at 0xc3 in for 0x7d337b2025
02-10 17:49:06.233 28983 28983 E ArmVmp : Match on catch block at 0xc3 in for 0x7d337b2025
02-10 17:49:06.236 28983 28983 E ArmVmp : Match on catch block at 0xc3 in for 0x7d337b2025
02-10 17:49:06.246 28983 28983 E ArmVmp : Match on catch block at 0xc3 in for 0x7d337b2025
02-10 17:49:06.248 28983 28983 E ArmVmp : Match on catch block at 0xc3 in for 0x7d337b2025
02-10 17:49:06.251 28983 28983 E ArmVmp : Match on catch block at 0xc3 in for 0x7d337b2025
02-10 17:49:06.279 28983 29111 W com.mbwhatsapp: Accessing hidden method Landroid/app/MiuiNotification;-><init>()V (blocked, reflection, denied)
02-10 17:49:06.394 28983 29041 E OpenGLRenderer: EglManager::makeCurrent mED = 0xb400007c643d48c0, surface = 0x0, mEC = 0xb400007bd6da6980, error = EGL_SUCCESS
02-10 17:49:06.446 28983 28983 E ArmVmp : Match on catch block at 0xc3 in for 0x7d337b2025
02-10 17:49:06.448 28983 28983 E ArmVmp : Match on catch block at 0xc3 in for 0x7d337b2025
02-10 17:49:06.449 28983 28983 E ArmVmp : Match on catch block at 0xc3 in for 0x7d337b2025
02-10 17:49:06.462 28983 28983 E ArmVmp : Match on catch block at 0xc3 in for 0x7d337b2025
02-10 17:49:06.465 28983 28983 E ArmVmp : Match on catch block at 0xc3 in for 0x7d337b2025
02-10 17:49:06.467 28983 28983 E ArmVmp : Match on catch block at 0xc3 in for 0x7d337b2025
02-10 17:49:06.479 28983 28983 E ArmVmp : Match on catch block at 0xc3 in for 0x7d337b2025
02-10 17:49:06.481 28983 28983 E ArmVmp : Match on catch block at 0xc3 in for 0x7d337b2025
02-10 17:49:06.482 28983 28983 E ArmVmp : Match on catch block at 0xc3 in for 0x7d337b2025
02-10 17:49:06.495 28983 28983 E ArmVmp : Match on catch block at 0xc3 in for 0x7d337b2025
02-10 17:49:06.498 28983 28983 E ArmVmp : Match on catch block at 0xc3 in for 0x7d337b2025
02-10 17:49:06.499 28983 28983 E ArmVmp : Match on catch block at 0xc3 in for 0x7d337b2025
02-10 17:49:06.513 28983 28983 E ArmVmp : Match on catch block at 0xc3 in for 0x7d337b2025
02-10 17:49:06.516 28983 28983 E ArmVmp : Match on catch block at 0xc3 in for 0x7d337b2025
02-10 17:49:06.518 28983 28983 E ArmVmp : Match on catch block at 0xc3 in for 0x7d337b2025
02-10 17:49:06.529 28983 28983 E ArmVmp : Match on catch block at 0xc3 in for 0x7d337b2025
02-10 17:49:06.531 28983 28983 E ArmVmp : Match on catch block at 0xc3 in for 0x7d337b2025
02-10 17:49:06.532 28983 28983 E ArmVmp : Match on catch block at 0xc3 in for 0x7d337b2025
02-10 17:49:06.545 28983 28983 E ArmVmp : Match on catch block at 0xc3 in for 0x7d337b2025
02-10 17:49:06.547 28983 28983 E ArmVmp : Match on catch block at 0xc3 in for 0x7d337b2025
02-10 17:49:06.549 28983 28983 E ArmVmp : Match on catch block at 0xc3 in for 0x7d337b2025
02-10 17:49:06.562 28983 28983 E ArmVmp : Match on catch block at 0xc3 in for 0x7d337b2025
02-10 17:49:06.565 28983 28983 E ArmVmp : Match on catch block at 0xc3 in for 0x7d337b2025
02-10 17:49:06.567 28983 28983 E ArmVmp : Match on catch block at 0xc3 in for 0x7d337b2025
02-10 17:49:06.586 28983 28983 E ArmVmp : Match on catch block at 0xc3 in for 0x7d337b2025
02-10 17:49:06.587 28983 28983 E ArmVmp : Match on catch block at 0xc3 in for 0x7d337b2025
02-10 17:49:06.589 28983 28983 E ArmVmp : Match on catch block at 0xc3 in for 0x7d337b2025
02-10 17:49:06.596 28983 28983 E ArmVmp : Match on catch block at 0xc3 in for 0x7d337b2025
02-10 17:49:06.599 28983 28983 E ArmVmp : Match on catch block at 0xc3 in for 0x7d337b2025
02-10 17:49:06.600 28983 28983 E ArmVmp : Match on catch block at 0xc3 in for 0x7d337b2025
02-10 17:49:06.612 28983 28983 E ArmVmp : Match on catch block at 0xc3 in for 0x7d337b2025
02-10 17:49:06.615 28983 28983 E ArmVmp : Match on catch block at 0xc3 in for 0x7d337b2025
02-10 17:49:06.616 28983 28983 E ArmVmp : Match on catch block at 0xc3 in for 0x7d337b2025
02-10 17:49:06.630 28983 28983 E ArmVmp : Match on catch block at 0xc3 in for 0x7d337b2025
02-10 17:49:06.634 28983 28983 E ArmVmp : Match on catch block at 0xc3 in for 0x7d337b2025
02-10 17:49:06.636 28983 28983 E ArmVmp : Match on catch block at 0xc3 in for 0x7d337b2025
02-10 17:49:06.671 28983 28983 E ArmVmp : Match on catch block at 0xc3 in for 0x7d337b2025
02-10 17:49:06.676 28983 28983 E ArmVmp : Match on catch block at 0xc3 in for 0x7d337b2025
02-10 17:49:06.678 28983 28983 E ArmVmp : Match on catch block at 0xc3 in for 0x7d337b2025
02-10 17:49:06.692 28983 28983 E ArmVmp : Match on catch block at 0xc3 in for 0x7d337b2025
02-10 17:49:06.695 28983 28983 E ArmVmp : Match on catch block at 0xc3 in for 0x7d337b2025
02-10 17:49:06.696 28983 28983 E ArmVmp : Match on catch block at 0xc3 in for 0x7d337b2025
02-10 17:49:06.702 28983 28983 E ArmVmp : Match on catch block at 0xc3 in for 0x7d337b2025
02-10 17:49:06.706 28983 28983 E ArmVmp : Match on catch block at 0xc3 in for 0x7d337b2025
02-10 17:49:06.708 28983 28983 E ArmVmp : Match on catch block at 0xc3 in for 0x7d337b2025
02-10 17:49:06.722 28983 28983 E ArmVmp : Match on catch block at 0xc3 in for 0x7d337b2025
02-10 17:49:06.725 28983 28983 E ArmVmp : Match on catch block at 0xc3 in for 0x7d337b2025
02-10 17:49:06.727 28983 28983 E ArmVmp : Match on catch block at 0xc3 in for 0x7d337b2025
02-10 17:49:06.734 28983 28983 E ArmVmp : Match on catch block at 0xc3 in for 0x7d337b2025
02-10 17:49:06.738 28983 28983 E ArmVmp : Match on catch block at 0xc3 in for 0x7d337b2025
02-10 17:49:06.740 28983 28983 E ArmVmp : Match on catch block at 0xc3 in for 0x7d337b2025
02-10 17:49:06.748 28983 28983 E ArmVmp : Match on catch block at 0xc3 in for 0x7d337b2025
02-10 17:49:06.753 28983 28983 E ArmVmp : Match on catch block at 0xc3 in for 0x7d337b2025
02-10 17:49:06.756 28983 28983 E ArmVmp : Match on catch block at 0xc3 in for 0x7d337b2025
02-10 17:49:06.762 28983 29041 E libEGL : pre_cache appList: com.sina.weibo,com.smile.gifmaker,com.ss.android.article.news,com.ss.android.ugc.aw eme,com.taobao.taobao,com.tencent.mm,tv.danmaku.bili,
02-10 17:49:06.762 28983 28983 E ArmVmp : Match on catch block at 0xc3 in for 0x7d337b2025
02-10 17:49:06.770 28983 28983 E ArmVmp : Match on catch block at 0xc3 in for 0x7d337b2025
02-10 17:49:06.773 28983 28983 E ArmVmp : Match on catch block at 0xc3 in for 0x7d337b2025
02-10 17:49:06.801 28983 28983 E ArmVmp : Match on catch block at 0xc3 in for 0x7d337b2025
02-10 17:49:06.804 28983 28983 E ArmVmp : Match on catch block at 0xc3 in for 0x7d337b2025
02-10 17:49:06.806 28983 28983 E ArmVmp : Match on catch block at 0xc3 in for 0x7d337b2025
02-10 17:49:06.813 28983 28983 E ArmVmp : Match on catch block at 0xc3 in for 0x7d337b2025
02-10 17:49:06.815 28983 28983 E ArmVmp : Match on catch block at 0xc3 in for 0x7d337b2025
02-10 17:49:06.817 28983 28983 E ArmVmp : Match on catch block at 0xc3 in for 0x7d337b2025
02-10 17:49:06.830 28983 28983 E ArmVmp : Match on catch block at 0xc3 in for 0x7d337b2025
02-10 17:49:06.835 28983 28983 E ArmVmp : Match on catch block at 0xc3 in for 0x7d337b2025
02-10 17:49:06.838 28983 28983 E ArmVmp : Match on catch block at 0xc3 in for 0x7d337b2025
02-10 17:49:06.847 28983 28983 E ArmVmp : Match on catch block at 0xc3 in for 0x7d337b2025
02-10 17:49:06.850 28983 28983 E ArmVmp : Match on catch block at 0xc3 in for 0x7d337b2025
02-10 17:49:06.852 28983 28983 E ArmVmp : Match on catch block at 0xc3 in for 0x7d337b2025
02-10 17:49:06.862 28983 28983 E ArmVmp : Match on catch block at 0xc3 in for 0x7d337b2025
02-10 17:49:06.866 28983 28983 E ArmVmp : Match on catch block at 0xc3 in for 0x7d337b2025
02-10 17:49:06.868 28983 28983 E ArmVmp : Match on catch block at 0xc3 in for 0x7d337b2025
02-10 17:49:06.880 28983 28983 E ArmVmp : Match on catch block at 0xc3 in for 0x7d337b2025
02-10 17:49:06.883 28983 28983 E ArmVmp : Match on catch block at 0xc3 in for 0x7d337b2025
02-10 17:49:06.885 28983 28983 E ArmVmp : Match on catch block at 0xc3 in for 0x7d337b2025
02-10 17:49:06.902 28983 28983 E ArmVmp : Match on catch block at 0xc3 in for 0x7d337b2025
02-10 17:49:06.905 28983 28983 E ArmVmp : Match on catch block at 0xc3 in for 0x7d337b2025
02-10 17:49:06.907 28983 28983 E ArmVmp : Match on catch block at 0xc3 in for 0x7d337b2025
02-10 17:49:06.915 28983 29028 E SQLiteDatabase: Error inserting transferred=1 media_job_uuid=79a6de40-6a7a-434f-91cb-ce42864d041f transcoded=0 gif_attribution=0 first_scan_length=0 direct_path=/v/t62.7118- 24/31990854_1681862679288199_4729859456429658205_n.enc?ccb=11-4&oh=01_AdSfCHLB-7BG- mCbHCYWpQDIGzi4Q7bFUMAk9ebAurz3aw&oe=65EEB8B0&_nc_sid=5e03e0 thumbnail_height_width_ratio=1.0 is_animated_sticker=0 file_hash=B8tIy+GVkvsvkfAypnqFmCb0vMm4nwdzkdImUgarTJY= file_path=Media/MBWhatsApp Images/IMG-20240210-WA0016.jpg file_size=98613 partial_media_hash=null face_x=0 face_y=0 height=716 trim_to=0 media_key_timestamp=1707488953000 message_url=https://mmg.whatsapp.net/v/t62.7118- 24/31990854_1681862679288199_4729859456429658205_n.enc?ccb=11-4&oh=01_AdSfCHLB-7BG- mCbHCYWpQDIGzi4Q7bFUMAk9ebAurz3aw&oe=65EEB8B0&_nc_sid=5e03e0&mms3=true media_caption=null trim_from=0 mime_type=image/jpeg partial_media_enc_hash=null width=720 original_file_hash=null has_streaming_sidecar=0 autotransfer_retry_enabled=1 media_upload_handle=null message_row_id=1870 multicast_id=null enc_file_hash=ZJmeDaIDUcqRaLftXTebbFIlafTS9HReuIKp/uJaGEE= mute_video=0 page_count=0 first_scan_sidecar=null suspicious_content=0 file_length=98613 media_name=null media_duration=0 chat_row_id=468 media_key=[B@84b645f
02-10 17:49:06.915 28983 29028 E SQLiteDatabase: android.database.sqlite.SQLiteConstraintException: UNIQUE constraint failed: message_media.message_row_id (code 1555 SQLITE_CONSTRAINT_PRIMARYKEY)
02-10 17:49:06.915 28983 29028 E SQLiteDatabase: at android.database.sqlite.SQLiteConnection.nativeExecuteForLastInsertedRowId(Native Method)
02-10 17:49:06.915 28983 29028 E SQLiteDatabase: at android.database.sqlite.SQLiteConnection.executeForLastInsertedRowId(SQLiteConnecti on.java:940)
02-10 17:49:06.915 28983 29028 E SQLiteDatabase: at android.database.sqlite.SQLiteSession.executeForLastInsertedRowId(SQLiteSession.jav a:790)
02-10 17:49:06.915 28983 29028 E SQLiteDatabase: at android.database.sqlite.SQLiteStatement.executeInsert(SQLiteStatement.java:89)
02-10 17:49:06.915 28983 29028 E SQLiteDatabase: at android.database.sqlite.SQLiteDatabase.insertWithOnConflict(SQLiteDatabase.java:170 2)
02-10 17:49:06.915 28983 29028 E SQLiteDatabase: at android.database.sqlite.SQLiteDatabase.insert(SQLiteDatabase.java:1571)
02-10 17:49:06.915 28983 29028 E SQLiteDatabase: at X.2tm.A08(Unknown Source:6)
02-10 17:49:06.915 28983 29028 E SQLiteDatabase: at X.35Y.A07(Unknown Source:212)
02-10 17:49:06.915 28983 29028 E SQLiteDatabase: at X.3QF.A14(Unknown Source:470)
02-10 17:49:06.915 28983 29028 E SQLiteDatabase: at X.3gU.run(Unknown Source:982)
02-10 17:49:06.915 28983 29028 E SQLiteDatabase: at android.os.Handler.handleCallback(Handler.java:938)
02-10 17:49:06.915 28983 29028 E SQLiteDatabase: at android.os.Handler.dispatchMessage(Handler.java:99)
02-10 17:49:06.915 28983 29028 E SQLiteDatabase: at X.0zq.dispatchMessage(Unknown Source:4)
02-10 17:49:06.915 28983 29028 E SQLiteDatabase: at android.os.Looper.loopOnce(Looper.java:211)
02-10 17:49:06.915 28983 29028 E SQLiteDatabase: at android.os.Looper.loop(Looper.java:300)
02-10 17:49:06.915 28983 29028 E SQLiteDatabase: at android.os.HandlerThread.run(HandlerThread.java:67)
02-10 17:49:06.915 28983 28983 E ArmVmp : Match on catch block at 0xc3 in for 0x7d337b2025
02-10 17:49:06.919 28983 28983 E ArmVmp : Match on catch block at 0xc3 in for 0x7d337b2025
02-10 17:49:06.922 28983 28983 E ArmVmp : Match on catch block at 0xc3 in for 0x7d337b2025
02-10 17:49:06.945 28983 28983 E ArmVmp : Match on catch block at 0xc3 in for 0x7d337b2025
02-10 17:49:06.949 28983 28983 E ArmVmp : Match on catch block at 0xc3 in for 0x7d337b2025
02-10 17:49:06.952 28983 28983 E ArmVmp : Match on catch block at 0xc3 in for 0x7d337b2025
02-10 17:49:06.972 28983 28983 E ArmVmp : Match on catch block at 0xc3 in for 0x7d337b2025
02-10 17:49:06.977 28983 28983 E ArmVmp : Match on catch block at 0xc3 in for 0x7d337b2025
02-10 17:49:06.980 28983 28983 E ArmVmp : Match on catch block at 0xc3 in for 0x7d337b2025
02-10 17:49:06.999 28983 28983 E ArmVmp : Match on catch block at 0xc3 in for 0x7d337b2025
02-10 17:49:07.003 28983 28983 E ArmVmp : Match on catch block at 0xc3 in for 0x7d337b2025
02-10 17:49:07.005 28983 28983 E ArmVmp : Match on catch block at 0xc3 in for 0x7d337b2025
02-10 17:49:07.496 28983 28983 E ArmVmp : Match on catch block at 0xc3 in for 0x7d337b2025
02-10 17:49:07.500 28983 28983 E ArmVmp : Match on catch block at 0xc3 in for 0x7d337b2025
02-10 17:49:07.502 28983 28983 E ArmVmp : Match on catch block at 0xc3 in for 0x7d337b2025
02-10 17:49:07.832 28983 29111 W com.mbwhatsapp: Accessing hidden method Landroid/app/MiuiNotification;-><init>()V (blocked, reflection, denied)
02-10 17:49:07.997 28983 28983 E ArmVmp : Match on catch block at 0xc3 in for 0x7d337b2025
02-10 17:49:08.001 28983 28983 E ArmVmp : Match on catch block at 0xc3 in for 0x7d337b2025
02-10 17:49:08.004 28983 28983 E ArmVmp : Match on catch block at 0xc3 in for 0x7d337b2025
02-10 17:49:08.156 28983 28983 E ArmVmp : Match on catch block at 0xc3 in for 0x7d337b2025
02-10 17:49:08.159 28983 28983 E ArmVmp : Match on catch block at 0xc3 in for 0x7d337b2025
02-10 17:49:08.162 28983 28983 E ArmVmp : Match on catch block at 0xc3 in for 0x7d337b2025
02-10 17:49:08.170 28983 28983 E ArmVmp : Match on catch block at 0xc3 in for 0x7d337b2025
02-10 17:49:08.173 28983 28983 E ArmVmp : Match on catch block at 0xc3 in for 0x7d337b2025
02-10 17:49:08.176 28983 28983 E ArmVmp : Match on catch block at 0xc3 in for 0x7d337b2025
02-10 17:49:08.277 28983 28983 E ArmVmp : Match on catch block at 0xc3 in for 0x7d337b2025
02-10 17:49:08.283 28983 28983 E ArmVmp : Match on catch block at 0xc3 in for 0x7d337b2025
02-10 17:49:08.286 28983 28983 E ArmVmp : Match on catch block at 0xc3 in for 0x7d337b2025
02-10 17:49:08.297 28983 28983 E ArmVmp : Match on catch block at 0xc3 in for 0x7d337b2025
02-10 17:49:08.301 28983 28983 E ArmVmp : Match on catch block at 0xc3 in for 0x7d337b2025
02-10 17:49:08.304 28983 28983 E ArmVmp : Match on catch block at 0xc3 in for 0x7d337b2025
02-10 17:49:08.494 28983 28983 E ArmVmp : Match on catch block at 0xc3 in for 0x7d337b2025
02-10 17:49:08.499 28983 28983 E ArmVmp : Match on catch block at 0xc3 in for 0x7d337b2025
02-10 17:49:08.502 28983 28983 E ArmVmp : Match on catch block at 0xc3 in for 0x7d337b2025
02-10 17:49:08.606 28983 28983 E ArmVmp : Match on catch block at 0xc3 in for 0x7d337b2025
02-10 17:49:08.610 28983 28983 E ArmVmp : Match on catch block at 0xc3 in for 0x7d337b2025
02-10 17:49:08.614 28983 28983 E ArmVmp : Match on catch block at 0xc3 in for 0x7d337b2025
02-10 17:49:08.622 28983 28983 E ArmVmp : Match on catch block at 0xc3 in for 0x7d337b2025
02-10 17:49:08.626 28983 28983 E ArmVmp : Match on catch block at 0xc3 in for 0x7d337b2025
02-10 17:49:08.628 28983 28983 E ArmVmp : Match on catch block at 0xc3 in for 0x7d337b2025
02-10 17:49:08.955 28983 28983 E ArmVmp : Match on catch block at 0xc3 in for 0x7d337b2025
02-10 17:49:08.958 28983 28983 E ArmVmp : Match on catch block at 0xc3 in for 0x7d337b2025
02-10 17:49:08.960 28983 28983 E ArmVmp : Match on catch block at 0xc3 in for 0x7d337b2025
02-10 17:49:08.991 28983 28983 E ArmVmp : Match on catch block at 0xc3 in for 0x7d337b2025
02-10 17:49:08.993 28983 28983 E ArmVmp : Match on catch block at 0xc3 in for 0x7d337b2025
02-10 17:49:08.996 28983 28983 E ArmVmp : Match on catch block at 0xc3 in for 0x7d337b2025
02-10 17:49:09.036 28983 29111 W com.mbwhatsapp: Accessing hidden method Landroid/app/MiuiNotification;-><init>()V (blocked, reflection, denied)
02-10 17:49:09.051 28983 28983 E ArmVmp : Match on catch block at 0xc3 in for 0x7d337b2025
02-10 17:49:09.055 28983 28983 E ArmVmp : Match on catch block at 0xc3 in for 0x7d337b2025
02-10 17:49:09.057 28983 28983 E ArmVmp : Match on catch block at 0xc3 in for 0x7d337b2025
02-10 17:49:09.070 28983 28983 E ArmVmp : Match on catch block at 0xc3 in for 0x7d337b2025
02-10 17:49:09.073 28983 28983 E ArmVmp : Match on catch block at 0xc3 in for 0x7d337b2025
02-10 17:49:09.076 28983 28983 E ArmVmp : Match on catch block at 0xc3 in for 0x7d337b2025
02-10 17:49:09.109 28983 28983 E ArmVmp : Match on catch block at 0xc3 in for 0x7d337b2025
02-10 17:49:09.112 28983 28983 E ArmVmp : Match on catch block at 0xc3 in for 0x7d337b2025
02-10 17:49:09.114 28983 28983 E ArmVmp : Match on catch block at 0xc3 in for 0x7d337b2025
02-10 17:49:09.122 28983 28983 E ArmVmp : Match on catch block at 0xc3 in for 0x7d337b2025
02-10 17:49:09.126 28983 28983 E ArmVmp : Match on catch block at 0xc3 in for 0x7d337b2025
02-10 17:49:09.128 28983 28983 E ArmVmp : Match on catch block at 0xc3 in for 0x7d337b2025
02-10 17:49:09.137 28983 28983 E ArmVmp : Match on catch block at 0xc3 in for 0x7d337b2025
02-10 17:49:09.140 28983 28983 E ArmVmp : Match on catch block at 0xc3 in for 0x7d337b2025
02-10 17:49:09.142 28983 28983 E ArmVmp : Match on catch block at 0xc3 in for 0x7d337b2025
02-10 17:49:09.153 28983 28983 E ArmVmp : Match on catch block at 0xc3 in for 0x7d337b2025
02-10 17:49:09.156 28983 28983 E ArmVmp : Match on catch block at 0xc3 in for 0x7d337b2025
02-10 17:49:09.158 28983 28983 E ArmVmp : Match on catch block at 0xc3 in for 0x7d337b2025
02-10 17:49:09.167 28983 28983 E ArmVmp : Match on catch block at 0xc3 in for 0x7d337b2025
02-10 17:49:09.170 28983 28983 E ArmVmp : Match on catch block at 0xc3 in for 0x7d337b2025
02-10 17:49:09.172 28983 28983 E ArmVmp : Match on catch block at 0xc3 in for 0x7d337b2025
02-10 17:49:09.182 28983 28983 E ArmVmp : Match on catch block at 0xc3 in for 0x7d337b2025
02-10 17:49:09.185 28983 28983 E ArmVmp : Match on catch block at 0xc3 in for 0x7d337b2025
02-10 17:49:09.187 28983 28983 E ArmVmp : Match on catch block at 0xc3 in for 0x7d337b2025
02-10 17:49:09.198 28983 28983 E ArmVmp : Match on catch block at 0xc3 in for 0x7d337b2025
02-10 17:49:09.201 28983 28983 E ArmVmp : Match on catch block at 0xc3 in for 0x7d337b2025
02-10 17:49:09.203 28983 28983 E ArmVmp : Match on catch block at 0xc3 in for 0x7d337b2025
02-10 17:49:09.214 28983 28983 E ArmVmp : Match on catch block at 0xc3 in for 0x7d337b2025
02-10 17:49:09.217 28983 28983 E ArmVmp : Match on catch block at 0xc3 in for 0x7d337b2025
02-10 17:49:09.220 28983 28983 E ArmVmp : Match on catch block at 0xc3 in for 0x7d337b2025
02-10 17:49:09.231 28983 28983 E ArmVmp : Match on catch block at 0xc3 in for 0x7d337b2025
02-10 17:49:09.235 28983 28983 E ArmVmp : Match on catch block at 0xc3 in for 0x7d337b2025
02-10 17:49:09.237 28983 28983 E ArmVmp : Match on catch block at 0xc3 in for 0x7d337b2025
02-10 17:49:09.249 28983 28983 E ArmVmp : Match on catch block at 0xc3 in for 0x7d337b2025
02-10 17:49:09.251 28983 28983 E ArmVmp : Match on catch block at 0xc3 in for 0x7d337b2025
02-10 17:49:09.254 28983 28983 E ArmVmp : Match on catch block at 0xc3 in for 0x7d337b2025
02-10 17:49:09.299 28983 28983 E ArmVmp : Match on catch block at 0xc3 in for 0x7d337b2025
02-10 17:49:09.301 28983 28983 E ArmVmp : Match on catch block at 0xc3 in for 0x7d337b2025
02-10 17:49:09.303 28983 28983 E ArmVmp : Match on catch block at 0xc3 in for 0x7d337b2025
02-10 17:49:09.314 28983 28983 E ArmVmp : Match on catch block at 0xc3 in for 0x7d337b2025
