02-10 17:51:29.041 29718 29718 E ArmVmp : Match on catch block at 0xc3 in for 0x7d337b2025
02-10 17:51:29.043 29718 29718 E ArmVmp : Match on catch block at 0xc3 in for 0x7d337b2025
02-10 17:51:29.072 29718 29777 E OpenGLRenderer: EglManager::makeCurrent mED = 0xb400007c643d48c0, surface = 0x0, mEC = 0xb400007be145c800, error = EGL_SUCCESS
02-10 17:51:29.104 29718 29718 E ArmVmp : Match on catch block at 0xc3 in for 0x7d337b2025
02-10 17:51:29.106 29718 29718 E ArmVmp : Match on catch block at 0xc3 in for 0x7d337b2025
02-10 17:51:29.108 29718 29718 E ArmVmp : Match on catch block at 0xc3 in for 0x7d337b2025
02-10 17:51:29.121 29718 29718 E ArmVmp : Match on catch block at 0xc3 in for 0x7d337b2025
02-10 17:51:29.123 29718 29718 E ArmVmp : Match on catch block at 0xc3 in for 0x7d337b2025
02-10 17:51:29.124 29718 29718 E ArmVmp : Match on catch block at 0xc3 in for 0x7d337b2025
02-10 17:51:29.222 29718 29718 E ArmVmp : Match on catch block at 0xc3 in for 0x7d337b2025
02-10 17:51:29.226 29718 29718 E ArmVmp : Match on catch block at 0xc3 in for 0x7d337b2025
02-10 17:51:29.228 29718 29718 E ArmVmp : Match on catch block at 0xc3 in for 0x7d337b2025
02-10 17:51:29.240 29718 29718 E ArmVmp : Match on catch block at 0xc3 in for 0x7d337b2025
02-10 17:51:29.243 29718 29718 E ArmVmp : Match on catch block at 0xc3 in for 0x7d337b2025
02-10 17:51:29.246 29718 29718 E ArmVmp : Match on catch block at 0xc3 in for 0x7d337b2025
02-10 17:51:29.255 29718 29718 E ArmVmp : Match on catch block at 0xc3 in for 0x7d337b2025
02-10 17:51:29.258 29718 29718 E ArmVmp : Match on catch block at 0xc3 in for 0x7d337b2025
02-10 17:51:29.261 29718 29718 E ArmVmp : Match on catch block at 0xc3 in for 0x7d337b2025
02-10 17:51:29.271 29718 29718 E ArmVmp : Match on catch block at 0xc3 in for 0x7d337b2025
02-10 17:51:29.274 29718 29718 E ArmVmp : Match on catch block at 0xc3 in for 0x7d337b2025
02-10 17:51:29.277 29718 29718 E ArmVmp : Match on catch block at 0xc3 in for 0x7d337b2025
02-10 17:51:29.289 29718 29718 E ArmVmp : Match on catch block at 0xc3 in for 0x7d337b2025
02-10 17:51:29.292 29718 29718 E ArmVmp : Match on catch block at 0xc3 in for 0x7d337b2025
02-10 17:51:29.295 29718 29718 E ArmVmp : Match on catch block at 0xc3 in for 0x7d337b2025
02-10 17:51:29.305 29718 29718 E ArmVmp : Match on catch block at 0xc3 in for 0x7d337b2025
02-10 17:51:29.308 29718 29718 E ArmVmp : Match on catch block at 0xc3 in for 0x7d337b2025
02-10 17:51:29.311 29718 29718 E ArmVmp : Match on catch block at 0xc3 in for 0x7d337b2025
02-10 17:51:29.323 29718 29718 E ArmVmp : Match on catch block at 0xc3 in for 0x7d337b2025
02-10 17:51:29.326 29718 29718 E ArmVmp : Match on catch block at 0xc3 in for 0x7d337b2025
02-10 17:51:29.329 29718 29718 E ArmVmp : Match on catch block at 0xc3 in for 0x7d337b2025
02-10 17:51:29.339 29718 29718 E ArmVmp : Match on catch block at 0xc3 in for 0x7d337b2025
02-10 17:51:29.342 29718 29718 E ArmVmp : Match on catch block at 0xc3 in for 0x7d337b2025
02-10 17:51:29.345 29718 29718 E ArmVmp : Match on catch block at 0xc3 in for 0x7d337b2025
02-10 17:51:29.357 29718 29718 E ArmVmp : Match on catch block at 0xc3 in for 0x7d337b2025
02-10 17:51:29.360 29718 29718 E ArmVmp : Match on catch block at 0xc3 in for 0x7d337b2025
02-10 17:51:29.363 29718 29718 E ArmVmp : Match on catch block at 0xc3 in for 0x7d337b2025
02-10 17:51:29.372 29718 29718 E ArmVmp : Match on catch block at 0xc3 in for 0x7d337b2025
02-10 17:51:29.375 29718 29718 E ArmVmp : Match on catch block at 0xc3 in for 0x7d337b2025
02-10 17:51:29.378 29718 29718 E ArmVmp : Match on catch block at 0xc3 in for 0x7d337b2025
02-10 17:51:29.389 29718 29718 E ArmVmp : Match on catch block at 0xc3 in for 0x7d337b2025
02-10 17:51:29.392 29718 29718 E ArmVmp : Match on catch block at 0xc3 in for 0x7d337b2025
02-10 17:51:29.394 29718 29718 E ArmVmp : Match on catch block at 0xc3 in for 0x7d337b2025
02-10 17:51:29.406 29718 29718 E ArmVmp : Match on catch block at 0xc3 in for 0x7d337b2025
02-10 17:51:29.409 29718 29718 E ArmVmp : Match on catch block at 0xc3 in for 0x7d337b2025
02-10 17:51:29.412 29718 29718 E ArmVmp : Match on catch block at 0xc3 in for 0x7d337b2025
02-10 17:51:29.423 29718 29718 E ArmVmp : Match on catch block at 0xc3 in for 0x7d337b2025
02-10 17:51:29.426 29718 29718 E ArmVmp : Match on catch block at 0xc3 in for 0x7d337b2025
02-10 17:51:29.429 29718 29718 E ArmVmp : Match on catch block at 0xc3 in for 0x7d337b2025
02-10 17:51:29.439 29718 29718 E ArmVmp : Match on catch block at 0xc3 in for 0x7d337b2025
02-10 17:51:29.442 29718 29718 E ArmVmp : Match on catch block at 0xc3 in for 0x7d337b2025
02-10 17:51:29.445 29718 29718 E ArmVmp : Match on catch block at 0xc3 in for 0x7d337b2025
02-10 17:51:29.455 29718 29718 E ArmVmp : Match on catch block at 0xc3 in for 0x7d337b2025
02-10 17:51:29.458 29718 29718 E ArmVmp : Match on catch block at 0xc3 in for 0x7d337b2025
02-10 17:51:29.462 29718 29718 E ArmVmp : Match on catch block at 0xc3 in for 0x7d337b2025
02-10 17:51:29.471 29718 29718 E ArmVmp : Match on catch block at 0xc3 in for 0x7d337b2025
02-10 17:51:29.475 29718 29718 E ArmVmp : Match on catch block at 0xc3 in for 0x7d337b2025
02-10 17:51:29.478 29718 29718 E ArmVmp : Match on catch block at 0xc3 in for 0x7d337b2025
02-10 17:51:29.489 29718 29718 E ArmVmp : Match on catch block at 0xc3 in for 0x7d337b2025
02-10 17:51:29.492 29718 29718 E ArmVmp : Match on catch block at 0xc3 in for 0x7d337b2025
02-10 17:51:29.495 29718 29718 E ArmVmp : Match on catch block at 0xc3 in for 0x7d337b2025
02-10 17:51:29.505 29718 29718 E ArmVmp : Match on catch block at 0xc3 in for 0x7d337b2025
02-10 17:51:29.509 29718 29718 E ArmVmp : Match on catch block at 0xc3 in for 0x7d337b2025
02-10 17:51:29.511 29718 29718 E ArmVmp : Match on catch block at 0xc3 in for 0x7d337b2025
02-10 17:51:29.523 29718 29718 E ArmVmp : Match on catch block at 0xc3 in for 0x7d337b2025
02-10 17:51:29.526 29718 29718 E ArmVmp : Match on catch block at 0xc3 in for 0x7d337b2025
02-10 17:51:29.528 29718 29718 E ArmVmp : Match on catch block at 0xc3 in for 0x7d337b2025
02-10 17:51:29.538 29718 29718 E ArmVmp : Match on catch block at 0xc3 in for 0x7d337b2025
02-10 17:51:29.542 29718 29718 E ArmVmp : Match on catch block at 0xc3 in for 0x7d337b2025
02-10 17:51:29.544 29718 29718 E ArmVmp : Match on catch block at 0xc3 in for 0x7d337b2025
02-10 17:51:29.555 29718 29718 E ArmVmp : Match on catch block at 0xc3 in for 0x7d337b2025
02-10 17:51:29.559 29718 29718 E ArmVmp : Match on catch block at 0xc3 in for 0x7d337b2025
02-10 17:51:29.562 29718 29718 E ArmVmp : Match on catch block at 0xc3 in for 0x7d337b2025
02-10 17:51:29.571 29718 29718 E ArmVmp : Match on catch block at 0xc3 in for 0x7d337b2025
02-10 17:51:29.575 29718 29718 E ArmVmp : Match on catch block at 0xc3 in for 0x7d337b2025
02-10 17:51:29.579 29718 29718 E ArmVmp : Match on catch block at 0xc3 in for 0x7d337b2025
02-10 17:51:29.607 29718 29718 E ArmVmp : Match on catch block at 0xc3 in for 0x7d337b2025
02-10 17:51:29.611 29718 29718 E ArmVmp : Match on catch block at 0xc3 in for 0x7d337b2025
02-10 17:51:29.615 29718 29718 E ArmVmp : Match on catch block at 0xc3 in for 0x7d337b2025
02-10 17:51:29.816 29718 29718 E ArmVmp : Match on catch block at 0xc3 in for 0x7d337b2025
02-10 17:51:29.820 29718 29718 E ArmVmp : Match on catch block at 0xc3 in for 0x7d337b2025
02-10 17:51:29.823 29718 29718 E ArmVmp : Match on catch block at 0xc3 in for 0x7d337b2025
02-10 17:51:29.833 29718 29718 E ArmVmp : Match on catch block at 0xc3 in for 0x7d337b2025
02-10 17:51:29.836 29718 29718 E ArmVmp : Match on catch block at 0xc3 in for 0x7d337b2025
02-10 17:51:29.840 29718 29718 E ArmVmp : Match on catch block at 0xc3 in for 0x7d337b2025
02-10 17:51:29.872 29718 29718 E ArmVmp : Match on catch block at 0xc3 in for 0x7d337b2025
02-10 17:51:29.874 29718 29718 E ArmVmp : Match on catch block at 0xc3 in for 0x7d337b2025
02-10 17:51:29.877 29718 29718 E ArmVmp : Match on catch block at 0xc3 in for 0x7d337b2025
02-10 17:51:29.888 29718 29718 E ArmVmp : Match on catch block at 0xc3 in for 0x7d337b2025
02-10 17:51:29.891 29718 29718 E ArmVmp : Match on catch block at 0xc3 in for 0x7d337b2025
02-10 17:51:29.895 29718 29718 E ArmVmp : Match on catch block at 0xc3 in for 0x7d337b2025
02-10 17:51:30.122 29718 29718 E ArmVmp : Match on catch block at 0xc3 in for 0x7d337b2025
02-10 17:51:30.125 29718 29718 E ArmVmp : Match on catch block at 0xc3 in for 0x7d337b2025
02-10 17:51:30.129 29718 29718 E ArmVmp : Match on catch block at 0xc3 in for 0x7d337b2025
02-10 17:51:30.622 29718 29718 E ArmVmp : Match on catch block at 0xc3 in for 0x7d337b2025
02-10 17:51:30.625 29718 29718 E ArmVmp : Match on catch block at 0xc3 in for 0x7d337b2025
02-10 17:51:30.628 29718 29718 E ArmVmp : Match on catch block at 0xc3 in for 0x7d337b2025
02-10 17:51:30.771 29718 29844 W com.mbwhatsapp: Accessing hidden method Landroid/app/MiuiNotification;-><init>()V (blocked, reflection, denied)
02-10 17:51:30.994 29718 29844 W com.mbwhatsapp: Accessing hidden method Landroid/app/MiuiNotification;-><init>()V (blocked, reflection, denied)
02-10 17:51:31.048 29718 29718 E ArmVmp : Match on catch block at 0xc3 in for 0x7d337b2025
02-10 17:51:31.051 29718 29718 E ArmVmp : Match on catch block at 0xc3 in for 0x7d337b2025
02-10 17:51:31.053 29718 29718 E ArmVmp : Match on catch block at 0xc3 in for 0x7d337b2025
02-10 17:51:31.072 29718 29718 E ArmVmp : Match on catch block at 0xc3 in for 0x7d337b2025
02-10 17:51:31.075 29718 29718 E ArmVmp : Match on catch block at 0xc3 in for 0x7d337b2025
02-10 17:51:31.077 29718 29718 E ArmVmp : Match on catch block at 0xc3 in for 0x7d337b2025
02-10 17:51:31.087 29718 29718 E ArmVmp : Match on catch block at 0xc3 in for 0x7d337b2025
02-10 17:51:31.088 29718 29718 E ArmVmp : Match on catch block at 0xc3 in for 0x7d337b2025
02-10 17:51:31.090 29718 29718 E ArmVmp : Match on catch block at 0xc3 in for 0x7d337b2025
02-10 17:51:31.103 29718 29718 E ArmVmp : Match on catch block at 0xc3 in for 0x7d337b2025
02-10 17:51:31.105 29718 29718 E ArmVmp : Match on catch block at 0xc3 in for 0x7d337b2025
02-10 17:51:31.107 29718 29718 E ArmVmp : Match on catch block at 0xc3 in for 0x7d337b2025
02-10 17:51:31.120 29718 29718 E ArmVmp : Match on catch block at 0xc3 in for 0x7d337b2025
02-10 17:51:31.121 29718 29718 E ArmVmp : Match on catch block at 0xc3 in for 0x7d337b2025
02-10 17:51:31.123 29718 29718 E ArmVmp : Match on catch block at 0xc3 in for 0x7d337b2025
02-10 17:51:31.136 29718 29718 E ArmVmp : Match on catch block at 0xc3 in for 0x7d337b2025
02-10 17:51:31.138 29718 29718 E ArmVmp : Match on catch block at 0xc3 in for 0x7d337b2025
02-10 17:51:31.141 29718 29718 E ArmVmp : Match on catch block at 0xc3 in for 0x7d337b2025
02-10 17:51:31.154 29718 29718 E ArmVmp : Match on catch block at 0xc3 in for 0x7d337b2025
02-10 17:51:31.157 29718 29718 E ArmVmp : Match on catch block at 0xc3 in for 0x7d337b2025
02-10 17:51:31.159 29718 29718 E ArmVmp : Match on catch block at 0xc3 in for 0x7d337b2025
02-10 17:51:31.172 29718 29718 E ArmVmp : Match on catch block at 0xc3 in for 0x7d337b2025
02-10 17:51:31.174 29718 29718 E ArmVmp : Match on catch block at 0xc3 in for 0x7d337b2025
02-10 17:51:31.175 29718 29718 E ArmVmp : Match on catch block at 0xc3 in for 0x7d337b2025
02-10 17:51:31.186 29718 29718 E ArmVmp : Match on catch block at 0xc3 in for 0x7d337b2025
02-10 17:51:31.187 29718 29718 E ArmVmp : Match on catch block at 0xc3 in for 0x7d337b2025
02-10 17:51:31.189 29718 29718 E ArmVmp : Match on catch block at 0xc3 in for 0x7d337b2025
02-10 17:51:31.202 29718 29718 E ArmVmp : Match on catch block at 0xc3 in for 0x7d337b2025
02-10 17:51:31.204 29718 29718 E ArmVmp : Match on catch block at 0xc3 in for 0x7d337b2025
02-10 17:51:31.206 29718 29718 E ArmVmp : Match on catch block at 0xc3 in for 0x7d337b2025
02-10 17:51:31.219 29718 29718 E ArmVmp : Match on catch block at 0xc3 in for 0x7d337b2025
02-10 17:51:31.220 29718 29718 E ArmVmp : Match on catch block at 0xc3 in for 0x7d337b2025
02-10 17:51:31.222 29718 29718 E ArmVmp : Match on catch block at 0xc3 in for 0x7d337b2025
02-10 17:51:31.236 29718 29718 E ArmVmp : Match on catch block at 0xc3 in for 0x7d337b2025
02-10 17:51:31.237 29718 29718 E ArmVmp : Match on catch block at 0xc3 in for 0x7d337b2025
02-10 17:51:31.239 29718 29718 E ArmVmp : Match on catch block at 0xc3 in for 0x7d337b2025
02-10 17:51:31.270 29718 29718 E ArmVmp : Match on catch block at 0xc3 in for 0x7d337b2025
02-10 17:51:31.273 29718 29718 E ArmVmp : Match on catch block at 0xc3 in for 0x7d337b2025
02-10 17:51:31.276 29718 29718 E ArmVmp : Match on catch block at 0xc3 in for 0x7d337b2025
02-10 17:51:31.371 29718 29718 E ArmVmp : Match on catch block at 0xc3 in for 0x7d337b2025
02-10 17:51:31.374 29718 29718 E ArmVmp : Match on catch block at 0xc3 in for 0x7d337b2025
02-10 17:51:31.378 29718 29718 E ArmVmp : Match on catch block at 0xc3 in for 0x7d337b2025
02-10 17:51:31.470 29718 29718 E ArmVmp : Match on catch block at 0xc3 in for 0x7d337b2025
02-10 17:51:31.474 29718 29718 E ArmVmp : Match on catch block at 0xc3 in for 0x7d337b2025
02-10 17:51:31.477 29718 29718 E ArmVmp : Match on catch block at 0xc3 in for 0x7d337b2025
02-10 17:51:31.486 29718 29718 E ArmVmp : Match on catch block at 0xc3 in for 0x7d337b2025
02-10 17:51:31.490 29718 29718 E ArmVmp : Match on catch block at 0xc3 in for 0x7d337b2025
02-10 17:51:31.493 29718 29718 E ArmVmp : Match on catch block at 0xc3 in for 0x7d337b2025
02-10 17:51:31.502 29718 29718 E ArmVmp : Match on catch block at 0xc3 in for 0x7d337b2025
02-10 17:51:31.506 29718 29718 E ArmVmp : Match on catch block at 0xc3 in for 0x7d337b2025
02-10 17:51:31.509 29718 29718 E ArmVmp : Match on catch block at 0xc3 in for 0x7d337b2025
02-10 17:51:31.519 29718 29718 E ArmVmp : Match on catch block at 0xc3 in for 0x7d337b2025
02-10 17:51:31.523 29718 29718 E ArmVmp : Match on catch block at 0xc3 in for 0x7d337b2025
02-10 17:51:31.526 29718 29718 E ArmVmp : Match on catch block at 0xc3 in for 0x7d337b2025
02-10 17:51:31.537 29718 29718 E ArmVmp : Match on catch block at 0xc3 in for 0x7d337b2025
02-10 17:51:31.541 29718 29718 E ArmVmp : Match on catch block at 0xc3 in for 0x7d337b2025
02-10 17:51:31.544 29718 29718 E ArmVmp : Match on catch block at 0xc3 in for 0x7d337b2025
02-10 17:51:31.554 29718 29718 E ArmVmp : Match on catch block at 0xc3 in for 0x7d337b2025
02-10 17:51:31.557 29718 29718 E ArmVmp : Match on catch block at 0xc3 in for 0x7d337b2025
02-10 17:51:31.560 29718 29718 E ArmVmp : Match on catch block at 0xc3 in for 0x7d337b2025
02-10 17:51:31.570 29718 29718 E ArmVmp : Match on catch block at 0xc3 in for 0x7d337b2025
02-10 17:51:31.573 29718 29718 E ArmVmp : Match on catch block at 0xc3 in for 0x7d337b2025
02-10 17:51:31.577 29718 29718 E ArmVmp : Match on catch block at 0xc3 in for 0x7d337b2025
02-10 17:51:31.587 29718 29718 E ArmVmp : Match on catch block at 0xc3 in for 0x7d337b2025
02-10 17:51:31.590 29718 29718 E ArmVmp : Match on catch block at 0xc3 in for 0x7d337b2025
02-10 17:51:31.593 29718 29718 E ArmVmp : Match on catch block at 0xc3 in for 0x7d337b2025
02-10 17:51:31.603 29718 29718 E ArmVmp : Match on catch block at 0xc3 in for 0x7d337b2025
02-10 17:51:31.607 29718 29718 E ArmVmp : Match on catch block at 0xc3 in for 0x7d337b2025
02-10 17:51:31.611 29718 29718 E ArmVmp : Match on catch block at 0xc3 in for 0x7d337b2025
02-10 17:51:31.620 29718 29718 E ArmVmp : Match on catch block at 0xc3 in for 0x7d337b2025
02-10 17:51:31.624 29718 29718 E ArmVmp : Match on catch block at 0xc3 in for 0x7d337b2025
02-10 17:51:31.627 29718 29718 E ArmVmp : Match on catch block at 0xc3 in for 0x7d337b2025
02-10 17:51:31.638 29718 29718 E ArmVmp : Match on catch block at 0xc3 in for 0x7d337b2025
02-10 17:51:31.641 29718 29718 E ArmVmp : Match on catch block at 0xc3 in for 0x7d337b2025
02-10 17:51:31.644 29718 29718 E ArmVmp : Match on catch block at 0xc3 in for 0x7d337b2025
02-10 17:51:31.654 29718 29718 E ArmVmp : Match on catch block at 0xc3 in for 0x7d337b2025
02-10 17:51:31.657 29718 29718 E ArmVmp : Match on catch block at 0xc3 in for 0x7d337b2025
02-10 17:51:31.660 29718 29718 E ArmVmp : Match on catch block at 0xc3 in for 0x7d337b2025
02-10 17:51:31.671 29718 29718 E ArmVmp : Match on catch block at 0xc3 in for 0x7d337b2025
02-10 17:51:31.675 29718 29718 E ArmVmp : Match on catch block at 0xc3 in for 0x7d337b2025
02-10 17:51:31.678 29718 29718 E ArmVmp : Match on catch block at 0xc3 in for 0x7d337b2025
02-10 17:51:31.687 29718 29718 E ArmVmp : Match on catch block at 0xc3 in for 0x7d337b2025
02-10 17:51:31.690 29718 29718 E ArmVmp : Match on catch block at 0xc3 in for 0x7d337b2025
02-10 17:51:31.693 29718 29718 E ArmVmp : Match on catch block at 0xc3 in for 0x7d337b2025
02-10 17:51:31.704 29718 29718 E ArmVmp : Match on catch block at 0xc3 in for 0x7d337b2025
02-10 17:51:31.708 29718 29718 E ArmVmp : Match on catch block at 0xc3 in for 0x7d337b2025
02-10 17:51:31.710 29718 29718 E ArmVmp : Match on catch block at 0xc3 in for 0x7d337b2025
02-10 17:51:31.720 29718 29718 E ArmVmp : Match on catch block at 0xc3 in for 0x7d337b2025
02-10 17:51:31.723 29718 29718 E ArmVmp : Match on catch block at 0xc3 in for 0x7d337b2025
02-10 17:51:31.726 29718 29718 E ArmVmp : Match on catch block at 0xc3 in for 0x7d337b2025
02-10 17:51:31.869 29718 29718 E ArmVmp : Match on catch block at 0xc3 in for 0x7d337b2025
02-10 17:51:31.871 29718 29718 E ArmVmp : Match on catch block at 0xc3 in for 0x7d337b2025
02-10 17:51:31.872 29718 29718 E ArmVmp : Match on catch block at 0xc3 in for 0x7d337b2025
02-10 17:51:31.886 29718 29718 E ArmVmp : Match on catch block at 0xc3 in for 0x7d337b2025
02-10 17:51:31.887 29718 29718 E ArmVmp : Match on catch block at 0xc3 in for 0x7d337b2025
02-10 17:51:31.889 29718 29718 E ArmVmp : Match on catch block at 0xc3 in for 0x7d337b2025
02-10 17:51:31.903 29718 29718 E ArmVmp : Match on catch block at 0xc3 in for 0x7d337b2025
02-10 17:51:31.904 29718 29718 E ArmVmp : Match on catch block at 0xc3 in for 0x7d337b2025
02-10 17:51:31.906 29718 29718 E ArmVmp : Match on catch block at 0xc3 in for 0x7d337b2025
02-10 17:51:31.919 29718 29718 E ArmVmp : Match on catch block at 0xc3 in for 0x7d337b2025
02-10 17:51:31.921 29718 29718 E ArmVmp : Match on catch block at 0xc3 in for 0x7d337b2025
02-10 17:51:31.922 29718 29718 E ArmVmp : Match on catch block at 0xc3 in for 0x7d337b2025
02-10 17:51:31.936 29718 29718 E ArmVmp : Match on catch block at 0xc3 in for 0x7d337b2025
02-10 17:51:31.938 29718 29718 E ArmVmp : Match on catch block at 0xc3 in for 0x7d337b2025
02-10 17:51:31.939 29718 29718 E ArmVmp : Match on catch block at 0xc3 in for 0x7d337b2025
02-10 17:51:31.952 29718 29718 E ArmVmp : Match on catch block at 0xc3 in for 0x7d337b2025
02-10 17:51:31.954 29718 29718 E ArmVmp : Match on catch block at 0xc3 in for 0x7d337b2025
02-10 17:51:31.956 29718 29718 E ArmVmp : Match on catch block at 0xc3 in for 0x7d337b2025
02-10 17:51:31.969 29718 29718 E ArmVmp : Match on catch block at 0xc3 in for 0x7d337b2025
02-10 17:51:31.970 29718 29718 E ArmVmp : Match on catch block at 0xc3 in for 0x7d337b2025
02-10 17:51:31.972 29718 29718 E ArmVmp : Match on catch block at 0xc3 in for 0x7d337b2025
02-10 17:51:31.985 29718 29718 E ArmVmp : Match on catch block at 0xc3 in for 0x7d337b2025
02-10 17:51:31.987 29718 29718 E ArmVmp : Match on catch block at 0xc3 in for 0x7d337b2025
02-10 17:51:31.988 29718 29718 E ArmVmp : Match on catch block at 0xc3 in for 0x7d337b2025
02-10 17:51:32.103 29718 29718 E ArmVmp : Match on catch block at 0x0a in for 0x7d337b2051
02-10 17:51:32.137 29718 29718 E ArmVmp : Match on catch block at 0xc3 in for 0x7d337b2025
02-10 17:51:32.139 29718 29718 E ArmVmp : Match on catch block at 0xc3 in for 0x7d337b2025
02-10 17:51:32.141 29718 29718 E ArmVmp : Match on catch block at 0xc3 in for 0x7d337b2025
02-10 17:51:32.157 29718 29718 E ArmVmp : Match on catch block at 0xc3 in for 0x7d337b2025
02-10 17:51:32.160 29718 29718 E ArmVmp : Match on catch block at 0xc3 in for 0x7d337b2025
02-10 17:51:32.162 29718 29718 E ArmVmp : Match on catch block at 0xc3 in for 0x7d337b2025
02-10 17:51:32.177 29718 29718 E ArmVmp : Match on catch block at 0xc3 in for 0x7d337b2025
02-10 17:51:32.179 29718 29718 E ArmVmp : Match on catch block at 0xc3 in for 0x7d337b2025
02-10 17:51:32.181 29718 29718 E ArmVmp : Match on catch block at 0xc3 in for 0x7d337b2025
02-10 17:51:32.194 29718 29718 E ArmVmp : Match on catch block at 0xc3 in for 0x7d337b2025
02-10 17:51:32.197 29718 29718 E ArmVmp : Match on catch block at 0xc3 in for 0x7d337b2025
02-10 17:51:32.199 29718 29718 E ArmVmp : Match on catch block at 0xc3 in for 0x7d337b2025
02-10 17:51:32.216 29718 29718 E ArmVmp : Match on catch block at 0xc3 in for 0x7d337b2025
02-10 17:51:32.219 29718 29718 E ArmVmp : Match on catch block at 0xc3 in for 0x7d337b2025
02-10 17:51:32.222 29718 29718 E ArmVmp : Match on catch block at 0xc3 in for 0x7d337b2025
02-10 17:51:32.251 29718 29718 E ArmVmp : Match on catch block at 0xc3 in for 0x7d337b2025
02-10 17:51:32.254 29718 29718 E ArmVmp : Match on catch block at 0xc3 in for 0x7d337b2025
02-10 17:51:32.257 29718 29718 E ArmVmp : Match on catch block at 0xc3 in for 0x7d337b2025
02-10 17:51:32.269 29718 29718 E ArmVmp : Match on catch block at 0xc3 in for 0x7d337b2025
02-10 17:51:32.271 29718 29718 E ArmVmp : Match on catch block at 0xc3 in for 0x7d337b2025
02-10 17:51:32.273 29718 29718 E ArmVmp : Match on catch block at 0xc3 in for 0x7d337b2025
02-10 17:51:32.368 29718 29718 E ArmVmp : Match on catch block at 0xc3 in for 0x7d337b2025
02-10 17:51:32.370 29718 29718 E ArmVmp : Match on catch block at 0xc3 in for 0x7d337b2025
02-10 17:51:32.372 29718 29718 E ArmVmp : Match on catch block at 0xc3 in for 0x7d337b2025
02-10 17:51:32.770 29718 29718 E ArmVmp : Match on catch block at 0xc3 in for 0x7d337b2025
02-10 17:51:32.772 29718 29718 E ArmVmp : Match on catch block at 0xc3 in for 0x7d337b2025
02-10 17:51:32.774 29718 29718 E ArmVmp : Match on catch block at 0xc3 in for 0x7d337b2025
02-10 17:51:32.795 29718 29718 E ArmVmp : Match on catch block at 0xc3 in for 0x7d337b2025
02-10 17:51:32.797 29718 29718 E ArmVmp : Match on catch block at 0xc3 in for 0x7d337b2025
02-10 17:51:32.800 29718 29718 E ArmVmp : Match on catch block at 0xc3 in for 0x7d337b2025
02-10 17:51:32.888 29718 29777 E OpenGLRenderer: EglManager::makeCurrent mED = 0xb400007c643d48c0, surface = 0x0, mEC = 0xb400007be145c800, error = EGL_SUCCESS
02-10 17:51:32.904 29718 29718 W InputEventReceiver: Attempted to finish an input event but the input event receiver has already been disposed.
02-10 17:51:32.941 29718 29718 E ArmVmp : Match on catch block at 0xc3 in for 0x7d337b2025
02-10 17:51:32.943 29718 29718 E ArmVmp : Match on catch block at 0xc3 in for 0x7d337b2025
02-10 17:51:32.945 29718 29718 E ArmVmp : Match on catch block at 0xc3 in for 0x7d337b2025
02-10 17:51:32.952 29718 29718 E ArmVmp : Match on catch block at 0xc3 in for 0x7d337b2025
02-10 17:51:32.955 29718 29718 E ArmVmp : Match on catch block at 0xc3 in for 0x7d337b2025
02-10 17:51:32.957 29718 29718 E ArmVmp : Match on catch block at 0xc3 in for 0x7d337b2025
02-10 17:51:32.969 29718 29718 E ArmVmp : Match on catch block at 0xc3 in for 0x7d337b2025
02-10 17:51:32.971 29718 29718 E ArmVmp : Match on catch block at 0xc3 in for 0x7d337b2025
02-10 17:51:32.973 29718 29718 E ArmVmp : Match on catch block at 0xc3 in for 0x7d337b2025
02-10 17:51:32.986 29718 29718 E ArmVmp : Match on catch block at 0xc3 in for 0x7d337b2025
02-10 17:51:32.988 29718 29718 E ArmVmp : Match on catch block at 0xc3 in for 0x7d337b2025
02-10 17:51:32.990 29718 29718 E ArmVmp : Match on catch block at 0xc3 in for 0x7d337b2025
02-10 17:51:33.002 29718 29718 E ArmVmp : Match on catch block at 0xc3 in for 0x7d337b2025
02-10 17:51:33.005 29718 29718 E ArmVmp : Match on catch block at 0xc3 in for 0x7d337b2025
02-10 17:51:33.006 29718 29718 E ArmVmp : Match on catch block at 0xc3 in for 0x7d337b2025
02-10 17:51:33.019 29718 29718 E ArmVmp : Match on catch block at 0xc3 in for 0x7d337b2025
02-10 17:51:33.021 29718 29718 E ArmVmp : Match on catch block at 0xc3 in for 0x7d337b2025
02-10 17:51:33.023 29718 29718 E ArmVmp : Match on catch block at 0xc3 in for 0x7d337b2025
02-10 17:51:33.036 29718 29718 E ArmVmp : Match on catch block at 0xc3 in for 0x7d337b2025
02-10 17:51:33.038 29718 29718 E ArmVmp : Match on catch block at 0xc3 in for 0x7d337b2025
02-10 17:51:33.040 29718 29718 E ArmVmp : Match on catch block at 0xc3 in for 0x7d337b2025
02-10 17:51:33.434 29718 29718 E ArmVmp : Match on catch block at 0xc3 in for 0x7d337b2025
02-10 17:51:33.437 29718 29718 E ArmVmp : Match on catch block at 0xc3 in for 0x7d337b2025
02-10 17:51:33.439 29718 29718 E ArmVmp : Match on catch block at 0xc3 in for 0x7d337b2025
02-10 17:51:33.549 29718 29718 E ArmVmp : Match on catch block at 0xc3 in for 0x7d337b2025
02-10 17:51:33.551 29718 29718 E ArmVmp : Match on catch block at 0xc3 in for 0x7d337b2025
02-10 17:51:33.553 29718 29718 E ArmVmp : Match on catch block at 0xc3 in for 0x7d337b2025
02-10 17:51:33.561 29718 29718 E ArmVmp : Match on catch block at 0xc3 in for 0x7d337b2025
02-10 17:51:33.563 29718 29718 E ArmVmp : Match on catch block at 0xc3 in for 0x7d337b2025
02-10 17:51:33.565 29718 29718 E ArmVmp : Match on catch block at 0xc3 in for 0x7d337b2025
02-10 17:51:33.702 29718 29718 E ArmVmp : Match on catch block at 0xc3 in for 0x7d337b2025
02-10 17:51:33.703 29718 29718 E ArmVmp : Match on catch block at 0xc3 in for 0x7d337b2025
02-10 17:51:33.705 29718 29718 E ArmVmp : Match on catch block at 0xc3 in for 0x7d337b2025
02-10 17:51:33.718 29718 29718 E ArmVmp : Match on catch block at 0xc3 in for 0x7d337b2025
02-10 17:51:33.720 29718 29718 E ArmVmp : Match on catch block at 0xc3 in for 0x7d337b2025
02-10 17:51:33.722 29718 29718 E ArmVmp : Match on catch block at 0xc3 in for 0x7d337b2025
02-10 17:51:33.735 29718 29718 E ArmVmp : Match on catch block at 0xc3 in for 0x7d337b2025
02-10 17:51:33.737 29718 29718 E ArmVmp : Match on catch block at 0xc3 in for 0x7d337b2025
02-10 17:51:33.738 29718 29718 E ArmVmp : Match on catch block at 0xc3 in for 0x7d337b2025
02-10 17:51:33.751 29718 29718 E ArmVmp : Match on catch block at 0xc3 in for 0x7d337b2025
02-10 17:51:33.753 29718 29718 E ArmVmp : Match on catch block at 0xc3 in for 0x7d337b2025
02-10 17:51:33.754 29718 29718 E ArmVmp : Match on catch block at 0xc3 in for 0x7d337b2025
02-10 17:51:33.768 29718 29718 E ArmVmp : Match on catch block at 0xc3 in for 0x7d337b2025
02-10 17:51:33.769 29718 29718 E ArmVmp : Match on catch block at 0xc3 in for 0x7d337b2025
02-10 17:51:33.771 29718 29718 E ArmVmp : Match on catch block at 0xc3 in for 0x7d337b2025
02-10 17:51:33.786 29718 29718 E ArmVmp : Match on catch block at 0xc3 in for 0x7d337b2025
02-10 17:51:33.787 29718 29718 E ArmVmp : Match on catch block at 0xc3 in for 0x7d337b2025
02-10 17:51:33.788 29718 29718 E ArmVmp : Match on catch block at 0xc3 in for 0x7d337b2025
02-10 17:51:33.801 29718 29718 E ArmVmp : Match on catch block at 0xc3 in for 0x7d337b2025
02-10 17:51:33.802 29718 29718 E ArmVmp : Match on catch block at 0xc3 in for 0x7d337b2025
02-10 17:51:33.804 29718 29718 E ArmVmp : Match on catch block at 0xc3 in for 0x7d337b2025
02-10 17:51:33.818 29718 29718 E ArmVmp : Match on catch block at 0xc3 in for 0x7d337b2025
02-10 17:51:33.819 29718 29718 E ArmVmp : Match on catch block at 0xc3 in for 0x7d337b2025
02-10 17:51:33.821 29718 29718 E ArmVmp : Match on catch block at 0xc3 in for 0x7d337b2025
02-10 17:51:33.834 29718 29718 E ArmVmp : Match on catch block at 0xc3 in for 0x7d337b2025
02-10 17:51:33.836 29718 29718 E ArmVmp : Match on catch block at 0xc3 in for 0x7d337b2025
02-10 17:51:33.837 29718 29718 E ArmVmp : Match on catch block at 0xc3 in for 0x7d337b2025
02-10 17:51:33.851 29718 29718 E ArmVmp : Match on catch block at 0xc3 in for 0x7d337b2025
02-10 17:51:33.852 29718 29718 E ArmVmp : Match on catch block at 0xc3 in for 0x7d337b2025
02-10 17:51:33.854 29718 29718 E ArmVmp : Match on catch block at 0xc3 in for 0x7d337b2025
02-10 17:51:33.867 29718 29718 E ArmVmp : Match on catch block at 0xc3 in for 0x7d337b2025
02-10 17:51:33.870 29718 29718 E ArmVmp : Match on catch block at 0xc3 in for 0x7d337b2025
02-10 17:51:33.871 29718 29718 E ArmVmp : Match on catch block at 0xc3 in for 0x7d337b2025
02-10 17:51:33.884 29718 29718 E ArmVmp : Match on catch block at 0xc3 in for 0x7d337b2025
02-10 17:51:33.886 29718 29718 E ArmVmp : Match on catch block at 0xc3 in for 0x7d337b2025
02-10 17:51:33.887 29718 29718 E ArmVmp : Match on catch block at 0xc3 in for 0x7d337b2025
02-10 17:51:33.901 29718 29718 E ArmVmp : Match on catch block at 0xc3 in for 0x7d337b2025
02-10 17:51:33.902 29718 29718 E ArmVmp : Match on catch block at 0xc3 in for 0x7d337b2025
02-10 17:51:33.904 29718 29718 E ArmVmp : Match on catch block at 0xc3 in for 0x7d337b2025
02-10 17:51:33.918 29718 29718 E ArmVmp : Match on catch block at 0xc3 in for 0x7d337b2025
02-10 17:51:33.919 29718 29718 E ArmVmp : Match on catch block at 0xc3 in for 0x7d337b2025
02-10 17:51:33.920 29718 29718 E ArmVmp : Match on catch block at 0xc3 in for 0x7d337b2025
02-10 17:51:33.934 29718 29718 E ArmVmp : Match on catch block at 0xc3 in for 0x7d337b2025
02-10 17:51:33.936 29718 29718 E ArmVmp : Match on catch block at 0xc3 in for 0x7d337b2025
02-10 17:51:33.937 29718 29718 E ArmVmp : Match on catch block at 0xc3 in for 0x7d337b2025
02-10 17:51:33.951 29718 29718 E ArmVmp : Match on catch block at 0xc3 in for 0x7d337b2025
02-10 17:51:33.952 29718 29718 E ArmVmp : Match on catch block at 0xc3 in for 0x7d337b2025
02-10 17:51:33.954 29718 29718 E ArmVmp : Match on catch block at 0xc3 in for 0x7d337b2025
02-10 17:51:34.236 29718 29718 E ArmVmp : Match on catch block at 0xc3 in for 0x7d337b2025
02-10 17:51:34.238 29718 29718 E ArmVmp : Match on catch block at 0xc3 in for 0x7d337b2025
02-10 17:51:34.239 29718 29718 E ArmVmp : Match on catch block at 0xc3 in for 0x7d337b2025
02-10 17:51:34.251 29718 29718 E ArmVmp : Match on catch block at 0xc3 in for 0x7d337b2025
02-10 17:51:34.253 29718 29718 E ArmVmp : Match on catch block at 0xc3 in for 0x7d337b2025
02-10 17:51:34.255 29718 29718 E ArmVmp : Match on catch block at 0xc3 in for 0x7d337b2025
02-10 17:51:34.268 29718 29718 E ArmVmp : Match on catch block at 0xc3 in for 0x7d337b2025
02-10 17:51:34.270 29718 29718 E ArmVmp : Match on catch block at 0xc3 in for 0x7d337b2025
02-10 17:51:34.271 29718 29718 E ArmVmp : Match on catch block at 0xc3 in for 0x7d337b2025
02-10 17:51:34.285 29718 29718 E ArmVmp : Match on catch block at 0xc3 in for 0x7d337b2025
02-10 17:51:34.286 29718 29718 E ArmVmp : Match on catch block at 0xc3 in for 0x7d337b2025
02-10 17:51:34.287 29718 29844 W com.mbwhatsapp: Accessing hidden method Landroid/app/MiuiNotification;-><init>()V (blocked, reflection, denied)
02-10 17:51:34.288 29718 29718 E ArmVmp : Match on catch block at 0xc3 in for 0x7d337b2025
02-10 17:51:34.313 29718 29718 E ArmVmp : Match on catch block at 0xc3 in for 0x7d337b2025
02-10 17:51:34.314 29718 29718 E ArmVmp : Match on catch block at 0xc3 in for 0x7d337b2025
02-10 17:51:34.316 29718 29718 E ArmVmp : Match on catch block at 0xc3 in for 0x7d337b2025
02-10 17:51:34.320 29718 29718 E ArmVmp : Match on catch block at 0xc3 in for 0x7d337b2025
02-10 17:51:34.322 29718 29718 E ArmVmp : Match on catch block at 0xc3 in for 0x7d337b2025
02-10 17:51:34.323 29718 29718 E ArmVmp : Match on catch block at 0xc3 in for 0x7d337b2025
02-10 17:51:34.335 29718 29718 E ArmVmp : Match on catch block at 0xc3 in for 0x7d337b2025
02-10 17:51:34.336 29718 29718 E ArmVmp : Match on catch block at 0xc3 in for 0x7d337b2025
02-10 17:51:34.338 29718 29718 E ArmVmp : Match on catch block at 0xc3 in for 0x7d337b2025
02-10 17:51:34.351 29718 29718 E ArmVmp : Match on catch block at 0xc3 in for 0x7d337b2025
02-10 17:51:34.353 29718 29718 E ArmVmp : Match on catch block at 0xc3 in for 0x7d337b2025
02-10 17:51:34.354 29718 29718 E ArmVmp : Match on catch block at 0xc3 in for 0x7d337b2025
02-10 17:51:34.368 29718 29718 E ArmVmp : Match on catch block at 0xc3 in for 0x7d337b2025
02-10 17:51:34.370 29718 29718 E ArmVmp : Match on catch block at 0xc3 in for 0x7d337b2025
02-10 17:51:34.371 29718 29718 E ArmVmp : Match on catch block at 0xc3 in for 0x7d337b2025
02-10 17:51:34.385 29718 29718 E ArmVmp : Match on catch block at 0xc3 in for 0x7d337b2025
02-10 17:51:34.386 29718 29718 E ArmVmp : Match on catch block at 0xc3 in for 0x7d337b2025
02-10 17:51:34.388 29718 29718 E ArmVmp : Match on catch block at 0xc3 in for 0x7d337b2025
02-10 17:51:34.401 29718 29718 E ArmVmp : Match on catch block at 0xc3 in for 0x7d337b2025
02-10 17:51:34.403 29718 29718 E ArmVmp : Match on catch block at 0xc3 in for 0x7d337b2025
02-10 17:51:34.405 29718 29718 E ArmVmp : Match on catch block at 0xc3 in for 0x7d337b2025
02-10 17:51:34.418 29718 29718 E ArmVmp : Match on catch block at 0xc3 in for 0x7d337b2025
02-10 17:51:34.421 29718 29718 E ArmVmp : Match on catch block at 0xc3 in for 0x7d337b2025
02-10 17:51:34.423 29718 29718 E ArmVmp : Match on catch block at 0xc3 in for 0x7d337b2025
02-10 17:51:34.435 29718 29718 E ArmVmp : Match on catch block at 0xc3 in for 0x7d337b2025
02-10 17:51:34.437 29718 29718 E ArmVmp : Match on catch block at 0xc3 in for 0x7d337b2025
02-10 17:51:34.439 29718 29718 E ArmVmp : Match on catch block at 0xc3 in for 0x7d337b2025
02-10 17:51:34.451 29718 29718 E ArmVmp : Match on catch block at 0xc3 in for 0x7d337b2025
02-10 17:51:34.454 29718 29718 E ArmVmp : Match on catch block at 0xc3 in for 0x7d337b2025
02-10 17:51:34.456 29718 29718 E ArmVmp : Match on catch block at 0xc3 in for 0x7d337b2025
02-10 17:51:34.468 29718 29718 E ArmVmp : Match on catch block at 0xc3 in for 0x7d337b2025
02-10 17:51:34.470 29718 29718 E ArmVmp : Match on catch block at 0xc3 in for 0x7d337b2025
02-10 17:51:34.473 29718 29718 E ArmVmp : Match on catch block at 0xc3 in for 0x7d337b2025
02-10 17:51:34.485 29718 29718 E ArmVmp : Match on catch block at 0xc3 in for 0x7d337b2025
02-10 17:51:34.488 29718 29718 E ArmVmp : Match on catch block at 0xc3 in for 0x7d337b2025
02-10 17:51:34.490 29718 29718 E ArmVmp : Match on catch block at 0xc3 in for 0x7d337b2025
02-10 17:51:34.501 29718 29718 E ArmVmp : Match on catch block at 0xc3 in for 0x7d337b2025
02-10 17:51:34.504 29718 29718 E ArmVmp : Match on catch block at 0xc3 in for 0x7d337b2025
02-10 17:51:34.506 29718 29718 E ArmVmp : Match on catch block at 0xc3 in for 0x7d337b2025
02-10 17:51:34.518 29718 29718 E ArmVmp : Match on catch block at 0xc3 in for 0x7d337b2025
02-10 17:51:34.521 29718 29718 E ArmVmp : Match on catch block at 0xc3 in for 0x7d337b2025
02-10 17:51:34.523 29718 29718 E ArmVmp : Match on catch block at 0xc3 in for 0x7d337b2025
02-10 17:51:34.535 29718 29718 E ArmVmp : Match on catch block at 0xc3 in for 0x7d337b2025
02-10 17:51:34.538 29718 29718 E ArmVmp : Match on catch block at 0xc3 in for 0x7d337b2025
02-10 17:51:34.540 29718 29718 E ArmVmp : Match on catch block at 0xc3 in for 0x7d337b2025
02-10 17:51:34.551 29718 29718 E ArmVmp : Match on catch block at 0xc3 in for 0x7d337b2025
02-10 17:51:34.554 29718 29718 E ArmVmp : Match on catch block at 0xc3 in for 0x7d337b2025
02-10 17:51:34.556 29718 29718 E ArmVmp : Match on catch block at 0xc3 in for 0x7d337b2025
02-10 17:51:34.568 29718 29718 E ArmVmp : Match on catch block at 0xc3 in for 0x7d337b2025
02-10 17:51:34.571 29718 29718 E ArmVmp : Match on catch block at 0xc3 in for 0x7d337b2025
02-10 17:51:34.573 29718 29718 E ArmVmp : Match on catch block at 0xc3 in for 0x7d337b2025
02-10 17:51:34.585 29718 29718 E ArmVmp : Match on catch block at 0xc3 in for 0x7d337b2025
02-10 17:51:34.588 29718 29718 E ArmVmp : Match on catch block at 0xc3 in for 0x7d337b2025
02-10 17:51:34.590 29718 29718 E ArmVmp : Match on catch block at 0xc3 in for 0x7d337b2025
02-10 17:51:34.601 29718 29718 E ArmVmp : Match on catch block at 0xc3 in for 0x7d337b2025
02-10 17:51:34.604 29718 29718 E ArmVmp : Match on catch block at 0xc3 in for 0x7d337b2025
02-10 17:51:34.606 29718 29718 E ArmVmp : Match on catch block at 0xc3 in for 0x7d337b2025
02-10 17:51:34.618 29718 29718 E ArmVmp : Match on catch block at 0xc3 in for 0x7d337b2025
02-10 17:51:34.621 29718 29718 E ArmVmp : Match on catch block at 0xc3 in for 0x7d337b2025
02-10 17:51:34.624 29718 29718 E ArmVmp : Match on catch block at 0xc3 in for 0x7d337b2025
02-10 17:51:34.707 29718 29844 W com.mbwhatsapp: Accessing hidden method Landroid/app/MiuiNotification;-><init>()V (blocked, reflection, denied)
02-10 17:51:34.824 29718 29844 W com.mbwhatsapp: Accessing hidden method Landroid/app/MiuiNotification;-><init>()V (blocked, reflection, denied)
02-10 17:51:34.864 29718 29844 W com.mbwhatsapp: Accessing hidden method Landroid/app/MiuiNotification;-><init>()V (blocked, reflection, denied)
02-10 17:51:34.903 29718 29718 E ArmVmp : Match on catch block at 0xc3 in for 0x7d337b2025
02-10 17:51:34.906 29718 29718 E ArmVmp : Match on catch block at 0xc3 in for 0x7d337b2025
02-10 17:51:34.907 29718 29718 E ArmVmp : Match on catch block at 0xc3 in for 0x7d337b2025
02-10 17:51:34.918 29718 29718 E ArmVmp : Match on catch block at 0xc3 in for 0x7d337b2025
02-10 17:51:34.922 29718 29718 E ArmVmp : Match on catch block at 0xc3 in for 0x7d337b2025
02-10 17:51:34.923 29718 29718 E ArmVmp : Match on catch block at 0xc3 in for 0x7d337b2025
02-10 17:51:34.950 29718 29718 E ArmVmp : Match on catch block at 0xc3 in for 0x7d337b2025
02-10 17:51:34.952 29718 29718 E ArmVmp : Match on catch block at 0xc3 in for 0x7d337b2025
02-10 17:51:34.953 29718 29718 E ArmVmp : Match on catch block at 0xc3 in for 0x7d337b2025
02-10 17:51:35.018 29718 29718 E ArmVmp : Match on catch block at 0xc3 in for 0x7d337b2025
02-10 17:51:35.019 29718 29718 E ArmVmp : Match on catch block at 0xc3 in for 0x7d337b2025
02-10 17:51:35.021 29718 29718 E ArmVmp : Match on catch block at 0xc3 in for 0x7d337b2025
02-10 17:51:35.034 29718 29718 E ArmVmp : Match on catch block at 0xc3 in for 0x7d337b2025
02-10 17:51:35.036 29718 29718 E ArmVmp : Match on catch block at 0xc3 in for 0x7d337b2025
02-10 17:51:35.038 29718 29718 E ArmVmp : Match on catch block at 0xc3 in for 0x7d337b2025
02-10 17:51:35.051 29718 29718 E ArmVmp : Match on catch block at 0xc3 in for 0x7d337b2025
02-10 17:51:35.052 29718 29718 E ArmVmp : Match on catch block at 0xc3 in for 0x7d337b2025
02-10 17:51:35.054 29718 29718 E ArmVmp : Match on catch block at 0xc3 in for 0x7d337b2025
02-10 17:51:35.067 29718 29718 E ArmVmp : Match on catch block at 0xc3 in for 0x7d337b2025
02-10 17:51:35.070 29718 29718 E ArmVmp : Match on catch block at 0xc3 in for 0x7d337b2025
02-10 17:51:35.071 29718 29718 E ArmVmp : Match on catch block at 0xc3 in for 0x7d337b2025
02-10 17:51:35.084 29718 29718 E ArmVmp : Match on catch block at 0xc3 in for 0x7d337b2025
02-10 17:51:35.086 29718 29718 E ArmVmp : Match on catch block at 0xc3 in for 0x7d337b2025
02-10 17:51:35.088 29718 29718 E ArmVmp : Match on catch block at 0xc3 in for 0x7d337b2025
02-10 17:51:35.101 29718 29718 E ArmVmp : Match on catch block at 0xc3 in for 0x7d337b2025
02-10 17:51:35.103 29718 29718 E ArmVmp : Match on catch block at 0xc3 in for 0x7d337b2025
02-10 17:51:35.105 29718 29718 E ArmVmp : Match on catch block at 0xc3 in for 0x7d337b2025
02-10 17:51:35.118 29718 29718 E ArmVmp : Match on catch block at 0xc3 in for 0x7d337b2025
02-10 17:51:35.119 29718 29718 E ArmVmp : Match on catch block at 0xc3 in for 0x7d337b2025
02-10 17:51:35.121 29718 29718 E ArmVmp : Match on catch block at 0xc3 in for 0x7d337b2025
02-10 17:51:35.134 29718 29718 E ArmVmp : Match on catch block at 0xc3 in for 0x7d337b2025
02-10 17:51:35.136 29718 29718 E ArmVmp : Match on catch block at 0xc3 in for 0x7d337b2025
02-10 17:51:35.138 29718 29718 E ArmVmp : Match on catch block at 0xc3 in for 0x7d337b2025
02-10 17:51:35.151 29718 29718 E ArmVmp : Match on catch block at 0xc3 in for 0x7d337b2025
02-10 17:51:35.152 29718 29718 E ArmVmp : Match on catch block at 0xc3 in for 0x7d337b2025
02-10 17:51:35.155 29718 29718 E ArmVmp : Match on catch block at 0xc3 in for 0x7d337b2025
02-10 17:51:35.167 29718 29718 E ArmVmp : Match on catch block at 0xc3 in for 0x7d337b2025
02-10 17:51:35.169 29718 29718 E ArmVmp : Match on catch block at 0xc3 in for 0x7d337b2025
02-10 17:51:35.172 29718 29718 E ArmVmp : Match on catch block at 0xc3 in for 0x7d337b2025
02-10 17:51:35.176 29718 29763 E SQLiteDatabase: Error inserting transferred=0 media_job_uuid=152483e0-db43-492b-9ea8-e79ffd542ca2 transcoded=0 gif_attribution=0 first_scan_length=7764 direct_path=/o1/v/t62.7118-24/f1/m239/up-oil-image-048c3c2e- e83b-4bad-903f-ffef01a0f3e3?ccb=9- 4&oh=01_AdQOszv6sO1KKJo1TnbQ_udcIk66L3gqALnhmJEMrJPYGQ&oe=65EEC20F&_nc_sid=000000&_ nc_hot=1707562268 thumbnail_height_width_ratio=1.8181819 is_animated_sticker=0 file_hash=cjV/0PR44DaDWiMQTPNLdwdQyDZECQpXOALoINgc+Go= file_path=null file_size=0 partial_media_hash=7iLbHyxRJEDpMa7L5JEX9Xjej98bwQVXxGzqR+4QguM= face_x=0 face_y=0 height=1599 trim_to=0 media_key_timestamp=1707562234000 message_url=https://mmg.whatsapp.net/o1/v/t62.7118-24/f1/m239/up-oil-image- 048c3c2e-e83b-4bad-903f-ffef01a0f3e3?ccb=9- 4&oh=01_AdQOszv6sO1KKJo1TnbQ_udcIk66L3gqALnhmJEMrJPYGQ&oe=65EEC20F&_nc_sid=000000&m ms3=true media_caption=null trim_from=0 mime_type=image/jpeg partial_media_enc_hash=null width=899 original_file_hash=null has_streaming_sidecar=1 autotransfer_retry_enabled=1 media_upload_handle=null message_row_id=2132 multicast_id=null enc_file_hash=nL2+kPyXacC7yebbNVz6L8VKm8t6O8glVf60T/YkU+k= mute_video=0 page_count=0 first_scan_sidecar=[B@1116b91 suspicious_content=0 file_length=86376 media_name=null media_duration=0 chat_row_id=159 media_key=[B@6572af6
02-10 17:51:35.176 29718 29763 E SQLiteDatabase: android.database.sqlite.SQLiteConstraintException: UNIQUE constraint failed: message_media.message_row_id (code 1555 SQLITE_CONSTRAINT_PRIMARYKEY)
02-10 17:51:35.176 29718 29763 E SQLiteDatabase: at android.database.sqlite.SQLiteConnection.nativeExecuteForLastInsertedRowId(Native Method)
02-10 17:51:35.176 29718 29763 E SQLiteDatabase: at android.database.sqlite.SQLiteConnection.executeForLastInsertedRowId(SQLiteConnecti on.java:940)
02-10 17:51:35.176 29718 29763 E SQLiteDatabase: at android.database.sqlite.SQLiteSession.executeForLastInsertedRowId(SQLiteSession.jav a:790)
02-10 17:51:35.176 29718 29763 E SQLiteDatabase: at android.database.sqlite.SQLiteStatement.executeInsert(SQLiteStatement.java:89)
02-10 17:51:35.176 29718 29763 E SQLiteDatabase: at android.database.sqlite.SQLiteDatabase.insertWithOnConflict(SQLiteDatabase.java:170 2)
02-10 17:51:35.176 29718 29763 E SQLiteDatabase: at android.database.sqlite.SQLiteDatabase.insert(SQLiteDatabase.java:1571)
02-10 17:51:35.176 29718 29763 E SQLiteDatabase: at X.2tm.A08(Unknown Source:6)
02-10 17:51:35.176 29718 29763 E SQLiteDatabase: at X.35Y.A07(Unknown Source:212)
02-10 17:51:35.176 29718 29763 E SQLiteDatabase: at X.3QF.A14(Unknown Source:470)
02-10 17:51:35.176 29718 29763 E SQLiteDatabase: at X.3gU.run(Unknown Source:982)
02-10 17:51:35.176 29718 29763 E SQLiteDatabase: at android.os.Handler.handleCallback(Handler.java:938)
02-10 17:51:35.176 29718 29763 E SQLiteDatabase: at android.os.Handler.dispatchMessage(Handler.java:99)
02-10 17:51:35.176 29718 29763 E SQLiteDatabase: at X.0zq.dispatchMessage(Unknown Source:4)
02-10 17:51:35.176 29718 29763 E SQLiteDatabase: at android.os.Looper.loopOnce(Looper.java:211)
02-10 17:51:35.176 29718 29763 E SQLiteDatabase: at android.os.Looper.loop(Looper.java:300)
02-10 17:51:35.176 29718 29763 E SQLiteDatabase: at android.os.HandlerThread.run(HandlerThread.java:67)
02-10 17:51:35.184 29718 29718 E ArmVmp : Match on catch block at 0xc3 in for 0x7d337b2025
02-10 17:51:35.186 29718 29718 E ArmVmp : Match on catch block at 0xc3 in for 0x7d337b2025
02-10 17:51:35.187 29718 29718 E ArmVmp : Match on catch block at 0xc3 in for 0x7d337b2025
02-10 17:51:35.201 29718 29718 E ArmVmp : Match on catch block at 0xc3 in for 0x7d337b2025
02-10 17:51:35.202 29718 29718 E ArmVmp : Match on catch block at 0xc3 in for 0x7d337b2025
02-10 17:51:35.204 29718 29718 E ArmVmp : Match on catch block at 0xc3 in for 0x7d337b2025
02-10 17:51:35.219 29718 29718 E ArmVmp : Match on catch block at 0xc3 in for 0x7d337b2025
02-10 17:51:35.221 29718 29718 E ArmVmp : Match on catch block at 0xc3 in for 0x7d337b2025
02-10 17:51:35.223 29718 29718 E ArmVmp : Match on catch block at 0xc3 in for 0x7d337b2025
02-10 17:51:35.254 29718 29718 E ArmVmp : Match on catch block at 0xc3 in for 0x7d337b2025
02-10 17:51:35.256 29718 29718 E ArmVmp : Match on catch block at 0xc3 in for 0x7d337b2025
02-10 17:51:35.258 29718 29718 E ArmVmp : Match on catch block at 0xc3 in for 0x7d337b2025
02-10 17:51:35.292 29718 29718 E ArmVmp : Match on catch block at 0xc3 in for 0x7d337b2025
02-10 17:51:35.294 29718 29718 E ArmVmp : Match on catch block at 0xc3 in for 0x7d337b2025
02-10 17:51:35.313 29718 29718 E ArmVmp : Match on catch block at 0xc3 in for 0x7d337b2025
02-10 17:51:35.315 29718 29718 E ArmVmp : Match on catch block at 0xc3 in for 0x7d337b2025
02-10 17:51:35.342 29718 29718 E ArmVmp : Match on catch block at 0xc3 in for 0x7d337b2025
02-10 17:51:35.344 29718 29718 E ArmVmp : Match on catch block at 0xc3 in for 0x7d337b2025
02-10 17:51:35.369 29718 29844 W com.mbwhatsapp: Accessing hidden method Landroid/app/MiuiNotification;-><init>()V (blocked, reflection, denied)
02-10 17:51:35.382 29718 29718 E ArmVmp : Match on catch block at 0xc3 in for 0x7d337b2025
02-10 17:51:35.384 29718 29718 E ArmVmp : Match on catch block at 0xc3 in for 0x7d337b2025
02-10 17:51:35.387 29718 29718 E ArmVmp : Match on catch block at 0xc3 in for 0x7d337b2025
02-10 17:51:35.415 29718 29718 E ArmVmp : Match on catch block at 0xc3 in for 0x7d337b2025
02-10 17:51:35.418 29718 29718 E ArmVmp : Match on catch block at 0xc3 in for 0x7d337b2025
02-10 17:51:35.420 29718 29718 E ArmVmp : Match on catch block at 0xc3 in for 0x7d337b2025
02-10 17:51:35.426 29718 29718 E ArmVmp : Match on catch block at 0xc3 in for 0x7d337b2025
02-10 17:51:35.428 29718 29718 E ArmVmp : Match on catch block at 0xc3 in for 0x7d337b2025
02-10 17:51:35.431 29718 29718 E ArmVmp : Match on catch block at 0xc3 in for 0x7d337b2025
02-10 17:51:35.438 29718 29718 E ArmVmp : Match on catch block at 0xc3 in for 0x7d337b2025
02-10 17:51:35.440 29718 29718 E ArmVmp : Match on catch block at 0xc3 in for 0x7d337b2025
02-10 17:51:35.442 29718 29718 E ArmVmp : Match on catch block at 0xc3 in for 0x7d337b2025
02-10 17:51:35.450 29718 29718 E ArmVmp : Match on catch block at 0xc3 in for 0x7d337b2025
02-10 17:51:35.452 29718 29718 E ArmVmp : Match on catch block at 0xc3 in for 0x7d337b2025
02-10 17:51:35.454 29718 29718 E ArmVmp : Match on catch block at 0xc3 in for 0x7d337b2025
02-10 17:51:35.469 29718 29718 E ArmVmp : Match on catch block at 0xc3 in for 0x7d337b2025
02-10 17:51:35.473 29718 29718 E ArmVmp : Match on catch block at 0xc3 in for 0x7d337b2025
02-10 17:51:35.478 29718 29718 E ArmVmp : Match on catch block at 0xc3 in for 0x7d337b2025
02-10 17:51:35.489 29718 29718 E ArmVmp : Match on catch block at 0xc3 in for 0x7d337b2025
02-10 17:51:35.493 29718 29718 E ArmVmp : Match on catch block at 0xc3 in for 0x7d337b2025
02-10 17:51:35.498 29718 29718 E ArmVmp : Match on catch block at 0xc3 in for 0x7d337b2025
02-10 17:51:35.508 29718 29718 E ArmVmp : Match on catch block at 0xc3 in for 0x7d337b2025
02-10 17:51:35.513 29718 29718 E ArmVmp : Match on catch block at 0xc3 in for 0x7d337b2025
02-10 17:51:35.517 29718 29718 E ArmVmp : Match on catch block at 0xc3 in for 0x7d337b2025
02-10 17:51:35.553 29718 29718 E ArmVmp : Match on catch block at 0xc3 in for 0x7d337b2025
02-10 17:51:35.555 29718 29718 E ArmVmp : Match on catch block at 0xc3 in for 0x7d337b2025
02-10 17:51:35.557 29718 29718 E ArmVmp : Match on catch block at 0xc3 in for 0x7d337b2025
02-10 17:51:35.565 29718 29718 E ArmVmp : Match on catch block at 0xc3 in for 0x7d337b2025
02-10 17:51:35.567 29718 29763 E SQLiteDatabase: Error inserting transferred=0 media_job_uuid=1fc9b01c-775d-4057-a931-f0bc176a9ead transcoded=0 gif_attribution=0 first_scan_length=13256 direct_path=/o1/v/t62.7118-24/f1/m231/up-oil-image- a164fd39-dddc-4e22-9ad9-de4c31a32533?ccb=9- 4&oh=01_AdSW70VKYvftZ071v4XDITBMfnTtavCsHlOz28rzRZO5EQ&oe=65EEBDB3&_nc_sid=000000&_ nc_hot=1707562292 thumbnail_height_width_ratio=1.3584906 is_animated_sticker=0 file_hash=Xa97qW5ER+eAS03f33y5PTmwu+kb+PJpvAPBTjT1Ap4= file_path=null file_size=0 partial_media_hash=4tdCEcgVM+kXBj7c+Dv+ZlJYnHCp0BHqWOXb3sSdFu4= face_x=0 face_y=0 height=1280 trim_to=0 media_key_timestamp=1707557809000 message_url=https://mmg.whatsapp.net/o1/v/t62.7118-24/f1/m231/up-oil-image- a164fd39-dddc-4e22-9ad9-de4c31a32533?ccb=9- 4&oh=01_AdSW70VKYvftZ071v4XDITBMfnTtavCsHlOz28rzRZO5EQ&oe=65EEBDB3&_nc_sid=000000&m ms3=true media_caption=null trim_from=0 mime_type=image/jpeg partial_media_enc_hash=null width=960 original_file_hash=null has_streaming_sidecar=1 autotransfer_retry_enabled=1 media_upload_handle=null message_row_id=2133 multicast_id=null enc_file_hash=CmwC71Oxs8rMD5l4pA4Eufnmw9S/F58QiKCM+Sxkciw= mute_video=0 page_count=0 first_scan_sidecar=[B@1bc4f16 suspicious_content=0 file_length=148806 media_name=null media_duration=0 chat_row_id=143 media_key=[B@e4a9097
02-10 17:51:35.567 29718 29763 E SQLiteDatabase: android.database.sqlite.SQLiteConstraintException: UNIQUE constraint failed: message_media.message_row_id (code 1555 SQLITE_CONSTRAINT_PRIMARYKEY)
02-10 17:51:35.567 29718 29763 E SQLiteDatabase: at android.database.sqlite.SQLiteConnection.nativeExecuteForLastInsertedRowId(Native Method)
02-10 17:51:35.567 29718 29763 E SQLiteDatabase: at android.database.sqlite.SQLiteConnection.executeForLastInsertedRowId(SQLiteConnecti on.java:940)
02-10 17:51:35.567 29718 29763 E SQLiteDatabase: at android.database.sqlite.SQLiteSession.executeForLastInsertedRowId(SQLiteSession.jav a:790)
