02-10 17:50:35.874 28983 28983 E ArmVmp : Match on catch block at 0xc3 in for 0x7d337b2025
02-10 17:50:35.936 28983 28983 E ArmVmp : Match on catch block at 0xc3 in for 0x7d337b2025
02-10 17:50:35.940 28983 28983 E ArmVmp : Match on catch block at 0xc3 in for 0x7d337b2025
02-10 17:50:35.985 28983 28983 E ArmVmp : Match on catch block at 0xc3 in for 0x7d337b2025
02-10 17:50:35.987 28983 28983 E ArmVmp : Match on catch block at 0xc3 in for 0x7d337b2025
02-10 17:50:36.093 28983 28983 E ArmVmp : Match on catch block at 0xc3 in for 0x7d337b2025
02-10 17:50:36.095 28983 28983 E ArmVmp : Match on catch block at 0xc3 in for 0x7d337b2025
02-10 17:50:36.104 28983 29054 W MediaPlayer: Use of stream types is deprecated for operations other than volume control
02-10 17:50:36.104 28983 29054 W MediaPlayer: See the documentation of setAudioStreamType() for what to use instead with android.media.AudioAttributes to qualify your playback use case
02-10 17:50:36.128 28983 28983 E ArmVmp : Match on catch block at 0xc3 in for 0x7d337b2025
02-10 17:50:36.130 28983 28983 E ArmVmp : Match on catch block at 0xc3 in for 0x7d337b2025
02-10 17:50:36.188 28983 28983 E ArmVmp : Match on catch block at 0xc3 in for 0x7d337b2025
02-10 17:50:36.191 28983 28983 E ArmVmp : Match on catch block at 0xc3 in for 0x7d337b2025
02-10 17:50:36.387 28983 28983 E ArmVmp : Match on catch block at 0xc3 in for 0x7d337b2025
02-10 17:50:36.389 28983 28983 E ArmVmp : Match on catch block at 0xc3 in for 0x7d337b2025
02-10 17:50:36.404 28983 28983 E ArmVmp : Match on catch block at 0xc3 in for 0x7d337b2025
02-10 17:50:36.406 28983 28983 E ArmVmp : Match on catch block at 0xc3 in for 0x7d337b2025
02-10 17:50:36.450 28983 28983 E ArmVmp : Match on catch block at 0xc3 in for 0x7d337b2025
02-10 17:50:36.455 28983 28983 E ArmVmp : Match on catch block at 0xc3 in for 0x7d337b2025
02-10 17:50:36.513 28983 28983 E ArmVmp : Match on catch block at 0xc3 in for 0x7d337b2025
02-10 17:50:36.516 28983 28983 E ArmVmp : Match on catch block at 0xc3 in for 0x7d337b2025
02-10 17:50:36.560 28983 28983 E ArmVmp : Match on catch block at 0xc3 in for 0x7d337b2025
02-10 17:50:36.563 28983 28983 E ArmVmp : Match on catch block at 0xc3 in for 0x7d337b2025
02-10 17:50:36.593 28983 28983 E ArmVmp : Match on catch block at 0xc3 in for 0x7d337b2025
02-10 17:50:36.595 28983 28983 E ArmVmp : Match on catch block at 0xc3 in for 0x7d337b2025
02-10 17:50:36.801 28983 28983 E ArmVmp : Match on catch block at 0xc3 in for 0x7d337b2025
02-10 17:50:36.803 28983 28983 E ArmVmp : Match on catch block at 0xc3 in for 0x7d337b2025
02-10 17:50:36.846 28983 28983 E ArmVmp : Match on catch block at 0xc3 in for 0x7d337b2025
02-10 17:50:36.850 28983 28983 E ArmVmp : Match on catch block at 0xc3 in for 0x7d337b2025
02-10 17:50:36.874 28983 28983 E ArmVmp : Match on catch block at 0xc3 in for 0x7d337b2025
02-10 17:50:36.878 28983 28983 E ArmVmp : Match on catch block at 0xc3 in for 0x7d337b2025
02-10 17:50:36.944 28983 28983 E ArmVmp : Match on catch block at 0xc3 in for 0x7d337b2025
02-10 17:50:36.947 28983 28983 E ArmVmp : Match on catch block at 0xc3 in for 0x7d337b2025
02-10 17:50:36.994 28983 28983 E ArmVmp : Match on catch block at 0xc3 in for 0x7d337b2025
02-10 17:50:36.997 28983 28983 E ArmVmp : Match on catch block at 0xc3 in for 0x7d337b2025
02-10 17:50:37.026 28983 28983 E ArmVmp : Match on catch block at 0xc3 in for 0x7d337b2025
02-10 17:50:37.028 28983 28983 E ArmVmp : Match on catch block at 0xc3 in for 0x7d337b2025
02-10 17:50:37.289 28983 28983 E ArmVmp : Match on catch block at 0xc3 in for 0x7d337b2025
02-10 17:50:37.293 28983 28983 E ArmVmp : Match on catch block at 0xc3 in for 0x7d337b2025
02-10 17:50:37.330 28983 28983 E ArmVmp : Match on catch block at 0xc3 in for 0x7d337b2025
02-10 17:50:37.333 28983 28983 E ArmVmp : Match on catch block at 0xc3 in for 0x7d337b2025
02-10 17:50:39.626 28983 29041 E OpenGLRenderer: EglManager::makeCurrent mED = 0xb400007c643d48c0, surface = 0x0, mEC = 0xb400007bd6da6980, error = EGL_SUCCESS
02-10 17:50:39.721 28983 28983 W Activity: PerfMonitor: Slow Operation: Activity com.mbwhatsapp/.HomeActivity onPause took 55ms
02-10 17:50:39.736 28983 29041 E OpenGLRenderer: EglManager::makeCurrent mED = 0xb400007c643d48c0, surface = 0x0, mEC = 0xb400007bd6da6980, error = EGL_SUCCESS
02-10 17:50:39.796 28983 29041 E OpenGLRenderer: EglManager::makeCurrent mED = 0xb400007c643d48c0, surface = 0x0, mEC = 0xb400007bd6da6980, error = EGL_SUCCESS
02-10 17:50:42.809 28983 29028 E SQLiteDatabase: Error inserting transferred=1 media_job_uuid=c0d44b7c-5500-4fd1-a845-4f262818cbd2 transcoded=0 gif_attribution=0 first_scan_length=0 direct_path=/v/t62.7117- 24/26967989_752205183484556_5521349790162448651_n.enc?ccb=11-4&oh=01_AdRA- AYTIMZWKLtwhobRyAoNWFCgQb9LIfFatjCEJId1FQ&oe=65EEAF3A&_nc_sid=5e03e0 thumbnail_height_width_ratio=0.0 is_animated_sticker=0 file_hash=y8w33YxQ3zhaHkGMV8kW/MDuSjpd0XOqjM8APqfR+Jo= file_path=Media/MBWhatsApp Voice Notes/202406/PTT-20240210-WA0020.opus file_size=30641 partial_media_hash=null face_x=0 face_y=0 height=0 trim_to=0 media_key_timestamp=1707562229000 message_url=https://mmg.whatsapp.net/v/t62.7117- 24/26967989_752205183484556_5521349790162448651_n.enc?ccb=11-4&oh=01_AdRA- AYTIMZWKLtwhobRyAoNWFCgQb9LIfFatjCEJId1FQ&oe=65EEAF3A&_nc_sid=5e03e0&mms3=true media_caption=null trim_from=0 mime_type=audio/ogg; codecs=opus partial_media_enc_hash=null width=0 original_file_hash=null has_streaming_sidecar=0 autotransfer_retry_enabled=1 media_upload_handle=null message_row_id=2042 multicast_id=null enc_file_hash=MOpbPT0PenStxAJ8VlLB8m5PdJ0inpiVAYUGxTMl0J4= mute_video=0 page_count=0 first_scan_sidecar=null suspicious_content=0 file_length=30641 media_name=null media_duration=12 chat_row_id=57 media_key=[B@f1a934b
02-10 17:50:42.809 28983 29028 E SQLiteDatabase: android.database.sqlite.SQLiteConstraintException: UNIQUE constraint failed: message_media.message_row_id (code 1555 SQLITE_CONSTRAINT_PRIMARYKEY)
02-10 17:50:42.809 28983 29028 E SQLiteDatabase: at android.database.sqlite.SQLiteConnection.nativeExecuteForLastInsertedRowId(Native Method)
02-10 17:50:42.809 28983 29028 E SQLiteDatabase: at android.database.sqlite.SQLiteConnection.executeForLastInsertedRowId(SQLiteConnecti on.java:940)
02-10 17:50:42.809 28983 29028 E SQLiteDatabase: at android.database.sqlite.SQLiteSession.executeForLastInsertedRowId(SQLiteSession.jav a:790)
02-10 17:50:42.809 28983 29028 E SQLiteDatabase: at android.database.sqlite.SQLiteStatement.executeInsert(SQLiteStatement.java:89)
02-10 17:50:42.809 28983 29028 E SQLiteDatabase: at android.database.sqlite.SQLiteDatabase.insertWithOnConflict(SQLiteDatabase.java:170 2)
02-10 17:50:42.809 28983 29028 E SQLiteDatabase: at android.database.sqlite.SQLiteDatabase.insert(SQLiteDatabase.java:1571)
02-10 17:50:42.809 28983 29028 E SQLiteDatabase: at X.2tm.A08(Unknown Source:6)
02-10 17:50:42.809 28983 29028 E SQLiteDatabase: at X.35Y.A07(Unknown Source:212)
02-10 17:50:42.809 28983 29028 E SQLiteDatabase: at X.3QF.A14(Unknown Source:470)
02-10 17:50:42.809 28983 29028 E SQLiteDatabase: at X.3gU.run(Unknown Source:982)
02-10 17:50:42.809 28983 29028 E SQLiteDatabase: at android.os.Handler.handleCallback(Handler.java:938)
02-10 17:50:42.809 28983 29028 E SQLiteDatabase: at android.os.Handler.dispatchMessage(Handler.java:99)
02-10 17:50:42.809 28983 29028 E SQLiteDatabase: at X.0zq.dispatchMessage(Unknown Source:4)
02-10 17:50:42.809 28983 29028 E SQLiteDatabase: at android.os.Looper.loopOnce(Looper.java:211)
02-10 17:50:42.809 28983 29028 E SQLiteDatabase: at android.os.Looper.loop(Looper.java:300)
02-10 17:50:42.809 28983 29028 E SQLiteDatabase: at android.os.HandlerThread.run(HandlerThread.java:67)
02-10 17:50:48.590 28983 29041 E OpenGLRenderer: EglManager::makeCurrent mED = 0xb400007c643d48c0, surface = 0x0, mEC = 0xb400007bd6da6980, error = EGL_SUCCESS
02-10 17:50:48.611 28983 29041 E OpenGLRenderer: EglManager::makeCurrent mED = 0xb400007c643d48c0, surface = 0x0, mEC = 0xb400007bd6da6980, error = EGL_SUCCESS
02-10 17:50:48.634 28983 29041 E OpenGLRenderer: EglManager::makeCurrent mED = 0xb400007c643d48c0, surface = 0x0, mEC = 0xb400007bd6da6980, error = EGL_SUCCESS
02-10 17:50:48.654 28983 29041 E OpenGLRenderer: EglManager::makeCurrent mED = 0xb400007c643d48c0, surface = 0x0, mEC = 0xb400007bd6da6980, error = EGL_SUCCESS
02-10 17:50:48.675 28983 29041 E OpenGLRenderer: EglManager::makeCurrent mED = 0xb400007c643d48c0, surface = 0x0, mEC = 0xb400007bd6da6980, error = EGL_SUCCESS
02-10 17:50:48.696 28983 29041 E OpenGLRenderer: EglManager::makeCurrent mED = 0xb400007c643d48c0, surface = 0x0, mEC = 0xb400007bd6da6980, error = EGL_SUCCESS
02-10 17:50:48.714 28983 29041 E OpenGLRenderer: EglManager::makeCurrent mED = 0xb400007c643d48c0, surface = 0x0, mEC = 0xb400007bd6da6980, error = EGL_SUCCESS
02-10 17:50:48.726 28983 29041 E OpenGLRenderer: EglManager::makeCurrent mED = 0xb400007c643d48c0, surface = 0x0, mEC = 0xb400007bd6da6980, error = EGL_SUCCESS
02-10 17:50:48.744 28983 29041 E OpenGLRenderer: EglManager::makeCurrent mED = 0xb400007c643d48c0, surface = 0x0, mEC = 0xb400007bd6da6980, error = EGL_SUCCESS
02-10 17:50:48.760 28983 29041 E OpenGLRenderer: EglManager::makeCurrent mED = 0xb400007c643d48c0, surface = 0x0, mEC = 0xb400007bd6da6980, error = EGL_SUCCESS
02-10 17:50:48.774 28983 29041 E OpenGLRenderer: EglManager::makeCurrent mED = 0xb400007c643d48c0, surface = 0x0, mEC = 0xb400007bd6da6980, error = EGL_SUCCESS
02-10 17:50:48.807 28983 29041 E OpenGLRenderer: EglManager::makeCurrent mED = 0xb400007c643d48c0, surface = 0x0, mEC = 0xb400007bd6da6980, error = EGL_SUCCESS
02-10 17:50:48.839 28983 29041 E OpenGLRenderer: EglManager::makeCurrent mED = 0xb400007c643d48c0, surface = 0x0, mEC = 0xb400007bd6da6980, error = EGL_SUCCESS
02-10 17:50:49.225 28983 29028 E SQLiteDatabase: Error inserting transferred=0 media_job_uuid=b5276ec0-4eaf-4983-b8af-218fd1a1e73a transcoded=0 gif_attribution=0 first_scan_length=7947 direct_path=/o1/v/t62.7118-24/f1/m234/up-oil-image-fab5b7c0- b588-4a9c-8150-58f2f3ca0f26?ccb=9- 4&oh=01_AdR2g1v8Qty6zo3XLMsAPMMg68kLPEa22Fg49QSI6gZE6w&oe=65EEABF0&_nc_sid=000000 thumbnail_height_width_ratio=1.5777777 is_animated_sticker=0 file_hash=OkYMs5C8Ui98MNNzhlqApq6ejQwGzsMovq4x4kHiShA= file_path=null file_size=0 partial_media_hash=npz5On8uS2lxKyECg2zX6AWTX871B6xb8gpPbv+BSWE= face_x=0 face_y=0 height=1134 trim_to=0 media_key_timestamp=1707562245000 message_url=https://mmg.whatsapp.net/o1/v/t62.7118-24/f1/m234/up-oil-image- fab5b7c0-b588-4a9c-8150-58f2f3ca0f26?ccb=9- 4&oh=01_AdR2g1v8Qty6zo3XLMsAPMMg68kLPEa22Fg49QSI6gZE6w&oe=65EEABF0&_nc_sid=000000&m ms3=true media_caption=null trim_from=0 mime_type=image/jpeg partial_media_enc_hash=null width=720 original_file_hash=null has_streaming_sidecar=1 autotransfer_retry_enabled=1 media_upload_handle=null message_row_id=2044 multicast_id=null enc_file_hash=PBkgh23Vd/1oZEIiEdLKOq6dnJXcT9e+pki4wJ3vTgA= mute_video=0 page_count=0 first_scan_sidecar=[B@8fe44e9 suspicious_content=0 file_length=71431 media_name=null media_duration=0 chat_row_id=126 media_key=[B@278856e
02-10 17:50:49.225 28983 29028 E SQLiteDatabase: android.database.sqlite.SQLiteConstraintException: UNIQUE constraint failed: message_media.message_row_id (code 1555 SQLITE_CONSTRAINT_PRIMARYKEY)
02-10 17:50:49.225 28983 29028 E SQLiteDatabase: at android.database.sqlite.SQLiteConnection.nativeExecuteForLastInsertedRowId(Native Method)
02-10 17:50:49.225 28983 29028 E SQLiteDatabase: at android.database.sqlite.SQLiteConnection.executeForLastInsertedRowId(SQLiteConnecti on.java:940)
02-10 17:50:49.225 28983 29028 E SQLiteDatabase: at android.database.sqlite.SQLiteSession.executeForLastInsertedRowId(SQLiteSession.jav a:790)
02-10 17:50:49.225 28983 29028 E SQLiteDatabase: at android.database.sqlite.SQLiteStatement.executeInsert(SQLiteStatement.java:89)
02-10 17:50:49.225 28983 29028 E SQLiteDatabase: at android.database.sqlite.SQLiteDatabase.insertWithOnConflict(SQLiteDatabase.java:170 2)
02-10 17:50:49.225 28983 29028 E SQLiteDatabase: at android.database.sqlite.SQLiteDatabase.insert(SQLiteDatabase.java:1571)
02-10 17:50:49.225 28983 29028 E SQLiteDatabase: at X.2tm.A08(Unknown Source:6)
02-10 17:50:49.225 28983 29028 E SQLiteDatabase: at X.35Y.A07(Unknown Source:212)
02-10 17:50:49.225 28983 29028 E SQLiteDatabase: at X.3QF.A14(Unknown Source:470)
02-10 17:50:49.225 28983 29028 E SQLiteDatabase: at X.3gU.run(Unknown Source:982)
02-10 17:50:49.225 28983 29028 E SQLiteDatabase: at android.os.Handler.handleCallback(Handler.java:938)
02-10 17:50:49.225 28983 29028 E SQLiteDatabase: at android.os.Handler.dispatchMessage(Handler.java:99)
02-10 17:50:49.225 28983 29028 E SQLiteDatabase: at X.0zq.dispatchMessage(Unknown Source:4)
02-10 17:50:49.225 28983 29028 E SQLiteDatabase: at android.os.Looper.loopOnce(Looper.java:211)
02-10 17:50:49.225 28983 29028 E SQLiteDatabase: at android.os.Looper.loop(Looper.java:300)
02-10 17:50:49.225 28983 29028 E SQLiteDatabase: at android.os.HandlerThread.run(HandlerThread.java:67)
02-10 17:50:49.442 28983 28983 E ArmVmp : Match on catch block at 0x0a in for 0x7d337b205d
02-10 17:50:50.816 28983 29041 E OpenGLRenderer: EglManager::makeCurrent mED = 0xb400007c643d48c0, surface = 0x0, mEC = 0xb400007bd6da6980, error = EGL_SUCCESS
02-10 17:50:50.823 28983 28983 W InputEventReceiver: Attempted to finish an input event but the input event receiver has already been disposed.
02-10 17:50:52.778 28983 29041 E OpenGLRenderer: EglManager::makeCurrent mED = 0xb400007c643d48c0, surface = 0x0, mEC = 0xb400007bd6da6980, error = EGL_SUCCESS
02-10 17:50:52.822 28983 28983 W InputEventReceiver: Attempted to finish an input event but the input event receiver has already been disposed.
02-10 17:50:53.501 28983 29041 E OpenGLRenderer: EglManager::makeCurrent mED = 0xb400007c643d48c0, surface = 0x0, mEC = 0xb400007bd6da6980, error = EGL_SUCCESS
02-10 17:50:55.479 28983 29041 E OpenGLRenderer: EglManager::makeCurrent mED = 0xb400007c643d48c0, surface = 0x0, mEC = 0xb400007bd6da6980, error = EGL_SUCCESS
02-10 17:50:56.965 28983 28983 E ArmVmp : Match on catch block at 0x0a in for 0x7d337b2039
02-10 17:50:56.979 28983 28983 E ArmVmp : Match on catch block at 0x0a in for 0x7d337b2039
02-10 17:50:57.083 28983 28983 E ArmVmp : Match on catch block at 0x0a in for 0x7d337b202d
02-10 17:50:57.103 28983 28983 E ArmVmp : Match on catch block at 0x0a in for 0x7d337b2031
02-10 17:50:57.577 28983 29041 E OpenGLRenderer: EglManager::makeCurrent mED = 0xb400007c643d48c0, surface = 0x0, mEC = 0xb400007bd6da6980, error = EGL_SUCCESS
02-10 17:50:58.422 28983 29109 W SQLiteLog: (28) double-quoted string literal: ""
02-10 17:50:59.557 28983 29041 E OpenGLRenderer: EglManager::makeCurrent mED = 0xb400007c643d48c0, surface = 0x0, mEC = 0xb400007bd6da6980, error = EGL_SUCCESS --------- beginning of main
02-10 17:51:01.160 29718 29718 E com.mbwhatsapp: Not starting debugger since process cannot load the jdwp agent.
02-10 17:51:01.232 29718 29718 W ResourceType: CREATING STRING CACHE OF 192 bytes
02-10 17:51:01.237 29718 29718 W System.err: java.lang.ClassNotFoundException: mbmodsd.mbmodsw.ui.views.btn.BtnBK
02-10 17:51:01.238 29718 29718 W System.err: at java.lang.Runtime.nativeLoad(Native Method)
02-10 17:51:01.238 29718 29718 W System.err: at java.lang.Runtime.nativeLoad(Runtime.java:1126)
02-10 17:51:01.238 29718 29718 W System.err: at java.lang.Runtime.loadLibrary0(Runtime.java:1080)
02-10 17:51:01.238 29718 29718 W System.err: at java.lang.Runtime.loadLibrary0(Runtime.java:1003)
02-10 17:51:01.238 29718 29718 W System.err: at java.lang.System.loadLibrary(System.java:1661)
02-10 17:51:01.238 29718 29718 W System.err: at arm.EpicVm.<clinit>(Unknown Source:2)
02-10 17:51:01.238 29718 29718 W System.err: at java.lang.Class.newInstance(Native Method)
02-10 17:51:01.238 29718 29718 W System.err: at android.app.AppComponentFactory.instantiateApplication(AppComponentFactory.java:76)
02-10 17:51:01.238 29718 29718 W System.err: at androidx.core.app.CoreComponentFactory.instantiateApplication(Unknown Source:0)
02-10 17:51:01.238 29718 29718 W System.err: at android.app.Instrumentation.newApplication(Instrumentation.java:1189)
02-10 17:51:01.238 29718 29718 W System.err: at android.app.LoadedApk.makeApplication(LoadedApk.java:1379)
02-10 17:51:01.238 29718 29718 W System.err: at android.app.ActivityThread.handleBindApplication(ActivityThread.java:7075)
02-10 17:51:01.238 29718 29718 W System.err: at android.app.ActivityThread.access$1700(ActivityThread.java:275)
02-10 17:51:01.238 29718 29718 W System.err: at android.app.ActivityThread$H.handleMessage(ActivityThread.java:2185)
02-10 17:51:01.238 29718 29718 W System.err: at android.os.Handler.dispatchMessage(Handler.java:106)
02-10 17:51:01.238 29718 29718 W System.err: at android.os.Looper.loopOnce(Looper.java:211)
02-10 17:51:01.238 29718 29718 W System.err: at android.os.Looper.loop(Looper.java:300)
02-10 17:51:01.238 29718 29718 W System.err: at android.app.ActivityThread.main(ActivityThread.java:8301)
02-10 17:51:01.238 29718 29718 W System.err: at java.lang.reflect.Method.invoke(Native Method)
02-10 17:51:01.238 29718 29718 W System.err: at com.android.internal.os.RuntimeInit$MethodAndArgsCaller.run(RuntimeInit.java:577)
02-10 17:51:01.238 29718 29718 W System.err: at com.android.internal.os.ZygoteInit.main(ZygoteInit.java:1076)
02-10 17:51:01.245 29718 29718 E CustomActivityOnCrash: IMPORTANT WARNING! You already have an UncaughtExceptionHandler, are you sure this is correct? If you use a custom UncaughtExceptionHandler, you must initialize it AFTER CustomActivityOnCrash! Installing anyway, but your original handler will not be called.
02-10 17:51:01.350 29718 29718 W com.mbwhatsapp: Accessing hidden method Lcom/android/org/conscrypt/OpenSSLSocketImpl;->setUseSessionTickets(Z)V (max- target-q,core-platform-api, reflection, denied)
02-10 17:51:01.350 29718 29718 W com.mbwhatsapp: Accessing hidden method Lcom/android/org/conscrypt/AbstractConscryptSocket;->setUseSessionTickets(Z)V (max- target-q, reflection, denied)
02-10 17:51:01.357 29718 29718 W com.mbwhatsapp: type=1400 audit(0.0:127881): avc: granted { execute } for path="/data/data/com.mbwhatsapp/files/decompressed/libs.spk.zst/libc++_shared.so" dev="dm-9" ino=957947 scontext=u:r:untrusted_app:s0:c39,c257,c512,c768 tcontext=u:object_r:app_data_file:s0:c39,c257,c512,c768 tclass=file app=com.mbwhatsapp
02-10 17:51:01.357 29718 29718 W com.mbwhatsapp: type=1400 audit(0.0:127882): avc: granted { execute } for path="/data/data/com.mbwhatsapp/files/decompressed/libs.spk.zst/libvlc.so" dev="dm- 9" ino=957937 scontext=u:r:untrusted_app:s0:c39,c257,c512,c768 tcontext=u:object_r:app_data_file:s0:c39,c257,c512,c768 tclass=file app=com.mbwhatsapp
02-10 17:51:01.361 29718 29718 W com.mbwhatsapp: type=1400 audit(0.0:127883): avc: granted { execute } for path="/data/data/com.mbwhatsapp/files/decompressed/libs.spk.zst/libwhatsapp.so" dev="dm-9" ino=957939 scontext=u:r:untrusted_app:s0:c39,c257,c512,c768 tcontext=u:object_r:app_data_file:s0:c39,c257,c512,c768 tclass=file app=com.mbwhatsapp
02-10 17:51:01.373 29718 29718 W com.mbwhatsapp: type=1400 audit(0.0:127884): avc: granted { execute } for path="/data/data/com.mbwhatsapp/files/decompressed/libs.spk.zst/libcurve25519.so" dev="dm-9" ino=957942 scontext=u:r:untrusted_app:s0:c39,c257,c512,c768 tcontext=u:object_r:app_data_file:s0:c39,c257,c512,c768 tclass=file app=com.mbwhatsapp
02-10 17:51:01.377 29718 29718 W com.mbwhatsapp: type=1400 audit(0.0:127885): avc: granted { execute } for path="/data/data/com.mbwhatsapp/files/decompressed/libs.spk.zst/libwhatsapp.so" dev="dm-9" ino=957939 scontext=u:r:untrusted_app:s0:c39,c257,c512,c768 tcontext=u:object_r:app_data_file:s0:c39,c257,c512,c768 tclass=file app=com.mbwhatsapp --------- beginning of system
02-10 17:51:01.450 29718 29718 E MiuiMultiWindowUtils: initFreeFormResolutionArgs failed, device is earth
02-10 17:51:01.525 29718 29778 E QT : [QT]file does not exist
02-10 17:51:01.824 29718 29718 E ArmVmp : Match on catch block at 0x0a in for 0x7d337b2031
02-10 17:51:01.848 29718 29718 E ArmVmp : Match on catch block at 0x0a in for 0x7d337b204d
02-10 17:51:01.860 29718 29781 W com.mbwhatsapp: Accessing hidden method Lcom/android/org/conscrypt/ConscryptEngineSocket;->setUseSessionTickets(Z)V (max- target-q,core-platform-api, reflection, denied)
02-10 17:51:01.860 29718 29781 W com.mbwhatsapp: Accessing hidden method Lcom/android/org/conscrypt/OpenSSLSocketImpl;->setUseSessionTickets(Z)V (max- target-q,core-platform-api, reflection, denied)
02-10 17:51:01.860 29718 29781 W com.mbwhatsapp: Accessing hidden method Lcom/android/org/conscrypt/AbstractConscryptSocket;->setUseSessionTickets(Z)V (max- target-q, reflection, denied)
02-10 17:51:01.860 29718 29781 W com.mbwhatsapp: Accessing hidden method Lcom/android/org/conscrypt/ConscryptEngineSocket;->setHostname(Ljava/lang/String;)V (max-target-q,core-platform-api, reflection, denied)
02-10 17:51:01.860 29718 29781 W com.mbwhatsapp: Accessing hidden method Lcom/android/org/conscrypt/OpenSSLSocketImpl;->setHostname(Ljava/lang/String;)V (max-target-q,core-platform-api, reflection, denied)
02-10 17:51:01.860 29718 29781 W com.mbwhatsapp: Accessing hidden method Lcom/android/org/conscrypt/AbstractConscryptSocket;->setHostname(Ljava/lang/ String;)V (max-target-q, reflection, denied)
02-10 17:51:01.860 29718 29781 W com.mbwhatsapp: Accessing hidden method Lcom/android/org/conscrypt/OpenSSLSocketImpl;->setAlpnProtocols([B)V (max-target- q,core-platform-api, reflection, denied)
02-10 17:51:01.861 29718 29781 W com.mbwhatsapp: Accessing hidden method Lcom/android/org/conscrypt/AbstractConscryptSocket;->setAlpnProtocols([B)V (max- target-q, reflection, denied)
02-10 17:51:01.953 29718 29781 W com.mbwhatsapp: Accessing hidden method Lcom/android/org/conscrypt/OpenSSLSocketImpl;->getAlpnSelectedProtocol()[B (max- target-q,core-platform-api, reflection, denied)
02-10 17:51:01.953 29718 29781 W com.mbwhatsapp: Accessing hidden method Lcom/android/org/conscrypt/AbstractConscryptSocket;->getAlpnSelectedProtocol()[B (max-target-q, reflection, denied)
02-10 17:51:01.998 29718 29718 W Looper : PerfMonitor looperActivity : package=com.mbwhatsapp/.HomeActivity time=0ms latency=482ms running=0ms procState=-1 historyMsgCount=2 (msgIndex=2 wall=478ms seq=10 late=4ms h=android.app.ActivityThread$H w=159)
02-10 17:51:02.259 29718 29777 E OpenGLRenderer: EglManager::makeCurrent mED = 0xb400007c643d48c0, surface = 0x0, mEC = 0xb400007be145c800, error = EGL_SUCCESS
02-10 17:51:02.262 29718 29777 E libEGL : pre_cache appList: com.sina.weibo,com.smile.gifmaker,com.ss.android.article.news,com.ss.android.ugc.aw eme,com.taobao.taobao,com.tencent.mm,tv.danmaku.bili,
02-10 17:51:02.815 29718 29718 E RecyclerView: No adapter attached; skipping layout
02-10 17:51:02.908 29718 29777 E OpenGLRenderer: fbcNotifyFrameComplete error: undefined symbol: fbcNotifyFrameComplete
02-10 17:51:02.908 29718 29777 E OpenGLRenderer: fbcNotifyNoRender error: undefined symbol: fbcNotifyNoRender
02-10 17:51:02.915 29718 29718 W Looper : PerfMonitor doFrame : time=869ms vsyncFrame=0 latency=43ms procState=-1 historyMsgCount=24
02-10 17:51:02.957 29718 29777 E OpenGLRenderer: EglManager::makeCurrent mED = 0xb400007c643d48c0, surface = 0x0, mEC = 0xb400007be145c800, error = EGL_SUCCESS
02-10 17:51:02.964 29718 29718 E RecyclerView: No adapter attached; skipping layout
02-10 17:51:02.973 29718 29718 W Looper : PerfMonitor doFrame : time=49ms vsyncFrame=0 latency=870ms procState=-1 historyMsgCount=12 (msgIndex=1 wall=869ms seq=36 late=43ms h=android.view.Choreographer$FrameHandler c=android.view.Choreographer$FrameDisplayEventReceiver)
02-10 17:51:02.984 29718 29718 E ArmVmp : Match on catch block at 0x0a in for 0x7d337b2035
02-10 17:51:02.993 29718 29718 W Looper : PerfMonitor looperActivity : package=com.mbwhatsapp/mbmodsd.mbmodsw.mbsettings.yo.PauseActivity time=14ms latency=779ms running=0ms procState=-1 historyMsgCount=34 (msgIndex=1 wall=869ms seq=36 late=43ms h=android.view.Choreographer$FrameHandler c=android.view.Choreographer$FrameDisplayEventReceiver)
02-10 17:51:02.993 29718 29718 W Looper : PerfMonitor looperActivity : package=com.mbwhatsapp/mbmodsd.mbmodsw.mbsettings.yo.PauseActivity time=1ms latency=793ms running=0ms procState=-1 historyMsgCount=35 (msgIndex=1 wall=869ms seq=36 late=43ms h=android.view.Choreographer$FrameHandler c=android.view.Choreographer$FrameDisplayEventReceiver)
02-10 17:51:03.038 29718 29777 E OpenGLRenderer: EglManager::makeCurrent mED = 0xb400007c643d48c0, surface = 0x0, mEC = 0xb400007be145c800, error = EGL_SUCCESS
02-10 17:51:03.150 29718 29740 W LibraryVersion: Failed to get app version for libraryName: firebase-iid
02-10 17:51:03.209 29718 29844 W com.mbwhatsapp: Accessing hidden method Landroid/app/MiuiNotification;-><init>()V (blocked, reflection, denied)
02-10 17:51:03.720 29718 29844 W com.mbwhatsapp: Accessing hidden method Landroid/app/MiuiNotification;-><init>()V (blocked, reflection, denied)
02-10 17:51:03.842 29718 29727 W com.mbwhatsapp: Cleared Reference was only reachable from finalizer (only reported once)
02-10 17:51:03.936 29718 29844 W com.mbwhatsapp: Accessing hidden method Landroid/app/MiuiNotification;-><init>()V (blocked, reflection, denied)
02-10 17:51:04.233 29718 29844 W com.mbwhatsapp: Accessing hidden method Landroid/app/MiuiNotification;-><init>()V (blocked, reflection, denied)
02-10 17:51:04.424 29718 29844 W com.mbwhatsapp: Accessing hidden method Landroid/app/MiuiNotification;-><init>()V (blocked, reflection, denied)
02-10 17:51:04.581 29718 29844 W com.mbwhatsapp: Accessing hidden method Landroid/app/MiuiNotification;-><init>()V (blocked, reflection, denied)
02-10 17:51:04.818 29718 29844 W com.mbwhatsapp: Accessing hidden method Landroid/app/MiuiNotification;-><init>()V (blocked, reflection, denied)
02-10 17:51:05.028 29718 29844 W com.mbwhatsapp: Accessing hidden method Landroid/app/MiuiNotification;-><init>()V (blocked, reflection, denied)
02-10 17:51:05.170 29718 29718 W MirrorManager: this model don't Support
02-10 17:51:05.318 29718 29844 W com.mbwhatsapp: Accessing hidden method Landroid/app/MiuiNotification;-><init>()V (blocked, reflection, denied)
02-10 17:51:05.526 29718 29844 W com.mbwhatsapp: Accessing hidden method Landroid/app/MiuiNotification;-><init>()V (blocked, reflection, denied)
02-10 17:51:05.739 29718 29844 W com.mbwhatsapp: Accessing hidden method Landroid/app/MiuiNotification;-><init>()V (blocked, reflection, denied)
02-10 17:51:05.928 29718 29844 W com.mbwhatsapp: Accessing hidden method Landroid/app/MiuiNotification;-><init>()V (blocked, reflection, denied)
02-10 17:51:06.084 29718 29844 W com.mbwhatsapp: Accessing hidden method Landroid/app/MiuiNotification;-><init>()V (blocked, reflection, denied)
02-10 17:51:06.269 29718 29844 W com.mbwhatsapp: Accessing hidden method Landroid/app/MiuiNotification;-><init>()V (blocked, reflection, denied)
02-10 17:51:06.301 29718 29844 W com.mbwhatsapp: Accessing hidden method Landroid/app/MiuiNotification;-><init>()V (blocked, reflection, denied)
02-10 17:51:06.676 29718 29844 W com.mbwhatsapp: Accessing hidden method Landroid/app/MiuiNotification;-><init>()V (blocked, reflection, denied)
02-10 17:51:06.947 29718 29844 W com.mbwhatsapp: Accessing hidden method Landroid/app/MiuiNotification;-><init>()V (blocked, reflection, denied)
02-10 17:51:07.203 29718 29844 W com.mbwhatsapp: Accessing hidden method Landroid/app/MiuiNotification;-><init>()V (blocked, reflection, denied)
02-10 17:51:07.403 29718 29844 W com.mbwhatsapp: Accessing hidden method Landroid/app/MiuiNotification;-><init>()V (blocked, reflection, denied)
02-10 17:51:07.602 29718 29777 E OpenGLRenderer: EglManager::makeCurrent mED = 0xb400007c643d48c0, surface = 0x0, mEC = 0xb400007be145c800, error = EGL_SUCCESS
02-10 17:51:07.630 29718 29777 E OpenGLRenderer: EglManager::makeCurrent mED = 0xb400007c643d48c0, surface = 0x0, mEC = 0xb400007be145c800, error = EGL_SUCCESS
02-10 17:51:07.641 29718 29777 E OpenGLRenderer: EglManager::makeCurrent mED = 0xb400007c643d48c0, surface = 0x0, mEC = 0xb400007be145c800, error = EGL_SUCCESS
02-10 17:51:07.657 29718 29777 E OpenGLRenderer: EglManager::makeCurrent mED = 0xb400007c643d48c0, surface = 0x0, mEC = 0xb400007be145c800, error = EGL_SUCCESS
02-10 17:51:07.673 29718 29777 E OpenGLRenderer: EglManager::makeCurrent mED = 0xb400007c643d48c0, surface = 0x0, mEC = 0xb400007be145c800, error = EGL_SUCCESS
02-10 17:51:07.690 29718 29777 E OpenGLRenderer: EglManager::makeCurrent mED = 0xb400007c643d48c0, surface = 0x0, mEC = 0xb400007be145c800, error = EGL_SUCCESS
02-10 17:51:07.705 29718 29777 E OpenGLRenderer: EglManager::makeCurrent mED = 0xb400007c643d48c0, surface = 0x0, mEC = 0xb400007be145c800, error = EGL_SUCCESS
02-10 17:51:07.722 29718 29777 E OpenGLRenderer: EglManager::makeCurrent mED = 0xb400007c643d48c0, surface = 0x0, mEC = 0xb400007be145c800, error = EGL_SUCCESS
02-10 17:51:07.739 29718 29777 E OpenGLRenderer: EglManager::makeCurrent mED = 0xb400007c643d48c0, surface = 0x0, mEC = 0xb400007be145c800, error = EGL_SUCCESS
02-10 17:51:07.757 29718 29777 E OpenGLRenderer: EglManager::makeCurrent mED = 0xb400007c643d48c0, surface = 0x0, mEC = 0xb400007be145c800, error = EGL_SUCCESS
02-10 17:51:07.757 29718 29844 W com.mbwhatsapp: Accessing hidden method Landroid/app/MiuiNotification;-><init>()V (blocked, reflection, denied)
02-10 17:51:07.786 29718 29777 E OpenGLRenderer: EglManager::makeCurrent mED = 0xb400007c643d48c0, surface = 0x0, mEC = 0xb400007be145c800, error = EGL_SUCCESS
02-10 17:51:07.938 29718 29844 W com.mbwhatsapp: Accessing hidden method Landroid/app/MiuiNotification;-><init>()V (blocked, reflection, denied)
02-10 17:51:08.158 29718 29844 W com.mbwhatsapp: Accessing hidden method Landroid/app/MiuiNotification;-><init>()V (blocked, reflection, denied)
02-10 17:51:08.346 29718 29844 W com.mbwhatsapp: Accessing hidden method Landroid/app/MiuiNotification;-><init>()V (blocked, reflection, denied)
02-10 17:51:08.608 29718 29844 W com.mbwhatsapp: Accessing hidden method Landroid/app/MiuiNotification;-><init>()V (blocked, reflection, denied)
02-10 17:51:08.772 29718 29824 W SQLiteLog: (28) double-quoted string literal: ""
02-10 17:51:08.807 29718 29844 W com.mbwhatsapp: Accessing hidden method Landroid/app/MiuiNotification;-><init>()V (blocked, reflection, denied)
02-10 17:51:08.831 29718 29842 W SQLiteLog: (28) double-quoted string literal: ""
02-10 17:51:08.861 29718 29844 W com.mbwhatsapp: Accessing hidden method Landroid/app/MiuiNotification;-><init>()V (blocked, reflection, denied)
02-10 17:51:09.267 29718 29844 W com.mbwhatsapp: Accessing hidden method Landroid/app/MiuiNotification;-><init>()V (blocked, reflection, denied)
02-10 17:51:09.677 29718 29844 W com.mbwhatsapp: Accessing hidden method Landroid/app/MiuiNotification;-><init>()V (blocked, reflection, denied)
02-10 17:51:09.933 29718 29844 W com.mbwhatsapp: Accessing hidden method Landroid/app/MiuiNotification;-><init>()V (blocked, reflection, denied)
02-10 17:51:09.997 29718 29890 E RenderScript: Failed loading RS driver: dlopen failed: library "libRSDriver_mtk.so" not found
02-10 17:51:09.997 29718 29890 E RenderScript: Failed to load runtime libRSDriver_mtk.so, loading default
02-10 17:51:10.143 29718 29900 W LOTTIE : Unknown shape type rd
02-10 17:51:10.239 29718 29718 E ArmVmp : Match on catch block at 0x0a in for 0x7d337b2035
02-10 17:51:10.247 29718 29718 E ArmVmp : Match on catch block at 0x0a in for 0x7d337b2035
02-10 17:51:10.314 29718 29718 W Looper : PerfMonitor looperActivity : package=com.mbwhatsapp/.Conversation time=1ms latency=616ms running=0ms procState=-1 historyMsgCount=16 (msgIndex=7 wall=152ms seq=2426 late=90ms h=android.view.Choreographer$FrameHandler c=android.view.Choreographer$FrameDisplayEventReceiver) (msgIndex=16 wall=390ms seq=2435 late=227ms h=android.app.ActivityThread$H w=159)
02-10 17:51:10.455 29718 29718 E ArmVmp : Match on catch block at 0xc3 in for 0x7d337b2021
02-10 17:51:10.460 29718 29718 E ArmVmp : Match on catch block at 0xc3 in for 0x7d337b2021
02-10 17:51:10.495 29718 29883 E CursorWindow: Failed to read row 635, column 1 from a window with 635 rows, 67 columns
02-10 17:51:10.497 29718 29718 W Looper : PerfMonitor doFrame : time=179ms vsyncFrame=0 latency=553ms procState=-1 historyMsgCount=17 (msgIndex=1 wall=152ms seq=2426 late=90ms h=android.view.Choreographer$FrameHandler c=android.view.Choreographer$FrameDisplayEventReceiver) (msgIndex=10 wall=390ms seq=2435 late=227ms h=android.app.ActivityThread$H w=159)
02-10 17:51:10.774 29718 29718 E ArmVmp : Match on catch block at 0xc3 in for 0x7d337b2025
02-10 17:51:10.779 29718 29718 E ArmVmp : Match on catch block at 0xc3 in for 0x7d337b2025
02-10 17:51:10.866 29718 29718 E ArmVmp : Match on catch block at 0xc3 in for 0x7d337b2025
02-10 17:51:10.870 29718 29718 E ArmVmp : Match on catch block at 0xc3 in for 0x7d337b2025
02-10 17:51:10.921 29718 29718 E ArmVmp : Match on catch block at 0xc3 in for 0x7d337b2025
02-10 17:51:10.925 29718 29718 E ArmVmp : Match on catch block at 0xc3 in for 0x7d337b2025
02-10 17:51:10.927 29718 29844 W com.mbwhatsapp: Accessing hidden method Landroid/app/MiuiNotification;-><init>()V (blocked, reflection, denied)
02-10 17:51:11.036 29718 29718 E ArmVmp : Match on catch block at 0xc3 in for 0x7d337b2025
02-10 17:51:11.040 29718 29718 E ArmVmp : Match on catch block at 0xc3 in for 0x7d337b2025
02-10 17:51:11.226 29718 29777 E OpenGLRenderer: EglManager::makeCurrent mED = 0xb400007c643d48c0, surface = 0x0, mEC = 0xb400007be145c800, error = EGL_SUCCESS
02-10 17:51:11.234 29718 29844 W com.mbwhatsapp: Accessing hidden method Landroid/app/MiuiNotification;-><init>()V (blocked, reflection, denied)
02-10 17:51:11.253 29718 29718 E ArmVmp : Match on catch block at 0xc3 in for 0x7d337b2025
02-10 17:51:11.257 29718 29718 E ArmVmp : Match on catch block at 0xc3 in for 0x7d337b2025
02-10 17:51:11.310 29718 29718 E ArmVmp : Match on catch block at 0xc3 in for 0x7d337b2025
02-10 17:51:11.313 29718 29718 E ArmVmp : Match on catch block at 0xc3 in for 0x7d337b2025
02-10 17:51:11.327 29718 29718 E ArmVmp : Match on catch block at 0xc3 in for 0x7d337b2025
02-10 17:51:11.331 29718 29718 E ArmVmp : Match on catch block at 0xc3 in for 0x7d337b2025
02-10 17:51:11.355 29718 29844 W com.mbwhatsapp: Accessing hidden method Landroid/app/MiuiNotification;-><init>()V (blocked, reflection, denied)
02-10 17:51:11.391 29718 29718 E ArmVmp : Match on catch block at 0xc3 in for 0x7d337b2025
02-10 17:51:11.396 29718 29718 E ArmVmp : Match on catch block at 0xc3 in for 0x7d337b2025
02-10 17:51:11.406 29718 29718 E ArmVmp : Match on catch block at 0xc3 in for 0x7d337b2025
02-10 17:51:11.411 29718 29718 E ArmVmp : Match on catch block at 0xc3 in for 0x7d337b2025
02-10 17:51:11.430 29718 29718 E ArmVmp : Match on catch block at 0xc3 in for 0x7d337b2025
02-10 17:51:11.435 29718 29718 E ArmVmp : Match on catch block at 0xc3 in for 0x7d337b2025
02-10 17:51:11.440 29718 29844 W com.mbwhatsapp: Accessing hidden method Landroid/app/MiuiNotification;-><init>()V (blocked, reflection, denied)
02-10 17:51:11.518 29718 29718 E ArmVmp : Match on catch block at 0xc3 in for 0x7d337b2025
02-10 17:51:11.521 29718 29718 E ArmVmp : Match on catch block at 0xc3 in for 0x7d337b2025
02-10 17:51:11.538 29718 29718 E ArmVmp : Match on catch block at 0xc3 in for 0x7d337b2025
02-10 17:51:11.543 29718 29718 E ArmVmp : Match on catch block at 0xc3 in for 0x7d337b2025
02-10 17:51:11.563 29718 29718 E ArmVmp : Match on catch block at 0xc3 in for 0x7d337b2025
02-10 17:51:11.569 29718 29718 E ArmVmp : Match on catch block at 0xc3 in for 0x7d337b2025
02-10 17:51:11.605 29718 29844 W com.mbwhatsapp: Accessing hidden method Landroid/app/MiuiNotification;-><init>()V (blocked, reflection, denied)
02-10 17:51:11.618 29718 29718 E ArmVmp : Match on catch block at 0xc3 in for 0x7d337b2025
02-10 17:51:11.621 29718 29718 E ArmVmp : Match on catch block at 0xc3 in for 0x7d337b2025
02-10 17:51:11.833 29718 29718 E ArmVmp : Match on catch block at 0xc3 in for 0x7d337b2025
02-10 17:51:11.837 29718 29718 E ArmVmp : Match on catch block at 0xc3 in for 0x7d337b2025
02-10 17:51:12.105 29718 29718 E ArmVmp : Match on catch block at 0xc3 in for 0x7d337b2025
02-10 17:51:12.111 29718 29718 E ArmVmp : Match on catch block at 0xc3 in for 0x7d337b2025
02-10 17:51:12.145 29718 29718 E ArmVmp : Match on catch block at 0xc3 in for 0x7d337b2025
02-10 17:51:12.149 29718 29718 E ArmVmp : Match on catch block at 0xc3 in for 0x7d337b2025
02-10 17:51:12.182 29718 29844 W com.mbwhatsapp: Accessing hidden method Landroid/app/MiuiNotification;-><init>()V (blocked, reflection, denied)
02-10 17:51:12.459 29718 29844 W com.mbwhatsapp: Accessing hidden method Landroid/app/MiuiNotification;-><init>()V (blocked, reflection, denied)
02-10 17:51:12.516 29718 29844 W com.mbwhatsapp: Accessing hidden method Landroid/app/MiuiNotification;-><init>()V (blocked, reflection, denied)
02-10 17:51:13.165 29718 29844 W com.mbwhatsapp: Accessing hidden method Landroid/app/MiuiNotification;-><init>()V (blocked, reflection, denied)
02-10 17:51:13.615 29718 29718 E ArmVmp : Match on catch block at 0x0a in for 0x7d337b2035
02-10 17:51:13.620 29718 29718 E ArmVmp : Match on catch block at 0x0a in for 0x7d337b2035
02-10 17:51:13.672 29718 29718 W Looper : PerfMonitor looperActivity : package=com.mbwhatsapp/.Conversation time=0ms latency=495ms running=0ms procState=-1 historyMsgCount=9 (msgIndex=2 wall=54ms seq=2970 late=30ms h=android.os.Handler c=X.5uk) (msgIndex=5 wall=143ms seq=2973 late=92ms h=android.view.Choreographer$FrameHandler c=android.view.Choreographer$FrameDisplayEventReceiver) (msgIndex=9 wall=272ms seq=2977 late=222ms h=android.app.ActivityThread$H w=159)
02-10 17:51:13.893 29718 29718 E ArmVmp : Match on catch block at 0xc3 in for 0x7d337b2021
02-10 17:51:13.897 29718 29718 E ArmVmp : Match on catch block at 0xc3 in for 0x7d337b2021
02-10 17:51:13.899 29718 29718 E ArmVmp : Match on catch block at 0xc3 in for 0x7d337b2021
02-10 17:51:13.927 29718 29718 W Looper : PerfMonitor doFrame : time=246ms vsyncFrame=0 latency=418ms procState=-1 historyMsgCount=34 (msgIndex=1 wall=143ms seq=2973 late=92ms h=android.view.Choreographer$FrameHandler c=android.view.Choreographer$FrameDisplayEventReceiver) (msgIndex=5 wall=272ms seq=2977 late=222ms h=android.app.ActivityThread$H w=159)
02-10 17:51:13.953 29718 29844 W com.mbwhatsapp: Accessing hidden method Landroid/app/MiuiNotification;-><init>()V (blocked, reflection, denied)
02-10 17:51:13.970 29718 29718 E ArmVmp : Match on catch block at 0xc3 in for 0x7d337b2025
02-10 17:51:13.973 29718 29718 E ArmVmp : Match on catch block at 0xc3 in for 0x7d337b2025
02-10 17:51:13.976 29718 29718 E ArmVmp : Match on catch block at 0xc3 in for 0x7d337b2025
02-10 17:51:14.035 29718 29844 W com.mbwhatsapp: Accessing hidden method Landroid/app/MiuiNotification;-><init>()V (blocked, reflection, denied)
02-10 17:51:14.192 29718 29718 E ArmVmp : Match on catch block at 0xc3 in for 0x7d337b2025
02-10 17:51:14.194 29718 29718 E ArmVmp : Match on catch block at 0xc3 in for 0x7d337b2025
02-10 17:51:14.197 29718 29718 E ArmVmp : Match on catch block at 0xc3 in for 0x7d337b2025
02-10 17:51:14.220 29718 29718 E ArmVmp : Match on catch block at 0xc3 in for 0x7d337b2025
02-10 17:51:14.225 29718 29718 E ArmVmp : Match on catch block at 0xc3 in for 0x7d337b2025
02-10 17:51:14.227 29718 29718 E ArmVmp : Match on catch block at 0xc3 in for 0x7d337b2025
02-10 17:51:14.230 29718 29844 W com.mbwhatsapp: Accessing hidden method Landroid/app/MiuiNotification;-><init>()V (blocked, reflection, denied)
02-10 17:51:14.383 29718 29718 E ArmVmp : Match on catch block at 0xc3 in for 0x7d337b2025
02-10 17:51:14.386 29718 29718 E ArmVmp : Match on catch block at 0xc3 in for 0x7d337b2025
02-10 17:51:14.387 29718 29718 E ArmVmp : Match on catch block at 0xc3 in for 0x7d337b2025
02-10 17:51:14.406 29718 29844 W com.mbwhatsapp: Accessing hidden method Landroid/app/MiuiNotification;-><init>()V (blocked, reflection, denied)
02-10 17:51:14.407 29718 29718 E ArmVmp : Match on catch block at 0xc3 in for 0x7d337b2025
02-10 17:51:14.410 29718 29718 E ArmVmp : Match on catch block at 0xc3 in for 0x7d337b2025
02-10 17:51:14.412 29718 29718 E ArmVmp : Match on catch block at 0xc3 in for 0x7d337b2025
02-10 17:51:14.433 29718 29844 W com.mbwhatsapp: Accessing hidden method Landroid/app/MiuiNotification;-><init>()V (blocked, reflection, denied)
02-10 17:51:14.569 29718 29777 E OpenGLRenderer: EglManager::makeCurrent mED = 0xb400007c643d48c0, surface = 0x0, mEC = 0xb400007be145c800, error = EGL_SUCCESS
02-10 17:51:14.599 29718 29718 E ArmVmp : Match on catch block at 0xc3 in for 0x7d337b2025
02-10 17:51:14.602 29718 29718 E ArmVmp : Match on catch block at 0xc3 in for 0x7d337b2025
02-10 17:51:14.602 29718 29844 W com.mbwhatsapp: Accessing hidden method Landroid/app/MiuiNotification;-><init>()V (blocked, reflection, denied)
02-10 17:51:14.604 29718 29718 E ArmVmp : Match on catch block at 0xc3 in for 0x7d337b2025
02-10 17:51:14.638 29718 29718 E ArmVmp : Match on catch block at 0xc3 in for 0x7d337b2025
02-10 17:51:14.642 29718 29718 E ArmVmp : Match on catch block at 0xc3 in for 0x7d337b2025
02-10 17:51:14.643 29718 29844 W com.mbwhatsapp: Accessing hidden method Landroid/app/MiuiNotification;-><init>()V (blocked, reflection, denied)
02-10 17:51:14.644 29718 29718 E ArmVmp : Match on catch block at 0xc3 in for 0x7d337b2025
02-10 17:51:14.671 29718 29718 E ArmVmp : Match on catch block at 0xc3 in for 0x7d337b2025
02-10 17:51:14.674 29718 29718 E ArmVmp : Match on catch block at 0xc3 in for 0x7d337b2025
02-10 17:51:14.676 29718 29718 E ArmVmp : Match on catch block at 0xc3 in for 0x7d337b2025
02-10 17:51:14.681 29718 29718 E ArmVmp : Match on catch block at 0xc3 in for 0x7d337b2025
02-10 17:51:14.685 29718 29718 E ArmVmp : Match on catch block at 0xc3 in for 0x7d337b2025
02-10 17:51:14.687 29718 29718 E ArmVmp : Match on catch block at 0xc3 in for 0x7d337b2025
02-10 17:51:14.698 29718 29718 E ArmVmp : Match on catch block at 0xc3 in for 0x7d337b2025
02-10 17:51:14.700 29718 29718 E ArmVmp : Match on catch block at 0xc3 in for 0x7d337b2025
02-10 17:51:14.702 29718 29718 E ArmVmp : Match on catch block at 0xc3 in for 0x7d337b2025
02-10 17:51:14.713 29718 29718 E ArmVmp : Match on catch block at 0xc3 in for 0x7d337b2025
02-10 17:51:14.715 29718 29718 E ArmVmp : Match on catch block at 0xc3 in for 0x7d337b2025
02-10 17:51:14.717 29718 29718 E ArmVmp : Match on catch block at 0xc3 in for 0x7d337b2025
02-10 17:51:14.772 29718 29718 E ArmVmp : Match on catch block at 0xc3 in for 0x7d337b2025
02-10 17:51:14.774 29718 29718 E ArmVmp : Match on catch block at 0xc3 in for 0x7d337b2025
02-10 17:51:14.775 29718 29718 E ArmVmp : Match on catch block at 0xc3 in for 0x7d337b2025
02-10 17:51:14.785 29718 29718 E ArmVmp : Match on catch block at 0xc3 in for 0x7d337b2025
02-10 17:51:14.787 29718 29718 E ArmVmp : Match on catch block at 0xc3 in for 0x7d337b2025
02-10 17:51:14.789 29718 29718 E ArmVmp : Match on catch block at 0xc3 in for 0x7d337b2025
02-10 17:51:14.813 29718 29718 E ArmVmp : Match on catch block at 0xc3 in for 0x7d337b2025
02-10 17:51:14.816 29718 29718 E ArmVmp : Match on catch block at 0xc3 in for 0x7d337b2025
02-10 17:51:14.817 29718 29718 E ArmVmp : Match on catch block at 0xc3 in for 0x7d337b2025
02-10 17:51:14.823 29718 29718 E ArmVmp : Match on catch block at 0xc3 in for 0x7d337b2025
02-10 17:51:14.826 29718 29718 E ArmVmp : Match on catch block at 0xc3 in for 0x7d337b2025
02-10 17:51:14.828 29718 29718 E ArmVmp : Match on catch block at 0xc3 in for 0x7d337b2025
02-10 17:51:14.846 29718 29718 E ArmVmp : Match on catch block at 0xc3 in for 0x7d337b2025
02-10 17:51:14.849 29718 29718 E ArmVmp : Match on catch block at 0xc3 in for 0x7d337b2025
02-10 17:51:14.851 29718 29718 E ArmVmp : Match on catch block at 0xc3 in for 0x7d337b2025
02-10 17:51:14.863 29718 29718 E ArmVmp : Match on catch block at 0xc3 in for 0x7d337b2025
02-10 17:51:14.865 29718 29718 E ArmVmp : Match on catch block at 0xc3 in for 0x7d337b2025
02-10 17:51:14.867 29718 29718 E ArmVmp : Match on catch block at 0xc3 in for 0x7d337b2025
02-10 17:51:14.880 29718 29718 E ArmVmp : Match on catch block at 0xc3 in for 0x7d337b2025
02-10 17:51:14.882 29718 29718 E ArmVmp : Match on catch block at 0xc3 in for 0x7d337b2025
02-10 17:51:14.884 29718 29718 E ArmVmp : Match on catch block at 0xc3 in for 0x7d337b2025
02-10 17:51:14.896 29718 29718 E ArmVmp : Match on catch block at 0xc3 in for 0x7d337b2025
02-10 17:51:14.900 29718 29718 E ArmVmp : Match on catch block at 0xc3 in for 0x7d337b2025
02-10 17:51:14.901 29718 29718 E ArmVmp : Match on catch block at 0xc3 in for 0x7d337b2025
02-10 17:51:14.913 29718 29718 E ArmVmp : Match on catch block at 0xc3 in for 0x7d337b2025
02-10 17:51:14.915 29718 29718 E ArmVmp : Match on catch block at 0xc3 in for 0x7d337b2025
02-10 17:51:14.918 29718 29718 E ArmVmp : Match on catch block at 0xc3 in for 0x7d337b2025
02-10 17:51:15.098 29718 29718 E ArmVmp : Match on catch block at 0xc3 in for 0x7d337b2025
02-10 17:51:15.104 29718 29718 E ArmVmp : Match on catch block at 0xc3 in for 0x7d337b2025
02-10 17:51:15.107 29718 29718 E ArmVmp : Match on catch block at 0xc3 in for 0x7d337b2025
02-10 17:51:15.386 29718 29844 W com.mbwhatsapp: Accessing hidden method Landroid/app/MiuiNotification;-><init>()V (blocked, reflection, denied)
02-10 17:51:15.598 29718 29718 E ArmVmp : Match on catch block at 0xc3 in for 0x7d337b2025
02-10 17:51:15.602 29718 29718 E ArmVmp : Match on catch block at 0xc3 in for 0x7d337b2025
02-10 17:51:15.605 29718 29718 E ArmVmp : Match on catch block at 0xc3 in for 0x7d337b2025
02-10 17:51:16.097 29718 29718 E ArmVmp : Match on catch block at 0xc3 in for 0x7d337b2025
02-10 17:51:16.102 29718 29718 E ArmVmp : Match on catch block at 0xc3 in for 0x7d337b2025
02-10 17:51:16.105 29718 29718 E ArmVmp : Match on catch block at 0xc3 in for 0x7d337b2025
02-10 17:51:16.380 29718 29718 E ArmVmp : Match on catch block at 0xc3 in for 0x7d337b2025
02-10 17:51:16.383 29718 29718 E ArmVmp : Match on catch block at 0xc3 in for 0x7d337b2025
02-10 17:51:16.384 29718 29718 E ArmVmp : Match on catch block at 0xc3 in for 0x7d337b2025
02-10 17:51:16.399 29718 29718 E ArmVmp : Match on catch block at 0xc3 in for 0x7d337b2025
02-10 17:51:16.401 29718 29718 E ArmVmp : Match on catch block at 0xc3 in for 0x7d337b2025
02-10 17:51:16.402 29718 29718 E ArmVmp : Match on catch block at 0xc3 in for 0x7d337b2025
02-10 17:51:16.413 29718 29718 E ArmVmp : Match on catch block at 0xc3 in for 0x7d337b2025
02-10 17:51:16.416 29718 29718 E ArmVmp : Match on catch block at 0xc3 in for 0x7d337b2025
02-10 17:51:16.417 29718 29718 E ArmVmp : Match on catch block at 0xc3 in for 0x7d337b2025
02-10 17:51:16.431 29718 29718 E ArmVmp : Match on catch block at 0xc3 in for 0x7d337b2025
02-10 17:51:16.434 29718 29718 E ArmVmp : Match on catch block at 0xc3 in for 0x7d337b2025
02-10 17:51:16.435 29718 29718 E ArmVmp : Match on catch block at 0xc3 in for 0x7d337b2025
02-10 17:51:16.447 29718 29718 E ArmVmp : Match on catch block at 0xc3 in for 0x7d337b2025
02-10 17:51:16.449 29718 29718 E ArmVmp : Match on catch block at 0xc3 in for 0x7d337b2025
02-10 17:51:16.451 29718 29718 E ArmVmp : Match on catch block at 0xc3 in for 0x7d337b2025
02-10 17:51:16.463 29718 29718 E ArmVmp : Match on catch block at 0xc3 in for 0x7d337b2025
02-10 17:51:16.466 29718 29718 E ArmVmp : Match on catch block at 0xc3 in for 0x7d337b2025
02-10 17:51:16.467 29718 29718 E ArmVmp : Match on catch block at 0xc3 in for 0x7d337b2025
02-10 17:51:16.480 29718 29718 E ArmVmp : Match on catch block at 0xc3 in for 0x7d337b2025
02-10 17:51:16.483 29718 29718 E ArmVmp : Match on catch block at 0xc3 in for 0x7d337b2025
02-10 17:51:16.485 29718 29718 E ArmVmp : Match on catch block at 0xc3 in for 0x7d337b2025
02-10 17:51:16.496 29718 29718 E ArmVmp : Match on catch block at 0xc3 in for 0x7d337b2025
02-10 17:51:16.499 29718 29718 E ArmVmp : Match on catch block at 0xc3 in for 0x7d337b2025
02-10 17:51:16.500 29718 29718 E ArmVmp : Match on catch block at 0xc3 in for 0x7d337b2025
02-10 17:51:16.513 29718 29718 E ArmVmp : Match on catch block at 0xc3 in for 0x7d337b2025
02-10 17:51:16.515 29718 29718 E ArmVmp : Match on catch block at 0xc3 in for 0x7d337b2025
02-10 17:51:16.517 29718 29718 E ArmVmp : Match on catch block at 0xc3 in for 0x7d337b2025
02-10 17:51:16.530 29718 29718 E ArmVmp : Match on catch block at 0xc3 in for 0x7d337b2025
02-10 17:51:16.533 29718 29718 E ArmVmp : Match on catch block at 0xc3 in for 0x7d337b2025
02-10 17:51:16.534 29718 29718 E ArmVmp : Match on catch block at 0xc3 in for 0x7d337b2025
02-10 17:51:16.546 29718 29718 E ArmVmp : Match on catch block at 0xc3 in for 0x7d337b2025
02-10 17:51:16.548 29718 29718 E ArmVmp : Match on catch block at 0xc3 in for 0x7d337b2025
02-10 17:51:16.550 29718 29718 E ArmVmp : Match on catch block at 0xc3 in for 0x7d337b2025
02-10 17:51:16.563 29718 29718 E ArmVmp : Match on catch block at 0xc3 in for 0x7d337b2025
02-10 17:51:16.565 29718 29718 E ArmVmp : Match on catch block at 0xc3 in for 0x7d337b2025
02-10 17:51:16.567 29718 29718 E ArmVmp : Match on catch block at 0xc3 in for 0x7d337b2025
02-10 17:51:16.579 29718 29718 E ArmVmp : Match on catch block at 0xc3 in for 0x7d337b2025
02-10 17:51:16.582 29718 29718 E ArmVmp : Match on catch block at 0xc3 in for 0x7d337b2025
02-10 17:51:16.584 29718 29718 E ArmVmp : Match on catch block at 0xc3 in for 0x7d337b2025
02-10 17:51:16.596 29718 29718 E ArmVmp : Match on catch block at 0xc3 in for 0x7d337b2025
02-10 17:51:16.598 29718 29718 E ArmVmp : Match on catch block at 0xc3 in for 0x7d337b2025
02-10 17:51:16.600 29718 29718 E ArmVmp : Match on catch block at 0xc3 in for 0x7d337b2025
02-10 17:51:16.613 29718 29718 E ArmVmp : Match on catch block at 0xc3 in for 0x7d337b2025
