02-10 17:32:47.650 19732 19732 W MirrorManager: this model don't Support
02-10 17:32:48.126 19732 19732 W Looper : PerfMonitor looperActivity : package=com.mbwhatsapp/.registration.RegisterPhone time=0ms latency=324ms running=0ms procState=-1 historyMsgCount=3 (msgIndex=1 wall=69ms seq=98 late=25ms h=android.app.ActivityThread$H w=159) (msgIndex=3 wall=265ms seq=100 late=58ms h=android.app.ActivityThread$H w=159)
02-10 17:32:54.431 19732 19741 W com.mbwhatsapp: Cleared Reference was only reachable from finalizer (only reported once)
02-10 17:32:55.090 19732 20144 E PlayCore: UID: [10295] PID: [19732] StandardIntegrity : Phonesky is not installed.
02-10 17:32:55.107 19732 19799 W ziparchive: Unable to open '/apex/com.android.extservices/javalib/android.ext.adservices.dm': No such file or directory
02-10 17:32:55.107 19732 19799 W ziparchive: Unable to open '/apex/com.android.extservices/javalib/android.ext.adservices.dm': No such file or directory
02-10 17:32:56.197 19732 19819 E OpenGLRenderer: EglManager::makeCurrent mED = 0xb400007c643d48c0, surface = 0x0, mEC = 0xb400007be23cd880, error = EGL_SUCCESS
02-10 17:32:57.368 19732 19819 E OpenGLRenderer: EglManager::makeCurrent mED = 0xb400007c643d48c0, surface = 0x0, mEC = 0xb400007be23cd880, error = EGL_SUCCESS
02-10 17:32:57.761 19732 20192 W BpBinder: PerfMonitor binderTransact : time=339ms interface=com.google.android.gms.auth.api.phone.internal.ISmsRetrieverApiService code=1
02-10 17:33:01.713 19732 19819 E OpenGLRenderer: EglManager::makeCurrent mED = 0xb400007c643d48c0, surface = 0x0, mEC = 0xb400007be23cd880, error = EGL_SUCCESS
02-10 17:33:03.470 19732 19819 E OpenGLRenderer: EglManager::makeCurrent mED = 0xb400007c643d48c0, surface = 0x0, mEC = 0xb400007be23cd880, error = EGL_SUCCESS
02-10 17:33:04.868 19732 20192 W BpBinder: PerfMonitor binderTransact : time=280ms interface=com.google.android.gms.auth.api.phone.internal.ISmsRetrieverApiService code=1
02-10 17:33:18.265 19732 19732 W Choreographer: Frame time is 0.056425 now = 130227300565761 timestampNanos = 130227300622186 ms in the future! Check that graphics HAL is generating vsync timestamps using the correct timebase.
02-10 17:33:18.265 19732 19819 E OpenGLRenderer: EglManager::makeCurrent mED = 0xb400007c643d48c0, surface = 0x0, mEC = 0xb400007be23cd880, error = EGL_SUCCESS
02-10 17:33:39.421 19732 19819 E OpenGLRenderer: EglManager::makeCurrent mED = 0xb400007c643d48c0, surface = 0x0, mEC = 0xb400007be23cd880, error = EGL_SUCCESS
02-10 17:33:40.018 19732 19819 E OpenGLRenderer: EglManager::makeCurrent mED = 0xb400007c643d48c0, surface = 0x0, mEC = 0xb400007be23cd880, error = EGL_SUCCESS
02-10 17:33:43.461 19732 19819 E OpenGLRenderer: EglManager::makeCurrent mED = 0xb400007c643d48c0, surface = 0x0, mEC = 0xb400007be23cd880, error = EGL_SUCCESS
02-10 17:33:46.303 19732 19819 E OpenGLRenderer: EglManager::makeCurrent mED = 0xb400007c643d48c0, surface = 0x0, mEC = 0xb400007be23cd880, error = EGL_SUCCESS
02-10 17:33:46.805 19732 19819 E OpenGLRenderer: EglManager::makeCurrent mED = 0xb400007c643d48c0, surface = 0x0, mEC = 0xb400007be23cd880, error = EGL_SUCCESS
02-10 17:33:46.899 19732 19732 W IInputConnectionWrapper: getTextAfterCursor on inactive InputConnection
02-10 17:33:48.065 19732 19819 E libEGL : pre_cache appList: com.sina.weibo,com.smile.gifmaker,com.ss.android.article.news,com.ss.android.ugc.aw eme,com.taobao.taobao,com.tencent.mm,tv.danmaku.bili,
02-10 17:33:50.504 19732 19819 E BLASTBufferQueue: [ViewRootImpl[RegisterName]#16] (f:0,a:2) setNextTransaction
02-10 17:33:50.838 19732 19819 E OpenGLRenderer: EglManager::makeCurrent mED = 0xb400007c643d48c0, surface = 0x0, mEC = 0xb400007be23cd880, error = EGL_SUCCESS
02-10 17:33:51.398 19732 19810 W BpBinder: PerfMonitor binderTransact : time=306ms interface=com.google.android.auth.IAuthManagerService code=5
02-10 17:33:51.798 19732 19810 W BpBinder: PerfMonitor binderTransact : time=205ms interface=com.google.android.auth.IAuthManagerService code=5
02-10 17:33:52.718 19732 19810 W BpBinder: PerfMonitor binderTransact : time=216ms interface=com.google.android.auth.IAuthManagerService code=5
02-10 17:33:53.376 19732 19819 E OpenGLRenderer: EglManager::makeCurrent mED = 0xb400007c643d48c0, surface = 0x0, mEC = 0xb400007be23cd880, error = EGL_SUCCESS
02-10 17:33:54.925 19732 19810 W BpBinder: PerfMonitor binderTransact : time=227ms interface=com.google.android.auth.IAuthManagerService code=5
02-10 17:33:58.320 19732 19819 E OpenGLRenderer: EglManager::makeCurrent mED = 0xb400007c643d48c0, surface = 0x0, mEC = 0xb400007be23cd880, error = EGL_SUCCESS
02-10 17:34:01.925 19732 19819 E OpenGLRenderer: EglManager::makeCurrent mED = 0xb400007c643d48c0, surface = 0x0, mEC = 0xb400007be23cd880, error = EGL_SUCCESS
02-10 17:34:04.349 19732 21136 W BpBinder: PerfMonitor binderTransact : time=2458ms interface=android.system.keystore2.IKeystoreSecurityLevel code=2
02-10 17:34:06.905 19732 19743 W System : A resource failed to call end.
02-10 17:34:07.095 19732 21136 W BpBinder: PerfMonitor binderTransact : time=2736ms interface=android.system.keystore2.IKeystoreSecurityLevel code=2
02-10 17:34:07.894 19732 21517 W com.mbwhatsapp: Accessing hidden method Landroid/app/MiuiNotification;-><init>()V (blocked, reflection, denied)
02-10 17:34:07.910 19732 21517 W com.mbwhatsapp: Accessing hidden method Landroid/app/MiuiNotification;-><init>()V (blocked, reflection, denied)
02-10 17:34:14.998 19732 21517 W com.mbwhatsapp: Accessing hidden method Landroid/app/MiuiNotification;-><init>()V (blocked, reflection, denied)
02-10 17:34:15.007 19732 21517 W com.mbwhatsapp: Accessing hidden method Landroid/app/MiuiNotification;-><init>()V (blocked, reflection, denied)
02-10 17:34:16.827 19732 21517 W com.mbwhatsapp: Accessing hidden method Landroid/app/MiuiNotification;-><init>()V (blocked, reflection, denied)
02-10 17:34:16.842 19732 21517 W com.mbwhatsapp: Accessing hidden method Landroid/app/MiuiNotification;-><init>()V (blocked, reflection, denied)
02-10 17:34:17.596 19732 21517 W com.mbwhatsapp: Accessing hidden method Landroid/app/MiuiNotification;-><init>()V (blocked, reflection, denied)
02-10 17:34:17.610 19732 21517 W com.mbwhatsapp: Accessing hidden method Landroid/app/MiuiNotification;-><init>()V (blocked, reflection, denied)
02-10 17:34:18.275 19732 19819 W RenderInspector: DequeueBuffer time out on com.mbwhatsapp/com.mbwhatsapp.registration.RegisterName, count=1, avg=23 ms, max=23 ms.
02-10 17:34:18.621 19732 19819 W RenderInspector: DequeueBuffer time out on com.mbwhatsapp/com.mbwhatsapp.registration.RegisterName, count=1, avg=20 ms, max=20 ms.
02-10 17:34:19.611 19732 21517 W com.mbwhatsapp: Accessing hidden method Landroid/app/MiuiNotification;-><init>()V (blocked, reflection, denied)
02-10 17:34:19.627 19732 21517 W com.mbwhatsapp: Accessing hidden method Landroid/app/MiuiNotification;-><init>()V (blocked, reflection, denied)
02-10 17:34:26.003 19732 19819 W RenderInspector: DequeueBuffer time out on com.mbwhatsapp/com.mbwhatsapp.registration.RegisterName, count=1, avg=24 ms, max=24 ms.
02-10 17:34:26.387 19732 19819 W RenderInspector: DequeueBuffer time out on com.mbwhatsapp/com.mbwhatsapp.registration.RegisterName, count=1, avg=22 ms, max=22 ms.
02-10 17:34:31.921 19732 21517 W com.mbwhatsapp: Accessing hidden method Landroid/app/MiuiNotification;-><init>()V (blocked, reflection, denied)
02-10 17:34:31.927 19732 21517 W com.mbwhatsapp: Accessing hidden method Landroid/app/MiuiNotification;-><init>()V (blocked, reflection, denied)
02-10 17:34:33.682 19732 21517 W com.mbwhatsapp: Accessing hidden method Landroid/app/MiuiNotification;-><init>()V (blocked, reflection, denied)
02-10 17:34:33.711 19732 21517 W com.mbwhatsapp: Accessing hidden method Landroid/app/MiuiNotification;-><init>()V (blocked, reflection, denied)
02-10 17:34:37.347 19732 19819 W RenderInspector: DequeueBuffer time out on com.mbwhatsapp/com.mbwhatsapp.registration.RegisterName, count=1, avg=20 ms, max=20 ms.
02-10 17:34:46.187 19732 21517 W com.mbwhatsapp: Accessing hidden method Landroid/app/MiuiNotification;-><init>()V (blocked, reflection, denied)
02-10 17:34:46.204 19732 21517 W com.mbwhatsapp: Accessing hidden method Landroid/app/MiuiNotification;-><init>()V (blocked, reflection, denied)
02-10 17:34:47.289 19732 21517 W com.mbwhatsapp: Accessing hidden method Landroid/app/MiuiNotification;-><init>()V (blocked, reflection, denied)
02-10 17:34:47.297 19732 21517 W com.mbwhatsapp: Accessing hidden method Landroid/app/MiuiNotification;-><init>()V (blocked, reflection, denied)
02-10 17:34:47.320 19732 21517 W com.mbwhatsapp: Accessing hidden method Landroid/app/MiuiNotification;-><init>()V (blocked, reflection, denied)
02-10 17:34:47.331 19732 21517 W com.mbwhatsapp: Accessing hidden method Landroid/app/MiuiNotification;-><init>()V (blocked, reflection, denied)
02-10 17:34:47.345 19732 21517 W com.mbwhatsapp: Accessing hidden method Landroid/app/MiuiNotification;-><init>()V (blocked, reflection, denied)
02-10 17:34:47.357 19732 21517 W com.mbwhatsapp: Accessing hidden method Landroid/app/MiuiNotification;-><init>()V (blocked, reflection, denied)
02-10 17:34:51.042 19732 21517 W com.mbwhatsapp: Accessing hidden method Landroid/app/MiuiNotification;-><init>()V (blocked, reflection, denied)
02-10 17:34:51.085 19732 21517 W com.mbwhatsapp: Accessing hidden method Landroid/app/MiuiNotification;-><init>()V (blocked, reflection, denied)
02-10 17:34:51.153 19732 21517 W com.mbwhatsapp: Accessing hidden method Landroid/app/MiuiNotification;-><init>()V (blocked, reflection, denied)
02-10 17:34:51.169 19732 21517 W com.mbwhatsapp: Accessing hidden method Landroid/app/MiuiNotification;-><init>()V (blocked, reflection, denied)
02-10 17:34:54.352 19732 21517 W com.mbwhatsapp: Accessing hidden method Landroid/app/MiuiNotification;-><init>()V (blocked, reflection, denied)
02-10 17:34:54.360 19732 21517 W com.mbwhatsapp: Accessing hidden method Landroid/app/MiuiNotification;-><init>()V (blocked, reflection, denied)
02-10 17:34:57.363 19732 21517 W com.mbwhatsapp: Accessing hidden method Landroid/app/MiuiNotification;-><init>()V (blocked, reflection, denied)
02-10 17:34:57.374 19732 21517 W com.mbwhatsapp: Accessing hidden method Landroid/app/MiuiNotification;-><init>()V (blocked, reflection, denied)
02-10 17:35:02.392 19732 21517 W com.mbwhatsapp: Accessing hidden method Landroid/app/MiuiNotification;-><init>()V (blocked, reflection, denied)
02-10 17:35:02.403 19732 21517 W com.mbwhatsapp: Accessing hidden method Landroid/app/MiuiNotification;-><init>()V (blocked, reflection, denied)
02-10 17:35:05.647 19732 19819 W RenderInspector: DequeueBuffer time out on com.mbwhatsapp/com.mbwhatsapp.registration.RegisterName, count=3, avg=12 ms, max=18 ms.
02-10 17:35:06.372 19732 19819 E OpenGLRenderer: EglManager::makeCurrent mED = 0xb400007c643d48c0, surface = 0x0, mEC = 0xb400007be23cd880, error = EGL_SUCCESS
02-10 17:35:07.283 19732 19819 E OpenGLRenderer: EglManager::makeCurrent mED = 0xb400007c643d48c0, surface = 0x0, mEC = 0xb400007be23cd880, error = EGL_SUCCESS
02-10 17:35:09.508 19732 21517 W com.mbwhatsapp: Accessing hidden method Landroid/app/MiuiNotification;-><init>()V (blocked, reflection, denied)
02-10 17:35:09.538 19732 21517 W com.mbwhatsapp: Accessing hidden method Landroid/app/MiuiNotification;-><init>()V (blocked, reflection, denied)
02-10 17:35:12.062 19732 21139 W BpBinder: PerfMonitor binderTransact : time=355ms interface=android.content.IContentProvider code=1
02-10 17:35:13.303 19732 21517 W com.mbwhatsapp: Accessing hidden method Landroid/app/MiuiNotification;-><init>()V (blocked, reflection, denied)
02-10 17:35:13.318 19732 21517 W com.mbwhatsapp: Accessing hidden method Landroid/app/MiuiNotification;-><init>()V (blocked, reflection, denied)
02-10 17:35:14.579 19732 19819 E OpenGLRenderer: EglManager::makeCurrent mED = 0xb400007c643d48c0, surface = 0x0, mEC = 0xb400007be23cd880, error = EGL_SUCCESS
02-10 17:35:22.606 19732 21517 W com.mbwhatsapp: Accessing hidden method Landroid/app/MiuiNotification;-><init>()V (blocked, reflection, denied)
02-10 17:35:22.626 19732 21517 W com.mbwhatsapp: Accessing hidden method Landroid/app/MiuiNotification;-><init>()V (blocked, reflection, denied)
02-10 17:35:29.978 19732 21517 W com.mbwhatsapp: Accessing hidden method Landroid/app/MiuiNotification;-><init>()V (blocked, reflection, denied)
02-10 17:35:29.988 19732 21517 W com.mbwhatsapp: Accessing hidden method Landroid/app/MiuiNotification;-><init>()V (blocked, reflection, denied)
02-10 17:35:29.999 19732 21517 W com.mbwhatsapp: Accessing hidden method Landroid/app/MiuiNotification;-><init>()V (blocked, reflection, denied)
02-10 17:35:30.011 19732 21517 W com.mbwhatsapp: Accessing hidden method Landroid/app/MiuiNotification;-><init>()V (blocked, reflection, denied)
02-10 17:35:52.235 19732 19819 E OpenGLRenderer: EglManager::makeCurrent mED = 0xb400007c643d48c0, surface = 0x0, mEC = 0xb400007be23cd880, error = EGL_SUCCESS
02-10 17:35:53.030 19732 21596 W com.mbwhatsapp: Long monitor contention with owner MBWhatsApp Worker #11 (21508) at boolean X.2rb.A03(java.lang.String)(:-1) waiters=29 in boolean X.2rb.A03(java.lang.String) for 397ms
02-10 17:35:53.031 19732 23004 W com.mbwhatsapp: Long monitor contention with owner MBWhatsApp Worker #11 (21508) at boolean X.2rb.A03(java.lang.String)(:-1) waiters=30 in void X.2rb.A01(java.lang.String) for 397ms
02-10 17:35:53.031 19732 21508 W com.mbwhatsapp: Long monitor contention with owner MBWhatsApp Worker #12 (21596) at void X.3QD.A0C(X.2Nw, java.lang.String, java.lang.String, int, boolean, boolean, boolean, boolean, boolean)(:-1) waiters=0 in void X.3QD.A0C(X.2Nw, java.lang.String, java.lang.String, int, boolean, boolean, boolean, boolean, boolean) for 364ms
02-10 17:35:53.837 19732 21517 W com.mbwhatsapp: Accessing hidden method Landroid/app/MiuiNotification;-><init>()V (blocked, reflection, denied)
02-10 17:35:53.897 19732 21517 W com.mbwhatsapp: Accessing hidden method Landroid/app/MiuiNotification;-><init>()V (blocked, reflection, denied)
02-10 17:35:54.092 19732 21517 W com.mbwhatsapp: Accessing hidden method Landroid/app/MiuiNotification;-><init>()V (blocked, reflection, denied)
02-10 17:35:54.445 19732 21517 W com.mbwhatsapp: Accessing hidden method Landroid/app/MiuiNotification;-><init>()V (blocked, reflection, denied)
02-10 17:35:54.955 19732 21517 W com.mbwhatsapp: Accessing hidden method Landroid/app/MiuiNotification;-><init>()V (blocked, reflection, denied)
02-10 17:35:54.997 19732 21517 W com.mbwhatsapp: Accessing hidden method Landroid/app/MiuiNotification;-><init>()V (blocked, reflection, denied)
02-10 17:35:55.016 19732 21517 W com.mbwhatsapp: Accessing hidden method Landroid/app/MiuiNotification;-><init>()V (blocked, reflection, denied)
02-10 17:35:55.265 19732 19819 E OpenGLRenderer: EglManager::makeCurrent mED = 0xb400007c643d48c0, surface = 0x0, mEC = 0xb400007be23cd880, error = EGL_SUCCESS
02-10 17:35:55.340 19732 21517 W com.mbwhatsapp: Accessing hidden method Landroid/app/MiuiNotification;-><init>()V (blocked, reflection, denied)
02-10 17:35:55.576 19732 21517 W com.mbwhatsapp: Accessing hidden method Landroid/app/MiuiNotification;-><init>()V (blocked, reflection, denied)
02-10 17:35:55.600 19732 21517 W com.mbwhatsapp: Accessing hidden method Landroid/app/MiuiNotification;-><init>()V (blocked, reflection, denied)
02-10 17:35:56.153 19732 21517 W com.mbwhatsapp: Accessing hidden method Landroid/app/MiuiNotification;-><init>()V (blocked, reflection, denied)
02-10 17:35:56.300 19732 21517 W com.mbwhatsapp: Accessing hidden method Landroid/app/MiuiNotification;-><init>()V (blocked, reflection, denied)
02-10 17:35:56.445 19732 21517 W com.mbwhatsapp: Accessing hidden method Landroid/app/MiuiNotification;-><init>()V (blocked, reflection, denied)
02-10 17:35:56.671 19732 21517 W com.mbwhatsapp: Accessing hidden method Landroid/app/MiuiNotification;-><init>()V (blocked, reflection, denied)
02-10 17:35:57.088 19732 21517 W com.mbwhatsapp: Accessing hidden method Landroid/app/MiuiNotification;-><init>()V (blocked, reflection, denied)
02-10 17:35:57.110 19732 21517 W com.mbwhatsapp: Accessing hidden method Landroid/app/MiuiNotification;-><init>()V (blocked, reflection, denied)
02-10 17:35:57.190 19732 21517 W com.mbwhatsapp: Accessing hidden method Landroid/app/MiuiNotification;-><init>()V (blocked, reflection, denied)
02-10 17:35:57.213 19732 21517 W com.mbwhatsapp: Accessing hidden method Landroid/app/MiuiNotification;-><init>()V (blocked, reflection, denied)
02-10 17:35:57.274 19732 21517 W com.mbwhatsapp: Accessing hidden method Landroid/app/MiuiNotification;-><init>()V (blocked, reflection, denied)
02-10 17:35:57.355 19732 21517 W com.mbwhatsapp: Accessing hidden method Landroid/app/MiuiNotification;-><init>()V (blocked, reflection, denied)
02-10 17:35:57.384 19732 21517 W com.mbwhatsapp: Accessing hidden method Landroid/app/MiuiNotification;-><init>()V (blocked, reflection, denied)
02-10 17:35:57.767 19732 21517 W com.mbwhatsapp: Accessing hidden method Landroid/app/MiuiNotification;-><init>()V (blocked, reflection, denied)
02-10 17:35:57.920 19732 21517 W com.mbwhatsapp: Accessing hidden method Landroid/app/MiuiNotification;-><init>()V (blocked, reflection, denied)
02-10 17:35:58.295 19732 21517 W com.mbwhatsapp: Accessing hidden method Landroid/app/MiuiNotification;-><init>()V (blocked, reflection, denied)
02-10 17:35:58.348 19732 21517 W com.mbwhatsapp: Accessing hidden method Landroid/app/MiuiNotification;-><init>()V (blocked, reflection, denied)
02-10 17:35:58.436 19732 21517 W com.mbwhatsapp: Accessing hidden method Landroid/app/MiuiNotification;-><init>()V (blocked, reflection, denied)
02-10 17:35:58.454 19732 21517 W com.mbwhatsapp: Accessing hidden method Landroid/app/MiuiNotification;-><init>()V (blocked, reflection, denied)
02-10 17:35:58.604 19732 21517 W com.mbwhatsapp: Accessing hidden method Landroid/app/MiuiNotification;-><init>()V (blocked, reflection, denied)
02-10 17:35:58.623 19732 21517 W com.mbwhatsapp: Accessing hidden method Landroid/app/MiuiNotification;-><init>()V (blocked, reflection, denied)
02-10 17:35:58.871 19732 21517 W com.mbwhatsapp: Accessing hidden method Landroid/app/MiuiNotification;-><init>()V (blocked, reflection, denied)
02-10 17:35:59.486 19732 21517 W com.mbwhatsapp: Accessing hidden method Landroid/app/MiuiNotification;-><init>()V (blocked, reflection, denied)
02-10 17:35:59.521 19732 21517 W com.mbwhatsapp: Accessing hidden method Landroid/app/MiuiNotification;-><init>()V (blocked, reflection, denied)
02-10 17:35:59.940 19732 21517 W com.mbwhatsapp: Accessing hidden method Landroid/app/MiuiNotification;-><init>()V (blocked, reflection, denied)
02-10 17:35:59.971 19732 21517 W com.mbwhatsapp: Accessing hidden method Landroid/app/MiuiNotification;-><init>()V (blocked, reflection, denied)
02-10 17:35:59.989 19732 21517 W com.mbwhatsapp: Accessing hidden method Landroid/app/MiuiNotification;-><init>()V (blocked, reflection, denied)
02-10 17:36:00.582 19732 21517 W com.mbwhatsapp: Accessing hidden method Landroid/app/MiuiNotification;-><init>()V (blocked, reflection, denied)
02-10 17:36:00.758 19732 21517 W com.mbwhatsapp: Accessing hidden method Landroid/app/MiuiNotification;-><init>()V (blocked, reflection, denied)
02-10 17:36:01.230 19732 21517 W com.mbwhatsapp: Accessing hidden method Landroid/app/MiuiNotification;-><init>()V (blocked, reflection, denied)
02-10 17:36:01.253 19732 21517 W com.mbwhatsapp: Accessing hidden method Landroid/app/MiuiNotification;-><init>()V (blocked, reflection, denied)
02-10 17:36:01.665 19732 21517 W com.mbwhatsapp: Accessing hidden method Landroid/app/MiuiNotification;-><init>()V (blocked, reflection, denied)
02-10 17:36:01.779 19732 21517 W com.mbwhatsapp: Accessing hidden method Landroid/app/MiuiNotification;-><init>()V (blocked, reflection, denied)
02-10 17:36:01.802 19732 21517 W com.mbwhatsapp: Accessing hidden method Landroid/app/MiuiNotification;-><init>()V (blocked, reflection, denied)
02-10 17:36:01.875 19732 21517 W com.mbwhatsapp: Accessing hidden method Landroid/app/MiuiNotification;-><init>()V (blocked, reflection, denied)
02-10 17:36:02.315 19732 21517 W com.mbwhatsapp: Accessing hidden method Landroid/app/MiuiNotification;-><init>()V (blocked, reflection, denied)
02-10 17:36:02.345 19732 21517 W com.mbwhatsapp: Accessing hidden method Landroid/app/MiuiNotification;-><init>()V (blocked, reflection, denied)
02-10 17:36:02.598 19732 21517 W com.mbwhatsapp: Accessing hidden method Landroid/app/MiuiNotification;-><init>()V (blocked, reflection, denied)
02-10 17:36:03.170 19732 21517 W com.mbwhatsapp: Accessing hidden method Landroid/app/MiuiNotification;-><init>()V (blocked, reflection, denied)
02-10 17:36:03.441 19732 21517 W com.mbwhatsapp: Accessing hidden method Landroid/app/MiuiNotification;-><init>()V (blocked, reflection, denied)
02-10 17:36:03.901 19732 21517 W com.mbwhatsapp: Accessing hidden method Landroid/app/MiuiNotification;-><init>()V (blocked, reflection, denied)
02-10 17:36:03.923 19732 21517 W com.mbwhatsapp: Accessing hidden method Landroid/app/MiuiNotification;-><init>()V (blocked, reflection, denied)
02-10 17:36:03.953 19732 21517 W com.mbwhatsapp: Accessing hidden method Landroid/app/MiuiNotification;-><init>()V (blocked, reflection, denied)
02-10 17:36:03.982 19732 21517 W com.mbwhatsapp: Accessing hidden method Landroid/app/MiuiNotification;-><init>()V (blocked, reflection, denied)
02-10 17:36:04.640 19732 21517 W com.mbwhatsapp: Accessing hidden method Landroid/app/MiuiNotification;-><init>()V (blocked, reflection, denied)
02-10 17:36:04.867 19732 21517 W com.mbwhatsapp: Accessing hidden method Landroid/app/MiuiNotification;-><init>()V (blocked, reflection, denied)
02-10 17:36:05.216 19732 21517 W com.mbwhatsapp: Accessing hidden method Landroid/app/MiuiNotification;-><init>()V (blocked, reflection, denied)
02-10 17:36:05.265 19732 21517 W com.mbwhatsapp: Accessing hidden method Landroid/app/MiuiNotification;-><init>()V (blocked, reflection, denied)
02-10 17:36:05.520 19732 21517 W com.mbwhatsapp: Accessing hidden method Landroid/app/MiuiNotification;-><init>()V (blocked, reflection, denied)
02-10 17:36:05.520 19732 21517 W com.mbwhatsapp: Reached maximum number of hidden api access warnings.
02-10 17:36:15.329 19732 19732 W Looper : PerfMonitor looperActivity : package=com.mbwhatsapp/.registration.RegisterName time=0ms latency=497ms running=0ms procState=-1 historyMsgCount=75
02-10 17:36:15.351 19732 19732 W Looper : PerfMonitor looperActivity : package=com.mbwhatsapp/.registration.RegisterName time=22ms latency=488ms running=0ms procState=-1 historyMsgCount=78
02-10 17:36:17.825 19732 19732 W com.mbwhatsapp: Method void com.mbwhatsapp.HomeActivity.A6e() failed lock verification and will run slower.
02-10 17:36:17.825 19732 19732 W com.mbwhatsapp: Common causes for lock verification issues are non-optimized dex code
02-10 17:36:17.825 19732 19732 W com.mbwhatsapp: and incorrect proguard optimizations.
02-10 17:36:17.974 19732 23600 W com.mbwhatsapp: Long monitor contention with owner MBWhatsApp Worker #152 (23606) at void X.3HE.A0S()(:-1) waiters=0 in X.2VF X.3HE.A07() for 648ms
02-10 17:36:18.426 19732 19732 E ArmVmp : Match on catch block at 0x0a in for 0x7d337b2031
02-10 17:36:18.504 19732 19732 E ArmVmp : Match on catch block at 0x0a in for 0x7d337b204d
02-10 17:36:18.704 19732 23602 W MediaCodec-JNI: try to release MediaCodec from JMediaCodec::~JMediaCodec()...
02-10 17:36:18.704 19732 23602 W MediaCodec-JNI: done releasing MediaCodec from JMediaCodec::~JMediaCodec().
02-10 17:36:18.794 19732 19732 W Activity: PerfMonitor: Slow Operation: Activity com.mbwhatsapp/.HomeActivity onCreate took 919ms
02-10 17:36:18.795 19732 23647 W ColorUtils: expected specified color aspects (0:0:0:0)
02-10 17:36:18.828 19732 19732 W Looper : PerfMonitor longMsg : seq=46418 plan=17:36:17.774 late=12ms wall=1040ms running=0ms h=android.app.ActivityThread$H w=159 procState=-1
02-10 17:36:18.828 19732 19732 W Looper : PerfMonitor looperActivity : package=com.mbwhatsapp/.HomeActivity time=0ms latency=1054ms running=0ms procState=-1 historyMsgCount=6 (msgIndex=6 wall=1040ms seq=46418 late=12ms h=android.app.ActivityThread$H w=159)
02-10 17:36:18.846 19732 19732 W Looper : PerfMonitor looperActivity : package=com.mbwhatsapp/.HomeActivity time=0ms latency=330ms running=0ms procState=-1 historyMsgCount=23 (msgIndex=1 wall=1040ms seq=46418 late=12ms h=android.app.ActivityThread$H w=159)
02-10 17:36:18.887 19732 19732 W Looper : PerfMonitor looperActivity : package=com.mbwhatsapp/.HomeActivity time=41ms latency=331ms running=0ms procState=-1 historyMsgCount=24 (msgIndex=1 wall=1040ms seq=46418 late=12ms h=android.app.ActivityThread$H w=159)
02-10 17:36:18.905 19732 23661 W ColorUtils: expected specified color aspects (2:0:0:0)
02-10 17:36:18.972 19732 23667 W ColorUtils: expected specified color aspects (2:0:0:0)
02-10 17:36:19.034 19732 23602 W AudioCapabilities: Unsupported mime audio/x-adpcm- dvi-ima
02-10 17:36:19.034 19732 23602 W AudioCapabilities: Unsupported mime audio/x-adpcm- dvi-ima
02-10 17:36:19.034 19732 23602 W AudioCapabilities: Unsupported mime audio/x-adpcm- ms
02-10 17:36:19.035 19732 23602 W AudioCapabilities: Unsupported mime audio/x-adpcm- ms
02-10 17:36:19.035 19732 23602 W AudioCapabilities: Unsupported mime audio/alac
02-10 17:36:19.035 19732 23602 W AudioCapabilities: Unsupported mime audio/alac
02-10 17:36:19.035 19732 23602 W AudioCapabilities: Unsupported mime audio/ape
02-10 17:36:19.035 19732 23602 W AudioCapabilities: Unsupported mime audio/ape
02-10 17:36:19.046 19732 23602 W VideoCapabilities: Unrecognized profile/level 32768/256 for video/mp4v-es
02-10 17:36:19.046 19732 23602 W VideoCapabilities: Unrecognized profile/level 32768/256 for video/mp4v-es
02-10 17:36:19.047 19732 23602 W VideoCapabilities: Unsupported mime video/x-ms-wmv
02-10 17:36:19.048 19732 23602 W VideoCapabilities: Unsupported mime video/x-ms-wmv
02-10 17:36:19.695 19732 19732 E RecyclerView: No adapter attached; skipping layout
02-10 17:36:19.913 19732 19732 W Looper : PerfMonitor longMsg : seq=46455 plan=17:36:18.832 late=79ms wall=1002ms running=0ms h=android.view.Choreographer$FrameHandler c=android.view.Choreographer$FrameDisplayEventReceiver procState=-1
02-10 17:36:19.913 19732 19732 W Looper : PerfMonitor doFrame : time=1002ms vsyncFrame=0 latency=79ms procState=-1 historyMsgCount=34
02-10 17:36:19.949 19732 19732 E ArmVmp : Match on catch block at 0x0a in for 0x7d337b2035
02-10 17:36:19.957 19732 19732 W Looper : PerfMonitor looperActivity : package=com.mbwhatsapp/mbmodsd.mbmodsw.mbsettings.yo.PauseActivity time=18ms latency=1062ms running=0ms procState=-1 historyMsgCount=24 (msgIndex=14 wall=1002ms seq=46455 late=79ms h=android.view.Choreographer$FrameHandler c=android.view.Choreographer$FrameDisplayEventReceiver)
02-10 17:36:19.960 19732 19819 E OpenGLRenderer: EglManager::makeCurrent mED = 0xb400007c643d48c0, surface = 0x0, mEC = 0xb400007be23cd880, error = EGL_SUCCESS
02-10 17:36:20.028 19732 19732 W Looper : PerfMonitor looperActivity : package=com.mbwhatsapp/.HomeActivity time=71ms latency=1070ms running=0ms procState=-1 historyMsgCount=25 (msgIndex=14 wall=1002ms seq=46455 late=79ms h=android.view.Choreographer$FrameHandler c=android.view.Choreographer$FrameDisplayEventReceiver)
02-10 17:36:20.108 19732 19732 W Looper : PerfMonitor doFrame : time=75ms vsyncFrame=0 latency=1118ms procState=-1 historyMsgCount=16 (msgIndex=1 wall=1002ms seq=46455 late=79ms h=android.view.Choreographer$FrameHandler c=android.view.Choreographer$FrameDisplayEventReceiver) (msgIndex=13 wall=71ms seq=46467 late=1070ms h=android.app.ActivityThread$H w=159)
02-10 17:36:20.140 19732 19732 W Looper : PerfMonitor looperActivity : package=com.mbwhatsapp/mbmodsd.mbmodsw.mbsettings.yo.PauseActivity time=0ms latency=811ms running=0ms procState=-1 historyMsgCount=62 (msgIndex=1 wall=1002ms seq=46455 late=79ms h=android.view.Choreographer$FrameHandler c=android.view.Choreographer$FrameDisplayEventReceiver) (msgIndex=13 wall=71ms seq=46467 late=1070ms h=android.app.ActivityThread$H w=159) (msgIndex=17 wall=75ms seq=46471 late=1118ms h=android.view.Choreographer$FrameHandler c=android.view.Choreographer$FrameDisplayEventReceiver)
02-10 17:36:20.147 19732 19732 W Looper : PerfMonitor looperActivity : package=com.mbwhatsapp/mbmodsd.mbmodsw.mbsettings.yo.PauseActivity time=0ms latency=808ms running=0ms procState=-1 historyMsgCount=64 (msgIndex=1 wall=1002ms seq=46455 late=79ms h=android.view.Choreographer$FrameHandler c=android.view.Choreographer$FrameDisplayEventReceiver) (msgIndex=13 wall=71ms seq=46467 late=1070ms h=android.app.ActivityThread$H w=159) (msgIndex=17 wall=75ms seq=46471 late=1118ms h=android.view.Choreographer$FrameHandler c=android.view.Choreographer$FrameDisplayEventReceiver)
02-10 17:36:20.188 19732 19732 W Looper : PerfMonitor looperActivity : package=com.mbwhatsapp/mbmodsd.mbmodsw.mbsettings.yo.PauseActivity time=1ms latency=513ms running=0ms procState=-1 historyMsgCount=149 (msgIndex=1 wall=1002ms seq=46455 late=79ms h=android.view.Choreographer$FrameHandler c=android.view.Choreographer$FrameDisplayEventReceiver) (msgIndex=13 wall=71ms seq=46467 late=1070ms h=android.app.ActivityThread$H w=159) (msgIndex=17 wall=75ms seq=46471 late=1118ms h=android.view.Choreographer$FrameHandler c=android.view.Choreographer$FrameDisplayEventReceiver)
02-10 17:36:20.188 19732 19732 W Looper : PerfMonitor looperActivity : package=com.mbwhatsapp/mbmodsd.mbmodsw.mbsettings.yo.PauseActivity time=0ms latency=512ms running=0ms procState=-1 historyMsgCount=151 (msgIndex=1 wall=1002ms seq=46455 late=79ms h=android.view.Choreographer$FrameHandler c=android.view.Choreographer$FrameDisplayEventReceiver) (msgIndex=13 wall=71ms seq=46467 late=1070ms h=android.app.ActivityThread$H w=159) (msgIndex=17 wall=75ms seq=46471 late=1118ms h=android.view.Choreographer$FrameHandler c=android.view.Choreographer$FrameDisplayEventReceiver)
02-10 17:36:20.230 19732 19732 W Looper : PerfMonitor looperActivity : package=com.mbwhatsapp/mbmodsd.mbmodsw.mbsettings.yo.PauseActivity time=1ms latency=461ms running=0ms procState=-1 historyMsgCount=166 (msgIndex=1 wall=1002ms seq=46455 late=79ms h=android.view.Choreographer$FrameHandler c=android.view.Choreographer$FrameDisplayEventReceiver) (msgIndex=13 wall=71ms seq=46467 late=1070ms h=android.app.ActivityThread$H w=159) (msgIndex=17 wall=75ms seq=46471 late=1118ms h=android.view.Choreographer$FrameHandler c=android.view.Choreographer$FrameDisplayEventReceiver)
02-10 17:36:20.344 19732 23683 W LOTTIE : Animation contains merge paths. Merge paths are only supported on KitKat+ and must be manually enabled by calling enableMergePathsForKitKatAndAbove().
02-10 17:36:20.381 19732 19732 W Looper : PerfMonitor doFrame : time=5ms vsyncFrame=0 latency=328ms procState=-1 historyMsgCount=175 (msgIndex=1 wall=75ms seq=46471 late=1118ms h=android.view.Choreographer$FrameHandler c=android.view.Choreographer$FrameDisplayEventReceiver)
02-10 17:36:20.508 19732 19732 W LOTTIE : Animation contains merge paths but they are disabled.
02-10 17:36:27.081 19732 19807 E SQLiteDatabase: Error inserting transferred=1 media_job_uuid=5f14c94d-81e7-4d2d-b169-226e618797b4 transcoded=0 gif_attribution=0 first_scan_length=13232 direct_path=/v/t62.7118- 24/19915100_3629121233993836_6430501828009302180_n.enc?ccb=11-4&oh=01_AdT0pwNNEO- F9bVrkgP-k3f4lmjkEscHWzUeF6VJsmC-Nw&oe=65EEB205&_nc_sid=5e03e0 thumbnail_height_width_ratio=0.44444445 is_animated_sticker=0 file_hash=8yP8a9VEZOiHTWM4aM0aZMfnguXUbesMnKnGJpWNbKY= file_path=Media/.Statuses/7df9289ef77d48f6a993be30edeccf04.jpg file_size=146405 partial_media_hash=MYZ4NZw1PvCE3ZYJBjsan8SLP1df9IeNpdMx7ukWjH0= face_x=0 face_y=0 height=720 trim_to=0 media_key_timestamp=1707534013000 message_url=https://mmg.whatsapp.net/v/t62.7118- 24/19915100_3629121233993836_6430501828009302180_n.enc?ccb=11-4&oh=01_AdT0pwNNEO- F9bVrkgP-k3f4lmjkEscHWzUeF6VJsmC-Nw&oe=65EEB205&_nc_sid=5e03e0&mms3=true media_caption=null trim_from=0 mime_type=image/jpeg partial_media_enc_hash=null width=1600 original_file_hash=null has_streaming_sidecar=1 autotransfer_retry_enabled=1 media_upload_handle=null message_row_id=782 multicast_id=null enc_file_hash=pSN1NFYdKEXsp6nYjy3zxP34FrLmbqDu0/ooCFQtbPE= mute_video=0 page_count=0 first_scan_sidecar=[B@65f5cb8 suspicious_content=0 file_length=146405 media_name=null media_duration=0 chat_row_id=479 media_key=[B@32aba91
02-10 17:36:27.081 19732 19807 E SQLiteDatabase: android.database.sqlite.SQLiteConstraintException: UNIQUE constraint failed: message_media.message_row_id (code 1555 SQLITE_CONSTRAINT_PRIMARYKEY)
02-10 17:36:27.081 19732 19807 E SQLiteDatabase: at android.database.sqlite.SQLiteConnection.nativeExecuteForLastInsertedRowId(Native Method)
02-10 17:36:27.081 19732 19807 E SQLiteDatabase: at android.database.sqlite.SQLiteConnection.executeForLastInsertedRowId(SQLiteConnecti on.java:940)
02-10 17:36:27.081 19732 19807 E SQLiteDatabase: at android.database.sqlite.SQLiteSession.executeForLastInsertedRowId(SQLiteSession.jav a:790)
02-10 17:36:27.081 19732 19807 E SQLiteDatabase: at android.database.sqlite.SQLiteStatement.executeInsert(SQLiteStatement.java:89)
02-10 17:36:27.081 19732 19807 E SQLiteDatabase: at android.database.sqlite.SQLiteDatabase.insertWithOnConflict(SQLiteDatabase.java:170 2)
02-10 17:36:27.081 19732 19807 E SQLiteDatabase: at android.database.sqlite.SQLiteDatabase.insert(SQLiteDatabase.java:1571)
02-10 17:36:27.081 19732 19807 E SQLiteDatabase: at X.2tm.A08(Unknown Source:6)
02-10 17:36:27.081 19732 19807 E SQLiteDatabase: at X.35Y.A07(Unknown Source:212)
02-10 17:36:27.081 19732 19807 E SQLiteDatabase: at X.3QF.A14(Unknown Source:470)
02-10 17:36:27.081 19732 19807 E SQLiteDatabase: at X.3gU.run(Unknown Source:982)
02-10 17:36:27.081 19732 19807 E SQLiteDatabase: at android.os.Handler.handleCallback(Handler.java:938)
02-10 17:36:27.081 19732 19807 E SQLiteDatabase: at android.os.Handler.dispatchMessage(Handler.java:99)
02-10 17:36:27.081 19732 19807 E SQLiteDatabase: at X.0zq.dispatchMessage(Unknown Source:4)
02-10 17:36:27.081 19732 19807 E SQLiteDatabase: at android.os.Looper.loopOnce(Looper.java:211)
02-10 17:36:27.081 19732 19807 E SQLiteDatabase: at android.os.Looper.loop(Looper.java:300)
02-10 17:36:27.081 19732 19807 E SQLiteDatabase: at android.os.HandlerThread.run(HandlerThread.java:67)
02-10 17:36:31.337 19732 19807 E SQLiteDatabase: Error inserting transferred=1 media_job_uuid=267d98b9-9f97-4228-808f-da5221da6e67 transcoded=0 gif_attribution=0 first_scan_length=9863 direct_path=/v/t62.7118- 24/18868230_397424136298772_1488073226766047855_n.enc?ccb=11- 4&oh=01_AdStcJeT8c4a3K1tHuFMde_dmMA6B1T4V_a9dt7svEH1uQ&oe=65EEC856&_nc_sid=5e03e0 thumbnail_height_width_ratio=1.0 is_animated_sticker=0 file_hash=XKyM74Qs8mxqdl1KLWykN8V33rz8LcX1bBoMGso01bU= file_path=Media/.Statuses/1ea022ad06454d7fabd15c9bbf943dc2.jpg file_size=99403 partial_media_hash=uu/y7g536taUhB3tB7LNzE44zJPHnB3Y4C7VmawLzSE= face_x=0 face_y=0 height=1280 trim_to=0 media_key_timestamp=1707558290000 message_url=https://mmg.whatsapp.net/v/t62.7118- 24/18868230_397424136298772_1488073226766047855_n.enc?ccb=11- 4&oh=01_AdStcJeT8c4a3K1tHuFMde_dmMA6B1T4V_a9dt7svEH1uQ&oe=65EEC856&_nc_sid=5e03e0&m ms3=true media_caption=null trim_from=0 mime_type=image/jpeg partial_media_enc_hash=null width=1280 original_file_hash=null has_streaming_sidecar=1 autotransfer_retry_enabled=1 media_upload_handle=null message_row_id=843 multicast_id=null enc_file_hash=R+YBOda2CQd5IARBmu6bicL2xCvtrOmWpOc9sclTkAY= mute_video=0 page_count=0 first_scan_sidecar=[B@8e271e9 suspicious_content=0 file_length=99403 media_name=null media_duration=0 chat_row_id=479 media_key=[B@a55ae6e
02-10 17:36:31.337 19732 19807 E SQLiteDatabase: android.database.sqlite.SQLiteConstraintException: UNIQUE constraint failed: message_media.message_row_id (code 1555 SQLITE_CONSTRAINT_PRIMARYKEY)
02-10 17:36:31.337 19732 19807 E SQLiteDatabase: at android.database.sqlite.SQLiteConnection.nativeExecuteForLastInsertedRowId(Native Method)
02-10 17:36:31.337 19732 19807 E SQLiteDatabase: at android.database.sqlite.SQLiteConnection.executeForLastInsertedRowId(SQLiteConnecti on.java:940)
02-10 17:36:31.337 19732 19807 E SQLiteDatabase: at android.database.sqlite.SQLiteSession.executeForLastInsertedRowId(SQLiteSession.jav a:790)
02-10 17:36:31.337 19732 19807 E SQLiteDatabase: at android.database.sqlite.SQLiteStatement.executeInsert(SQLiteStatement.java:89)
02-10 17:36:31.337 19732 19807 E SQLiteDatabase: at android.database.sqlite.SQLiteDatabase.insertWithOnConflict(SQLiteDatabase.java:170 2)
02-10 17:36:31.337 19732 19807 E SQLiteDatabase: at android.database.sqlite.SQLiteDatabase.insert(SQLiteDatabase.java:1571)
02-10 17:36:31.337 19732 19807 E SQLiteDatabase: at X.2tm.A08(Unknown Source:6)
02-10 17:36:31.337 19732 19807 E SQLiteDatabase: at X.35Y.A07(Unknown Source:212)
02-10 17:36:31.337 19732 19807 E SQLiteDatabase: at X.3QF.A14(Unknown Source:470)
02-10 17:36:31.337 19732 19807 E SQLiteDatabase: at X.3gU.run(Unknown Source:982)
02-10 17:36:31.337 19732 19807 E SQLiteDatabase: at android.os.Handler.handleCallback(Handler.java:938)
02-10 17:36:31.337 19732 19807 E SQLiteDatabase: at android.os.Handler.dispatchMessage(Handler.java:99)
02-10 17:36:31.337 19732 19807 E SQLiteDatabase: at X.0zq.dispatchMessage(Unknown Source:4)
02-10 17:36:31.337 19732 19807 E SQLiteDatabase: at android.os.Looper.loopOnce(Looper.java:211)
02-10 17:36:31.337 19732 19807 E SQLiteDatabase: at android.os.Looper.loop(Looper.java:300)
02-10 17:36:31.337 19732 19807 E SQLiteDatabase: at android.os.HandlerThread.run(HandlerThread.java:67)
02-10 17:36:32.174 19732 19732 W Activity: PerfMonitor: Slow Operation: Activity com.mbwhatsapp/.HomeActivity onStart took 121ms
02-10 17:36:32.702 19732 19732 W Looper : PerfMonitor doFrame : time=432ms vsyncFrame=0 latency=213ms procState=-1 historyMsgCount=2 (msgIndex=1 wall=219ms seq=48834 late=18ms h=android.app.ActivityThread$H w=159)
02-10 17:36:32.818 19732 19732 W Looper : PerfMonitor doFrame : time=88ms vsyncFrame=0 latency=457ms procState=-1 historyMsgCount=42 (msgIndex=1 wall=432ms seq=48836 late=213ms h=android.view.Choreographer$FrameHandler c=android.view.Choreographer$FrameDisplayEventReceiver)
02-10 17:36:33.545 19732 19819 E OpenGLRenderer: EglManager::makeCurrent mED = 0xb400007c643d48c0, surface = 0x0, mEC = 0xb400007be23cd880, error = EGL_SUCCESS
02-10 17:36:33.633 19732 19819 E OpenGLRenderer: EglManager::makeCurrent mED = 0xb400007c643d48c0, surface = 0x0, mEC = 0xb400007be23cd880, error = EGL_SUCCESS
02-10 17:36:34.417 19732 23922 E ion : ioctl c0044901 failed with code -1: Invalid argument
02-10 17:36:36.082 19732 21139 W BpBinder: PerfMonitor binderTransact : time=21773ms interface=android.content.IContentProvider code=20
02-10 17:36:36.213 19732 19807 E SQLiteDatabase: Error inserting transferred=1 media_job_uuid=f5e52500-9521-490d-8946-f0490e211548 transcoded=0 gif_attribution=0 first_scan_length=5832 direct_path=/o1/v/t62.7118-24/f1/m239/up-oil-image-794b387a- 465f-4e8b-a94b-e29a0dfcab1c?ccb=9-4&oh=01_AdSEVANO5In04ZMjEHmzByHW0_fWu- Q3dKf1EO8DBlxjHw&oe=65EECA04&_nc_sid=000000 thumbnail_height_width_ratio=2.25 is_animated_sticker=0 file_hash=Pax1GdGDyMmezi0aS5pF8DjpKotmrBlyJ0TBq18jdSI= file_path=Media/.Statuses/9735bed953f14772a2ce126e49dd13d4.jpg file_size=60654 partial_media_hash=HkGh92GLcRAxn0C9T0Z1f3LUJf09lmBAIAyl+PD5BOY= face_x=0 face_y=0 height=1280 trim_to=0 media_key_timestamp=1707561116000 message_url=https://mmg.whatsapp.net/o1/v/t62.7118-24/f1/m239/up-oil-image- 794b387a-465f-4e8b-a94b-e29a0dfcab1c?ccb=9-4&oh=01_AdSEVANO5In04ZMjEHmzByHW0_fWu- Q3dKf1EO8DBlxjHw&oe=65EECA04&_nc_sid=000000&mms3=true media_caption=null trim_from=0 mime_type=image/jpeg partial_media_enc_hash=null width=571 original_file_hash=null has_streaming_sidecar=1 autotransfer_retry_enabled=1 media_upload_handle=null message_row_id=864 multicast_id=null enc_file_hash=giUZze28yLkxKJ368RQ3B5t27pPPzIqhyKTTVMMoQfk= mute_video=0 page_count=0 first_scan_sidecar=[B@f496a27 suspicious_content=0 file_length=60654 media_name=null media_duration=0 chat_row_id=479 media_key=[B@1c444d4
02-10 17:36:36.213 19732 19807 E SQLiteDatabase: android.database.sqlite.SQLiteConstraintException: UNIQUE constraint failed: message_media.message_row_id (code 1555 SQLITE_CONSTRAINT_PRIMARYKEY)
02-10 17:36:36.213 19732 19807 E SQLiteDatabase: at android.database.sqlite.SQLiteConnection.nativeExecuteForLastInsertedRowId(Native Method)
02-10 17:36:36.213 19732 19807 E SQLiteDatabase: at android.database.sqlite.SQLiteConnection.executeForLastInsertedRowId(SQLiteConnecti on.java:940)
02-10 17:36:36.213 19732 19807 E SQLiteDatabase: at android.database.sqlite.SQLiteSession.executeForLastInsertedRowId(SQLiteSession.jav a:790)
02-10 17:36:36.213 19732 19807 E SQLiteDatabase: at android.database.sqlite.SQLiteStatement.executeInsert(SQLiteStatement.java:89)
02-10 17:36:36.213 19732 19807 E SQLiteDatabase: at android.database.sqlite.SQLiteDatabase.insertWithOnConflict(SQLiteDatabase.java:170 2)
02-10 17:36:36.213 19732 19807 E SQLiteDatabase: at android.database.sqlite.SQLiteDatabase.insert(SQLiteDatabase.java:1571)
02-10 17:36:36.213 19732 19807 E SQLiteDatabase: at X.2tm.A08(Unknown Source:6)
02-10 17:36:36.213 19732 19807 E SQLiteDatabase: at X.35Y.A07(Unknown Source:212)
02-10 17:36:36.213 19732 19807 E SQLiteDatabase: at X.3QF.A14(Unknown Source:470)
02-10 17:36:36.213 19732 19807 E SQLiteDatabase: at X.3gU.run(Unknown Source:982)
02-10 17:36:36.213 19732 19807 E SQLiteDatabase: at android.os.Handler.handleCallback(Handler.java:938)
02-10 17:36:36.213 19732 19807 E SQLiteDatabase: at android.os.Handler.dispatchMessage(Handler.java:99)
02-10 17:36:36.213 19732 19807 E SQLiteDatabase: at X.0zq.dispatchMessage(Unknown Source:4)
02-10 17:36:36.213 19732 19807 E SQLiteDatabase: at android.os.Looper.loopOnce(Looper.java:211)
02-10 17:36:36.213 19732 19807 E SQLiteDatabase: at android.os.Looper.loop(Looper.java:300)
02-10 17:36:36.213 19732 19807 E SQLiteDatabase: at android.os.HandlerThread.run(HandlerThread.java:67)
02-10 17:36:37.592 19732 19807 E SQLiteDatabase: Error inserting transferred=1 media_job_uuid=5063bdea-5530-4b22-9df4-bc7f117942b3 transcoded=0 gif_attribution=0 first_scan_length=3795 direct_path=/o1/v/t62.7118-24/f1/m269/up-oil-image-0771be78- cb25-4703-8f98-b61469efb276?ccb=9- 4&oh=01_AdRuGlDkSRGGm4qPtB08HzC7ftGxcbmQVTioWc7Slh4r8g&oe=65EED942&_nc_sid=000000 thumbnail_height_width_ratio=2.2325583 is_animated_sticker=0 file_hash=/eMfIU/+51fKLw6/QtTCd4ficX5sPBrlTd+tFztvP/E= file_path=Media/.Statuses/e4ce9284e65e4306a18761fedd915b30.jpg file_size=39083 partial_media_hash=vOfIJ767tFEuqZMZscRe3oZEYrZ55hJme3V+x6ZcrUw= face_x=0 face_y=0 height=1080 trim_to=0 media_key_timestamp=1707561304000 message_url=https://mmg.whatsapp.net/o1/v/t62.7118-24/f1/m269/up-oil-image- 0771be78-cb25-4703-8f98-b61469efb276?ccb=9- 4&oh=01_AdRuGlDkSRGGm4qPtB08HzC7ftGxcbmQVTioWc7Slh4r8g&oe=65EED942&_nc_sid=000000&m ms3=true media_caption=null trim_from=0 mime_type=image/jpeg partial_media_enc_hash=null width=486 original_file_hash=null has_streaming_sidecar=1 autotransfer_retry_enabled=1 media_upload_handle=null message_row_id=870 multicast_id=null enc_file_hash=LJSPkiEyAbtfmrsto1Yceua4Us/CMzoBe3R3YmH0TEI= mute_video=0 page_count=0 first_scan_sidecar=[B@7a65479 suspicious_content=0 file_length=39083 media_name=null media_duration=0 chat_row_id=479 media_key=[B@e2505be
02-10 17:36:37.592 19732 19807 E SQLiteDatabase: android.database.sqlite.SQLiteConstraintException: UNIQUE constraint failed: message_media.message_row_id (code 1555 SQLITE_CONSTRAINT_PRIMARYKEY)
02-10 17:36:37.592 19732 19807 E SQLiteDatabase: at android.database.sqlite.SQLiteConnection.nativeExecuteForLastInsertedRowId(Native Method)
02-10 17:36:37.592 19732 19807 E SQLiteDatabase: at android.database.sqlite.SQLiteConnection.executeForLastInsertedRowId(SQLiteConnecti on.java:940)
02-10 17:36:37.592 19732 19807 E SQLiteDatabase: at android.database.sqlite.SQLiteSession.executeForLastInsertedRowId(SQLiteSession.jav a:790)
02-10 17:36:37.592 19732 19807 E SQLiteDatabase: at android.database.sqlite.SQLiteStatement.executeInsert(SQLiteStatement.java:89)
02-10 17:36:37.592 19732 19807 E SQLiteDatabase: at android.database.sqlite.SQLiteDatabase.insertWithOnConflict(SQLiteDatabase.java:170 2)
02-10 17:36:37.592 19732 19807 E SQLiteDatabase: at android.database.sqlite.SQLiteDatabase.insert(SQLiteDatabase.java:1571)
02-10 17:36:37.592 19732 19807 E SQLiteDatabase: at X.2tm.A08(Unknown Source:6)
02-10 17:36:37.592 19732 19807 E SQLiteDatabase: at X.35Y.A07(Unknown Source:212)
02-10 17:36:37.592 19732 19807 E SQLiteDatabase: at X.3QF.A14(Unknown Source:470)
02-10 17:36:37.592 19732 19807 E SQLiteDatabase: at X.3gU.run(Unknown Source:982)
02-10 17:36:37.592 19732 19807 E SQLiteDatabase: at android.os.Handler.handleCallback(Handler.java:938)
02-10 17:36:37.592 19732 19807 E SQLiteDatabase: at android.os.Handler.dispatchMessage(Handler.java:99)
02-10 17:36:37.592 19732 19807 E SQLiteDatabase: at X.0zq.dispatchMessage(Unknown Source:4)
02-10 17:36:37.592 19732 19807 E SQLiteDatabase: at android.os.Looper.loopOnce(Looper.java:211)
02-10 17:36:37.592 19732 19807 E SQLiteDatabase: at android.os.Looper.loop(Looper.java:300)
02-10 17:36:37.592 19732 19807 E SQLiteDatabase: at android.os.HandlerThread.run(HandlerThread.java:67)
02-10 17:36:43.812 19732 19807 E SQLiteDatabase: Error inserting transferred=0 media_job_uuid=9446a464-fc13-483e-92f8-1a1b1da0f1cd transcoded=0 gif_attribution=0 first_scan_length=44342 direct_path=/v/t62.15575- 24/13736269_1453833238540919_2224030632922967278_n.enc?ccb=11- 4&oh=01_AdQQqQnNcdSbLqU5js4kj6JHwilZD1o1S-8jneq-LKSHMQ&oe=65EEC92A&_nc_sid=5e03e0 thumbnail_height_width_ratio=1.0 is_animated_sticker=1 file_hash=/i4IOtVdCqOlzcyJKvN2Zn2/J5CNZSkRipcC3sFvb/s= file_path=null file_size=0 partial_media_hash=null face_x=0 face_y=0 height=64 trim_to=0 media_key_timestamp=1707537834000 message_url=https://mmg.whatsapp.net/v/t62.15575- 24/13736269_1453833238540919_2224030632922967278_n.enc?ccb=11- 4&oh=01_AdQQqQnNcdSbLqU5js4kj6JHwilZD1o1S-8jneq- LKSHMQ&oe=65EEC92A&_nc_sid=5e03e0&mms3=true media_caption=null trim_from=0 mime_type=image/webp partial_media_enc_hash=null width=64 original_file_hash=null has_streaming_sidecar=0 autotransfer_retry_enabled=0 media_upload_handle=null message_row_id=909 multicast_id=null enc_file_hash=TUrdoscwcqIELKtXtm1gkwXX1lwOSiYSZyxLTnixjQc= mute_video=0 page_count=0 first_scan_sidecar=[B@f6c0dbc suspicious_content=0 file_length=728588 media_name=null media_duration=0 chat_row_id=132 media_key=[B@8995145
02-10 17:36:43.812 19732 19807 E SQLiteDatabase: android.database.sqlite.SQLiteConstraintException: UNIQUE constraint failed: message_media.message_row_id (code 1555 SQLITE_CONSTRAINT_PRIMARYKEY)
02-10 17:36:43.812 19732 19807 E SQLiteDatabase: at android.database.sqlite.SQLiteConnection.nativeExecuteForLastInsertedRowId(Native Method)
02-10 17:36:43.812 19732 19807 E SQLiteDatabase: at android.database.sqlite.SQLiteConnection.executeForLastInsertedRowId(SQLiteConnecti on.java:940)
02-10 17:36:43.812 19732 19807 E SQLiteDatabase: at android.database.sqlite.SQLiteSession.executeForLastInsertedRowId(SQLiteSession.jav a:790)
02-10 17:36:43.812 19732 19807 E SQLiteDatabase: at android.database.sqlite.SQLiteStatement.executeInsert(SQLiteStatement.java:89)
02-10 17:36:43.812 19732 19807 E SQLiteDatabase: at android.database.sqlite.SQLiteDatabase.insertWithOnConflict(SQLiteDatabase.java:170 2)
02-10 17:36:43.812 19732 19807 E SQLiteDatabase: at android.database.sqlite.SQLiteDatabase.insert(SQLiteDatabase.java:1571)
02-10 17:36:43.812 19732 19807 E SQLiteDatabase: at X.2tm.A08(Unknown Source:6)
02-10 17:36:43.812 19732 19807 E SQLiteDatabase: at X.35Y.A07(Unknown Source:212)
02-10 17:36:43.812 19732 19807 E SQLiteDatabase: at X.3QF.A14(Unknown Source:470)
02-10 17:36:43.812 19732 19807 E SQLiteDatabase: at X.3gU.run(Unknown Source:982)
02-10 17:36:43.812 19732 19807 E SQLiteDatabase: at android.os.Handler.handleCallback(Handler.java:938)
02-10 17:36:43.812 19732 19807 E SQLiteDatabase: at android.os.Handler.dispatchMessage(Handler.java:99)
02-10 17:36:43.812 19732 19807 E SQLiteDatabase: at X.0zq.dispatchMessage(Unknown Source:4)
02-10 17:36:43.812 19732 19807 E SQLiteDatabase: at android.os.Looper.loopOnce(Looper.java:211)
02-10 17:36:43.812 19732 19807 E SQLiteDatabase: at android.os.Looper.loop(Looper.java:300)
02-10 17:36:43.812 19732 19807 E SQLiteDatabase: at android.os.HandlerThread.run(HandlerThread.java:67)
