02-10 17:45:38.431 19732 23617 W System.err: at android.os.Looper.loopOnce(Looper.java:211)
02-10 17:45:38.431 19732 23617 W System.err: at android.os.Looper.loop(Looper.java:300)
02-10 17:45:38.431 19732 23617 W System.err: at android.os.HandlerThread.run(HandlerThread.java:67)
02-10 17:45:39.003 19732 19732 E ArmVmp : Match on catch block at 0x0a in for 0x7d337b2035
02-10 17:45:39.626 19732 23617 W System.err: java.lang.ArrayIndexOutOfBoundsException: length=4; index=-1
02-10 17:45:39.626 19732 23617 W System.err: at X.4PG.A0I(Unknown Source:2)
02-10 17:45:39.626 19732 23617 W System.err: at com.mbwhatsapp.HomeActivity.A6e(Unknown Source:274)
02-10 17:45:39.626 19732 23617 W System.err: at X.6Ks.handleMessage(Unknown Source:329)
02-10 17:45:39.626 19732 23617 W System.err: at android.os.Handler.dispatchMessage(Handler.java:102)
02-10 17:45:39.626 19732 23617 W System.err: at android.os.Looper.loopOnce(Looper.java:211)
02-10 17:45:39.626 19732 23617 W System.err: at android.os.Looper.loop(Looper.java:300)
02-10 17:45:39.626 19732 23617 W System.err: at android.os.HandlerThread.run(HandlerThread.java:67)
02-10 17:45:40.725 19732 23617 W System.err: java.lang.ArrayIndexOutOfBoundsException: length=4; index=-1
02-10 17:45:40.726 19732 23617 W System.err: at X.4PG.A0I(Unknown Source:2)
02-10 17:45:40.726 19732 23617 W System.err: at com.mbwhatsapp.HomeActivity.A6e(Unknown Source:274)
02-10 17:45:40.726 19732 23617 W System.err: at X.6Ks.handleMessage(Unknown Source:329)
02-10 17:45:40.726 19732 23617 W System.err: at android.os.Handler.dispatchMessage(Handler.java:102)
02-10 17:45:40.726 19732 23617 W System.err: at android.os.Looper.loopOnce(Looper.java:211)
02-10 17:45:40.726 19732 23617 W System.err: at android.os.Looper.loop(Looper.java:300)
02-10 17:45:40.726 19732 23617 W System.err: at android.os.HandlerThread.run(HandlerThread.java:67) --------- beginning of main
02-10 17:45:41.560 27415 27415 E com.mbwhatsapp: Not starting debugger since process cannot load the jdwp agent.
02-10 17:45:41.638 27415 27415 W ResourceType: CREATING STRING CACHE OF 192 bytes
02-10 17:45:41.664 27415 27415 W System.err: java.lang.ClassNotFoundException: mbmodsd.mbmodsw.ui.views.btn.BtnBK
02-10 17:45:41.664 27415 27415 W System.err: at java.lang.Runtime.nativeLoad(Native Method)
02-10 17:45:41.664 27415 27415 W System.err: at java.lang.Runtime.nativeLoad(Runtime.java:1126)
02-10 17:45:41.665 27415 27415 W System.err: at java.lang.Runtime.loadLibrary0(Runtime.java:1080)
02-10 17:45:41.665 27415 27415 W System.err: at java.lang.Runtime.loadLibrary0(Runtime.java:1003)
02-10 17:45:41.665 27415 27415 W System.err: at java.lang.System.loadLibrary(System.java:1661)
02-10 17:45:41.665 27415 27415 W System.err: at arm.EpicVm.<clinit>(Unknown Source:2)
02-10 17:45:41.665 27415 27415 W System.err: at java.lang.Class.newInstance(Native Method)
02-10 17:45:41.665 27415 27415 W System.err: at android.app.AppComponentFactory.instantiateApplication(AppComponentFactory.java:76)
02-10 17:45:41.665 27415 27415 W System.err: at androidx.core.app.CoreComponentFactory.instantiateApplication(Unknown Source:0)
02-10 17:45:41.665 27415 27415 W System.err: at android.app.Instrumentation.newApplication(Instrumentation.java:1189)
02-10 17:45:41.665 27415 27415 W System.err: at android.app.LoadedApk.makeApplication(LoadedApk.java:1379)
02-10 17:45:41.665 27415 27415 W System.err: at android.app.ActivityThread.handleBindApplication(ActivityThread.java:7075)
02-10 17:45:41.665 27415 27415 W System.err: at android.app.ActivityThread.access$1700(ActivityThread.java:275)
02-10 17:45:41.665 27415 27415 W System.err: at android.app.ActivityThread$H.handleMessage(ActivityThread.java:2185)
02-10 17:45:41.665 27415 27415 W System.err: at android.os.Handler.dispatchMessage(Handler.java:106)
02-10 17:45:41.665 27415 27415 W System.err: at android.os.Looper.loopOnce(Looper.java:211)
02-10 17:45:41.665 27415 27415 W System.err: at android.os.Looper.loop(Looper.java:300)
02-10 17:45:41.665 27415 27415 W System.err: at android.app.ActivityThread.main(ActivityThread.java:8301)
02-10 17:45:41.665 27415 27415 W System.err: at java.lang.reflect.Method.invoke(Native Method)
02-10 17:45:41.665 27415 27415 W System.err: at com.android.internal.os.RuntimeInit$MethodAndArgsCaller.run(RuntimeInit.java:577)
02-10 17:45:41.665 27415 27415 W System.err: at com.android.internal.os.ZygoteInit.main(ZygoteInit.java:1076)
02-10 17:45:41.707 27415 27415 E CustomActivityOnCrash: IMPORTANT WARNING! You already have an UncaughtExceptionHandler, are you sure this is correct? If you use a custom UncaughtExceptionHandler, you must initialize it AFTER CustomActivityOnCrash! Installing anyway, but your original handler will not be called.
02-10 17:45:41.932 27415 27415 W com.mbwhatsapp: Accessing hidden method Lcom/android/org/conscrypt/OpenSSLSocketImpl;->setUseSessionTickets(Z)V (max- target-q,core-platform-api, reflection, denied)
02-10 17:45:41.932 27415 27415 W com.mbwhatsapp: Accessing hidden method Lcom/android/org/conscrypt/AbstractConscryptSocket;->setUseSessionTickets(Z)V (max- target-q, reflection, denied)
02-10 17:45:41.961 27415 27415 W com.mbwhatsapp: type=1400 audit(0.0:127618): avc: granted { execute } for path="/data/data/com.mbwhatsapp/files/decompressed/libs.spk.zst/libc++_shared.so" dev="dm-9" ino=957947 scontext=u:r:untrusted_app:s0:c39,c257,c512,c768 tcontext=u:object_r:app_data_file:s0:c39,c257,c512,c768 tclass=file app=com.mbwhatsapp
02-10 17:45:41.965 27415 27415 W com.mbwhatsapp: type=1400 audit(0.0:127619): avc: granted { execute } for path="/data/data/com.mbwhatsapp/files/decompressed/libs.spk.zst/libvlc.so" dev="dm- 9" ino=957937 scontext=u:r:untrusted_app:s0:c39,c257,c512,c768 tcontext=u:object_r:app_data_file:s0:c39,c257,c512,c768 tclass=file app=com.mbwhatsapp
02-10 17:45:41.969 27415 27415 W com.mbwhatsapp: type=1400 audit(0.0:127620): avc: granted { execute } for path="/data/data/com.mbwhatsapp/files/decompressed/libs.spk.zst/libwhatsapp.so" dev="dm-9" ino=957939 scontext=u:r:untrusted_app:s0:c39,c257,c512,c768 tcontext=u:object_r:app_data_file:s0:c39,c257,c512,c768 tclass=file app=com.mbwhatsapp
02-10 17:45:42.061 27415 27472 W com.mbwhatsapp: Method void X.2rL.A03(java.lang.Integer) failed lock verification and will run slower.
02-10 17:45:42.061 27415 27472 W com.mbwhatsapp: Common causes for lock verification issues are non-optimized dex code
02-10 17:45:42.061 27415 27472 W com.mbwhatsapp: and incorrect proguard optimizations.
02-10 17:45:42.072 27415 27415 W com.mbwhatsapp: Method void X.0eU.A0h(X.0tK, boolean) failed lock verification and will run slower.
02-10 17:45:41.989 27415 27415 W com.mbwhatsapp: type=1400 audit(0.0:127621): avc: granted { execute } for path="/data/data/com.mbwhatsapp/files/decompressed/libs.spk.zst/libcurve25519.so" dev="dm-9" ino=957942 scontext=u:r:untrusted_app:s0:c39,c257,c512,c768 tcontext=u:object_r:app_data_file:s0:c39,c257,c512,c768 tclass=file app=com.mbwhatsapp --------- beginning of system
02-10 17:45:42.107 27415 27415 E MiuiMultiWindowUtils: initFreeFormResolutionArgs failed, device is earth
02-10 17:45:41.993 27415 27415 W com.mbwhatsapp: type=1400 audit(0.0:127622): avc: granted { execute } for path="/data/data/com.mbwhatsapp/files/decompressed/libs.spk.zst/libwhatsapp.so" dev="dm-9" ino=957939 scontext=u:r:untrusted_app:s0:c39,c257,c512,c768 tcontext=u:object_r:app_data_file:s0:c39,c257,c512,c768 tclass=file app=com.mbwhatsapp
02-10 17:45:41.993 27415 27415 W com.mbwhatsapp: type=1400 audit(0.0:127623): avc: granted { execute } for path="/data/data/com.mbwhatsapp/files/decompressed/libs.spk.zst/libwhatsapp.so" dev="dm-9" ino=957939 scontext=u:r:untrusted_app:s0:c39,c257,c512,c768 tcontext=u:object_r:app_data_file:s0:c39,c257,c512,c768 tclass=file app=com.mbwhatsapp
02-10 17:45:42.211 27415 27415 W Looper : PerfMonitor looperActivity : package=com.mbwhatsapp/.Icon0 time=152ms latency=481ms running=0ms procState=-1 historyMsgCount=2 (msgIndex=2 wall=479ms seq=2 late=7ms h=android.app.ActivityThread$H w=110)
02-10 17:45:42.213 27415 27415 W Looper : PerfMonitor looperActivity : package=com.mbwhatsapp/.Icon0 time=0ms latency=328ms running=0ms procState=-1 historyMsgCount=4 (msgIndex=1 wall=479ms seq=2 late=7ms h=android.app.ActivityThread$H w=110) (msgIndex=2 wall=152ms seq=3 late=481ms h=android.app.ActivityThread$H w=159)
02-10 17:45:42.241 27415 27485 E QT : [QT]file does not exist
02-10 17:45:42.252 27415 27415 W com.mbwhatsapp: Method void com.mbwhatsapp.HomeActivity.A6e() failed lock verification and will run slower.
02-10 17:45:42.599 27415 27415 E ArmVmp : Match on catch block at 0x0a in for 0x7d337b2031
02-10 17:45:42.622 27415 27415 E ArmVmp : Match on catch block at 0x0a in for 0x7d337b204d
02-10 17:45:42.656 27415 27498 W com.mbwhatsapp: Accessing hidden method Lcom/android/org/conscrypt/ConscryptEngineSocket;->setUseSessionTickets(Z)V (max- target-q,core-platform-api, reflection, denied)
02-10 17:45:42.656 27415 27498 W com.mbwhatsapp: Accessing hidden method Lcom/android/org/conscrypt/OpenSSLSocketImpl;->setUseSessionTickets(Z)V (max- target-q,core-platform-api, reflection, denied)
02-10 17:45:42.656 27415 27498 W com.mbwhatsapp: Accessing hidden method Lcom/android/org/conscrypt/AbstractConscryptSocket;->setUseSessionTickets(Z)V (max- target-q, reflection, denied)
02-10 17:45:42.656 27415 27498 W com.mbwhatsapp: Accessing hidden method Lcom/android/org/conscrypt/ConscryptEngineSocket;->setHostname(Ljava/lang/String;)V (max-target-q,core-platform-api, reflection, denied)
02-10 17:45:42.656 27415 27498 W com.mbwhatsapp: Accessing hidden method Lcom/android/org/conscrypt/OpenSSLSocketImpl;->setHostname(Ljava/lang/String;)V (max-target-q,core-platform-api, reflection, denied)
02-10 17:45:42.656 27415 27498 W com.mbwhatsapp: Accessing hidden method Lcom/android/org/conscrypt/AbstractConscryptSocket;->setHostname(Ljava/lang/ String;)V (max-target-q, reflection, denied)
02-10 17:45:42.656 27415 27498 W com.mbwhatsapp: Accessing hidden method Lcom/android/org/conscrypt/OpenSSLSocketImpl;->setAlpnProtocols([B)V (max-target- q,core-platform-api, reflection, denied)
02-10 17:45:42.656 27415 27498 W com.mbwhatsapp: Accessing hidden method Lcom/android/org/conscrypt/AbstractConscryptSocket;->setAlpnProtocols([B)V (max- target-q, reflection, denied)
02-10 17:45:42.767 27415 27498 W com.mbwhatsapp: Accessing hidden method Lcom/android/org/conscrypt/OpenSSLSocketImpl;->getAlpnSelectedProtocol()[B (max- target-q,core-platform-api, reflection, denied)
02-10 17:45:42.767 27415 27498 W com.mbwhatsapp: Accessing hidden method Lcom/android/org/conscrypt/AbstractConscryptSocket;->getAlpnSelectedProtocol()[B (max-target-q, reflection, denied)
02-10 17:45:42.792 27415 27415 W Looper : PerfMonitor looperActivity : package=com.mbwhatsapp/.HomeActivity time=1ms latency=568ms running=0ms procState=-1 historyMsgCount=4 (msgIndex=4 wall=557ms seq=13 late=8ms h=android.app.ActivityThread$H w=159)
02-10 17:45:43.086 27415 27484 E OpenGLRenderer: EglManager::makeCurrent mED = 0xb400007c643d48c0, surface = 0x0, mEC = 0xb400007be3106980, error = EGL_SUCCESS
02-10 17:45:43.093 27415 27484 E libEGL : pre_cache appList: com.sina.weibo,com.smile.gifmaker,com.ss.android.article.news,com.ss.android.ugc.aw eme,com.taobao.taobao,com.tencent.mm,tv.danmaku.bili,
02-10 17:45:43.274 27415 27483 W FirebaseMessaging: Message ack failed: java.util.concurrent.TimeoutException: Timed out waiting for Task
02-10 17:45:43.659 27415 27415 E RecyclerView: No adapter attached; skipping layout
02-10 17:45:43.759 27415 27484 E OpenGLRenderer: fbcNotifyFrameComplete error: undefined symbol: fbcNotifyFrameComplete
02-10 17:45:43.759 27415 27484 E OpenGLRenderer: fbcNotifyNoRender error: undefined symbol: fbcNotifyNoRender
02-10 17:45:43.766 27415 27415 W Looper : PerfMonitor doFrame : time=934ms vsyncFrame=0 latency=46ms procState=-1 historyMsgCount=35 (msgIndex=1 wall=557ms seq=13 late=8ms h=android.app.ActivityThread$H w=159)
02-10 17:45:43.823 27415 27484 E OpenGLRenderer: EglManager::makeCurrent mED = 0xb400007c643d48c0, surface = 0x0, mEC = 0xb400007be3106980, error = EGL_SUCCESS
02-10 17:45:43.829 27415 27415 E RecyclerView: No adapter attached; skipping layout
02-10 17:45:43.836 27415 27415 W Looper : PerfMonitor doFrame : time=49ms vsyncFrame=0 latency=935ms procState=-1 historyMsgCount=11 (msgIndex=1 wall=934ms seq=48 late=46ms h=android.view.Choreographer$FrameHandler c=android.view.Choreographer$FrameDisplayEventReceiver)
02-10 17:45:43.854 27415 27415 E ArmVmp : Match on catch block at 0x0a in for 0x7d337b2035
02-10 17:45:43.862 27415 27415 W Looper : PerfMonitor looperActivity : package=com.mbwhatsapp/mbmodsd.mbmodsw.mbsettings.yo.PauseActivity time=11ms latency=767ms running=0ms procState=-1 historyMsgCount=57 (msgIndex=1 wall=934ms seq=48 late=46ms h=android.view.Choreographer$FrameHandler c=android.view.Choreographer$FrameDisplayEventReceiver)
02-10 17:45:43.862 27415 27415 W Looper : PerfMonitor looperActivity : package=com.mbwhatsapp/mbmodsd.mbmodsw.mbsettings.yo.PauseActivity time=0ms latency=777ms running=0ms procState=-1 historyMsgCount=58 (msgIndex=1 wall=934ms seq=48 late=46ms h=android.view.Choreographer$FrameHandler c=android.view.Choreographer$FrameDisplayEventReceiver)
02-10 17:45:43.907 27415 27484 E OpenGLRenderer: EglManager::makeCurrent mED = 0xb400007c643d48c0, surface = 0x0, mEC = 0xb400007be3106980, error = EGL_SUCCESS
02-10 17:45:44.976 27415 27440 W LibraryVersion: Failed to get app version for libraryName: firebase-iid
02-10 17:45:45.057 27415 27578 W com.mbwhatsapp: Accessing hidden method Landroid/app/MiuiNotification;-><init>()V (blocked, reflection, denied)
02-10 17:45:45.265 27415 27415 W MirrorManager: this model don't Support
02-10 17:45:45.295 27415 27423 W com.mbwhatsapp: Cleared Reference was only reachable from finalizer (only reported once)
02-10 17:45:45.551 27415 27578 W com.mbwhatsapp: Accessing hidden method Landroid/app/MiuiNotification;-><init>()V (blocked, reflection, denied)
02-10 17:45:47.173 27415 27560 W BpBinder: PerfMonitor binderTransact : time=291ms interface=android.content.IContentProvider code=1
02-10 17:45:47.616 27415 27469 E SQLiteDatabase: Error inserting transferred=1 media_job_uuid=709dedbd-44ea-49f6-b40b-73894894c5c3 transcoded=0 gif_attribution=0 first_scan_length=0 direct_path=/v/t62.7117- 24/18863512_780719230630574_2603127352266584497_n.enc?ccb=11- 4&oh=01_AdT8G8hLSUuAiGlVfa52xu2tkyAGu-nM71iLkkJUFZ-0UA&oe=65EEAB50&_nc_sid=5e03e0 thumbnail_height_width_ratio=0.0 is_animated_sticker=0 file_hash=XLZE7nIQvmbjcDlBUoPMU4KR2tXYAGgjePuACLhbB9s= file_path=Media/MBWhatsApp Voice Notes/202406/PTT-20240210-WA0013.opus file_size=15486 partial_media_hash=null face_x=0 face_y=0 height=0 trim_to=0 media_key_timestamp=1707561936000 message_url=https://mmg.whatsapp.net/v/t62.7117- 24/18863512_780719230630574_2603127352266584497_n.enc?ccb=11- 4&oh=01_AdT8G8hLSUuAiGlVfa52xu2tkyAGu-nM71iLkkJUFZ- 0UA&oe=65EEAB50&_nc_sid=5e03e0&mms3=true media_caption=null trim_from=0 mime_type=audio/ogg; codecs=opus partial_media_enc_hash=null width=0 original_file_hash=null has_streaming_sidecar=0 autotransfer_retry_enabled=1 media_upload_handle=null message_row_id=1481 multicast_id=null enc_file_hash=okFn5RkxnnzH4ApePHcI1vuaPaofIGezSiR2s9xaUuQ= mute_video=0 page_count=0 first_scan_sidecar=null suspicious_content=0 file_length=15486 media_name=null media_duration=6 chat_row_id=183 media_key=[B@5782aed
02-10 17:45:47.616 27415 27469 E SQLiteDatabase: android.database.sqlite.SQLiteConstraintException: UNIQUE constraint failed: message_media.message_row_id (code 1555 SQLITE_CONSTRAINT_PRIMARYKEY)
02-10 17:45:47.616 27415 27469 E SQLiteDatabase: at android.database.sqlite.SQLiteConnection.nativeExecuteForLastInsertedRowId(Native Method)
02-10 17:45:47.616 27415 27469 E SQLiteDatabase: at android.database.sqlite.SQLiteConnection.executeForLastInsertedRowId(SQLiteConnecti on.java:940)
02-10 17:45:47.616 27415 27469 E SQLiteDatabase: at android.database.sqlite.SQLiteSession.executeForLastInsertedRowId(SQLiteSession.jav a:790)
02-10 17:45:47.616 27415 27469 E SQLiteDatabase: at android.database.sqlite.SQLiteStatement.executeInsert(SQLiteStatement.java:89)
02-10 17:45:47.616 27415 27469 E SQLiteDatabase: at android.database.sqlite.SQLiteDatabase.insertWithOnConflict(SQLiteDatabase.java:170 2)
02-10 17:45:47.616 27415 27469 E SQLiteDatabase: at android.database.sqlite.SQLiteDatabase.insert(SQLiteDatabase.java:1571)
02-10 17:45:47.616 27415 27469 E SQLiteDatabase: at X.2tm.A08(Unknown Source:6)
02-10 17:45:47.616 27415 27469 E SQLiteDatabase: at X.35Y.A07(Unknown Source:212)
02-10 17:45:47.616 27415 27469 E SQLiteDatabase: at X.3QF.A14(Unknown Source:470)
02-10 17:45:47.616 27415 27469 E SQLiteDatabase: at X.3gU.run(Unknown Source:982)
02-10 17:45:47.616 27415 27469 E SQLiteDatabase: at android.os.Handler.handleCallback(Handler.java:938)
02-10 17:45:47.616 27415 27469 E SQLiteDatabase: at android.os.Handler.dispatchMessage(Handler.java:99)
02-10 17:45:47.616 27415 27469 E SQLiteDatabase: at X.0zq.dispatchMessage(Unknown Source:4)
02-10 17:45:47.616 27415 27469 E SQLiteDatabase: at android.os.Looper.loopOnce(Looper.java:211)
02-10 17:45:47.616 27415 27469 E SQLiteDatabase: at android.os.Looper.loop(Looper.java:300)
02-10 17:45:47.616 27415 27469 E SQLiteDatabase: at android.os.HandlerThread.run(HandlerThread.java:67)
02-10 17:45:47.672 27415 27578 W com.mbwhatsapp: Accessing hidden method Landroid/app/MiuiNotification;-><init>()V (blocked, reflection, denied)
02-10 17:45:48.034 27415 27633 E RenderScript: Failed loading RS driver: dlopen failed: library "libRSDriver_mtk.so" not found
02-10 17:45:48.034 27415 27633 E RenderScript: Failed to load runtime libRSDriver_mtk.so, loading default
02-10 17:45:48.221 27415 27643 W LOTTIE : Unknown shape type rd
02-10 17:45:48.300 27415 27415 E ArmVmp : Match on catch block at 0x0a in for 0x7d337b2035
02-10 17:45:48.306 27415 27415 E ArmVmp : Match on catch block at 0x0a in for 0x7d337b2035
02-10 17:45:48.335 27415 27415 E ArmVmp : Match on catch block at 0x0a in for 0x7d337b2071
02-10 17:45:48.407 27415 27415 W Looper : PerfMonitor looperActivity : package=com.mbwhatsapp/.Conversation time=0ms latency=509ms running=0ms procState=-1 historyMsgCount=3 (msgIndex=3 wall=500ms seq=1249 late=8ms h=android.app.ActivityThread$H w=159)
02-10 17:45:48.630 27415 27415 E ArmVmp : Match on catch block at 0xc3 in for 0x7d337b2021
02-10 17:45:48.635 27415 27415 E ArmVmp : Match on catch block at 0xc3 in for 0x7d337b2021
02-10 17:45:48.639 27415 27415 E ArmVmp : Match on catch block at 0xc3 in for 0x7d337b2021
02-10 17:45:48.657 27415 27484 E libEGL : pre_cache appList: com.sina.weibo,com.smile.gifmaker,com.ss.android.article.news,com.ss.android.ugc.aw eme,com.taobao.taobao,com.tencent.mm,tv.danmaku.bili,
02-10 17:45:48.761 27415 27415 W Looper : PerfMonitor doFrame : time=355ms vsyncFrame=0 latency=491ms procState=-1 historyMsgCount=2 (msgIndex=1 wall=500ms seq=1249 late=8ms h=android.app.ActivityThread$H w=159)
02-10 17:45:48.868 27415 27415 E ArmVmp : Match on catch block at 0xc3 in for 0x7d337b2025
02-10 17:45:48.871 27415 27415 E ArmVmp : Match on catch block at 0xc3 in for 0x7d337b2025
02-10 17:45:48.874 27415 27415 E ArmVmp : Match on catch block at 0xc3 in for 0x7d337b2025
02-10 17:45:48.926 27415 27415 W Looper : PerfMonitor doFrame : time=130ms vsyncFrame=0 latency=381ms procState=-1 historyMsgCount=101 (msgIndex=1 wall=355ms seq=1251 late=491ms h=android.view.Choreographer$FrameHandler c=android.view.Choreographer$FrameDisplayEventReceiver)
02-10 17:45:48.979 27415 27415 E ArmVmp : Match on catch block at 0x0a in for 0x7d337b207d
02-10 17:45:49.043 27415 27578 W com.mbwhatsapp: Accessing hidden method Landroid/app/MiuiNotification;-><init>()V (blocked, reflection, denied)
02-10 17:45:49.054 27415 27415 E ArmVmp : Match on catch block at 0xc3 in for 0x7d337b2025
02-10 17:45:49.057 27415 27415 E ArmVmp : Match on catch block at 0xc3 in for 0x7d337b2025
02-10 17:45:49.059 27415 27415 E ArmVmp : Match on catch block at 0xc3 in for 0x7d337b2025
02-10 17:45:49.159 27415 27415 E ArmVmp : Match on catch block at 0xc3 in for 0x7d337b2025
02-10 17:45:49.162 27415 27415 E ArmVmp : Match on catch block at 0xc3 in for 0x7d337b2025
02-10 17:45:49.164 27415 27415 E ArmVmp : Match on catch block at 0xc3 in for 0x7d337b2025
02-10 17:45:49.231 27415 27415 E ArmVmp : Match on catch block at 0xc3 in for 0x7d337b2025
02-10 17:45:49.233 27415 27415 E ArmVmp : Match on catch block at 0xc3 in for 0x7d337b2025
02-10 17:45:49.235 27415 27415 E ArmVmp : Match on catch block at 0xc3 in for 0x7d337b2025
02-10 17:45:49.432 27415 27415 E ArmVmp : Match on catch block at 0xc3 in for 0x7d337b2025
02-10 17:45:49.435 27415 27415 E ArmVmp : Match on catch block at 0xc3 in for 0x7d337b2025
02-10 17:45:49.437 27415 27415 E ArmVmp : Match on catch block at 0xc3 in for 0x7d337b2025
02-10 17:45:49.450 27415 27578 W com.mbwhatsapp: Accessing hidden method Landroid/app/MiuiNotification;-><init>()V (blocked, reflection, denied)
02-10 17:45:49.496 27415 27415 E ArmVmp : Match on catch block at 0xc3 in for 0x7d337b2025
02-10 17:45:49.498 27415 27415 E ArmVmp : Match on catch block at 0xc3 in for 0x7d337b2025
02-10 17:45:49.499 27415 27415 E ArmVmp : Match on catch block at 0xc3 in for 0x7d337b2025
02-10 17:45:49.559 27415 27415 E ArmVmp : Match on catch block at 0xc3 in for 0x7d337b2025
02-10 17:45:49.561 27415 27415 E ArmVmp : Match on catch block at 0xc3 in for 0x7d337b2025
02-10 17:45:49.563 27415 27415 E ArmVmp : Match on catch block at 0xc3 in for 0x7d337b2025
02-10 17:45:49.597 27415 27415 E ArmVmp : Match on catch block at 0xc3 in for 0x7d337b2025
02-10 17:45:49.599 27415 27415 E ArmVmp : Match on catch block at 0xc3 in for 0x7d337b2025
02-10 17:45:49.600 27415 27415 E ArmVmp : Match on catch block at 0xc3 in for 0x7d337b2025
02-10 17:45:49.630 27415 27415 E ArmVmp : Match on catch block at 0xc3 in for 0x7d337b2025
02-10 17:45:49.631 27415 27415 E ArmVmp : Match on catch block at 0xc3 in for 0x7d337b2025
02-10 17:45:49.633 27415 27415 E ArmVmp : Match on catch block at 0xc3 in for 0x7d337b2025
02-10 17:45:49.663 27415 27415 E ArmVmp : Match on catch block at 0xc3 in for 0x7d337b2025
02-10 17:45:49.665 27415 27415 E ArmVmp : Match on catch block at 0xc3 in for 0x7d337b2025
02-10 17:45:49.666 27415 27415 E ArmVmp : Match on catch block at 0xc3 in for 0x7d337b2025
02-10 17:45:49.695 27415 27415 E ArmVmp : Match on catch block at 0xc3 in for 0x7d337b2025
02-10 17:45:49.697 27415 27415 E ArmVmp : Match on catch block at 0xc3 in for 0x7d337b2025
02-10 17:45:49.698 27415 27415 E ArmVmp : Match on catch block at 0xc3 in for 0x7d337b2025
02-10 17:45:49.727 27415 27415 E ArmVmp : Match on catch block at 0xc3 in for 0x7d337b2025
02-10 17:45:49.729 27415 27415 E ArmVmp : Match on catch block at 0xc3 in for 0x7d337b2025
02-10 17:45:49.730 27415 27415 E ArmVmp : Match on catch block at 0xc3 in for 0x7d337b2025
02-10 17:45:49.761 27415 27415 E ArmVmp : Match on catch block at 0xc3 in for 0x7d337b2025
02-10 17:45:49.763 27415 27415 E ArmVmp : Match on catch block at 0xc3 in for 0x7d337b2025
02-10 17:45:49.764 27415 27415 E ArmVmp : Match on catch block at 0xc3 in for 0x7d337b2025
02-10 17:45:49.793 27415 27415 E ArmVmp : Match on catch block at 0xc3 in for 0x7d337b2025
02-10 17:45:49.795 27415 27415 E ArmVmp : Match on catch block at 0xc3 in for 0x7d337b2025
02-10 17:45:49.796 27415 27415 E ArmVmp : Match on catch block at 0xc3 in for 0x7d337b2025
02-10 17:45:49.825 27415 27415 E ArmVmp : Match on catch block at 0xc3 in for 0x7d337b2025
02-10 17:45:49.826 27415 27415 E ArmVmp : Match on catch block at 0xc3 in for 0x7d337b2025
02-10 17:45:49.828 27415 27415 E ArmVmp : Match on catch block at 0xc3 in for 0x7d337b2025
02-10 17:45:49.890 27415 27415 E ArmVmp : Match on catch block at 0xc3 in for 0x7d337b2025
02-10 17:45:49.892 27415 27415 E ArmVmp : Match on catch block at 0xc3 in for 0x7d337b2025
02-10 17:45:49.895 27415 27415 E ArmVmp : Match on catch block at 0xc3 in for 0x7d337b2025
02-10 17:45:49.954 27415 27415 E ArmVmp : Match on catch block at 0xc3 in for 0x7d337b2025
02-10 17:45:49.956 27415 27415 E ArmVmp : Match on catch block at 0xc3 in for 0x7d337b2025
02-10 17:45:49.959 27415 27415 E ArmVmp : Match on catch block at 0xc3 in for 0x7d337b2025
02-10 17:45:50.003 27415 27415 E ArmVmp : Match on catch block at 0xc3 in for 0x7d337b2025
02-10 17:45:50.005 27415 27415 E ArmVmp : Match on catch block at 0xc3 in for 0x7d337b2025
02-10 17:45:50.007 27415 27415 E ArmVmp : Match on catch block at 0xc3 in for 0x7d337b2025
02-10 17:45:50.059 27415 27415 E ArmVmp : Match on catch block at 0xc3 in for 0x7d337b2025
02-10 17:45:50.061 27415 27415 E ArmVmp : Match on catch block at 0xc3 in for 0x7d337b2025
02-10 17:45:50.062 27415 27415 E ArmVmp : Match on catch block at 0xc3 in for 0x7d337b2025
02-10 17:45:50.091 27415 27415 E ArmVmp : Match on catch block at 0xc3 in for 0x7d337b2025
02-10 17:45:50.093 27415 27415 E ArmVmp : Match on catch block at 0xc3 in for 0x7d337b2025
02-10 17:45:50.095 27415 27415 E ArmVmp : Match on catch block at 0xc3 in for 0x7d337b2025
02-10 17:45:50.115 27415 27415 E ArmVmp : Match on catch block at 0xc3 in for 0x7d337b2025
02-10 17:45:50.116 27415 27415 E ArmVmp : Match on catch block at 0xc3 in for 0x7d337b2025
02-10 17:45:50.117 27415 27415 E ArmVmp : Match on catch block at 0xc3 in for 0x7d337b2025
02-10 17:45:50.141 27415 27415 E ArmVmp : Match on catch block at 0xc3 in for 0x7d337b2025
02-10 17:45:50.143 27415 27415 E ArmVmp : Match on catch block at 0xc3 in for 0x7d337b2025
02-10 17:45:50.144 27415 27415 E ArmVmp : Match on catch block at 0xc3 in for 0x7d337b2025
02-10 17:45:50.166 27415 27415 E ArmVmp : Match on catch block at 0xc3 in for 0x7d337b2025
02-10 17:45:50.168 27415 27415 E ArmVmp : Match on catch block at 0xc3 in for 0x7d337b2025
02-10 17:45:50.169 27415 27415 E ArmVmp : Match on catch block at 0xc3 in for 0x7d337b2025
02-10 17:45:50.206 27415 27415 E ArmVmp : Match on catch block at 0xc3 in for 0x7d337b2025
02-10 17:45:50.207 27415 27415 E ArmVmp : Match on catch block at 0xc3 in for 0x7d337b2025
02-10 17:45:50.208 27415 27415 E ArmVmp : Match on catch block at 0xc3 in for 0x7d337b2025
02-10 17:45:50.231 27415 27415 E ArmVmp : Match on catch block at 0xc3 in for 0x7d337b2025
02-10 17:45:50.233 27415 27415 E ArmVmp : Match on catch block at 0xc3 in for 0x7d337b2025
02-10 17:45:50.234 27415 27415 E ArmVmp : Match on catch block at 0xc3 in for 0x7d337b2025
02-10 17:45:50.253 27415 27415 E ArmVmp : Match on catch block at 0xc3 in for 0x7d337b2025
02-10 17:45:50.255 27415 27415 E ArmVmp : Match on catch block at 0xc3 in for 0x7d337b2025
02-10 17:45:50.257 27415 27415 E ArmVmp : Match on catch block at 0xc3 in for 0x7d337b2025
02-10 17:45:50.278 27415 27415 E ArmVmp : Match on catch block at 0xc3 in for 0x7d337b2025
02-10 17:45:50.279 27415 27415 E ArmVmp : Match on catch block at 0xc3 in for 0x7d337b2025
02-10 17:45:50.281 27415 27415 E ArmVmp : Match on catch block at 0xc3 in for 0x7d337b2025
02-10 17:45:50.303 27415 27415 E ArmVmp : Match on catch block at 0xc3 in for 0x7d337b2025
02-10 17:45:50.305 27415 27415 E ArmVmp : Match on catch block at 0xc3 in for 0x7d337b2025
02-10 17:45:50.306 27415 27415 E ArmVmp : Match on catch block at 0xc3 in for 0x7d337b2025
02-10 17:45:50.327 27415 27415 E ArmVmp : Match on catch block at 0xc3 in for 0x7d337b2025
02-10 17:45:50.328 27415 27415 E ArmVmp : Match on catch block at 0xc3 in for 0x7d337b2025
02-10 17:45:50.330 27415 27415 E ArmVmp : Match on catch block at 0xc3 in for 0x7d337b2025
02-10 17:45:50.350 27415 27415 E ArmVmp : Match on catch block at 0xc3 in for 0x7d337b2025
02-10 17:45:50.351 27415 27415 E ArmVmp : Match on catch block at 0xc3 in for 0x7d337b2025
02-10 17:45:50.353 27415 27415 E ArmVmp : Match on catch block at 0xc3 in for 0x7d337b2025
02-10 17:45:50.372 27415 27415 E ArmVmp : Match on catch block at 0xc3 in for 0x7d337b2025
02-10 17:45:50.374 27415 27415 E ArmVmp : Match on catch block at 0xc3 in for 0x7d337b2025
02-10 17:45:50.375 27415 27415 E ArmVmp : Match on catch block at 0xc3 in for 0x7d337b2025
02-10 17:45:50.395 27415 27415 E ArmVmp : Match on catch block at 0xc3 in for 0x7d337b2025
02-10 17:45:50.396 27415 27415 E ArmVmp : Match on catch block at 0xc3 in for 0x7d337b2025
02-10 17:45:50.398 27415 27415 E ArmVmp : Match on catch block at 0xc3 in for 0x7d337b2025
02-10 17:45:50.416 27415 27415 E ArmVmp : Match on catch block at 0xc3 in for 0x7d337b2025
02-10 17:45:50.417 27415 27415 E ArmVmp : Match on catch block at 0xc3 in for 0x7d337b2025
02-10 17:45:50.419 27415 27415 E ArmVmp : Match on catch block at 0xc3 in for 0x7d337b2025
02-10 17:45:50.439 27415 27415 E ArmVmp : Match on catch block at 0xc3 in for 0x7d337b2025
02-10 17:45:50.440 27415 27415 E ArmVmp : Match on catch block at 0xc3 in for 0x7d337b2025
02-10 17:45:50.442 27415 27415 E ArmVmp : Match on catch block at 0xc3 in for 0x7d337b2025
02-10 17:45:50.480 27415 27415 E ArmVmp : Match on catch block at 0xc3 in for 0x7d337b2025
02-10 17:45:50.482 27415 27415 E ArmVmp : Match on catch block at 0xc3 in for 0x7d337b2025
02-10 17:45:50.483 27415 27415 E ArmVmp : Match on catch block at 0xc3 in for 0x7d337b2025
02-10 17:45:50.507 27415 27415 E ArmVmp : Match on catch block at 0xc3 in for 0x7d337b2025
02-10 17:45:50.509 27415 27415 E ArmVmp : Match on catch block at 0xc3 in for 0x7d337b2025
02-10 17:45:50.510 27415 27415 E ArmVmp : Match on catch block at 0xc3 in for 0x7d337b2025
02-10 17:45:50.531 27415 27415 E ArmVmp : Match on catch block at 0xc3 in for 0x7d337b2025
02-10 17:45:50.533 27415 27415 E ArmVmp : Match on catch block at 0xc3 in for 0x7d337b2025
02-10 17:45:50.534 27415 27415 E ArmVmp : Match on catch block at 0xc3 in for 0x7d337b2025
02-10 17:45:50.557 27415 27415 E ArmVmp : Match on catch block at 0xc3 in for 0x7d337b2025
02-10 17:45:50.559 27415 27415 E ArmVmp : Match on catch block at 0xc3 in for 0x7d337b2025
02-10 17:45:50.561 27415 27415 E ArmVmp : Match on catch block at 0xc3 in for 0x7d337b2025
02-10 17:45:50.587 27415 27415 E ArmVmp : Match on catch block at 0xc3 in for 0x7d337b2025
02-10 17:45:50.588 27415 27415 E ArmVmp : Match on catch block at 0xc3 in for 0x7d337b2025
02-10 17:45:50.590 27415 27415 E ArmVmp : Match on catch block at 0xc3 in for 0x7d337b2025
02-10 17:45:50.608 27415 27415 E ArmVmp : Match on catch block at 0xc3 in for 0x7d337b2025
02-10 17:45:50.610 27415 27415 E ArmVmp : Match on catch block at 0xc3 in for 0x7d337b2025
02-10 17:45:50.611 27415 27415 E ArmVmp : Match on catch block at 0xc3 in for 0x7d337b2025
02-10 17:45:50.642 27415 27415 E ArmVmp : Match on catch block at 0xc3 in for 0x7d337b2025
02-10 17:45:50.643 27415 27415 E ArmVmp : Match on catch block at 0xc3 in for 0x7d337b2025
02-10 17:45:50.644 27415 27415 E ArmVmp : Match on catch block at 0xc3 in for 0x7d337b2025
02-10 17:45:50.676 27415 27415 E ArmVmp : Match on catch block at 0xc3 in for 0x7d337b2025
02-10 17:45:50.677 27415 27415 E ArmVmp : Match on catch block at 0xc3 in for 0x7d337b2025
02-10 17:45:50.679 27415 27415 E ArmVmp : Match on catch block at 0xc3 in for 0x7d337b2025
02-10 17:45:50.713 27415 27415 E ArmVmp : Match on catch block at 0xc3 in for 0x7d337b2025
02-10 17:45:50.715 27415 27415 E ArmVmp : Match on catch block at 0xc3 in for 0x7d337b2025
02-10 17:45:50.716 27415 27415 E ArmVmp : Match on catch block at 0xc3 in for 0x7d337b2025
02-10 17:45:50.742 27415 27415 E ArmVmp : Match on catch block at 0xc3 in for 0x7d337b2025
02-10 17:45:50.744 27415 27415 E ArmVmp : Match on catch block at 0xc3 in for 0x7d337b2025
02-10 17:45:50.745 27415 27415 E ArmVmp : Match on catch block at 0xc3 in for 0x7d337b2025
02-10 17:45:50.770 27415 27415 E ArmVmp : Match on catch block at 0xc3 in for 0x7d337b2025
02-10 17:45:50.771 27415 27415 E ArmVmp : Match on catch block at 0xc3 in for 0x7d337b2025
02-10 17:45:50.773 27415 27415 E ArmVmp : Match on catch block at 0xc3 in for 0x7d337b2025
02-10 17:45:50.792 27415 27415 E ArmVmp : Match on catch block at 0xc3 in for 0x7d337b2025
02-10 17:45:50.793 27415 27415 E ArmVmp : Match on catch block at 0xc3 in for 0x7d337b2025
02-10 17:45:50.795 27415 27415 E ArmVmp : Match on catch block at 0xc3 in for 0x7d337b2025
02-10 17:45:50.817 27415 27415 E ArmVmp : Match on catch block at 0xc3 in for 0x7d337b2025
02-10 17:45:50.819 27415 27415 E ArmVmp : Match on catch block at 0xc3 in for 0x7d337b2025
02-10 17:45:50.820 27415 27415 E ArmVmp : Match on catch block at 0xc3 in for 0x7d337b2025
02-10 17:45:50.839 27415 27415 E ArmVmp : Match on catch block at 0xc3 in for 0x7d337b2025
02-10 17:45:50.841 27415 27415 E ArmVmp : Match on catch block at 0xc3 in for 0x7d337b2025
02-10 17:45:50.842 27415 27415 E ArmVmp : Match on catch block at 0xc3 in for 0x7d337b2025
02-10 17:45:50.864 27415 27415 E ArmVmp : Match on catch block at 0xc3 in for 0x7d337b2025
02-10 17:45:50.865 27415 27415 E ArmVmp : Match on catch block at 0xc3 in for 0x7d337b2025
02-10 17:45:50.867 27415 27415 E ArmVmp : Match on catch block at 0xc3 in for 0x7d337b2025
02-10 17:45:50.887 27415 27415 E ArmVmp : Match on catch block at 0xc3 in for 0x7d337b2025
02-10 17:45:50.889 27415 27415 E ArmVmp : Match on catch block at 0xc3 in for 0x7d337b2025
02-10 17:45:50.890 27415 27415 E ArmVmp : Match on catch block at 0xc3 in for 0x7d337b2025
02-10 17:45:50.912 27415 27415 E ArmVmp : Match on catch block at 0xc3 in for 0x7d337b2025
02-10 17:45:50.913 27415 27415 E ArmVmp : Match on catch block at 0xc3 in for 0x7d337b2025
02-10 17:45:50.915 27415 27415 E ArmVmp : Match on catch block at 0xc3 in for 0x7d337b2025
02-10 17:45:50.927 27415 27415 E ArmVmp : Match on catch block at 0xc3 in for 0x7d337b2025
02-10 17:45:50.929 27415 27415 E ArmVmp : Match on catch block at 0xc3 in for 0x7d337b2025
02-10 17:45:50.930 27415 27415 E ArmVmp : Match on catch block at 0xc3 in for 0x7d337b2025
02-10 17:45:50.971 27415 27415 E ArmVmp : Match on catch block at 0xc3 in for 0x7d337b2025
02-10 17:45:50.972 27415 27415 E ArmVmp : Match on catch block at 0xc3 in for 0x7d337b2025
02-10 17:45:50.974 27415 27415 E ArmVmp : Match on catch block at 0xc3 in for 0x7d337b2025
02-10 17:45:51.025 27415 27415 E ArmVmp : Match on catch block at 0xc3 in for 0x7d337b2025
02-10 17:45:51.027 27415 27415 E ArmVmp : Match on catch block at 0xc3 in for 0x7d337b2025
02-10 17:45:51.029 27415 27415 E ArmVmp : Match on catch block at 0xc3 in for 0x7d337b2025
02-10 17:45:51.038 27415 27415 E ArmVmp : Match on catch block at 0xc3 in for 0x7d337b2025
02-10 17:45:51.040 27415 27415 E ArmVmp : Match on catch block at 0xc3 in for 0x7d337b2025
02-10 17:45:51.041 27415 27415 E ArmVmp : Match on catch block at 0xc3 in for 0x7d337b2025
02-10 17:45:51.050 27415 27415 E ArmVmp : Match on catch block at 0xc3 in for 0x7d337b2025
02-10 17:45:51.053 27415 27415 E ArmVmp : Match on catch block at 0xc3 in for 0x7d337b2025
02-10 17:45:51.055 27415 27415 E ArmVmp : Match on catch block at 0xc3 in for 0x7d337b2025
02-10 17:45:51.065 27415 27415 E ArmVmp : Match on catch block at 0xc3 in for 0x7d337b2025
02-10 17:45:51.066 27415 27415 E ArmVmp : Match on catch block at 0xc3 in for 0x7d337b2025
02-10 17:45:51.068 27415 27415 E ArmVmp : Match on catch block at 0xc3 in for 0x7d337b2025
02-10 17:45:51.089 27415 27415 E ArmVmp : Match on catch block at 0xc3 in for 0x7d337b2025
02-10 17:45:51.091 27415 27415 E ArmVmp : Match on catch block at 0xc3 in for 0x7d337b2025
02-10 17:45:51.093 27415 27415 E ArmVmp : Match on catch block at 0xc3 in for 0x7d337b2025
02-10 17:45:51.105 27415 27415 E ArmVmp : Match on catch block at 0xc3 in for 0x7d337b2025
02-10 17:45:51.107 27415 27415 E ArmVmp : Match on catch block at 0xc3 in for 0x7d337b2025
02-10 17:45:51.109 27415 27415 E ArmVmp : Match on catch block at 0xc3 in for 0x7d337b2025
02-10 17:45:51.116 27415 27578 W com.mbwhatsapp: Accessing hidden method Landroid/app/MiuiNotification;-><init>()V (blocked, reflection, denied)
02-10 17:45:51.129 27415 27415 E ArmVmp : Match on catch block at 0xc3 in for 0x7d337b2025
02-10 17:45:51.131 27415 27415 E ArmVmp : Match on catch block at 0xc3 in for 0x7d337b2025
02-10 17:45:51.132 27415 27415 E ArmVmp : Match on catch block at 0xc3 in for 0x7d337b2025
02-10 17:45:51.143 27415 27415 E ArmVmp : Match on catch block at 0xc3 in for 0x7d337b2025
02-10 17:45:51.145 27415 27415 E ArmVmp : Match on catch block at 0xc3 in for 0x7d337b2025
02-10 17:45:51.146 27415 27415 E ArmVmp : Match on catch block at 0xc3 in for 0x7d337b2025
02-10 17:45:51.155 27415 27415 E ArmVmp : Match on catch block at 0xc3 in for 0x7d337b2025
02-10 17:45:51.157 27415 27415 E ArmVmp : Match on catch block at 0xc3 in for 0x7d337b2025
02-10 17:45:51.159 27415 27415 E ArmVmp : Match on catch block at 0xc3 in for 0x7d337b2025
02-10 17:45:51.168 27415 27415 E ArmVmp : Match on catch block at 0xc3 in for 0x7d337b2025
02-10 17:45:51.169 27415 27415 E ArmVmp : Match on catch block at 0xc3 in for 0x7d337b2025
02-10 17:45:51.171 27415 27415 E ArmVmp : Match on catch block at 0xc3 in for 0x7d337b2025
02-10 17:45:51.181 27415 27415 E ArmVmp : Match on catch block at 0xc3 in for 0x7d337b2025
02-10 17:45:51.183 27415 27415 E ArmVmp : Match on catch block at 0xc3 in for 0x7d337b2025
02-10 17:45:51.184 27415 27415 E ArmVmp : Match on catch block at 0xc3 in for 0x7d337b2025
02-10 17:45:51.198 27415 27415 E ArmVmp : Match on catch block at 0xc3 in for 0x7d337b2025
02-10 17:45:51.199 27415 27415 E ArmVmp : Match on catch block at 0xc3 in for 0x7d337b2025
02-10 17:45:51.202 27415 27415 E ArmVmp : Match on catch block at 0xc3 in for 0x7d337b2025
02-10 17:45:51.215 27415 27415 E ArmVmp : Match on catch block at 0xc3 in for 0x7d337b2025
02-10 17:45:51.216 27415 27415 E ArmVmp : Match on catch block at 0xc3 in for 0x7d337b2025
02-10 17:45:51.218 27415 27415 E ArmVmp : Match on catch block at 0xc3 in for 0x7d337b2025
02-10 17:45:51.231 27415 27415 E ArmVmp : Match on catch block at 0xc3 in for 0x7d337b2025
02-10 17:45:51.234 27415 27415 E ArmVmp : Match on catch block at 0xc3 in for 0x7d337b2025
02-10 17:45:51.236 27415 27415 E ArmVmp : Match on catch block at 0xc3 in for 0x7d337b2025
02-10 17:45:51.248 27415 27415 E ArmVmp : Match on catch block at 0xc3 in for 0x7d337b2025
02-10 17:45:51.250 27415 27415 E ArmVmp : Match on catch block at 0xc3 in for 0x7d337b2025
02-10 17:45:51.252 27415 27415 E ArmVmp : Match on catch block at 0xc3 in for 0x7d337b2025
02-10 17:45:51.265 27415 27415 E ArmVmp : Match on catch block at 0xc3 in for 0x7d337b2025
02-10 17:45:51.266 27415 27415 E ArmVmp : Match on catch block at 0xc3 in for 0x7d337b2025
02-10 17:45:51.268 27415 27415 E ArmVmp : Match on catch block at 0xc3 in for 0x7d337b2025
02-10 17:45:51.281 27415 27415 E ArmVmp : Match on catch block at 0xc3 in for 0x7d337b2025
02-10 17:45:51.283 27415 27415 E ArmVmp : Match on catch block at 0xc3 in for 0x7d337b2025
02-10 17:45:51.285 27415 27415 E ArmVmp : Match on catch block at 0xc3 in for 0x7d337b2025
02-10 17:45:51.298 27415 27415 E ArmVmp : Match on catch block at 0xc3 in for 0x7d337b2025
02-10 17:45:51.300 27415 27415 E ArmVmp : Match on catch block at 0xc3 in for 0x7d337b2025
02-10 17:45:51.302 27415 27415 E ArmVmp : Match on catch block at 0xc3 in for 0x7d337b2025
02-10 17:45:51.315 27415 27415 E ArmVmp : Match on catch block at 0xc3 in for 0x7d337b2025
02-10 17:45:51.316 27415 27415 E ArmVmp : Match on catch block at 0xc3 in for 0x7d337b2025
02-10 17:45:51.318 27415 27415 E ArmVmp : Match on catch block at 0xc3 in for 0x7d337b2025
02-10 17:45:51.331 27415 27415 E ArmVmp : Match on catch block at 0xc3 in for 0x7d337b2025
02-10 17:45:51.333 27415 27415 E ArmVmp : Match on catch block at 0xc3 in for 0x7d337b2025
02-10 17:45:51.334 27415 27415 E ArmVmp : Match on catch block at 0xc3 in for 0x7d337b2025
02-10 17:45:51.348 27415 27415 E ArmVmp : Match on catch block at 0xc3 in for 0x7d337b2025
02-10 17:45:51.350 27415 27415 E ArmVmp : Match on catch block at 0xc3 in for 0x7d337b2025
02-10 17:45:51.352 27415 27415 E ArmVmp : Match on catch block at 0xc3 in for 0x7d337b2025
02-10 17:45:51.367 27415 27415 E ArmVmp : Match on catch block at 0xc3 in for 0x7d337b2025
02-10 17:45:51.369 27415 27415 E ArmVmp : Match on catch block at 0xc3 in for 0x7d337b2025
02-10 17:45:51.370 27415 27415 E ArmVmp : Match on catch block at 0xc3 in for 0x7d337b2025
02-10 17:45:51.387 27415 27415 E ArmVmp : Match on catch block at 0xc3 in for 0x7d337b2025
02-10 17:45:51.390 27415 27415 E ArmVmp : Match on catch block at 0xc3 in for 0x7d337b2025
02-10 17:45:51.391 27415 27415 E ArmVmp : Match on catch block at 0xc3 in for 0x7d337b2025
02-10 17:45:51.407 27415 27415 E ArmVmp : Match on catch block at 0xc3 in for 0x7d337b2025
02-10 17:45:51.409 27415 27415 E ArmVmp : Match on catch block at 0xc3 in for 0x7d337b2025
02-10 17:45:51.410 27415 27415 E ArmVmp : Match on catch block at 0xc3 in for 0x7d337b2025
02-10 17:45:51.418 27415 27578 W com.mbwhatsapp: Accessing hidden method Landroid/app/MiuiNotification;-><init>()V (blocked, reflection, denied)
02-10 17:45:51.431 27415 27415 E ArmVmp : Match on catch block at 0xc3 in for 0x7d337b2025
02-10 17:45:51.432 27415 27415 E ArmVmp : Match on catch block at 0xc3 in for 0x7d337b2025
02-10 17:45:51.434 27415 27415 E ArmVmp : Match on catch block at 0xc3 in for 0x7d337b2025
02-10 17:45:51.448 27415 27415 E ArmVmp : Match on catch block at 0xc3 in for 0x7d337b2025
02-10 17:45:51.450 27415 27415 E ArmVmp : Match on catch block at 0xc3 in for 0x7d337b2025
02-10 17:45:51.452 27415 27415 E ArmVmp : Match on catch block at 0xc3 in for 0x7d337b2025
02-10 17:45:51.465 27415 27415 E ArmVmp : Match on catch block at 0xc3 in for 0x7d337b2025
02-10 17:45:51.467 27415 27415 E ArmVmp : Match on catch block at 0xc3 in for 0x7d337b2025
02-10 17:45:51.469 27415 27415 E ArmVmp : Match on catch block at 0xc3 in for 0x7d337b2025
02-10 17:45:51.484 27415 27415 E ArmVmp : Match on catch block at 0xc3 in for 0x7d337b2025
02-10 17:45:51.486 27415 27415 E ArmVmp : Match on catch block at 0xc3 in for 0x7d337b2025
02-10 17:45:51.489 27415 27415 E ArmVmp : Match on catch block at 0xc3 in for 0x7d337b2025
02-10 17:45:51.501 27415 27415 E ArmVmp : Match on catch block at 0xc3 in for 0x7d337b2025
02-10 17:45:51.503 27415 27415 E ArmVmp : Match on catch block at 0xc3 in for 0x7d337b2025
02-10 17:45:51.505 27415 27415 E ArmVmp : Match on catch block at 0xc3 in for 0x7d337b2025
02-10 17:45:51.518 27415 27415 E ArmVmp : Match on catch block at 0xc3 in for 0x7d337b2025
02-10 17:45:51.520 27415 27415 E ArmVmp : Match on catch block at 0xc3 in for 0x7d337b2025
02-10 17:45:51.521 27415 27415 E ArmVmp : Match on catch block at 0xc3 in for 0x7d337b2025
02-10 17:45:51.539 27415 27415 E ArmVmp : Match on catch block at 0xc3 in for 0x7d337b2025
02-10 17:45:51.542 27415 27415 E ArmVmp : Match on catch block at 0xc3 in for 0x7d337b2025
02-10 17:45:51.543 27415 27415 E ArmVmp : Match on catch block at 0xc3 in for 0x7d337b2025
02-10 17:45:51.564 27415 27484 E OpenGLRenderer: EglManager::makeCurrent mED = 0xb400007c643d48c0, surface = 0x0, mEC = 0xb400007be3106980, error = EGL_SUCCESS
02-10 17:45:51.566 27415 27415 E ArmVmp : Match on catch block at 0xc3 in for 0x7d337b2025
02-10 17:45:51.568 27415 27415 E ArmVmp : Match on catch block at 0xc3 in for 0x7d337b2025
02-10 17:45:51.571 27415 27415 E ArmVmp : Match on catch block at 0xc3 in for 0x7d337b2025
02-10 17:45:51.591 27415 27484 E OpenGLRenderer: EglManager::makeCurrent mED = 0xb400007c643d48c0, surface = 0x0, mEC = 0xb400007be3106980, error = EGL_SUCCESS
02-10 17:45:51.593 27415 27415 E ArmVmp : Match on catch block at 0xc3 in for 0x7d337b2025
02-10 17:45:51.595 27415 27415 E ArmVmp : Match on catch block at 0xc3 in for 0x7d337b2025
02-10 17:45:51.597 27415 27415 E ArmVmp : Match on catch block at 0xc3 in for 0x7d337b2025
02-10 17:45:51.619 27415 27484 E OpenGLRenderer: EglManager::makeCurrent mED = 0xb400007c643d48c0, surface = 0x0, mEC = 0xb400007be3106980, error = EGL_SUCCESS
02-10 17:45:51.636 27415 27484 E OpenGLRenderer: EglManager::makeCurrent mED = 0xb400007c643d48c0, surface = 0x0, mEC = 0xb400007be3106980, error = EGL_SUCCESS
02-10 17:45:52.098 27415 27415 E ArmVmp : Match on catch block at 0xc3 in for 0x7d337b2025
02-10 17:45:52.100 27415 27415 E ArmVmp : Match on catch block at 0xc3 in for 0x7d337b2025
02-10 17:45:52.102 27415 27415 E ArmVmp : Match on catch block at 0xc3 in for 0x7d337b2025
02-10 17:45:52.599 27415 27415 E ArmVmp : Match on catch block at 0xc3 in for 0x7d337b2025
02-10 17:45:52.602 27415 27415 E ArmVmp : Match on catch block at 0xc3 in for 0x7d337b2025
02-10 17:45:52.605 27415 27415 E ArmVmp : Match on catch block at 0xc3 in for 0x7d337b2025
02-10 17:45:53.029 27415 27578 W com.mbwhatsapp: Accessing hidden method Landroid/app/MiuiNotification;-><init>()V (blocked, reflection, denied)
02-10 17:45:53.098 27415 27415 E ArmVmp : Match on catch block at 0xc3 in for 0x7d337b2025
02-10 17:45:53.101 27415 27415 E ArmVmp : Match on catch block at 0xc3 in for 0x7d337b2025
02-10 17:45:53.103 27415 27415 E ArmVmp : Match on catch block at 0xc3 in for 0x7d337b2025
02-10 17:45:53.148 27415 27415 E ArmVmp : Match on catch block at 0xc3 in for 0x7d337b2025
02-10 17:45:53.151 27415 27415 E ArmVmp : Match on catch block at 0xc3 in for 0x7d337b2025
02-10 17:45:53.154 27415 27415 E ArmVmp : Match on catch block at 0xc3 in for 0x7d337b2025
02-10 17:45:53.164 27415 27415 E ArmVmp : Match on catch block at 0xc3 in for 0x7d337b2025
02-10 17:45:53.166 27415 27415 E ArmVmp : Match on catch block at 0xc3 in for 0x7d337b2025
02-10 17:45:53.167 27415 27415 E ArmVmp : Match on catch block at 0xc3 in for 0x7d337b2025
02-10 17:45:53.180 27415 27415 E ArmVmp : Match on catch block at 0xc3 in for 0x7d337b2025
02-10 17:45:53.182 27415 27415 E ArmVmp : Match on catch block at 0xc3 in for 0x7d337b2025
02-10 17:45:53.183 27415 27415 E ArmVmp : Match on catch block at 0xc3 in for 0x7d337b2025
02-10 17:45:53.197 27415 27415 E ArmVmp : Match on catch block at 0xc3 in for 0x7d337b2025
02-10 17:45:53.199 27415 27415 E ArmVmp : Match on catch block at 0xc3 in for 0x7d337b2025
02-10 17:45:53.201 27415 27415 E ArmVmp : Match on catch block at 0xc3 in for 0x7d337b2025
02-10 17:45:53.213 27415 27415 E ArmVmp : Match on catch block at 0xc3 in for 0x7d337b2025
02-10 17:45:53.215 27415 27415 E ArmVmp : Match on catch block at 0xc3 in for 0x7d337b2025
02-10 17:45:53.217 27415 27415 E ArmVmp : Match on catch block at 0xc3 in for 0x7d337b2025
02-10 17:45:53.231 27415 27415 E ArmVmp : Match on catch block at 0xc3 in for 0x7d337b2025
02-10 17:45:53.234 27415 27415 E ArmVmp : Match on catch block at 0xc3 in for 0x7d337b2025
02-10 17:45:53.237 27415 27415 E ArmVmp : Match on catch block at 0xc3 in for 0x7d337b2025
02-10 17:45:53.248 27415 27415 E ArmVmp : Match on catch block at 0xc3 in for 0x7d337b2025
02-10 17:45:53.252 27415 27415 E ArmVmp : Match on catch block at 0xc3 in for 0x7d337b2025
02-10 17:45:53.255 27415 27415 E ArmVmp : Match on catch block at 0xc3 in for 0x7d337b2025
02-10 17:45:53.277 27415 27415 E ArmVmp : Match on catch block at 0xc3 in for 0x7d337b2025
02-10 17:45:53.280 27415 27415 E ArmVmp : Match on catch block at 0xc3 in for 0x7d337b2025
02-10 17:45:53.283 27415 27415 E ArmVmp : Match on catch block at 0xc3 in for 0x7d337b2025
02-10 17:45:53.288 27415 27578 W com.mbwhatsapp: Accessing hidden method Landroid/app/MiuiNotification;-><init>()V (blocked, reflection, denied)
02-10 17:45:53.293 27415 27469 E SQLiteDatabase: Error inserting transferred=0 media_job_uuid=bddfa05a-91cd-4d88-8eaf-0f0470a97337 transcoded=0 gif_attribution=0 first_scan_length=2828 direct_path=/o1/v/t62.7118-24/f1/m234/up-oil-image-031aceec- c5c2-4dce-974d-6e4f4ec3b335?ccb=9- 4&oh=01_AdTgXXL9yM1vHx7PZt4ZnvRx0aDeCOU3lxcpKr2ZK5Y_3w&oe=65EEB767&_nc_sid=000000&_ nc_hot=1707561940 thumbnail_height_width_ratio=2.2857144 is_animated_sticker=0 file_hash=FAtwr3RTrm5eZwh2dDx3mOPv00S7CMtBa4fRtUAqau8= file_path=null file_size=0 partial_media_hash=HLCTL13L99Skjhheuew8NUXG8QxfBdDoLVuuLSvOH6Y= face_x=0 face_y=0 height=1080 trim_to=0 media_key_timestamp=1707561924000 message_url=https://mmg.whatsapp.net/o1/v/t62.7118-24/f1/m234/up-oil-image- 031aceec-c5c2-4dce-974d-6e4f4ec3b335?ccb=9- 4&oh=01_AdTgXXL9yM1vHx7PZt4ZnvRx0aDeCOU3lxcpKr2ZK5Y_3w&oe=65EEB767&_nc_sid=000000&m ms3=true media_caption=null trim_from=0 mime_type=image/jpeg partial_media_enc_hash=null width=485 original_file_hash=null has_streaming_sidecar=1 autotransfer_retry_enabled=1 media_upload_handle=null message_row_id=1485 multicast_id=null enc_file_hash=XnHf2RDHT2NFsIX1YTpyMK0LW8yvDpoTZqrrSnfkv34= mute_video=0 page_count=0 first_scan_sidecar=[B@cd7818b suspicious_content=0 file_length=21084 media_name=null media_duration=0 chat_row_id=178 media_key=[B@dbcb268
02-10 17:45:53.293 27415 27469 E SQLiteDatabase: android.database.sqlite.SQLiteConstraintException: UNIQUE constraint failed: message_media.message_row_id (code 1555 SQLITE_CONSTRAINT_PRIMARYKEY)
02-10 17:45:53.293 27415 27469 E SQLiteDatabase: at android.database.sqlite.SQLiteConnection.nativeExecuteForLastInsertedRowId(Native Method)
02-10 17:45:53.293 27415 27469 E SQLiteDatabase: at android.database.sqlite.SQLiteConnection.executeForLastInsertedRowId(SQLiteConnecti on.java:940)
02-10 17:45:53.293 27415 27469 E SQLiteDatabase: at android.database.sqlite.SQLiteSession.executeForLastInsertedRowId(SQLiteSession.jav a:790)
02-10 17:45:53.293 27415 27469 E SQLiteDatabase: at android.database.sqlite.SQLiteStatement.executeInsert(SQLiteStatement.java:89)
02-10 17:45:53.293 27415 27469 E SQLiteDatabase: at android.database.sqlite.SQLiteDatabase.insertWithOnConflict(SQLiteDatabase.java:170 2)
02-10 17:45:53.293 27415 27469 E SQLiteDatabase: at android.database.sqlite.SQLiteDatabase.insert(SQLiteDatabase.java:1571)
02-10 17:45:53.293 27415 27469 E SQLiteDatabase: at X.2tm.A08(Unknown Source:6)
02-10 17:45:53.293 27415 27469 E SQLiteDatabase: at X.35Y.A07(Unknown Source:212)
