Download as TXT, PDF, TXT or read online from Scribd
Download as txt, pdf, or txt
You are on page 1of 4525
--------- beginning of main
02-10 17:09:08.817 27818 27818 E com.mbwhatsapp: Not starting debugger since
process cannot load the jdwp agent.
02-10 17:09:08.930 27818 27818 W ResourceType: CREATING STRING CACHE OF 192 bytes
02-10 17:09:09.063 27818 27818 W System.err: java.lang.ClassNotFoundException: mbmodsd.mbmodsw.ui.views.btn.BtnBK
02-10 17:09:09.063 27818 27818 W System.err: at java.lang.Runtime.nativeLoad(Native Method)
02-10 17:09:09.063 27818 27818 W System.err: at java.lang.Runtime.nativeLoad(Runtime.java:1126)
02-10 17:09:09.063 27818 27818 W System.err: at java.lang.Runtime.loadLibrary0(Runtime.java:1080)
02-10 17:09:09.063 27818 27818 W System.err: at java.lang.Runtime.loadLibrary0(Runtime.java:1003)
02-10 17:09:09.063 27818 27818 W System.err: at java.lang.System.loadLibrary(System.java:1661)
02-10 17:09:09.063 27818 27818 W System.err: at arm.EpicVm.<clinit>(Unknown Source:2)
02-10 17:09:09.063 27818 27818 W System.err: at java.lang.Class.newInstance(Native Method)
02-10 17:09:09.063 27818 27818 W System.err: at android.app.AppComponentFactory.instantiateApplication(AppComponentFactory.java:76)
02-10 17:09:09.063 27818 27818 W System.err: at androidx.core.app.CoreComponentFactory.instantiateApplication(Unknown Source:0)
02-10 17:09:09.063 27818 27818 W System.err: at android.app.Instrumentation.newApplication(Instrumentation.java:1189)
02-10 17:09:09.064 27818 27818 W System.err: at android.app.LoadedApk.makeApplication(LoadedApk.java:1379)
02-10 17:09:09.064 27818 27818 W System.err: at android.app.ActivityThread.handleBindApplication(ActivityThread.java:7075)
02-10 17:09:09.064 27818 27818 W System.err: at android.app.ActivityThread.access$1700(ActivityThread.java:275)
02-10 17:09:09.064 27818 27818 W System.err: at android.app.ActivityThread$H.handleMessage(ActivityThread.java:2185)
02-10 17:09:09.064 27818 27818 W System.err: at android.os.Handler.dispatchMessage(Handler.java:106)
02-10 17:09:09.064 27818 27818 W System.err: at android.os.Looper.loopOnce(Looper.java:211)
02-10 17:09:09.064 27818 27818 W System.err: at android.os.Looper.loop(Looper.java:300)
02-10 17:09:09.064 27818 27818 W System.err: at android.app.ActivityThread.main(ActivityThread.java:8301)
02-10 17:09:09.064 27818 27818 W System.err: at java.lang.reflect.Method.invoke(Native Method)
02-10 17:09:09.064 27818 27818 W System.err: at com.android.internal.os.RuntimeInit$MethodAndArgsCaller.run(RuntimeInit.java:577)
02-10 17:09:09.064 27818 27818 W System.err: at com.android.internal.os.ZygoteInit.main(ZygoteInit.java:1076)
02-10 17:09:09.138 27818 27818 E CustomActivityOnCrash: IMPORTANT WARNING! You already have an UncaughtExceptionHandler, are you sure this is correct? If you use a custom UncaughtExceptionHandler, you must initialize it AFTER CustomActivityOnCrash! Installing anyway, but your original handler will not be called.
02-10 17:09:09.556 27818 27897 W com.mbwhatsapp: Long monitor contention with owner main (27818) at java.io.File[] android.app.ContextImpl.getExternalMediaDirs() (ContextImpl.java:905) waiters=0 in java.io.File android.app.ContextImpl.getNoBackupFilesDir() for 354ms
02-10 17:09:09.863 27818 27897 W LibraryVersion: Failed to get app version for libraryName: firebase-iid
02-10 17:09:09.959 28090 28090 E com.mbwhatsapp: Not starting debugger since process cannot load the jdwp agent.
02-10 17:09:10.048 28090 28090 W ResourceType: CREATING STRING CACHE OF 192 bytes
02-10 17:09:10.092 28090 28090 W System.err: java.lang.ClassNotFoundException: mbmodsd.mbmodsw.ui.views.btn.BtnBK
02-10 17:09:10.092 28090 28090 W System.err: at java.lang.Runtime.nativeLoad(Native Method)
02-10 17:09:10.092 28090 28090 W System.err: at java.lang.Runtime.nativeLoad(Runtime.java:1126)
02-10 17:09:10.092 28090 28090 W System.err: at java.lang.Runtime.loadLibrary0(Runtime.java:1080)
02-10 17:09:10.092 28090 28090 W System.err: at java.lang.Runtime.loadLibrary0(Runtime.java:1003)
02-10 17:09:10.092 28090 28090 W System.err: at java.lang.System.loadLibrary(System.java:1661)
02-10 17:09:10.092 28090 28090 W System.err: at arm.EpicVm.<clinit>(Unknown Source:2)
02-10 17:09:10.092 28090 28090 W System.err: at java.lang.Class.newInstance(Native Method)
02-10 17:09:10.092 28090 28090 W System.err: at android.app.AppComponentFactory.instantiateApplication(AppComponentFactory.java:76)
02-10 17:09:10.092 28090 28090 W System.err: at androidx.core.app.CoreComponentFactory.instantiateApplication(Unknown Source:0)
02-10 17:09:10.092 28090 28090 W System.err: at android.app.Instrumentation.newApplication(Instrumentation.java:1189)
02-10 17:09:10.092 28090 28090 W System.err: at android.app.LoadedApk.makeApplication(LoadedApk.java:1379)
02-10 17:09:10.092 28090 28090 W System.err: at android.app.ActivityThread.handleBindApplication(ActivityThread.java:7075)
02-10 17:09:10.092 28090 28090 W System.err: at android.app.ActivityThread.access$1700(ActivityThread.java:275)
02-10 17:09:10.092 28090 28090 W System.err: at android.app.ActivityThread$H.handleMessage(ActivityThread.java:2185)
02-10 17:09:10.092 28090 28090 W System.err: at android.os.Handler.dispatchMessage(Handler.java:106)
02-10 17:09:10.092 28090 28090 W System.err: at android.os.Looper.loopOnce(Looper.java:211)
02-10 17:09:10.092 28090 28090 W System.err: at android.os.Looper.loop(Looper.java:300)
02-10 17:09:10.092 28090 28090 W System.err: at android.app.ActivityThread.main(ActivityThread.java:8301)
02-10 17:09:10.092 28090 28090 W System.err: at java.lang.reflect.Method.invoke(Native Method)
02-10 17:09:10.093 28090 28090 W System.err: at com.android.internal.os.RuntimeInit$MethodAndArgsCaller.run(RuntimeInit.java:577)
02-10 17:09:10.093 28090 28090 W System.err: at com.android.internal.os.ZygoteInit.main(ZygoteInit.java:1076)
02-10 17:09:10.160 28090 28090 E CustomActivityOnCrash: IMPORTANT WARNING! You already have an UncaughtExceptionHandler, are you sure this is correct? If you use a custom UncaughtExceptionHandler, you must initialize it AFTER CustomActivityOnCrash! Installing anyway, but your original handler will not be called.
02-10 17:09:10.199 28090 28160 W LibraryVersion: Failed to get app version for libraryName: firebase-iid
02-10 17:09:10.460 28090 28090 W com.mbwhatsapp: Accessing hidden method Lcom/android/org/conscrypt/OpenSSLSocketImpl;->setUseSessionTickets(Z)V (max- target-q,core-platform-api, reflection, denied)
02-10 17:09:10.460 28090 28090 W com.mbwhatsapp: Accessing hidden method Lcom/android/org/conscrypt/AbstractConscryptSocket;->setUseSessionTickets(Z)V (max- target-q, reflection, denied)
02-10 17:09:11.541 28090 28090 W com.mbwhatsapp: type=1400 audit(0.0:124377): avc: granted { execute } for path="/data/data/com.mbwhatsapp/files/decompressed/libs.spk.zst/libc++_shared.so" dev="dm-9" ino=957947 scontext=u:r:untrusted_app:s0:c39,c257,c512,c768 tcontext=u:object_r:app_data_file:s0:c39,c257,c512,c768 tclass=file app=com.mbwhatsapp
02-10 17:09:11.545 28090 28090 W com.mbwhatsapp: type=1400 audit(0.0:124378): avc: granted { execute } for path="/data/data/com.mbwhatsapp/files/decompressed/libs.spk.zst/libvlc.so" dev="dm- 9" ino=957937 scontext=u:r:untrusted_app:s0:c39,c257,c512,c768 tcontext=u:object_r:app_data_file:s0:c39,c257,c512,c768 tclass=file app=com.mbwhatsapp
02-10 17:09:11.549 28090 28090 W com.mbwhatsapp: type=1400 audit(0.0:124379): avc: granted { execute } for path="/data/data/com.mbwhatsapp/files/decompressed/libs.spk.zst/libwhatsapp.so" dev="dm-9" ino=957939 scontext=u:r:untrusted_app:s0:c39,c257,c512,c768 tcontext=u:object_r:app_data_file:s0:c39,c257,c512,c768 tclass=file app=com.mbwhatsapp
02-10 17:09:11.569 28090 28090 W com.mbwhatsapp: type=1400 audit(0.0:124380): avc: granted { execute } for path="/data/data/com.mbwhatsapp/files/decompressed/libs.spk.zst/libcurve25519.so" dev="dm-9" ino=957942 scontext=u:r:untrusted_app:s0:c39,c257,c512,c768 tcontext=u:object_r:app_data_file:s0:c39,c257,c512,c768 tclass=file app=com.mbwhatsapp
02-10 17:09:11.581 28090 28090 W com.mbwhatsapp: type=1400 audit(0.0:124381): avc: granted { execute } for path="/data/data/com.mbwhatsapp/files/decompressed/libs.spk.zst/libwhatsapp.so" dev="dm-9" ino=957939 scontext=u:r:untrusted_app:s0:c39,c257,c512,c768 tcontext=u:object_r:app_data_file:s0:c39,c257,c512,c768 tclass=file app=com.mbwhatsapp
02-10 17:09:11.684 28090 28298 W com.mbwhatsapp: Method void X.2rL.A03(java.lang.Integer) failed lock verification and will run slower.
02-10 17:09:11.684 28090 28298 W com.mbwhatsapp: Common causes for lock verification issues are non-optimized dex code
02-10 17:09:11.684 28090 28298 W com.mbwhatsapp: and incorrect proguard optimizations. --------- beginning of system
02-10 17:09:11.686 28090 28090 W Looper : PerfMonitor longMsg : seq=2 plan=17:09:09.998 late=1ms wall=1680ms running=0ms h=android.app.ActivityThread$H w=110 procState=-1
02-10 17:09:11.702 28090 28090 W com.mbwhatsapp: Method void X.0eU.A0h(X.0tK, boolean) failed lock verification and will run slower.
02-10 17:09:11.748 28090 28090 E MiuiMultiWindowUtils: initFreeFormResolutionArgs failed, device is earth
02-10 17:09:11.924 28090 28090 W Looper : PerfMonitor looperActivity : package=com.mbwhatsapp/.Icon0 time=237ms latency=1687ms running=0ms procState=-1 historyMsgCount=1 (msgIndex=1 wall=1680ms seq=2 late=1ms h=android.app.ActivityThread$H w=110)
02-10 17:09:11.924 28090 28090 W Looper : PerfMonitor looperActivity : package=com.mbwhatsapp/.Icon0 time=0ms latency=1924ms running=0ms procState=-1 historyMsgCount=2 (msgIndex=1 wall=1680ms seq=2 late=1ms h=android.app.ActivityThread$H w=110) (msgIndex=2 wall=237ms seq=3 late=1687ms h=android.app.ActivityThread$H w=159)
02-10 17:09:11.957 28090 28315 E QT : [QT]file does not exist
02-10 17:09:12.053 28090 28090 E com.mbwhatsapp: Invalid ID 0x00000000.
02-10 17:09:12.054 28090 28090 W System.err: android.content.res.Resources$NotFoundException: String resource ID #0x0
02-10 17:09:12.058 28090 28090 W System.err: at android.content.res.Resources.getText(Resources.java:463)
02-10 17:09:12.058 28090 28090 W System.err: at android.content.res.MiuiResources.getText(MiuiResources.java:106)
02-10 17:09:12.058 28090 28090 W System.err: at android.content.res.Resources.getString(Resources.java:556)
02-10 17:09:12.058 28090 28090 W System.err: at X.35t.A0E(Unknown Source:46)
02-10 17:09:12.058 28090 28090 W System.err: at com.mbwhatsapp.yo.yo.getString(Native Method)
02-10 17:09:12.058 28090 28090 W System.err: at com.mbwhatsapp.yo.yo.getString(Native Method)
02-10 17:09:12.058 28090 28090 W System.err: at com.mbwhatsapp.youbasha.task.utils.requestAllFilesAccess14(Native Method)
02-10 17:09:12.058 28090 28090 W System.err: at com.mbwhatsapp.yo.dep.showStoragePermissionRequest(Native Method)
02-10 17:09:12.058 28090 28090 W System.err: at com.mbwhatsapp.registration.EULA.onCreate(Unknown Source:248)
02-10 17:09:12.059 28090 28090 W System.err: at android.app.Activity.performCreate(Activity.java:8202)
02-10 17:09:12.059 28090 28090 W System.err: at android.app.Activity.performCreate(Activity.java:8169)
02-10 17:09:12.059 28090 28090 W System.err: at android.app.Instrumentation.callActivityOnCreate(Instrumentation.java:1341)
02-10 17:09:12.059 28090 28090 W System.err: at android.app.ActivityThread.performLaunchActivity(ActivityThread.java:3780)
02-10 17:09:12.059 28090 28090 W System.err: at android.app.ActivityThread.handleLaunchActivity(ActivityThread.java:3967)
02-10 17:09:12.059 28090 28090 W System.err: at android.app.servertransaction.LaunchActivityItem.execute(LaunchActivityItem.java:10 6)
02-10 17:09:12.059 28090 28090 W System.err: at android.app.servertransaction.TransactionExecutor.executeCallbacks(TransactionExecu tor.java:135)
02-10 17:09:12.059 28090 28090 W System.err: at android.app.servertransaction.TransactionExecutor.execute(TransactionExecutor.java: 95)
02-10 17:09:12.059 28090 28090 W System.err: at android.app.ActivityThread$H.handleMessage(ActivityThread.java:2342)
02-10 17:09:12.059 28090 28090 W System.err: at android.os.Handler.dispatchMessage(Handler.java:106)
02-10 17:09:12.059 28090 28090 W System.err: at android.os.Looper.loopOnce(Looper.java:211)
02-10 17:09:12.059 28090 28090 W System.err: at android.os.Looper.loop(Looper.java:300)
02-10 17:09:12.060 28090 28090 W System.err: at android.app.ActivityThread.main(ActivityThread.java:8301)
02-10 17:09:12.060 28090 28090 W System.err: at java.lang.reflect.Method.invoke(Native Method)
02-10 17:09:12.060 28090 28090 W System.err: at com.android.internal.os.RuntimeInit$MethodAndArgsCaller.run(RuntimeInit.java:577)
02-10 17:09:12.060 28090 28090 W System.err: at com.android.internal.os.ZygoteInit.main(ZygoteInit.java:1076)
02-10 17:09:12.203 28090 28090 W Activity: Can request only one set of permissions at a time
02-10 17:09:12.299 28090 28322 E RenderScript: Failed loading RS driver: dlopen failed: library "libRSDriver_mtk.so" not found
02-10 17:09:12.299 28090 28322 E RenderScript: Failed to load runtime libRSDriver_mtk.so, loading default
02-10 17:09:12.365 28090 28090 E ArmVmp : Match on catch block at 0x0a in for 0x7d337b204d
02-10 17:09:12.399 28090 28090 W Activity: PerfMonitor: Slow Operation: Activity com.mbwhatsapp/.registration.EULA onStart took 308ms
02-10 17:09:12.444 28090 28090 W Looper : PerfMonitor looperActivity : package=com.mbwhatsapp/.registration.EULA time=0ms latency=512ms running=0ms procState=-1 historyMsgCount=2 (msgIndex=2 wall=492ms seq=14 late=7ms h=android.app.ActivityThread$H w=159)
02-10 17:09:12.445 28090 28090 W Looper : PerfMonitor looperActivity : package=com.mbwhatsapp/.registration.EULA time=1ms latency=398ms running=0ms procState=-1 historyMsgCount=6 (msgIndex=1 wall=492ms seq=14 late=7ms h=android.app.ActivityThread$H w=159)
02-10 17:09:12.467 28090 28090 W Looper : PerfMonitor looperActivity : package=com.mbwhatsapp/.registration.EULA time=21ms latency=399ms running=0ms procState=-1 historyMsgCount=7 (msgIndex=1 wall=492ms seq=14 late=7ms h=android.app.ActivityThread$H w=159)
02-10 17:09:12.566 28090 28314 E OpenGLRenderer: EglManager::makeCurrent mED = 0xb400007c643d48c0, surface = 0x0, mEC = 0xb400007bc9d21280, error = EGL_SUCCESS
02-10 17:09:12.577 28090 28314 E libEGL : pre_cache appList: com.sina.weibo,com.smile.gifmaker,com.ss.android.article.news,com.ss.android.ugc.aw eme,com.taobao.taobao,com.tencent.mm,tv.danmaku.bili,
02-10 17:09:12.879 28090 28314 E libEGL : pre_cache appList: com.sina.weibo,com.smile.gifmaker,com.ss.android.article.news,com.ss.android.ugc.aw eme,com.taobao.taobao,com.tencent.mm,tv.danmaku.bili,
02-10 17:09:12.914 28090 28314 E OpenGLRenderer: fbcNotifyFrameComplete error: undefined symbol: fbcNotifyFrameComplete
02-10 17:09:12.914 28090 28314 E OpenGLRenderer: fbcNotifyNoRender error: undefined symbol: fbcNotifyNoRender
02-10 17:09:13.692 28090 28090 W Looper : PerfMonitor longMsg : seq=27 plan=17:09:12.399 late=80ms wall=1212ms running=0ms h=android.view.Choreographer$FrameHandler c=android.view.Choreographer$FrameDisplayEventReceiver procState=-1
02-10 17:09:13.693 28090 28090 W Looper : PerfMonitor doFrame : time=1212ms vsyncFrame=0 latency=80ms procState=-1 historyMsgCount=13 (msgIndex=1 wall=492ms seq=14 late=7ms h=android.app.ActivityThread$H w=159)
02-10 17:09:13.727 28090 28090 W Looper : PerfMonitor doFrame : time=28ms vsyncFrame=0 latency=1216ms procState=-1 historyMsgCount=7 (msgIndex=1 wall=1212ms seq=27 late=80ms h=android.view.Choreographer$FrameHandler c=android.view.Choreographer$FrameDisplayEventReceiver)
02-10 17:09:13.739 28090 28314 E OpenGLRenderer: EglManager::makeCurrent mED = 0xb400007c643d48c0, surface = 0x0, mEC = 0xb400007bc9d21280, error = EGL_SUCCESS
02-10 17:09:13.748 28090 28090 W Looper : PerfMonitor looperActivity : package=com.mbwhatsapp/.registration.EULA time=9ms latency=424ms running=0ms procState=-1 historyMsgCount=89 (msgIndex=1 wall=1212ms seq=27 late=80ms h=android.view.Choreographer$FrameHandler c=android.view.Choreographer$FrameDisplayEventReceiver)
02-10 17:09:13.940 28090 28090 E com.mbwhatsapp: Invalid ID 0x00000000.
02-10 17:09:13.940 28090 28090 E com.mbwhatsapp: Invalid ID 0x00000000.
02-10 17:09:13.941 28090 28090 E com.mbwhatsapp: Invalid ID 0x00000000.
02-10 17:09:13.941 28090 28090 E com.mbwhatsapp: Invalid ID 0x00000000.
02-10 17:09:13.942 28090 28090 E com.mbwhatsapp: Invalid ID 0x00000000.
02-10 17:09:13.942 28090 28090 E com.mbwhatsapp: Invalid ID 0x00000000.
02-10 17:09:13.942 28090 28090 E com.mbwhatsapp: Invalid ID 0x00000000.
02-10 17:09:13.942 28090 28090 E com.mbwhatsapp: Invalid ID 0x00000000.
02-10 17:09:15.729 28090 28112 W com.mbwhatsapp: Cleared Reference was only reachable from finalizer (only reported once)
02-10 17:09:18.032 28090 28314 E OpenGLRenderer: EglManager::makeCurrent mED = 0xb400007c643d48c0, surface = 0x0, mEC = 0xb400007bc9d21280, error = EGL_SUCCESS
02-10 17:09:19.389 28090 28090 W MirrorManager: this model don't Support
02-10 17:09:19.568 28090 28314 E OpenGLRenderer: EglManager::makeCurrent mED = 0xb400007c643d48c0, surface = 0x0, mEC = 0xb400007bc9d21280, error = EGL_SUCCESS
02-10 17:09:20.439 28090 28793 E ShortcutInfoCompatSaver: Failed to load saved values from file /data/user/0/com.mbwhatsapp/files/ShortcutInfoCompatSaver_share_targets/ targets.xml. Old state removed, new added
02-10 17:09:20.439 28090 28793 E ShortcutInfoCompatSaver: java.io.FileNotFoundException: /data/user/0/com.mbwhatsapp/files/ShortcutInfoCompatSaver_share_targets/ targets.xml: open failed: ENOENT (No such file or directory)
02-10 17:09:20.439 28090 28793 E ShortcutInfoCompatSaver: at libcore.io.IoBridge.open(IoBridge.java:574)
02-10 17:09:20.439 28090 28793 E ShortcutInfoCompatSaver: at java.io.FileInputStream.<init>(FileInputStream.java:160)
02-10 17:09:20.439 28090 28793 E ShortcutInfoCompatSaver: at X.0nz.run(Unknown Source:82)
02-10 17:09:20.439 28090 28793 E ShortcutInfoCompatSaver: at java.util.concurrent.Executors$RunnableAdapter.call(Executors.java:487)
02-10 17:09:20.439 28090 28793 E ShortcutInfoCompatSaver: at java.util.concurrent.FutureTask.run(FutureTask.java:264)
02-10 17:09:20.439 28090 28793 E ShortcutInfoCompatSaver: at java.util.concurrent.ThreadPoolExecutor.runWorker(ThreadPoolExecutor.java:1145)
02-10 17:09:20.439 28090 28793 E ShortcutInfoCompatSaver: at java.util.concurrent.ThreadPoolExecutor$Worker.run(ThreadPoolExecutor.java:644)
02-10 17:09:20.439 28090 28793 E ShortcutInfoCompatSaver: at java.lang.Thread.run(Thread.java:1012)
02-10 17:09:20.439 28090 28793 E ShortcutInfoCompatSaver: Caused by: android.system.ErrnoException: open failed: ENOENT (No such file or directory)
02-10 17:09:20.439 28090 28793 E ShortcutInfoCompatSaver: at libcore.io.Linux.open(Native Method)
02-10 17:09:20.439 28090 28793 E ShortcutInfoCompatSaver: at libcore.io.ForwardingOs.open(ForwardingOs.java:563)
02-10 17:09:20.439 28090 28793 E ShortcutInfoCompatSaver: at libcore.io.BlockGuardOs.open(BlockGuardOs.java:274)
02-10 17:09:20.439 28090 28793 E ShortcutInfoCompatSaver: at libcore.io.ForwardingOs.open(ForwardingOs.java:563)
02-10 17:09:20.439 28090 28793 E ShortcutInfoCompatSaver: at android.app.ActivityThread$AndroidOs.open(ActivityThread.java:8174)
02-10 17:09:20.439 28090 28793 E ShortcutInfoCompatSaver: at libcore.io.IoBridge.open(IoBridge.java:560)
02-10 17:09:20.439 28090 28793 E ShortcutInfoCompatSaver: ... 7 more
02-10 17:09:20.541 28090 28314 E FrameEvents: updateAcquireFence: Did not find frame.
02-10 17:09:20.542 28090 28314 E OpenGLRenderer: EglManager::makeCurrent mED = 0xb400007c643d48c0, surface = 0x0, mEC = 0xb400007bc9d21280, error = EGL_SUCCESS
02-10 17:09:20.560 28090 28314 E FrameEvents: updateAcquireFence: Did not find frame.
02-10 17:09:20.561 28090 28314 E OpenGLRenderer: EglManager::makeCurrent mED = 0xb400007c643d48c0, surface = 0x0, mEC = 0xb400007bc9d21280, error = EGL_SUCCESS
02-10 17:09:20.577 28090 28314 E FrameEvents: updateAcquireFence: Did not find frame.
02-10 17:09:20.578 28090 28314 E OpenGLRenderer: EglManager::makeCurrent mED = 0xb400007c643d48c0, surface = 0x0, mEC = 0xb400007bc9d21280, error = EGL_SUCCESS
02-10 17:09:20.585 28090 28090 W com.mbwhatsapp: type=1400 audit(0.0:124417): avc: denied { read } for name="osrelease" dev="proc" ino=74828376 scontext=u:r:untrusted_app:s0:c39,c257,c512,c768 tcontext=u:object_r:proc:s0 tclass=file permissive=0 app=com.mbwhatsapp
02-10 17:09:20.585 28090 28090 W com.mbwhatsapp: type=1400 audit(0.0:124418): avc: denied { read } for name="version" dev="proc" ino=74828377 scontext=u:r:untrusted_app:s0:c39,c257,c512,c768 tcontext=u:object_r:proc:s0 tclass=file permissive=0 app=com.mbwhatsapp
02-10 17:09:22.698 28090 28090 W BpBinder: PerfMonitor binderTransact : time=322ms interface=com.google.android.finsky.externalreferrer.IGetInstallReferrerService code=1
02-10 17:09:22.858 28090 28090 W Looper : PerfMonitor doFrame : time=8ms vsyncFrame=0 latency=641ms procState=-1 historyMsgCount=20 (msgIndex=1 wall=137ms seq=403 late=226ms h=android.view.Choreographer$FrameHandler c=android.view.Choreographer$FrameDisplayEventReceiver) (msgIndex=16 wall=361ms seq=418 late=207ms h=android.app.ActivityThread$H c=android.app.LoadedApk$ServiceDispatcher$RunConnection) (msgIndex=20 wall=148ms seq=422 late=498ms h=android.view.ViewRootImpl$ViewRootHandler c=X.0jO)
02-10 17:09:22.868 28090 28314 E OpenGLRenderer: EglManager::makeCurrent mED = 0xb400007c643d48c0, surface = 0x0, mEC = 0xb400007bc9d21280, error = EGL_SUCCESS
02-10 17:09:24.766 28090 28310 W BpBinder: PerfMonitor binderTransact : time=2546ms interface=android.system.keystore2.IKeystoreSecurityLevel code=2
02-10 17:09:25.012 28090 28090 W BpBinder: PerfMonitor binderTransact : time=547ms interface=android.view.IWindowSession code=12
02-10 17:09:25.753 28090 28090 W BpBinder: PerfMonitor binderTransact : time=738ms interface=android.content.pm.IPackageManager code=9
02-10 17:09:26.056 28090 28090 W BpBinder: PerfMonitor binderTransact : time=298ms interface=android.app.IActivityManager code=86
02-10 17:09:27.246 28090 28090 W Looper : PerfMonitor doFrame : time=0ms vsyncFrame=0 latency=2804ms procState=-1 historyMsgCount=1 (msgIndex=1 wall=579ms seq=546 h=android.view.ViewRootImpl$ViewRootHandler c=android.view.View$CheckForLongPress)
02-10 17:09:27.541 28090 28090 W BpBinder: PerfMonitor binderTransact : time=289ms interface=com.android.internal.view.IInputMethodManager code=8
02-10 17:09:27.573 28090 28090 W Choreographer: Frame time is 0.03877 now = 128796609361138 timestampNanos = 128796609399908 ms in the future! Check that graphics HAL is generating vsync timestamps using the correct timebase.
02-10 17:09:27.595 28090 28310 W BpBinder: PerfMonitor binderTransact : time=2824ms interface=android.system.keystore2.IKeystoreSecurityLevel code=2
02-10 17:09:28.038 28090 28314 E OpenGLRenderer: EglManager::makeCurrent mED = 0xb400007c643d48c0, surface = 0x0, mEC = 0xb400007bc9d21280, error = EGL_SUCCESS
02-10 17:10:32.616 28090 28311 E PlayCore: UID: [10295] PID: [28090] StandardIntegrity : Phonesky is not installed.
02-10 17:10:32.636 28090 28310 W ziparchive: Unable to open '/apex/com.android.extservices/javalib/android.ext.adservices.dm': No such file or directory
02-10 17:10:32.636 28090 28310 W ziparchive: Unable to open '/apex/com.android.extservices/javalib/android.ext.adservices.dm': No such file or directory
02-10 17:10:33.975 28090 28314 E OpenGLRenderer: EglManager::makeCurrent mED = 0xb400007c643d48c0, surface = 0x0, mEC = 0xb400007bc9d21280, error = EGL_SUCCESS
02-10 17:10:34.615 28090 28314 E OpenGLRenderer: EglManager::makeCurrent mED = 0xb400007c643d48c0, surface = 0x0, mEC = 0xb400007bc9d21280, error = EGL_SUCCESS
02-10 17:10:37.862 28090 28314 E OpenGLRenderer: EglManager::makeCurrent mED = 0xb400007c643d48c0, surface = 0x0, mEC = 0xb400007bc9d21280, error = EGL_SUCCESS
02-10 17:10:38.471 28090 28314 E OpenGLRenderer: EglManager::makeCurrent mED = 0xb400007c643d48c0, surface = 0x0, mEC = 0xb400007bc9d21280, error = EGL_SUCCESS
02-10 17:11:46.770 28090 28090 W Activity: PerfMonitor: Slow Operation: Activity com.mbwhatsapp/.registration.EULA onStart took 168ms
02-10 17:11:47.699 28090 28090 W X.0Z6 : Invalid or missing region code (Indonesia) provided.
02-10 17:11:57.259 28090 28314 E OpenGLRenderer: EglManager::makeCurrent mED = 0xb400007c643d48c0, surface = 0x0, mEC = 0xb400007bc9d21280, error = EGL_SUCCESS
02-10 17:12:04.707 28090 28090 W Looper : PerfMonitor doFrame : time=301ms vsyncFrame=0 latency=0ms procState=-1
02-10 17:12:04.844 28090 28090 W Looper : PerfMonitor doFrame : time=47ms vsyncFrame=0 latency=375ms procState=-1 historyMsgCount=2 (msgIndex=1 wall=301ms seq=1413 h=android.view.Choreographer$FrameHandler c=android.view.Choreographer$FrameDisplayEventReceiver) (msgIndex=2 wall=90ms seq=1414 late=313ms h=android.view.ViewRootImpl$ViewRootHandler c=X.0lH)
02-10 17:12:05.956 28090 28314 E OpenGLRenderer: EglManager::makeCurrent mED = 0xb400007c643d48c0, surface = 0x0, mEC = 0xb400007bc9d21280, error = EGL_SUCCESS
02-10 17:12:07.455 28090 28314 E OpenGLRenderer: EglManager::makeCurrent mED = 0xb400007c643d48c0, surface = 0x0, mEC = 0xb400007bc9d21280, error = EGL_SUCCESS --------- beginning of main
02-10 17:27:47.808 13669 13669 E com.mbwhatsapp: Not starting debugger since process cannot load the jdwp agent.
02-10 17:27:47.922 13669 13669 W ResourceType: CREATING STRING CACHE OF 192 bytes
02-10 17:27:47.960 13669 13669 W System.err: java.lang.ClassNotFoundException: mbmodsd.mbmodsw.ui.views.btn.BtnBK
02-10 17:27:47.961 13669 13669 W System.err: at java.lang.Runtime.nativeLoad(Native Method)
02-10 17:27:47.961 13669 13669 W System.err: at java.lang.Runtime.nativeLoad(Runtime.java:1126)
02-10 17:27:47.961 13669 13669 W System.err: at java.lang.Runtime.loadLibrary0(Runtime.java:1080)
02-10 17:27:47.961 13669 13669 W System.err: at java.lang.Runtime.loadLibrary0(Runtime.java:1003)
02-10 17:27:47.961 13669 13669 W System.err: at java.lang.System.loadLibrary(System.java:1661)
02-10 17:27:47.961 13669 13669 W System.err: at arm.EpicVm.<clinit>(Unknown Source:2)
02-10 17:27:47.961 13669 13669 W System.err: at java.lang.Class.newInstance(Native Method)
02-10 17:27:47.961 13669 13669 W System.err: at android.app.AppComponentFactory.instantiateApplication(AppComponentFactory.java:76)
02-10 17:27:47.961 13669 13669 W System.err: at androidx.core.app.CoreComponentFactory.instantiateApplication(Unknown Source:0)
02-10 17:27:47.961 13669 13669 W System.err: at android.app.Instrumentation.newApplication(Instrumentation.java:1189)
02-10 17:27:47.961 13669 13669 W System.err: at android.app.LoadedApk.makeApplication(LoadedApk.java:1379)
02-10 17:27:47.961 13669 13669 W System.err: at android.app.ActivityThread.handleBindApplication(ActivityThread.java:7075)
02-10 17:27:47.961 13669 13669 W System.err: at android.app.ActivityThread.access$1700(ActivityThread.java:275)
02-10 17:27:47.961 13669 13669 W System.err: at android.app.ActivityThread$H.handleMessage(ActivityThread.java:2185)
02-10 17:27:47.961 13669 13669 W System.err: at android.os.Handler.dispatchMessage(Handler.java:106)
02-10 17:27:47.961 13669 13669 W System.err: at android.os.Looper.loopOnce(Looper.java:211)
02-10 17:27:47.961 13669 13669 W System.err: at android.os.Looper.loop(Looper.java:300)
02-10 17:27:47.961 13669 13669 W System.err: at android.app.ActivityThread.main(ActivityThread.java:8301)
02-10 17:27:47.961 13669 13669 W System.err: at java.lang.reflect.Method.invoke(Native Method)
02-10 17:27:47.961 13669 13669 W System.err: at com.android.internal.os.RuntimeInit$MethodAndArgsCaller.run(RuntimeInit.java:577)
02-10 17:27:47.961 13669 13669 W System.err: at com.android.internal.os.ZygoteInit.main(ZygoteInit.java:1076)
02-10 17:27:47.994 13669 13669 E CustomActivityOnCrash: IMPORTANT WARNING! You already have an UncaughtExceptionHandler, are you sure this is correct? If you use a custom UncaughtExceptionHandler, you must initialize it AFTER CustomActivityOnCrash! Installing anyway, but your original handler will not be called.
02-10 17:27:48.273 13669 13669 W com.mbwhatsapp: Accessing hidden method Lcom/android/org/conscrypt/OpenSSLSocketImpl;->setUseSessionTickets(Z)V (max- target-q,core-platform-api, reflection, denied)
02-10 17:27:48.273 13669 13669 W com.mbwhatsapp: Accessing hidden method Lcom/android/org/conscrypt/AbstractConscryptSocket;->setUseSessionTickets(Z)V (max- target-q, reflection, denied)
02-10 17:27:48.289 13669 13669 W com.mbwhatsapp: type=1400 audit(0.0:126202): avc: granted { execute } for path="/data/data/com.mbwhatsapp/files/decompressed/libs.spk.zst/libc++_shared.so" dev="dm-9" ino=957947 scontext=u:r:untrusted_app:s0:c39,c257,c512,c768 tcontext=u:object_r:app_data_file:s0:c39,c257,c512,c768 tclass=file app=com.mbwhatsapp
02-10 17:27:48.297 13669 13669 W com.mbwhatsapp: type=1400 audit(0.0:126203): avc: granted { execute } for path="/data/data/com.mbwhatsapp/files/decompressed/libs.spk.zst/libvlc.so" dev="dm- 9" ino=957937 scontext=u:r:untrusted_app:s0:c39,c257,c512,c768 tcontext=u:object_r:app_data_file:s0:c39,c257,c512,c768 tclass=file app=com.mbwhatsapp
02-10 17:27:48.301 13669 13669 W com.mbwhatsapp: type=1400 audit(0.0:126204): avc: granted { execute } for path="/data/data/com.mbwhatsapp/files/decompressed/libs.spk.zst/libwhatsapp.so" dev="dm-9" ino=957939 scontext=u:r:untrusted_app:s0:c39,c257,c512,c768 tcontext=u:object_r:app_data_file:s0:c39,c257,c512,c768 tclass=file app=com.mbwhatsapp
02-10 17:27:48.341 13669 13669 W com.mbwhatsapp: type=1400 audit(0.0:126205): avc: granted { execute } for path="/data/data/com.mbwhatsapp/files/decompressed/libs.spk.zst/libcurve25519.so" dev="dm-9" ino=957942 scontext=u:r:untrusted_app:s0:c39,c257,c512,c768 tcontext=u:object_r:app_data_file:s0:c39,c257,c512,c768 tclass=file app=com.mbwhatsapp
02-10 17:27:48.349 13669 13669 W com.mbwhatsapp: type=1400 audit(0.0:126206): avc: granted { execute } for path="/data/data/com.mbwhatsapp/files/decompressed/libs.spk.zst/libwhatsapp.so" dev="dm-9" ino=957939 scontext=u:r:untrusted_app:s0:c39,c257,c512,c768 tcontext=u:object_r:app_data_file:s0:c39,c257,c512,c768 tclass=file app=com.mbwhatsapp
02-10 17:27:48.349 13669 13669 W com.mbwhatsapp: type=1400 audit(0.0:126207): avc: granted { execute } for path="/data/data/com.mbwhatsapp/files/decompressed/libs.spk.zst/libwhatsapp.so" dev="dm-9" ino=957939 scontext=u:r:untrusted_app:s0:c39,c257,c512,c768 tcontext=u:object_r:app_data_file:s0:c39,c257,c512,c768 tclass=file app=com.mbwhatsapp
02-10 17:27:48.349 13669 13669 W com.mbwhatsapp: type=1400 audit(0.0:126208): avc: granted { execute } for path="/data/data/com.mbwhatsapp/files/decompressed/libs.spk.zst/libwhatsapp.so" dev="dm-9" ino=957939 scontext=u:r:untrusted_app:s0:c39,c257,c512,c768 tcontext=u:object_r:app_data_file:s0:c39,c257,c512,c768 tclass=file app=com.mbwhatsapp --------- beginning of system
02-10 17:27:48.434 13669 13669 E MiuiMultiWindowUtils: initFreeFormResolutionArgs failed, device is earth
02-10 17:27:48.515 13669 13669 W Looper : PerfMonitor looperActivity : package=com.mbwhatsapp/.Icon0 time=111ms latency=562ms running=0ms procState=-1 historyMsgCount=2 (msgIndex=2 wall=556ms seq=2 late=12ms h=android.app.ActivityThread$H w=110)
02-10 17:27:48.515 13669 13669 W Looper : PerfMonitor looperActivity : package=com.mbwhatsapp/.Icon0 time=0ms latency=672ms running=0ms procState=-1 historyMsgCount=3 (msgIndex=2 wall=556ms seq=2 late=12ms h=android.app.ActivityThread$H w=110) (msgIndex=3 wall=111ms seq=3 late=562ms h=android.app.ActivityThread$H w=159)
02-10 17:27:48.531 13669 13726 E QT : [QT]file does not exist
02-10 17:27:48.784 13669 13725 E OpenGLRenderer: EglManager::makeCurrent mED = 0xb400007c643d48c0, surface = 0x0, mEC = 0xb400007be6f82d00, error = EGL_SUCCESS
02-10 17:27:48.787 13669 13725 E libEGL : pre_cache appList: com.sina.weibo,com.smile.gifmaker,com.ss.android.article.news,com.ss.android.ugc.aw eme,com.taobao.taobao,com.tencent.mm,tv.danmaku.bili,
02-10 17:27:48.806 13669 13725 E OpenGLRenderer: fbcNotifyFrameComplete error: undefined symbol: fbcNotifyFrameComplete
02-10 17:27:48.806 13669 13725 E OpenGLRenderer: fbcNotifyNoRender error: undefined symbol: fbcNotifyNoRender
02-10 17:27:49.897 13669 13669 W MirrorManager: this model don't Support
02-10 17:27:50.638 13669 13725 E OpenGLRenderer: EglManager::makeCurrent mED = 0xb400007c643d48c0, surface = 0x0, mEC = 0xb400007be6f82d00, error = EGL_SUCCESS
02-10 17:27:52.662 13669 13707 W BpBinder: PerfMonitor binderTransact : time=2506ms interface=android.system.keystore2.IKeystoreSecurityLevel code=2
02-10 17:27:55.188 13669 13707 W BpBinder: PerfMonitor binderTransact : time=2504ms interface=android.system.keystore2.IKeystoreSecurityLevel code=2
02-10 17:27:55.493 13669 13707 E PlayCore: UID: [10295] PID: [13669] StandardIntegrity : Phonesky is not installed.
02-10 17:27:55.528 13669 13889 W ziparchive: Unable to open '/apex/com.android.extservices/javalib/android.ext.adservices.dm': No such file or directory
02-10 17:27:55.529 13669 13889 W ziparchive: Unable to open '/apex/com.android.extservices/javalib/android.ext.adservices.dm': No such file or directory
02-10 17:27:55.857 13669 13669 W BpBinder: PerfMonitor binderTransact : time=257ms interface=com.google.android.finsky.externalreferrer.IGetInstallReferrerService code=1
02-10 17:27:57.010 13669 13725 E OpenGLRenderer: EglManager::makeCurrent mED = 0xb400007c643d48c0, surface = 0x0, mEC = 0xb400007be6f82d00, error = EGL_SUCCESS
02-10 17:27:58.310 13669 13678 W com.mbwhatsapp: Cleared Reference was only reachable from finalizer (only reported once)
02-10 17:27:58.583 13669 13725 E OpenGLRenderer: EglManager::makeCurrent mED = 0xb400007c643d48c0, surface = 0x0, mEC = 0xb400007be6f82d00, error = EGL_SUCCESS
02-10 17:27:59.088 13669 14165 W BpBinder: PerfMonitor binderTransact : time=453ms interface=com.google.android.gms.auth.api.phone.internal.ISmsRetrieverApiService code=1
02-10 17:28:14.242 13669 13725 E OpenGLRenderer: EglManager::makeCurrent mED = 0xb400007c643d48c0, surface = 0x0, mEC = 0xb400007be6f82d00, error = EGL_SUCCESS
02-10 17:28:16.372 13669 13725 E OpenGLRenderer: EglManager::makeCurrent mED = 0xb400007c643d48c0, surface = 0x0, mEC = 0xb400007be6f82d00, error = EGL_SUCCESS
02-10 17:28:26.332 13669 13725 E OpenGLRenderer: EglManager::makeCurrent mED = 0xb400007c643d48c0, surface = 0x0, mEC = 0xb400007be6f82d00, error = EGL_SUCCESS
02-10 17:28:30.646 13669 13725 E OpenGLRenderer: EglManager::makeCurrent mED = 0xb400007c643d48c0, surface = 0x0, mEC = 0xb400007be6f82d00, error = EGL_SUCCESS
02-10 17:28:45.104 13669 13725 E OpenGLRenderer: EglManager::makeCurrent mED = 0xb400007c643d48c0, surface = 0x0, mEC = 0xb400007be6f82d00, error = EGL_SUCCESS
02-10 17:29:27.659 13669 13725 E OpenGLRenderer: EglManager::makeCurrent mED = 0xb400007c643d48c0, surface = 0x0, mEC = 0xb400007be6f82d00, error = EGL_SUCCESS --------- beginning of main
02-10 17:30:15.590 16320 16320 E com.mbwhatsapp: Not starting debugger since process cannot load the jdwp agent.
02-10 17:30:15.688 16320 16320 W ResourceType: CREATING STRING CACHE OF 192 bytes
02-10 17:30:15.702 16320 16320 W System.err: java.lang.ClassNotFoundException: mbmodsd.mbmodsw.ui.views.btn.BtnBK
02-10 17:30:15.702 16320 16320 W System.err: at java.lang.Runtime.nativeLoad(Native Method)
02-10 17:30:15.702 16320 16320 W System.err: at java.lang.Runtime.nativeLoad(Runtime.java:1126)
02-10 17:30:15.702 16320 16320 W System.err: at java.lang.Runtime.loadLibrary0(Runtime.java:1080)
02-10 17:30:15.702 16320 16320 W System.err: at java.lang.Runtime.loadLibrary0(Runtime.java:1003)
02-10 17:30:15.702 16320 16320 W System.err: at java.lang.System.loadLibrary(System.java:1661)
02-10 17:30:15.702 16320 16320 W System.err: at arm.EpicVm.<clinit>(Unknown Source:2)
02-10 17:30:15.702 16320 16320 W System.err: at java.lang.Class.newInstance(Native Method)
02-10 17:30:15.702 16320 16320 W System.err: at android.app.AppComponentFactory.instantiateApplication(AppComponentFactory.java:76)
02-10 17:30:15.702 16320 16320 W System.err: at androidx.core.app.CoreComponentFactory.instantiateApplication(Unknown Source:0)
02-10 17:30:15.702 16320 16320 W System.err: at android.app.Instrumentation.newApplication(Instrumentation.java:1189)
02-10 17:30:15.702 16320 16320 W System.err: at android.app.LoadedApk.makeApplication(LoadedApk.java:1379)
02-10 17:30:15.702 16320 16320 W System.err: at android.app.ActivityThread.handleBindApplication(ActivityThread.java:7075)
02-10 17:30:15.702 16320 16320 W System.err: at android.app.ActivityThread.access$1700(ActivityThread.java:275)
02-10 17:30:15.702 16320 16320 W System.err: at android.app.ActivityThread$H.handleMessage(ActivityThread.java:2185)
02-10 17:30:15.702 16320 16320 W System.err: at android.os.Handler.dispatchMessage(Handler.java:106)
02-10 17:30:15.702 16320 16320 W System.err: at android.os.Looper.loopOnce(Looper.java:211)
02-10 17:30:15.702 16320 16320 W System.err: at android.os.Looper.loop(Looper.java:300)
02-10 17:30:15.702 16320 16320 W System.err: at android.app.ActivityThread.main(ActivityThread.java:8301)
02-10 17:30:15.702 16320 16320 W System.err: at java.lang.reflect.Method.invoke(Native Method)
02-10 17:30:15.702 16320 16320 W System.err: at com.android.internal.os.RuntimeInit$MethodAndArgsCaller.run(RuntimeInit.java:577)
02-10 17:30:15.702 16320 16320 W System.err: at com.android.internal.os.ZygoteInit.main(ZygoteInit.java:1076)
02-10 17:30:15.719 16320 16320 E CustomActivityOnCrash: IMPORTANT WARNING! You already have an UncaughtExceptionHandler, are you sure this is correct? If you use a custom UncaughtExceptionHandler, you must initialize it AFTER CustomActivityOnCrash! Installing anyway, but your original handler will not be called.
02-10 17:30:15.954 16320 16320 W com.mbwhatsapp: Accessing hidden method Lcom/android/org/conscrypt/OpenSSLSocketImpl;->setUseSessionTickets(Z)V (max- target-q,core-platform-api, reflection, denied)
02-10 17:30:15.954 16320 16320 W com.mbwhatsapp: Accessing hidden method Lcom/android/org/conscrypt/AbstractConscryptSocket;->setUseSessionTickets(Z)V (max- target-q, reflection, denied)
02-10 17:30:15.977 16320 16320 W com.mbwhatsapp: type=1400 audit(0.0:126495): avc: granted { execute } for path="/data/data/com.mbwhatsapp/files/decompressed/libs.spk.zst/libc++_shared.so" dev="dm-9" ino=957947 scontext=u:r:untrusted_app:s0:c39,c257,c512,c768 tcontext=u:object_r:app_data_file:s0:c39,c257,c512,c768 tclass=file app=com.mbwhatsapp
02-10 17:30:15.985 16320 16320 W com.mbwhatsapp: type=1400 audit(0.0:126496): avc: granted { execute } for path="/data/data/com.mbwhatsapp/files/decompressed/libs.spk.zst/libvlc.so" dev="dm- 9" ino=957937 scontext=u:r:untrusted_app:s0:c39,c257,c512,c768 tcontext=u:object_r:app_data_file:s0:c39,c257,c512,c768 tclass=file app=com.mbwhatsapp
02-10 17:30:15.989 16320 16320 W com.mbwhatsapp: type=1400 audit(0.0:126497): avc: granted { execute } for path="/data/data/com.mbwhatsapp/files/decompressed/libs.spk.zst/libwhatsapp.so" dev="dm-9" ino=957939 scontext=u:r:untrusted_app:s0:c39,c257,c512,c768 tcontext=u:object_r:app_data_file:s0:c39,c257,c512,c768 tclass=file app=com.mbwhatsapp
02-10 17:30:16.037 16320 16320 W com.mbwhatsapp: type=1400 audit(0.0:126498): avc: granted { execute } for path="/data/data/com.mbwhatsapp/files/decompressed/libs.spk.zst/libcurve25519.so" dev="dm-9" ino=957942 scontext=u:r:untrusted_app:s0:c39,c257,c512,c768 tcontext=u:object_r:app_data_file:s0:c39,c257,c512,c768 tclass=file app=com.mbwhatsapp
02-10 17:30:16.045 16320 16320 W com.mbwhatsapp: type=1400 audit(0.0:126499): avc: granted { execute } for path="/data/data/com.mbwhatsapp/files/decompressed/libs.spk.zst/libwhatsapp.so" dev="dm-9" ino=957939 scontext=u:r:untrusted_app:s0:c39,c257,c512,c768 tcontext=u:object_r:app_data_file:s0:c39,c257,c512,c768 tclass=file app=com.mbwhatsapp --------- beginning of system
02-10 17:30:16.136 16320 16320 E MiuiMultiWindowUtils: initFreeFormResolutionArgs failed, device is earth
02-10 17:30:16.225 16320 16320 W Looper : PerfMonitor looperActivity : package=com.mbwhatsapp/.Icon0 time=120ms latency=484ms running=0ms procState=-1 historyMsgCount=2 (msgIndex=2 wall=479ms seq=2 late=9ms h=android.app.ActivityThread$H w=110)
02-10 17:30:16.225 16320 16320 W Looper : PerfMonitor looperActivity : package=com.mbwhatsapp/.Icon0 time=0ms latency=603ms running=0ms procState=-1 historyMsgCount=3 (msgIndex=2 wall=479ms seq=2 late=9ms h=android.app.ActivityThread$H w=110) (msgIndex=3 wall=120ms seq=3 late=484ms h=android.app.ActivityThread$H w=159)
02-10 17:30:16.243 16320 16412 E QT : [QT]file does not exist
02-10 17:30:16.431 16320 16411 E OpenGLRenderer: EglManager::makeCurrent mED = 0xb400007c643d48c0, surface = 0x0, mEC = 0xb400007bd899d580, error = EGL_SUCCESS
02-10 17:30:16.435 16320 16411 E libEGL : pre_cache appList: com.sina.weibo,com.smile.gifmaker,com.ss.android.article.news,com.ss.android.ugc.aw eme,com.taobao.taobao,com.tencent.mm,tv.danmaku.bili,
02-10 17:30:16.468 16320 16411 E OpenGLRenderer: fbcNotifyFrameComplete error: undefined symbol: fbcNotifyFrameComplete
02-10 17:30:16.468 16320 16411 E OpenGLRenderer: fbcNotifyNoRender error: undefined symbol: fbcNotifyNoRender
02-10 17:30:21.016 16320 16320 W MirrorManager: this model don't Support
02-10 17:30:25.748 16320 16329 W com.mbwhatsapp: Cleared Reference was only reachable from finalizer (only reported once)
02-10 17:30:26.692 16320 16802 E PlayCore: UID: [10295] PID: [16320] StandardIntegrity : Phonesky is not installed.
02-10 17:30:26.714 16320 16389 W ziparchive: Unable to open '/apex/com.android.extservices/javalib/android.ext.adservices.dm': No such file or directory
02-10 17:30:26.714 16320 16389 W ziparchive: Unable to open '/apex/com.android.extservices/javalib/android.ext.adservices.dm': No such file or directory
02-10 17:30:27.700 16320 16411 E OpenGLRenderer: EglManager::makeCurrent mED = 0xb400007c643d48c0, surface = 0x0, mEC = 0xb400007bd899d580, error = EGL_SUCCESS
02-10 17:30:28.921 16320 16411 E libEGL : pre_cache appList: com.sina.weibo,com.smile.gifmaker,com.ss.android.article.news,com.ss.android.ugc.aw eme,com.taobao.taobao,com.tencent.mm,tv.danmaku.bili,
02-10 17:30:29.423 16320 16411 E OpenGLRenderer: EglManager::makeCurrent mED = 0xb400007c643d48c0, surface = 0x0, mEC = 0xb400007bd899d580, error = EGL_SUCCESS
02-10 17:30:51.827 16320 16411 E OpenGLRenderer: EglManager::makeCurrent mED = 0xb400007c643d48c0, surface = 0x0, mEC = 0xb400007bd899d580, error = EGL_SUCCESS
02-10 17:30:51.884 16320 16320 W IInputConnectionWrapper: getTextBeforeCursor on inactive InputConnection
02-10 17:30:52.560 16320 16411 E OpenGLRenderer: EglManager::makeCurrent mED = 0xb400007c643d48c0, surface = 0x0, mEC = 0xb400007bd899d580, error = EGL_SUCCESS
02-10 17:30:53.036 16320 17309 W BpBinder: PerfMonitor binderTransact : time=382ms interface=com.google.android.gms.auth.api.phone.internal.ISmsRetrieverApiService code=1
02-10 17:30:56.721 16320 16411 E OpenGLRenderer: EglManager::makeCurrent mED = 0xb400007c643d48c0, surface = 0x0, mEC = 0xb400007bd899d580, error = EGL_SUCCESS
02-10 17:31:04.697 16320 16411 E OpenGLRenderer: EglManager::makeCurrent mED = 0xb400007c643d48c0, surface = 0x0, mEC = 0xb400007bd899d580, error = EGL_SUCCESS
02-10 17:31:09.326 16320 16411 E OpenGLRenderer: EglManager::makeCurrent mED = 0xb400007c643d48c0, surface = 0x0, mEC = 0xb400007bd899d580, error = EGL_SUCCESS
02-10 17:31:13.291 16320 16411 E OpenGLRenderer: EglManager::makeCurrent mED = 0xb400007c643d48c0, surface = 0x0, mEC = 0xb400007bd899d580, error = EGL_SUCCESS
02-10 17:31:28.249 16320 16411 E OpenGLRenderer: EglManager::makeCurrent mED = 0xb400007c643d48c0, surface = 0x0, mEC = 0xb400007bd899d580, error = EGL_SUCCESS
02-10 17:31:28.626 16320 16320 W Looper : PerfMonitor doFrame : time=377ms vsyncFrame=0 latency=1ms procState=-1
02-10 17:31:30.214 16320 16320 W Activity: PerfMonitor: Slow Operation: Activity com.mbwhatsapp/.registration.EULA onStart took 116ms
02-10 17:31:30.233 16320 16320 W com.mbwhatsapp: type=1400 audit(0.0:126651): avc: denied { read } for name="osrelease" dev="proc" ino=75330769 scontext=u:r:untrusted_app:s0:c39,c257,c512,c768 tcontext=u:object_r:proc:s0 tclass=file permissive=0 app=com.mbwhatsapp
02-10 17:31:30.233 16320 16320 W com.mbwhatsapp: type=1400 audit(0.0:126652): avc: denied { read } for name="version" dev="proc" ino=75330770 scontext=u:r:untrusted_app:s0:c39,c257,c512,c768 tcontext=u:object_r:proc:s0 tclass=file permissive=0 app=com.mbwhatsapp
02-10 17:31:31.428 16320 16320 W X.0Z6 : Invalid or missing region code (Indonesia) provided.
02-10 17:31:31.945 16320 16411 E OpenGLRenderer: EglManager::makeCurrent mED = 0xb400007c643d48c0, surface = 0x0, mEC = 0xb400007bd899d580, error = EGL_SUCCESS
02-10 17:31:38.976 16320 16411 E OpenGLRenderer: EglManager::makeCurrent mED = 0xb400007c643d48c0, surface = 0x0, mEC = 0xb400007bd899d580, error = EGL_SUCCESS
02-10 17:31:41.473 16320 16411 E OpenGLRenderer: EglManager::makeCurrent mED = 0xb400007c643d48c0, surface = 0x0, mEC = 0xb400007bd899d580, error = EGL_SUCCESS --------- beginning of main
02-10 17:32:44.135 19732 19732 E com.mbwhatsapp: Not starting debugger since process cannot load the jdwp agent.
02-10 17:32:44.310 19732 19732 W ResourceType: CREATING STRING CACHE OF 192 bytes
02-10 17:32:44.370 19732 19732 W System.err: java.lang.ClassNotFoundException: mbmodsd.mbmodsw.ui.views.btn.BtnBK
02-10 17:32:44.370 19732 19732 W System.err: at java.lang.Runtime.nativeLoad(Native Method)
02-10 17:32:44.370 19732 19732 W System.err: at java.lang.Runtime.nativeLoad(Runtime.java:1126)
02-10 17:32:44.370 19732 19732 W System.err: at java.lang.Runtime.loadLibrary0(Runtime.java:1080)
02-10 17:32:44.370 19732 19732 W System.err: at java.lang.Runtime.loadLibrary0(Runtime.java:1003)
02-10 17:32:44.370 19732 19732 W System.err: at java.lang.System.loadLibrary(System.java:1661)
02-10 17:32:44.370 19732 19732 W System.err: at arm.EpicVm.<clinit>(Unknown Source:2)
02-10 17:32:44.370 19732 19732 W System.err: at java.lang.Class.newInstance(Native Method)
02-10 17:32:44.370 19732 19732 W System.err: at android.app.AppComponentFactory.instantiateApplication(AppComponentFactory.java:76)
02-10 17:32:44.370 19732 19732 W System.err: at androidx.core.app.CoreComponentFactory.instantiateApplication(Unknown Source:0)
02-10 17:32:44.370 19732 19732 W System.err: at android.app.Instrumentation.newApplication(Instrumentation.java:1189)
02-10 17:32:44.371 19732 19732 W System.err: at android.app.LoadedApk.makeApplication(LoadedApk.java:1379)
02-10 17:32:44.371 19732 19732 W System.err: at android.app.ActivityThread.handleBindApplication(ActivityThread.java:7075)
02-10 17:32:44.371 19732 19732 W System.err: at android.app.ActivityThread.access$1700(ActivityThread.java:275)
02-10 17:32:44.371 19732 19732 W System.err: at android.app.ActivityThread$H.handleMessage(ActivityThread.java:2185)
02-10 17:32:44.371 19732 19732 W System.err: at android.os.Handler.dispatchMessage(Handler.java:106)
02-10 17:32:44.371 19732 19732 W System.err: at android.os.Looper.loopOnce(Looper.java:211)
02-10 17:32:44.371 19732 19732 W System.err: at android.os.Looper.loop(Looper.java:300)
02-10 17:32:44.371 19732 19732 W System.err: at android.app.ActivityThread.main(ActivityThread.java:8301)
02-10 17:32:44.371 19732 19732 W System.err: at java.lang.reflect.Method.invoke(Native Method)
02-10 17:32:44.371 19732 19732 W System.err: at com.android.internal.os.RuntimeInit$MethodAndArgsCaller.run(RuntimeInit.java:577)
02-10 17:32:44.371 19732 19732 W System.err: at com.android.internal.os.ZygoteInit.main(ZygoteInit.java:1076)
02-10 17:32:44.419 19732 19732 E CustomActivityOnCrash: IMPORTANT WARNING! You already have an UncaughtExceptionHandler, are you sure this is correct? If you use a custom UncaughtExceptionHandler, you must initialize it AFTER CustomActivityOnCrash! Installing anyway, but your original handler will not be called.
02-10 17:32:44.799 19732 19732 W com.mbwhatsapp: Accessing hidden method Lcom/android/org/conscrypt/OpenSSLSocketImpl;->setUseSessionTickets(Z)V (max- target-q,core-platform-api, reflection, denied)
02-10 17:32:44.799 19732 19732 W com.mbwhatsapp: Accessing hidden method Lcom/android/org/conscrypt/AbstractConscryptSocket;->setUseSessionTickets(Z)V (max- target-q, reflection, denied) --------- beginning of system
02-10 17:32:45.008 19732 19732 E MiuiMultiWindowUtils: initFreeFormResolutionArgs failed, device is earth
02-10 17:32:45.119 19732 19732 W Looper : PerfMonitor looperActivity : package=com.mbwhatsapp/.Icon0 time=145ms latency=776ms running=0ms procState=-1 historyMsgCount=2 (msgIndex=2 wall=770ms seq=2 late=15ms h=android.app.ActivityThread$H w=110)
02-10 17:32:45.120 19732 19732 W Looper : PerfMonitor looperActivity : package=com.mbwhatsapp/.Icon0 time=0ms latency=920ms running=0ms procState=-1 historyMsgCount=3 (msgIndex=2 wall=770ms seq=2 late=15ms h=android.app.ActivityThread$H w=110) (msgIndex=3 wall=145ms seq=3 late=776ms h=android.app.ActivityThread$H w=159)
02-10 17:32:45.141 19732 19820 E QT : [QT]file does not exist
02-10 17:32:45.439 19732 19819 E OpenGLRenderer: EglManager::makeCurrent mED = 0xb400007c643d48c0, surface = 0x0, mEC = 0xb400007be23cd880, error = EGL_SUCCESS
02-10 17:32:45.452 19732 19819 E libEGL : pre_cache appList: com.sina.weibo,com.smile.gifmaker,com.ss.android.article.news,com.ss.android.ugc.aw eme,com.taobao.taobao,com.tencent.mm,tv.danmaku.bili,
02-10 17:32:45.526 19732 19819 E OpenGLRenderer: fbcNotifyFrameComplete error: undefined symbol: fbcNotifyFrameComplete
02-10 17:32:45.526 19732 19819 E OpenGLRenderer: fbcNotifyNoRender error: undefined symbol: fbcNotifyNoRender
02-10 17:32:45.675 19732 19819 W RenderInspector: DequeueBuffer time out on com.mbwhatsapp/com.mbwhatsapp.registration.EULA, count=1, avg=18 ms, max=18 ms.
