02-10 17:53:44.787 29718 29718 E ArmVmp : Match on catch block at 0xc3 in for 0x7d337b2025
02-10 17:53:44.788 29718 29718 E ArmVmp : Match on catch block at 0xc3 in for 0x7d337b2025
02-10 17:53:44.800 29718 29718 E ArmVmp : Match on catch block at 0xc3 in for 0x7d337b2025
02-10 17:53:44.802 29718 29718 E ArmVmp : Match on catch block at 0xc3 in for 0x7d337b2025
02-10 17:53:44.804 29718 29718 E ArmVmp : Match on catch block at 0xc3 in for 0x7d337b2025
02-10 17:53:44.818 29718 29718 E ArmVmp : Match on catch block at 0xc3 in for 0x7d337b2025
02-10 17:53:44.821 29718 29718 E ArmVmp : Match on catch block at 0xc3 in for 0x7d337b2025
02-10 17:53:44.822 29718 29718 E ArmVmp : Match on catch block at 0xc3 in for 0x7d337b2025
02-10 17:53:44.833 29718 29718 E ArmVmp : Match on catch block at 0xc3 in for 0x7d337b2025
02-10 17:53:44.835 29718 29718 E ArmVmp : Match on catch block at 0xc3 in for 0x7d337b2025
02-10 17:53:44.837 29718 29718 E ArmVmp : Match on catch block at 0xc3 in for 0x7d337b2025
02-10 17:53:44.850 29718 29718 E ArmVmp : Match on catch block at 0xc3 in for 0x7d337b2025
02-10 17:53:44.852 29718 29718 E ArmVmp : Match on catch block at 0xc3 in for 0x7d337b2025
02-10 17:53:44.854 29718 29718 E ArmVmp : Match on catch block at 0xc3 in for 0x7d337b2025
02-10 17:53:44.867 29718 29718 E ArmVmp : Match on catch block at 0xc3 in for 0x7d337b2025
02-10 17:53:44.869 29718 29718 E ArmVmp : Match on catch block at 0xc3 in for 0x7d337b2025
02-10 17:53:44.871 29718 29718 E ArmVmp : Match on catch block at 0xc3 in for 0x7d337b2025
02-10 17:53:44.883 29718 29718 E ArmVmp : Match on catch block at 0xc3 in for 0x7d337b2025
02-10 17:53:44.885 29718 29718 E ArmVmp : Match on catch block at 0xc3 in for 0x7d337b2025
02-10 17:53:44.888 29718 29718 E ArmVmp : Match on catch block at 0xc3 in for 0x7d337b2025
02-10 17:53:44.900 29718 29718 E ArmVmp : Match on catch block at 0xc3 in for 0x7d337b2025
02-10 17:53:44.903 29718 29718 E ArmVmp : Match on catch block at 0xc3 in for 0x7d337b2025
02-10 17:53:44.905 29718 29718 E ArmVmp : Match on catch block at 0xc3 in for 0x7d337b2025
02-10 17:53:44.916 29718 29718 E ArmVmp : Match on catch block at 0xc3 in for 0x7d337b2025
02-10 17:53:44.919 29718 29718 E ArmVmp : Match on catch block at 0xc3 in for 0x7d337b2025
02-10 17:53:44.922 29718 29718 E ArmVmp : Match on catch block at 0xc3 in for 0x7d337b2025
02-10 17:53:44.933 29718 29718 E ArmVmp : Match on catch block at 0xc3 in for 0x7d337b2025
02-10 17:53:44.935 29718 29718 E ArmVmp : Match on catch block at 0xc3 in for 0x7d337b2025
02-10 17:53:44.937 29718 29718 E ArmVmp : Match on catch block at 0xc3 in for 0x7d337b2025
02-10 17:53:45.090 29718 29777 E OpenGLRenderer: EglManager::makeCurrent mED = 0xb400007c643d48c0, surface = 0x0, mEC = 0xb400007be145c800, error = EGL_SUCCESS
02-10 17:53:45.170 29718 29718 E ArmVmp : Match on catch block at 0xc3 in for 0x7d337b2025
02-10 17:53:45.175 29718 29718 E ArmVmp : Match on catch block at 0xc3 in for 0x7d337b2025
02-10 17:53:45.178 29718 29718 E ArmVmp : Match on catch block at 0xc3 in for 0x7d337b2025
02-10 17:53:45.229 29718 29718 E ArmVmp : Match on catch block at 0xc3 in for 0x7d337b2025
02-10 17:53:45.233 29718 29718 E ArmVmp : Match on catch block at 0xc3 in for 0x7d337b2025
02-10 17:53:45.235 29718 29718 E ArmVmp : Match on catch block at 0xc3 in for 0x7d337b2025
02-10 17:53:45.241 29718 29718 E ArmVmp : Match on catch block at 0xc3 in for 0x7d337b2025
02-10 17:53:45.244 29718 29718 E ArmVmp : Match on catch block at 0xc3 in for 0x7d337b2025
02-10 17:53:45.248 29718 29718 E ArmVmp : Match on catch block at 0xc3 in for 0x7d337b2025
02-10 17:53:45.254 29718 29718 E ArmVmp : Match on catch block at 0xc3 in for 0x7d337b2025
02-10 17:53:45.257 29718 29718 E ArmVmp : Match on catch block at 0xc3 in for 0x7d337b2025
02-10 17:53:45.260 29718 29718 E ArmVmp : Match on catch block at 0xc3 in for 0x7d337b2025
02-10 17:53:45.267 29718 29718 E ArmVmp : Match on catch block at 0xc3 in for 0x7d337b2025
02-10 17:53:45.269 29718 29718 E ArmVmp : Match on catch block at 0xc3 in for 0x7d337b2025
02-10 17:53:45.273 29718 29718 E ArmVmp : Match on catch block at 0xc3 in for 0x7d337b2025
02-10 17:53:45.284 29718 29718 E ArmVmp : Match on catch block at 0xc3 in for 0x7d337b2025
02-10 17:53:45.287 29718 29718 E ArmVmp : Match on catch block at 0xc3 in for 0x7d337b2025
02-10 17:53:45.291 29718 29718 E ArmVmp : Match on catch block at 0xc3 in for 0x7d337b2025
02-10 17:53:45.300 29718 29718 E ArmVmp : Match on catch block at 0xc3 in for 0x7d337b2025
02-10 17:53:45.303 29718 29718 E ArmVmp : Match on catch block at 0xc3 in for 0x7d337b2025
02-10 17:53:45.305 29718 29718 E ArmVmp : Match on catch block at 0xc3 in for 0x7d337b2025
02-10 17:53:45.317 29718 29718 E ArmVmp : Match on catch block at 0xc3 in for 0x7d337b2025
02-10 17:53:45.320 29718 29718 E ArmVmp : Match on catch block at 0xc3 in for 0x7d337b2025
02-10 17:53:45.323 29718 29718 E ArmVmp : Match on catch block at 0xc3 in for 0x7d337b2025
02-10 17:53:45.334 29718 29718 E ArmVmp : Match on catch block at 0xc3 in for 0x7d337b2025
02-10 17:53:45.338 29718 29718 E ArmVmp : Match on catch block at 0xc3 in for 0x7d337b2025
02-10 17:53:45.342 29718 29718 E ArmVmp : Match on catch block at 0xc3 in for 0x7d337b2025
02-10 17:53:45.351 29718 29718 E ArmVmp : Match on catch block at 0xc3 in for 0x7d337b2025
02-10 17:53:45.354 29718 29718 E ArmVmp : Match on catch block at 0xc3 in for 0x7d337b2025
02-10 17:53:45.357 29718 29718 E ArmVmp : Match on catch block at 0xc3 in for 0x7d337b2025
02-10 17:53:45.367 29718 29718 E ArmVmp : Match on catch block at 0xc3 in for 0x7d337b2025
02-10 17:53:45.371 29718 29718 E ArmVmp : Match on catch block at 0xc3 in for 0x7d337b2025
02-10 17:53:45.374 29718 29718 E ArmVmp : Match on catch block at 0xc3 in for 0x7d337b2025
02-10 17:53:45.383 29718 29718 E ArmVmp : Match on catch block at 0xc3 in for 0x7d337b2025
02-10 17:53:45.387 29718 29718 E ArmVmp : Match on catch block at 0xc3 in for 0x7d337b2025
02-10 17:53:45.390 29718 29718 E ArmVmp : Match on catch block at 0xc3 in for 0x7d337b2025
02-10 17:53:45.421 29718 29718 E ArmVmp : Match on catch block at 0xc3 in for 0x7d337b2025
02-10 17:53:45.425 29718 29718 E ArmVmp : Match on catch block at 0xc3 in for 0x7d337b2025
02-10 17:53:45.427 29718 29718 E ArmVmp : Match on catch block at 0xc3 in for 0x7d337b2025
02-10 17:53:45.463 29718 29718 E ArmVmp : Match on catch block at 0xc3 in for 0x7d337b2025
02-10 17:53:45.466 29718 29718 E ArmVmp : Match on catch block at 0xc3 in for 0x7d337b2025
02-10 17:53:45.469 29718 29718 E ArmVmp : Match on catch block at 0xc3 in for 0x7d337b2025
02-10 17:53:45.485 29718 29718 E ArmVmp : Match on catch block at 0xc3 in for 0x7d337b2025
02-10 17:53:45.486 29718 29763 E SQLiteDatabase: Error inserting transferred=0 media_job_uuid=a173185e-5a7e-4e2e-8907-57e969eb37b3 transcoded=0 gif_attribution=0 first_scan_length=13159 direct_path=/o1/v/t62.7118-24/f1/m238/up-oil-image- 69cc11af-7900-4a6f-971e-58f87c12e5eb?ccb=9-4&oh=01_AdQQUgwA7xZgtIHgp1NKuJPQQn- wTUE9hODu7aoO3RaKXg&oe=65EEAA8C&_nc_sid=000000&_nc_hot=1707562422 thumbnail_height_width_ratio=0.43055555 is_animated_sticker=0 file_hash=B7ofMrwPDf/n/voKnAwB31ogBoQC7rJEZjSu2EvvWPY= file_path=null file_size=0 partial_media_hash=/rHhY+CRv7rCoFM8RmLyhUId4QAtfpxhV7jsqJvUc3c= face_x=0 face_y=0 height=720 trim_to=0 media_key_timestamp=1707560524000 message_url=https://mmg.whatsapp.net/o1/v/t62.7118-24/f1/m238/up-oil-image- 69cc11af-7900-4a6f-971e-58f87c12e5eb?ccb=9-4&oh=01_AdQQUgwA7xZgtIHgp1NKuJPQQn- wTUE9hODu7aoO3RaKXg&oe=65EEAA8C&_nc_sid=000000&mms3=true media_caption=null trim_from=0 mime_type=image/jpeg partial_media_enc_hash=null width=1600 original_file_hash=null has_streaming_sidecar=1 autotransfer_retry_enabled=1 media_upload_handle=null message_row_id=2257 multicast_id=null enc_file_hash=iig73OSbQe+osiwEuAwpy+BmCDOZFOHDAruveISRdLQ= mute_video=0 page_count=0 first_scan_sidecar=[B@71d42c4 suspicious_content=0 file_length=163582 media_name=null media_duration=0 chat_row_id=169 media_key=[B@96555ad
02-10 17:53:45.486 29718 29763 E SQLiteDatabase: android.database.sqlite.SQLiteConstraintException: UNIQUE constraint failed: message_media.message_row_id (code 1555 SQLITE_CONSTRAINT_PRIMARYKEY)
02-10 17:53:45.486 29718 29763 E SQLiteDatabase: at android.database.sqlite.SQLiteConnection.nativeExecuteForLastInsertedRowId(Native Method)
02-10 17:53:45.486 29718 29763 E SQLiteDatabase: at android.database.sqlite.SQLiteConnection.executeForLastInsertedRowId(SQLiteConnecti on.java:940)
02-10 17:53:45.486 29718 29763 E SQLiteDatabase: at android.database.sqlite.SQLiteSession.executeForLastInsertedRowId(SQLiteSession.jav a:790)
02-10 17:53:45.486 29718 29763 E SQLiteDatabase: at android.database.sqlite.SQLiteStatement.executeInsert(SQLiteStatement.java:89)
02-10 17:53:45.486 29718 29763 E SQLiteDatabase: at android.database.sqlite.SQLiteDatabase.insertWithOnConflict(SQLiteDatabase.java:170 2)
02-10 17:53:45.486 29718 29763 E SQLiteDatabase: at android.database.sqlite.SQLiteDatabase.insert(SQLiteDatabase.java:1571)
02-10 17:53:45.486 29718 29763 E SQLiteDatabase: at X.2tm.A08(Unknown Source:6)
02-10 17:53:45.486 29718 29763 E SQLiteDatabase: at X.35Y.A07(Unknown Source:212)
02-10 17:53:45.486 29718 29763 E SQLiteDatabase: at X.3QF.A14(Unknown Source:470)
02-10 17:53:45.486 29718 29763 E SQLiteDatabase: at X.3gU.run(Unknown Source:982)
02-10 17:53:45.486 29718 29763 E SQLiteDatabase: at android.os.Handler.handleCallback(Handler.java:938)
02-10 17:53:45.486 29718 29763 E SQLiteDatabase: at android.os.Handler.dispatchMessage(Handler.java:99)
02-10 17:53:45.486 29718 29763 E SQLiteDatabase: at X.0zq.dispatchMessage(Unknown Source:4)
02-10 17:53:45.486 29718 29763 E SQLiteDatabase: at android.os.Looper.loopOnce(Looper.java:211)
02-10 17:53:45.486 29718 29763 E SQLiteDatabase: at android.os.Looper.loop(Looper.java:300)
02-10 17:53:45.486 29718 29763 E SQLiteDatabase: at android.os.HandlerThread.run(HandlerThread.java:67)
02-10 17:53:45.490 29718 29718 E ArmVmp : Match on catch block at 0xc3 in for 0x7d337b2025
02-10 17:53:45.492 29718 29718 E ArmVmp : Match on catch block at 0xc3 in for 0x7d337b2025
02-10 17:53:45.527 29718 29777 E OpenGLRenderer: EglManager::makeCurrent mED = 0xb400007c643d48c0, surface = 0x0, mEC = 0xb400007be145c800, error = EGL_SUCCESS
02-10 17:53:45.541 29718 29777 E OpenGLRenderer: EglManager::makeCurrent mED = 0xb400007c643d48c0, surface = 0x0, mEC = 0xb400007be145c800, error = EGL_SUCCESS
02-10 17:53:45.562 29718 29777 E OpenGLRenderer: EglManager::makeCurrent mED = 0xb400007c643d48c0, surface = 0x0, mEC = 0xb400007be145c800, error = EGL_SUCCESS
02-10 17:53:45.575 29718 29777 E OpenGLRenderer: EglManager::makeCurrent mED = 0xb400007c643d48c0, surface = 0x0, mEC = 0xb400007be145c800, error = EGL_SUCCESS
02-10 17:53:45.591 29718 29777 E OpenGLRenderer: EglManager::makeCurrent mED = 0xb400007c643d48c0, surface = 0x0, mEC = 0xb400007be145c800, error = EGL_SUCCESS
02-10 17:53:45.608 29718 29777 E OpenGLRenderer: EglManager::makeCurrent mED = 0xb400007c643d48c0, surface = 0x0, mEC = 0xb400007be145c800, error = EGL_SUCCESS
02-10 17:53:45.623 29718 29777 E OpenGLRenderer: EglManager::makeCurrent mED = 0xb400007c643d48c0, surface = 0x0, mEC = 0xb400007be145c800, error = EGL_SUCCESS
02-10 17:53:45.641 29718 29777 E OpenGLRenderer: EglManager::makeCurrent mED = 0xb400007c643d48c0, surface = 0x0, mEC = 0xb400007be145c800, error = EGL_SUCCESS
02-10 17:53:45.667 29718 29777 E OpenGLRenderer: EglManager::makeCurrent mED = 0xb400007c643d48c0, surface = 0x0, mEC = 0xb400007be145c800, error = EGL_SUCCESS
02-10 17:53:45.703 29718 29718 E ArmVmp : Match on catch block at 0xc3 in for 0x7d337b2025
02-10 17:53:45.706 29718 29718 E ArmVmp : Match on catch block at 0xc3 in for 0x7d337b2025
02-10 17:53:45.709 29718 29718 E ArmVmp : Match on catch block at 0xc3 in for 0x7d337b2025
02-10 17:53:45.739 29718 29718 E ArmVmp : Match on catch block at 0xc3 in for 0x7d337b2025
02-10 17:53:45.742 29718 29718 E ArmVmp : Match on catch block at 0xc3 in for 0x7d337b2025
02-10 17:53:45.745 29718 29718 E ArmVmp : Match on catch block at 0xc3 in for 0x7d337b2025
02-10 17:53:45.774 29718 29718 E ArmVmp : Match on catch block at 0xc3 in for 0x7d337b2025
02-10 17:53:45.778 29718 29718 E ArmVmp : Match on catch block at 0xc3 in for 0x7d337b2025
02-10 17:53:45.781 29718 29718 E ArmVmp : Match on catch block at 0xc3 in for 0x7d337b2025
02-10 17:53:45.796 29718 29718 E ArmVmp : Match on catch block at 0xc3 in for 0x7d337b2025
02-10 17:53:45.800 29718 29718 E ArmVmp : Match on catch block at 0xc3 in for 0x7d337b2025
02-10 17:53:45.802 29718 29718 E ArmVmp : Match on catch block at 0xc3 in for 0x7d337b2025
02-10 17:53:45.967 29718 29718 E ArmVmp : Match on catch block at 0xc3 in for 0x7d337b2025
02-10 17:53:45.971 29718 29718 E ArmVmp : Match on catch block at 0xc3 in for 0x7d337b2025
02-10 17:53:45.975 29718 29718 E ArmVmp : Match on catch block at 0xc3 in for 0x7d337b2025
02-10 17:53:46.209 29718 29777 E OpenGLRenderer: EglManager::makeCurrent mED = 0xb400007c643d48c0, surface = 0x0, mEC = 0xb400007be145c800, error = EGL_SUCCESS
02-10 17:53:46.243 29718 29718 E ArmVmp : Match on catch block at 0xc3 in for 0x7d337b2025
02-10 17:53:46.247 29718 29718 E ArmVmp : Match on catch block at 0xc3 in for 0x7d337b2025
02-10 17:53:46.250 29718 29718 E ArmVmp : Match on catch block at 0xc3 in for 0x7d337b2025
02-10 17:53:46.261 29718 29718 E ArmVmp : Match on catch block at 0xc3 in for 0x7d337b2025
02-10 17:53:46.265 29718 29718 E ArmVmp : Match on catch block at 0xc3 in for 0x7d337b2025
02-10 17:53:46.268 29718 29718 E ArmVmp : Match on catch block at 0xc3 in for 0x7d337b2025
02-10 17:53:46.284 29718 29718 E ArmVmp : Match on catch block at 0xc3 in for 0x7d337b2025
02-10 17:53:46.288 29718 29718 E ArmVmp : Match on catch block at 0xc3 in for 0x7d337b2025
02-10 17:53:46.291 29718 29718 E ArmVmp : Match on catch block at 0xc3 in for 0x7d337b2025
02-10 17:53:46.316 29718 29718 E ArmVmp : Match on catch block at 0xc3 in for 0x7d337b2025
02-10 17:53:46.319 29718 29718 E ArmVmp : Match on catch block at 0xc3 in for 0x7d337b2025
02-10 17:53:46.323 29718 29718 E ArmVmp : Match on catch block at 0xc3 in for 0x7d337b2025
02-10 17:53:46.336 29718 29718 E ArmVmp : Match on catch block at 0xc3 in for 0x7d337b2025
02-10 17:53:46.339 29718 29718 E ArmVmp : Match on catch block at 0xc3 in for 0x7d337b2025
02-10 17:53:46.342 29718 29718 E ArmVmp : Match on catch block at 0xc3 in for 0x7d337b2025
02-10 17:53:46.358 29718 29718 E ArmVmp : Match on catch block at 0xc3 in for 0x7d337b2025
02-10 17:53:46.360 29718 29718 E ArmVmp : Match on catch block at 0xc3 in for 0x7d337b2025
02-10 17:53:46.362 29718 29718 E ArmVmp : Match on catch block at 0xc3 in for 0x7d337b2025
02-10 17:53:46.370 29718 29718 E ArmVmp : Match on catch block at 0xc3 in for 0x7d337b2025
02-10 17:53:46.373 29718 29718 E ArmVmp : Match on catch block at 0xc3 in for 0x7d337b2025
02-10 17:53:46.375 29718 29718 E ArmVmp : Match on catch block at 0xc3 in for 0x7d337b2025
02-10 17:53:46.382 29718 29718 E ArmVmp : Match on catch block at 0xc3 in for 0x7d337b2025
02-10 17:53:46.385 29718 29718 E ArmVmp : Match on catch block at 0xc3 in for 0x7d337b2025
02-10 17:53:46.387 29718 29718 E ArmVmp : Match on catch block at 0xc3 in for 0x7d337b2025
02-10 17:53:46.400 29718 29718 E ArmVmp : Match on catch block at 0xc3 in for 0x7d337b2025
02-10 17:53:46.404 29718 29718 E ArmVmp : Match on catch block at 0xc3 in for 0x7d337b2025
02-10 17:53:46.407 29718 29718 E ArmVmp : Match on catch block at 0xc3 in for 0x7d337b2025
02-10 17:53:46.416 29718 29718 E ArmVmp : Match on catch block at 0xc3 in for 0x7d337b2025
02-10 17:53:46.419 29718 29718 E ArmVmp : Match on catch block at 0xc3 in for 0x7d337b2025
02-10 17:53:46.421 29718 29718 E ArmVmp : Match on catch block at 0xc3 in for 0x7d337b2025
02-10 17:53:46.433 29718 29718 E ArmVmp : Match on catch block at 0xc3 in for 0x7d337b2025
02-10 17:53:46.437 29718 29718 E ArmVmp : Match on catch block at 0xc3 in for 0x7d337b2025
02-10 17:53:46.440 29718 29718 E ArmVmp : Match on catch block at 0xc3 in for 0x7d337b2025
02-10 17:53:46.450 29718 29718 E ArmVmp : Match on catch block at 0xc3 in for 0x7d337b2025
02-10 17:53:46.452 29718 29718 E ArmVmp : Match on catch block at 0xc3 in for 0x7d337b2025
02-10 17:53:46.455 29718 29718 E ArmVmp : Match on catch block at 0xc3 in for 0x7d337b2025
02-10 17:53:46.467 29718 29718 E ArmVmp : Match on catch block at 0xc3 in for 0x7d337b2025
02-10 17:53:46.470 29718 29718 E ArmVmp : Match on catch block at 0xc3 in for 0x7d337b2025
02-10 17:53:46.472 29718 29718 E ArmVmp : Match on catch block at 0xc3 in for 0x7d337b2025
02-10 17:53:46.483 29718 29718 E ArmVmp : Match on catch block at 0xc3 in for 0x7d337b2025
02-10 17:53:46.487 29718 29718 E ArmVmp : Match on catch block at 0xc3 in for 0x7d337b2025
02-10 17:53:46.489 29718 29718 E ArmVmp : Match on catch block at 0xc3 in for 0x7d337b2025
02-10 17:53:46.501 29718 29718 E ArmVmp : Match on catch block at 0xc3 in for 0x7d337b2025
02-10 17:53:46.504 29718 29718 E ArmVmp : Match on catch block at 0xc3 in for 0x7d337b2025
02-10 17:53:46.507 29718 29718 E ArmVmp : Match on catch block at 0xc3 in for 0x7d337b2025
02-10 17:53:46.517 29718 29718 E ArmVmp : Match on catch block at 0xc3 in for 0x7d337b2025
02-10 17:53:46.520 29718 29718 E ArmVmp : Match on catch block at 0xc3 in for 0x7d337b2025
02-10 17:53:46.522 29718 29718 E ArmVmp : Match on catch block at 0xc3 in for 0x7d337b2025
02-10 17:53:46.533 29718 29718 E ArmVmp : Match on catch block at 0xc3 in for 0x7d337b2025
02-10 17:53:46.537 29718 29718 E ArmVmp : Match on catch block at 0xc3 in for 0x7d337b2025
02-10 17:53:46.540 29718 29718 E ArmVmp : Match on catch block at 0xc3 in for 0x7d337b2025
02-10 17:53:46.550 29718 29718 E ArmVmp : Match on catch block at 0xc3 in for 0x7d337b2025
02-10 17:53:46.554 29718 29718 E ArmVmp : Match on catch block at 0xc3 in for 0x7d337b2025
02-10 17:53:46.556 29718 29718 E ArmVmp : Match on catch block at 0xc3 in for 0x7d337b2025
02-10 17:53:46.567 29718 29718 E ArmVmp : Match on catch block at 0xc3 in for 0x7d337b2025
02-10 17:53:46.571 29718 29718 E ArmVmp : Match on catch block at 0xc3 in for 0x7d337b2025
02-10 17:53:46.574 29718 29718 E ArmVmp : Match on catch block at 0xc3 in for 0x7d337b2025
02-10 17:53:46.583 29718 29718 E ArmVmp : Match on catch block at 0xc3 in for 0x7d337b2025
02-10 17:53:46.586 29718 29718 E ArmVmp : Match on catch block at 0xc3 in for 0x7d337b2025
02-10 17:53:46.589 29718 29718 E ArmVmp : Match on catch block at 0xc3 in for 0x7d337b2025
02-10 17:53:46.600 29718 29718 E ArmVmp : Match on catch block at 0xc3 in for 0x7d337b2025
02-10 17:53:46.604 29718 29718 E ArmVmp : Match on catch block at 0xc3 in for 0x7d337b2025
02-10 17:53:46.606 29718 29718 E ArmVmp : Match on catch block at 0xc3 in for 0x7d337b2025
02-10 17:53:46.617 29718 29718 E ArmVmp : Match on catch block at 0xc3 in for 0x7d337b2025
02-10 17:53:46.620 29718 29718 E ArmVmp : Match on catch block at 0xc3 in for 0x7d337b2025
02-10 17:53:46.623 29718 29718 E ArmVmp : Match on catch block at 0xc3 in for 0x7d337b2025
02-10 17:53:46.639 29718 29718 E ArmVmp : Match on catch block at 0xc3 in for 0x7d337b2025
02-10 17:53:46.642 29718 29718 E ArmVmp : Match on catch block at 0xc3 in for 0x7d337b2025
02-10 17:53:46.644 29718 29718 E ArmVmp : Match on catch block at 0xc3 in for 0x7d337b2025
02-10 17:53:46.650 29718 29718 E ArmVmp : Match on catch block at 0xc3 in for 0x7d337b2025
02-10 17:53:46.654 29718 29718 E ArmVmp : Match on catch block at 0xc3 in for 0x7d337b2025
02-10 17:53:46.656 29718 29718 E ArmVmp : Match on catch block at 0xc3 in for 0x7d337b2025
02-10 17:53:46.666 29718 29718 E ArmVmp : Match on catch block at 0xc3 in for 0x7d337b2025
02-10 17:53:46.669 29718 29718 E ArmVmp : Match on catch block at 0xc3 in for 0x7d337b2025
02-10 17:53:46.672 29718 29718 E ArmVmp : Match on catch block at 0xc3 in for 0x7d337b2025
02-10 17:53:46.683 29718 29718 E ArmVmp : Match on catch block at 0xc3 in for 0x7d337b2025
02-10 17:53:46.687 29718 29718 E ArmVmp : Match on catch block at 0xc3 in for 0x7d337b2025
02-10 17:53:46.689 29718 29718 E ArmVmp : Match on catch block at 0xc3 in for 0x7d337b2025
02-10 17:53:46.700 29718 29718 E ArmVmp : Match on catch block at 0xc3 in for 0x7d337b2025
02-10 17:53:46.704 29718 29718 E ArmVmp : Match on catch block at 0xc3 in for 0x7d337b2025
02-10 17:53:46.707 29718 29718 E ArmVmp : Match on catch block at 0xc3 in for 0x7d337b2025
02-10 17:53:46.717 29718 29718 E ArmVmp : Match on catch block at 0xc3 in for 0x7d337b2025
02-10 17:53:46.723 29718 29718 E ArmVmp : Match on catch block at 0xc3 in for 0x7d337b2025
02-10 17:53:46.726 29718 29718 E ArmVmp : Match on catch block at 0xc3 in for 0x7d337b2025
02-10 17:53:46.733 29718 29718 E ArmVmp : Match on catch block at 0xc3 in for 0x7d337b2025
02-10 17:53:46.737 29718 29718 E ArmVmp : Match on catch block at 0xc3 in for 0x7d337b2025
02-10 17:53:46.739 29718 29718 E ArmVmp : Match on catch block at 0xc3 in for 0x7d337b2025
02-10 17:53:46.749 29718 29718 E ArmVmp : Match on catch block at 0xc3 in for 0x7d337b2025
02-10 17:53:46.751 29718 29718 E ArmVmp : Match on catch block at 0xc3 in for 0x7d337b2025
02-10 17:53:46.752 29718 29718 E ArmVmp : Match on catch block at 0xc3 in for 0x7d337b2025
02-10 17:53:46.765 29718 29718 E ArmVmp : Match on catch block at 0xc3 in for 0x7d337b2025
02-10 17:53:46.767 29718 29718 E ArmVmp : Match on catch block at 0xc3 in for 0x7d337b2025
02-10 17:53:46.769 29718 29718 E ArmVmp : Match on catch block at 0xc3 in for 0x7d337b2025
02-10 17:53:46.782 29718 29718 E ArmVmp : Match on catch block at 0xc3 in for 0x7d337b2025
02-10 17:53:46.784 29718 29718 E ArmVmp : Match on catch block at 0xc3 in for 0x7d337b2025
02-10 17:53:46.785 29718 29718 E ArmVmp : Match on catch block at 0xc3 in for 0x7d337b2025
02-10 17:53:46.799 29718 29718 E ArmVmp : Match on catch block at 0xc3 in for 0x7d337b2025
02-10 17:53:46.801 29718 29718 E ArmVmp : Match on catch block at 0xc3 in for 0x7d337b2025
02-10 17:53:46.803 29718 29718 E ArmVmp : Match on catch block at 0xc3 in for 0x7d337b2025
02-10 17:53:46.815 29718 29718 E ArmVmp : Match on catch block at 0xc3 in for 0x7d337b2025
02-10 17:53:46.817 29718 29718 E ArmVmp : Match on catch block at 0xc3 in for 0x7d337b2025
02-10 17:53:46.818 29718 29718 E ArmVmp : Match on catch block at 0xc3 in for 0x7d337b2025
02-10 17:53:46.832 29718 29718 E ArmVmp : Match on catch block at 0xc3 in for 0x7d337b2025
02-10 17:53:46.834 29718 29718 E ArmVmp : Match on catch block at 0xc3 in for 0x7d337b2025
02-10 17:53:46.836 29718 29718 E ArmVmp : Match on catch block at 0xc3 in for 0x7d337b2025
02-10 17:53:46.850 29718 29718 E ArmVmp : Match on catch block at 0xc3 in for 0x7d337b2025
02-10 17:53:46.853 29718 29718 E ArmVmp : Match on catch block at 0xc3 in for 0x7d337b2025
02-10 17:53:46.856 29718 29718 E ArmVmp : Match on catch block at 0xc3 in for 0x7d337b2025
02-10 17:53:46.866 29718 29718 E ArmVmp : Match on catch block at 0xc3 in for 0x7d337b2025
02-10 17:53:46.870 29718 29718 E ArmVmp : Match on catch block at 0xc3 in for 0x7d337b2025
02-10 17:53:46.872 29718 29718 E ArmVmp : Match on catch block at 0xc3 in for 0x7d337b2025
02-10 17:53:46.896 29718 29718 E ArmVmp : Match on catch block at 0xc3 in for 0x7d337b2025
02-10 17:53:46.900 29718 29718 E ArmVmp : Match on catch block at 0xc3 in for 0x7d337b2025
02-10 17:53:46.902 29718 29718 E ArmVmp : Match on catch block at 0xc3 in for 0x7d337b2025
02-10 17:53:46.929 29718 29718 E ArmVmp : Match on catch block at 0xc3 in for 0x7d337b2025
02-10 17:53:46.933 29718 29718 E ArmVmp : Match on catch block at 0xc3 in for 0x7d337b2025
02-10 17:53:46.935 29718 29718 E ArmVmp : Match on catch block at 0xc3 in for 0x7d337b2025
02-10 17:53:46.941 29718 29718 E ArmVmp : Match on catch block at 0xc3 in for 0x7d337b2025
02-10 17:53:46.943 29718 29718 E ArmVmp : Match on catch block at 0xc3 in for 0x7d337b2025
02-10 17:53:46.946 29718 29718 E ArmVmp : Match on catch block at 0xc3 in for 0x7d337b2025
02-10 17:53:46.965 29718 29718 E ArmVmp : Match on catch block at 0xc3 in for 0x7d337b2025
02-10 17:53:46.969 29718 29718 E ArmVmp : Match on catch block at 0xc3 in for 0x7d337b2025
02-10 17:53:46.971 29718 29718 E ArmVmp : Match on catch block at 0xc3 in for 0x7d337b2025
02-10 17:53:46.982 29718 29718 E ArmVmp : Match on catch block at 0xc3 in for 0x7d337b2025
02-10 17:53:46.987 29718 29718 E ArmVmp : Match on catch block at 0xc3 in for 0x7d337b2025
02-10 17:53:46.990 29718 29718 E ArmVmp : Match on catch block at 0xc3 in for 0x7d337b2025
02-10 17:53:46.999 29718 29718 E ArmVmp : Match on catch block at 0xc3 in for 0x7d337b2025
02-10 17:53:47.003 29718 29718 E ArmVmp : Match on catch block at 0xc3 in for 0x7d337b2025
02-10 17:53:47.006 29718 29718 E ArmVmp : Match on catch block at 0xc3 in for 0x7d337b2025
02-10 17:53:47.016 29718 29718 E ArmVmp : Match on catch block at 0xc3 in for 0x7d337b2025
02-10 17:53:47.019 29718 29718 E ArmVmp : Match on catch block at 0xc3 in for 0x7d337b2025
02-10 17:53:47.022 29718 29718 E ArmVmp : Match on catch block at 0xc3 in for 0x7d337b2025
02-10 17:53:47.033 29718 29718 E ArmVmp : Match on catch block at 0xc3 in for 0x7d337b2025
02-10 17:53:47.036 29718 29718 E ArmVmp : Match on catch block at 0xc3 in for 0x7d337b2025
02-10 17:53:47.039 29718 29718 E ArmVmp : Match on catch block at 0xc3 in for 0x7d337b2025
02-10 17:53:47.055 29718 29718 E ArmVmp : Match on catch block at 0xc3 in for 0x7d337b2025
02-10 17:53:47.059 29718 29718 E ArmVmp : Match on catch block at 0xc3 in for 0x7d337b2025
02-10 17:53:47.061 29718 29718 E ArmVmp : Match on catch block at 0xc3 in for 0x7d337b2025
02-10 17:53:47.069 29718 29718 E ArmVmp : Match on catch block at 0xc3 in for 0x7d337b2025
02-10 17:53:47.072 29718 29718 E ArmVmp : Match on catch block at 0xc3 in for 0x7d337b2025
02-10 17:53:47.075 29718 29718 E ArmVmp : Match on catch block at 0xc3 in for 0x7d337b2025
02-10 17:53:47.345 29718 29718 E ArmVmp : Match on catch block at 0xc3 in for 0x7d337b2025
02-10 17:53:47.350 29718 29718 E ArmVmp : Match on catch block at 0xc3 in for 0x7d337b2025
02-10 17:53:47.353 29718 29718 E ArmVmp : Match on catch block at 0xc3 in for 0x7d337b2025
02-10 17:53:47.364 29718 29718 E ArmVmp : Match on catch block at 0xc3 in for 0x7d337b2025
02-10 17:53:47.369 29718 29718 E ArmVmp : Match on catch block at 0xc3 in for 0x7d337b2025
02-10 17:53:47.372 29718 29718 E ArmVmp : Match on catch block at 0xc3 in for 0x7d337b2025
02-10 17:53:47.402 29718 29718 E ArmVmp : Match on catch block at 0xc3 in for 0x7d337b2025
02-10 17:53:47.405 29718 29718 E ArmVmp : Match on catch block at 0xc3 in for 0x7d337b2025
02-10 17:53:47.406 29718 29718 E ArmVmp : Match on catch block at 0xc3 in for 0x7d337b2025
02-10 17:53:47.420 29718 29718 E ArmVmp : Match on catch block at 0xc3 in for 0x7d337b2025
02-10 17:53:47.423 29718 29718 E ArmVmp : Match on catch block at 0xc3 in for 0x7d337b2025
02-10 17:53:47.426 29718 29718 E ArmVmp : Match on catch block at 0xc3 in for 0x7d337b2025
02-10 17:53:47.454 29718 29718 E ArmVmp : Match on catch block at 0xc3 in for 0x7d337b2025
02-10 17:53:47.456 29718 29718 E ArmVmp : Match on catch block at 0xc3 in for 0x7d337b2025
02-10 17:53:47.458 29718 29718 E ArmVmp : Match on catch block at 0xc3 in for 0x7d337b2025
02-10 17:53:47.467 29718 29718 E ArmVmp : Match on catch block at 0xc3 in for 0x7d337b2025
02-10 17:53:47.470 29718 29718 E ArmVmp : Match on catch block at 0xc3 in for 0x7d337b2025
02-10 17:53:47.472 29718 29718 E ArmVmp : Match on catch block at 0xc3 in for 0x7d337b2025
02-10 17:53:47.489 29718 29718 E ArmVmp : Match on catch block at 0xc3 in for 0x7d337b2025
02-10 17:53:47.491 29718 29718 E ArmVmp : Match on catch block at 0xc3 in for 0x7d337b2025
02-10 17:53:47.494 29718 29718 E ArmVmp : Match on catch block at 0xc3 in for 0x7d337b2025
02-10 17:53:47.508 29718 29718 E ArmVmp : Match on catch block at 0xc3 in for 0x7d337b2025
02-10 17:53:47.512 29718 29718 E ArmVmp : Match on catch block at 0xc3 in for 0x7d337b2025
02-10 17:53:47.514 29718 29718 E ArmVmp : Match on catch block at 0xc3 in for 0x7d337b2025
02-10 17:53:47.524 29718 29718 E ArmVmp : Match on catch block at 0xc3 in for 0x7d337b2025
02-10 17:53:47.527 29718 29718 E ArmVmp : Match on catch block at 0xc3 in for 0x7d337b2025
02-10 17:53:47.529 29718 29718 E ArmVmp : Match on catch block at 0xc3 in for 0x7d337b2025
02-10 17:53:47.535 29718 29718 E ArmVmp : Match on catch block at 0xc3 in for 0x7d337b2025
02-10 17:53:47.541 29718 29718 E ArmVmp : Match on catch block at 0xc3 in for 0x7d337b2025
02-10 17:53:47.544 29718 29718 E ArmVmp : Match on catch block at 0xc3 in for 0x7d337b2025
02-10 17:53:47.550 29718 29718 E ArmVmp : Match on catch block at 0xc3 in for 0x7d337b2025
02-10 17:53:47.555 29718 29718 E ArmVmp : Match on catch block at 0xc3 in for 0x7d337b2025
02-10 17:53:47.558 29718 29718 E ArmVmp : Match on catch block at 0xc3 in for 0x7d337b2025
02-10 17:53:47.565 29718 29718 E ArmVmp : Match on catch block at 0xc3 in for 0x7d337b2025
02-10 17:53:47.567 29718 29718 E ArmVmp : Match on catch block at 0xc3 in for 0x7d337b2025
02-10 17:53:47.569 29718 29718 E ArmVmp : Match on catch block at 0xc3 in for 0x7d337b2025
02-10 17:53:47.582 29718 29718 E ArmVmp : Match on catch block at 0xc3 in for 0x7d337b2025
02-10 17:53:47.584 29718 29718 E ArmVmp : Match on catch block at 0xc3 in for 0x7d337b2025
02-10 17:53:47.585 29718 29718 E ArmVmp : Match on catch block at 0xc3 in for 0x7d337b2025
02-10 17:53:47.600 29718 29718 E ArmVmp : Match on catch block at 0xc3 in for 0x7d337b2025
02-10 17:53:47.603 29718 29718 E ArmVmp : Match on catch block at 0xc3 in for 0x7d337b2025
02-10 17:53:47.605 29718 29718 E ArmVmp : Match on catch block at 0xc3 in for 0x7d337b2025
02-10 17:53:47.615 29718 29718 E ArmVmp : Match on catch block at 0xc3 in for 0x7d337b2025
02-10 17:53:47.618 29718 29718 E ArmVmp : Match on catch block at 0xc3 in for 0x7d337b2025
02-10 17:53:47.619 29718 29718 E ArmVmp : Match on catch block at 0xc3 in for 0x7d337b2025
02-10 17:53:47.631 29718 29718 E ArmVmp : Match on catch block at 0xc3 in for 0x7d337b2025
02-10 17:53:47.633 29718 29718 E ArmVmp : Match on catch block at 0xc3 in for 0x7d337b2025
02-10 17:53:47.636 29718 29718 E ArmVmp : Match on catch block at 0xc3 in for 0x7d337b2025
02-10 17:53:47.648 29718 29718 E ArmVmp : Match on catch block at 0xc3 in for 0x7d337b2025
02-10 17:53:47.650 29718 29718 E ArmVmp : Match on catch block at 0xc3 in for 0x7d337b2025
02-10 17:53:47.652 29718 29718 E ArmVmp : Match on catch block at 0xc3 in for 0x7d337b2025
02-10 17:53:47.664 29718 29718 E ArmVmp : Match on catch block at 0xc3 in for 0x7d337b2025
02-10 17:53:47.666 29718 29718 E ArmVmp : Match on catch block at 0xc3 in for 0x7d337b2025
02-10 17:53:47.668 29718 29718 E ArmVmp : Match on catch block at 0xc3 in for 0x7d337b2025
02-10 17:53:47.681 29718 29718 E ArmVmp : Match on catch block at 0xc3 in for 0x7d337b2025
02-10 17:53:47.683 29718 29718 E ArmVmp : Match on catch block at 0xc3 in for 0x7d337b2025
02-10 17:53:47.685 29718 29718 E ArmVmp : Match on catch block at 0xc3 in for 0x7d337b2025
02-10 17:53:47.766 29718 29718 E ArmVmp : Match on catch block at 0xc3 in for 0x7d337b2025
02-10 17:53:47.769 29718 29718 E ArmVmp : Match on catch block at 0xc3 in for 0x7d337b2025
02-10 17:53:47.772 29718 29718 E ArmVmp : Match on catch block at 0xc3 in for 0x7d337b2025
02-10 17:53:47.911 29718 29718 E ArmVmp : Match on catch block at 0xc3 in for 0x7d337b2025
02-10 17:53:47.914 29718 29718 E ArmVmp : Match on catch block at 0xc3 in for 0x7d337b2025
02-10 17:53:47.915 29718 29718 E ArmVmp : Match on catch block at 0xc3 in for 0x7d337b2025
02-10 17:53:47.921 29718 29718 E ArmVmp : Match on catch block at 0xc3 in for 0x7d337b2025
02-10 17:53:47.924 29718 29718 E ArmVmp : Match on catch block at 0xc3 in for 0x7d337b2025
02-10 17:53:47.925 29718 29718 E ArmVmp : Match on catch block at 0xc3 in for 0x7d337b2025
02-10 17:53:47.949 29718 29718 E ArmVmp : Match on catch block at 0xc3 in for 0x7d337b2025
02-10 17:53:47.952 29718 29718 E ArmVmp : Match on catch block at 0xc3 in for 0x7d337b2025
02-10 17:53:47.955 29718 29718 E ArmVmp : Match on catch block at 0xc3 in for 0x7d337b2025
02-10 17:53:47.983 29718 29718 E ArmVmp : Match on catch block at 0xc3 in for 0x7d337b2025
02-10 17:53:47.986 29718 29718 E ArmVmp : Match on catch block at 0xc3 in for 0x7d337b2025
02-10 17:53:47.988 29718 29718 E ArmVmp : Match on catch block at 0xc3 in for 0x7d337b2025
02-10 17:53:48.006 29718 29718 E ArmVmp : Match on catch block at 0xc3 in for 0x7d337b2025
02-10 17:53:48.010 29718 29718 E ArmVmp : Match on catch block at 0xc3 in for 0x7d337b2025
02-10 17:53:48.047 29718 29718 E ArmVmp : Match on catch block at 0xc3 in for 0x7d337b2025
02-10 17:53:48.051 29718 29718 E ArmVmp : Match on catch block at 0xc3 in for 0x7d337b2025
02-10 17:53:48.094 29718 29718 E ArmVmp : Match on catch block at 0xc3 in for 0x7d337b2025
02-10 17:53:48.096 29718 29718 E ArmVmp : Match on catch block at 0xc3 in for 0x7d337b2025
02-10 17:53:48.131 29718 29718 E ArmVmp : Match on catch block at 0xc3 in for 0x7d337b2025
02-10 17:53:48.133 29718 29718 E ArmVmp : Match on catch block at 0xc3 in for 0x7d337b2025
02-10 17:53:48.143 29718 29718 E ArmVmp : Match on catch block at 0xc3 in for 0x7d337b2025
02-10 17:53:48.146 29718 29718 E ArmVmp : Match on catch block at 0xc3 in for 0x7d337b2025
02-10 17:53:48.169 29718 29718 E ArmVmp : Match on catch block at 0xc3 in for 0x7d337b2025
02-10 17:53:48.171 29718 29718 E ArmVmp : Match on catch block at 0xc3 in for 0x7d337b2025
02-10 17:53:48.182 29718 29718 E ArmVmp : Match on catch block at 0xc3 in for 0x7d337b2025
02-10 17:53:48.185 29718 29718 E ArmVmp : Match on catch block at 0xc3 in for 0x7d337b2025
02-10 17:53:48.345 29718 29718 E ArmVmp : Match on catch block at 0xc3 in for 0x7d337b2025
02-10 17:53:48.348 29718 29718 E ArmVmp : Match on catch block at 0xc3 in for 0x7d337b2025
02-10 17:53:48.353 29718 29718 E ArmVmp : Match on catch block at 0xc3 in for 0x7d337b2025
02-10 17:53:48.357 29718 29718 E ArmVmp : Match on catch block at 0xc3 in for 0x7d337b2025
02-10 17:53:48.366 29718 29718 E ArmVmp : Match on catch block at 0xc3 in for 0x7d337b2025
02-10 17:53:48.369 29718 29718 E ArmVmp : Match on catch block at 0xc3 in for 0x7d337b2025
02-10 17:53:48.374 29718 30343 W MediaPlayer: Use of stream types is deprecated for operations other than volume control
02-10 17:53:48.374 29718 30343 W MediaPlayer: See the documentation of setAudioStreamType() for what to use instead with android.media.AudioAttributes to qualify your playback use case
02-10 17:53:48.381 29718 29718 E ArmVmp : Match on catch block at 0xc3 in for 0x7d337b2025
02-10 17:53:48.383 29718 29718 E ArmVmp : Match on catch block at 0xc3 in for 0x7d337b2025
02-10 17:53:48.400 29718 29718 E ArmVmp : Match on catch block at 0xc3 in for 0x7d337b2025
02-10 17:53:48.402 29718 29718 E ArmVmp : Match on catch block at 0xc3 in for 0x7d337b2025
02-10 17:53:48.414 29718 29718 E ArmVmp : Match on catch block at 0xc3 in for 0x7d337b2025
02-10 17:53:48.417 29718 29718 E ArmVmp : Match on catch block at 0xc3 in for 0x7d337b2025
02-10 17:53:48.432 29718 29718 E ArmVmp : Match on catch block at 0xc3 in for 0x7d337b2025
02-10 17:53:48.436 29718 29718 E ArmVmp : Match on catch block at 0xc3 in for 0x7d337b2025
02-10 17:53:48.471 29718 29718 E ArmVmp : Match on catch block at 0xc3 in for 0x7d337b2025
02-10 17:53:48.473 29718 29718 E ArmVmp : Match on catch block at 0xc3 in for 0x7d337b2025
02-10 17:53:48.501 29718 29718 E ArmVmp : Match on catch block at 0xc3 in for 0x7d337b2025
02-10 17:53:48.503 29718 29718 E ArmVmp : Match on catch block at 0xc3 in for 0x7d337b2025
02-10 17:53:48.665 29718 29718 E ArmVmp : Match on catch block at 0xc3 in for 0x7d337b2025
02-10 17:53:48.668 29718 29718 E ArmVmp : Match on catch block at 0xc3 in for 0x7d337b2025
02-10 17:53:48.742 29718 29718 E ArmVmp : Match on catch block at 0xc3 in for 0x7d337b2025
02-10 17:53:48.746 29718 29718 E ArmVmp : Match on catch block at 0xc3 in for 0x7d337b2025
02-10 17:53:48.785 29718 29718 E ArmVmp : Match on catch block at 0xc3 in for 0x7d337b2025
02-10 17:53:48.790 29718 29718 E ArmVmp : Match on catch block at 0xc3 in for 0x7d337b2025
02-10 17:53:48.995 29718 29718 E ArmVmp : Match on catch block at 0xc3 in for 0x7d337b2025
02-10 17:53:48.997 29718 29718 E ArmVmp : Match on catch block at 0xc3 in for 0x7d337b2025
02-10 17:53:49.046 29718 29718 E ArmVmp : Match on catch block at 0xc3 in for 0x7d337b2025
02-10 17:53:49.049 29718 29718 E ArmVmp : Match on catch block at 0xc3 in for 0x7d337b2025
02-10 17:53:49.080 29718 29718 E ArmVmp : Match on catch block at 0xc3 in for 0x7d337b2025
02-10 17:53:49.082 29718 29718 E ArmVmp : Match on catch block at 0xc3 in for 0x7d337b2025
02-10 17:53:49.249 29718 29718 E ArmVmp : Match on catch block at 0xc3 in for 0x7d337b2025
02-10 17:53:49.251 29718 29718 E ArmVmp : Match on catch block at 0xc3 in for 0x7d337b2025
02-10 17:53:49.277 29718 29718 E ArmVmp : Match on catch block at 0xc3 in for 0x7d337b2025
02-10 17:53:49.280 29718 29718 E ArmVmp : Match on catch block at 0xc3 in for 0x7d337b2025
02-10 17:53:49.287 29718 29777 E OpenGLRenderer: EglManager::makeCurrent mED = 0xb400007c643d48c0, surface = 0x0, mEC = 0xb400007be145c800, error = EGL_SUCCESS
02-10 17:53:49.607 29718 29763 E SQLiteDatabase: Error inserting transferred=0 media_job_uuid=50a19ec2-dc3c-4921-b5ee-de105734460a transcoded=0 gif_attribution=0 first_scan_length=6547 direct_path=/v/t62.7118- 24/31575288_7128541207214440_8655380891804265421_n.enc?ccb=11-4&oh=01_AdS-6Voffwr- fxWtN8Imu4ihJfD295iIbuyITzV1cHio0g&oe=65EED434&_nc_sid=5e03e0 thumbnail_height_width_ratio=2.25 is_animated_sticker=0 file_hash=A+nnbH1m5rvOBnO9SHfw6D7xTTJvnFpi9z9dZ/sijt0= file_path=null file_size=0 partial_media_hash=nr231O4Yb7kjmGqXbzIOg3UpFp5ooJmfAQf89Q1LQR0= face_x=0 face_y=0 height=1280 trim_to=0 media_key_timestamp=1707562425000 message_url=https://mmg.whatsapp.net/v/t62.7118- 24/31575288_7128541207214440_8655380891804265421_n.enc?ccb=11-4&oh=01_AdS-6Voffwr- fxWtN8Imu4ihJfD295iIbuyITzV1cHio0g&oe=65EED434&_nc_sid=5e03e0&mms3=true media_caption=null trim_from=0 mime_type=image/jpeg partial_media_enc_hash=null width=576 original_file_hash=null has_streaming_sidecar=1 autotransfer_retry_enabled=1 media_upload_handle=null message_row_id=2259 multicast_id=null enc_file_hash=TfrRO4NHVvxj2DppAeZnADLvdBaN6QCCr0JIdPT804Q= mute_video=0 page_count=0 first_scan_sidecar=[B@bf478cf suspicious_content=0 file_length=76463 media_name=null media_duration=0 chat_row_id=140 media_key=[B@300b25c
02-10 17:53:49.607 29718 29763 E SQLiteDatabase: android.database.sqlite.SQLiteConstraintException: UNIQUE constraint failed: message_media.message_row_id (code 1555 SQLITE_CONSTRAINT_PRIMARYKEY)
02-10 17:53:49.607 29718 29763 E SQLiteDatabase: at android.database.sqlite.SQLiteConnection.nativeExecuteForLastInsertedRowId(Native Method)
02-10 17:53:49.607 29718 29763 E SQLiteDatabase: at android.database.sqlite.SQLiteConnection.executeForLastInsertedRowId(SQLiteConnecti on.java:940)
02-10 17:53:49.607 29718 29763 E SQLiteDatabase: at android.database.sqlite.SQLiteSession.executeForLastInsertedRowId(SQLiteSession.jav a:790)
02-10 17:53:49.607 29718 29763 E SQLiteDatabase: at android.database.sqlite.SQLiteStatement.executeInsert(SQLiteStatement.java:89)
02-10 17:53:49.607 29718 29763 E SQLiteDatabase: at android.database.sqlite.SQLiteDatabase.insertWithOnConflict(SQLiteDatabase.java:170 2)
02-10 17:53:49.607 29718 29763 E SQLiteDatabase: at android.database.sqlite.SQLiteDatabase.insert(SQLiteDatabase.java:1571)
02-10 17:53:49.607 29718 29763 E SQLiteDatabase: at X.2tm.A08(Unknown Source:6)
02-10 17:53:49.607 29718 29763 E SQLiteDatabase: at X.35Y.A07(Unknown Source:212)
02-10 17:53:49.607 29718 29763 E SQLiteDatabase: at X.3QF.A14(Unknown Source:470)
02-10 17:53:49.607 29718 29763 E SQLiteDatabase: at X.3gU.run(Unknown Source:982)
02-10 17:53:49.607 29718 29763 E SQLiteDatabase: at android.os.Handler.handleCallback(Handler.java:938)
02-10 17:53:49.607 29718 29763 E SQLiteDatabase: at android.os.Handler.dispatchMessage(Handler.java:99)
02-10 17:53:49.607 29718 29763 E SQLiteDatabase: at X.0zq.dispatchMessage(Unknown Source:4)
02-10 17:53:49.607 29718 29763 E SQLiteDatabase: at android.os.Looper.loopOnce(Looper.java:211)
02-10 17:53:49.607 29718 29763 E SQLiteDatabase: at android.os.Looper.loop(Looper.java:300)
02-10 17:53:49.607 29718 29763 E SQLiteDatabase: at android.os.HandlerThread.run(HandlerThread.java:67)
02-10 17:53:51.776 29718 29718 W Looper : PerfMonitor looperActivity : package=com.mbwhatsapp/mbmodsd.mbmodsw.mbsettings.MBSettingsActivity time=1ms latency=341ms running=0ms procState=-1 historyMsgCount=20 (msgIndex=4 wall=128ms seq=15980 late=150ms h=android.view.Choreographer$FrameHandler c=android.view.Choreographer$FrameDisplayEventReceiver) (msgIndex=20 wall=196ms seq=15996 late=145ms h=android.app.ActivityThread$H w=159)
02-10 17:53:51.827 29718 29718 W Looper : PerfMonitor doFrame : time=50ms vsyncFrame=0 latency=316ms procState=-1 historyMsgCount=19 (msgIndex=1 wall=128ms seq=15980 late=150ms h=android.view.Choreographer$FrameHandler c=android.view.Choreographer$FrameDisplayEventReceiver) (msgIndex=17 wall=196ms seq=15996 late=145ms h=android.app.ActivityThread$H w=159)
02-10 17:53:52.230 29718 29763 E SQLiteDatabase: Error inserting transferred=0 media_job_uuid=2385c5e0-5526-47b9-a16f-678666a00280 transcoded=0 gif_attribution=0 first_scan_length=9687 direct_path=/o1/v/t62.7118-24/f1/m232/up-oil-image-6890e68c- 1cb0-44eb-ba1b-b6ba585e58ee?ccb=9- 4&oh=01_AdRAYnH6vXt0M3dm0It8I8sXJkk_ps7ER2HyfveLF_fQcg&oe=65EECC4A&_nc_sid=000000&_ nc_hot=1707562378 thumbnail_height_width_ratio=2.25 is_animated_sticker=0 file_hash=3RtccUHLaOT7yuhfUvrrWEuJkFuN+89XpBPtrsiBnoc= file_path=null file_size=0 partial_media_hash=Q7XjSZ5cI03+0olAR+zGkz6EeoZ8VRp9JPH8OPLWp8U= face_x=0 face_y=0 height=1600 trim_to=0 media_key_timestamp=1707562216000 message_url=https://mmg.whatsapp.net/o1/v/t62.7118-24/f1/m232/up-oil-image- 6890e68c-1cb0-44eb-ba1b-b6ba585e58ee?ccb=9- 4&oh=01_AdRAYnH6vXt0M3dm0It8I8sXJkk_ps7ER2HyfveLF_fQcg&oe=65EECC4A&_nc_sid=000000&m ms3=true media_caption=null trim_from=0 mime_type=image/jpeg partial_media_enc_hash=null width=720 original_file_hash=null has_streaming_sidecar=1 autotransfer_retry_enabled=1 media_upload_handle=null message_row_id=2264 multicast_id=null enc_file_hash=G9irTT4ETgs6ybnuOGlhGB+w/UWYQW0xd9faCE7Pkuc= mute_video=0 page_count=0 first_scan_sidecar=[B@bd3a30d suspicious_content=0 file_length=77909 media_name=null media_duration=0 chat_row_id=137 media_key=[B@dd892c2
02-10 17:53:52.230 29718 29763 E SQLiteDatabase: android.database.sqlite.SQLiteConstraintException: UNIQUE constraint failed: message_media.message_row_id (code 1555 SQLITE_CONSTRAINT_PRIMARYKEY)
02-10 17:53:52.230 29718 29763 E SQLiteDatabase: at android.database.sqlite.SQLiteConnection.nativeExecuteForLastInsertedRowId(Native Method)
02-10 17:53:52.230 29718 29763 E SQLiteDatabase: at android.database.sqlite.SQLiteConnection.executeForLastInsertedRowId(SQLiteConnecti on.java:940)
02-10 17:53:52.230 29718 29763 E SQLiteDatabase: at android.database.sqlite.SQLiteSession.executeForLastInsertedRowId(SQLiteSession.jav a:790)
02-10 17:53:52.230 29718 29763 E SQLiteDatabase: at android.database.sqlite.SQLiteStatement.executeInsert(SQLiteStatement.java:89)
02-10 17:53:52.230 29718 29763 E SQLiteDatabase: at android.database.sqlite.SQLiteDatabase.insertWithOnConflict(SQLiteDatabase.java:170 2)
02-10 17:53:52.230 29718 29763 E SQLiteDatabase: at android.database.sqlite.SQLiteDatabase.insert(SQLiteDatabase.java:1571)
02-10 17:53:52.230 29718 29763 E SQLiteDatabase: at X.2tm.A08(Unknown Source:6)
02-10 17:53:52.230 29718 29763 E SQLiteDatabase: at X.35Y.A07(Unknown Source:212)
02-10 17:53:52.230 29718 29763 E SQLiteDatabase: at X.3QF.A14(Unknown Source:470)
02-10 17:53:52.230 29718 29763 E SQLiteDatabase: at X.3gU.run(Unknown Source:982)
02-10 17:53:52.230 29718 29763 E SQLiteDatabase: at android.os.Handler.handleCallback(Handler.java:938)
02-10 17:53:52.230 29718 29763 E SQLiteDatabase: at android.os.Handler.dispatchMessage(Handler.java:99)
02-10 17:53:52.230 29718 29763 E SQLiteDatabase: at X.0zq.dispatchMessage(Unknown Source:4)
02-10 17:53:52.230 29718 29763 E SQLiteDatabase: at android.os.Looper.loopOnce(Looper.java:211)
02-10 17:53:52.230 29718 29763 E SQLiteDatabase: at android.os.Looper.loop(Looper.java:300)
02-10 17:53:52.230 29718 29763 E SQLiteDatabase: at android.os.HandlerThread.run(HandlerThread.java:67)
02-10 17:53:52.263 29718 29777 E OpenGLRenderer: EglManager::makeCurrent mED = 0xb400007c643d48c0, surface = 0x0, mEC = 0xb400007be145c800, error = EGL_SUCCESS
02-10 17:53:56.112 29718 29763 E SQLiteDatabase: Error inserting transferred=0 media_job_uuid=8a8b40bf-78ad-4f6c-bbc5-999ee05f7ec8 transcoded=0 gif_attribution=0 first_scan_length=10372 direct_path=/o1/v/t62.7118-24/f1/m231/up-oil-image- df4bfbe9-34a8-4ef6-81f6-1b08b3c96287?ccb=9- 4&oh=01_AdQkUrXzkfTH7wxwFjlxwywV6QVZSDJzkx5tD8u0bTYg5Q&oe=65EEDFA6&_nc_sid=000000&_ nc_hot=1707562408 thumbnail_height_width_ratio=2.0 is_animated_sticker=0 file_hash=C1V/m5zEFpV8ceU0b9Cmtx4SmV5n4JGmRAwP5uLVc2w= file_path=null file_size=0 partial_media_hash=uPtkWTU8yfGwA1xLF+/KnvMYXvVNrEHCuG0gAR8CEEM= face_x=0 face_y=0 height=1280 trim_to=0 media_key_timestamp=1707484163000 message_url=https://mmg.whatsapp.net/o1/v/t62.7118-24/f1/m231/up-oil-image- df4bfbe9-34a8-4ef6-81f6-1b08b3c96287?ccb=9- 4&oh=01_AdQkUrXzkfTH7wxwFjlxwywV6QVZSDJzkx5tD8u0bTYg5Q&oe=65EEDFA6&_nc_sid=000000&m ms3=true media_caption=null trim_from=0 mime_type=image/jpeg partial_media_enc_hash=null width=640 original_file_hash=null has_streaming_sidecar=1 autotransfer_retry_enabled=1 media_upload_handle=null message_row_id=2268 multicast_id=null enc_file_hash=yfNx0mhoDhBCW4Hbx2iBCmFCqD9zXLZT8JJFQcGv42U= mute_video=0 page_count=0 first_scan_sidecar=[B@cef2f6d suspicious_content=0 file_length=121682 media_name=null media_duration=0 chat_row_id=106 media_key=[B@d9897a2
02-10 17:53:56.112 29718 29763 E SQLiteDatabase: android.database.sqlite.SQLiteConstraintException: UNIQUE constraint failed: message_media.message_row_id (code 1555 SQLITE_CONSTRAINT_PRIMARYKEY)
02-10 17:53:56.112 29718 29763 E SQLiteDatabase: at android.database.sqlite.SQLiteConnection.nativeExecuteForLastInsertedRowId(Native Method)
02-10 17:53:56.112 29718 29763 E SQLiteDatabase: at android.database.sqlite.SQLiteConnection.executeForLastInsertedRowId(SQLiteConnecti on.java:940)
02-10 17:53:56.112 29718 29763 E SQLiteDatabase: at android.database.sqlite.SQLiteSession.executeForLastInsertedRowId(SQLiteSession.jav a:790)
02-10 17:53:56.112 29718 29763 E SQLiteDatabase: at android.database.sqlite.SQLiteStatement.executeInsert(SQLiteStatement.java:89)
02-10 17:53:56.112 29718 29763 E SQLiteDatabase: at android.database.sqlite.SQLiteDatabase.insertWithOnConflict(SQLiteDatabase.java:170 2)
02-10 17:53:56.112 29718 29763 E SQLiteDatabase: at android.database.sqlite.SQLiteDatabase.insert(SQLiteDatabase.java:1571)
02-10 17:53:56.112 29718 29763 E SQLiteDatabase: at X.2tm.A08(Unknown Source:6)
02-10 17:53:56.112 29718 29763 E SQLiteDatabase: at X.35Y.A07(Unknown Source:212)
02-10 17:53:56.112 29718 29763 E SQLiteDatabase: at X.3QF.A14(Unknown Source:470)
02-10 17:53:56.112 29718 29763 E SQLiteDatabase: at X.3gU.run(Unknown Source:982)
02-10 17:53:56.112 29718 29763 E SQLiteDatabase: at android.os.Handler.handleCallback(Handler.java:938)
02-10 17:53:56.112 29718 29763 E SQLiteDatabase: at android.os.Handler.dispatchMessage(Handler.java:99)
02-10 17:53:56.112 29718 29763 E SQLiteDatabase: at X.0zq.dispatchMessage(Unknown Source:4)
02-10 17:53:56.112 29718 29763 E SQLiteDatabase: at android.os.Looper.loopOnce(Looper.java:211)
02-10 17:53:56.112 29718 29763 E SQLiteDatabase: at android.os.Looper.loop(Looper.java:300)
02-10 17:53:56.112 29718 29763 E SQLiteDatabase: at android.os.HandlerThread.run(HandlerThread.java:67)
02-10 17:53:57.001 29718 29763 E SQLiteDatabase: Error inserting transferred=0 media_job_uuid=37c99ecf-4b5e-4cb1-833e-fc0350e45270 transcoded=0 gif_attribution=0 first_scan_length=7613 direct_path=/v/t62.7118- 24/32506988_761336845468759_6226783987285965114_n.enc?ccb=11- 4&oh=01_AdQNJMNAhQhlYEtSLOyrMwbRDfXL_NKLi2v6ozUrq4j4Mg&oe=65EECE10&_nc_sid=5e03e0 thumbnail_height_width_ratio=0.44444445 is_animated_sticker=0 file_hash=dE6FK4F45a9ty1Xowvs95XfkfW/4vynbm/1ke7YPaFA= file_path=null file_size=0 partial_media_hash=/9JjSyWWUop4SmYR24Wld7EJ5Gi5X7mm7NN1dHX8Kro= face_x=0 face_y=0 height=576 trim_to=0 media_key_timestamp=1707561408000 message_url=https://mmg.whatsapp.net/v/t62.7118- 24/32506988_761336845468759_6226783987285965114_n.enc?ccb=11- 4&oh=01_AdQNJMNAhQhlYEtSLOyrMwbRDfXL_NKLi2v6ozUrq4j4Mg&oe=65EECE10&_nc_sid=5e03e0&m ms3=true media_caption=null trim_from=0 mime_type=image/jpeg partial_media_enc_hash=null width=1280 original_file_hash=null has_streaming_sidecar=1 autotransfer_retry_enabled=1 media_upload_handle=null message_row_id=2271 multicast_id=null enc_file_hash=iuetH2hynhlAcJR0JFpUglw2fV900xU+2KhPrMIRqtM= mute_video=0 page_count=0 first_scan_sidecar=[B@d26d6ae suspicious_content=0 file_length=74618 media_name=null media_duration=0 chat_row_id=135 media_key=[B@7869c4f
02-10 17:53:57.001 29718 29763 E SQLiteDatabase: android.database.sqlite.SQLiteConstraintException: UNIQUE constraint failed: message_media.message_row_id (code 1555 SQLITE_CONSTRAINT_PRIMARYKEY)
02-10 17:53:57.001 29718 29763 E SQLiteDatabase: at android.database.sqlite.SQLiteConnection.nativeExecuteForLastInsertedRowId(Native Method)
02-10 17:53:57.001 29718 29763 E SQLiteDatabase: at android.database.sqlite.SQLiteConnection.executeForLastInsertedRowId(SQLiteConnecti on.java:940)
02-10 17:53:57.001 29718 29763 E SQLiteDatabase: at android.database.sqlite.SQLiteSession.executeForLastInsertedRowId(SQLiteSession.jav a:790)
