Download as TXT, PDF, TXT or read online from Scribd
Download as txt, pdf, or txt
You are on page 1of 11
--------- beginning of main
05-10 18:50:50.430 4633 4633 E com.mbwhatsapp: Not starting debugger since
process cannot load the jdwp agent.
05-10 18:50:50.440 4633 4633 W System.err: android.system.ErrnoException: open failed: ENOENT (No such file or directory)
05-10 18:50:50.440 4633 4633 W System.err: at libcore.io.Linux.open(Native Method)
05-10 18:50:50.440 4633 4633 W System.err: at libcore.io.ForwardingOs.open(ForwardingOs.java:563)
05-10 18:50:50.440 4633 4633 W System.err: at libcore.io.BlockGuardOs.open(BlockGuardOs.java:274)
05-10 18:50:50.440 4633 4633 W System.err: at libcore.io.ForwardingOs.open(ForwardingOs.java:563)
05-10 18:50:50.440 4633 4633 W System.err: at android.app.ActivityThread$AndroidOs.open(ActivityThread.java:8224)
05-10 18:50:50.440 4633 4633 W System.err: at android.system.Os.open(Os.java:494)
05-10 18:50:50.440 4633 4633 W System.err: at android.os.perfdebug.PerfDebugMonitorImpl.monitorVersionControl(PerfDebugMonitorImp l.java:206)
05-10 18:50:50.440 4633 4633 W System.err: at android.os.perfdebug.PerfDebugMonitorImpl.prepareMonitor(PerfDebugMonitorImpl.java: 187)
05-10 18:50:50.440 4633 4633 W System.err: at android.app.ActivityThread.main(ActivityThread.java:8311)
05-10 18:50:50.440 4633 4633 W System.err: at java.lang.reflect.Method.invoke(Native Method)
05-10 18:50:50.440 4633 4633 W System.err: at com.android.internal.os.RuntimeInit$MethodAndArgsCaller.run(RuntimeInit.java:582)
05-10 18:50:50.440 4633 4633 W System.err: at com.android.internal.os.ZygoteInit.main(ZygoteInit.java:1028)
05-10 18:50:50.522 4633 4633 W System.err: java.lang.ClassNotFoundException: mbmodsd.mbmodsw.ui.views.btn.BtnBK
05-10 18:50:50.522 4633 4633 W System.err: at java.lang.Runtime.nativeLoad(Native Method)
05-10 18:50:50.522 4633 4633 W System.err: at java.lang.Runtime.nativeLoad(Runtime.java:1126)
05-10 18:50:50.522 4633 4633 W System.err: at java.lang.Runtime.loadLibrary0(Runtime.java:1080)
05-10 18:50:50.522 4633 4633 W System.err: at java.lang.Runtime.loadLibrary0(Runtime.java:1003)
05-10 18:50:50.522 4633 4633 W System.err: at java.lang.System.loadLibrary(System.java:1661)
05-10 18:50:50.522 4633 4633 W System.err: at arm.EpicVm.<clinit>(Unknown Source:2)
05-10 18:50:50.522 4633 4633 W System.err: at java.lang.Class.newInstance(Native Method)
05-10 18:50:50.522 4633 4633 W System.err: at android.app.AppComponentFactory.instantiateApplication(AppComponentFactory.java:76)
05-10 18:50:50.522 4633 4633 W System.err: at androidx.core.app.CoreComponentFactory.instantiateApplication(Unknown Source:0)
05-10 18:50:50.522 4633 4633 W System.err: at android.app.Instrumentation.newApplication(Instrumentation.java:1249)
05-10 18:50:50.522 4633 4633 W System.err: at android.app.LoadedApk.makeApplicationInner(LoadedApk.java:1493)
05-10 18:50:50.522 4633 4633 W System.err: at android.app.LoadedApk.makeApplicationInner(LoadedApk.java:1426)
05-10 18:50:50.522 4633 4633 W System.err: at android.app.ActivityThread.handleBindApplication(ActivityThread.java:7159)
05-10 18:50:50.522 4633 4633 W System.err: at android.app.ActivityThread.-$ $Nest$mhandleBindApplication(Unknown Source:0)
05-10 18:50:50.522 4633 4633 W System.err: at android.app.ActivityThread$H.handleMessage(ActivityThread.java:2269)
05-10 18:50:50.522 4633 4633 W System.err: at android.os.Handler.dispatchMessage(Handler.java:106)
05-10 18:50:50.522 4633 4633 W System.err: at android.os.Looper.loopOnce(Looper.java:211)
05-10 18:50:50.522 4633 4633 W System.err: at android.os.Looper.loop(Looper.java:300)
05-10 18:50:50.522 4633 4633 W System.err: at android.app.ActivityThread.main(ActivityThread.java:8348)
05-10 18:50:50.522 4633 4633 W System.err: at java.lang.reflect.Method.invoke(Native Method)
05-10 18:50:50.522 4633 4633 W System.err: at com.android.internal.os.RuntimeInit$MethodAndArgsCaller.run(RuntimeInit.java:582)
05-10 18:50:50.522 4633 4633 W System.err: at com.android.internal.os.ZygoteInit.main(ZygoteInit.java:1028)
05-10 18:50:50.558 4633 4633 E CustomActivityOnCrash: IMPORTANT WARNING! You already have an UncaughtExceptionHandler, are you sure this is correct? If you use a custom UncaughtExceptionHandler, you must initialize it AFTER CustomActivityOnCrash! Installing anyway, but your original handler will not be called.
05-10 18:50:50.781 4719 4719 E com.mbwhatsapp: Not starting debugger since process cannot load the jdwp agent.
05-10 18:50:50.789 4719 4719 W System.err: android.system.ErrnoException: open failed: ENOENT (No such file or directory)
05-10 18:50:50.789 4719 4719 W System.err: at libcore.io.Linux.open(Native Method)
05-10 18:50:50.789 4719 4719 W System.err: at libcore.io.ForwardingOs.open(ForwardingOs.java:563)
05-10 18:50:50.789 4719 4719 W System.err: at libcore.io.BlockGuardOs.open(BlockGuardOs.java:274)
05-10 18:50:50.789 4719 4719 W System.err: at libcore.io.ForwardingOs.open(ForwardingOs.java:563)
05-10 18:50:50.789 4719 4719 W System.err: at android.app.ActivityThread$AndroidOs.open(ActivityThread.java:8224)
05-10 18:50:50.789 4719 4719 W System.err: at android.system.Os.open(Os.java:494)
05-10 18:50:50.789 4719 4719 W System.err: at android.os.perfdebug.PerfDebugMonitorImpl.monitorVersionControl(PerfDebugMonitorImp l.java:206)
05-10 18:50:50.789 4719 4719 W System.err: at android.os.perfdebug.PerfDebugMonitorImpl.prepareMonitor(PerfDebugMonitorImpl.java: 187)
05-10 18:50:50.789 4719 4719 W System.err: at android.app.ActivityThread.main(ActivityThread.java:8311)
05-10 18:50:50.789 4719 4719 W System.err: at java.lang.reflect.Method.invoke(Native Method)
05-10 18:50:50.789 4719 4719 W System.err: at com.android.internal.os.RuntimeInit$MethodAndArgsCaller.run(RuntimeInit.java:582)
05-10 18:50:50.789 4719 4719 W System.err: at com.android.internal.os.ZygoteInit.main(ZygoteInit.java:1028)
05-10 18:50:50.856 4719 4719 W System.err: java.lang.ClassNotFoundException: mbmodsd.mbmodsw.ui.views.btn.BtnBK
05-10 18:50:50.856 4719 4719 W System.err: at java.lang.Runtime.nativeLoad(Native Method)
05-10 18:50:50.856 4719 4719 W System.err: at java.lang.Runtime.nativeLoad(Runtime.java:1126)
05-10 18:50:50.856 4719 4719 W System.err: at java.lang.Runtime.loadLibrary0(Runtime.java:1080)
05-10 18:50:50.856 4719 4719 W System.err: at java.lang.Runtime.loadLibrary0(Runtime.java:1003)
05-10 18:50:50.856 4719 4719 W System.err: at java.lang.System.loadLibrary(System.java:1661)
05-10 18:50:50.856 4719 4719 W System.err: at arm.EpicVm.<clinit>(Unknown Source:2)
05-10 18:50:50.856 4719 4719 W System.err: at java.lang.Class.newInstance(Native Method)
05-10 18:50:50.856 4719 4719 W System.err: at android.app.AppComponentFactory.instantiateApplication(AppComponentFactory.java:76)
05-10 18:50:50.856 4719 4719 W System.err: at androidx.core.app.CoreComponentFactory.instantiateApplication(Unknown Source:0)
05-10 18:50:50.856 4719 4719 W System.err: at android.app.Instrumentation.newApplication(Instrumentation.java:1249)
05-10 18:50:50.856 4719 4719 W System.err: at android.app.LoadedApk.makeApplicationInner(LoadedApk.java:1493)
05-10 18:50:50.856 4719 4719 W System.err: at android.app.LoadedApk.makeApplicationInner(LoadedApk.java:1426)
05-10 18:50:50.856 4719 4719 W System.err: at android.app.ActivityThread.handleBindApplication(ActivityThread.java:7159)
05-10 18:50:50.856 4719 4719 W System.err: at android.app.ActivityThread.-$ $Nest$mhandleBindApplication(Unknown Source:0)
05-10 18:50:50.856 4719 4719 W System.err: at android.app.ActivityThread$H.handleMessage(ActivityThread.java:2269)
05-10 18:50:50.856 4719 4719 W System.err: at android.os.Handler.dispatchMessage(Handler.java:106)
05-10 18:50:50.856 4719 4719 W System.err: at android.os.Looper.loopOnce(Looper.java:211)
05-10 18:50:50.856 4719 4719 W System.err: at android.os.Looper.loop(Looper.java:300)
05-10 18:50:50.856 4719 4719 W System.err: at android.app.ActivityThread.main(ActivityThread.java:8348)
05-10 18:50:50.856 4719 4719 W System.err: at java.lang.reflect.Method.invoke(Native Method)
05-10 18:50:50.856 4719 4719 W System.err: at com.android.internal.os.RuntimeInit$MethodAndArgsCaller.run(RuntimeInit.java:582)
05-10 18:50:50.856 4719 4719 W System.err: at com.android.internal.os.ZygoteInit.main(ZygoteInit.java:1028)
05-10 18:50:50.888 4719 4719 E CustomActivityOnCrash: IMPORTANT WARNING! You already have an UncaughtExceptionHandler, are you sure this is correct? If you use a custom UncaughtExceptionHandler, you must initialize it AFTER CustomActivityOnCrash! Installing anyway, but your original handler will not be called.
05-10 18:50:51.048 4719 4719 W com.mbwhatsapp: Accessing hidden method Lcom/android/org/conscrypt/OpenSSLSocketImpl;->setUseSessionTickets(Z)V (max- target-q,core-platform-api, reflection, denied)
05-10 18:50:51.048 4719 4719 W com.mbwhatsapp: Accessing hidden method Lcom/android/org/conscrypt/AbstractConscryptSocket;->setUseSessionTickets(Z)V (max- target-q, reflection, denied)
05-10 18:50:51.278 4719 4780 W LibraryVersion: Failed to get app version for libraryName: firebase-iid
05-10 18:50:51.598 4719 4719 W com.mbwhatsapp: type=1400 audit(0.0:52112): avc: granted { execute } for path="/data/data/com.mbwhatsapp/files/decompressed/libs.spk.zst/libc++_shared.so" dev="dm-40" ino=94535 scontext=u:r:untrusted_app:s0:c251,c256,c512,c768 tcontext=u:object_r:app_data_file:s0:c251,c256,c512,c768 tclass=file app=com.mbwhatsapp
05-10 18:50:51.598 4719 4719 W com.mbwhatsapp: type=1400 audit(0.0:52113): avc: granted { execute } for path="/data/data/com.mbwhatsapp/files/decompressed/libs.spk.zst/libvlc.so" dev="dm- 40" ino=94237 scontext=u:r:untrusted_app:s0:c251,c256,c512,c768 tcontext=u:object_r:app_data_file:s0:c251,c256,c512,c768 tclass=file app=com.mbwhatsapp
05-10 18:50:51.602 4719 4719 W com.mbwhatsapp: type=1400 audit(0.0:52114): avc: granted { execute } for path="/data/data/com.mbwhatsapp/files/decompressed/libs.spk.zst/libwhatsapp.so" dev="dm-40" ino=94299 scontext=u:r:untrusted_app:s0:c251,c256,c512,c768 tcontext=u:object_r:app_data_file:s0:c251,c256,c512,c768 tclass=file app=com.mbwhatsapp
05-10 18:50:51.653 4719 4838 W com.mbwhatsapp: Method void X.2rL.A03(java.lang.Integer) failed lock verification and will run slower.
05-10 18:50:51.653 4719 4838 W com.mbwhatsapp: Common causes for lock verification issues are non-optimized dex code
05-10 18:50:51.653 4719 4838 W com.mbwhatsapp: and incorrect proguard optimizations.
05-10 18:50:51.662 4719 4719 W com.mbwhatsapp: Method void X.0eU.A0h(X.0tK, boolean) failed lock verification and will run slower.
05-10 18:50:51.744 4719 4719 W libc : Access denied finding property "ro.vendor.df.effect.conflict" --------- beginning of system
05-10 18:50:51.765 4719 4719 W Looper : PerfMonitor looperActivity : package=com.mbwhatsapp/.Icon0 time=112ms latency=853ms procState=-1 historyMsgCount=2 (msgIndex=2 wall=847ms seq=2 late=9ms h=android.app.ActivityThread$H w=110)
05-10 18:50:51.765 4719 4719 W Looper : PerfMonitor looperActivity : package=com.mbwhatsapp/.Icon0 time=0ms latency=962ms procState=-1 historyMsgCount=3 (msgIndex=2 wall=847ms seq=2 late=9ms h=android.app.ActivityThread$H w=110)
05-10 18:50:51.782 4719 4857 E QT : [QT]file does not exist
05-10 18:50:51.830 4719 4719 E com.mbwhatsapp: Invalid ID 0x00000000.
05-10 18:50:51.832 4719 4719 W System.err: android.content.res.Resources$NotFoundException: String resource ID #0x0
05-10 18:50:51.832 4719 4719 W System.err: at android.content.res.Resources.getText(Resources.java:480)
05-10 18:50:51.832 4719 4719 W System.err: at android.content.res.MiuiResources.getText(MiuiResources.java:106)
05-10 18:50:51.832 4719 4719 W System.err: at android.content.res.Resources.getString(Resources.java:573)
05-10 18:50:51.832 4719 4719 W System.err: at X.35t.A0E(Unknown Source:46)
05-10 18:50:51.832 4719 4719 W System.err: at com.mbwhatsapp.yo.yo.getString(Native Method)
05-10 18:50:51.832 4719 4719 W System.err: at com.mbwhatsapp.yo.yo.getString(Native Method)
05-10 18:50:51.832 4719 4719 W System.err: at com.mbwhatsapp.youbasha.task.utils.requestAllFilesAccess14(Native Method)
05-10 18:50:51.832 4719 4719 W System.err: at com.mbwhatsapp.yo.dep.showStoragePermissionRequest(Native Method)
05-10 18:50:51.832 4719 4719 W System.err: at com.mbwhatsapp.registration.EULA.onCreate(Unknown Source:248)
05-10 18:50:51.832 4719 4719 W System.err: at android.app.Activity.performCreate(Activity.java:8577)
05-10 18:50:51.832 4719 4719 W System.err: at android.app.Activity.performCreate(Activity.java:8541)
05-10 18:50:51.832 4719 4719 W System.err: at android.app.Instrumentation.callActivityOnCreate(Instrumentation.java:1437)
05-10 18:50:51.832 4719 4719 W System.err: at android.app.ActivityThread.performLaunchActivity(ActivityThread.java:3884)
05-10 18:50:51.832 4719 4719 W System.err: at android.app.ActivityThread.handleLaunchActivity(ActivityThread.java:4049)
05-10 18:50:51.832 4719 4719 W System.err: at android.app.servertransaction.LaunchActivityItem.execute(LaunchActivityItem.java:10 1)
05-10 18:50:51.832 4719 4719 W System.err: at android.app.servertransaction.TransactionExecutor.executeCallbacks(TransactionExecu tor.java:135)
05-10 18:50:51.832 4719 4719 W System.err: at android.app.servertransaction.TransactionExecutor.execute(TransactionExecutor.java: 95)
05-10 18:50:51.833 4719 4719 W System.err: at android.app.ActivityThread$H.handleMessage(ActivityThread.java:2443)
05-10 18:50:51.833 4719 4719 W System.err: at android.os.Handler.dispatchMessage(Handler.java:106)
05-10 18:50:51.833 4719 4719 W System.err: at android.os.Looper.loopOnce(Looper.java:211)
05-10 18:50:51.833 4719 4719 W System.err: at android.os.Looper.loop(Looper.java:300)
05-10 18:50:51.833 4719 4719 W System.err: at android.app.ActivityThread.main(ActivityThread.java:8348)
05-10 18:50:51.833 4719 4719 W System.err: at java.lang.reflect.Method.invoke(Native Method)
05-10 18:50:51.833 4719 4719 W System.err: at com.android.internal.os.RuntimeInit$MethodAndArgsCaller.run(RuntimeInit.java:582)
05-10 18:50:51.833 4719 4719 W System.err: at com.android.internal.os.ZygoteInit.main(ZygoteInit.java:1028)
05-10 18:50:51.869 4719 4719 W Activity: Can request only one set of permissions at a time
05-10 18:50:51.905 4719 4861 E RenderScript: Failed loading RS driver: dlopen failed: library "libRSDriver_mtk.so" not found
05-10 18:50:51.905 4719 4861 E RenderScript: Failed to load runtime libRSDriver_mtk.so, loading default
05-10 18:50:51.932 4719 4719 E ArmVmp : Match on catch block at 0x0a in for 0x7a994fb04d
05-10 18:50:51.939 4719 4855 W libc : Access denied finding property "ro.vendor.display.iris_x7.support"
05-10 18:50:51.950 4719 4719 W Activity: PerfMonitor: Slow Operation: Activity com.mbwhatsapp/.registration.EULA onStart took 109ms
05-10 18:50:51.968 4719 4855 W libc : Access denied finding property "ro.vendor.display.iris_x7.support"
05-10 18:50:52.032 4719 4855 W libc : Access denied finding property "vendor.migl.debug"
05-10 18:50:52.033 4719 4855 E libMiGL : libmigl:This GPU version is note support Variable Shading Rate
05-10 18:50:52.035 4719 4855 E libEGL : pre_cache appList: ,,,
05-10 18:50:52.052 4719 4719 W libc : Access denied finding property "ro.vendor.display.iris_x7.support"
05-10 18:50:52.055 4719 4855 W libc : Access denied finding property "ro.vendor.magt.mtk_magt_support"
05-10 18:50:52.058 4719 4855 W libc : Access denied finding property "ro.vendor.display.iris_x7.support"
05-10 18:50:52.060 4719 4855 E libEGL : pre_cache appList: ,,,
05-10 18:50:52.078 4719 4855 E com.mbwhatsapp: FI open fail: No such file or directory
05-10 18:50:52.078 4719 4855 W libc : Access denied finding property "ro.vendor.display.iris_x7.support"
05-10 18:50:52.078 4719 4855 E gralloc4: Empty SMPTE 2094-40 data
05-10 18:50:52.079 4719 4855 W libc : Access denied finding property "ro.vendor.display.iris_x7.support"
05-10 18:50:52.082 4719 4855 W Parcel : Expecting binder but got null!
05-10 18:50:52.466 4719 4855 E gralloc4: Empty SMPTE 2094-40 data
05-10 18:50:52.467 4719 4855 W Parcel : Expecting binder but got null!
05-10 18:50:52.467 4719 4719 W Looper : PerfMonitor doFrame : time=479ms vsyncFrame=0 latency=41ms procState=-1 historyMsgCount=12
05-10 18:50:52.483 4719 4855 E gralloc4: Empty SMPTE 2094-40 data
05-10 18:50:52.488 4719 4719 W Looper : PerfMonitor doFrame : time=17ms vsyncFrame=0 latency=475ms procState=-1 historyMsgCount=8
05-10 18:50:52.490 4719 4855 E gralloc4: Empty SMPTE 2094-40 data
05-10 18:50:52.503 4719 4855 E gralloc4: Empty SMPTE 2094-40 data
05-10 18:50:52.510 4719 4855 E gralloc4: Empty SMPTE 2094-40 data
05-10 18:50:52.518 4719 4855 E gralloc4: Empty SMPTE 2094-40 data
05-10 18:50:52.522 4719 4855 E gralloc4: Empty SMPTE 2094-40 data
05-10 18:50:52.529 4719 4855 E gralloc4: Empty SMPTE 2094-40 data
05-10 18:50:52.535 4719 4855 E gralloc4: Empty SMPTE 2094-40 data
05-10 18:50:52.543 4719 4855 E gralloc4: Empty SMPTE 2094-40 data
05-10 18:50:52.548 4719 4855 E gralloc4: Empty SMPTE 2094-40 data
05-10 18:50:52.558 4719 4855 E gralloc4: Empty SMPTE 2094-40 data
05-10 18:50:52.562 4719 4855 E gralloc4: Empty SMPTE 2094-40 data
05-10 18:50:52.574 4719 4855 E gralloc4: Empty SMPTE 2094-40 data
05-10 18:50:52.713 4719 4719 E com.mbwhatsapp: Invalid ID 0x00000000.
05-10 18:50:52.713 4719 4719 E com.mbwhatsapp: Invalid ID 0x00000000.
05-10 18:50:52.714 4719 4719 E com.mbwhatsapp: Invalid ID 0x00000000.
05-10 18:50:52.717 4719 4719 E com.mbwhatsapp: Invalid ID 0x00000000.
05-10 18:50:52.717 4719 4719 E com.mbwhatsapp: Invalid ID 0x00000000.
05-10 18:50:52.718 4719 4719 E com.mbwhatsapp: Invalid ID 0x00000000.
05-10 18:50:52.718 4719 4719 E com.mbwhatsapp: Invalid ID 0x00000000.
05-10 18:50:52.718 4719 4719 E com.mbwhatsapp: Invalid ID 0x00000000.
05-10 18:50:55.390 4719 4855 E gralloc4: Empty SMPTE 2094-40 data
05-10 18:50:55.400 4719 4719 W Activity: Can request only one set of permissions at a time
05-10 18:50:55.401 4719 4719 W Activity: Can request only one set of permissions at a time
05-10 18:50:55.420 4719 4855 E gralloc4: Empty SMPTE 2094-40 data
05-10 18:50:55.437 4719 4855 E gralloc4: Empty SMPTE 2094-40 data
05-10 18:50:55.451 4719 4855 E gralloc4: Empty SMPTE 2094-40 data
05-10 18:50:55.488 4719 4855 E gralloc4: Empty SMPTE 2094-40 data
05-10 18:50:55.506 4719 4855 E gralloc4: Empty SMPTE 2094-40 data
05-10 18:50:55.521 4719 4855 E gralloc4: Empty SMPTE 2094-40 data
05-10 18:50:55.537 4719 4855 E gralloc4: Empty SMPTE 2094-40 data
05-10 18:50:55.554 4719 4855 E gralloc4: Empty SMPTE 2094-40 data
05-10 18:50:55.572 4719 4855 E gralloc4: Empty SMPTE 2094-40 data
05-10 18:50:55.587 4719 4855 E gralloc4: Empty SMPTE 2094-40 data
05-10 18:50:56.355 4719 4719 W MirrorManager: this model don't Support
05-10 18:50:56.369 4719 4719 E RippleDrawable: The RippleDrawable.STYLE_PATTERNED animation is not supported for a non-hardware accelerated Canvas. Skipping animation.
05-10 18:50:56.372 4719 4855 E gralloc4: Empty SMPTE 2094-40 data
05-10 18:50:56.385 4719 4719 E RippleDrawable: The RippleDrawable.STYLE_PATTERNED animation is not supported for a non-hardware accelerated Canvas. Skipping animation.
05-10 18:50:56.387 4719 4855 E gralloc4: Empty SMPTE 2094-40 data
05-10 18:50:56.402 4719 4719 E RippleDrawable: The RippleDrawable.STYLE_PATTERNED animation is not supported for a non-hardware accelerated Canvas. Skipping animation.
05-10 18:50:56.404 4719 4855 E gralloc4: Empty SMPTE 2094-40 data
05-10 18:50:56.419 4719 4719 E RippleDrawable: The RippleDrawable.STYLE_PATTERNED animation is not supported for a non-hardware accelerated Canvas. Skipping animation.
05-10 18:50:56.421 4719 4855 E gralloc4: Empty SMPTE 2094-40 data
05-10 18:50:56.502 4719 4855 E gralloc4: Empty SMPTE 2094-40 data
05-10 18:50:56.518 4719 4855 E gralloc4: Empty SMPTE 2094-40 data
05-10 18:50:56.534 4719 4855 E gralloc4: Empty SMPTE 2094-40 data
05-10 18:50:56.551 4719 4855 E gralloc4: Empty SMPTE 2094-40 data
05-10 18:50:56.568 4719 4855 E gralloc4: Empty SMPTE 2094-40 data
05-10 18:50:56.585 4719 4855 E gralloc4: Empty SMPTE 2094-40 data
05-10 18:50:56.601 4719 4855 E gralloc4: Empty SMPTE 2094-40 data
05-10 18:50:57.148 4719 4855 E gralloc4: Empty SMPTE 2094-40 data
05-10 18:50:57.162 4719 4944 E ShortcutInfoCompatSaver: Failed to load saved values from file /data/user/0/com.mbwhatsapp/files/ShortcutInfoCompatSaver_share_targets/ targets.xml. Old state removed, new added
05-10 18:50:57.162 4719 4944 E ShortcutInfoCompatSaver: java.io.FileNotFoundException: /data/user/0/com.mbwhatsapp/files/ShortcutInfoCompatSaver_share_targets/ targets.xml: open failed: ENOENT (No such file or directory)
05-10 18:50:57.162 4719 4944 E ShortcutInfoCompatSaver: at libcore.io.IoBridge.open(IoBridge.java:574)
05-10 18:50:57.162 4719 4944 E ShortcutInfoCompatSaver: at java.io.FileInputStream.<init>(FileInputStream.java:160)
05-10 18:50:57.162 4719 4944 E ShortcutInfoCompatSaver: at X.0nz.run(Unknown Source:82)
05-10 18:50:57.162 4719 4944 E ShortcutInfoCompatSaver: at java.util.concurrent.Executors$RunnableAdapter.call(Executors.java:487)
05-10 18:50:57.162 4719 4944 E ShortcutInfoCompatSaver: at java.util.concurrent.FutureTask.run(FutureTask.java:264)
05-10 18:50:57.162 4719 4944 E ShortcutInfoCompatSaver: at java.util.concurrent.ThreadPoolExecutor.runWorker(ThreadPoolExecutor.java:1145)
05-10 18:50:57.162 4719 4944 E ShortcutInfoCompatSaver: at java.util.concurrent.ThreadPoolExecutor$Worker.run(ThreadPoolExecutor.java:644)
05-10 18:50:57.162 4719 4944 E ShortcutInfoCompatSaver: at java.lang.Thread.run(Thread.java:1012)
05-10 18:50:57.162 4719 4944 E ShortcutInfoCompatSaver: Caused by: android.system.ErrnoException: open failed: ENOENT (No such file or directory)
05-10 18:50:57.162 4719 4944 E ShortcutInfoCompatSaver: at libcore.io.Linux.open(Native Method)
05-10 18:50:57.162 4719 4944 E ShortcutInfoCompatSaver: at libcore.io.ForwardingOs.open(ForwardingOs.java:563)
05-10 18:50:57.162 4719 4944 E ShortcutInfoCompatSaver: at libcore.io.BlockGuardOs.open(BlockGuardOs.java:274)
05-10 18:50:57.162 4719 4944 E ShortcutInfoCompatSaver: at libcore.io.ForwardingOs.open(ForwardingOs.java:563)
05-10 18:50:57.162 4719 4944 E ShortcutInfoCompatSaver: at android.app.ActivityThread$AndroidOs.open(ActivityThread.java:8224)
05-10 18:50:57.162 4719 4944 E ShortcutInfoCompatSaver: at libcore.io.IoBridge.open(IoBridge.java:560)
05-10 18:50:57.162 4719 4944 E ShortcutInfoCompatSaver: ... 7 more
05-10 18:50:57.168 4719 4855 E gralloc4: Empty SMPTE 2094-40 data
05-10 18:50:57.181 4719 4855 W libc : Access denied finding property "ro.vendor.display.iris_x7.support"
05-10 18:50:57.185 4719 4855 E gralloc4: Empty SMPTE 2094-40 data
05-10 18:50:57.185 4719 4855 E FrameEvents: updateAcquireFence: Did not find frame.
05-10 18:50:57.189 4719 4855 E gralloc4: Empty SMPTE 2094-40 data
05-10 18:50:57.192 4719 4855 W libc : Access denied finding property "ro.vendor.display.iris_x7.support"
05-10 18:50:57.200 4719 4855 E gralloc4: Empty SMPTE 2094-40 data
05-10 18:50:57.200 4719 4855 E FrameEvents: updateAcquireFence: Did not find frame.
05-10 18:50:57.203 4719 4855 E gralloc4: Empty SMPTE 2094-40 data
05-10 18:50:57.204 4719 4855 W libc : Access denied finding property "ro.vendor.display.iris_x7.support"
05-10 18:50:57.206 4719 4855 E gralloc4: Empty SMPTE 2094-40 data
05-10 18:50:57.206 4719 4855 E FrameEvents: updateAcquireFence: Did not find frame.
05-10 18:50:57.214 4719 4719 W com.mbwhatsapp: type=1400 audit(0.0:52122): avc: denied { read } for name="osrelease" dev="proc" ino=1944499 scontext=u:r:untrusted_app:s0:c251,c256,c512,c768 tcontext=u:object_r:proc:s0 tclass=file permissive=0 app=com.mbwhatsapp
05-10 18:50:57.214 4719 4719 W com.mbwhatsapp: type=1400 audit(0.0:52123): avc: denied { read } for name="version" dev="proc" ino=1944500 scontext=u:r:untrusted_app:s0:c251,c256,c512,c768 tcontext=u:object_r:proc:s0 tclass=file permissive=0 app=com.mbwhatsapp
05-10 18:50:57.241 4719 4855 W libc : Access denied finding property "ro.vendor.display.iris_x7.support"
05-10 18:50:57.255 4719 4855 E gralloc4: Empty SMPTE 2094-40 data
05-10 18:50:57.276 4719 4855 E gralloc4: Empty SMPTE 2094-40 data
05-10 18:50:57.277 4719 4855 E gralloc4: Empty SMPTE 2094-40 data
05-10 18:50:57.283 4719 4855 E gralloc4: Empty SMPTE 2094-40 data
05-10 18:50:57.301 4719 4855 E gralloc4: Empty SMPTE 2094-40 data
05-10 18:50:57.316 4719 4855 E gralloc4: Empty SMPTE 2094-40 data
05-10 18:50:57.450 4719 4855 E gralloc4: Empty SMPTE 2094-40 data
05-10 18:50:57.467 4719 4855 E gralloc4: Empty SMPTE 2094-40 data
05-10 18:50:57.483 4719 4855 E gralloc4: Empty SMPTE 2094-40 data
05-10 18:50:57.499 4719 4855 E gralloc4: Empty SMPTE 2094-40 data
05-10 18:50:57.516 4719 4855 E gralloc4: Empty SMPTE 2094-40 data
05-10 18:50:57.532 4719 4855 E gralloc4: Empty SMPTE 2094-40 data
05-10 18:50:57.551 4719 4855 E gralloc4: Empty SMPTE 2094-40 data
05-10 18:50:58.300 4719 4855 E gralloc4: Empty SMPTE 2094-40 data
05-10 18:50:58.316 4719 4855 E gralloc4: Empty SMPTE 2094-40 data
05-10 18:50:58.331 4719 4855 E gralloc4: Empty SMPTE 2094-40 data
05-10 18:50:58.350 4719 4855 E gralloc4: Empty SMPTE 2094-40 data
05-10 18:50:58.366 4719 4855 E gralloc4: Empty SMPTE 2094-40 data
05-10 18:50:58.384 4719 4855 E gralloc4: Empty SMPTE 2094-40 data
05-10 18:50:58.401 4719 4855 E gralloc4: Empty SMPTE 2094-40 data
05-10 18:50:58.417 4719 4855 E gralloc4: Empty SMPTE 2094-40 data
05-10 18:50:58.418 4719 4855 W libc : Access denied finding property "ro.vendor.display.iris_x7.support"
05-10 18:50:58.434 4719 4855 E gralloc4: Empty SMPTE 2094-40 data
05-10 18:50:58.437 4719 4855 W libc : Access denied finding property "ro.vendor.display.iris_x7.support"
05-10 18:50:58.451 4719 4855 E gralloc4: Empty SMPTE 2094-40 data
05-10 18:50:58.463 4719 4855 E gralloc4: Empty SMPTE 2094-40 data
05-10 18:50:58.464 4719 4855 W Parcel : Expecting binder but got null!
05-10 18:50:58.467 4719 4855 E gralloc4: Empty SMPTE 2094-40 data
05-10 18:50:58.483 4719 4855 E gralloc4: Empty SMPTE 2094-40 data
05-10 18:50:58.496 4719 4855 E gralloc4: Empty SMPTE 2094-40 data
05-10 18:50:58.497 4719 4855 W Parcel : Expecting binder but got null!
05-10 18:50:58.499 4719 4855 E gralloc4: Empty SMPTE 2094-40 data
05-10 18:50:58.517 4719 4855 E gralloc4: Empty SMPTE 2094-40 data
05-10 18:50:58.533 4719 4855 E gralloc4: Empty SMPTE 2094-40 data
05-10 18:50:58.538 4719 4855 E gralloc4: Empty SMPTE 2094-40 data
05-10 18:50:58.542 4719 4855 E gralloc4: Empty SMPTE 2094-40 data
05-10 18:50:58.550 4719 4855 E gralloc4: Empty SMPTE 2094-40 data
05-10 18:50:58.559 4719 4855 E gralloc4: Empty SMPTE 2094-40 data
05-10 18:50:58.561 4719 4855 E gralloc4: Empty SMPTE 2094-40 data
05-10 18:50:58.565 4719 4855 E gralloc4: Empty SMPTE 2094-40 data
05-10 18:50:58.566 4719 4855 E gralloc4: Empty SMPTE 2094-40 data
05-10 18:50:58.569 4719 4855 E gralloc4: Empty SMPTE 2094-40 data
05-10 18:50:58.584 4719 4855 E gralloc4: Empty SMPTE 2094-40 data
05-10 18:50:58.589 4719 4855 E gralloc4: Empty SMPTE 2094-40 data
05-10 18:50:58.592 4719 4855 E gralloc4: Empty SMPTE 2094-40 data
05-10 18:50:58.601 4719 4855 E gralloc4: Empty SMPTE 2094-40 data
05-10 18:50:58.603 4719 4855 E gralloc4: Empty SMPTE 2094-40 data
05-10 18:50:58.605 4719 4855 E gralloc4: Empty SMPTE 2094-40 data
05-10 18:50:58.623 4719 4855 E gralloc4: Empty SMPTE 2094-40 data
05-10 18:50:58.626 4719 4855 E gralloc4: Empty SMPTE 2094-40 data
05-10 18:50:58.630 4719 4855 E gralloc4: Empty SMPTE 2094-40 data
05-10 18:50:58.637 4719 4855 E gralloc4: Empty SMPTE 2094-40 data
05-10 18:50:58.647 4719 4855 E gralloc4: Empty SMPTE 2094-40 data
05-10 18:50:58.651 4719 4855 E gralloc4: Empty SMPTE 2094-40 data
05-10 18:50:58.654 4719 4855 E gralloc4: Empty SMPTE 2094-40 data
05-10 18:50:58.667 4719 4855 E gralloc4: Empty SMPTE 2094-40 data
05-10 18:50:58.688 4719 4855 E gralloc4: Empty SMPTE 2094-40 data
05-10 18:50:58.702 4719 4855 E gralloc4: Empty SMPTE 2094-40 data
05-10 18:50:58.717 4719 4855 E gralloc4: Empty SMPTE 2094-40 data
05-10 18:50:58.741 4719 4855 E gralloc4: Empty SMPTE 2094-40 data
05-10 18:50:58.751 4719 4855 E gralloc4: Empty SMPTE 2094-40 data
05-10 18:50:58.767 4719 4855 E gralloc4: Empty SMPTE 2094-40 data
05-10 18:50:58.784 4719 4855 E gralloc4: Empty SMPTE 2094-40 data
05-10 18:50:58.802 4719 4855 E gralloc4: Empty SMPTE 2094-40 data
05-10 18:50:58.819 4719 4855 E gralloc4: Empty SMPTE 2094-40 data
05-10 18:50:58.836 4719 4855 E gralloc4: Empty SMPTE 2094-40 data
05-10 18:50:58.853 4719 4855 E gralloc4: Empty SMPTE 2094-40 data
05-10 18:50:58.869 4719 4855 E gralloc4: Empty SMPTE 2094-40 data
05-10 18:50:58.885 4719 4855 E gralloc4: Empty SMPTE 2094-40 data
05-10 18:50:58.901 4719 4855 E gralloc4: Empty SMPTE 2094-40 data
05-10 18:50:58.918 4719 4855 E gralloc4: Empty SMPTE 2094-40 data
05-10 18:50:58.930 4719 4855 E gralloc4: Empty SMPTE 2094-40 data
05-10 18:50:58.934 4719 4855 E gralloc4: Empty SMPTE 2094-40 data
05-10 18:50:58.948 4719 4855 E gralloc4: Empty SMPTE 2094-40 data
05-10 18:50:58.951 4719 4855 E gralloc4: Empty SMPTE 2094-40 data
05-10 18:50:58.965 4719 4855 E gralloc4: Empty SMPTE 2094-40 data
05-10 18:50:58.968 4719 4855 E gralloc4: Empty SMPTE 2094-40 data
05-10 18:50:58.983 4719 4855 E gralloc4: Empty SMPTE 2094-40 data
05-10 18:50:58.984 4719 4855 E gralloc4: Empty SMPTE 2094-40 data
05-10 18:50:58.999 4719 4855 E gralloc4: Empty SMPTE 2094-40 data
05-10 18:50:59.001 4719 4855 E gralloc4: Empty SMPTE 2094-40 data
05-10 18:50:59.015 4719 4855 E gralloc4: Empty SMPTE 2094-40 data
05-10 18:50:59.018 4719 4855 E gralloc4: Empty SMPTE 2094-40 data
05-10 18:50:59.032 4719 4855 E gralloc4: Empty SMPTE 2094-40 data
05-10 18:50:59.034 4719 4855 E gralloc4: Empty SMPTE 2094-40 data
05-10 18:50:59.049 4719 4855 E gralloc4: Empty SMPTE 2094-40 data
05-10 18:50:59.051 4719 4855 E gralloc4: Empty SMPTE 2094-40 data
05-10 18:50:59.064 4719 4855 E gralloc4: Empty SMPTE 2094-40 data
05-10 18:50:59.082 4719 4855 E gralloc4: Empty SMPTE 2094-40 data
05-10 18:50:59.097 4719 4855 E gralloc4: Empty SMPTE 2094-40 data
05-10 18:50:59.116 4719 4855 E gralloc4: Empty SMPTE 2094-40 data
05-10 18:50:59.131 4719 4855 E gralloc4: Empty SMPTE 2094-40 data
05-10 18:50:59.152 4719 4855 E gralloc4: Empty SMPTE 2094-40 data
05-10 18:50:59.167 4719 4855 E gralloc4: Empty SMPTE 2094-40 data
05-10 18:50:59.185 4719 4855 E gralloc4: Empty SMPTE 2094-40 data
05-10 18:50:59.201 4719 4855 E gralloc4: Empty SMPTE 2094-40 data
05-10 18:50:59.498 4719 4855 E gralloc4: Empty SMPTE 2094-40 data
05-10 18:50:59.757 4719 4855 E gralloc4: Empty SMPTE 2094-40 data
05-10 18:50:59.766 4719 4855 E gralloc4: Empty SMPTE 2094-40 data
05-10 18:50:59.769 4719 4855 E gralloc4: Empty SMPTE 2094-40 data
05-10 18:50:59.781 4719 4855 E gralloc4: Empty SMPTE 2094-40 data
05-10 18:50:59.783 4719 4855 E gralloc4: Empty SMPTE 2094-40 data
05-10 18:50:59.797 4719 4855 E gralloc4: Empty SMPTE 2094-40 data
05-10 18:50:59.801 4719 4855 E gralloc4: Empty SMPTE 2094-40 data
05-10 18:50:59.815 4719 4855 E gralloc4: Empty SMPTE 2094-40 data
05-10 18:50:59.817 4719 4855 E gralloc4: Empty SMPTE 2094-40 data
05-10 18:50:59.830 4719 4855 E gralloc4: Empty SMPTE 2094-40 data
05-10 18:50:59.833 4719 4855 E gralloc4: Empty SMPTE 2094-40 data
05-10 18:50:59.848 4719 4855 E gralloc4: Empty SMPTE 2094-40 data
05-10 18:50:59.850 4719 4855 E gralloc4: Empty SMPTE 2094-40 data
05-10 18:50:59.863 4719 4855 E gralloc4: Empty SMPTE 2094-40 data
05-10 18:50:59.866 4719 4855 E gralloc4: Empty SMPTE 2094-40 data
05-10 18:50:59.881 4719 4855 E gralloc4: Empty SMPTE 2094-40 data
05-10 18:50:59.898 4719 4855 E gralloc4: Empty SMPTE 2094-40 data
05-10 18:50:59.914 4719 4855 E gralloc4: Empty SMPTE 2094-40 data
05-10 18:50:59.931 4719 4855 E gralloc4: Empty SMPTE 2094-40 data
05-10 18:50:59.948 4719 4855 E gralloc4: Empty SMPTE 2094-40 data
05-10 18:50:59.965 4719 4855 E gralloc4: Empty SMPTE 2094-40 data
05-10 18:50:59.980 4719 4855 E gralloc4: Empty SMPTE 2094-40 data
05-10 18:50:59.997 4719 4855 E gralloc4: Empty SMPTE 2094-40 data
05-10 18:51:00.013 4719 4855 E gralloc4: Empty SMPTE 2094-40 data
05-10 18:51:00.029 4719 4855 E gralloc4: Empty SMPTE 2094-40 data
05-10 18:51:00.047 4719 4855 E gralloc4: Empty SMPTE 2094-40 data
05-10 18:51:00.064 4719 4855 E gralloc4: Empty SMPTE 2094-40 data
05-10 18:51:00.079 4719 4855 E gralloc4: Empty SMPTE 2094-40 data
05-10 18:51:00.096 4719 4855 E gralloc4: Empty SMPTE 2094-40 data
05-10 18:51:00.113 4719 4855 E gralloc4: Empty SMPTE 2094-40 data
05-10 18:51:00.129 4719 4855 E gralloc4: Empty SMPTE 2094-40 data
05-10 18:51:00.146 4719 4855 E gralloc4: Empty SMPTE 2094-40 data
05-10 18:51:00.163 4719 4855 E gralloc4: Empty SMPTE 2094-40 data
05-10 18:51:00.179 4719 4855 E gralloc4: Empty SMPTE 2094-40 data
05-10 18:51:00.196 4719 4855 E gralloc4: Empty SMPTE 2094-40 data
05-10 18:51:00.213 4719 4855 E gralloc4: Empty SMPTE 2094-40 data
05-10 18:51:00.229 4719 4855 E gralloc4: Empty SMPTE 2094-40 data
05-10 18:51:00.246 4719 4855 E gralloc4: Empty SMPTE 2094-40 data
05-10 18:51:00.262 4719 4855 E gralloc4: Empty SMPTE 2094-40 data
05-10 18:51:00.264 4719 4855 E gralloc4: Empty SMPTE 2094-40 data
05-10 18:51:00.279 4719 4855 E gralloc4: Empty SMPTE 2094-40 data
05-10 18:51:00.295 4719 4855 E gralloc4: Empty SMPTE 2094-40 data
05-10 18:51:00.312 4719 4855 E gralloc4: Empty SMPTE 2094-40 data
05-10 18:51:00.398 4719 4855 E gralloc4: Empty SMPTE 2094-40 data
05-10 18:51:00.416 4719 4855 E gralloc4: Empty SMPTE 2094-40 data
05-10 18:51:00.431 4719 4855 E gralloc4: Empty SMPTE 2094-40 data
05-10 18:51:00.446 4719 4855 E gralloc4: Empty SMPTE 2094-40 data
05-10 18:51:00.463 4719 4855 E gralloc4: Empty SMPTE 2094-40 data
05-10 18:51:00.479 4719 4855 E gralloc4: Empty SMPTE 2094-40 data
05-10 18:51:00.496 4719 4855 E gralloc4: Empty SMPTE 2094-40 data
05-10 18:51:00.513 4719 4855 E gralloc4: Empty SMPTE 2094-40 data
05-10 18:51:00.529 4719 4855 E gralloc4: Empty SMPTE 2094-40 data
05-10 18:51:00.548 4719 4855 E gralloc4: Empty SMPTE 2094-40 data
05-10 18:51:00.553 4719 4855 E gralloc4: Empty SMPTE 2094-40 data
05-10 18:51:00.567 4719 4855 E gralloc4: Empty SMPTE 2094-40 data
05-10 18:51:00.584 4719 4855 E gralloc4: Empty SMPTE 2094-40 data
05-10 18:51:00.585 4719 4855 E gralloc4: Empty SMPTE 2094-40 data
05-10 18:51:00.597 4719 4855 E gralloc4: Empty SMPTE 2094-40 data
05-10 18:51:00.600 4719 4855 E gralloc4: Empty SMPTE 2094-40 data
05-10 18:51:00.614 4719 4855 E gralloc4: Empty SMPTE 2094-40 data
05-10 18:51:00.617 4719 4855 E gralloc4: Empty SMPTE 2094-40 data
05-10 18:51:00.631 4719 4855 E gralloc4: Empty SMPTE 2094-40 data
05-10 18:51:00.633 4719 4855 E gralloc4: Empty SMPTE 2094-40 data
05-10 18:51:00.654 4719 4855 E gralloc4: Empty SMPTE 2094-40 data
05-10 18:51:00.659 4719 4855 E gralloc4: Empty SMPTE 2094-40 data
05-10 18:51:00.666 4719 4855 E gralloc4: Empty SMPTE 2094-40 data
05-10 18:51:00.670 4719 4855 E gralloc4: Empty SMPTE 2094-40 data
05-10 18:51:00.685 4719 4855 E gralloc4: Empty SMPTE 2094-40 data
05-10 18:51:00.700 4719 4855 E gralloc4: Empty SMPTE 2094-40 data
05-10 18:51:00.716 4719 4855 E gralloc4: Empty SMPTE 2094-40 data
05-10 18:51:00.733 4719 4855 E gralloc4: Empty SMPTE 2094-40 data
05-10 18:51:00.751 4719 4855 E gralloc4: Empty SMPTE 2094-40 data
05-10 18:51:00.762 4719 4731 W com.mbwhatsapp: Cleared Reference was only reachable from finalizer (only reported once)
05-10 18:51:00.768 4719 4855 E gralloc4: Empty SMPTE 2094-40 data
05-10 18:51:00.773 4719 4855 E gralloc4: Empty SMPTE 2094-40 data
05-10 18:51:00.787 4719 4855 E gralloc4: Empty SMPTE 2094-40 data
05-10 18:51:00.801 4719 4855 E gralloc4: Empty SMPTE 2094-40 data
05-10 18:51:00.818 4719 4855 E gralloc4: Empty SMPTE 2094-40 data
05-10 18:51:00.837 4719 4855 E gralloc4: Empty SMPTE 2094-40 data
05-10 18:51:00.852 4719 4855 E gralloc4: Empty SMPTE 2094-40 data
05-10 18:51:00.869 4719 4855 E gralloc4: Empty SMPTE 2094-40 data
05-10 18:51:00.884 4719 4855 E gralloc4: Empty SMPTE 2094-40 da