10-26 13:39:40.819 26493 26493 W CAM_A : isListed: unknown activity. mimeType=video/* className=com.facebook.messenger.intents.MediaEditShareIntentHandler
10-26 13:39:40.819 26493 26493 W CAM_A : isListed: unknown activity. mimeType=video/* className=com.instagram.share.handleractivity.ShareHandlerActivity
10-26 13:39:40.819 26493 26493 W CAM_A : isListed: unknown activity. mimeType=video/* className=com.instagram.share.handleractivity.ReelShareHandlerActivity
10-26 13:39:40.819 26493 26493 W CAM_A : isListed: unknown activity. mimeType=video/* className=com.instagram.direct.share.handler.DirectExternalMediaShareActivityVideoI nterop
10-26 13:39:40.844 26493 26527 W IconCustomizer: can't load transform_config.xml
10-26 13:39:40.888 26493 26837 D AudioTrack: stop(sessionID=1017)
10-26 13:39:40.888 26493 26837 D AudioTrack: stop(148): prior state:STATE_ACTIVE
10-26 13:39:41.226 26493 26493 W CAM_A : Placeholder drawable removed: key=ShotId-0 evicted=false
10-26 13:39:41.244 26493 26836 D CompatibilityChangeReporter: Compat change id reported: 149924527; UID 10364; state: ENABLED
10-26 13:39:41.245 26493 26836 D CompatibilityChangeReporter: Compat change id reported: 132649864; UID 10364; state: DISABLED
10-26 13:39:42.340 26493 26493 D DecorView[CameraLauncher]: getWindowModeFromSystem windowmode is 1
10-26 13:39:42.340 26493 26493 D DecorView[CameraLauncher]: updateDecorCaptionStatus displayWindowDecor is false
10-26 13:39:42.952 26493 26529 I AudioTrack: AudioTrack::setVolume L:0.600000 R:0.600000 and the pakage is com.google.android.GoogleCameraEngR18F1
10-26 13:39:42.952 26493 26529 W libc : Access denied finding property "ro.vendor.audio.shortvideo.index"
10-26 13:39:43.026 26493 26574 E libgcam : [camera_motion_blur_estimator.cc:57]: EstimateCameraMotionBlur: Can't estimate camera motion blur, because gyro data is missing.
10-26 13:39:43.027 26493 26574 E libgcam : [camera_motion_blur_estimator.cc:57]: EstimateCameraMotionBlur: Can't estimate camera motion blur, because gyro data is missing.
10-26 13:39:43.027 26493 26574 E libgcam : [camera_motion_blur_estimator.cc:57]: EstimateCameraMotionBlur: Can't estimate camera motion blur, because gyro data is missing.
10-26 13:39:43.028 26493 26574 E libgcam : [camera_motion_blur_estimator.cc:57]: EstimateCameraMotionBlur: Can't estimate camera motion blur, because gyro data is missing.
10-26 13:39:43.028 26493 26574 W libgcam : [shot_helper.cc:352]: LogViewfinderAeWarnings: viewfinder_short_tet (0.000ms) is further than expected from the capture TET (84.900ms). Relative error: 100%.
10-26 13:39:43.065 26493 26574 E libgcam : [camera_motion_blur_estimator.cc:57]: EstimateCameraMotionBlur: Can't estimate camera motion blur, because gyro data is missing.
10-26 13:39:43.066 26493 26574 E libgcam : [camera_motion_blur_estimator.cc:57]: EstimateCameraMotionBlur: Can't estimate camera motion blur, because gyro data is missing.
10-26 13:39:43.069 26493 26574 E libgcam : [camera_motion_blur_estimator.cc:57]: EstimateCameraMotionBlur: Can't estimate camera motion blur, because gyro data is missing.
10-26 13:39:43.208 26493 26498 W eCameraEngR18F: Suspending all threads took: 5.883ms
10-26 13:39:43.218 26493 26498 I eCameraEngR18F: NativeAlloc concurrent copying GC freed 7901KB AllocSpace bytes, 13(15MB) LOS objects, 49% free, 13MB/27MB, paused 56us,6.042ms total 61.909ms
10-26 13:39:43.266 26493 26837 D AudioTrack: stop(sessionID=1017)
10-26 13:39:43.266 26493 26837 D AudioTrack: stop(148): prior state:STATE_ACTIVE
10-26 13:39:43.656 26493 26493 W CAM_A : Placeholder drawable removed: key=ShotId-1 evicted=false
10-26 13:39:44.806 26493 26493 D DecorView[CameraLauncher]: getWindowModeFromSystem windowmode is 1
10-26 13:39:44.806 26493 26493 D DecorView[CameraLauncher]: updateDecorCaptionStatus displayWindowDecor is false
10-26 13:39:45.467 26493 26529 I AudioTrack: AudioTrack::setVolume L:0.600000 R:0.600000 and the pakage is com.google.android.GoogleCameraEngR18F1
10-26 13:39:45.467 26493 26529 W libc : Access denied finding property "ro.vendor.audio.shortvideo.index"
10-26 13:39:45.558 26493 26574 E libgcam : [camera_motion_blur_estimator.cc:57]: EstimateCameraMotionBlur: Can't estimate camera motion blur, because gyro data is missing.
10-26 13:39:45.558 26493 26574 E libgcam : [camera_motion_blur_estimator.cc:57]: EstimateCameraMotionBlur: Can't estimate camera motion blur, because gyro data is missing.
10-26 13:39:45.559 26493 26574 E libgcam : [camera_motion_blur_estimator.cc:57]: EstimateCameraMotionBlur: Can't estimate camera motion blur, because gyro data is missing.
10-26 13:39:45.559 26493 26574 E libgcam : [camera_motion_blur_estimator.cc:57]: EstimateCameraMotionBlur: Can't estimate camera motion blur, because gyro data is missing.
10-26 13:39:45.559 26493 26574 W libgcam : [shot_helper.cc:352]: LogViewfinderAeWarnings: viewfinder_short_tet (0.000ms) is further than expected from the capture TET (91.500ms). Relative error: 100%.
10-26 13:39:45.603 26493 26574 E libgcam : [camera_motion_blur_estimator.cc:57]: EstimateCameraMotionBlur: Can't estimate camera motion blur, because gyro data is missing.
10-26 13:39:45.604 26493 26574 E libgcam : [camera_motion_blur_estimator.cc:57]: EstimateCameraMotionBlur: Can't estimate camera motion blur, because gyro data is missing.
10-26 13:39:45.604 26493 26574 E libgcam : [camera_motion_blur_estimator.cc:57]: EstimateCameraMotionBlur: Can't estimate camera motion blur, because gyro data is missing.
10-26 13:39:45.761 26493 26822 I OpenGLRenderer: Davey! duration=9223369797169ms; Flags=0, FrameTimelineVsyncId=252105, IntendedVsync=2239684743903, Vsync=2239684743903, InputEventId=0, HandleInputStart=2239685247163, AnimationStart=2239685248622, PerformTraversalsStart=2239685447736, DrawStart=2239691447319, FrameDeadline=2239701410569, FrameInterval=2239685226747, FrameStartTime=16666666, SyncQueued=2239693904038, SyncStart=2239694026538, IssueDrawCommandsStart=2239697910236, SwapBuffers=2239699808986, FrameCompleted=9223372036854775807, DequeueBufferDuration=27812, QueueBufferDuration=1009844, GpuCompleted=9223372036854775807, SwapBuffersCompleted=2239701299507, DisplayPresentTime=0,
10-26 13:39:45.766 26493 26837 D AudioTrack: stop(sessionID=1017)
10-26 13:39:45.766 26493 26837 D AudioTrack: stop(148): prior state:STATE_ACTIVE
10-26 13:39:45.803 26493 26498 I eCameraEngR18F: NativeAlloc concurrent copying GC freed 8044KB AllocSpace bytes, 11(14MB) LOS objects, 49% free, 13MB/27MB, paused 189us,38us total 115.150ms
10-26 13:39:46.203 26493 26493 W CAM_A : Placeholder drawable removed: key=ShotId-2 evicted=false
10-26 13:39:47.110 26493 26493 D DecorView[CameraLauncher]: getWindowModeFromSystem windowmode is 1
10-26 13:39:47.110 26493 26493 D DecorView[CameraLauncher]: updateDecorCaptionStatus displayWindowDecor is false
10-26 13:39:47.837 26493 26529 I AudioTrack: AudioTrack::setVolume L:0.600000 R:0.600000 and the pakage is com.google.android.GoogleCameraEngR18F1
10-26 13:39:47.837 26493 26529 W libc : Access denied finding property "ro.vendor.audio.shortvideo.index"
10-26 13:39:47.929 26493 26574 E libgcam : [camera_motion_blur_estimator.cc:57]: EstimateCameraMotionBlur: Can't estimate camera motion blur, because gyro data is missing.
10-26 13:39:47.930 26493 26574 E libgcam : [camera_motion_blur_estimator.cc:57]: EstimateCameraMotionBlur: Can't estimate camera motion blur, because gyro data is missing.
10-26 13:39:47.930 26493 26574 E libgcam : [camera_motion_blur_estimator.cc:57]: EstimateCameraMotionBlur: Can't estimate camera motion blur, because gyro data is missing.
10-26 13:39:47.931 26493 26574 E libgcam : [camera_motion_blur_estimator.cc:57]: EstimateCameraMotionBlur: Can't estimate camera motion blur, because gyro data is missing.
10-26 13:39:47.931 26493 26574 W libgcam : [shot_helper.cc:352]: LogViewfinderAeWarnings: viewfinder_short_tet (0.000ms) is further than expected from the capture TET (88.800ms). Relative error: 100%.
10-26 13:39:47.970 26493 26574 E libgcam : [camera_motion_blur_estimator.cc:57]: EstimateCameraMotionBlur: Can't estimate camera motion blur, because gyro data is missing.
10-26 13:39:47.971 26493 26574 E libgcam : [camera_motion_blur_estimator.cc:57]: EstimateCameraMotionBlur: Can't estimate camera motion blur, because gyro data is missing.
10-26 13:39:47.972 26493 26574 E libgcam : [camera_motion_blur_estimator.cc:57]: EstimateCameraMotionBlur: Can't estimate camera motion blur, because gyro data is missing.
10-26 13:39:48.136 26493 26837 D AudioTrack: stop(sessionID=1017)
10-26 13:39:48.136 26493 26837 D AudioTrack: stop(148): prior state:STATE_ACTIVE
10-26 13:39:48.520 26493 26693 W CAM_A : PHOTO > rel Δ(result sensor timestamp) = 0,33 > 0,25
10-26 13:39:48.599 26493 26493 W CAM_A : Placeholder drawable removed: key=ShotId-3 evicted=false
10-26 13:39:49.786 26493 26493 W CAM_A : Photos launch was cancelled
10-26 13:39:49.786 26493 26493 W CAM_A : java.util.concurrent.CancellationException: Task was cancelled.
10-26 13:39:49.786 26493 26493 W CAM_A : at pfx.s(Unknown Source:32)
10-26 13:39:49.786 26493 26493 W CAM_A : at pfx.get(Unknown Source:21)
10-26 13:39:49.786 26493 26493 W CAM_A : at plk.I(Unknown Source:1)
10-26 13:39:49.786 26493 26493 W CAM_A : at plk.ad(Unknown Source:9)
10-26 13:39:49.786 26493 26493 W CAM_A : at phj.run(Unknown Source:23)
10-26 13:39:49.786 26493 26493 W CAM_A : at pgr.execute(Unknown Source:0)
10-26 13:39:49.786 26493 26493 W CAM_A : at pfx.q(Unknown Source:0)
10-26 13:39:49.786 26493 26493 W CAM_A : at pfx.l(Unknown Source:94)
10-26 13:39:49.786 26493 26493 W CAM_A : at pfx.cancel(Unknown Source:56)
10-26 13:39:49.786 26493 26493 W CAM_A : at dtz.c(Unknown Source:20)
10-26 13:39:49.786 26493 26493 W CAM_A : at dtt.fV(Unknown Source:8)
10-26 13:39:49.786 26493 26493 W CAM_A : at dtz.i(Unknown Source:143)
10-26 13:39:49.786 26493 26493 W CAM_A : at dtz.g(Unknown Source:483)
10-26 13:39:49.786 26493 26493 W CAM_A : at dtz.h(Unknown Source:40)
10-26 13:39:49.786 26493 26493 W CAM_A : at dub.onAnimationEnd(Unknown Source:66)
10-26 13:39:49.786 26493 26493 W CAM_A : at android.animation.Animator$AnimatorListener.onAnimationEnd(Animator.java:555)
10-26 13:39:49.786 26493 26493 W CAM_A : at android.animation.ValueAnimator.endAnimation(ValueAnimator.java:1250)
10-26 13:39:49.786 26493 26493 W CAM_A : at android.animation.ValueAnimator.doAnimationFrame(ValueAnimator.java:1492)
10-26 13:39:49.786 26493 26493 W CAM_A : at android.animation.AnimationHandler.doAnimationFrame(AnimationHandler.java:146)
10-26 13:39:49.786 26493 26493 W CAM_A : at android.animation.AnimationHandler.access$100(AnimationHandler.java:37)
10-26 13:39:49.786 26493 26493 W CAM_A : at android.animation.AnimationHandler$1.doFrame(AnimationHandler.java:54)
10-26 13:39:49.786 26493 26493 W CAM_A : at android.view.Choreographer$CallbackRecord.run(Choreographer.java:1140)
10-26 13:39:49.786 26493 26493 W CAM_A : at android.view.Choreographer.doCallbacks(Choreographer.java:946)
10-26 13:39:49.786 26493 26493 W CAM_A : at android.view.Choreographer.doFrame(Choreographer.java:870)
10-26 13:39:49.786 26493 26493 W CAM_A : at android.view.Choreographer$FrameDisplayEventReceiver.run(Choreographer.java:1127)
10-26 13:39:49.786 26493 26493 W CAM_A : at android.os.Handler.handleCallback(Handler.java:938)
10-26 13:39:49.786 26493 26493 W CAM_A : at android.os.Handler.dispatchMessage(Handler.java:99)
10-26 13:39:49.786 26493 26493 W CAM_A : at android.os.Looper.loopOnce(Looper.java:210)
10-26 13:39:49.786 26493 26493 W CAM_A : at android.os.Looper.loop(Looper.java:299)
10-26 13:39:49.786 26493 26493 W CAM_A : at android.app.ActivityThread.main(ActivityThread.java:8250)
10-26 13:39:49.786 26493 26493 W CAM_A : at java.lang.reflect.Method.invoke(Native Method)
10-26 13:39:49.786 26493 26493 W CAM_A : at com.android.internal.os.RuntimeInit$MethodAndArgsCaller.run(RuntimeInit.java:556)
10-26 13:39:49.786 26493 26493 W CAM_A : at com.android.internal.os.ZygoteInit.main(ZygoteInit.java:1045)
10-26 13:39:50.694 26493 26693 W CAM_A : PHOTO > rel Δ(result sensor timestamp) = 0,30 > 0,25
10-26 13:39:50.694 26493 26693 W CAM_A : PHOTO > result sensor delay = 1,30 > 1,10
10-26 13:39:50.794 26493 26693 W CAM_A : PHOTO > rel Δ(result sensor timestamp) = 0,30 > 0,25
10-26 13:39:50.826 26493 26693 W CAM_A : PHOTO > rel Δ(result sensor timestamp) = 0,43 > 0,25
10-26 13:39:51.227 26493 26693 W CAM_A : PHOTO > rel Δ(result sensor timestamp) = 0,30 > 0,25
10-26 13:39:51.227 26493 26693 W CAM_A : PHOTO > result sensor delay = 1,30 > 1,10
10-26 13:39:51.347 26493 26493 D DecorView[CameraLauncher]: onWindowFocusChanged hasWindowFocus false
10-26 13:39:51.458 26493 26514 E PhenotypeFlagCommitter: Retrieving snapshot for com.google.android.apps.camera#com.google.android.GoogleCameraEngR18F1 failed
10-26 13:39:51.458 26493 26514 E PhenotypeFlagCommitter: java.util.concurrent.ExecutionException: java.lang.SecurityException: GoogleCertificatesRslt: not allowed: pkg=com.google.android.GoogleCameraEngR18F1, sha256=[a40da80a59d170caa950cf15c18c454d47a39b26989d8b640ecd745ba71bf5dc], atk=false, ver=244232029.true (go/gsrlt)
10-26 13:39:51.458 26493 26514 E PhenotypeFlagCommitter: at mip.fb(Unknown Source:27)
10-26 13:39:51.458 26493 26514 E PhenotypeFlagCommitter: at mip.cd(Unknown Source:63)
10-26 13:39:51.458 26493 26514 E PhenotypeFlagCommitter: at kuc.c(Unknown Source:12)
10-26 13:39:51.458 26493 26514 E PhenotypeFlagCommitter: at kuc.e(Unknown Source:35)
10-26 13:39:51.458 26493 26514 E PhenotypeFlagCommitter: at kuc.b(Unknown Source:1)
10-26 13:39:51.458 26493 26514 E PhenotypeFlagCommitter: at gvh.a(Unknown Source:35)
10-26 13:39:51.458 26493 26514 E PhenotypeFlagCommitter: at gvj.run(Unknown Source:9)
10-26 13:39:51.458 26493 26514 E PhenotypeFlagCommitter: at law.run(Unknown Source:2)
10-26 13:39:51.458 26493 26514 E PhenotypeFlagCommitter: at java.util.concurrent.Executors$RunnableAdapter.call(Executors.java:487)
10-26 13:39:51.458 26493 26514 E PhenotypeFlagCommitter: at pio.a(Unknown Source:2)
10-26 13:39:51.458 26493 26514 E PhenotypeFlagCommitter: at phs.run(Unknown Source:20)
10-26 13:39:51.458 26493 26514 E PhenotypeFlagCommitter: at pip.run(Unknown Source:4)
10-26 13:39:51.458 26493 26514 E PhenotypeFlagCommitter: at java.util.concurrent.Executors$RunnableAdapter.call(Executors.java:487)
10-26 13:39:51.458 26493 26514 E PhenotypeFlagCommitter: at java.util.concurrent.FutureTask.run(FutureTask.java:264)
10-26 13:39:51.458 26493 26514 E PhenotypeFlagCommitter: at java.util.concurrent.ScheduledThreadPoolExecutor$ScheduledFutureTask.run(ScheduledT hreadPoolExecutor.java:307)
10-26 13:39:51.458 26493 26514 E PhenotypeFlagCommitter: at lbh.run(Unknown Source:2)
10-26 13:39:51.458 26493 26514 E PhenotypeFlagCommitter: at lbg.run(Unknown Source:0)
10-26 13:39:51.458 26493 26514 E PhenotypeFlagCommitter: at java.util.concurrent.ThreadPoolExecutor.runWorker(ThreadPoolExecutor.java:1145)
10-26 13:39:51.458 26493 26514 E PhenotypeFlagCommitter: at java.util.concurrent.ThreadPoolExecutor$Worker.run(ThreadPoolExecutor.java:644)
10-26 13:39:51.458 26493 26514 E PhenotypeFlagCommitter: at java.lang.Thread.run(Thread.java:1012)
10-26 13:39:51.458 26493 26514 E PhenotypeFlagCommitter: at lab.run(Unknown Source:5)
10-26 13:39:51.458 26493 26514 E PhenotypeFlagCommitter: Caused by: java.lang.SecurityException: GoogleCertificatesRslt: not allowed: pkg=com.google.android.GoogleCameraEngR18F1, sha256=[a40da80a59d170caa950cf15c18c454d47a39b26989d8b640ecd745ba71bf5dc], atk=false, ver=244232029.true (go/gsrlt)
10-26 13:39:51.458 26493 26514 E PhenotypeFlagCommitter: at android.os.Parcel.createExceptionOrNull(Parcel.java:2425)
10-26 13:39:51.458 26493 26514 E PhenotypeFlagCommitter: at android.os.Parcel.createException(Parcel.java:2409)
10-26 13:39:51.458 26493 26514 E PhenotypeFlagCommitter: at android.os.Parcel.readException(Parcel.java:2392)
10-26 13:39:51.458 26493 26514 E PhenotypeFlagCommitter: at android.os.Parcel.readException(Parcel.java:2334)
10-26 13:39:51.458 26493 26514 E PhenotypeFlagCommitter: at bmn.z(Unknown Source:10)
10-26 13:39:51.458 26493 26514 E PhenotypeFlagCommitter: at ktz.a(Unknown Source:38)
10-26 13:39:51.458 26493 26514 E PhenotypeFlagCommitter: at kjd.f(Unknown Source:10)
10-26 13:39:51.458 26493 26514 E PhenotypeFlagCommitter: at kkc.t(Unknown Source:9)
10-26 13:39:51.458 26493 26514 E PhenotypeFlagCommitter: at kkc.u(Unknown Source:22)
10-26 13:39:51.458 26493 26514 E PhenotypeFlagCommitter: at kkc.e(Unknown Source:15)
10-26 13:39:51.458 26493 26514 E PhenotypeFlagCommitter: at kkg.handleMessage(Unknown Source:920)
10-26 13:39:51.458 26493 26514 E PhenotypeFlagCommitter: at android.os.Handler.dispatchMessage(Handler.java:102)
10-26 13:39:51.458 26493 26514 E PhenotypeFlagCommitter: at ksg.b(Unknown Source:0)
10-26 13:39:51.458 26493 26514 E PhenotypeFlagCommitter: at ksg.dispatchMessage(Unknown Source:0)
10-26 13:39:51.458 26493 26514 E PhenotypeFlagCommitter: at android.os.Looper.loopOnce(Looper.java:210)
10-26 13:39:51.458 26493 26514 E PhenotypeFlagCommitter: at android.os.Looper.loop(Looper.java:299)
10-26 13:39:51.458 26493 26514 E PhenotypeFlagCommitter: at android.os.HandlerThread.run(HandlerThread.java:67)
10-26 13:39:51.520 26493 26694 D CameraDevice-JV-1: flush: E. id = 1
10-26 13:39:51.522 26493 26533 D CameraExtImplXiaoMi: releaseCameraDevice: 1
10-26 13:39:51.525 26493 26684 E BufferQueueProducer: [SurfaceView[com.google.android.GoogleCameraEngR18F1/com.android.camera.CameraLaunc her]#2(BLAST Consumer)2](id:677d00000006,api:4,p:1571,c:26493) queueBuffer: BufferQueue has been abandoned
10-26 13:39:51.555 26493 26684 E BufferQueueProducer: [SurfaceView[com.google.android.GoogleCameraEngR18F1/com.android.camera.CameraLaunc her]#2(BLAST Consumer)2](id:677d00000006,api:4,p:1571,c:26493) cancelBuffer: BufferQueue has been abandoned
10-26 13:39:51.556 26493 26684 E BufferQueueProducer: [SurfaceView[com.google.android.GoogleCameraEngR18F1/com.android.camera.CameraLaunc her]#2(BLAST Consumer)2](id:677d00000006,api:4,p:1571,c:26493) cancelBuffer: BufferQueue has been abandoned
10-26 13:39:51.556 26493 26493 W CAM_A : Duplicate call to stopModule; skipping stop.
10-26 13:39:51.557 26493 26637 E BufferQueueProducer: [SurfaceView[com.google.android.GoogleCameraEngR18F1/com.android.camera.CameraLaunc her]#2(BLAST Consumer)2](id:677d00000006,api:4,p:1571,c:26493) cancelBuffer: BufferQueue has been abandoned
10-26 13:39:51.558 26493 26684 E BufferQueueProducer: [SurfaceView[com.google.android.GoogleCameraEngR18F1/com.android.camera.CameraLaunc her]#2(BLAST Consumer)2](id:677d00000006,api:4,p:1571,c:26493) cancelBuffer: BufferQueue has been abandoned
10-26 13:39:51.559 26493 26819 E native : E1026 13:39:51.558694 26819 jni_environment.cc:81] Failed to detach current thread from the JVM. JavaVM::DetachCurrentThread returned: -1
10-26 13:39:51.559 26493 26558 E GoLog : E1026 13:39:51.558694 26819 jni_environment.cc:81] Failed to detach current thread from the JVM. JavaVM::DetachCurrentThread returned: -1
10-26 13:39:51.559 26493 26637 E BufferQueueProducer: [SurfaceView[com.google.android.GoogleCameraEngR18F1/com.android.camera.CameraLaunc her]#2(BLAST Consumer)2](id:677d00000006,api:4,p:1571,c:26493) cancelBuffer: BufferQueue has been abandoned
10-26 13:39:51.560 26493 26694 D CameraDevice-JV-1: flush: X
10-26 13:39:51.561 26493 26822 W CameraDevice-JV-1: Device error received, code 4, frame number 442, request ID 31, subseq ID 0
10-26 13:39:51.561 26493 26822 W CameraDevice-JV-1: got error frame 442
10-26 13:39:51.561 26493 26822 W CameraDevice-JV-1: Device error received, code 4, frame number 443, request ID 31, subseq ID 0
10-26 13:39:51.561 26493 26822 W CameraDevice-JV-1: got error frame 443
10-26 13:39:51.562 26493 26637 W CameraDevice-JV-1: Device error received, code 4, frame number 444, request ID 31, subseq ID 0
10-26 13:39:51.562 26493 26637 W CameraDevice-JV-1: got error frame 444
10-26 13:39:51.562 26493 26637 W CameraDevice-JV-1: Device error received, code 4, frame number 440, request ID 31, subseq ID 0
10-26 13:39:51.562 26493 26637 W CameraDevice-JV-1: got error frame 440
10-26 13:39:51.562 26493 26637 W CameraDevice-JV-1: Device error received, code 4, frame number 441, request ID 31, subseq ID 0
10-26 13:39:51.562 26493 26637 W CameraDevice-JV-1: got error frame 441
10-26 13:39:51.562 26493 26637 W CameraDevice-JV-1: Device error received, code 5, frame number 440, request ID 31, subseq ID 0
10-26 13:39:51.562 26493 26637 W CameraDevice-JV-1: Device error received, code 5, frame number 440, request ID 31, subseq ID 0
10-26 13:39:51.563 26493 26637 W CameraDevice-JV-1: Device error received, code 5, frame number 441, request ID 31, subseq ID 0
10-26 13:39:51.563 26493 26637 W CameraDevice-JV-1: Device error received, code 5, frame number 441, request ID 31, subseq ID 0
10-26 13:39:51.563 26493 26653 W CameraDevice-JV-1: Device error received, code 5, frame number 441, request ID 31, subseq ID 0
10-26 13:39:51.564 26493 26694 W CAM_MetadataDst: onCaptureFailed for Frame 442
10-26 13:39:51.564 26493 26694 W CAM_MetadataDst: onCaptureFailed for Frame 443
10-26 13:39:51.564 26493 26694 W CAM_MetadataDst: onCaptureFailed for Frame 444
10-26 13:39:51.564 26493 26694 W CAM_MetadataDst: onCaptureFailed for Frame 440
10-26 13:39:51.564 26493 26653 W CameraDevice-JV-1: Device error received, code 5, frame number 442, request ID 31, subseq ID 0
10-26 13:39:51.564 26493 26694 W CAM_MetadataDst: onCaptureFailed for Frame 441
10-26 13:39:51.564 26493 26533 D CameraDevice-JV-1: close: E. id = 1
10-26 13:39:51.565 26493 26691 W CAM_YUV_420_888w640: Received onBufferLost from Stream-3 for frame 441 but was unable to find a matching request to abort.
10-26 13:39:51.565 26493 26692 W CAM_RAW10w2592: Received onBufferLost from Stream- 4 for frame 441 but was unable to find a matching request to abort.
10-26 13:39:51.587 26493 26493 D DecorView[CameraLauncher]: getWindowModeFromSystem windowmode is 1
10-26 13:39:51.587 26493 26493 D DecorView[CameraLauncher]: updateDecorCaptionStatus displayWindowDecor is false
10-26 13:39:51.662 26493 26533 D CameraDevice-JV-1: close: X
10-26 13:39:51.663 26493 26653 W CameraDevice-JV-1: Device error received, code 5, frame number 442, request ID 31, subseq ID 0
10-26 13:39:51.663 26493 26653 W CameraDevice-JV-1: Device error received, code 5, frame number 442, request ID 31, subseq ID 0
10-26 13:39:51.663 26493 26653 W CameraDevice-JV-1: Device error received, code 5, frame number 443, request ID 31, subseq ID 0
10-26 13:39:51.663 26493 26653 W CameraDevice-JV-1: Device error received, code 5, frame number 443, request ID 31, subseq ID 0
10-26 13:39:51.663 26493 26653 W CameraDevice-JV-1: Device error received, code 5, frame number 443, request ID 31, subseq ID 0
10-26 13:39:51.664 26493 26653 W CameraDevice-JV-1: Device error received, code 5, frame number 444, request ID 31, subseq ID 0
10-26 13:39:51.664 26493 26653 W CameraDevice-JV-1: Device error received, code 5, frame number 444, request ID 31, subseq ID 0
10-26 13:39:51.664 26493 26653 W CameraDevice-JV-1: Device error received, code 5, frame number 444, request ID 31, subseq ID 0