Download as TXT, PDF, TXT or read online from Scribd
Download as txt, pdf, or txt
You are on page 1of 22
--------- beginning of main
10-26 13:39:32.144 26493 26525 I CameraManagerGlobal: Connecting to camera service
10-26 13:39:32.152 26493 26525 D CameraExtStub: init android.hardware.camera2.impl.CameraExtImplXiaoMi
10-26 13:39:32.152 26493 26525 W libc : Access denied finding property "vendor.camera.aux.packagelist"
10-26 13:39:32.152 26493 26525 W CameraManagerGlobal: [soar.cts] ignore the status update of camera: 2
10-26 13:39:32.152 26493 26525 W libc : Access denied finding property "vendor.camera.aux.packagelist"
10-26 13:39:32.152 26493 26525 W CameraManagerGlobal: [soar.cts] ignore the status update of camera: 3
10-26 13:39:32.152 26493 26525 W libc : Access denied finding property "vendor.camera.aux.packagelist"
10-26 13:39:32.152 26493 26525 W CameraManagerGlobal: [soar.cts] ignore the status update of camera: 4
10-26 13:39:32.152 26493 26525 W libc : Access denied finding property "vendor.camera.aux.packagelist"
10-26 13:39:32.152 26493 26525 W CameraManagerGlobal: [soar.cts] ignore the status update of camera: 5
10-26 13:39:32.152 26493 26525 W libc : Access denied finding property "vendor.camera.aux.packagelist"
10-26 13:39:32.152 26493 26525 W CameraManagerGlobal: [soar.cts] ignore the status update of camera: 6
10-26 13:39:32.152 26493 26525 W libc : Access denied finding property "vendor.camera.aux.packagelist"
10-26 13:39:32.152 26493 26525 W CameraManagerGlobal: [soar.cts] ignore the status update of camera: 7
10-26 13:39:32.152 26493 26525 W libc : Access denied finding property "vendor.camera.aux.packagelist"
10-26 13:39:32.152 26493 26525 W CameraManagerGlobal: [soar.cts] ignore the status update of camera: 8
10-26 13:39:32.153 26493 26525 W libc : Access denied finding property "vendor.camera.aux.packagelist"
10-26 13:39:32.153 26493 26520 W libc : Access denied finding property "vendor.camera.aux.packagelist"
10-26 13:39:32.153 26493 26520 W CameraManagerGlobal: ignore the torch status update of camera: 3
10-26 13:39:32.153 26493 26504 W libc : Access denied finding property "vendor.camera.aux.packagelist"
10-26 13:39:32.153 26493 26504 W CameraManagerGlobal: ignore the torch status update of camera: 4
10-26 13:39:32.153 26493 26504 W libc : Access denied finding property "vendor.camera.aux.packagelist"
10-26 13:39:32.153 26493 26504 W CameraManagerGlobal: ignore the torch status update of camera: 5
10-26 13:39:32.153 26493 26504 W libc : Access denied finding property "vendor.camera.aux.packagelist"
10-26 13:39:32.153 26493 26504 W CameraManagerGlobal: ignore the torch status update of camera: 6
10-26 13:39:32.153 26493 26504 W libc : Access denied finding property "vendor.camera.aux.packagelist"
10-26 13:39:32.153 26493 26504 W CameraManagerGlobal: ignore the torch status update of camera: 7 --------- beginning of system
10-26 13:39:32.156 26493 26493 D ViewScrollStubImpl: the value of ScrollFrictionRes is: 0.03
10-26 13:39:32.156 26493 26514 W VideoCapabilities: Unrecognized profile/level 0/3 for video/mpeg2
10-26 13:39:32.156 26493 26514 W VideoCapabilities: Unrecognized profile/level 0/3 for video/mpeg2
10-26 13:39:32.158 26493 26493 D IS_CTS_MODE: false
10-26 13:39:32.158 26493 26493 D MULTI_WINDOW_SWITCH_ENABLED: false
10-26 13:39:32.159 26493 26493 D IS_CTS_MODE: false
10-26 13:39:32.159 26493 26493 D MULTI_WINDOW_SWITCH_ENABLED: false
10-26 13:39:32.159 26493 26527 D CameraManager2: GotArray:0
10-26 13:39:32.159 26493 26527 D CameraManager2: GotArray:1
10-26 13:39:32.160 26493 26529 D CameraManager2: GotArray:0
10-26 13:39:32.160 26493 26529 D CameraManager2: GotArray:1
10-26 13:39:32.160 26493 26493 D DecorView[]: getWindowModeFromSystem windowmode is 1
10-26 13:39:32.167 26493 26529 D CameraManager2: GotArray:0
10-26 13:39:32.167 26493 26529 D CameraManager2: GotArray:1
10-26 13:39:32.170 26493 26529 D CameraManager2: GotArray:0
10-26 13:39:32.170 26493 26529 D CameraManager2: GotArray:1
10-26 13:39:32.170 26493 26514 D CameraManager2: GotArray:0
10-26 13:39:32.170 26493 26514 D CameraManager2: GotArray:1
10-26 13:39:32.172 26493 26529 D CameraManager2: GotArray:0
10-26 13:39:32.172 26493 26529 D CameraManager2: GotArray:1
10-26 13:39:32.182 26493 26533 W libc : Access denied finding property "persist.vendor.camera.privapp.list"
10-26 13:39:32.182 26493 26533 D CameraExtImplXiaoMi: initCameraDevice: 0
10-26 13:39:32.183 26493 26514 W CAM_A : Build number (V13.0.3.0.SJUMIXM) is not a number. Ignoring version check for b/149569689.
10-26 13:39:32.235 26493 26505 W libc : Access denied finding property "vendor.camera.aux.packagelist"
10-26 13:39:32.235 26493 26505 W CameraManagerGlobal: ignore the torch status update of camera: 3
10-26 13:39:32.235 26493 26505 W libc : Access denied finding property "vendor.camera.aux.packagelist"
10-26 13:39:32.235 26493 26505 W CameraManagerGlobal: ignore the torch status update of camera: 4
10-26 13:39:32.235 26493 26505 W libc : Access denied finding property "vendor.camera.aux.packagelist"
10-26 13:39:32.236 26493 26505 W CameraManagerGlobal: ignore the torch status update of camera: 5
10-26 13:39:32.236 26493 26505 W libc : Access denied finding property "vendor.camera.aux.packagelist"
10-26 13:39:32.236 26493 26505 W CameraManagerGlobal: ignore the torch status update of camera: 6
10-26 13:39:32.236 26493 26505 W libc : Access denied finding property "vendor.camera.aux.packagelist"
10-26 13:39:32.236 26493 26505 W CameraManagerGlobal: ignore the torch status update of camera: 7
10-26 13:39:32.246 26493 26493 I DeezNuts: MSG: SLIDER 1 FOCUS: 1.0E-4
10-26 13:39:32.246 26493 26493 I ProReC : setprogres0
10-26 13:39:32.247 26493 26493 I DeezNuts: MSG: SLIDER 0 IDX: 0
10-26 13:39:32.247 26493 26493 I ProReC : setprogres_iso0
10-26 13:39:32.247 26493 26493 I za.defcomk.prorec.cust2.RotSeek: setprogres_iso0
10-26 13:39:32.248 26493 26493 D CompatibilityChangeReporter: Compat change id reported: 171228096; UID 10364; state: ENABLED
10-26 13:39:32.274 26493 26493 D DecorView[]: getWindowModeFromSystem windowmode is 1
10-26 13:39:32.274 26493 26493 D DecorView[]: updateDecorCaptionStatus displayWindowDecor is false
10-26 13:39:32.275 26493 26533 D CameraDevice-JV-0: waitUntilIdle: E. id = 0
10-26 13:39:32.275 26493 26533 D CameraDevice-JV-0: waitUntilIdle: X
10-26 13:39:32.282 26493 26525 D nativeloader: Load /data/app/~~YsummeD2V8r4C6ZrC0HtaA==/com.google.android.GoogleCameraEngR18F1- mN6x_GY0b5rXUCdoQx3aWw==/lib/arm64/libgcastartup.so using ns clns-4 from class loader (caller=base.apk): ok
10-26 13:39:32.287 26493 26525 D nativeloader: Load /data/app/~~YsummeD2V8r4C6ZrC0HtaA==/com.google.android.GoogleCameraEngR18F1- mN6x_GY0b5rXUCdoQx3aWw==/lib/arm64/libpairipcoreX.so using ns clns-4 from class loader (caller=base.apk!classes2.dex): ok
10-26 13:39:32.289 26493 26493 D DecorView[]: getWindowModeFromSystem windowmode is 1
10-26 13:39:32.289 26493 26493 D DecorView[]: updateDecorCaptionStatus displayWindowDecor is false
10-26 13:39:32.299 26493 26516 I AdrenoGLES-0: QUALCOMM build : 83a0eede45, If3f4a1ab82
10-26 13:39:32.299 26493 26516 I AdrenoGLES-0: Build Date : 11/18/21
10-26 13:39:32.299 26493 26516 I AdrenoGLES-0: OpenGL ES Shader Compiler Version: EV031.32.02.15
10-26 13:39:32.299 26493 26516 I AdrenoGLES-0: Local Branch :
10-26 13:39:32.299 26493 26516 I AdrenoGLES-0: Remote Branch : refs/tags/AU_LINUX_ANDROID_LA.UM.9.1.R1.11.00.00.604.070
10-26 13:39:32.299 26493 26516 I AdrenoGLES-0: Remote Branch : NONE
10-26 13:39:32.299 26493 26516 I AdrenoGLES-0: Reconstruct Branch : NOTHING
10-26 13:39:32.299 26493 26516 I AdrenoGLES-0: Build Config : S P 10.0.6 AArch64
10-26 13:39:32.299 26493 26516 I AdrenoGLES-0: Driver Path : /vendor/lib64/egl/libGLESv2_adreno.so
10-26 13:39:32.306 26493 26516 I AdrenoGLES-0: PFP: 0x016ee190, ME: 0x00000000
10-26 13:39:32.317 26493 26529 D CameraManager2: GotArray:0
10-26 13:39:32.317 26493 26529 D CameraManager2: GotArray:1
10-26 13:39:32.319 26493 26527 D CameraManager2: GotArray:0
10-26 13:39:32.319 26493 26527 D CameraManager2: GotArray:1
10-26 13:39:32.321 26493 26516 D hw-ProcessState: Binder ioctl to enable oneway spam detection failed: Invalid argument
10-26 13:39:32.330 26493 26529 D nativeloader: Load /data/app/~~YsummeD2V8r4C6ZrC0HtaA==/com.google.android.GoogleCameraEngR18F1- mN6x_GY0b5rXUCdoQx3aWw==/lib/arm64/libagc.so using ns clns-4 from class loader (caller=base.apk!classes2.dex): ok
10-26 13:39:32.354 26493 26493 W CAM_A : Was already registered as ThermalStatusListener on AppStart
10-26 13:39:32.368 26493 26529 D CameraManager2: GotArray:0
10-26 13:39:32.368 26493 26529 D CameraManager2: GotArray:1
10-26 13:39:32.386 26493 26529 W CAM_A : UI view not yet initialized
10-26 13:39:32.392 26493 26493 D CameraManager2: GotArray:0
10-26 13:39:32.392 26493 26493 D CameraManager2: GotArray:1
10-26 13:39:32.393 26493 26493 D CameraManager2: GotArray:0
10-26 13:39:32.393 26493 26493 D CameraManager2: GotArray:1
10-26 13:39:32.393 26493 26493 D CameraManager2: GotArray:0
10-26 13:39:32.393 26493 26493 D CameraManager2: GotArray:1
10-26 13:39:32.394 26493 26493 D CameraManager2: GotArray:0
10-26 13:39:32.394 26493 26493 D CameraManager2: GotArray:1
10-26 13:39:32.397 26493 26493 W FontsContract: Platform version of downloadable fonts is deprecated. Please use androidx version instead.
10-26 13:39:32.402 26493 26533 W CAM_SimpleReqProcessor: Failed to add Stream-0 to CaptureRequest for Request-9. The surface (null) was not valid.
10-26 13:39:32.406 26493 26533 W CAM_SimpleReqProcessor: Failed to add Stream-0 to CaptureRequest for Request-10. The surface (null) was not valid.
10-26 13:39:32.416 26493 26493 D CameraManager2: GotArray:0
10-26 13:39:32.416 26493 26493 D CameraManager2: GotArray:1
10-26 13:39:32.442 26493 26493 D CameraManager2: GotArray:0
10-26 13:39:32.442 26493 26493 D CameraManager2: GotArray:1
10-26 13:39:32.442 26493 26493 D CameraManager2: GotArray:0
10-26 13:39:32.442 26493 26493 D CameraManager2: GotArray:1
10-26 13:39:32.443 26493 26493 D CameraManager2: GotArray:0
10-26 13:39:32.443 26493 26493 D CameraManager2: GotArray:1
10-26 13:39:32.443 26493 26493 D CameraManager2: GotArray:0
10-26 13:39:32.443 26493 26493 D CameraManager2: GotArray:1
10-26 13:39:32.447 26493 26493 W FontsContract: Platform version of downloadable fonts is deprecated. Please use androidx version instead.
10-26 13:39:32.467 26493 26493 W CAM_A : ModeSwitcher WAS ALREADY ENABLED!
10-26 13:39:32.468 26493 26493 D CameraManager2: GotArray:0
10-26 13:39:32.468 26493 26493 D CameraManager2: GotArray:1
10-26 13:39:32.469 26493 26493 D CameraManager2: GotArray:0
10-26 13:39:32.469 26493 26493 D CameraManager2: GotArray:1
10-26 13:39:32.469 26493 26493 D CameraManager2: GotArray:0
10-26 13:39:32.469 26493 26493 D CameraManager2: GotArray:1
10-26 13:39:32.493 26493 26493 D DecorView[]: getWindowModeFromSystem windowmode is 1
10-26 13:39:32.493 26493 26493 D DecorView[]: updateDecorCaptionStatus displayWindowDecor is false
10-26 13:39:32.493 26493 26583 W CAM_SimpleReqProcessor: Failed to add Stream-0 to CaptureRequest for Request-11. The surface (null) was not valid.
10-26 13:39:32.501 26493 26583 W CAM_SimpleReqProcessor: Failed to add Stream-0 to CaptureRequest for Request-12. The surface (null) was not valid.
10-26 13:39:32.505 26493 26583 W CAM_SimpleReqProcessor: Failed to add Stream-0 to CaptureRequest for Request-13. The surface (null) was not valid.
10-26 13:39:32.508 26493 26493 I DeezNuts: MSG: SLIDER 1 FOCUS: 1.0E-4
10-26 13:39:32.508 26493 26493 I ProReC : setprogres0
10-26 13:39:32.508 26493 26493 I DeezNuts: MSG: SLIDER 0 IDX: 0
10-26 13:39:32.508 26493 26493 I ProReC : setprogres_iso0
10-26 13:39:32.508 26493 26493 I za.defcomk.prorec.cust2.RotSeek: setprogres_iso0
10-26 13:39:32.508 26493 26583 W CAM_SimpleReqProcessor: Failed to add Stream-0 to CaptureRequest for Request-14. The surface (null) was not valid.
10-26 13:39:32.508 26493 26493 W View : requestLayout() improperly called by com.google.android.material.button.MaterialButton{ba57dea VFED..C.. ......I. 0,0- 0,0 #7f0b000b app:id/AuxButtonMain} during layout: running second layout pass
10-26 13:39:32.516 26493 26493 D SurfaceView: UPDATE null, mIsCastMode = false
10-26 13:39:32.524 26493 26493 D SurfaceView: UPDATE Surface(name=SurfaceView[com.google.android.GoogleCameraEngR18F1/com.android.camera .CameraLauncher])/@0xdad67b7, mIsProjectionMode = false
10-26 13:39:32.524 26493 26493 D SurfaceControl: nativeSetScreenProjection ===> setScreenProjection
10-26 13:39:32.524 26493 26493 D SurfaceControl: nativeSetScreenProjection ===> setScreenProjection
10-26 13:39:32.524 26493 26493 D SurfaceControl: nativeSetScreenProjection ===> setScreenProjection
10-26 13:39:32.540 26493 26540 W CAM_SurfaceMap: Surface(name=null)/@0x6f91b24 is valid but deferred streams are not yet available for CaptureSession-0
10-26 13:39:32.540 26493 26540 W CAM_SimpleReqProcessor: Failed to add Stream-0 to CaptureRequest for Request-15. The surface is not yet available.
10-26 13:39:32.541 26493 26493 D CameraManager2: GotArray:0
10-26 13:39:32.541 26493 26493 D CameraManager2: GotArray:1
10-26 13:39:32.542 26493 26493 W CAM_A : ModeSwitcher WAS ALREADY ENABLED!
10-26 13:39:32.543 26493 26493 W CAM_SurfaceMap: Surface(name=null)/@0x6f91b24 is valid but deferred streams are not yet available for CaptureSession-0
10-26 13:39:32.543 26493 26493 W CAM_SimpleReqProcessor: Failed to add Stream-0 to CaptureRequest for Request-16. The surface is not yet available.
10-26 13:39:32.550 26493 26504 I OpenGLRenderer: Davey! duration=9223369810586ms; Flags=0, FrameTimelineVsyncId=250470, IntendedVsync=2226268011107, Vsync=2226434677767, InputEventId=0, HandleInputStart=2226440736595, AnimationStart=2226440738418, PerformTraversalsStart=2226440891752, DrawStart=2226480415449, FrameDeadline=2226301344439, FrameInterval=2226440724356, FrameStartTime=16666666, SyncQueued=2226491821647, SyncStart=2226492013106, IssueDrawCommandsStart=2226495563002, SwapBuffers=2226500314356, FrameCompleted=9223372036854775807, DequeueBufferDuration=11771, QueueBufferDuration=517083, GpuCompleted=9223372036854775807, SwapBuffersCompleted=2226501204408, DisplayPresentTime=0,
10-26 13:39:32.551 26493 26493 D DecorView[]: onWindowFocusChanged hasWindowFocus true
10-26 13:39:32.690 26493 26525 W CAM_A : Extractor (frame) of type feature.acmi.imu.frame-straightness depends on foreign type feature.acmi.imu.camera-orientation! Feature values may be calculated out of order!
10-26 13:39:32.690 26493 26525 W CAM_A : Extractor (frame) of type feature.acmi.imu.frame-straightness depends on foreign type feature.acmi.imu.camera-orientation! Feature values may be calculated out of order!
10-26 13:39:32.760 26493 26514 D nativeloader: Load /data/app/~~YsummeD2V8r4C6ZrC0HtaA==/com.google.android.GoogleCameraEngR18F1- mN6x_GY0b5rXUCdoQx3aWw==/lib/arm64/libsmartcapture_native.so using ns clns-4 from class loader (caller=base.apk): ok
10-26 13:39:32.777 26493 26525 W CAM_CameraDeviceVerifie: Tag CameraDeviceVerifier is 1 chars longer than limit.
10-26 13:39:32.782 26493 26514 I tflite : Initialized TensorFlow Lite runtime.
10-26 13:39:32.782 26493 26558 E GoLog : INFO: Initialized TensorFlow Lite runtime.
10-26 13:39:32.784 26493 26625 D MediaCodecList: codecHandlesFormat: no format, so no extra checks
10-26 13:39:32.784 26493 26625 D MediaCodecList: codecHandlesFormat: no format, so no extra checks
10-26 13:39:32.787 26493 26629 D MediaCodecList: codecHandlesFormat: no format, so no extra checks
10-26 13:39:32.787 26493 26629 D MediaCodecList: codecHandlesFormat: no format, so no extra checks
10-26 13:39:32.789 26493 26514 W libc : Access denied finding property "ro.hardware.chipname"
10-26 13:39:32.793 26493 26625 I MediaCodec: init video box disabled for codec not supported
10-26 13:39:32.794 26493 26629 I MediaCodec: init video box disabled for codec not supported
10-26 13:39:32.798 26493 26514 I tflite : Created TensorFlow Lite XNNPACK delegate for CPU.
10-26 13:39:32.798 26493 26514 I tflite : Replacing 5 node(s) with delegate (TfLiteXNNPackDelegate) node, yielding 1 partitions.
10-26 13:39:32.798 26493 26558 E GoLog : INFO: Created TensorFlow Lite XNNPACK delegate for CPU.
10-26 13:39:32.798 26493 26558 E GoLog : INFO: Replacing 5 node(s) with delegate (TfLiteXNNPackDelegate) node, yielding 1 partitions.
10-26 13:39:32.799 26493 26514 D CameraManager2: GotArray:0
10-26 13:39:32.799 26493 26514 D CameraManager2: GotArray:1
10-26 13:39:32.800 26493 26647 D CCodec : allocate(c2.android.vorbis.decoder)
10-26 13:39:32.800 26493 26529 D CameraManager2: GotArray:0
10-26 13:39:32.800 26493 26529 D CameraManager2: GotArray:1
10-26 13:39:32.801 26493 26646 D CCodec : allocate(c2.android.vorbis.decoder)
10-26 13:39:32.804 26493 26647 I Codec2Client: Available Codec2 services: "default" "software"
10-26 13:39:32.807 26493 26647 I CCodec : setting up 'default' as default (vendor) store
10-26 13:39:32.808 26493 26646 I CCodec : setting up 'default' as default (vendor) store
10-26 13:39:32.824 26493 26646 I CCodec : Created component [c2.android.vorbis.decoder]
10-26 13:39:32.825 26493 26647 I CCodec : Created component [c2.android.vorbis.decoder]
10-26 13:39:32.825 26493 26647 D CCodecConfig: read media type: audio/vorbis
10-26 13:39:32.826 26493 26646 D CCodecConfig: read media type: audio/vorbis
10-26 13:39:32.829 26493 26647 D ReflectedParamUpdater: extent() != 1 for single value type: algo.buffers.max-count.values
10-26 13:39:32.829 26493 26646 D ReflectedParamUpdater: extent() != 1 for single value type: algo.buffers.max-count.values
10-26 13:39:32.829 26493 26647 D ReflectedParamUpdater: extent() != 1 for single value type: output.subscribed-indices.values
10-26 13:39:32.829 26493 26646 D ReflectedParamUpdater: extent() != 1 for single value type: output.subscribed-indices.values
10-26 13:39:32.830 26493 26647 D ReflectedParamUpdater: extent() != 1 for single value type: input.buffers.allocator-ids.values
10-26 13:39:32.830 26493 26646 D ReflectedParamUpdater: extent() != 1 for single value type: input.buffers.allocator-ids.values
10-26 13:39:32.830 26493 26647 D ReflectedParamUpdater: extent() != 1 for single value type: output.buffers.allocator-ids.values
10-26 13:39:32.830 26493 26647 D ReflectedParamUpdater: extent() != 1 for single value type: algo.buffers.allocator-ids.values
10-26 13:39:32.830 26493 26646 D ReflectedParamUpdater: extent() != 1 for single value type: output.buffers.allocator-ids.values
10-26 13:39:32.830 26493 26647 D ReflectedParamUpdater: extent() != 1 for single value type: output.buffers.pool-ids.values
10-26 13:39:32.830 26493 26647 D ReflectedParamUpdater: extent() != 1 for single value type: algo.buffers.pool-ids.values
10-26 13:39:32.830 26493 26646 D ReflectedParamUpdater: extent() != 1 for single value type: algo.buffers.allocator-ids.values
10-26 13:39:32.831 26493 26646 D ReflectedParamUpdater: extent() != 1 for single value type: output.buffers.pool-ids.values
10-26 13:39:32.831 26493 26646 D ReflectedParamUpdater: extent() != 1 for single value type: algo.buffers.pool-ids.values
10-26 13:39:32.832 26493 26647 I CCodecConfig: query failed after returning 7 values (BAD_INDEX)
10-26 13:39:32.832 26493 26647 D CCodecConfig: c2 config diff is Dict {
10-26 13:39:32.832 26493 26647 D CCodecConfig: c2::u32 coded.bitrate.value = 64000
10-26 13:39:32.832 26493 26647 D CCodecConfig: c2::u32 input.buffers.max- size.value = 32768
10-26 13:39:32.832 26493 26647 D CCodecConfig: c2::u32 input.delay.value = 0
10-26 13:39:32.832 26493 26647 D CCodecConfig: string input.media-type.value = "audio/vorbis"
10-26 13:39:32.832 26493 26647 D CCodecConfig: string output.media-type.value = "audio/raw"
10-26 13:39:32.832 26493 26647 D CCodecConfig: c2::u32 raw.channel-count.value = 1
10-26 13:39:32.832 26493 26647 D CCodecConfig: c2::u32 raw.sample-rate.value = 48000
10-26 13:39:32.832 26493 26647 D CCodecConfig: }
10-26 13:39:32.835 26493 26646 I CCodecConfig: query failed after returning 7 values (BAD_INDEX)
10-26 13:39:32.835 26493 26646 D CCodecConfig: c2 config diff is Dict {
10-26 13:39:32.835 26493 26646 D CCodecConfig: c2::u32 coded.bitrate.value = 64000
10-26 13:39:32.835 26493 26646 D CCodecConfig: c2::u32 input.buffers.max- size.value = 32768
10-26 13:39:32.835 26493 26646 D CCodecConfig: c2::u32 input.delay.value = 0
10-26 13:39:32.835 26493 26646 D CCodecConfig: string input.media-type.value = "audio/vorbis"
10-26 13:39:32.835 26493 26646 D CCodecConfig: string output.media-type.value = "audio/raw"
10-26 13:39:32.835 26493 26646 D CCodecConfig: c2::u32 raw.channel-count.value = 1
10-26 13:39:32.835 26493 26646 D CCodecConfig: c2::u32 raw.sample-rate.value = 48000
10-26 13:39:32.835 26493 26646 D CCodecConfig: }
10-26 13:39:32.835 26493 26647 D CCodec : [c2.android.vorbis.decoder] buffers are bound to CCodec for this session
10-26 13:39:32.838 26493 26646 D CCodec : [c2.android.vorbis.decoder] buffers are bound to CCodec for this session
10-26 13:39:32.838 26493 26646 D CCodecConfig: no c2 equivalents for durationUs
10-26 13:39:32.838 26493 26647 D CCodecConfig: no c2 equivalents for durationUs
10-26 13:39:32.838 26493 26647 D CCodecConfig: no c2 equivalents for track-id
10-26 13:39:32.838 26493 26647 D CCodecConfig: no c2 equivalents for csd-1
10-26 13:39:32.838 26493 26647 D CCodecConfig: no c2 equivalents for language
10-26 13:39:32.838 26493 26647 D CCodecConfig: no c2 equivalents for file-format
10-26 13:39:32.838 26493 26647 D CCodecConfig: no c2 equivalents for flags
10-26 13:39:32.839 26493 26646 D CCodecConfig: no c2 equivalents for track-id
10-26 13:39:32.839 26493 26646 D CCodecConfig: no c2 equivalents for csd-1
10-26 13:39:32.839 26493 26646 D CCodecConfig: no c2 equivalents for language
10-26 13:39:32.839 26493 26646 D CCodecConfig: no c2 equivalents for file-format
10-26 13:39:32.839 26493 26646 D CCodecConfig: no c2 equivalents for flags
10-26 13:39:32.841 26493 26646 D CCodecConfig: config failed => CORRUPTED
10-26 13:39:32.841 26493 26647 D CCodecConfig: config failed => CORRUPTED
10-26 13:39:32.841 26493 26647 D CCodecConfig: c2 config diff is c2::u32 coded.bitrate.value = 120000
10-26 13:39:32.841 26493 26646 D CCodecConfig: c2 config diff is c2::u32 coded.bitrate.value = 80000
10-26 13:39:32.841 26493 26646 D CCodecConfig: c2::u32 raw.sample-rate.value = 44100
10-26 13:39:32.841 26493 26647 W Codec2Client: query -- param skipped: index = 1107298332.
10-26 13:39:32.841 26493 26647 D CCodec : setup formats input: AMessage(what = 0x00000000) = {
10-26 13:39:32.841 26493 26647 D CCodec : int32_t bitrate = 120000
10-26 13:39:32.841 26493 26647 D CCodec : int32_t channel-count = 1
10-26 13:39:32.841 26493 26647 D CCodec : int32_t max-input-size = 65307
10-26 13:39:32.841 26493 26647 D CCodec : string mime = "audio/vorbis"
10-26 13:39:32.841 26493 26647 D CCodec : int32_t sample-rate = 48000
10-26 13:39:32.841 26493 26647 D CCodec : }
10-26 13:39:32.841 26493 26647 D CCodec : setup formats output: AMessage(what = 0x00000000) = {
10-26 13:39:32.841 26493 26647 D CCodec : int32_t channel-count = 1
10-26 13:39:32.841 26493 26647 D CCodec : string mime = "audio/raw"
10-26 13:39:32.841 26493 26647 D CCodec : int32_t sample-rate = 48000
10-26 13:39:32.841 26493 26647 D CCodec : int32_t android._config-pcm-encoding = 2
10-26 13:39:32.841 26493 26647 D CCodec : }
10-26 13:39:32.841 26493 26646 W Codec2Client: query -- param skipped: index = 1107298332.
10-26 13:39:32.841 26493 26646 D CCodec : setup formats input: AMessage(what = 0x00000000) = {
10-26 13:39:32.841 26493 26646 D CCodec : int32_t bitrate = 80000
10-26 13:39:32.841 26493 26646 D CCodec : int32_t channel-count = 1
10-26 13:39:32.841 26493 26646 D CCodec : int32_t max-input-size = 65307
10-26 13:39:32.841 26493 26646 D CCodec : string mime = "audio/vorbis"
10-26 13:39:32.841 26493 26646 D CCodec : int32_t sample-rate = 44100
10-26 13:39:32.841 26493 26646 D CCodec : }
10-26 13:39:32.841 26493 26646 D CCodec : setup formats output: AMessage(what = 0x00000000) = {
10-26 13:39:32.841 26493 26646 D CCodec : int32_t channel-count = 1
10-26 13:39:32.841 26493 26646 D CCodec : string mime = "audio/raw"
10-26 13:39:32.841 26493 26646 D CCodec : int32_t sample-rate = 44100
10-26 13:39:32.841 26493 26646 D CCodec : int32_t android._config-pcm-encoding = 2
10-26 13:39:32.841 26493 26646 D CCodec : }
10-26 13:39:32.842 26493 26646 I CCodecConfig: query failed after returning 7 values (BAD_INDEX)
10-26 13:39:32.842 26493 26647 I CCodecConfig: query failed after returning 7 values (BAD_INDEX)
10-26 13:39:32.842 26493 26646 W Codec2Client: query -- param skipped: index = 1342179345.
10-26 13:39:32.842 26493 26646 W Codec2Client: query -- param skipped: index = 2415921170.
10-26 13:39:32.843 26493 26646 D C2Store : Using ION
10-26 13:39:32.843 26493 26647 W Codec2Client: query -- param skipped: index = 1342179345.
10-26 13:39:32.843 26493 26647 W Codec2Client: query -- param skipped: index = 2415921170.
10-26 13:39:32.844 26493 26646 D CCodecBufferChannel: [c2.android.vorbis.decoder#930] Created input block pool with allocatorID 16 => poolID 17 - OK (0)
10-26 13:39:32.844 26493 26647 D CCodecBufferChannel: [c2.android.vorbis.decoder#661] Created input block pool with allocatorID 16 => poolID 18 - OK (0)
10-26 13:39:32.845 26493 26647 I CCodecBufferChannel: [c2.android.vorbis.decoder#661] Created output block pool with allocatorID 16 => poolID 86 - OK
10-26 13:39:32.846 26493 26647 D CCodecBufferChannel: [c2.android.vorbis.decoder#661] Configured output block pool ids 86 => OK
10-26 13:39:32.846 26493 26646 I CCodecBufferChannel: [c2.android.vorbis.decoder#930] Created output block pool with allocatorID 16 => poolID 87 - OK
10-26 13:39:32.846 26493 26646 D CCodecBufferChannel: [c2.android.vorbis.decoder#930] Configured output block pool ids 87 => OK
10-26 13:39:32.846 26493 26647 D CCodecBufferChannel: [c2.android.vorbis.decoder#661] start: updating output delay 0
10-26 13:39:32.846 26493 26646 D CCodecBufferChannel: [c2.android.vorbis.decoder#930] start: updating output delay 0
10-26 13:39:32.847 26493 26646 E ion : ioctl c0044901 failed with code -1: Inappropriate ioctl for device
10-26 13:39:32.885 26493 26525 W pkr : CaptureResult is present COLOR_CORRECTION_GAINS NEUTRAL.
10-26 13:39:32.898 26493 26647 W MediaCodec: onQueueInputBuffer,timeUs:-1 is invalid, changed to 0!
10-26 13:39:32.901 26493 26647 D CCodecBufferChannel: [c2.android.vorbis.decoder#661] MediaCodec discarded an unknown buffer
10-26 13:39:32.901 26493 26647 D CCodecBufferChannel: [c2.android.vorbis.decoder#661] MediaCodec discarded an unknown buffer
10-26 13:39:32.901 26493 26647 D CCodecBufferChannel: [c2.android.vorbis.decoder#661] MediaCodec discarded an unknown buffer
10-26 13:39:32.903 26493 26660 I hw-BpHwBinder: onLastStrongRef automatically unlinking death recipients
10-26 13:39:32.920 26493 26646 W MediaCodec: onQueueInputBuffer,timeUs:-1 is invalid, changed to 0!
10-26 13:39:32.921 26493 26646 D CCodecBufferChannel: [c2.android.vorbis.decoder#930] MediaCodec discarded an unknown buffer
10-26 13:39:32.921 26493 26646 D CCodecBufferChannel: [c2.android.vorbis.decoder#930] MediaCodec discarded an unknown buffer
10-26 13:39:32.921 26493 26646 D CCodecBufferChannel: [c2.android.vorbis.decoder#930] MediaCodec discarded an unknown buffer
10-26 13:39:32.923 26493 26661 I hw-BpHwBinder: onLastStrongRef automatically unlinking death recipients
10-26 13:39:33.060 26493 26525 W Glide : Failed to find GeneratedAppGlideModule. You should include an annotationProcessor compile dependency on com.github.bumptech.glide:compiler in your application and a @GlideModule annotated AppGlideModule implementation or LibraryGlideModules will be silently ignored
10-26 13:39:33.072 26493 26514 W pkr : CaptureResult is present COLOR_CORRECTION_GAINS NEUTRAL.
10-26 13:39:33.272 26493 26514 W pkr : CaptureResult is present COLOR_CORRECTION_GAINS NEUTRAL.
10-26 13:39:33.472 26493 26525 W pkr : CaptureResult is present COLOR_CORRECTION_GAINS NEUTRAL.
10-26 13:39:33.672 26493 26525 W pkr : CaptureResult is present COLOR_CORRECTION_GAINS NEUTRAL.
10-26 13:39:33.872 26493 26514 W pkr : CaptureResult is present COLOR_CORRECTION_GAINS NEUTRAL.
10-26 13:39:34.084 26493 26525 W pkr : CaptureResult is present COLOR_CORRECTION_GAINS NEUTRAL.
10-26 13:39:34.281 26493 26514 W pkr : CaptureResult is present COLOR_CORRECTION_GAINS NEUTRAL.
10-26 13:39:34.484 26493 26525 W pkr : CaptureResult is present COLOR_CORRECTION_GAINS NEUTRAL.
10-26 13:39:34.686 26493 26514 W pkr : CaptureResult is present COLOR_CORRECTION_GAINS NEUTRAL.
10-26 13:39:34.886 26493 26525 W pkr : CaptureResult is present COLOR_CORRECTION_GAINS NEUTRAL.
10-26 13:39:35.085 26493 26514 W pkr : CaptureResult is present COLOR_CORRECTION_GAINS NEUTRAL.
10-26 13:39:35.272 26493 26512 W ProtoDataStoreFlagStore: Unable to retrieve flag snapshot for com.google.android.libraries.performance.primes#com.google.android.GoogleCameraEngR 18F1, using defaults.
10-26 13:39:35.284 26493 26514 W pkr : CaptureResult is present COLOR_CORRECTION_GAINS NEUTRAL.
10-26 13:39:35.290 26493 26682 W ProtoDataStoreFlagStore: Unable to update local snapshot for com.google.android.libraries.performance.primes#com.google.android.GoogleCameraEngR 18F1, may result in stale flags.
10-26 13:39:35.290 26493 26682 W ProtoDataStoreFlagStore: java.util.concurrent.ExecutionException: java.lang.SecurityException: GoogleCertificatesRslt: not allowed: pkg=com.google.android.GoogleCameraEngR18F1, sha256=[a40da80a59d170caa950cf15c18c454d47a39b26989d8b640ecd745ba71bf5dc], atk=false, ver=244232029.true (go/gsrlt)
10-26 13:39:35.290 26493 26682 W ProtoDataStoreFlagStore: at pfx.s(Unknown Source:20)
10-26 13:39:35.290 26493 26682 W ProtoDataStoreFlagStore: at pfx.get(Unknown Source:21)
10-26 13:39:35.290 26493 26682 W ProtoDataStoreFlagStore: at plk.I(Unknown Source:1)
10-26 13:39:35.290 26493 26682 W ProtoDataStoreFlagStore: at plk.ad(Unknown Source:9)
10-26 13:39:35.290 26493 26682 W ProtoDataStoreFlagStore: at nfm.d(Unknown Source:0)
10-26 13:39:35.290 26493 26682 W ProtoDataStoreFlagStore: at ngq.run(Unknown Source:9)
10-26 13:39:35.290 26493 26682 W ProtoDataStoreFlagStore: at java.util.concurrent.Executors$RunnableAdapter.call(Executors.java:487)
10-26 13:39:35.290 26493 26682 W ProtoDataStoreFlagStore: at java.util.concurrent.FutureTask.run(FutureTask.java:264)
10-26 13:39:35.290 26493 26682 W ProtoDataStoreFlagStore: at java.util.concurrent.ScheduledThreadPoolExecutor$ScheduledFutureTask.run(ScheduledT hreadPoolExecutor.java:307)
10-26 13:39:35.290 26493 26682 W ProtoDataStoreFlagStore: at java.util.concurrent.ThreadPoolExecutor.runWorker(ThreadPoolExecutor.java:1145)
10-26 13:39:35.290 26493 26682 W ProtoDataStoreFlagStore: at java.util.concurrent.ThreadPoolExecutor$Worker.run(ThreadPoolExecutor.java:644)
10-26 13:39:35.290 26493 26682 W ProtoDataStoreFlagStore: at java.lang.Thread.run(Thread.java:1012)
10-26 13:39:35.290 26493 26682 W ProtoDataStoreFlagStore: Caused by: java.lang.SecurityException: GoogleCertificatesRslt: not allowed: pkg=com.google.android.GoogleCameraEngR18F1, sha256=[a40da80a59d170caa950cf15c18c454d47a39b26989d8b640ecd745ba71bf5dc], atk=false, ver=244232029.true (go/gsrlt)
10-26 13:39:35.290 26493 26682 W ProtoDataStoreFlagStore: at android.os.Parcel.createExceptionOrNull(Parcel.java:2425)
10-26 13:39:35.290 26493 26682 W ProtoDataStoreFlagStore: at android.os.Parcel.createException(Parcel.java:2409)
10-26 13:39:35.290 26493 26682 W ProtoDataStoreFlagStore: at android.os.Parcel.readException(Parcel.java:2392)
10-26 13:39:35.290 26493 26682 W ProtoDataStoreFlagStore: at android.os.Parcel.readException(Parcel.java:2334)
10-26 13:39:35.290 26493 26682 W ProtoDataStoreFlagStore: at bmn.z(Unknown Source:10)
10-26 13:39:35.290 26493 26682 W ProtoDataStoreFlagStore: at ktz.a(Unknown Source:38)
10-26 13:39:35.290 26493 26682 W ProtoDataStoreFlagStore: at kjd.f(Unknown Source:10)
10-26 13:39:35.290 26493 26682 W ProtoDataStoreFlagStore: at kkc.t(Unknown Source:9)
10-26 13:39:35.290 26493 26682 W ProtoDataStoreFlagStore: at kkc.u(Unknown Source:22)
10-26 13:39:35.290 26493 26682 W ProtoDataStoreFlagStore: at kkc.g(Unknown Source:29)
10-26 13:39:35.290 26493 26682 W ProtoDataStoreFlagStore: at kkc.h(Unknown Source:76)
10-26 13:39:35.290 26493 26682 W ProtoDataStoreFlagStore: at kkc.b(Unknown Source:14)
10-26 13:39:35.290 26493 26682 W ProtoDataStoreFlagStore: at klz.c(Unknown Source:114)
10-26 13:39:35.290 26493 26682 W ProtoDataStoreFlagStore: at klt.d(Unknown Source:6)
10-26 13:39:35.290 26493 26682 W ProtoDataStoreFlagStore: at klu.handleMessage(Unknown Source:307)
10-26 13:39:35.290 26493 26682 W ProtoDataStoreFlagStore: at android.os.Handler.dispatchMessage(Handler.java:106)
10-26 13:39:35.290 26493 26682 W ProtoDataStoreFlagStore: at ksg.b(Unknown Source:0)
10-26 13:39:35.290 26493 26682 W ProtoDataStoreFlagStore: at ksg.dispatchMessage(Unknown Source:0)
10-26 13:39:35.290 26493 26682 W ProtoDataStoreFlagStore: at android.os.Looper.loopOnce(Looper.java:210)
10-26 13:39:35.290 26493 26682 W ProtoDataStoreFlagStore: at android.os.Looper.loop(Looper.java:299)
10-26 13:39:35.290 26493 26682 W ProtoDataStoreFlagStore: at android.os.HandlerThread.run(HandlerThread.java:67)
10-26 13:39:35.478 26493 26525 W pkr : CaptureResult is present COLOR_CORRECTION_GAINS NEUTRAL.
10-26 13:39:35.686 26493 26525 W pkr : CaptureResult is present COLOR_CORRECTION_GAINS NEUTRAL.
10-26 13:39:35.877 26493 26514 W pkr : CaptureResult is present COLOR_CORRECTION_GAINS NEUTRAL.
10-26 13:39:36.079 26493 26525 W pkr : CaptureResult is present COLOR_CORRECTION_GAINS NEUTRAL.
10-26 13:39:36.198 26493 26493 W MirrorManager: this model don't Support
10-26 13:39:36.255 26493 26493 D CameraManager2: GotArray:0
10-26 13:39:36.255 26493 26493 D CameraManager2: GotArray:1
10-26 13:39:36.255 26493 26493 D CameraManager2: GotArray:0
10-26 13:39:36.255 26493 26493 D CameraManager2: GotArray:1
10-26 13:39:36.256 26493 26493 D CameraManager2: GotArray:0
10-26 13:39:36.256 26493 26493 D CameraManager2: GotArray:1
10-26 13:39:36.256 26493 26493 D CameraManager2: GotArray:0
10-26 13:39:36.256 26493 26493 D CameraManager2: GotArray:1
10-26 13:39:36.272 26493 26493 D DecorView[CameraLauncher]: getWindowModeFromSystem windowmode is 1
10-26 13:39:36.272 26493 26493 D DecorView[CameraLauncher]: updateDecorCaptionStatus displayWindowDecor is false
10-26 13:39:36.282 26493 26525 W pkr : CaptureResult is present COLOR_CORRECTION_GAINS NEUTRAL.
10-26 13:39:36.306 26493 26493 D CameraManager2: GotArray:0
10-26 13:39:36.306 26493 26493 D CameraManager2: GotArray:1
10-26 13:39:36.306 26493 26493 D CameraManager2: GotArray:0
10-26 13:39:36.306 26493 26493 D CameraManager2: GotArray:1
10-26 13:39:36.307 26493 26493 D CameraManager2: GotArray:0
10-26 13:39:36.307 26493 26493 D CameraManager2: GotArray:1
10-26 13:39:36.309 26493 26533 D CameraDevice-JV-0: flush: E. id = 0
10-26 13:39:36.309 26493 26493 W CAM_FrameServer: Attempted to invoke unlock3A on FrameServer-0 after close()
10-26 13:39:36.317 26493 26493 D SurfaceView: UPDATE Surface(name=SurfaceView[com.google.android.GoogleCameraEngR18F1/com.android.camera .CameraLauncher])/@0xdad67b7, mIsCastMode = false
10-26 13:39:36.317 26493 26493 D SurfaceView: UPDATE Surface(name=SurfaceView[com.google.android.GoogleCameraEngR18F1/com.android.camera .CameraLauncher])/@0xdad67b7, mIsProjectionMode = false
10-26 13:39:36.317 26493 26493 D SurfaceControl: nativeSetScreenProjection ===> setScreenProjection
10-26 13:39:36.317 26493 26493 D SurfaceControl: nativeSetScreenProjection ===> setScreenProjection
10-26 13:39:36.317 26493 26493 D SurfaceControl: nativeSetScreenProjection ===> setScreenProjection
10-26 13:39:36.332 26493 26493 D SurfaceView: UPDATE null, mIsCastMode = false
10-26 13:39:36.347 26493 26493 D SurfaceView: UPDATE Surface(name=SurfaceView[com.google.android.GoogleCameraEngR18F1/com.android.camera .CameraLauncher])/@0xde4199d, mIsProjectionMode = false
10-26 13:39:36.347 26493 26493 D SurfaceControl: nativeSetScreenProjection ===> setScreenProjection
10-26 13:39:36.347 26493 26493 D SurfaceControl: nativeSetScreenProjection ===> setScreenProjection
10-26 13:39:36.347 26493 26493 D SurfaceControl: nativeSetScreenProjection ===> setScreenProjection
10-26 13:39:36.350 26493 26493 W CAM_A : ModeSwitcher WAS ALREADY ENABLED!
10-26 13:39:36.366 26493 26684 E BufferQueueProducer: [SurfaceView[com.google.android.GoogleCameraEngR18F1/com.android.camera.CameraLaunc her]#1(BLAST Consumer)1](id:677d00000003,api:4,p:1571,c:26493) cancelBuffer: BufferQueue has been abandoned
10-26 13:39:36.369 26493 26684 E BufferQueueProducer: [SurfaceView[com.google.android.GoogleCameraEngR18F1/com.android.camera.CameraLaunc her]#1(BLAST Consumer)1](id:677d00000003,api:4,p:1571,c:26493) cancelBuffer: BufferQueue has been abandoned
10-26 13:39:36.369 26493 26653 E BufferQueueProducer: [SurfaceView[com.google.android.GoogleCameraEngR18F1/com.android.camera.CameraLaunc her]#1(BLAST Consumer)1](id:677d00000003,api:4,p:1571,c:26493) cancelBuffer: BufferQueue has been abandoned
10-26 13:39:36.370 26493 26653 E BufferQueueProducer: [SurfaceView[com.google.android.GoogleCameraEngR18F1/com.android.camera.CameraLaunc her]#1(BLAST Consumer)1](id:677d00000003,api:4,p:1571,c:26493) cancelBuffer: BufferQueue has been abandoned
10-26 13:39:36.371 26493 26533 D CameraDevice-JV-0: flush: X
10-26 13:39:36.371 26493 26533 D CameraExtImplXiaoMi: releaseCameraDevice: 0
10-26 13:39:36.372 26493 26505 W CameraDevice-JV-0: Device error received, code 4, frame number 113, request ID 10, subseq ID 0
10-26 13:39:36.372 26493 26505 W CameraDevice-JV-0: got error frame 113
10-26 13:39:36.372 26493 26505 W CameraDevice-JV-0: Device error received, code 4, frame number 110, request ID 10, subseq ID 0
10-26 13:39:36.372 26493 26505 W CameraDevice-JV-0: got error frame 110
10-26 13:39:36.372 26493 26505 W CameraDevice-JV-0: Device error received, code 5, frame number 110, request ID 10, subseq ID 0
10-26 13:39:36.373 26493 26662 W CameraDevice-JV-0: Device error received, code 5, frame number 110, request ID 10, subseq ID 0
10-26 13:39:36.373 26493 26653 W CameraDevice-JV-0: Device error received, code 4, frame number 114, request ID 10, subseq ID 0
10-26 13:39:36.373 26493 26653 W CameraDevice-JV-0: got error frame 114
10-26 13:39:36.373 26493 26653 W CameraDevice-JV-0: Device error received, code 4, frame number 111, request ID 10, subseq ID 0
10-26 13:39:36.373 26493 26653 W CameraDevice-JV-0: got error frame 111
10-26 13:39:36.373 26493 26653 W CameraDevice-JV-0: Device error received, code 4, frame number 112, request ID 10, subseq ID 0
10-26 13:39:36.373 26493 26540 W CAM_MetadataDst: onCaptureFailed for Frame 113
10-26 13:39:36.373 26493 26653 W CameraDevice-JV-0: got error frame 112
10-26 13:39:36.373 26493 26540 W CAM_MetadataDst: onCaptureFailed for Frame 110
10-26 13:39:36.373 26493 26653 W CameraDevice-JV-0: Device error received, code 5, frame number 111, request ID 10, subseq ID 0
10-26 13:39:36.374 26493 26653 W CameraDevice-JV-0: Device error received, code 5, frame number 111, request ID 10, subseq ID 0
10-26 13:39:36.374 26493 26540 W CAM_MetadataDst: onCaptureFailed for Frame 114
10-26 13:39:36.374 26493 26653 W CameraDevice-JV-0: Device error received, code 5, frame number 112, request ID 10, subseq ID 0
10-26 13:39:36.374 26493 26540 W CAM_MetadataDst: onCaptureFailed for Frame 111
10-26 13:39:36.374 26493 26505 W CameraDevice-JV-0: Device error received, code 5, frame number 112, request ID 10, subseq ID 0
10-26 13:39:36.374 26493 26505 W CameraDevice-JV-0: Device error received, code 5, frame number 112, request ID 10, subseq ID 0
10-26 13:39:36.374 26493 26505 W CameraDevice-JV-0: Device error received, code 5, frame number 113, request ID 10, subseq ID 0
10-26 13:39:36.374 26493 26520 W CameraDevice-JV-0: Device error received, code 5, frame number 113, request ID 10, subseq ID 0
10-26 13:39:36.374 26493 26520 W CameraDevice-JV-0: Device error received, code 5, frame number 113, request ID 10, subseq ID 0
10-26 13:39:36.374 26493 26520 W CameraDevice-JV-0: Device error received, code 5, frame number 114, request ID 10, subseq ID 0
10-26 13:39:36.375 26493 26520 W CameraDevice-JV-0: Device error received, code 5, frame number 114, request ID 10, subseq ID 0
10-26 13:39:36.375 26493 26520 W CameraDevice-JV-0: Device error received, code 5, frame number 114, request ID 10, subseq ID 0
10-26 13:39:36.375 26493 26540 W CAM_MetadataDst: onCaptureFailed for Frame 112
10-26 13:39:36.375 26493 26537 W CAM_RAW10w4000: Received onBufferLost from Stream- 1 for frame 112 but was unable to find a matching request to abort.
10-26 13:39:36.375 26493 26537 W CAM_RAW10w4000: Received onBufferLost from Stream- 1 for frame 113 but was unable to find a matching request to abort.
10-26 13:39:36.375 26493 26537 W CAM_RAW10w4000: Received onBufferLost from Stream- 1 for frame 114 but was unable to find a matching request to abort.
10-26 13:39:36.376 26493 26538 W CAM_YUV_420_888w640: Received onBufferLost from Stream-2 for frame 112 but was unable to find a matching request to abort.
10-26 13:39:36.376 26493 26538 W CAM_YUV_420_888w640: Received onBufferLost from Stream-2 for frame 113 but was unable to find a matching request to abort.
10-26 13:39:36.376 26493 26538 W CAM_YUV_420_888w640: Received onBufferLost from Stream-2 for frame 114 but was unable to find a matching request to abort.
10-26 13:39:36.376 26493 26533 D CameraDevice-JV-0: close: E. id = 0
10-26 13:39:36.467 26493 26504 W libc : Access denied finding property "vendor.camera.aux.packagelist"
10-26 13:39:36.467 26493 26504 W CameraManagerGlobal: ignore the torch status update of camera: 3
10-26 13:39:36.467 26493 26653 W libc : Access denied finding property "vendor.camera.aux.packagelist"
10-26 13:39:36.467 26493 26653 W CameraManagerGlobal: ignore the torch status update of camera: 4
10-26 13:39:36.467 26493 26653 W libc : Access denied finding property "vendor.camera.aux.packagelist"
10-26 13:39:36.467 26493 26653 W CameraManagerGlobal: ignore the torch status update of camera: 5
10-26 13:39:36.467 26493 26653 W libc : Access denied finding property "vendor.camera.aux.packagelist"
10-26 13:39:36.467 26493 26653 W CameraManagerGlobal: ignore the torch status update of camera: 6
10-26 13:39:36.467 26493 26653 W libc : Access denied finding property "vendor.camera.aux.packagelist"
10-26 13:39:36.467 26493 26653 W CameraManagerGlobal: ignore the torch status update of camera: 7
10-26 13:39:36.475 26493 26533 D CameraDevice-JV-0: close: X
10-26 13:39:36.476 26493 26533 W libc : Access denied finding property "persist.vendor.camera.privapp.list"
10-26 13:39:36.476 26493 26533 D CameraExtImplXiaoMi: initCameraDevice: 1
10-26 13:39:36.503 26493 26533 D CameraDevice-JV-1: waitUntilIdle: E. id = 1
10-26 13:39:36.505 26493 26533 D CameraDevice-JV-1: waitUntilIdle: X
10-26 13:39:36.856 26493 26693 W CAM_A : PHOTO > abs Δ(result sensor timestamp) = 528,70 ms > 70,00 ms
10-26 13:39:36.857 26493 26693 W CAM_A : PHOTO > rel Δ(result sensor timestamp) = 14,88 > 0,25
10-26 13:39:36.857 26493 26693 W CAM_A : PHOTO > result sensor delay = 12,59 > 1,10
10-26 13:39:36.870 26493 26514 W CAM_A : Extractor (frame) of type feature.acmi.imu.frame-straightness depends on foreign type feature.acmi.imu.camera-orientation! Feature values may be calculated out of order!
10-26 13:39:36.870 26493 26514 W CAM_A : Extractor (frame) of type feature.acmi.imu.frame-straightness depends on foreign type feature.acmi.imu.camera-orientation! Feature values may be calculated out of order!
10-26 13:39:36.876 26493 26525 I tflite : Replacing 5 node(s) with delegate (TfLiteXNNPackDelegate) node, yielding 1 partitions.
10-26 13:39:36.876 26493 26558 E GoLog : INFO: Replacing 5 node(s) with delegate (TfLiteXNNPackDelegate) node, yielding 1 partitions.
10-26 13:39:36.889 26493 26693 W CAM_A : PHOTO > rel Δ(result sensor timestamp) = 0,92 > 0,25
10-26 13:39:37.178 26493 26498 W eCameraEngR18F: Cleared Reference was only reachable from finalizer (only reported once)
10-26 13:39:37.245 26493 26693 W CAM_A : PHOTO > result sensor delay = 1,30 > 1,10
10-26 13:39:37.265 26493 26493 D DecorView[CameraLauncher]: getWindowModeFromSystem windowmode is 1
10-26 13:39:37.265 26493 26493 D DecorView[CameraLauncher]: updateDecorCaptionStatus displayWindowDecor is false
10-26 13:39:37.845 26493 26651 D BufferPoolAccessor2.0: bufferpool2 0x73d7e58428 : 0(0 size) total buffers - 0(0 size) used buffers - 2/7 (recycle/alloc) - 5/40 (fetch/transfer)
10-26 13:39:37.845 26493 26651 D BufferPoolAccessor2.0: bufferpool2 0x739a134a28 : 0(0 size) total buffers - 0(0 size) used buffers - 2/7 (recycle/alloc) - 5/82 (fetch/transfer)
10-26 13:39:37.845 26493 26651 D BufferPoolAccessor2.0: evictor expired: 2, evicted: 2
10-26 13:39:39.824 26493 26493 W MediaFsQModule: Returning Q MediaFs implementation
10-26 13:39:39.864 26493 26493 D DecorView[CameraLauncher]: getWindowModeFromSystem windowmode is 1
10-26 13:39:39.864 26493 26493 D DecorView[CameraLauncher]: updateDecorCaptionStatus displayWindowDecor is false
10-26 13:39:39.885 26493 26653 D CompatibilityChangeReporter: Compat change id reported: 150939131; UID 10364; state: DISABLED
10-26 13:39:40.468 26493 26529 D AudioTrack: set(sessionId=0)
10-26 13:39:40.469 26493 26529 D AudioTrack: set(): streamType 7, sampleRate 44100, format 0x1, channelMask 0x1, frameCount 0, flags #4, notificationFrames 0, sessionId 0, transferType 0, uid -1, pid -1
10-26 13:39:40.475 26493 26529 W libc : Access denied finding property "vendor.audio.lowpower"
10-26 13:39:40.485 26493 26529 D AudioTrack: createTrack_l(115): AUDIO_OUTPUT_FLAG_FAST denied by server; frameCount 0 -> 12440
10-26 13:39:40.485 26493 26529 D AudioTrack: isWhiteListPackage() Uid 10364, package name com.google.android.GoogleCameraEngR18F1
10-26 13:39:40.486 26493 26529 I AudioTrack: AudioTrack::setVolume L:0.600000 R:0.600000 and the pakage is com.google.android.GoogleCameraEngR18F1
10-26 13:39:40.486 26493 26529 W libc : Access denied finding property "ro.vendor.audio.shortvideo.index"
10-26 13:39:40.528 26493 26574 W libgcam : [shot_helper.cc:202]: CheckFrameDuration: Unexpected timestamp gap between payload frames 0 and 1 (of 7). Expected 33.2 ms gap; actual gap was 34.9 ms. This could indicate dropped frames.
10-26 13:39:40.528 26493 26574 W libgcam : [shot_helper.cc:202]: CheckFrameDuration: Unexpected timestamp gap between payload frames 1 and 2 (of 7). Expected 33.2 ms gap; actual gap was 31.5 ms. This could indicate dropped frames.
10-26 13:39:40.540 26493 26574 E libgcam : [camera_motion_blur_estimator.cc:57]: EstimateCameraMotionBlur: Can't estimate camera motion blur, because gyro data is missing.
10-26 13:39:40.541 26493 26574 E libgcam : [camera_motion_blur_estimator.cc:57]: EstimateCameraMotionBlur: Can't estimate camera motion blur, because gyro data is missing.
10-26 13:39:40.541 26493 26574 E libgcam : [camera_motion_blur_estimator.cc:57]: EstimateCameraMotionBlur: Can't estimate camera motion blur, because gyro data is missing.
10-26 13:39:40.541 26493 26574 E libgcam : [camera_motion_blur_estimator.cc:57]: EstimateCameraMotionBlur: Can't estimate camera motion blur, because gyro data is missing.
10-26 13:39:40.541 26493 26574 W libgcam : [shot_helper.cc:352]: LogViewfinderAeWarnings: viewfinder_short_tet (0.000ms) is further than expected from the capture TET (117.600ms). Relative error: 100%.
10-26 13:39:40.592 26493 26574 E libgcam : [camera_motion_blur_estimator.cc:57]: EstimateCameraMotionBlur: Can't estimate camera motion blur, because gyro data is missing.
10-26 13:39:40.596 26493 26574 E libgcam : [camera_motion_blur_estimator.cc:57]: EstimateCameraMotionBlur: Can't estimate camera motion blur, because gyro data is missing.
10-26 13:39:40.596 26493 26574 E libgcam : [camera_motion_blur_estimator.cc:57]: EstimateCameraMotionBlur: Can't estimate camera motion blur, because gyro data is missing.
10-26 13:39:40.816 26493 26493 W CAM_A : isListed: unknown activity. mimeType=image/* className=com.discord.share.ShareActivity
10-26 13:39:40.816 26493 26493 W CAM_A : isListed: unknown activity. mimeType=image/* className=com.facebook.timeline.stagingground.Fb4aProfilePictureShareActivityAlias
10-26 13:39:40.816 26493 26493 W CAM_A : isListed: unknown activity. mimeType=image/* className=com.facebook.composer.shareintent.ImplicitShareIntentHandlerDefaultAlias
10-26 13:39:40.816 26493 26493 W CAM_A : isListed: unknown activity. mimeType=image/* className=com.facebook.composer.shareintent.ShareToGroupsAlias
10-26 13:39:40.816 26493 26493 W CAM_A : isListed: unknown activity. mimeType=image/* className=com.facebook.messenger.intents.MediaEditShareIntentHandler
10-26 13:39:40.816 26493 26493 W CAM_A : isListed: unknown activity. mimeType=image/* className=com.instagram.share.handleractivity.ShareHandlerActivity
10-26 13:39:40.816 26493 26493 W CAM_A : isListed: unknown activity. mimeType=image/* className=com.instagram.share.handleractivity.ReelShareHandlerActivity
10-26 13:39:40.816 26493 26493 W CAM_A : isListed: unknown activity. mimeType=image/* className=com.instagram.direct.share.handler.DirectExternalMediaShareActivityPhotoI nterop
10-26 13:39:40.819 26493 26493 W CAM_A : isListed: unknown activity. mimeType=video/* className=com.discord.share.ShareActivity
10-26 13:39:40.819 26493 26493 W CAM_A : isListed: unknown activity. mimeType=video/* className=com.facebook.composer.shareintent.ImplicitShareIntentHandlerDefaultAlias
10-26 13:39:40.819 26493 26493 W CAM_A : isListed: unknown activity. mimeType=video/* className=com.facebook.composer.shareintent.ShareToGroupsAlias
10-26 13:39:40.819 26493 26493 W CAM_A : isListed: unknown activity. mimeType=video/* className=com.facebook.inspiration.fbshorts.shareintent.InpirationFbShortsShareAlia s
