{ ioctl } for path="/storage/emulated/0/LMC8.4/files/logcat/logcat1724240287156.txt" dev="fuse" ino=378623 ioctlcmd=0xf50d scontext=u:r:untrusted_app_29:s0:c211,c256,c512,c768 tcontext=u:object_r:fuse:s0 tclass=file permissive=0 app=com.camera.lmc84r7
08-21 18:38:07.205 8965 9001 I CameraManagerGlobal: Connecting to camera service
08-21 18:38:07.212 8965 8965 D CompatibilityChangeReporter: Compat change id reported: 183155436; UID 10211; state: DISABLED
08-21 18:38:07.227 8965 8990 W AudioCapabilities: Unsupported mime audio/ima- adpcm
08-21 18:38:07.228 8965 8990 W AudioCapabilities: Unsupported mime audio/mpeg-L1
08-21 18:38:07.228 8965 8990 W AudioCapabilities: Unsupported mime audio/mpeg-L2
08-21 18:38:07.230 8965 9004 D CameraManager2: GotArray:0
08-21 18:38:07.230 8965 9004 D CameraManager2: GotArray:1
08-21 18:38:07.230 8965 9004 D CameraManager2: GotArray:17
08-21 18:38:07.230 8965 9004 D CameraManager2: GotArray:20
08-21 18:38:07.236 8965 8965 D CompatibilityChangeReporter: Compat change id reported: 210923482; UID 10211; state: DISABLED
08-21 18:38:07.236 8965 8965 D CompatibilityChangeReporter: Compat change id reported: 37756858; UID 10211; state: ENABLED
08-21 18:38:07.239 8965 9006 D CameraManager2: GotArray:0
08-21 18:38:07.239 8965 9006 D CameraManager2: GotArray:1
08-21 18:38:07.239 8965 9006 D CameraManager2: GotArray:17
08-21 18:38:07.239 8965 9006 D CameraManager2: GotArray:20
08-21 18:38:07.259 8965 9006 D CameraManager2: GotArray:0
08-21 18:38:07.259 8965 9006 D CameraManager2: GotArray:1
08-21 18:38:07.259 8965 9006 D CameraManager2: GotArray:17
08-21 18:38:07.259 8965 9006 D CameraManager2: GotArray:20
08-21 18:38:07.268 8965 8990 D CameraManager2: GotArray:0
08-21 18:38:07.269 8965 8990 D CameraManager2: GotArray:1
08-21 18:38:07.269 8965 8990 D CameraManager2: GotArray:17
08-21 18:38:07.269 8965 8990 D CameraManager2: GotArray:20
08-21 18:38:07.269 8965 9006 D CameraManager2: GotArray:0
08-21 18:38:07.269 8965 9006 D CameraManager2: GotArray:1
08-21 18:38:07.269 8965 9006 D CameraManager2: GotArray:17
08-21 18:38:07.269 8965 9006 D CameraManager2: GotArray:20
08-21 18:38:07.281 8965 9006 D CameraManager2: GotArray:0
08-21 18:38:07.281 8965 9006 D CameraManager2: GotArray:1
08-21 18:38:07.281 8965 9006 D CameraManager2: GotArray:17
08-21 18:38:07.281 8965 9006 D CameraManager2: GotArray:20
08-21 18:38:07.286 8965 8990 W CAM_A : This apk does NOT targets R but it may be running on android build: TP1A.220624.014 847 which has a fix for b/149569689. See go/gca-rvc-migration-plan for details. You must use a more recent GCA apk after cl/307677912
08-21 18:38:07.328 8965 8965 I DeezNuts: MSG: SLIDER 1 FOCUS: 1.0E-4
08-21 18:38:07.328 8965 8965 I ProReC : setprogres0
08-21 18:38:07.328 8965 8965 I DeezNuts: MSG: SLIDER 0 IDX: 0
08-21 18:38:07.328 8965 8965 I ProReC : setprogres_iso0
08-21 18:38:07.329 8965 8965 I za.defcomk.prorec.cust2.RotSeek: setprogres_iso0
08-21 18:38:07.330 8965 8965 D CompatibilityChangeReporter: Compat change id reported: 171228096; UID 10211; state: ENABLED
08-21 18:38:07.406 8965 9004 D CameraManager2: GotArray:0
08-21 18:38:07.406 8965 9004 D CameraManager2: GotArray:1
08-21 18:38:07.406 8965 9004 D CameraManager2: GotArray:17
08-21 18:38:07.406 8965 9004 D CameraManager2: GotArray:20
08-21 18:38:07.424 8965 8965 W GcaGeneric-2: type=1400 audit(0.0:27354): avc: granted { execute } for path="/data/user/0/com.camera.lmc84r7/files/libpatched_jni.so" dev="dm-46" ino=593505 scontext=u:r:untrusted_app_29:s0:c211,c256,c512,c768 tcontext=u:object_r:app_data_file:s0:c211,c256,c512,c768 tclass=file app=com.camera.lmc84r7
08-21 18:38:07.431 8965 8965 D VRI[CameraLauncher]: performTraversals relayoutWindow: maybeSyncSeqId=-1 ,mSyncSeqId=0 ,relayoutResult=3
08-21 18:38:07.432 8965 8965 W GcaGeneric-2: type=1400 audit(0.0:27355): avc: granted { execute } for path="/data/user/0/com.camera.lmc84r7/files/libpatched_jni.so" dev="dm-46" ino=593505 scontext=u:r:untrusted_app_29:s0:c211,c256,c512,c768 tcontext=u:object_r:app_data_file:s0:c211,c256,c512,c768 tclass=file app=com.camera.lmc84r7
08-21 18:38:07.449 8965 9004 D CameraManager2: GotArray:0
08-21 18:38:07.449 8965 9004 D CameraManager2: GotArray:1
08-21 18:38:07.449 8965 9004 D CameraManager2: GotArray:17
08-21 18:38:07.449 8965 9004 D CameraManager2: GotArray:20
08-21 18:38:07.458 8965 9004 W pkr : EEPROM_WB_CALIB is not available --------- beginning of crash
08-21 18:38:07.472 8965 9004 E AndroidRuntime: FATAL EXCEPTION: 00UiWorker
08-21 18:38:07.472 8965 9004 E AndroidRuntime: Process: com.camera.lmc84r7, PID: 8965
08-21 18:38:07.472 8965 9004 E AndroidRuntime: java.lang.RuntimeException: java.lang.IllegalArgumentException: No HDR+ compatible raw format supported.
08-21 18:38:07.472 8965 9004 E AndroidRuntime: at lbg.run(Unknown Source:26)
08-21 18:38:07.472 8965 9004 E AndroidRuntime: at java.util.concurrent.ThreadPoolExecutor.runWorker(ThreadPoolExecutor.java:1145)
08-21 18:38:07.472 8965 9004 E AndroidRuntime: at java.util.concurrent.ThreadPoolExecutor$Worker.run(ThreadPoolExecutor.java:644)
08-21 18:38:07.472 8965 9004 E AndroidRuntime: at java.lang.Thread.run(Thread.java:1012)
08-21 18:38:07.472 8965 9004 E AndroidRuntime: at lab.run(Unknown Source:5)
08-21 18:38:07.472 8965 9004 E AndroidRuntime: Caused by: java.util.concurrent.ExecutionException: java.lang.IllegalArgumentException: No HDR+ compatible raw format supported.
08-21 18:38:07.472 8965 9004 E AndroidRuntime: at java.util.concurrent.FutureTask.report(FutureTask.java:122)
08-21 18:38:07.472 8965 9004 E AndroidRuntime: at java.util.concurrent.FutureTask.get(FutureTask.java:191)
08-21 18:38:07.472 8965 9004 E AndroidRuntime: at phe.get(Unknown Source:4)
08-21 18:38:07.472 8965 9004 E AndroidRuntime: at lbg.run(Unknown Source:15)
08-21 18:38:07.472 8965 9004 E AndroidRuntime: ... 4 more
08-21 18:38:07.472 8965 9004 E AndroidRuntime: Caused by: java.lang.IllegalArgumentException: No HDR+ compatible raw format supported.
08-21 18:38:07.472 8965 9004 E AndroidRuntime: at pkr.h(Unknown Source:70)
08-21 18:38:07.472 8965 9004 E AndroidRuntime: at pkr.v(Unknown Source:1024)
08-21 18:38:07.472 8965 9004 E AndroidRuntime: at eat.get(Unknown Source:152)
08-21 18:38:07.472 8965 9004 E AndroidRuntime: at pyr.get(Unknown Source:13)
08-21 18:38:07.472 8965 9004 E AndroidRuntime: at enl.a(Unknown Source:3)
08-21 18:38:07.472 8965 9004 E AndroidRuntime: at dsd.get(Unknown Source:30)
08-21 18:38:07.472 8965 9004 E AndroidRuntime: at pyr.get(Unknown Source:13)
08-21 18:38:07.472 8965 9004 E AndroidRuntime: at dvd.get(Unknown Source:175)
08-21 18:38:07.472 8965 9004 E AndroidRuntime: at pyr.get(Unknown Source:13)
08-21 18:38:07.472 8965 9004 E AndroidRuntime: at kbj.get(Unknown Source:73)
08-21 18:38:07.472 8965 9004 E AndroidRuntime: at pyr.get(Unknown Source:13)
08-21 18:38:07.472 8965 9004 E AndroidRuntime: at eus.get(Unknown Source:335)
08-21 18:38:07.472 8965 9004 E AndroidRuntime: at pyr.get(Unknown Source:13)
08-21 18:38:07.472 8965 9004 E AndroidRuntime: at pyq.get(Unknown Source:4)
08-21 18:38:07.472 8965 9004 E AndroidRuntime: at pyr.get(Unknown Source:13)
08-21 18:38:07.472 8965 9004 E AndroidRuntime: at ewe.run(Unknown Source:60)
08-21 18:38:07.472 8965 9004 E AndroidRuntime: at dks.run(Unknown Source:13)
08-21 18:38:07.472 8965 9004 E AndroidRuntime: at bvr.run(Unknown Source:58)
08-21 18:38:07.472 8965 9004 E AndroidRuntime: at java.util.concurrent.Executors$RunnableAdapter.call(Executors.java:487)
08-21 18:38:07.472 8965 9004 E AndroidRuntime: at java.util.concurrent.FutureTask.run(FutureTask.java:264)
08-21 18:38:07.472 8965 9004 E AndroidRuntime: at java.util.concurrent.ScheduledThreadPoolExecutor$ScheduledFutureTask.run(ScheduledT hreadPoolExecutor.java:307)
08-21 18:38:07.472 8965 9004 E AndroidRuntime: at lbh.run(Unknown Source:2)
08-21 18:38:07.472 8965 9004 E AndroidRuntime: at lbg.run(Unknown Source:0)
08-21 18:38:07.472 8965 9004 E AndroidRuntime: ... 4 more
08-21 18:38:07.491 8965 9044 I mali_gralloc: register: id=0x29800003296, importpid=-1
08-21 18:38:07.518 8965 9044 I mali_gralloc: register: id=0x29800003297, importpid=-1
08-21 18:38:07.519 8965 8989 W ProtoDataStoreFlagStore: Unable to retrieve flag snapshot for com.google.android.libraries.consentverifier#com.camera.lmc84r7, using defaults.
08-21 18:38:07.520 8965 9044 I mali_gralloc: register: id=0x29800003298, importpid=-1
08-21 18:38:07.522 8965 9044 I mali_gralloc: register: id=0x29800003299, importpid=-1
08-21 18:38:07.538 8965 8991 W Parcel : Expecting binder but got null!
08-21 18:38:07.540 8965 8987 D SensorManager: registerListenerImpl sensor = {Sensor name="Rotation Vector", vendor="Sprd Group Ltd.", version=1, type=11, maxRange=1.0, resolution=1.0E-6, power=11.27, minDelay=10000}, delayUs = 200000, latencyUs = 0, listener = hpi@6a779d2
08-21 18:38:07.542 8965 8965 W CAM_A : Was already registered as ThermalStatusListener on AppStart
08-21 18:38:07.580 8965 8965 E CAM_A : HalideRuntime.checkGcamHalideRuntime -> Failed
08-21 18:38:07.581 8965 8965 D CameraManager2: GotArray:0
08-21 18:38:07.581 8965 8965 D CameraManager2: GotArray:1
08-21 18:38:07.581 8965 8965 D CameraManager2: GotArray:17
08-21 18:38:07.581 8965 8965 D CameraManager2: GotArray:20
08-21 18:38:07.582 8965 8965 W pkr : EEPROM_WB_CALIB is not available
08-21 18:38:07.584 8965 8965 W CAM_ActivityUiStartup: CameraActivityController failed!
08-21 18:38:07.584 8965 8965 W CAM_ActivityUiStartup: java.lang.IllegalArgumentException: No HDR+ compatible raw format supported.
08-21 18:38:07.584 8965 8965 W CAM_ActivityUiStartup: at pkr.h(Unknown Source:70)
08-21 18:38:07.584 8965 8965 W CAM_ActivityUiStartup: at pkr.v(Unknown Source:1024)
08-21 18:38:07.584 8965 8965 W CAM_ActivityUiStartup: at eat.get(Unknown Source:152)
08-21 18:38:07.584 8965 8965 W CAM_ActivityUiStartup: at pyr.get(Unknown Source:13)
08-21 18:38:07.584 8965 8965 W CAM_ActivityUiStartup: at enl.a(Unknown Source:3)
08-21 18:38:07.584 8965 8965 W CAM_ActivityUiStartup: at dsd.get(Unknown Source:30)
08-21 18:38:07.584 8965 8965 W CAM_ActivityUiStartup: at pyr.get(Unknown Source:13)
08-21 18:38:07.584 8965 8965 W CAM_ActivityUiStartup: at dvd.get(Unknown Source:175)
08-21 18:38:07.584 8965 8965 W CAM_ActivityUiStartup: at pyr.get(Unknown Source:13)
08-21 18:38:07.584 8965 8965 W CAM_ActivityUiStartup: at kbj.get(Unknown Source:73)
08-21 18:38:07.584 8965 8965 W CAM_ActivityUiStartup: at pyr.get(Unknown Source:13)
08-21 18:38:07.584 8965 8965 W CAM_ActivityUiStartup: at eus.get(Unknown Source:335)
08-21 18:38:07.584 8965 8965 W CAM_ActivityUiStartup: at pyr.get(Unknown Source:13)
08-21 18:38:07.584 8965 8965 W CAM_ActivityUiStartup: at pyq.get(Unknown Source:4)
08-21 18:38:07.584 8965 8965 W CAM_ActivityUiStartup: at btj.d(Unknown Source:15)
08-21 18:38:07.584 8965 8965 W CAM_ActivityUiStartup: at btj.a(Unknown Source:0)
08-21 18:38:07.584 8965 8965 W CAM_ActivityUiStartup: at cak.run(Unknown Source:2)
08-21 18:38:07.584 8965 8965 W CAM_ActivityUiStartup: at bwx.run(Unknown Source:82)
08-21 18:38:07.584 8965 8965 W CAM_ActivityUiStartup: at android.os.Handler.handleCallback(Handler.java:942)
08-21 18:38:07.584 8965 8965 W CAM_ActivityUiStartup: at android.os.Handler.dispatchMessage(Handler.java:99)
08-21 18:38:07.584 8965 8965 W CAM_ActivityUiStartup: at android.os.Looper.loopOnce(Looper.java:201)
08-21 18:38:07.584 8965 8965 W CAM_ActivityUiStartup: at android.os.Looper.loop(Looper.java:288)
08-21 18:38:07.584 8965 8965 W CAM_ActivityUiStartup: at android.app.ActivityThread.main(ActivityThread.java:8061)
08-21 18:38:07.584 8965 8965 W CAM_ActivityUiStartup: at java.lang.reflect.Method.invoke(Native Method)
08-21 18:38:07.584 8965 8965 W CAM_ActivityUiStartup: at com.android.internal.os.RuntimeInit$MethodAndArgsCaller.run(RuntimeInit.java:703)
08-21 18:38:07.584 8965 8965 W CAM_ActivityUiStartup: at com.android.internal.os.ZygoteInit.main(ZygoteInit.java:923)
08-21 18:38:07.585 8965 9038 W CAM_ActivityUiStartup: Interactivity failed!
08-21 18:38:07.585 8965 9038 W CAM_ActivityUiStartup: java.lang.IllegalArgumentException: No HDR+ compatible raw format supported.
08-21 18:38:07.585 8965 9038 W CAM_ActivityUiStartup: at pkr.h(Unknown Source:70)
08-21 18:38:07.585 8965 9038 W CAM_ActivityUiStartup: at pkr.v(Unknown Source:1024)
08-21 18:38:07.585 8965 9038 W CAM_ActivityUiStartup: at eat.get(Unknown Source:152)
08-21 18:38:07.585 8965 9038 W CAM_ActivityUiStartup: at pyr.get(Unknown Source:13)
08-21 18:38:07.585 8965 9038 W CAM_ActivityUiStartup: at enl.a(Unknown Source:3)
08-21 18:38:07.585 8965 9038 W CAM_ActivityUiStartup: at dsd.get(Unknown Source:30)
08-21 18:38:07.585 8965 9038 W CAM_ActivityUiStartup: at pyr.get(Unknown Source:13)
08-21 18:38:07.585 8965 9038 W CAM_ActivityUiStartup: at dvd.get(Unknown Source:175)
08-21 18:38:07.585 8965 9038 W CAM_ActivityUiStartup: at pyr.get(Unknown Source:13)
08-21 18:38:07.585 8965 9038 W CAM_ActivityUiStartup: at kbj.get(Unknown Source:73)
08-21 18:38:07.585 8965 9038 W CAM_ActivityUiStartup: at pyr.get(Unknown Source:13)
08-21 18:38:07.585 8965 9038 W CAM_ActivityUiStartup: at eus.get(Unknown Source:335)
08-21 18:38:07.585 8965 9038 W CAM_ActivityUiStartup: at pyr.get(Unknown Source:13)
08-21 18:38:07.585 8965 9038 W CAM_ActivityUiStartup: at pyq.get(Unknown Source:4)
08-21 18:38:07.585 8965 9038 W CAM_ActivityUiStartup: at btj.d(Unknown Source:15)
08-21 18:38:07.585 8965 9038 W CAM_ActivityUiStartup: at btj.a(Unknown Source:0)
08-21 18:38:07.585 8965 9038 W CAM_ActivityUiStartup: at cak.run(Unknown Source:2)
08-21 18:38:07.585 8965 9038 W CAM_ActivityUiStartup: at bwx.run(Unknown Source:82)
08-21 18:38:07.585 8965 9038 W CAM_ActivityUiStartup: at android.os.Handler.handleCallback(Handler.java:942)
08-21 18:38:07.585 8965 9038 W CAM_ActivityUiStartup: at android.os.Handler.dispatchMessage(Handler.java:99)
08-21 18:38:07.585 8965 9038 W CAM_ActivityUiStartup: at android.os.Looper.loopOnce(Looper.java:201)
08-21 18:38:07.585 8965 9038 W CAM_ActivityUiStartup: at android.os.Looper.loop(Looper.java:288)
08-21 18:38:07.585 8965 9038 W CAM_ActivityUiStartup: at android.app.ActivityThread.main(ActivityThread.java:8061)
08-21 18:38:07.585 8965 9038 W CAM_ActivityUiStartup: at java.lang.reflect.Method.invoke(Native Method)
08-21 18:38:07.585 8965 9038 W CAM_ActivityUiStartup: at com.android.internal.os.RuntimeInit$MethodAndArgsCaller.run(RuntimeInit.java:703)
08-21 18:38:07.585 8965 9038 W CAM_ActivityUiStartup: at com.android.internal.os.ZygoteInit.main(ZygoteInit.java:923)
08-21 18:38:07.587 8965 8965 D AndroidRuntime: Shutting down VM
08-21 18:38:07.587 8965 8965 E AndroidRuntime: FATAL EXCEPTION: main
08-21 18:38:07.587 8965 8965 E AndroidRuntime: Process: com.camera.lmc84r7, PID: 8965
08-21 18:38:07.587 8965 8965 E AndroidRuntime: java.lang.RuntimeException: java.lang.IllegalArgumentException: No HDR+ compatible raw format supported.
08-21 18:38:07.587 8965 8965 E AndroidRuntime: at kqn.run(Unknown Source:9)
08-21 18:38:07.587 8965 8965 E AndroidRuntime: at bwx.run(Unknown Source:82)
08-21 18:38:07.587 8965 8965 E AndroidRuntime: at android.os.Handler.handleCallback(Handler.java:942)
08-21 18:38:07.587 8965 8965 E AndroidRuntime: at android.os.Handler.dispatchMessage(Handler.java:99)
08-21 18:38:07.587 8965 8965 E AndroidRuntime: at android.os.Looper.loopOnce(Looper.java:201)
08-21 18:38:07.587 8965 8965 E AndroidRuntime: at android.os.Looper.loop(Looper.java:288)
08-21 18:38:07.587 8965 8965 E AndroidRuntime: at android.app.ActivityThread.main(ActivityThread.java:8061)
08-21 18:38:07.587 8965 8965 E AndroidRuntime: at java.lang.reflect.Method.invoke(Native Method)
08-21 18:38:07.587 8965 8965 E AndroidRuntime: at com.android.internal.os.RuntimeInit$MethodAndArgsCaller.run(RuntimeInit.java:703)
08-21 18:38:07.587 8965 8965 E AndroidRuntime: at com.android.internal.os.ZygoteInit.main(ZygoteInit.java:923)
08-21 18:38:07.587 8965 8965 E AndroidRuntime: Caused by: java.lang.IllegalArgumentException: No HDR+ compatible raw format supported.
08-21 18:38:07.587 8965 8965 E AndroidRuntime: at pkr.h(Unknown Source:70)
08-21 18:38:07.587 8965 8965 E AndroidRuntime: at pkr.v(Unknown Source:1024)
08-21 18:38:07.587 8965 8965 E AndroidRuntime: at eat.get(Unknown Source:152)
08-21 18:38:07.587 8965 8965 E AndroidRuntime: at pyr.get(Unknown Source:13)
08-21 18:38:07.587 8965 8965 E AndroidRuntime: at enl.a(Unknown Source:3)
08-21 18:38:07.587 8965 8965 E AndroidRuntime: at dsd.get(Unknown Source:30)
08-21 18:38:07.587 8965 8965 E AndroidRuntime: at pyr.get(Unknown Source:13)
08-21 18:38:07.587 8965 8965 E AndroidRuntime: at dvd.get(Unknown Source:175)
08-21 18:38:07.587 8965 8965 E AndroidRuntime: at pyr.get(Unknown Source:13)
08-21 18:38:07.587 8965 8965 E AndroidRuntime: at kbj.get(Unknown Source:73)
08-21 18:38:07.587 8965 8965 E AndroidRuntime: at pyr.get(Unknown Source:13)
08-21 18:38:07.587 8965 8965 E AndroidRuntime: at eus.get(Unknown Source:335)
08-21 18:38:07.587 8965 8965 E AndroidRuntime: at pyr.get(Unknown Source:13)
08-21 18:38:07.587 8965 8965 E AndroidRuntime: at pyq.get(Unknown Source:4)
08-21 18:38:07.587 8965 8965 E AndroidRuntime: at btj.d(Unknown Source:15)
08-21 18:38:07.587 8965 8965 E AndroidRuntime: at btj.a(Unknown Source:0)
08-21 18:38:07.587 8965 8965 E AndroidRuntime: at cak.run(Unknown Source:2)
08-21 18:38:07.587 8965 8965 E AndroidRuntime: ... 9 more
08-21 18:38:07.839 8965 9004 E CAM_A : Uncaught exception in background thread
08-21 18:38:07.839 8965 9004 E CAM_A : java.lang.RuntimeException: java.lang.IllegalArgumentException: No HDR+ compatible raw format supported.
08-21 18:38:07.839 8965 9004 E CAM_A : at lbg.run(Unknown Source:26)
08-21 18:38:07.839 8965 9004 E CAM_A : at java.util.concurrent.ThreadPoolExecutor.runWorker(ThreadPoolExecutor.java:1145)
08-21 18:38:07.839 8965 9004 E CAM_A : at java.util.concurrent.ThreadPoolExecutor$Worker.run(ThreadPoolExecutor.java:644)
08-21 18:38:07.839 8965 9004 E CAM_A : at java.lang.Thread.run(Thread.java:1012)
08-21 18:38:07.839 8965 9004 E CAM_A : at lab.run(Unknown Source:5)
08-21 18:38:07.839 8965 9004 E CAM_A : Caused by: java.util.concurrent.ExecutionException: java.lang.IllegalArgumentException: No HDR+ compatible raw format supported.
08-21 18:38:07.839 8965 9004 E CAM_A : at java.util.concurrent.FutureTask.report(FutureTask.java:122)
08-21 18:38:07.839 8965 9004 E CAM_A : at java.util.concurrent.FutureTask.get(FutureTask.java:191)
08-21 18:38:07.839 8965 9004 E CAM_A : at phe.get(Unknown Source:4)
08-21 18:38:07.839 8965 9004 E CAM_A : at lbg.run(Unknown Source:15)
08-21 18:38:07.839 8965 9004 E CAM_A : ... 4 more
08-21 18:38:07.839 8965 9004 E CAM_A : Caused by: java.lang.IllegalArgumentException: No HDR+ compatible raw format supported.
08-21 18:38:07.839 8965 9004 E CAM_A : at pkr.h(Unknown Source:70)
08-21 18:38:07.839 8965 9004 E CAM_A : at pkr.v(Unknown Source:1024)
08-21 18:38:07.839 8965 9004 E CAM_A : at eat.get(Unknown Source:152)
08-21 18:38:07.839 8965 9004 E CAM_A : at pyr.get(Unknown Source:13)
08-21 18:38:07.839 8965 9004 E CAM_A : at enl.a(Unknown Source:3)
08-21 18:38:07.839 8965 9004 E CAM_A : at dsd.get(Unknown Source:30)
08-21 18:38:07.839 8965 9004 E CAM_A : at pyr.get(Unknown Source:13)
08-21 18:38:07.839 8965 9004 E CAM_A : at dvd.get(Unknown Source:175)
08-21 18:38:07.839 8965 9004 E CAM_A : at pyr.get(Unknown Source:13)
08-21 18:38:07.839 8965 9004 E CAM_A : at kbj.get(Unknown Source:73)
08-21 18:38:07.839 8965 9004 E CAM_A : at pyr.get(Unknown Source:13)
08-21 18:38:07.839 8965 9004 E CAM_A : at eus.get(Unknown Source:335)
08-21 18:38:07.839 8965 9004 E CAM_A : at pyr.get(Unknown Source:13)
08-21 18:38:07.839 8965 9004 E CAM_A : at pyq.get(Unknown Source:4)
08-21 18:38:07.839 8965 9004 E CAM_A : at pyr.get(Unknown Source:13)
08-21 18:38:07.839 8965 9004 E CAM_A : at ewe.run(Unknown Source:60)
08-21 18:38:07.839 8965 9004 E CAM_A : at dks.run(Unknown Source:13)
08-21 18:38:07.839 8965 9004 E CAM_A : at bvr.run(Unknown Source:58)
08-21 18:38:07.839 8965 9004 E CAM_A : at java.util.concurrent.Executors$RunnableAdapter.call(Executors.java:487)
08-21 18:38:07.839 8965 9004 E CAM_A : at java.util.concurrent.FutureTask.run(FutureTask.java:264)
08-21 18:38:07.839 8965 9004 E CAM_A : at java.util.concurrent.ScheduledThreadPoolExecutor$ScheduledFutureTask.run(ScheduledT hreadPoolExecutor.java:307)
08-21 18:38:07.839 8965 9004 E CAM_A : at lbh.run(Unknown Source:2)
08-21 18:38:07.839 8965 9004 E CAM_A : at lbg.run(Unknown Source:0)
08-21 18:38:07.839 8965 9004 E CAM_A : ... 4 more
08-21 18:38:07.840 8965 9004 E CAM_A : Uncaught exception in background thread Thread[00UiWorker,5,main]
08-21 18:38:07.840 8965 9004 E CAM_A : java.lang.RuntimeException: java.lang.IllegalArgumentException: No HDR+ compatible raw format supported.
08-21 18:38:07.840 8965 9004 E CAM_A : at lbg.run(Unknown Source:26)
08-21 18:38:07.840 8965 9004 E CAM_A : at java.util.concurrent.ThreadPoolExecutor.runWorker(ThreadPoolExecutor.java:1145)
08-21 18:38:07.840 8965 9004 E CAM_A : at java.util.concurrent.ThreadPoolExecutor$Worker.run(ThreadPoolExecutor.java:644)
08-21 18:38:07.840 8965 9004 E CAM_A : at java.lang.Thread.run(Thread.java:1012)
08-21 18:38:07.840 8965 9004 E CAM_A : at lab.run(Unknown Source:5)
08-21 18:38:07.840 8965 9004 E CAM_A : Caused by: java.util.concurrent.ExecutionException: java.lang.IllegalArgumentException: No HDR+ compatible raw format supported.
08-21 18:38:07.840 8965 9004 E CAM_A : at java.util.concurrent.FutureTask.report(FutureTask.java:122)
08-21 18:38:07.840 8965 9004 E CAM_A : at java.util.concurrent.FutureTask.get(FutureTask.java:191)
08-21 18:38:07.840 8965 9004 E CAM_A : at phe.get(Unknown Source:4)
08-21 18:38:07.840 8965 9004 E CAM_A : at lbg.run(Unknown Source:15)
08-21 18:38:07.840 8965 9004 E CAM_A : ... 4 more
08-21 18:38:07.840 8965 9004 E CAM_A : Caused by: java.lang.IllegalArgumentException: No HDR+ compatible raw format supported.
08-21 18:38:07.840 8965 9004 E CAM_A : at pkr.h(Unknown Source:70)
08-21 18:38:07.840 8965 9004 E CAM_A : at pkr.v(Unknown Source:1024)
08-21 18:38:07.840 8965 9004 E CAM_A : at eat.get(Unknown Source:152)
08-21 18:38:07.840 8965 9004 E CAM_A : at pyr.get(Unknown Source:13)
08-21 18:38:07.840 8965 9004 E CAM_A : at enl.a(Unknown Source:3)
08-21 18:38:07.840 8965 9004 E CAM_A : at dsd.get(Unknown Source:30)
08-21 18:38:07.840 8965 9004 E CAM_A : at pyr.get(Unknown Source:13)
08-21 18:38:07.840 8965 9004 E CAM_A : at dvd.get(Unknown Source:175)
08-21 18:38:07.840 8965 9004 E CAM_A : at pyr.get(Unknown Source:13)
08-21 18:38:07.840 8965 9004 E CAM_A : at kbj.get(Unknown Source:73)
08-21 18:38:07.840 8965 9004 E CAM_A : at pyr.get(Unknown Source:13)
08-21 18:38:07.840 8965 9004 E CAM_A : at eus.get(Unknown Source:335)
08-21 18:38:07.840 8965 9004 E CAM_A : at pyr.get(Unknown Source:13)
08-21 18:38:07.840 8965 9004 E CAM_A : at pyq.get(Unknown Source:4)
08-21 18:38:07.840 8965 9004 E CAM_A : at pyr.get(Unknown Source:13)
08-21 18:38:07.840 8965 9004 E CAM_A : at ewe.run(Unknown Source:60)
08-21 18:38:07.840 8965 9004 E CAM_A : at dks.run(Unknown Source:13)
08-21 18:38:07.840 8965 9004 E CAM_A : at bvr.run(Unknown Source:58)
08-21 18:38:07.840 8965 9004 E CAM_A : at java.util.concurrent.Executors$RunnableAdapter.call(Executors.java:487)
08-21 18:38:07.840 8965 9004 E CAM_A : at java.util.concurrent.FutureTask.run(FutureTask.java:264)
08-21 18:38:07.840 8965 9004 E CAM_A : at java.util.concurrent.ScheduledThreadPoolExecutor$ScheduledFutureTask.run(ScheduledT hreadPoolExecutor.java:307)
08-21 18:38:07.840 8965 9004 E CAM_A : at lbh.ru