02-02 17:16:49.992 31954 32239 V IJKMEDIA: stream 0, sample 752, dts 30040000
02-02 17:16:49.992 31954 32239 V IJKMEDIA: stream 1, sample 1289, dts 29930522
02-02 17:16:49.992 31954 32239 V IJKMEDIA: stream 0, sample 753, dts 30080000
02-02 17:16:49.992 31954 32239 V IJKMEDIA: stream 1, sample 1289, dts 29930522
02-02 17:16:49.992 31954 32239 V IJKMEDIA: stream 0, sample 754, dts 30120000
02-02 17:16:49.992 31954 32239 V IJKMEDIA: stream 1, sample 1289, dts 29930522
02-02 17:16:49.992 31954 32239 V IJKMEDIA: stream 0, sample 755, dts 30160000
02-02 17:16:49.992 31954 32239 V IJKMEDIA: stream 1, sample 1292, dts 30000181
02-02 17:16:49.992 31954 32239 V IJKMEDIA: stream 1, sample 1293, dts 30023401
02-02 17:16:49.992 31954 32239 V IJKMEDIA: stream 1, sample 1294, dts 30046621
02-02 17:16:49.992 31954 32239 V IJKMEDIA: stream 1, sample 1295, dts 30069841
02-02 17:16:49.993 31954 32239 V IJKMEDIA: stream 1, sample 1299, dts 30162721
02-02 17:16:49.993 31954 32239 V IJKMEDIA: stream 1, sample 1301, dts 30209161
02-02 17:16:49.993 31954 32239 V IJKMEDIA: stream 1, sample 1302, dts 30232381
02-02 17:16:49.994 31954 31954 I tv.danmaku.ijk.media.player.IjkMediaPlayer: Info:
MEDIA_INFO_VIDEO_RENDERING_START
02-02 17:16:50.098 31954 31971 I osomod.freegam: NativeAlloc concurrent copying GC
freed 131181(6740KB) AllocSpace objects, 68(5036KB) LOS objects, 49% free,
10MB/21MB, paused 82us total 147.071ms
02-02 17:16:50.102 31954 31973 W System : A resource failed to call destroy.
02-02 17:16:50.102 31954 31973 I chatty : uid=10763(com.sosomod.freegame)
FinalizerDaemon identical 1 line
02-02 17:16:50.102 31954 31973 W System : A resource failed to call destroy.
02-02 17:16:50.352 31954 32240 I AppsFlyer_6.2.3: onBecameBackground
02-02 17:16:50.352 31954 32240 I AppsFlyer_6.2.3: callStatsBackground background
call
02-02 17:16:50.352 31954 32240 I AppsFlyer_6.2.3: app went to background
02-02 17:16:50.353 31954 32240 D AppsFlyer_6.2.3: Stats call is disabled,
ignore ...
02-02 17:16:50.353 31954 32240 D AppsFlyer_6.2.3: RD status is OFF
02-02 17:16:50.849 32126 32126 D Tinker.DefaultAppLike: onTrimMemory level:40
02-02 17:16:50.851 31954 31954 D Tinker.DefaultAppLike: onTrimMemory level:10
02-02 17:16:51.011 32126 32126 D Tinker.DefaultAppLike: onTrimMemory level:60
02-02 17:16:51.962 31954 31954 D Tinker.DefaultAppLike: onTrimMemory level:10
02-02 17:16:56.036 31954 32170 I AppsFlyer_6.2.3: onBecameForeground
02-02 17:16:56.041 31954 32170 D AppsFlyer_6.2.3: No deep link detected
02-02 17:16:56.042 31954 32170 I AppsFlyer_6.2.3: Last Launch attempt: 2023/02/02
20:16:48.287 +0000;
02-02 17:16:56.042 31954 32170 I AppsFlyer_6.2.3: Last successful Launch event:
1969/12/31 23:59:59.999 +0000;
02-02 17:16:56.042 31954 32170 I AppsFlyer_6.2.3: Sending launch (+7754 ms)
02-02 17:16:56.043 31954 31954 D IJKMEDIA: IjkMediaPlayer_setVolume
02-02 17:16:56.043 31954 31954 D IJKMEDIA: ijkmp_android_set_volume(0.000000,
0.000000)
02-02 17:16:56.043 31954 31954 D IJKMEDIA: ffpipeline_set_volume
02-02 17:16:56.043 31954 31954 D IJKMEDIA: ijkmp_android_set_volume(0.000000,
0.000000)=void
02-02 17:16:56.043 31954 31954 D IJKMEDIA: IjkMediaPlayer_seekTo
02-02 17:16:56.043 31954 31954 D IJKMEDIA: ijkmp_seek_to(0)
02-02 17:16:56.043 31954 31954 D IJKMEDIA: ijkmp_seek_to(0)=0
02-02 17:16:56.044 31954 31954 D IJKMEDIA: IjkMediaPlayer_start
02-02 17:16:56.044 31954 31954 D IJKMEDIA: ijkmp_start()
02-02 17:16:56.044 31954 31954 D IJKMEDIA: ijkmp_start()=0
02-02 17:16:56.045 31954 32237 D IJKMEDIA: ijkmp_get_msg: FFP_REQ_SEEK
02-02 17:16:56.045 31954 32237 D IJKMEDIA: stream_seek 0(0) + 0,
02-02 17:16:56.045 31954 32237 D IJKMEDIA: ijkmp_get_msg: FFP_REQ_SEEK: seek to 0
02-02 17:16:56.045 31954 32237 D IJKMEDIA: ijkmp_get_msg: FFP_REQ_START
02-02 17:16:56.045 31954 32237 D IJKMEDIA: ijkmp_get_msg: FFP_REQ_START: start on
fly
02-02 17:16:56.045 31954 32243 D AudioTrack: start(658): 0x96b58700, prior
state:STATE_PAUSED
02-02 17:16:56.045 31954 32239 D IJKMEDIA: ffp_toggle_buffering_l: start
02-02 17:16:56.052 31954 31954 W AudioManager: Use of stream types is deprecated
for operations other than volume control
02-02 17:16:56.052 31954 31954 W AudioManager: See the documentation of
requestAudioFocus() for what to use instead with android.media.AudioAttributes to
qualify your playback use case
02-02 17:16:56.056 31954 451 I AppsFlyer_6.2.3: sendWithEvent from activity:
com.bz.sosomod.VApp
02-02 17:16:56.056 31954 451 I AppsFlyer_6.2.3: Trying to fetch GAID..
02-02 17:16:56.062 31954 32243 D AudioTrack: setVolume(658): 0x96b58700, left =
0.000000, right = 0.000000
02-02 17:16:56.062 31954 31954 V PhoneWindow: DecorView setVisiblity: visibility =
0, Parent = android.view.ViewRootImpl@e177333, this =
DecorView@187c6f0[GameDetailActivity]
02-02 17:16:56.062 31954 32239 V IJKMEDIA: stream 0, timestamp -512, sample 0
02-02 17:16:56.062 31954 32239 V IJKMEDIA: stream 0, found sample 0
02-02 17:16:56.062 31954 32239 V IJKMEDIA: stream 1, timestamp -1764, sample -1
02-02 17:16:56.062 31954 32239 V IJKMEDIA: stream 1, found sample 0
02-02 17:16:56.062 31954 32237 D IJKMEDIA: FFP_MSG_BUFFERING_START:
02-02 17:16:56.063 31954 32239 V IJKMEDIA: stream 0, sample 0, dts -40000
02-02 17:16:56.063 31954 32239 V IJKMEDIA: stream 1, sample 0, dts 0
02-02 17:16:56.063 31954 32237 D IJKMEDIA: ijkmp_get_msg: FFP_MSG_SEEK_COMPLETE
02-02 17:16:56.063 31954 32237 D IJKMEDIA: FFP_MSG_SEEK_COMPLETE:
02-02 17:16:56.064 31954 32239 V IJKMEDIA: stream 0, sample 1, dts 0
02-02 17:16:56.064 31954 32239 V IJKMEDIA: stream 1, sample 0, dts 0
02-02 17:16:56.064 31954 32239 V IJKMEDIA: stream 0, sample 2, dts 40000
02-02 17:16:56.064 31954 32239 V IJKMEDIA: stream 1, sample 0, dts 0
02-02 17:16:56.064 31954 32239 V IJKMEDIA: stream 0, sample 3, dts 80000
02-02 17:16:56.064 31954 32239 V IJKMEDIA: stream 1, sample 0, dts 0
02-02 17:16:56.064 31954 32239 V IJKMEDIA: stream 0, sample 4, dts 120000
02-02 17:16:56.064 31954 32239 V IJKMEDIA: stream 1, sample 0, dts 0
02-02 17:16:56.064 31954 32239 V IJKMEDIA: stream 0, sample 5, dts 160000
02-02 17:16:56.064 31954 32239 V IJKMEDIA: stream 1, sample 0, dts 0
02-02 17:16:56.064 31954 32239 V IJKMEDIA: stream 0, sample 6, dts 200000
02-02 17:16:56.064 31954 32239 V IJKMEDIA: stream 1, sample 0, dts 0
02-02 17:16:56.064 31954 32239 V IJKMEDIA: stream 0, sample 7, dts 240000
02-02 17:16:56.064 31954 32239 V IJKMEDIA: stream 1, sample 0, dts 0
02-02 17:16:56.064 31954 32239 V IJKMEDIA: stream 0, sample 8, dts 280000
02-02 17:16:56.064 31954 32239 V IJKMEDIA: stream 1, sample 0, dts 0
02-02 17:16:56.064 31954 32239 V IJKMEDIA: stream 0, sample 9, dts 320000
02-02 17:16:56.064 31954 32239 V IJKMEDIA: stream 1, sample 0, dts 0
02-02 17:16:56.064 31954 32239 V IJKMEDIA: stream 0, sample 10, dts 360000
02-02 17:16:56.064 31954 32239 V IJKMEDIA: stream 1, sample 0, dts 0
02-02 17:16:56.064 31954 32239 V IJKMEDIA: stream 0, sample 11, dts 400000
02-02 17:16:56.065 31954 32239 V IJKMEDIA: stream 1, sample 0, dts 0
02-02 17:16:56.065 31954 32239 V IJKMEDIA: stream 0, sample 12, dts 440000
02-02 17:16:56.065 31954 32239 V IJKMEDIA: stream 1, sample 0, dts 0
02-02 17:16:56.065 31954 32239 V IJKMEDIA: stream 0, sample 12, dts 440000
02-02 17:16:56.065 31954 32239 V IJKMEDIA: stream 1, sample 1, dts 23220
02-02 17:16:56.065 31954 32239 V IJKMEDIA: stream 0, sample 12, dts 440000
02-02 17:16:56.065 31954 32239 V IJKMEDIA: stream 1, sample 2, dts 46440
02-02 17:16:56.065 31954 32239 V IJKMEDIA: stream 0, sample 12, dts 440000
02-02 17:16:56.065 31954 32239 V IJKMEDIA: stream 1, sample 3, dts 69660
02-02 17:16:56.065 31954 32239 V IJKMEDIA: stream 0, sample 12, dts 440000
02-02 17:16:56.065 31954 32239 V IJKMEDIA: stream 1, sample 4, dts 92880
02-02 17:16:56.065 31954 32239 V IJKMEDIA: stream 0, sample 12, dts 440000
02-02 17:16:56.065 31954 32239 V IJKMEDIA: stream 1, sample 5, dts 116100
02-02 17:16:56.065 31954 32239 V IJKMEDIA: stream 0, sample 12, dts 440000
02-02 17:16:56.065 31954 32239 V IJKMEDIA: stream 1, sample 6, dts 139320
02-02 17:16:56.065 31954 32239 V IJKMEDIA: stream 0, sample 12, dts 440000
02-02 17:16:56.065 31954 32239 V IJKMEDIA: stream 1, sample 7, dts 162540
02-02 17:16:56.065 31954 32239 V IJKMEDIA: stream 0, sample 12, dts 440000
02-02 17:16:56.065 31954 32239 V IJKMEDIA: stream 1, sample 8, dts 185760
02-02 17:16:56.065 31954 32239 V IJKMEDIA: stream 0, sample 12, dts 440000
02-02 17:16:56.065 31954 32239 V IJKMEDIA: stream 1, sample 9, dts 208980
02-02 17:16:56.065 31954 32239 V IJKMEDIA: stream 0, sample 12, dts 440000
02-02 17:16:56.065 31954 32239 V IJKMEDIA: stream 1, sample 10, dts 232200
02-02 17:16:56.065 31954 32239 V IJKMEDIA: stream 0, sample 12, dts 440000
02-02 17:16:56.065 31954 32239 V IJKMEDIA: stream 1, sample 11, dts 255420
02-02 17:16:56.065 31954 32239 V IJKMEDIA: stream 0, sample 12, dts 440000
02-02 17:16:56.065 31954 32239 V IJKMEDIA: stream 1, sample 12, dts 278639
02-02 17:16:56.065 31954 32239 V IJKMEDIA: stream 0, sample 12, dts 440000
02-02 17:16:56.065 31954 32239 V IJKMEDIA: stream 1, sample 13, dts 301859
02-02 17:16:56.065 31954 32239 V IJKMEDIA: stream 0, sample 12, dts 440000
02-02 17:16:56.065 31954 32239 V IJKMEDIA: stream 1, sample 14, dts 325079
02-02 17:16:56.065 31954 32239 V IJKMEDIA: stream 0, sample 12, dts 440000
02-02 17:16:56.065 31954 32239 V IJKMEDIA: stream 1, sample 15, dts 348299
02-02 17:16:56.065 31954 32239 V IJKMEDIA: stream 0, sample 12, dts 440000
02-02 17:16:56.065 31954 32239 V IJKMEDIA: stream 1, sample 16, dts 371519
02-02 17:16:56.065 31954 32239 V IJKMEDIA: stream 0, sample 12, dts 440000
02-02 17:16:56.065 31954 32239 V IJKMEDIA: stream 1, sample 17, dts 394739
02-02 17:16:56.065 31954 32239 V IJKMEDIA: stream 0, sample 12, dts 440000
02-02 17:16:56.065 31954 32239 V IJKMEDIA: stream 1, sample 18, dts 417959
02-02 17:16:56.065 31954 32239 V IJKMEDIA: stream 0, sample 12, dts 440000
02-02 17:16:56.065 31954 32239 V IJKMEDIA: stream 1, sample 19, dts 441179
02-02 17:16:56.065 31954 32239 V IJKMEDIA: stream 0, sample 12, dts 440000
02-02 17:16:56.065 31954 32239 V IJKMEDIA: stream 1, sample 20, dts 464399
02-02 17:16:56.065 31954 32239 V IJKMEDIA: stream 0, sample 12, dts 440000
02-02 17:16:56.065 31954 32239 V IJKMEDIA: stream 1, sample 21, dts 487619
02-02 17:16:56.065 31954 32239 V IJKMEDIA: stream 0, sample 13, dts 480000
02-02 17:16:56.065 31954 32239 V IJKMEDIA: stream 1, sample 21, dts 487619
02-02 17:16:56.065 31954 32239 V IJKMEDIA: stream 0, sample 14, dts 520000
02-02 17:16:56.065 31954 32239 V IJKMEDIA: stream 1, sample 21, dts 487619
02-02 17:16:56.065 31954 32239 V IJKMEDIA: stream 0, sample 15, dts 560000
02-02 17:16:56.065 31954 32239 V IJKMEDIA: stream 1, sample 21, dts 487619
02-02 17:16:56.065 31954 32239 V IJKMEDIA: stream 0, sample 16, dts 600000
02-02 17:16:56.065 31954 32239 V IJKMEDIA: stream 1, sample 21, dts 487619
02-02 17:16:56.065 31954 32239 V IJKMEDIA: stream 0, sample 17, dts 640000
02-02 17:16:56.065 31954 32239 V IJKMEDIA: stream 1, sample 21, dts 487619
02-02 17:16:56.065 31954 32239 V IJKMEDIA: stream 0, sample 18, dts 680000
02-02 17:16:56.065 31954 32239 V IJKMEDIA: stream 1, sample 21, dts 487619
02-02 17:16:56.065 31954 32239 V IJKMEDIA: stream 0, sample 19, dts 720000
02-02 17:16:56.065 31954 32239 V IJKMEDIA: stream 1, sample 21, dts 487619
02-02 17:16:56.065 31954 32239 V IJKMEDIA: stream 0, sample 20, dts 760000
02-02 17:16:56.065 31954 32239 V IJKMEDIA: stream 1, sample 21, dts 487619
02-02 17:16:56.065 31954 32239 V IJKMEDIA: stream 0, sample 21, dts 800000
02-02 17:16:56.065 31954 32239 V IJKMEDIA: stream 1, sample 21, dts 487619
02-02 17:16:56.065 31954 32239 V IJKMEDIA: stream 0, sample 22, dts 840000
02-02 17:16:56.065 31954 32239 V IJKMEDIA: stream 1, sample 21, dts 487619
02-02 17:16:56.065 31954 32239 V IJKMEDIA: stream 0, sample 23, dts 880000
02-02 17:16:56.065 31954 32239 V IJKMEDIA: stream 1, sample 21, dts 487619
02-02 17:16:56.065 31954 32239 V IJKMEDIA: stream 0, sample 24, dts 920000
02-02 17:16:56.065 31954 32239 V IJKMEDIA: stream 1, sample 21, dts 487619
02-02 17:16:56.065 31954 32239 V IJKMEDIA: stream 0, sample 24, dts 920000
02-02 17:16:56.065 31954 32239 V IJKMEDIA: stream 1, sample 22, dts 510839
02-02 17:16:56.065 31954 32239 V IJKMEDIA: stream 0, sample 24, dts 920000
02-02 17:16:56.065 31954 32239 V IJKMEDIA: stream 1, sample 23, dts 534059
02-02 17:16:56.065 31954 32239 V IJKMEDIA: stream 0, sample 24, dts 920000
02-02 17:16:56.065 31954 32239 V IJKMEDIA: stream 1, sample 24, dts 557279
02-02 17:16:56.066 31954 32239 V IJKMEDIA: stream 0, sample 24, dts 920000
02-02 17:16:56.066 31954 32239 V IJKMEDIA: stream 1, sample 25, dts 580499
02-02 17:16:56.066 31954 32239 V IJKMEDIA: stream 0, sample 24, dts 920000
02-02 17:16:56.066 31954 32239 V IJKMEDIA: stream 1, sample 26, dts 603719
02-02 17:16:56.066 31954 32239 V IJKMEDIA: stream 0, sample 24, dts 920000
02-02 17:16:56.066 31954 32239 V IJKMEDIA: stream 1, sample 27, dts 626939
02-02 17:16:56.066 31954 32239 V IJKMEDIA: stream 0, sample 24, dts 920000
02-02 17:16:56.066 31954 32239 V IJKMEDIA: stream 1, sample 28, dts 650159
02-02 17:16:56.066 31954 32239 V IJKMEDIA: stream 0, sample 24, dts 920000
02-02 17:16:56.066 31954 32239 V IJKMEDIA: stream 1, sample 29, dts 673379
02-02 17:16:56.066 31954 32239 V IJKMEDIA: stream 0, sample 24, dts 920000
02-02 17:16:56.066 31954 32239 V IJKMEDIA: stream 1, sample 30, dts 696599
02-02 17:16:56.066 31954 32239 V IJKMEDIA: stream 0, sample 24, dts 920000
02-02 17:16:56.066 31954 32239 V IJKMEDIA: stream 1, sample 31, dts 719819
02-02 17:16:56.066 31954 32239 V IJKMEDIA: stream 0, sample 24, dts 920000
02-02 17:16:56.066 31954 32239 V IJKMEDIA: stream 1, sample 32, dts 743039
02-02 17:16:56.066 31954 32239 V IJKMEDIA: stream 0, sample 24, dts 920000
02-02 17:16:56.066 31954 32239 V IJKMEDIA: stream 1, sample 33, dts 766259
02-02 17:16:56.066 31954 32239 V IJKMEDIA: stream 0, sample 24, dts 920000
02-02 17:16:56.066 31954 32239 V IJKMEDIA: stream 1, sample 34, dts 789478
02-02 17:16:56.066 31954 32239 V IJKMEDIA: stream 0, sample 24, dts 920000
02-02 17:16:56.066 31954 32239 V IJKMEDIA: stream 1, sample 35, dts 812698
02-02 17:16:56.066 31954 32239 V IJKMEDIA: stream 0, sample 24, dts 920000
02-02 17:16:56.066 31954 32239 V IJKMEDIA: stream 1, sample 36, dts 835918
02-02 17:16:56.066 31954 32239 V IJKMEDIA: stream 0, sample 24, dts 920000
02-02 17:16:56.066 31954 32239 V IJKMEDIA: stream 1, sample 37, dts 859138
02-02 17:16:56.066 31954 32239 V IJKMEDIA: stream 0, sample 24, dts 920000
02-02 17:16:56.066 31954 32239 V IJKMEDIA: stream 1, sample 38, dts 882358
02-02 17:16:56.066 31954 32239 V IJKMEDIA: stream 0, sample 24, dts 920000
02-02 17:16:56.066 31954 32239 V IJKMEDIA: stream 1, sample 39, dts 905578
02-02 17:16:56.066 31954 32239 V IJKMEDIA: stream 0, sample 24, dts 920000
02-02 17:16:56.066 31954 32239 V IJKMEDIA: stream 1, sample 40, dts 928798
02-02 17:16:56.066 31954 32239 V IJKMEDIA: stream 0, sample 24, dts 920000
02-02 17:16:56.066 31954 32239 V IJKMEDIA: stream 1, sample 41, dts 952018
02-02 17:16:56.066 31954 32239 V IJKMEDIA: stream 0, sample 24, dts 920000
02-02 17:16:56.066 31954 32239 V IJKMEDIA: stream 1, sample 42, dts 975238
02-02 17:16:56.066 31954 32239 V IJKMEDIA: stream 0, sample 25, dts 960000
02-02 17:16:56.066 31954 32239 V IJKMEDIA: stream 1, sample 42, dts 975238
02-02 17:16:56.066 31954 32239 V IJKMEDIA: stream 0, sample 26, dts 1000000
02-02 17:16:56.066 31954 32239 V IJKMEDIA: stream 1, sample 42, dts 975238
02-02 17:16:56.066 31954 32239 V IJKMEDIA: stream 0, sample 27, dts 1040000
02-02 17:16:56.066 31954 32239 V IJKMEDIA: stream 1, sample 42, dts 975238
02-02 17:16:56.066 31954 32239 V IJKMEDIA: stream 0, sample 28, dts 1080000
02-02 17:16:56.066 31954 32239 V IJKMEDIA: stream 1, sample 42, dts 975238
02-02 17:16:56.066 31954 32239 V IJKMEDIA: stream 0, sample 29, dts 1120000
02-02 17:16:56.066 31954 32239 V IJKMEDIA: stream 1, sample 42, dts 975238
02-02 17:16:56.066 31954 32239 V IJKMEDIA: stream 0, sample 30, dts 1160000
02-02 17:16:56.066 31954 32239 V IJKMEDIA: stream 1, sample 42, dts 975238
02-02 17:16:56.066 31954 32239 V IJKMEDIA: stream 0, sample 31, dts 1200000
02-02 17:16:56.066 31954 32239 V IJKMEDIA: stream 1, sample 42, dts 975238
02-02 17:16:56.066 31954 32239 V IJKMEDIA: stream 0, sample 32, dts 1240000
02-02 17:16:56.066 31954 32239 V IJKMEDIA: stream 1, sample 42, dts 975238
02-02 17:16:56.066 31954 32239 V IJKMEDIA: stream 0, sample 33, dts 1280000
02-02 17:16:56.066 31954 32239 V IJKMEDIA: stream 1, sample 42, dts 975238
02-02 17:16:56.066 31954 32239 V IJKMEDIA: stream 0, sample 34, dts 1320000
02-02 17:16:56.066 31954 32239 V IJKMEDIA: stream 1, sample 42, dts 975238
02-02 17:16:56.066 31954 32239 V IJKMEDIA: stream 0, sample 35, dts 1360000
02-02 17:16:56.066 31954 32239 V IJKMEDIA: stream 1, sample 42, dts 975238
02-02 17:16:56.066 31954 32239 V IJKMEDIA: stream 0, sample 36, dts 1400000
02-02 17:16:56.066 31954 32239 V IJKMEDIA: stream 1, sample 42, dts 975238
02-02 17:16:56.066 31954 32239 V IJKMEDIA: stream 0, sample 36, dts 1400000
02-02 17:16:56.066 31954 32239 V IJKMEDIA: stream 1, sample 43, dts 998458
02-02 17:16:56.066 31954 32239 V IJKMEDIA: stream 0, sample 36, dts 1400000
02-02 17:16:56.066 31954 32239 V IJKMEDIA: stream 1, sample 44, dts 1021678
02-02 17:16:56.066 31954 32239 V IJKMEDIA: stream 0, sample 36, dts 1400000
02-02 17:16:56.066 31954 32239 V IJKMEDIA: stream 1, sample 45, dts 1044898
02-02 17:16:56.066 31954 32239 V IJKMEDIA: stream 0, sample 36, dts 1400000
02-02 17:16:56.066 31954 32239 V IJKMEDIA: stream 1, sample 46, dts 1068118
02-02 17:16:56.066 31954 32239 V IJKMEDIA: stream 0, sample 36, dts 1400000
02-02 17:16:56.066 31954 32239 V IJKMEDIA: stream 1, sample 47, dts 1091338
02-02 17:16:56.066 31954 32239 V IJKMEDIA: stream 0, sample 36, dts 1400000
02-02 17:16:56.066 31954 32239 V IJKMEDIA: stream 1, sample 48, dts 1114558
02-02 17:16:56.066 31954 32239 V IJKMEDIA: stream 0, sample 36, dts 1400000
02-02 17:16:56.066 31954 32239 V IJKMEDIA: stream 1, sample 49, dts 1137778
02-02 17:16:56.066 31954 32239 V IJKMEDIA: stream 0, sample 36, dts 1400000
02-02 17:16:56.066 31954 32239 V IJKMEDIA: stream 1, sample 50, dts 1160998
02-02 17:16:56.066 31954 32239 V IJKMEDIA: stream 0, sample 36, dts 1400000
02-02 17:16:56.066 31954 32239 V IJKMEDIA: stream 1, sample 51, dts 1184218
02-02 17:16:56.066 31954 32239 V IJKMEDIA: stream 0, sample 36, dts 1400000
02-02 17:16:56.066 31954 32239 V IJKMEDIA: stream 1, sample 52, dts 1207438
02-02 17:16:56.066 31954 32239 V IJKMEDIA: stream 0, sample 36, dts 1400000
02-02 17:16:56.066 31954 32239 V IJKMEDIA: stream 1, sample 53, dts 1230658
02-02 17:16:56.066 31954 32239 V IJKMEDIA: stream 0, sample 36, dts 1400000
02-02 17:16:56.066 31954 32239 V IJKMEDIA: stream 1, sample 54, dts 1253878
02-02 17:16:56.066 31954 32239 V IJKMEDIA: stream 0, sample 36, dts 1400000
02-02 17:16:56.066 31954 32239 V IJKMEDIA: stream 1, sample 55, dts 1277098
02-02 17:16:56.066 31954 32239 V IJKMEDIA: stream 0, sample 36, dts 1400000
02-02 17:16:56.066 31954 32239 V IJKMEDIA: stream 1, sample 56, dts 1300317
02-02 17:16:56.066 31954 32239 V IJKMEDIA: stream 0, sample 36, dts 1400000
02-02 17:16:56.066 31954 32239 V IJKMEDIA: stream 1, sample 57, dts 1323537
02-02 17:16:56.066 31954 32239 V IJKMEDIA: stream 0, sample 36, dts 1400000
02-02 17:16:56.066 31954 32239 V IJKMEDIA: stream 1, sample 58, dts 1346757
02-02 17:16:56.066 31954 32239 V IJKMEDIA: stream 0, sample 36, dts 1400000
02-02 17:16:56.066 31954 32239 V IJKMEDIA: stream 1, sample 59, dts 1369977
02-02 17:16:56.066 31954 32239 V IJKMEDIA: stream 0, sample 36, dts 1400000
02-02 17:16:56.066 31954 32239 V IJKMEDIA: stream 1, sample 60, dts 1393197
02-02 17:16:56.066 31954 32239 V IJKMEDIA: stream 0, sample 36, dts 1400000
02-02 17:16:56.066 31954 32239 V IJKMEDIA: stream 1, sample 61, dts 1416417
02-02 17:16:56.066 31954 32239 V IJKMEDIA: stream 0, sample 36, dts 1400000
02-02 17:16:56.066 31954 32239 V IJKMEDIA: stream 1, sample 62, dts 1439637
02-02 17:16:56.066 31954 32239 V IJKMEDIA: stream 0, sample 36, dts 1400000
02-02 17:16:56.067 31954 32239 V IJKMEDIA: stream 1, sample 63, dts 1462857
02-02 17:16:56.067 31954 32239 V IJKMEDIA: stream 0, sample 37, dts 1440000
02-02 17:16:56.067 31954 32239 V IJKMEDIA: stream 1, sample 63, dts 1462857
02-02 17:16:56.067 31954 32239 V IJKMEDIA: stream 0, sample 38, dts 1480000
02-02 17:16:56.067 31954 32239 V IJKMEDIA: stream 1, sample 63, dts 1462857
02-02 17:16:56.067 31954 32239 V IJKMEDIA: stream 0, sample 39, dts 1520000
02-02 17:16:56.067 31954 32239 V IJKMEDIA: stream 1, sample 63, dts 1462857
02-02 17:16:56.067 31954 32239 V IJKMEDIA: stream 0, sample 40, dts 1560000
02-02 17:16:56.067 31954 32239 V IJKMEDIA: stream 1, sample 63, dts 1462857
02-02 17:16:56.067 31954 32239 V IJKMEDIA: stream 0, sample 41, dts 1600000
02-02 17:16:56.067 31954 32239 V IJKMEDIA: stream 1, sample 63, dts 1462857
02-02 17:16:56.067 31954 32239 V IJKMEDIA: stream 0, sample 42, dts 1640000
02-02 17:16:56.067 31954 32239 V IJKMEDIA: stream 1, sample 63, dts 1462857
02-02 17:16:56.067 31954 32239 V IJKMEDIA: stream 0, sample 43, dts 1680000
02-02 17:16:56.067 31954 32239 V IJKMEDIA: stream 1, sample 63, dts 1462857
02-02 17:16:56.067 31954 32239 V IJKMEDIA: stream 0, sample 44, dts 1720000
02-02 17:16:56.067 31954 32239 V IJKMEDIA: stream 1, sample 63, dts 1462857
02-02 17:16:56.067 31954 32239 V IJKMEDIA: stream 0, sample 45, dts 1760000
02-02 17:16:56.067 31954 32239 V IJKMEDIA: stream 1, sample 63, dts 1462857
02-02 17:16:56.067 31954 32239 V IJKMEDIA: stream 0, sample 46, dts 1800000
02-02 17:16:56.067 31954 32239 V IJKMEDIA: stream 1, sample 63, dts 1462857
02-02 17:16:56.067 31954 32239 V IJKMEDIA: stream 0, sample 47, dts 1840000
02-02 17:16:56.067 31954 32239 V IJKMEDIA: stream 1, sample 63, dts 1462857
02-02 17:16:56.067 31954 32239 V IJKMEDIA: stream 0, sample 48, dts 1880000
02-02 17:16:56.067 31954 32239 V IJKMEDIA: stream 1, sample 63, dts 1462857
02-02 17:16:56.067 31954 32239 V IJKMEDIA: stream 0, sample 48, dts 1880000
02-02 17:16:56.067 31954 32239 V IJKMEDIA: stream 1, sample 64, dts 1486077
02-02 17:16:56.067 31954 32239 V IJKMEDIA: stream 0, sample 48, dts 1880000
02-02 17:16:56.067 31954 32239 V IJKMEDIA: stream 1, sample 65, dts 1509297
02-02 17:16:56.067 31954 32239 V IJKMEDIA: stream 0, sample 48, dts 1880000
02-02 17:16:56.067 31954 32239 V IJKMEDIA: stream 1, sample 66, dts 1532517
02-02 17:16:56.067 31954 32239 V IJKMEDIA: stream 0, sample 48, dts 1880000
02-02 17:16:56.067 31954 32239 V IJKMEDIA: stream 1, sample 67, dts 1555737
02-02 17:16:56.067 31954 32239 V IJKMEDIA: stream 0, sample 48, dts 1880000
02-02 17:16:56.067 31954 32239 V IJKMEDIA: stream 1, sample 68, dts 1578957
02-02 17:16:56.067 31954 32239 V IJKMEDIA: stream 0, sample 48, dts 1880000
02-02 17:16:56.067 31954 32239 V IJKMEDIA: stream 1, sample 69, dts 1602177
02-02 17:16:56.067 31954 32239 V IJKMEDIA: stream 0, sample 48, dts 1880000
02-02 17:16:56.067 31954 32239 V IJKMEDIA: stream 1, sample 70, dts 1625397
02-02 17:16:56.067 31954 32239 V IJKMEDIA: stream 0, sample 48, dts 1880000
02-02 17:16:56.067 31954 32239 V IJKMEDIA: stream 1, sample 71, dts 1648617
02-02 17:16:56.067 31954 32239 V IJKMEDIA: stream 0, sample 48, dts 1880000
02-02 17:16:56.067 31954 32239 V IJKMEDIA: stream 1, sample 72, dts 1671837
02-02 17:16:56.067 31954 32239 V IJKMEDIA: stream 0, sample 48, dts 1880000
02-02 17:16:56.067 31954 32239 V IJKMEDIA: stream 1, sample 73, dts 1695057
02-02 17:16:56.067 31954 32239 V IJKMEDIA: stream 0, sample 48, dts 1880000
02-02 17:16:56.067 31954 32239 V IJKMEDIA: stream 1, sample 74, dts 1718277
02-02 17:16:56.067 31954 32239 V IJKMEDIA: stream 0, sample 48, dts 1880000
02-02 17:16:56.067 31954 32239 V IJKMEDIA: stream 1, sample 75, dts 1741497
02-02 17:16:56.067 31954 32239 V IJKMEDIA: stream 0, sample 48, dts 1880000
02-02 17:16:56.067 31954 32239 V IJKMEDIA: stream 1, sample 76, dts 1764717
02-02 17:16:56.067 31954 32239 V IJKMEDIA: stream 0, sample 48, dts 1880000
02-02 17:16:56.067 31954 32239 V IJKMEDIA: stream 1, sample 77, dts 1787937
02-02 17:16:56.067 31954 32239 V IJKMEDIA: stream 0, sample 48, dts 1880000
02-02 17:16:56.067 31954 32239 V IJKMEDIA: stream 1, sample 78, dts 1811156
02-02 17:16:56.067 31954 32239 V IJKMEDIA: stream 0, sample 48, dts 1880000
02-02 17:16:56.067 31954 32239 V IJKMEDIA: stream 1, sample 79, dts 1834376
02-02 17:16:56.067 31954 32239 V IJKMEDIA: stream 0, sample 48, dts 1880000
02-02 17:16:56.067 31954 32239 V IJKMEDIA: stream 1, sample 80, dts 1857596
02-02 17:16:56.067 31954 32239 V IJKMEDIA: stream 0, sample 48, dts 1880000
02-02 17:16:56.067 31954 32239 V IJKMEDIA: stream 1, sample 81, dts 1880816
02-02 17:16:56.067 31954 32239 V IJKMEDIA: stream 0, sample 48, dts 1880000
02-02 17:16:56.067 31954 32239 V IJKMEDIA: stream 1, sample 82, dts 1904036
02-02 17:16:56.067 31954 32239 V IJKMEDIA: stream 0, sample 48, dts 1880000
02-02 17:16:56.067 31954 32239 V IJKMEDIA: stream 1, sample 83, dts 1927256
02-02 17:16:56.067 31954 32239 V IJKMEDIA: stream 0, sample 48, dts 1880000
02-02 17:16:56.067 31954 32239 V IJKMEDIA: stream 1, sample 84, dts 1950476
02-02 17:16:56.067 31954 32239 V IJKMEDIA: stream 0, sample 49, dts 1920000
02-02 17:16:56.067 31954 32239 V IJKMEDIA: stream 1, sample 84, dts 1950476
02-02 17:16:56.067 31954 32239 V IJKMEDIA: stream 0, sample 50, dts 1960000
02-02 17:16:56.067 31954 32239 V IJKMEDIA: stream 1, sample 84, dts 1950476
02-02 17:16:56.067 31954 32239 V IJKMEDIA: stream 0, sample 51, dts 2000000
02-02 17:16:56.068 31954 32239 V IJKMEDIA: stream 0, sample 60, dts 2360000
02-02 17:16:56.068 31954 32239 V IJKMEDIA: stream 0, sample 61, dts 2400000
02-02 17:16:56.072 31954 32239 V IJKMEDIA: stream 0, sample 85, dts 3360000
02-02 17:16:56.072 31954 32239 V IJKMEDIA: stream 1, sample 147, dts 3413333
02-02 17:16:56.072 31954 32239 V IJKMEDIA: stream 0, sample 86, dts 3400000
02-02 17:16:56.072 31954 32239 V IJKMEDIA: stream 1, sample 147, dts 3413333
02-02 17:16:56.072 31954 32239 V IJKMEDIA: stream 0, sample 87, dts 3440000
02-02 17:16:56.072 31954 32239 V IJKMEDIA: stream 1, sample 147, dts 3413333
02-02 17:16:56.072 31954 32239 V IJKMEDIA: stream 0, sample 88, dts 3480000
02-02 17:16:56.072 31954 32239 V IJKMEDIA: stream 1, sample 147, dts 3413333
02-02 17:16:56.072 31954 32239 V IJKMEDIA: stream 0, sample 89, dts 3520000
02-02 17:16:56.072 31954 32239 V IJKMEDIA: stream 1, sample 147, dts 3413333
02-02 17:16:56.072 31954 32239 V IJKMEDIA: stream 0, sample 90, dts 3560000
02-02 17:16:56.072 31954 32239 V IJKMEDIA: stream 1, sample 147, dts 3413333
02-02 17:16:56.072 31954 32239 V IJKMEDIA: stream 0, sample 91, dts 3600000
02-02 17:16:56.072 31954 32239 V IJKMEDIA: stream 1, sample 147, dts 3413333
02-02 17:16:56.072 31954 32239 V IJKMEDIA: stream 0, sample 92, dts 3640000
02-02 17:16:56.072 31954 32239 V IJKMEDIA: stream 1, sample 147, dts 3413333
02-02 17:16:56.072 31954 32239 V IJKMEDIA: stream 0, sample 93, dts 3680000
02-02 17:16:56.072 31954 32239 V IJKMEDIA: stream 1, sample 147, dts 3413333
02-02 17:16:56.072 31954 32239 V IJKMEDIA: stream 0, sample 94, dts 3720000
02-02 17:16:56.072 31954 32239 V IJKMEDIA: stream 1, sample 147, dts 3413333
02-02 17:16:56.072 31954 32239 V IJKMEDIA: stream 0, sample 95, dts 3760000
02-02 17:16:56.072 31954 32239 V IJKMEDIA: stream 1, sample 147, dts 3413333
02-02 17:16:56.083 31954 31954 D IJKMEDIA: ijkmp_pause()
02-02 17:16:56.083 31954 31954 D IJKMEDIA: ijkmp_pause()=0
02-02 17:16:56.083 31954 32237 D IJKMEDIA: ijkmp_get_msg: FFP_REQ_PAUSE
02-02 17:16:56.084 31954 32239 V IJKMEDIA: stream 0, sample 143, dts 5680000
02-02 17:16:56.084 31954 32239 V IJKMEDIA: stream 1, sample 229, dts 5317370
02-02 17:16:56.084 31954 32239 V IJKMEDIA: stream 0, sample 144, dts 5720000
02-02 17:16:56.084 31954 32239 V IJKMEDIA: stream 1, sample 229, dts 5317370
02-02 17:16:56.087 31954 32239 V IJKMEDIA: stream 0, sample 144, dts 5720000
02-02 17:16:56.087 31954 32239 V IJKMEDIA: stream 1, sample 230, dts 5340590
02-02 17:16:56.087 31954 32239 V IJKMEDIA: stream 0, sample 144, dts 5720000
02-02 17:16:56.087 31954 32239 V IJKMEDIA: stream 1, sample 231, dts 5363810
02-02 17:16:56.087 31954 32239 V IJKMEDIA: stream 0, sample 144, dts 5720000
02-02 17:16:56.087 31954 32239 V IJKMEDIA: stream 1, sample 232, dts 5387029
02-02 17:16:56.087 31954 32239 V IJKMEDIA: stream 0, sample 144, dts 5720000
02-02 17:16:56.087 31954 32239 V IJKMEDIA: stream 1, sample 233, dts 5410249
02-02 17:16:56.087 31954 32239 V IJKMEDIA: stream 0, sample 144, dts 5720000
02-02 17:16:56.087 31954 32239 V IJKMEDIA: stream 1, sample 234, dts 5433469
02-02 17:16:56.087 31954 32239 V IJKMEDIA: stream 0, sample 144, dts 5720000
02-02 17:16:56.087 31954 32239 V IJKMEDIA: stream 1, sample 235, dts 5456689
02-02 17:16:56.087 31954 32239 V IJKMEDIA: stream 0, sample 144, dts 5720000
02-02 17:16:56.087 31954 32239 V IJKMEDIA: stream 1, sample 236, dts 5479909
02-02 17:16:56.087 31954 32239 V IJKMEDIA: stream 0, sample 144, dts 5720000
02-02 17:16:56.087 31954 32239 V IJKMEDIA: stream 1, sample 237, dts 5503129
02-02 17:16:56.087 31954 32239 V IJKMEDIA: stream 0, sample 144, dts 5720000
02-02 17:16:56.087 31954 32239 V IJKMEDIA: stream 1, sample 238, dts 5526349
02-02 17:16:56.088 31954 32239 V IJKMEDIA: stream 0, sample 144, dts 5720000
02-02 17:16:56.088 31954 32239 V IJKMEDIA: stream 1, sample 239, dts 5549569
02-02 17:16:56.088 31954 32239 V IJKMEDIA: stream 0, sample 144, dts 5720000
02-02 17:16:56.088 31954 32239 V IJKMEDIA: stream 1, sample 240, dts 5572789
02-02 17:16:56.088 31954 32239 V IJKMEDIA: stream 0, sample 144, dts 5720000
02-02 17:16:56.088 31954 32239 V IJKMEDIA: stream 1, sample 241, dts 5596009
02-02 17:16:56.088 31954 32239 V IJKMEDIA: stream 0, sample 144, dts 5720000
02-02 17:16:56.088 31954 32239 V IJKMEDIA: stream 1, sample 242, dts 5619229
02-02 17:16:56.088 31954 32239 V IJKMEDIA: stream 0, sample 144, dts 5720000
02-02 17:16:56.088 31954 32239 V IJKMEDIA: stream 1, sample 243, dts 5642449
02-02 17:16:56.088 31954 32239 V IJKMEDIA: stream 0, sample 144, dts 5720000
02-02 17:16:56.088 31954 32239 V IJKMEDIA: stream 1, sample 244, dts 5665669
02-02 17:16:56.088 31954 32239 V IJKMEDIA: stream 0, sample 144, dts 5720000
02-02 17:16:56.088 31954 32239 V IJKMEDIA: stream 1, sample 245, dts 5688889
02-02 17:16:56.088 31954 32239 V IJKMEDIA: stream 0, sample 144, dts 5720000
02-02 17:16:56.088 31954 32239 V IJKMEDIA: stream 1, sample 246, dts 5712109
02-02 17:16:56.088 31954 32239 V IJKMEDIA: stream 0, sample 144, dts 5720000
02-02 17:16:56.088 31954 32239 V IJKMEDIA: stream 1, sample 247, dts 5735329
02-02 17:16:56.088 31954 32239 V IJKMEDIA: stream 0, sample 144, dts 5720000
02-02 17:16:56.088 31954 32239 V IJKMEDIA: stream 1, sample 248, dts 5758549
02-02 17:16:56.088 31954 32239 V IJKMEDIA: stream 0, sample 144, dts 5720000
02-02 17:16:56.088 31954 32239 V IJKMEDIA: stream 1, sample 249, dts 5781769
02-02 17:16:56.088 31954 32239 V IJKMEDIA: stream 0, sample 145, dts 5760000
02-02 17:16:56.088 31954 32239 V IJKMEDIA: stream 1, sample 249, dts 5781769
02-02 17:16:56.088 31954 32239 V IJKMEDIA: stream 0, sample 146, dts 5800000
02-02 17:16:56.088 31954 32239 V IJKMEDIA: stream 1, sample 249, dts 5781769
02-02 17:16:56.088 31954 32239 V IJKMEDIA: stream 0, sample 147, dts 5840000
02-02 17:16:56.088 31954 32239 V IJKMEDIA: stream 1, sample 249, dts 5781769
02-02 17:16:56.088 31954 32239 V IJKMEDIA: stream 0, sample 148, dts 5880000
02-02 17:16:56.088 31954 32239 V IJKMEDIA: stream 1, sample 249, dts 5781769
02-02 17:16:56.088 31954 32239 V IJKMEDIA: stream 0, sample 149, dts 5920000
02-02 17:16:56.088 31954 32239 V IJKMEDIA: stream 1, sample 249, dts 5781769
02-02 17:16:56.088 31954 32239 V IJKMEDIA: stream 0, sample 150, dts 5960000
02-02 17:16:56.088 31954 32239 V IJKMEDIA: stream 1, sample 249, dts 5781769
02-02 17:16:56.088 31954 32239 V IJKMEDIA: stream 0, sample 151, dts 6000000
02-02 17:16:56.088 31954 32239 V IJKMEDIA: stream 1, sample 249, dts 5781769
02-02 17:16:56.089 31954 32239 V IJKMEDIA: stream 0, sample 152, dts 6040000
02-02 17:16:56.089 31954 32239 V IJKMEDIA: stream 1, sample 249, dts 5781769
02-02 17:16:56.089 31954 32239 V IJKMEDIA: stream 0, sample 153, dts 6080000
02-02 17:16:56.089 31954 32239 V IJKMEDIA: stream 1, sample 249, dts 5781769
02-02 17:16:56.089 31954 32239 V IJKMEDIA: stream 0, sample 154, dts 6120000
02-02 17:16:56.089 31954 32239 V IJKMEDIA: stream 1, sample 249, dts 5781769
02-02 17:16:56.089 31954 32239 V IJKMEDIA: stream 0, sample 155, dts 6160000
02-02 17:16:56.089 31954 32239 V IJKMEDIA: stream 1, sample 249, dts 5781769
02-02 17:16:56.089 31954 32239 V IJKMEDIA: stream 0, sample 156, dts 6200000
02-02 17:16:56.089 31954 32239 V IJKMEDIA: stream 1, sample 249, dts 5781769
02-02 17:16:56.090 31954 32239 V IJKMEDIA: stream 0, sample 156, dts 6200000
02-02 17:16:56.090 31954 32239 V IJKMEDIA: stream 1, sample 250, dts 5804989
02-02 17:16:56.090 31954 32239 V IJKMEDIA: stream 0, sample 156, dts 6200000
02-02 17:16:56.090 31954 32239 V IJKMEDIA: stream 1, sample 251, dts 5828209
02-02 17:16:56.090 31954 32239 V IJKMEDIA: stream 0, sample 156, dts 6200000
02-02 17:16:56.090 31954 32239 V IJKMEDIA: stream 1, sample 252, dts 5851429
02-02 17:16:56.090 31954 32239 V IJKMEDIA: stream 0, sample 156, dts 6200000
02-02 17:16:56.090 31954 32239 V IJKMEDIA: stream 1, sample 253, dts 5874649
02-02 17:16:56.090 31954 32239 V IJKMEDIA: stream 0, sample 156, dts 6200000
02-02 17:16:56.090 31954 32239 V IJKMEDIA: stream 1, sample 254, dts 5897868
02-02 17:16:56.090 31954 32239 V IJKMEDIA: stream 0, sample 156, dts 6200000
02-02 17:16:56.090 31954 32239 V IJKMEDIA: stream 1, sample 255, dts 5921088
02-02 17:16:56.090 31954 32239 V IJKMEDIA: stream 0, sample 156, dts 6200000
02-02 17:16:56.090 31954 32239 V IJKMEDIA: stream 1, sample 256, dts 5944308
02-02 17:16:56.090 31954 32239 V IJKMEDIA: stream 0, sample 156, dts 6200000
02-02 17:16:56.090 31954 32239 V IJKMEDIA: stream 1, sample 257, dts 5967528
02-02 17:16:56.090 31954 32239 V IJKMEDIA: stream 0, sample 156, dts 6200000
02-02 17:16:56.090 31954 32239 V IJKMEDIA: stream 1, sample 258, dts 5990748
02-02 17:16:56.090 31954 32239 V IJKMEDIA: stream 0, sample 156, dts 6200000
02-02 17:16:56.090 31954 32239 V IJKMEDIA: stream 1, sample 259, dts 6013968
02-02 17:16:56.090 31954 32239 V IJKMEDIA: stream 0, sample 156, dts 6200000
02-02 17:16:56.090 31954 32239 V IJKMEDIA: stream 1, sample 260, dts 6037188
02-02 17:16:56.090 31954 32239 V IJKMEDIA: stream 0, sample 156, dts 6200000
02-02 17:16:56.090 31954 32239 V IJKMEDIA: stream 1, sample 261, dts 6060408
02-02 17:16:56.090 31954 32239 V IJKMEDIA: stream 0, sample 156, dts 6200000
02-02 17:16:56.090 31954 32239 V IJKMEDIA: stream 1, sample 262, dts 6083628
02-02 17:16:56.090 31954 32239 V IJKMEDIA: stream 0, sample 156, dts 6200000
02-02 17:16:56.090 31954 32239 V IJKMEDIA: stream 1, sample 263, dts 6106848
02-02 17:16:56.090 31954 32239 V IJKMEDIA: stream 0, sample 156, dts 6200000
02-02 17:16:56.090 31954 32239 V IJKMEDIA: stream 1, sample 264, dts 6130068
02-02 17:16:56.090 31954 32239 V IJKMEDIA: stream 0, sample 156, dts 6200000
02-02 17:16:56.090 31954 32239 V IJKMEDIA: stream 1, sample 265, dts 6153288
02-02 17:16:56.090 31954 32239 V IJKMEDIA: stream 0, sample 156, dts 6200000
02-02 17:16:56.090 31954 32239 V IJKMEDIA: stream 1, sample 266, dts 6176508
02-02 17:16:56.090 31954 32239 V IJKMEDIA: stream 0, sample 156, dts 6200000
02-02 17:16:56.090 31954 32239 V IJKMEDIA: stream 1, sample 267, dts 6199728
02-02 17:16:56.090 31954 32239 V IJKMEDIA: stream 0, sample 156, dts 6200000
02-02 17:16:56.090 31954 32239 V IJKMEDIA: stream 1, sample 268, dts 6222948
02-02 17:16:56.090 31954 32239 V IJKMEDIA: stream 0, sample 156, dts 6200000
02-02 17:16:56.090 31954 32239 V IJKMEDIA: stream 1, sample 269, dts 6246168
02-02 17:16:56.090 31954 32239 V IJKMEDIA: stream 0, sample 157, dts 6240000
02-02 17:16:56.090 31954 32239 V IJKMEDIA: stream 1, sample 269, dts 6246168
02-02 17:16:56.090 31954 32239 V IJKMEDIA: stream 0, sample 158, dts 6280000
02-02 17:16:56.090 31954 32239 V IJKMEDIA: stream 1, sample 269, dts 6246168
02-02 17:16:56.091 31954 32239 V IJKMEDIA: stream 0, sample 159, dts 6320000
02-02 17:16:56.091 31954 32239 V IJKMEDIA: stream 1, sample 269, dts 6246168
02-02 17:16:56.091 31954 32239 V IJKMEDIA: stream 0, sample 160, dts 6360000
02-02 17:16:56.091 31954 32239 V IJKMEDIA: stream 1, sample 269, dts 6246168
02-02 17:16:56.091 31954 32239 V IJKMEDIA: stream 0, sample 161, dts 6400000
02-02 17:16:56.091 31954 32239 V IJKMEDIA: stream 1, sample 269, dts 6246168
02-02 17:16:56.091 31954 32239 V IJKMEDIA: stream 0, sample 162, dts 6440000
02-02 17:16:56.091 31954 32239 V IJKMEDIA: stream 1, sample 269, dts 6246168
02-02 17:16:56.091 31954 32239 V IJKMEDIA: stream 0, sample 163, dts 6480000
02-02 17:16:56.091 31954 32239 V IJKMEDIA: stream 1, sample 269, dts 6246168
02-02 17:16:56.091 31954 32239 V IJKMEDIA: stream 0, sample 164, dts 6520000
02-02 17:16:56.091 31954 32239 V IJKMEDIA: stream 1, sample 269, dts 6246168
02-02 17:16:56.091 31954 32239 V IJKMEDIA: stream 0, sample 165, dts 6560000
02-02 17:16:56.091 31954 32239 V IJKMEDIA: stream 1, sample 269, dts 6246168
02-02 17:16:56.091 31954 32239 V IJKMEDIA: stream 0, sample 166, dts 6600000
02-02 17:16:56.091 31954 32239 V IJKMEDIA: stream 1, sample 269, dts 6246168
02-02 17:16:56.092 31954 32239 V IJKMEDIA: stream 0, sample 167, dts 6640000
02-02 17:16:56.092 31954 32239 V IJKMEDIA: stream 1, sample 269, dts 6246168
02-02 17:16:56.092 31954 32239 V IJKMEDIA: stream 0, sample 168, dts 6680000
02-02 17:16:56.092 31954 32239 V IJKMEDIA: stream 1, sample 269, dts 6246168
02-02 17:16:56.092 31954 32239 V IJKMEDIA: stream 0, sample 168, dts 6680000
02-02 17:16:56.092 31954 32239 V IJKMEDIA: stream 1, sample 270, dts 6269388
02-02 17:16:56.092 31954 32239 V IJKMEDIA: stream 0, sample 168, dts 6680000
02-02 17:16:56.092 31954 32239 V IJKMEDIA: stream 1, sample 271, dts 6292608
02-02 17:16:56.092 31954 32239 V IJKMEDIA: stream 0, sample 168, dts 6680000
02-02 17:16:56.092 31954 32239 V IJKMEDIA: stream 1, sample 272, dts 6315828
02-02 17:16:56.092 31954 32239 V IJKMEDIA: stream 0, sample 168, dts 6680000
02-02 17:16:56.092 31954 32239 V IJKMEDIA: stream 1, sample 273, dts 6339048
02-02 17:16:56.092 31954 32239 V IJKMEDIA: stream 0, sample 168, dts 6680000
02-02 17:16:56.092 31954 32239 V IJKMEDIA: stream 1, sample 274, dts 6362268
02-02 17:16:56.092 31954 32239 V IJKMEDIA: stream 0, sample 168, dts 6680000
02-02 17:16:56.092 31954 32239 V IJKMEDIA: stream 1, sample 275, dts 6385488
02-02 17:16:56.092 31954 32239 V IJKMEDIA: stream 0, sample 168, dts 6680000
02-02 17:16:56.092 31954 32239 V IJKMEDIA: stream 1, sample 276, dts 6408707
02-02 17:16:56.092 31954 32239 V IJKMEDIA: stream 0, sample 168, dts 6680000
02-02 17:16:56.092 31954 32239 V IJKMEDIA: stream 1, sample 277, dts 6431927
02-02 17:16:56.092 31954 32239 V IJKMEDIA: stream 0, sample 168, dts 6680000
02-02 17:16:56.092 31954 32239 V IJKMEDIA: stream 1, sample 278, dts 6455147
02-02 17:16:56.092 31954 32239 V IJKMEDIA: stream 0, sample 168, dts 6680000
02-02 17:16:56.092 31954 32239 V IJKMEDIA: stream 1, sample 279, dts 6478367
02-02 17:16:56.092 31954 32239 V IJKMEDIA: stream 0, sample 168, dts 6680000
02-02 17:16:56.092 31954 32239 V IJKMEDIA: stream 1, sample 280, dts 6501587
02-02 17:16:56.092 31954 32239 V IJKMEDIA: stream 0, sample 168, dts 6680000
02-02 17:16:56.092 31954 32239 V IJKMEDIA: stream 1, sample 281, dts 6524807
02-02 17:16:56.092 31954 32239 V IJKMEDIA: stream 0, sample 168, dts 6680000
02-02 17:16:56.092 31954 32239 V IJKMEDIA: stream 1, sample 282, dts 6548027
02-02 17:16:56.092 31954 32239 V IJKMEDIA: stream 0, sample 168, dts 6680000
02-02 17:16:56.092 31954 32239 V IJKMEDIA: stream 1, sample 283, dts 6571247
02-02 17:16:56.092 31954 32239 V IJKMEDIA: stream 0, sample 168, dts 6680000
02-02 17:16:56.092 31954 32239 V IJKMEDIA: stream 1, sample 284, dts 6594467
02-02 17:16:56.092 31954 32239 V IJKMEDIA: stream 0, sample 168, dts 6680000
02-02 17:16:56.092 31954 32239 V IJKMEDIA: stream 1, sample 285, dts 6617687
02-02 17:16:56.092 31954 32239 V IJKMEDIA: stream 0, sample 168, dts 6680000
02-02 17:16:56.092 31954 32239 V IJKMEDIA: stream 1, sample 286, dts 6640907
02-02 17:16:56.092 31954 32239 V IJKMEDIA: stream 0, sample 168, dts 6680000
02-02 17:16:56.092 31954 32239 V IJKMEDIA: stream 1, sample 287, dts 6664127
02-02 17:16:56.092 31954 32239 V IJKMEDIA: stream 0, sample 168, dts 6680000
02-02 17:16:56.092 31954 32239 V IJKMEDIA: stream 1, sample 288, dts 6687347
02-02 17:16:56.092 31954 32239 V IJKMEDIA: stream 0, sample 168, dts 6680000
02-02 17:16:56.092 31954 32239 V IJKMEDIA: stream 1, sample 289, dts 6710567
02-02 17:16:56.092 31954 32239 V IJKMEDIA: stream 0, sample 169, dts 6720000
02-02 17:16:56.092 31954 32239 V IJKMEDIA: stream 1, sample 289, dts 6710567
02-02 17:16:56.093 31954 32239 V IJKMEDIA: stream 0, sample 170, dts 6760000
02-02 17:16:56.093 31954 32239 V IJKMEDIA: stream 1, sample 289, dts 6710567
02-02 17:16:56.093 31954 32239 V IJKMEDIA: stream 0, sample 171, dts 6800000
02-02 17:16:56.093 31954 32239 V IJKMEDIA: stream 1, sample 289, dts 6710567
02-02 17:16:56.093 31954 32239 V IJKMEDIA: stream 0, sample 172, dts 6840000
02-02 17:16:56.093 31954 32239 V IJKMEDIA: stream 1, sample 289, dts 6710567
02-02 17:16:56.093 31954 32239 V IJKMEDIA: stream 0, sample 173, dts 6880000
02-02 17:16:56.093 31954 32239 V IJKMEDIA: stream 1, sample 289, dts 6710567
02-02 17:16:56.093 31954 32239 V IJKMEDIA: stream 0, sample 174, dts 6920000
02-02 17:16:56.093 31954 32239 V IJKMEDIA: stream 1, sample 289, dts 6710567
02-02 17:16:56.093 31954 32239 V IJKMEDIA: stream 0, sample 175, dts 6960000
02-02 17:16:56.093 31954 32239 V IJKMEDIA: stream 1, sample 289, dts 6710567
02-02 17:16:56.093 31954 32239 V IJKMEDIA: stream 0, sample 176, dts 7000000
02-02 17:16:56.093 31954 32239 V IJKMEDIA: stream 1, sample 289, dts 6710567
02-02 17:16:56.093 31954 32239 V IJKMEDIA: stream 0, sample 177, dts 7040000
02-02 17:16:56.093 31954 32239 V IJKMEDIA: stream 1, sample 289, dts 6710567
02-02 17:16:56.093 31954 32239 V IJKMEDIA: stream 0, sample 178, dts 7080000
02-02 17:16:56.094 31954 32239 V IJKMEDIA: stream 1, sample 289, dts 6710567
02-02 17:16:56.094 31954 32239 V IJKMEDIA: stream 0, sample 179, dts 7120000
02-02 17:16:56.094 31954 32239 V IJKMEDIA: stream 1, sample 289, dts 6710567
02-02 17:16:56.094 31954 32239 V IJKMEDIA: stream 0, sample 180, dts 7160000
02-02 17:16:56.094 31954 32239 V IJKMEDIA: stream 1, sample 289, dts 6710567
02-02 17:16:56.094 31954 32239 V IJKMEDIA: stream 0, sample 180, dts 7160000
02-02 17:16:56.094 31954 32239 V IJKMEDIA: stream 1, sample 290, dts 6733787
02-02 17:16:56.094 31954 32239 V IJKMEDIA: stream 0, sample 180, dts 7160000
02-02 17:16:56.094 31954 32239 V IJKMEDIA: stream 1, sample 291, dts 6757007
02-02 17:16:56.094 31954 32239 V IJKMEDIA: stream 0, sample 180, dts 7160000
02-02 17:16:56.094 31954 32239 V IJKMEDIA: stream 1, sample 292, dts 6780227
02-02 17:16:56.094 31954 32239 V IJKMEDIA: stream 0, sample 180, dts 7160000
02-02 17:16:56.094 31954 32239 V IJKMEDIA: stream 1, sample 293, dts 6803447
02-02 17:16:56.094 31954 32239 V IJKMEDIA: stream 0, sample 180, dts 7160000
02-02 17:16:56.094 31954 32239 V IJKMEDIA: stream 1, sample 294, dts 6826667
02-02 17:16:56.094 31954 32239 V IJKMEDIA: stream 0, sample 180, dts 7160000
02-02 17:16:56.094 31954 32239 V IJKMEDIA: stream 1, sample 295, dts 6849887
02-02 17:16:56.094 31954 32239 V IJKMEDIA: stream 0, sample 180, dts 7160000
02-02 17:16:56.094 31954 32239 V IJKMEDIA: stream 1, sample 296, dts 6873107
02-02 17:16:56.094 31954 32239 V IJKMEDIA: stream 0, sample 180, dts 7160000
02-02 17:16:56.094 31954 32239 V IJKMEDIA: stream 1, sample 297, dts 6896327
02-02 17:16:56.094 31954 32239 V IJKMEDIA: stream 0, sample 180, dts 7160000
02-02 17:16:56.094 31954 32239 V IJKMEDIA: stream 1, sample 298, dts 6919546
02-02 17:16:56.094 31954 32239 V IJKMEDIA: stream 0, sample 180, dts 7160000
02-02 17:16:56.094 31954 32239 V IJKMEDIA: stream 1, sample 299, dts 6942766
02-02 17:16:56.094 31954 32239 V IJKMEDIA: stream 0, sample 180, dts 7160000
02-02 17:16:56.094 31954 32239 V IJKMEDIA: stream 1, sample 300, dts 6965986
02-02 17:16:56.094 31954 32239 V IJKMEDIA: stream 0, sample 180, dts 7160000
02-02 17:16:56.094 31954 32239 V IJKMEDIA: stream 1, sample 301, dts 6989206
02-02 17:16:56.094 31954 32239 V IJKMEDIA: stream 0, sample 180, dts 7160000
02-02 17:16:56.094 31954 32239 V IJKMEDIA: stream 1, sample 302, dts 7012426
02-02 17:16:56.094 31954 32239 V IJKMEDIA: stream 0, sample 180, dts 7160000
02-02 17:16:56.094 31954 32239 V IJKMEDIA: stream 1, sample 303, dts 7035646
02-02 17:16:56.094 31954 32239 V IJKMEDIA: stream 0, sample 180, dts 7160000
02-02 17:16:56.094 31954 32239 V IJKMEDIA: stream 1, sample 304, dts 7058866
02-02 17:16:56.094 31954 32239 V IJKMEDIA: stream 0, sample 180, dts 7160000
02-02 17:16:56.094 31954 32239 V IJKMEDIA: stream 1, sample 305, dts 7082086
02-02 17:16:56.094 31954 32239 V IJKMEDIA: stream 0, sample 180, dts 7160000
02-02 17:16:56.094 31954 32239 V IJKMEDIA: stream 1, sample 306, dts 7105306
02-02 17:16:56.094 31954 32239 V IJKMEDIA: stream 0, sample 180, dts 7160000
02-02 17:16:56.094 31954 32239 V IJKMEDIA: stream 1, sample 307, dts 7128526
02-02 17:16:56.094 31954 32239 V IJKMEDIA: stream 0, sample 180, dts 7160000
02-02 17:16:56.094 31954 32239 V IJKMEDIA: stream 1, sample 308, dts 7151746
02-02 17:16:56.094 31954 32239 V IJKMEDIA: stream 0, sample 180, dts 7160000
02-02 17:16:56.095 31954 32239 V IJKMEDIA: stream 1, sample 309, dts 7174966
02-02 17:16:56.095 31954 32239 V IJKMEDIA: stream 0, sample 181, dts 7200000
02-02 17:16:56.095 31954 32239 V IJKMEDIA: stream 1, sample 309, dts 7174966
02-02 17:16:56.095 31954 32239 V IJKMEDIA: stream 0, sample 182, dts 7240000
02-02 17:16:56.095 31954 32239 V IJKMEDIA: stream 1, sample 309, dts 7174966
02-02 17:16:56.095 31954 32239 V IJKMEDIA: stream 0, sample 183, dts 7280000
02-02 17:16:56.095 31954 32239 V IJKMEDIA: stream 1, sample 309, dts 7174966
02-02 17:16:56.095 31954 32239 V IJKMEDIA: stream 0, sample 184, dts 7320000
02-02 17:16:56.095 31954 32239 V IJKMEDIA: stream 1, sample 309, dts 7174966
02-02 17:16:56.095 31954 32239 V IJKMEDIA: stream 0, sample 185, dts 7360000
02-02 17:16:56.095 31954 32239 V IJKMEDIA: stream 1, sample 309, dts 7174966
02-02 17:16:56.095 31954 32239 V IJKMEDIA: stream 0, sample 186, dts 7400000
02-02 17:16:56.095 31954 32239 V IJKMEDIA: stream 1, sample 309, dts 7174966
02-02 17:16:56.095 31954 32239 V IJKMEDIA: stream 0, sample 187, dts 7440000
02-02 17:16:56.095 31954 32239 V IJKMEDIA: stream 1, sample 309, dts 7174966
02-02 17:16:56.095 31954 32239 V IJKMEDIA: stream 0, sample 188, dts 7480000
02-02 17:16:56.095 31954 32239 V IJKMEDIA: stream 1, sample 309, dts 7174966
02-02 17:16:56.095 31954 32239 V IJKMEDIA: stream 0, sample 189, dts 7520000
02-02 17:16:56.095 31954 32239 V IJKMEDIA: stream 1, sample 309, dts 7174966
02-02 17:16:56.095 31954 32239 V IJKMEDIA: stream 0, sample 190, dts 7560000
02-02 17:16:56.095 31954 32239 V IJKMEDIA: stream 1, sample 309, dts 7174966
02-02 17:16:56.095 31954 32239 V IJKMEDIA: stream 0, sample 191, dts 7600000
02-02 17:16:56.095 31954 32239 V IJKMEDIA: stream 1, sample 309, dts 7174966
02-02 17:16:56.095 31954 32239 V IJKMEDIA: stream 0, sample 192, dts 7640000
02-02 17:16:56.096 31954 32239 V IJKMEDIA: stream 1, sample 309, dts 7174966
02-02 17:16:56.096 31954 32239 V IJKMEDIA: stream 0, sample 192, dts 7640000
02-02 17:16:56.096 31954 32239 V IJKMEDIA: stream 1, sample 310, dts 7198186
02-02 17:16:56.096 31954 32239 V IJKMEDIA: stream 0, sample 192, dts 7640000
02-02 17:16:56.096 31954 32239 V IJKMEDIA: stream 1, sample 311, dts 7221406
02-02 17:16:56.096 31954 32239 V IJKMEDIA: stream 0, sample 192, dts 7640000
02-02 17:16:56.096 31954 32239 V IJKMEDIA: stream 1, sample 312, dts 7244626
02-02 17:16:56.096 31954 32239 V IJKMEDIA: stream 0, sample 192, dts 7640000
02-02 17:16:56.096 31954 32239 V IJKMEDIA: stream 1, sample 313, dts 7267846
02-02 17:16:56.096 31954 32239 V IJKMEDIA: stream 0, sample 192, dts 7640000
02-02 17:16:56.096 31954 32239 V IJKMEDIA: stream 1, sample 314, dts 7291066
02-02 17:16:56.096 31954 32239 V IJKMEDIA: stream 0, sample 192, dts 7640000
02-02 17:16:56.096 31954 32239 V IJKMEDIA: stream 1, sample 315, dts 7314286
02-02 17:16:56.096 31954 32239 V IJKMEDIA: stream 0, sample 192, dts 7640000
02-02 17:16:56.096 31954 32239 V IJKMEDIA: stream 1, sample 316, dts 7337506
02-02 17:16:56.096 31954 32239 V IJKMEDIA: stream 0, sample 192, dts 7640000
02-02 17:16:56.096 31954 32239 V IJKMEDIA: stream 1, sample 317, dts 7360726
02-02 17:16:56.096 31954 32239 V IJKMEDIA: stream 0, sample 192, dts 7640000
02-02 17:16:56.096 31954 32239 V IJKMEDIA: stream 1, sample 318, dts 7383946
02-02 17:16:56.096 31954 32239 V IJKMEDIA: stream 0, sample 192, dts 7640000
02-02 17:16:56.096 31954 32239 V IJKMEDIA: stream 1, sample 319, dts 7407166
02-02 17:16:56.096 31954 32239 V IJKMEDIA: stream 0, sample 192, dts 7640000
02-02 17:16:56.096 31954 32239 V IJKMEDIA: stream 1, sample 320, dts 7430385
02-02 17:16:56.097 31954 32239 V IJKMEDIA: stream 1, sample 329, dts 7639365
02-02 17:16:56.102 31954 32239 V IJKMEDIA: stream 0, sample 203, dts 8080000
02-02 17:16:56.102 31954 32239 V IJKMEDIA: stream 1, sample 329, dts 7639365
02-02 17:16:56.102 31954 32239 V IJKMEDIA: stream 0, sample 204, dts 8120000
02-02 17:16:56.102 31954 32239 V IJKMEDIA: stream 1, sample 329, dts 7639365
02-02 17:16:56.102 31954 32239 V IJKMEDIA: stream 0, sample 204, dts 8120000
02-02 17:16:56.102 31954 32239 V IJKMEDIA: stream 1, sample 330, dts 7662585
02-02 17:16:56.102 31954 32239 V IJKMEDIA: stream 0, sample 204, dts 8120000
