06-01 14:42:14.407 25883 26546 I gralloc4: register: id=22800005455
06-01 14:42:14.421 25883 25883 W GLHandler-rende: type=1400 audit(0.0:219477): avc:
denied { getattr } for name="dmabuf:" dev="dmabuf" ino=1
scontext=u:r:untrusted_app:s0:c252,c256,c512,c768 tcontext=u:object_r:unlabeled:s0
tclass=filesystem permissive=0 app=com.cherisher.beauty.camera.videocall
06-01 14:42:14.432 25883 26546 D RenderController: detect time: 2 720 1512
06-01 14:42:14.432 25883 26546 D RenderController: beauty time: 0
06-01 14:42:14.432 25883 26546 D RenderController: filter time: 0
06-01 14:42:14.432 25883 26546 D RenderController: cosmetic time: 0
06-01 14:42:14.432 25883 26546 D RenderController: shape time: 1
06-01 14:42:14.432 25883 26546 D RenderController: style time: 0
06-01 14:42:14.432 25883 26546 D RenderController: total time: 3
06-01 14:42:14.461 25883 25883 W GLHandler-rende: type=1400 audit(0.0:219478): avc:
denied { getattr } for name="dmabuf:" dev="dmabuf" ino=1
scontext=u:r:untrusted_app:s0:c252,c256,c512,c768 tcontext=u:object_r:unlabeled:s0
tclass=filesystem permissive=0 app=com.cherisher.beauty.camera.videocall
06-01 14:42:14.472 25883 26546 D RenderController: detect time: 3 720 1512
06-01 14:42:14.472 25883 26546 D RenderController: beauty time: 0
06-01 14:42:14.472 25883 26546 D RenderController: filter time: 0
06-01 14:42:14.472 25883 26546 D RenderController: cosmetic time: 0
06-01 14:42:14.472 25883 26546 D RenderController: shape time: 0
06-01 14:42:14.472 25883 26546 D RenderController: style time: 0
06-01 14:42:14.472 25883 26546 D RenderController: total time: 3
06-01 14:42:14.511 25883 26546 D RenderController: detect time: 3 720 1512
06-01 14:42:14.511 25883 26546 D RenderController: beauty time: 0
06-01 14:42:14.511 25883 26546 D RenderController: filter time: 0
06-01 14:42:14.511 25883 26546 D RenderController: cosmetic time: 0
06-01 14:42:14.511 25883 26546 D RenderController: shape time: 0
06-01 14:42:14.511 25883 26546 D RenderController: style time: 0
06-01 14:42:14.511 25883 26546 D RenderController: total time: 3
06-01 14:42:14.556 25883 26546 D RenderController: detect time: 3 720 1512
06-01 14:42:14.556 25883 26546 D RenderController: beauty time: 0
06-01 14:42:14.556 25883 26546 D RenderController: filter time: 0
06-01 14:42:14.556 25883 26546 D RenderController: cosmetic time: 0
06-01 14:42:14.556 25883 26546 D RenderController: shape time: 0
06-01 14:42:14.556 25883 26546 D RenderController: style time: 0
06-01 14:42:14.556 25883 26546 D RenderController: total time: 3
06-01 14:42:14.590 25883 25883 I [LiveEventBus]: broadcast:
com.lightcone.whatsappbeautycam.viewmodel.event.SelectedCosmeticEvent@43b0652
foreground: false with key: class
com.lightcone.whatsappbeautycam.viewmodel.event.SelectedCosmeticEvent
06-01 14:42:14.592 25883 26546 D RenderController: detect time: 2 720 1512
06-01 14:42:14.592 25883 26546 D RenderController: beauty time: 0
06-01 14:42:14.592 25883 26546 D RenderController: filter time: 0
06-01 14:42:14.592 25883 26546 D RenderController: cosmetic time: 0
06-01 14:42:14.592 25883 26546 D RenderController: shape time: 1
06-01 14:42:14.592 25883 26546 D RenderController: style time: 0
06-01 14:42:14.592 25883 26546 D RenderController: total time: 3
06-01 14:42:14.602 25883 25883 I [LiveEventBus]: broadcast:
com.lightcone.whatsappbeautycam.viewmodel.event.CosmeticIntensityUpdateEvent@5c3022
0 foreground: false with key: class
com.lightcone.whatsappbeautycam.viewmodel.event.CosmeticIntensityUpdateEvent
06-01 14:42:14.603 25883 25883 I [LiveEventBus]: post:
com.lightcone.whatsappbeautycam.viewmodel.event.ResourceDownloadEvent@36dd7d9 with
key: class com.lightcone.whatsappbeautycam.viewmodel.event.ResourceDownloadEvent
06-01 14:42:14.603 25883 25883 I [LiveEventBus]: message received:
com.lightcone.whatsappbeautycam.viewmodel.event.ResourceDownloadEvent@36dd7d9
06-01 14:42:14.603 25883 25883 I [LiveEventBus]: message received:
com.lightcone.whatsappbeautycam.viewmodel.event.ResourceDownloadEvent@36dd7d9
06-01 14:42:14.604 25883 25883 I [LiveEventBus]: post:
com.lightcone.whatsappbeautycam.viewmodel.event.SelectedCosmeticEvent@914287f with
key: class com.lightcone.whatsappbeautycam.viewmodel.event.SelectedCosmeticEvent
06-01 14:42:14.604 25883 25883 I [LiveEventBus]: message received:
com.lightcone.whatsappbeautycam.viewmodel.event.SelectedCosmeticEvent@914287f
06-01 14:42:14.604 25883 25883 I [LiveEventBus]: message received:
com.lightcone.whatsappbeautycam.viewmodel.event.SelectedCosmeticEvent@914287f
06-01 14:42:14.605 25883 25883 I [LiveEventBus]: broadcast:
com.lightcone.whatsappbeautycam.viewmodel.event.CosmeticIntensityUpdateEvent@bdb189
5 foreground: false with key: class
com.lightcone.whatsappbeautycam.viewmodel.event.CosmeticIntensityUpdateEvent
06-01 14:42:14.606 25883 25883 I [LiveEventBus]: post:
com.lightcone.whatsappbeautycam.viewmodel.event.CosmeticIntensityUpdateEvent@6050da
a with key: class
com.lightcone.whatsappbeautycam.viewmodel.event.CosmeticIntensityUpdateEvent
06-01 14:42:14.606 25883 25883 I [LiveEventBus]: message received:
com.lightcone.whatsappbeautycam.viewmodel.event.CosmeticIntensityUpdateEvent@6050da
a
06-01 14:42:14.607 25883 25883 I [LiveEventBus]: message received:
com.lightcone.whatsappbeautycam.viewmodel.event.CosmeticIntensityUpdateEvent@6050da
a
06-01 14:42:14.611 25883 26546 D RenderController: detect time: 4 720 1512
06-01 14:42:14.611 25883 26546 D RenderController: beauty time: 0
06-01 14:42:14.611 25883 26546 D RenderController: filter time: 0
06-01 14:42:14.611 25883 26546 D RenderController: cosmetic time: 0
06-01 14:42:14.611 25883 26546 D RenderController: shape time: 0
06-01 14:42:14.611 25883 26546 D RenderController: style time: 0
06-01 14:42:14.611 25883 26546 D RenderController: total time: 4
06-01 14:42:14.616 25883 25883 I [LiveEventBus]: post:
com.lightcone.whatsappbeautycam.viewmodel.event.CosmeticIntensityUpdateEvent@fbaf53
8 with key: class
com.lightcone.whatsappbeautycam.viewmodel.event.CosmeticIntensityUpdateEvent
06-01 14:42:14.616 25883 25883 I [LiveEventBus]: message received:
com.lightcone.whatsappbeautycam.viewmodel.event.CosmeticIntensityUpdateEvent@fbaf53
8
06-01 14:42:14.616 25883 25883 I [LiveEventBus]: message received:
com.lightcone.whatsappbeautycam.viewmodel.event.CosmeticIntensityUpdateEvent@fbaf53
8
06-01 14:42:14.632 25883 26546 D RenderController: detect time: 3 720 1512
06-01 14:42:14.632 25883 26546 D RenderController: beauty time: 0
06-01 14:42:14.632 25883 26546 D RenderController: filter time: 0
06-01 14:42:14.632 25883 26546 D RenderController: cosmetic time: 0
06-01 14:42:14.632 25883 26546 D RenderController: shape time: 0
06-01 14:42:14.632 25883 26546 D RenderController: style time: 0
06-01 14:42:14.632 25883 26546 D RenderController: total time: 3
06-01 14:42:14.665 25883 26546 D RenderController: detect time: 3 720 1512
06-01 14:42:14.665 25883 26546 D RenderController: beauty time: 0
06-01 14:42:14.665 25883 26546 D RenderController: filter time: 0
06-01 14:42:14.665 25883 26546 D RenderController: cosmetic time: 0
06-01 14:42:14.665 25883 26546 D RenderController: shape time: 0
06-01 14:42:14.665 25883 26546 D RenderController: style time: 0
06-01 14:42:14.665 25883 26546 D RenderController: total time: 3
06-01 14:42:14.703 25883 26546 D RenderController: detect time: 6 720 1512
06-01 14:42:14.703 25883 26546 D RenderController: beauty time: 0
06-01 14:42:14.703 25883 26546 D RenderController: filter time: 0
06-01 14:42:14.703 25883 26546 D RenderController: cosmetic time: 0
06-01 14:42:14.703 25883 26546 D RenderController: shape time: 1
06-01 14:42:14.703 25883 26546 D RenderController: style time: 0
06-01 14:42:14.703 25883 26546 D RenderController: total time: 7
06-01 14:42:14.734 25883 26546 D RenderController: detect time: 4 720 1512
06-01 14:42:14.734 25883 26546 D RenderController: beauty time: 0
06-01 14:42:14.734 25883 26546 D RenderController: filter time: 0
06-01 14:42:14.734 25883 26546 D RenderController: cosmetic time: 0
06-01 14:42:14.734 25883 26546 D RenderController: shape time: 0
06-01 14:42:14.734 25883 26546 D RenderController: style time: 0
06-01 14:42:14.734 25883 26546 D RenderController: total time: 4
06-01 14:42:14.767 25883 26546 D RenderController: detect time: 3 720 1512
06-01 14:42:14.767 25883 26546 D RenderController: beauty time: 0
06-01 14:42:14.768 25883 26546 D RenderController: filter time: 0
06-01 14:42:14.768 25883 26546 D RenderController: cosmetic time: 0
06-01 14:42:14.768 25883 26546 D RenderController: shape time: 0
06-01 14:42:14.768 25883 26546 D RenderController: style time: 0
06-01 14:42:14.768 25883 26546 D RenderController: total time: 3
06-01 14:42:14.801 25883 26546 D RenderController: detect time: 3 720 1512
06-01 14:42:14.801 25883 26546 D RenderController: beauty time: 0
06-01 14:42:14.801 25883 26546 D RenderController: filter time: 0
06-01 14:42:14.801 25883 26546 D RenderController: cosmetic time: 0
06-01 14:42:14.801 25883 26546 D RenderController: shape time: 1
06-01 14:42:14.801 25883 26546 D RenderController: style time: 0
06-01 14:42:14.801 25883 26546 D RenderController: total time: 4
06-01 14:42:14.833 25883 26546 D RenderController: detect time: 4 720 1512
06-01 14:42:14.833 25883 26546 D RenderController: beauty time: 0
06-01 14:42:14.833 25883 26546 D RenderController: filter time: 0
06-01 14:42:14.833 25883 26546 D RenderController: cosmetic time: 0
06-01 14:42:14.833 25883 26546 D RenderController: shape time: 0
06-01 14:42:14.833 25883 26546 D RenderController: style time: 0
06-01 14:42:14.833 25883 26546 D RenderController: total time: 4
06-01 14:42:14.868 25883 26546 D RenderController: detect time: 3 720 1512
06-01 14:42:14.868 25883 26546 D RenderController: beauty time: 0
06-01 14:42:14.868 25883 26546 D RenderController: filter time: 0
06-01 14:42:14.868 25883 26546 D RenderController: cosmetic time: 0
06-01 14:42:14.868 25883 26546 D RenderController: shape time: 1
06-01 14:42:14.868 25883 26546 D RenderController: style time: 0
06-01 14:42:14.868 25883 26546 D RenderController: total time: 4
06-01 14:42:14.901 25883 26546 D RenderController: detect time: 3 720 1512
06-01 14:42:14.901 25883 26546 D RenderController: beauty time: 0
06-01 14:42:14.901 25883 26546 D RenderController: filter time: 0
06-01 14:42:14.901 25883 26546 D RenderController: cosmetic time: 0
06-01 14:42:14.901 25883 26546 D RenderController: shape time: 1
06-01 14:42:14.901 25883 26546 D RenderController: style time: 0
06-01 14:42:14.901 25883 26546 D RenderController: total time: 4
06-01 14:42:14.933 25883 26546 D RenderController: detect time: 4 720 1512
06-01 14:42:14.933 25883 26546 D RenderController: beauty time: 0
06-01 14:42:14.933 25883 26546 D RenderController: filter time: 0
06-01 14:42:14.933 25883 26546 D RenderController: cosmetic time: 0
06-01 14:42:14.933 25883 26546 D RenderController: shape time: 0
06-01 14:42:14.933 25883 26546 D RenderController: style time: 0
06-01 14:42:14.933 25883 26546 D RenderController: total time: 4
06-01 14:42:14.967 25883 26546 D RenderController: detect time: 4 720 1512
06-01 14:42:14.967 25883 26546 D RenderController: beauty time: 0
06-01 14:42:14.967 25883 26546 D RenderController: filter time: 0
06-01 14:42:14.967 25883 26546 D RenderController: cosmetic time: 0
06-01 14:42:14.967 25883 26546 D RenderController: shape time: 0
06-01 14:42:14.968 25883 26546 D RenderController: style time: 0
06-01 14:42:14.968 25883 26546 D RenderController: total time: 4
06-01 14:42:15.000 25883 26546 D RenderController: detect time: 4 720 1512
06-01 14:42:15.000 25883 26546 D RenderController: beauty time: 0
06-01 14:42:15.000 25883 26546 D RenderController: filter time: 0
06-01 14:42:15.000 25883 26546 D RenderController: cosmetic time: 0
06-01 14:42:15.000 25883 26546 D RenderController: shape time: 0
06-01 14:42:15.000 25883 26546 D RenderController: style time: 0
06-01 14:42:15.000 25883 26546 D RenderController: total time: 4
06-01 14:42:15.034 25883 26546 D RenderController: detect time: 3 720 1512
06-01 14:42:15.034 25883 26546 D RenderController: beauty time: 0
06-01 14:42:15.034 25883 26546 D RenderController: filter time: 0
06-01 14:42:15.034 25883 26546 D RenderController: cosmetic time: 1
06-01 14:42:15.034 25883 26546 D RenderController: shape time: 0
06-01 14:42:15.034 25883 26546 D RenderController: style time: 0
06-01 14:42:15.034 25883 26546 D RenderController: total time: 4
06-01 14:42:15.069 25883 26546 D RenderController: detect time: 4 720 1512
06-01 14:42:15.069 25883 26546 D RenderController: beauty time: 0
06-01 14:42:15.069 25883 26546 D RenderController: filter time: 0
06-01 14:42:15.069 25883 26546 D RenderController: cosmetic time: 0
06-01 14:42:15.069 25883 26546 D RenderController: shape time: 1
06-01 14:42:15.069 25883 26546 D RenderController: style time: 0
06-01 14:42:15.069 25883 26546 D RenderController: total time: 5
06-01 14:42:15.100 25883 26546 D RenderController: detect time: 3 720 1512
06-01 14:42:15.101 25883 26546 D RenderController: beauty time: 0
06-01 14:42:15.101 25883 26546 D RenderController: filter time: 0
06-01 14:42:15.101 25883 26546 D RenderController: cosmetic time: 0
06-01 14:42:15.101 25883 26546 D RenderController: shape time: 0
06-01 14:42:15.101 25883 26546 D RenderController: style time: 0
06-01 14:42:15.101 25883 26546 D RenderController: total time: 3
06-01 14:42:15.133 25883 26546 D RenderController: detect time: 4 720 1512
06-01 14:42:15.133 25883 26546 D RenderController: beauty time: 0
06-01 14:42:15.133 25883 26546 D RenderController: filter time: 0
06-01 14:42:15.133 25883 26546 D RenderController: cosmetic time: 0
06-01 14:42:15.133 25883 26546 D RenderController: shape time: 0
06-01 14:42:15.133 25883 26546 D RenderController: style time: 0
06-01 14:42:15.134 25883 26546 D RenderController: total time: 4
06-01 14:42:15.167 25883 26546 D RenderController: detect time: 4 720 1512
06-01 14:42:15.167 25883 26546 D RenderController: beauty time: 0
06-01 14:42:15.167 25883 26546 D RenderController: filter time: 0
06-01 14:42:15.167 25883 26546 D RenderController: cosmetic time: 0
06-01 14:42:15.168 25883 26546 D RenderController: shape time: 0
06-01 14:42:15.168 25883 26546 D RenderController: style time: 0
06-01 14:42:15.168 25883 26546 D RenderController: total time: 4
06-01 14:42:15.200 25883 26546 D RenderController: detect time: 4 720 1512
06-01 14:42:15.200 25883 26546 D RenderController: beauty time: 0
06-01 14:42:15.200 25883 26546 D RenderController: filter time: 0
06-01 14:42:15.200 25883 26546 D RenderController: cosmetic time: 0
06-01 14:42:15.200 25883 26546 D RenderController: shape time: 0
06-01 14:42:15.200 25883 26546 D RenderController: style time: 0
06-01 14:42:15.200 25883 26546 D RenderController: total time: 4
06-01 14:42:15.234 25883 26546 D RenderController: detect time: 4 720 1512
06-01 14:42:15.234 25883 26546 D RenderController: beauty time: 0
06-01 14:42:15.234 25883 26546 D RenderController: filter time: 0
06-01 14:42:15.234 25883 26546 D RenderController: cosmetic time: 0
06-01 14:42:15.234 25883 26546 D RenderController: shape time: 0
06-01 14:42:15.234 25883 26546 D RenderController: style time: 0
06-01 14:42:15.234 25883 26546 D RenderController: total time: 4
06-01 14:42:15.267 25883 26546 D RenderController: detect time: 3 720 1512
06-01 14:42:15.267 25883 26546 D RenderController: beauty time: 0
06-01 14:42:15.267 25883 26546 D RenderController: filter time: 0
06-01 14:42:15.267 25883 26546 D RenderController: cosmetic time: 0
06-01 14:42:15.267 25883 26546 D RenderController: shape time: 1
06-01 14:42:15.267 25883 26546 D RenderController: style time: 0
06-01 14:42:15.267 25883 26546 D RenderController: total time: 4
06-01 14:42:15.300 25883 26546 D RenderController: detect time: 4 720 1512
06-01 14:42:15.300 25883 26546 D RenderController: beauty time: 0
06-01 14:42:15.300 25883 26546 D RenderController: filter time: 0
06-01 14:42:15.300 25883 26546 D RenderController: cosmetic time: 0
06-01 14:42:15.300 25883 26546 D RenderController: shape time: 0
06-01 14:42:15.300 25883 26546 D RenderController: style time: 0
06-01 14:42:15.300 25883 26546 D RenderController: total time: 4
06-01 14:42:15.334 25883 26546 D RenderController: detect time: 3 720 1512
06-01 14:42:15.334 25883 26546 D RenderController: beauty time: 0
06-01 14:42:15.334 25883 26546 D RenderController: filter time: 0
06-01 14:42:15.334 25883 26546 D RenderController: cosmetic time: 0
06-01 14:42:15.334 25883 26546 D RenderController: shape time: 1
06-01 14:42:15.334 25883 26546 D RenderController: style time: 0
06-01 14:42:15.334 25883 26546 D RenderController: total time: 4
06-01 14:42:15.367 25883 26546 D RenderController: detect time: 3 720 1512
06-01 14:42:15.368 25883 26546 D RenderController: beauty time: 0
06-01 14:42:15.368 25883 26546 D RenderController: filter time: 0
06-01 14:42:15.368 25883 26546 D RenderController: cosmetic time: 0
06-01 14:42:15.368 25883 26546 D RenderController: shape time: 0
06-01 14:42:15.368 25883 26546 D RenderController: style time: 0
06-01 14:42:15.368 25883 26546 D RenderController: total time: 3
06-01 14:42:15.400 25883 26546 D RenderController: detect time: 4 720 1512
06-01 14:42:15.400 25883 26546 D RenderController: beauty time: 0
06-01 14:42:15.400 25883 26546 D RenderController: filter time: 0
06-01 14:42:15.400 25883 26546 D RenderController: cosmetic time: 0
06-01 14:42:15.400 25883 26546 D RenderController: shape time: 0
06-01 14:42:15.401 25883 26546 D RenderController: style time: 0
06-01 14:42:15.401 25883 26546 D RenderController: total time: 4
06-01 14:42:15.434 25883 26546 D RenderController: detect time: 3 720 1512
06-01 14:42:15.434 25883 26546 D RenderController: beauty time: 0
06-01 14:42:15.434 25883 26546 D RenderController: filter time: 0
06-01 14:42:15.434 25883 26546 D RenderController: cosmetic time: 0
06-01 14:42:15.434 25883 26546 D RenderController: shape time: 1
06-01 14:42:15.434 25883 26546 D RenderController: style time: 0
06-01 14:42:15.434 25883 26546 D RenderController: total time: 4
06-01 14:42:15.467 25883 26546 D RenderController: detect time: 4 720 1512
06-01 14:42:15.467 25883 26546 D RenderController: beauty time: 0
06-01 14:42:15.467 25883 26546 D RenderController: filter time: 0
06-01 14:42:15.467 25883 26546 D RenderController: cosmetic time: 0
06-01 14:42:15.468 25883 26546 D RenderController: shape time: 0
06-01 14:42:15.468 25883 26546 D RenderController: style time: 0
06-01 14:42:15.468 25883 26546 D RenderController: total time: 4
06-01 14:42:15.500 25883 26546 D RenderController: detect time: 3 720 1512
06-01 14:42:15.500 25883 26546 D RenderController: beauty time: 0
06-01 14:42:15.500 25883 26546 D RenderController: filter time: 0
06-01 14:42:15.500 25883 26546 D RenderController: cosmetic time: 1
06-01 14:42:15.500 25883 26546 D RenderController: shape time: 0
06-01 14:42:15.500 25883 26546 D RenderController: style time: 0
06-01 14:42:15.500 25883 26546 D RenderController: total time: 4
06-01 14:42:15.535 25883 26546 D RenderController: detect time: 3 720 1512
06-01 14:42:15.535 25883 26546 D RenderController: beauty time: 0
06-01 14:42:15.535 25883 26546 D RenderController: filter time: 0
06-01 14:42:15.535 25883 26546 D RenderController: cosmetic time: 0
06-01 14:42:15.535 25883 26546 D RenderController: shape time: 1
06-01 14:42:15.535 25883 26546 D RenderController: style time: 0
06-01 14:42:15.535 25883 26546 D RenderController: total time: 4
06-01 14:42:15.567 25883 26546 D RenderController: detect time: 4 720 1512
06-01 14:42:15.567 25883 26546 D RenderController: beauty time: 0
06-01 14:42:15.567 25883 26546 D RenderController: filter time: 0
06-01 14:42:15.567 25883 26546 D RenderController: cosmetic time: 0
06-01 14:42:15.567 25883 26546 D RenderController: shape time: 0
06-01 14:42:15.567 25883 26546 D RenderController: style time: 0
06-01 14:42:15.567 25883 26546 D RenderController: total time: 4
06-01 14:42:15.600 25883 26546 D RenderController: detect time: 3 720 1512
06-01 14:42:15.600 25883 26546 D RenderController: beauty time: 0
06-01 14:42:15.600 25883 26546 D RenderController: filter time: 0
06-01 14:42:15.600 25883 26546 D RenderController: cosmetic time: 0
06-01 14:42:15.600 25883 26546 D RenderController: shape time: 1
06-01 14:42:15.600 25883 26546 D RenderController: style time: 0
06-01 14:42:15.600 25883 26546 D RenderController: total time: 4
06-01 14:42:15.634 25883 26546 D RenderController: detect time: 3 720 1512
06-01 14:42:15.634 25883 26546 D RenderController: beauty time: 0
06-01 14:42:15.634 25883 26546 D RenderController: filter time: 0
06-01 14:42:15.634 25883 26546 D RenderController: cosmetic time: 0
06-01 14:42:15.634 25883 26546 D RenderController: shape time: 1
06-01 14:42:15.634 25883 26546 D RenderController: style time: 0
06-01 14:42:15.634 25883 26546 D RenderController: total time: 4
06-01 14:42:15.667 25883 26546 D RenderController: detect time: 3 720 1512
06-01 14:42:15.667 25883 26546 D RenderController: beauty time: 0
06-01 14:42:15.667 25883 26546 D RenderController: filter time: 0
06-01 14:42:15.667 25883 26546 D RenderController: cosmetic time: 0
06-01 14:42:15.667 25883 26546 D RenderController: shape time: 1
06-01 14:42:15.667 25883 26546 D RenderController: style time: 0
06-01 14:42:15.667 25883 26546 D RenderController: total time: 4
06-01 14:42:15.700 25883 26546 D RenderController: detect time: 4 720 1512
06-01 14:42:15.700 25883 26546 D RenderController: beauty time: 0
06-01 14:42:15.700 25883 26546 D RenderController: filter time: 0
06-01 14:42:15.700 25883 26546 D RenderController: cosmetic time: 0
06-01 14:42:15.700 25883 26546 D RenderController: shape time: 0
06-01 14:42:15.700 25883 26546 D RenderController: style time: 0
06-01 14:42:15.700 25883 26546 D RenderController: total time: 4
06-01 14:42:15.734 25883 26546 D RenderController: detect time: 4 720 1512
06-01 14:42:15.734 25883 26546 D RenderController: beauty time: 0
06-01 14:42:15.735 25883 26546 D RenderController: filter time: 0
06-01 14:42:15.735 25883 26546 D RenderController: cosmetic time: 0
06-01 14:42:15.735 25883 26546 D RenderController: shape time: 0
06-01 14:42:15.735 25883 26546 D RenderController: style time: 0
06-01 14:42:15.735 25883 26546 D RenderController: total time: 4
06-01 14:42:15.767 25883 26546 D RenderController: detect time: 4 720 1512
06-01 14:42:15.767 25883 26546 D RenderController: beauty time: 0
06-01 14:42:15.767 25883 26546 D RenderController: filter time: 0
06-01 14:42:15.767 25883 26546 D RenderController: cosmetic time: 0
06-01 14:42:15.767 25883 26546 D RenderController: shape time: 0
06-01 14:42:15.767 25883 26546 D RenderController: style time: 0
06-01 14:42:15.767 25883 26546 D RenderController: total time: 4
06-01 14:42:15.802 25883 26546 D RenderController: detect time: 4 720 1512
06-01 14:42:15.802 25883 26546 D RenderController: beauty time: 0
06-01 14:42:15.802 25883 26546 D RenderController: filter time: 0
06-01 14:42:15.802 25883 26546 D RenderController: cosmetic time: 0
06-01 14:42:15.802 25883 26546 D RenderController: shape time: 1
06-01 14:42:15.802 25883 26546 D RenderController: style time: 0
06-01 14:42:15.802 25883 26546 D RenderController: total time: 5
06-01 14:42:15.834 25883 26546 D RenderController: detect time: 4 720 1512
06-01 14:42:15.834 25883 26546 D RenderController: beauty time: 0
06-01 14:42:15.834 25883 26546 D RenderController: filter time: 0
06-01 14:42:15.834 25883 26546 D RenderController: cosmetic time: 0
06-01 14:42:15.834 25883 26546 D RenderController: shape time: 0
06-01 14:42:15.834 25883 26546 D RenderController: style time: 0
06-01 14:42:15.834 25883 26546 D RenderController: total time: 4
06-01 14:42:15.868 25883 26546 D RenderController: detect time: 3 720 1512
06-01 14:42:15.868 25883 26546 D RenderController: beauty time: 1
06-01 14:42:15.868 25883 26546 D RenderController: filter time: 0
06-01 14:42:15.868 25883 26546 D RenderController: cosmetic time: 0
06-01 14:42:15.868 25883 26546 D RenderController: shape time: 0
06-01 14:42:15.868 25883 26546 D RenderController: style time: 0
06-01 14:42:15.868 25883 26546 D RenderController: total time: 4
06-01 14:42:15.903 25883 26546 D RenderController: detect time: 4 720 1512
06-01 14:42:15.903 25883 26546 D RenderController: beauty time: 0
06-01 14:42:15.903 25883 26546 D RenderController: filter time: 0
06-01 14:42:15.903 25883 26546 D RenderController: cosmetic time: 0
06-01 14:42:15.903 25883 26546 D RenderController: shape time: 0
06-01 14:42:15.903 25883 26546 D RenderController: style time: 0
06-01 14:42:15.903 25883 26546 D RenderController: total time: 4
06-01 14:42:15.935 25883 26546 D RenderController: detect time: 4 720 1512
06-01 14:42:15.935 25883 26546 D RenderController: beauty time: 0
06-01 14:42:15.935 25883 26546 D RenderController: filter time: 0
06-01 14:42:15.935 25883 26546 D RenderController: cosmetic time: 0
06-01 14:42:15.935 25883 26546 D RenderController: shape time: 0
06-01 14:42:15.935 25883 26546 D RenderController: style time: 0
06-01 14:42:15.935 25883 26546 D RenderController: total time: 4
06-01 14:42:15.968 25883 26546 D RenderController: detect time: 3 720 1512
06-01 14:42:15.968 25883 26546 D RenderController: beauty time: 0
06-01 14:42:15.968 25883 26546 D RenderController: filter time: 0
06-01 14:42:15.968 25883 26546 D RenderController: cosmetic time: 0
06-01 14:42:15.968 25883 26546 D RenderController: shape time: 1
06-01 14:42:15.968 25883 26546 D RenderController: style time: 0
06-01 14:42:15.968 25883 26546 D RenderController: total time: 4
06-01 14:42:16.002 25883 26546 D RenderController: detect time: 4 720 1512
06-01 14:42:16.002 25883 26546 D RenderController: beauty time: 0
06-01 14:42:16.002 25883 26546 D RenderController: filter time: 0
06-01 14:42:16.002 25883 26546 D RenderController: cosmetic time: 0
06-01 14:42:16.002 25883 26546 D RenderController: shape time: 0
06-01 14:42:16.002 25883 26546 D RenderController: style time: 0
06-01 14:42:16.002 25883 26546 D RenderController: total time: 4
06-01 14:42:16.034 25883 26546 D RenderController: detect time: 3 720 1512
06-01 14:42:16.034 25883 26546 D RenderController: beauty time: 0
06-01 14:42:16.034 25883 26546 D RenderController: filter time: 0
06-01 14:42:16.034 25883 26546 D RenderController: cosmetic time: 1
06-01 14:42:16.034 25883 26546 D RenderController: shape time: 0
06-01 14:42:16.034 25883 26546 D RenderController: style time: 0
06-01 14:42:16.034 25883 26546 D RenderController: total time: 4
06-01 14:42:16.077 25883 26546 D RenderController: detect time: 14 720 1512
06-01 14:42:16.077 25883 26546 D RenderController: beauty time: 0
06-01 14:42:16.077 25883 26546 D RenderController: filter time: 0
06-01 14:42:16.077 25883 26546 D RenderController: cosmetic time: 0
06-01 14:42:16.077 25883 26546 D RenderController: shape time: 0
06-01 14:42:16.077 25883 26546 D RenderController: style time: 0
06-01 14:42:16.077 25883 26546 D RenderController: total time: 14
06-01 14:42:16.102 25883 26546 D RenderController: detect time: 4 720 1512
06-01 14:42:16.102 25883 26546 D RenderController: beauty time: 0
06-01 14:42:16.102 25883 26546 D RenderController: filter time: 0
06-01 14:42:16.102 25883 26546 D RenderController: cosmetic time: 0
06-01 14:42:16.102 25883 26546 D RenderController: shape time: 0
06-01 14:42:16.102 25883 26546 D RenderController: style time: 0
06-01 14:42:16.102 25883 26546 D RenderController: total time: 4
06-01 14:42:16.133 25883 26546 D RenderController: detect time: 3 720 1512
06-01 14:42:16.133 25883 26546 D RenderController: beauty time: 0
06-01 14:42:16.133 25883 26546 D RenderController: filter time: 0
06-01 14:42:16.133 25883 26546 D RenderController: cosmetic time: 0
06-01 14:42:16.133 25883 26546 D RenderController: shape time: 0
06-01 14:42:16.133 25883 26546 D RenderController: style time: 0
06-01 14:42:16.133 25883 26546 D RenderController: total time: 3
06-01 14:42:16.166 25883 26546 D RenderController: detect time: 3 720 1512
06-01 14:42:16.166 25883 26546 D RenderController: beauty time: 0
06-01 14:42:16.166 25883 26546 D RenderController: filter time: 0
06-01 14:42:16.166 25883 26546 D RenderController: cosmetic time: 0
06-01 14:42:16.166 25883 26546 D RenderController: shape time: 0
06-01 14:42:16.166 25883 26546 D RenderController: style time: 0
06-01 14:42:16.166 25883 26546 D RenderController: total time: 3
06-01 14:42:16.200 25883 26546 D RenderController: detect time: 4 720 1512
06-01 14:42:16.201 25883 26546 D RenderController: beauty time: 0
06-01 14:42:16.201 25883 26546 D RenderController: filter time: 0
06-01 14:42:16.201 25883 26546 D RenderController: cosmetic time: 0
06-01 14:42:16.201 25883 26546 D RenderController: shape time: 0
06-01 14:42:16.201 25883 26546 D RenderController: style time: 0
06-01 14:42:16.201 25883 26546 D RenderController: total time: 4
06-01 14:42:16.233 25883 26546 D RenderController: detect time: 3 720 1512
06-01 14:42:16.233 25883 26546 D RenderController: beauty time: 0
06-01 14:42:16.233 25883 26546 D RenderController: filter time: 0
06-01 14:42:16.233 25883 26546 D RenderController: cosmetic time: 0
06-01 14:42:16.233 25883 26546 D RenderController: shape time: 0
06-01 14:42:16.233 25883 26546 D RenderController: style time: 0
06-01 14:42:16.233 25883 26546 D RenderController: total time: 3
06-01 14:42:16.268 25883 26546 D RenderController: detect time: 3 720 1512
06-01 14:42:16.268 25883 26546 D RenderController: beauty time: 0
06-01 14:42:16.268 25883 26546 D RenderController: filter time: 0
06-01 14:42:16.268 25883 26546 D RenderController: cosmetic time: 0
06-01 14:42:16.268 25883 26546 D RenderController: shape time: 1
06-01 14:42:16.268 25883 26546 D RenderController: style time: 0
06-01 14:42:16.268 25883 26546 D RenderController: total time: 4
06-01 14:42:16.302 25883 26546 D RenderController: detect time: 4 720 1512
06-01 14:42:16.303 25883 26546 D RenderController: beauty time: 0
06-01 14:42:16.303 25883 26546 D RenderController: filter time: 0
06-01 14:42:16.303 25883 26546 D RenderController: cosmetic time: 0
06-01 14:42:16.303 25883 26546 D RenderController: shape time: 0
06-01 14:42:16.303 25883 26546 D RenderController: style time: 0
06-01 14:42:16.303 25883 26546 D RenderController: total time: 4
06-01 14:42:16.334 25883 26546 D RenderController: detect time: 4 720 1512
06-01 14:42:16.335 25883 26546 D RenderController: beauty time: 0
06-01 14:42:16.335 25883 26546 D RenderController: filter time: 0
06-01 14:42:16.335 25883 26546 D RenderController: cosmetic time: 0
06-01 14:42:16.335 25883 26546 D RenderController: shape time: 0
06-01 14:42:16.335 25883 26546 D RenderController: style time: 0
06-01 14:42:16.335 25883 26546 D RenderController: total time: 4
06-01 14:42:16.368 25883 26546 D RenderController: detect time: 4 720 1512
06-01 14:42:16.368 25883 26546 D RenderController: beauty time: 0
06-01 14:42:16.368 25883 26546 D RenderController: filter time: 0
06-01 14:42:16.368 25883 26546 D RenderController: cosmetic time: 0
06-01 14:42:16.368 25883 26546 D RenderController: shape time: 0
06-01 14:42:16.368 25883 26546 D RenderController: style time: 0
06-01 14:42:16.368 25883 26546 D RenderController: total time: 4
06-01 14:42:16.447 25883 25883 I [LiveEventBus]: broadcast:
com.lightcone.whatsappbeautycam.viewmodel.event.DetectFaceEvent@c7e5a76 foreground:
false with key: class
com.lightcone.whatsappbeautycam.viewmodel.event.DetectFaceEvent
06-01 14:42:16.449 25883 25883 I [LiveEventBus]: post:
com.lightcone.whatsappbeautycam.viewmodel.event.DetectFaceEvent@266c54d with key:
class com.lightcone.whatsappbeautycam.viewmodel.event.DetectFaceEvent
06-01 14:42:16.449 25883 25883 I [LiveEventBus]: message received:
com.lightcone.whatsappbeautycam.viewmodel.event.DetectFaceEvent@266c54d
06-01 14:42:17.059 25883 26546 E TAG : drawFace: rect ratio w: 1.0 ratio h:
0.9666667
06-01 14:42:17.059 25883 26546 E TAG : drawFace: texture ratio w: 1.0 ratio h:
0.96666664
06-01 14:42:17.303 25883 26546 E TAG : updateFace: [1.0, 0.34448114, 0.5786355,
0.3460454, 0.58633983, 0.3424286, 0.59382385, 0.33438042, 0.60013664, 0.3219397,
0.60441506, 0.30631074, 0.6064366, 0.29035497, 0.60626316, 0.27461413, 0.6037707,
0.26155624, 0.5991644, 0.25250152, 0.592487, 0.24856508, 0.5849677, 0.24957722,
0.57734287, 0.2554553, 0.57023257, 0.26589152, 0.5647683, 0.2803597, 0.56151485,
0.29625556, 0.56073344, 0.3120511, 0.5622068, 0.32679746, 0.56589836, 0.33804822,
0.57157665, 0.2971456, 0.58372474, 0.74998236, 0.5935905, 0.7523227, 0.60107535,
0.7594618, 0.6084149, 0.77089685, 0.6147123, 0.7859377, 0.6190506, 0.8024521,
0.62115484, 0.81817985, 0.6212722, 0.8325931, 0.6192547, 0.8432017, 0.6149784,
0.8488878, 0.6087423, 0.84919006, 0.60146445, 0.8443744, 0.5939375, 0.8349048,
0.58692735, 0.8212996, 0.5814096, 0.804901, 0.5780504, 0.7887548, 0.5770846,
0.7738166, 0.5781845, 0.7613841, 0.5814547, 0.752982, 0.58680475, 0.79979986,
0.5993587]
06-01 14:42:17.418 25883 26546 D TAG : refreshParams: facetop: [0.0, 0.0]
06-01 14:42:17.418 25883 26546 D TAG : refreshParams: eyes_smiley: [0.0, 0.0]
06-01 14:42:17.418 25883 26546 D TAG : refreshParams: nose_bridge: [0.5, 0.5]
06-01 14:42:17.418 25883 26546 D TAG : refreshParams: nose_position: [0.5, 0.5]
06-01 14:42:17.423 25883 26546 D RenderController: detect time: 49 720 1512
06-01 14:42:17.423 25883 26546 D RenderController: beauty time: 636
06-01 14:42:17.423 25883 26546 D RenderController: filter time: 0
06-01 14:42:17.423 25883 26546 D RenderController: cosmetic time: 331
06-01 14:42:17.423 25883 26546 D RenderController: shape time: 9
06-01 14:42:17.423 25883 26546 D RenderController: style time: 0
06-01 14:42:17.423 25883 26546 D RenderController: total time: 1025
06-01 14:42:17.449 25883 25883 I [LiveEventBus]: broadcast:
com.lightcone.whatsappbeautycam.viewmodel.event.DetectFaceEvent@5ae2e22 foreground:
false with key: class
com.lightcone.whatsappbeautycam.viewmodel.event.DetectFaceEvent
06-01 14:42:17.450 25883 26546 D RenderController: detect time: 8 720 1512
06-01 14:42:17.450 25883 26546 D RenderController: beauty time: 0
06-01 14:42:17.450 25883 26546 D RenderController: filter time: 0
06-01 14:42:17.450 25883 26546 D RenderController: cosmetic time: 0
06-01 14:42:17.450 25883 26546 D RenderController: shape time: 1
06-01 14:42:17.450 25883 26546 D RenderController: style time: 0
06-01 14:42:17.450 25883 26546 D RenderController: total time: 9
06-01 14:42:17.452 25883 25883 I [LiveEventBus]: post:
com.lightcone.whatsappbeautycam.viewmodel.event.DetectFaceEvent@d8430b3 with key:
class com.lightcone.whatsappbeautycam.viewmodel.event.DetectFaceEvent
06-01 14:42:17.452 25883 25883 I [LiveEventBus]: message received:
com.lightcone.whatsappbeautycam.viewmodel.event.DetectFaceEvent@d8430b3
06-01 14:42:17.453 25883 25895 I amera.videocal: Compiler allocated 4621KB to
compile void e.c.p.l.m1.n.l0.d.a(float[], int, int, int, float[], float[])
06-01 14:42:17.472 25883 26546 D RenderController: detect time: 8 720 1512
06-01 14:42:17.472 25883 26546 D RenderController: beauty time: 0
06-01 14:42:17.472 25883 26546 D RenderController: filter time: 0
06-01 14:42:17.472 25883 26546 D RenderController: cosmetic time: 0
06-01 14:42:17.472 25883 26546 D RenderController: shape time: 0
06-01 14:42:17.472 25883 26546 D RenderController: style time: 0
06-01 14:42:17.472 25883 26546 D RenderController: total time: 8
06-01 14:42:17.487 25883 25895 I amera.videocal: Compiler allocated 4665KB to
compile void e.c.p.l.m1.n.l0.d.a(float[], int, int, int, float[], float[])
06-01 14:42:17.499 25883 26546 D RenderController: detect time: 2 720 1512
06-01 14:42:17.499 25883 26546 D RenderController: beauty time: 0
06-01 14:42:17.499 25883 26546 D RenderController: filter time: 0
06-01 14:42:17.499 25883 26546 D RenderController: cosmetic time: 1
06-01 14:42:17.499 25883 26546 D RenderController: shape time: 0
06-01 14:42:17.499 25883 26546 D RenderController: style time: 0
06-01 14:42:17.499 25883 26546 D RenderController: total time: 3
06-01 14:42:17.532 25883 26546 D RenderController: detect time: 2 720 1512
06-01 14:42:17.532 25883 26546 D RenderController: beauty time: 0
06-01 14:42:17.532 25883 26546 D RenderController: filter time: 0
06-01 14:42:17.532 25883 26546 D RenderController: cosmetic time: 0
06-01 14:42:17.532 25883 26546 D RenderController: shape time: 1
06-01 14:42:17.532 25883 26546 D RenderController: style time: 0
06-01 14:42:17.532 25883 26546 D RenderController: total time: 3
06-01 14:42:17.566 25883 26546 D RenderController: detect time: 3 720 1512
06-01 14:42:17.566 25883 26546 D RenderController: beauty time: 0
06-01 14:42:17.566 25883 26546 D RenderController: filter time: 0
06-01 14:42:17.566 25883 26546 D RenderController: cosmetic time: 0
06-01 14:42:17.566 25883 26546 D RenderController: shape time: 0
06-01 14:42:17.566 25883 26546 D RenderController: style time: 0
06-01 14:42:17.566 25883 26546 D RenderController: total time: 3
06-01 14:42:17.601 25883 26546 D RenderController: detect time: 4 720 1512
06-01 14:42:17.601 25883 26546 D RenderController: beauty time: 0
06-01 14:42:17.601 25883 26546 D RenderController: filter time: 0
06-01 14:42:17.601 25883 26546 D RenderController: cosmetic time: 0
06-01 14:42:17.601 25883 26546 D RenderController: shape time: 0
06-01 14:42:17.601 25883 26546 D RenderController: style time: 0
06-01 14:42:17.601 25883 26546 D RenderController: total time: 4
06-01 14:42:17.635 25883 26546 D RenderController: detect time: 4 720 1512
06-01 14:42:17.635 25883 26546 D RenderController: beauty time: 0
06-01 14:42:17.635 25883 26546 D RenderController: filter time: 0
06-01 14:42:17.635 25883 26546 D RenderController: cosmetic time: 0
06-01 14:42:17.635 25883 26546 D RenderController: shape time: 1
06-01 14:42:17.635 25883 26546 D RenderController: style time: 0
06-01 14:42:17.635 25883 26546 D RenderController: total time: 5
06-01 14:42:17.669 25883 26546 D RenderController: detect time: 4 720 1512
06-01 14:42:17.669 25883 26546 D RenderController: beauty time: 0
06-01 14:42:17.669 25883 26546 D RenderController: filter time: 0
06-01 14:42:17.669 25883 26546 D RenderController: cosmetic time: 0
06-01 14:42:17.669 25883 26546 D RenderController: shape time: 1
06-01 14:42:17.669 25883 26546 D RenderController: style time: 0
06-01 14:42:17.669 25883 26546 D RenderController: total time: 5
06-01 14:42:17.700 25883 26546 D RenderController: detect time: 3 720 1512
06-01 14:42:17.700 25883 26546 D RenderController: beauty time: 0
06-01 14:42:17.700 25883 26546 D RenderController: filter time: 0
06-01 14:42:17.700 25883 26546 D RenderController: cosmetic time: 0
06-01 14:42:17.700 25883 26546 D RenderController: shape time: 1
06-01 14:42:17.700 25883 26546 D RenderController: style time: 0
06-01 14:42:17.700 25883 26546 D RenderController: total time: 4
06-01 14:42:17.738 25883 26546 D RenderController: detect time: 7 720 1512
06-01 14:42:17.738 25883 26546 D RenderController: beauty time: 0
06-01 14:42:17.738 25883 26546 D RenderController: filter time: 0
06-01 14:42:17.738 25883 26546 D RenderController: cosmetic time: 0
06-01 14:42:17.738 25883 26546 D RenderController: shape time: 1
06-01 14:42:17.738 25883 26546 D RenderController: style time: 0
06-01 14:42:17.738 25883 26546 D RenderController: total time: 8
06-01 14:42:17.767 25883 26546 D RenderController: detect time: 3 720 1512
06-01 14:42:17.767 25883 26546 D RenderController: beauty time: 0
06-01 14:42:17.767 25883 26546 D RenderController: filter time: 0
06-01 14:42:17.767 25883 26546 D RenderController: cosmetic time: 1
06-01 14:42:17.767 25883 26546 D RenderController: shape time: 0
06-01 14:42:17.767 25883 26546 D RenderController: style time: 0
06-01 14:42:17.767 25883 26546 D RenderController: total time: 4
06-01 14:42:17.800 25883 26546 D RenderController: detect time: 3 720 1512
06-01 14:42:17.800 25883 26546 D RenderController: beauty time: 0
06-01 14:42:17.800 25883 26546 D RenderController: filter time: 0
06-01 14:42:17.800 25883 26546 D RenderController: cosmetic time: 0
06-01 14:42:17.800 25883 26546 D RenderController: shape time: 1
06-01 14:42:17.800 25883 26546 D RenderController: style time: 0
06-01 14:42:17.800 25883 26546 D RenderController: total time: 4
06-01 14:42:17.834 25883 26546 D RenderController: detect time: 4 720 1512
06-01 14:42:17.834 25883 26546 D RenderController: beauty time: 0
06-01 14:42:17.834 25883 26546 D RenderController: filter time: 0
06-01 14:42:17.834 25883 26546 D RenderController: cosmetic time: 0
06-01 14:42:17.834 25883 26546 D RenderController: shape time: 0
06-01 14:42:17.834 25883 26546 D RenderController: style time: 0
06-01 14:42:17.834 25883 26546 D RenderController: total time: 4
06-01 14:42:17.868 25883 26546 D RenderController: detect time: 3 720 1512
06-01 14:42:17.868 25883 26546 D RenderController: beauty time: 0
06-01 14:42:17.868 25883 26546 D RenderController: filter time: 0
06-01 14:42:17.868 25883 26546 D RenderController: cosmetic time: 0
06-01 14:42:17.868 25883 26546 D RenderController: shape time: 1
06-01 14:42:17.868 25883 26546 D RenderController: style time: 0
06-01 14:42:17.868 25883 26546 D RenderController: total time: 4
06-01 14:42:17.900 25883 26546 D RenderController: detect time: 3 720 1512
06-01 14:42:17.900 25883 26546 D RenderController: beauty time: 0
06-01 14:42:17.900 25883 26546 D RenderController: filter time: 0
06-01 14:42:17.900 25883 26546 D RenderController: cosmetic time: 0
06-01 14:42:17.900 25883 26546 D RenderController: shape time: 1
06-01 14:42:17.900 25883 26546 D RenderController: style time: 0
06-01 14:42:17.900 25883 26546 D RenderController: total time: 4
06-01 14:42:17.933 25883 26546 D RenderController: detect time: 4 720 1512
06-01 14:42:17.933 25883 26546 D RenderController: beauty time: 0
06-01 14:42:17.933 25883 26546 D RenderController: filter time: 0
06-01 14:42:17.933 25883 26546 D RenderController: cosmetic time: 0
06-01 14:42:17.933 25883 26546 D RenderController: shape time: 0
06-01 14:42:17.933 25883 26546 D RenderController: style time: 0
06-01 14:42:17.933 25883 26546 D RenderController: total time: 4
06-01 14:42:17.966 25883 26546 D RenderController: detect time: 4 720 1512
06-01 14:42:17.966 25883 26546 D RenderController: beauty time: 0
06-01 14:42:17.966 25883 26546 D RenderController: filter time: 0
06-01 14:42:17.966 25883 26546 D RenderController: cosmetic time: 0
06-01 14:42:17.966 25883 26546 D RenderController: shape time: 0
06-01 14:42:17.966 25883 26546 D RenderController: style time: 0
06-01 14:42:17.966 25883 26546 D RenderController: total time: 4
06-01 14:42:18.000 25883 26546 D RenderController: detect time: 3 720 1512
06-01 14:42:18.000 25883 26546 D RenderController: beauty time: 0
06-01 14:42:18.000 25883 26546 D RenderController: filter time: 0
06-01 14:42:18.000 25883 26546 D RenderController: cosmetic time: 0
06-01 14:42:18.001 25883 26546 D RenderController: shape time: 0
06-01 14:42:18.001 25883 26546 D RenderController: style time: 0
06-01 14:42:18.001 25883 26546 D RenderController: total time: 3
06-01 14:42:18.033 25883 26546 D RenderController: detect time: 3 720 1512
06-01 14:42:18.034 25883 26546 D RenderController: beauty time: 0
06-01 14:42:18.034 25883 26546 D RenderController: filter time: 0
06-01 14:42:18.034 25883 26546 D RenderController: cosmetic time: 0
06-01 14:42:18.034 25883 26546 D RenderController: shape time: 0
06-01 14:42:18.034 25883 26546 D RenderController: style time: 0
06-01 14:42:18.034 25883 26546 D RenderController: total time: 3
06-01 14:42:18.068 25883 26546 D RenderController: detect time: 4 720 1512
06-01 14:42:18.068 25883 26546 D RenderController: beauty time: 0
06-01 14:42:18.068 25883 26546 D RenderController: filter time: 0
06-01 14:42:18.068 25883 26546 D RenderController: cosmetic time: 0
06-01 14:42:18.068 25883 26546 D RenderController: shape time: 0
06-01 14:42:18.068 25883 26546 D RenderController: style time: 0
06-01 14:42:18.068 25883 26546 D RenderController: total time: 4
06-01 14:42:18.102 25883 26546 D RenderController: detect time: 4 720 1512
06-01 14:42:18.102 25883 26546 D RenderController: beauty time: 0
06-01 14:42:18.102 25883 26546 D RenderController: filter time: 0
06-01 14:42:18.102 25883 26546 D RenderController: cosmetic time: 0
06-01 14:42:18.102 25883 26546 D RenderController: shape time: 0
06-01 14:42:18.102 25883 26546 D RenderController: style time: 0
06-01 14:42:18.102 25883 26546 D RenderController: total time: 4
06-01 14:42:18.133 25883 26546 D RenderController: detect time: 4 720 1512
06-01 14:42:18.133 25883 26546 D RenderController: beauty time: 0
06-01 14:42:18.133 25883 26546 D RenderController: filter time: 0
06-01 14:42:18.133 25883 26546 D RenderController: cosmetic time: 0
06-01 14:42:18.133 25883 26546 D RenderController: shape time: 0
06-01 14:42:18.133 25883 26546 D RenderController: style time: 0
06-01 14:42:18.133 25883 26546 D RenderController: total time: 4
06-01 14:42:18.169 25883 26546 D RenderController: detect time: 3 720 1512
06-01 14:42:18.169 25883 26546 D RenderController: beauty time: 0
06-01 14:42:18.169 25883 26546 D RenderController: filter time: 0
06-01 14:42:18.169 25883 26546 D RenderController: cosmetic time: 0
06-01 14:42:18.169 25883 26546 D RenderController: shape time: 1
06-01 14:42:18.169 25883 26546 D RenderController: style time: 0
06-01 14:42:18.169 25883 26546 D RenderController: total time: 4
06-01 14:42:18.200 25883 26546 D RenderController: detect time: 3 720 1512
06-01 14:42:18.200 25883 26546 D RenderController: beauty time: 0
06-01 14:42:18.200 25883 26546 D RenderController: filter time: 0
06-01 14:42:18.200 25883 26546 D RenderController: cosmetic time: 0
06-01 14:42:18.200 25883 26546 D RenderController: shape time: 0
06-01 14:42:18.200 25883 26546 D RenderController: style time: 1
06-01 14:42:18.200 25883 26546 D RenderController: total time: 4
06-01 14:42:18.234 25883 26546 D RenderController: detect time: 3 720 1512
06-01 14:42:18.234 25883 26546 D RenderController: beauty time: 0
06-01 14:42:18.234 25883 26546 D RenderController: filter time: 0
06-01 14:42:18.234 25883 26546 D RenderController: cosmetic time: 0
06-01 14:42:18.234 25883 26546 D RenderController: shape time: 1
06-01 14:42:18.234 25883 26546 D RenderController: style time: 0
06-01 14:42:18.234 25883 26546 D RenderController: total time: 4
06-01 14:42:18.267 25883 26546 D RenderController: detect time: 3 720 1512
06-01 14:42:18.267 25883 26546 D RenderController: beauty time: 0
06-01 14:42:18.267 25883 26546 D RenderController: filter time: 0
06-01 14:42:18.267 25883 26546 D RenderController: cosmetic time: 0
06-01 14:42:18.267 25883 26546 D RenderController: shape time: 1
06-01 14:42:18.267 25883 26546 D RenderController: style time: 0
06-01 14:42:18.267 25883 26546 D RenderController: total time: 4
06-01 14:42:18.300 25883 26546 D RenderController: detect time: 3 720 1512
06-01 14:42:18.300 25883 26546 D RenderController: beauty time: 0
06-01 14:42:18.300 25883 26546 D RenderController: filter time: 0
06-01 14:42:18.300 25883 26546 D RenderController: cosmetic time: 0
06-01 14:42:18.300 25883 26546 D RenderController: shape time: 1
06-01 14:42:18.300 25883 26546 D RenderController: style time: 0
06-01 14:42:18.300 25883 26546 D RenderController: total time: 4
06-01 14:42:18.334 25883 26546 D RenderController: detect time: 3 720 1512
06-01 14:42:18.334 25883 26546 D RenderController: beauty time: 0
06-01 14:42:18.334 25883 26546 D RenderController: filter time: 0
06-01 14:42:18.334 25883 26546 D RenderController: cosmetic time: 0
06-01 14:42:18.334 25883 26546 D RenderController: shape time: 1
06-01 14:42:18.334 25883 26546 D RenderController: style time: 0
06-01 14:42:18.334 25883 26546 D RenderController: total time: 4
06-01 14:42:18.366 25883 26546 D RenderController: detect time: 3 720 1512
06-01 14:42:18.366 25883 26546 D RenderController: beauty time: 0
06-01 14:42:18.366 25883 26546 D RenderController: filter time: 0
06-01 14:42:18.366 25883 26546 D RenderController: cosmetic time: 0
06-01 14:42:18.367 25883 26546 D RenderController: shape time: 0
06-01 14:42:18.367 25883 26546 D RenderController: style time: 0
06-01 14:42:18.367 25883 26546 D RenderController: total time: 3
06-01 14:42:18.401 25883 26546 D RenderController: detect time: 4 720 1512
06-01 14:42:18.401 25883 26546 D RenderController: beauty time: 0
06-01 14:42:18.402 25883 26546 D RenderController: filter time: 0
06-01 14:42:18.402 25883 26546 D RenderController: cosmetic time: 0
06-01 14:42:18.402 25883 26546 D RenderController: shape time: 0
06-01 14:42:18.402 25883 26546 D RenderController: style time: 0
06-01 14:42:18.402 25883 26546 D RenderController: total time: 4
06-01 14:42:18.433 25883 26546 D RenderController: detect time: 4 720 1512
06-01 14:42:18.433 25883 26546 D RenderController: beauty time: 0
06-01 14:42:18.433 25883 26546 D RenderController: filter time: 0
06-01 14:42:18.433 25883 26546 D RenderController: cosmetic time: 0
06-01 14:42:18.433 25883 26546 D RenderController: shape time: 0
06-01 14:42:18.433 25883 26546 D RenderController: style time: 0
06-01 14:42:18.433 25883 26546 D RenderController: total time: 4
06-01 14:42:18.469 25883 26546 D RenderController: detect time: 4 720 1512
06-01 14:42:18.469 25883 26546 D RenderController: beauty time: 0
06-01 14:42:18.469 25883 26546 D RenderController: filter time: 0
06-01 14:42:18.469 25883 26546 D RenderController: cosmetic time: 0
06-01 14:42:18.469 25883 26546 D RenderController: shape time: 1
06-01 14:42:18.469 25883 26546 D RenderController: style time: 0
06-01 14:42:18.469 25883 26546 D RenderController: total time: 5
06-01 14:42:18.500 25883 26546 D RenderController: detect time: 4 720 1512
06-01 14:42:18.500 25883 26546 D RenderController: beauty time: 0
06-01 14:42:18.500 25883 26546 D RenderController: filter time: 0
06-01 14:42:18.500 25883 26546 D RenderController: cosmetic time: 0
