06-01 14:42:25.601 25883 26546 D RenderController: beauty time: 0
06-01 14:42:25.601 25883 26546 D RenderController: filter time: 0
06-01 14:42:25.601 25883 26546 D RenderController: cosmetic time: 0
06-01 14:42:25.601 25883 26546 D RenderController: shape time: 0
06-01 14:42:25.601 25883 26546 D RenderController: style time: 0
06-01 14:42:25.601 25883 26546 D RenderController: total time: 4
06-01 14:42:25.635 25883 26546 D RenderController: detect time: 3 720 1512
06-01 14:42:25.635 25883 26546 D RenderController: beauty time: 0
06-01 14:42:25.635 25883 26546 D RenderController: filter time: 0
06-01 14:42:25.635 25883 26546 D RenderController: cosmetic time: 0
06-01 14:42:25.635 25883 26546 D RenderController: shape time: 0
06-01 14:42:25.635 25883 26546 D RenderController: style time: 1
06-01 14:42:25.635 25883 26546 D RenderController: total time: 4
06-01 14:42:25.668 25883 26546 D RenderController: detect time: 3 720 1512
06-01 14:42:25.668 25883 26546 D RenderController: beauty time: 0
06-01 14:42:25.668 25883 26546 D RenderController: filter time: 0
06-01 14:42:25.668 25883 26546 D RenderController: cosmetic time: 0
06-01 14:42:25.668 25883 26546 D RenderController: shape time: 1
06-01 14:42:25.668 25883 26546 D RenderController: style time: 0
06-01 14:42:25.668 25883 26546 D RenderController: total time: 4
06-01 14:42:25.701 25883 26546 D RenderController: detect time: 3 720 1512
06-01 14:42:25.701 25883 26546 D RenderController: beauty time: 0
06-01 14:42:25.701 25883 26546 D RenderController: filter time: 0
06-01 14:42:25.701 25883 26546 D RenderController: cosmetic time: 0
06-01 14:42:25.701 25883 26546 D RenderController: shape time: 1
06-01 14:42:25.701 25883 26546 D RenderController: style time: 0
06-01 14:42:25.701 25883 26546 D RenderController: total time: 4
06-01 14:42:25.735 25883 26546 D RenderController: detect time: 3 720 1512
06-01 14:42:25.735 25883 26546 D RenderController: beauty time: 0
06-01 14:42:25.735 25883 26546 D RenderController: filter time: 0
06-01 14:42:25.735 25883 26546 D RenderController: cosmetic time: 0
06-01 14:42:25.735 25883 26546 D RenderController: shape time: 1
06-01 14:42:25.735 25883 26546 D RenderController: style time: 0
06-01 14:42:25.735 25883 26546 D RenderController: total time: 4
06-01 14:42:25.767 25883 26546 D RenderController: detect time: 3 720 1512
06-01 14:42:25.767 25883 26546 D RenderController: beauty time: 0
06-01 14:42:25.767 25883 26546 D RenderController: filter time: 0
06-01 14:42:25.767 25883 26546 D RenderController: cosmetic time: 0
06-01 14:42:25.767 25883 26546 D RenderController: shape time: 1
06-01 14:42:25.767 25883 26546 D RenderController: style time: 0
06-01 14:42:25.767 25883 26546 D RenderController: total time: 4
06-01 14:42:25.801 25883 26546 D RenderController: detect time: 3 720 1512
06-01 14:42:25.801 25883 26546 D RenderController: beauty time: 0
06-01 14:42:25.801 25883 26546 D RenderController: filter time: 0
06-01 14:42:25.801 25883 26546 D RenderController: cosmetic time: 0
06-01 14:42:25.801 25883 26546 D RenderController: shape time: 1
06-01 14:42:25.801 25883 26546 D RenderController: style time: 0
06-01 14:42:25.801 25883 26546 D RenderController: total time: 4
06-01 14:42:25.835 25883 26546 D RenderController: detect time: 3 720 1512
06-01 14:42:25.835 25883 26546 D RenderController: beauty time: 0
06-01 14:42:25.835 25883 26546 D RenderController: filter time: 0
06-01 14:42:25.835 25883 26546 D RenderController: cosmetic time: 0
06-01 14:42:25.835 25883 26546 D RenderController: shape time: 1
06-01 14:42:25.835 25883 26546 D RenderController: style time: 0
06-01 14:42:25.835 25883 26546 D RenderController: total time: 4
06-01 14:42:25.868 25883 26546 D RenderController: detect time: 3 720 1512
06-01 14:42:25.868 25883 26546 D RenderController: beauty time: 0
06-01 14:42:25.868 25883 26546 D RenderController: filter time: 0
06-01 14:42:25.868 25883 26546 D RenderController: cosmetic time: 0
06-01 14:42:25.868 25883 26546 D RenderController: shape time: 1
06-01 14:42:25.868 25883 26546 D RenderController: style time: 0
06-01 14:42:25.868 25883 26546 D RenderController: total time: 4
06-01 14:42:25.901 25883 26546 D RenderController: detect time: 3 720 1512
06-01 14:42:25.901 25883 26546 D RenderController: beauty time: 0
06-01 14:42:25.901 25883 26546 D RenderController: filter time: 0
06-01 14:42:25.901 25883 26546 D RenderController: cosmetic time: 0
06-01 14:42:25.901 25883 26546 D RenderController: shape time: 0
06-01 14:42:25.901 25883 26546 D RenderController: style time: 0
06-01 14:42:25.901 25883 26546 D RenderController: total time: 3
06-01 14:42:25.935 25883 26546 D RenderController: detect time: 3 720 1512
06-01 14:42:25.935 25883 26546 D RenderController: beauty time: 0
06-01 14:42:25.935 25883 26546 D RenderController: filter time: 0
06-01 14:42:25.935 25883 26546 D RenderController: cosmetic time: 0
06-01 14:42:25.935 25883 26546 D RenderController: shape time: 1
06-01 14:42:25.935 25883 26546 D RenderController: style time: 0
06-01 14:42:25.935 25883 26546 D RenderController: total time: 4
06-01 14:42:25.967 25883 26546 D RenderController: detect time: 3 720 1512
06-01 14:42:25.967 25883 26546 D RenderController: beauty time: 0
06-01 14:42:25.967 25883 26546 D RenderController: filter time: 0
06-01 14:42:25.967 25883 26546 D RenderController: cosmetic time: 0
06-01 14:42:25.967 25883 26546 D RenderController: shape time: 1
06-01 14:42:25.967 25883 26546 D RenderController: style time: 0
06-01 14:42:25.967 25883 26546 D RenderController: total time: 4
06-01 14:42:26.000 25883 26546 D RenderController: detect time: 3 720 1512
06-01 14:42:26.000 25883 26546 D RenderController: beauty time: 0
06-01 14:42:26.000 25883 26546 D RenderController: filter time: 0
06-01 14:42:26.000 25883 26546 D RenderController: cosmetic time: 0
06-01 14:42:26.000 25883 26546 D RenderController: shape time: 0
06-01 14:42:26.000 25883 26546 D RenderController: style time: 0
06-01 14:42:26.000 25883 26546 D RenderController: total time: 3
06-01 14:42:26.033 25883 26546 D RenderController: detect time: 3 720 1512
06-01 14:42:26.034 25883 26546 D RenderController: beauty time: 0
06-01 14:42:26.034 25883 26546 D RenderController: filter time: 0
06-01 14:42:26.034 25883 26546 D RenderController: cosmetic time: 0
06-01 14:42:26.034 25883 26546 D RenderController: shape time: 0
06-01 14:42:26.034 25883 26546 D RenderController: style time: 0
06-01 14:42:26.034 25883 26546 D RenderController: total time: 3
06-01 14:42:26.075 25883 26546 D RenderController: detect time: 11 720 1512
06-01 14:42:26.075 25883 26546 D RenderController: beauty time: 0
06-01 14:42:26.075 25883 26546 D RenderController: filter time: 0
06-01 14:42:26.075 25883 26546 D RenderController: cosmetic time: 0
06-01 14:42:26.075 25883 26546 D RenderController: shape time: 1
06-01 14:42:26.075 25883 26546 D RenderController: style time: 0
06-01 14:42:26.075 25883 26546 D RenderController: total time: 12
06-01 14:42:26.098 25883 26546 D RenderController: detect time: 3 720 1512
06-01 14:42:26.099 25883 26546 D RenderController: beauty time: 0
06-01 14:42:26.099 25883 26546 D RenderController: filter time: 0
06-01 14:42:26.099 25883 26546 D RenderController: cosmetic time: 0
06-01 14:42:26.099 25883 26546 D RenderController: shape time: 0
06-01 14:42:26.099 25883 26546 D RenderController: style time: 0
06-01 14:42:26.099 25883 26546 D RenderController: total time: 3
06-01 14:42:26.132 25883 26546 D RenderController: detect time: 3 720 1512
06-01 14:42:26.132 25883 26546 D RenderController: beauty time: 0
06-01 14:42:26.132 25883 26546 D RenderController: filter time: 0
06-01 14:42:26.132 25883 26546 D RenderController: cosmetic time: 0
06-01 14:42:26.132 25883 26546 D RenderController: shape time: 0
06-01 14:42:26.132 25883 26546 D RenderController: style time: 0
06-01 14:42:26.132 25883 26546 D RenderController: total time: 3
06-01 14:42:26.166 25883 26546 D RenderController: detect time: 3 720 1512
06-01 14:42:26.166 25883 26546 D RenderController: beauty time: 0
06-01 14:42:26.166 25883 26546 D RenderController: filter time: 0
06-01 14:42:26.166 25883 26546 D RenderController: cosmetic time: 0
06-01 14:42:26.166 25883 26546 D RenderController: shape time: 0
06-01 14:42:26.166 25883 26546 D RenderController: style time: 0
06-01 14:42:26.166 25883 26546 D RenderController: total time: 3
06-01 14:42:26.199 25883 26546 D RenderController: detect time: 3 720 1512
06-01 14:42:26.199 25883 26546 D RenderController: beauty time: 0
06-01 14:42:26.199 25883 26546 D RenderController: filter time: 0
06-01 14:42:26.199 25883 26546 D RenderController: cosmetic time: 0
06-01 14:42:26.199 25883 26546 D RenderController: shape time: 0
06-01 14:42:26.199 25883 26546 D RenderController: style time: 0
06-01 14:42:26.199 25883 26546 D RenderController: total time: 3
06-01 14:42:26.233 25883 26546 D RenderController: detect time: 3 720 1512
06-01 14:42:26.233 25883 26546 D RenderController: beauty time: 0
06-01 14:42:26.233 25883 26546 D RenderController: filter time: 0
06-01 14:42:26.233 25883 26546 D RenderController: cosmetic time: 0
06-01 14:42:26.233 25883 26546 D RenderController: shape time: 0
06-01 14:42:26.233 25883 26546 D RenderController: style time: 0
06-01 14:42:26.233 25883 26546 D RenderController: total time: 3
06-01 14:42:26.268 25883 26546 D RenderController: detect time: 3 720 1512
06-01 14:42:26.268 25883 26546 D RenderController: beauty time: 0
06-01 14:42:26.268 25883 26546 D RenderController: filter time: 0
06-01 14:42:26.268 25883 26546 D RenderController: cosmetic time: 0
06-01 14:42:26.268 25883 26546 D RenderController: shape time: 1
06-01 14:42:26.268 25883 26546 D RenderController: style time: 0
06-01 14:42:26.268 25883 26546 D RenderController: total time: 4
06-01 14:42:26.300 25883 26546 D RenderController: detect time: 4 720 1512
06-01 14:42:26.300 25883 26546 D RenderController: beauty time: 0
06-01 14:42:26.300 25883 26546 D RenderController: filter time: 0
06-01 14:42:26.300 25883 26546 D RenderController: cosmetic time: 0
06-01 14:42:26.300 25883 26546 D RenderController: shape time: 0
06-01 14:42:26.300 25883 26546 D RenderController: style time: 0
06-01 14:42:26.300 25883 26546 D RenderController: total time: 4
06-01 14:42:26.334 25883 26546 D RenderController: detect time: 3 720 1512
06-01 14:42:26.334 25883 26546 D RenderController: beauty time: 0
06-01 14:42:26.334 25883 26546 D RenderController: filter time: 0
06-01 14:42:26.334 25883 26546 D RenderController: cosmetic time: 0
06-01 14:42:26.334 25883 26546 D RenderController: shape time: 1
06-01 14:42:26.334 25883 26546 D RenderController: style time: 0
06-01 14:42:26.334 25883 26546 D RenderController: total time: 4
06-01 14:42:26.367 25883 26546 D RenderController: detect time: 3 720 1512
06-01 14:42:26.367 25883 26546 D RenderController: beauty time: 0
06-01 14:42:26.367 25883 26546 D RenderController: filter time: 0
06-01 14:42:26.367 25883 26546 D RenderController: cosmetic time: 0
06-01 14:42:26.367 25883 26546 D RenderController: shape time: 1
06-01 14:42:26.367 25883 26546 D RenderController: style time: 0
06-01 14:42:26.367 25883 26546 D RenderController: total time: 4
06-01 14:42:26.400 25883 26546 D RenderController: detect time: 4 720 1512
06-01 14:42:26.400 25883 26546 D RenderController: beauty time: 0
06-01 14:42:26.400 25883 26546 D RenderController: filter time: 0
06-01 14:42:26.400 25883 26546 D RenderController: cosmetic time: 0
06-01 14:42:26.400 25883 26546 D RenderController: shape time: 0
06-01 14:42:26.400 25883 26546 D RenderController: style time: 0
06-01 14:42:26.400 25883 26546 D RenderController: total time: 4
06-01 14:42:26.434 25883 26546 D RenderController: detect time: 3 720 1512
06-01 14:42:26.434 25883 26546 D RenderController: beauty time: 0
06-01 14:42:26.434 25883 26546 D RenderController: filter time: 0
06-01 14:42:26.434 25883 26546 D RenderController: cosmetic time: 0
06-01 14:42:26.434 25883 26546 D RenderController: shape time: 1
06-01 14:42:26.434 25883 26546 D RenderController: style time: 0
06-01 14:42:26.434 25883 26546 D RenderController: total time: 4
06-01 14:42:26.467 25883 26546 D RenderController: detect time: 3 720 1512
06-01 14:42:26.467 25883 26546 D RenderController: beauty time: 0
06-01 14:42:26.467 25883 26546 D RenderController: filter time: 0
06-01 14:42:26.467 25883 26546 D RenderController: cosmetic time: 0
06-01 14:42:26.467 25883 26546 D RenderController: shape time: 1
06-01 14:42:26.467 25883 26546 D RenderController: style time: 0
06-01 14:42:26.467 25883 26546 D RenderController: total time: 4
06-01 14:42:26.500 25883 26546 D RenderController: detect time: 4 720 1512
06-01 14:42:26.500 25883 26546 D RenderController: beauty time: 0
06-01 14:42:26.500 25883 26546 D RenderController: filter time: 0
06-01 14:42:26.500 25883 26546 D RenderController: cosmetic time: 0
06-01 14:42:26.500 25883 26546 D RenderController: shape time: 0
06-01 14:42:26.500 25883 26546 D RenderController: style time: 0
06-01 14:42:26.500 25883 26546 D RenderController: total time: 4
06-01 14:42:26.533 25883 26546 D RenderController: detect time: 4 720 1512
06-01 14:42:26.533 25883 26546 D RenderController: beauty time: 0
06-01 14:42:26.533 25883 26546 D RenderController: filter time: 0
06-01 14:42:26.533 25883 26546 D RenderController: cosmetic time: 0
06-01 14:42:26.533 25883 26546 D RenderController: shape time: 0
06-01 14:42:26.533 25883 26546 D RenderController: style time: 0
06-01 14:42:26.533 25883 26546 D RenderController: total time: 4
06-01 14:42:26.567 25883 26546 D RenderController: detect time: 4 720 1512
06-01 14:42:26.568 25883 26546 D RenderController: beauty time: 0
06-01 14:42:26.568 25883 26546 D RenderController: filter time: 0
06-01 14:42:26.568 25883 26546 D RenderController: cosmetic time: 0
06-01 14:42:26.568 25883 26546 D RenderController: shape time: 0
06-01 14:42:26.568 25883 26546 D RenderController: style time: 0
06-01 14:42:26.568 25883 26546 D RenderController: total time: 4
06-01 14:42:26.600 25883 26546 D RenderController: detect time: 4 720 1512
06-01 14:42:26.600 25883 26546 D RenderController: beauty time: 0
06-01 14:42:26.600 25883 26546 D RenderController: filter time: 0
06-01 14:42:26.600 25883 26546 D RenderController: cosmetic time: 0
06-01 14:42:26.600 25883 26546 D RenderController: shape time: 0
06-01 14:42:26.600 25883 26546 D RenderController: style time: 0
06-01 14:42:26.600 25883 26546 D RenderController: total time: 4
06-01 14:42:26.634 25883 26546 D RenderController: detect time: 4 720 1512
06-01 14:42:26.634 25883 26546 D RenderController: beauty time: 0
06-01 14:42:26.634 25883 26546 D RenderController: filter time: 0
06-01 14:42:26.634 25883 26546 D RenderController: cosmetic time: 0
06-01 14:42:26.634 25883 26546 D RenderController: shape time: 0
06-01 14:42:26.634 25883 26546 D RenderController: style time: 0
06-01 14:42:26.634 25883 26546 D RenderController: total time: 4
06-01 14:42:26.667 25883 26546 D RenderController: detect time: 3 720 1512
06-01 14:42:26.667 25883 26546 D RenderController: beauty time: 0
06-01 14:42:26.667 25883 26546 D RenderController: filter time: 0
06-01 14:42:26.667 25883 26546 D RenderController: cosmetic time: 0
06-01 14:42:26.667 25883 26546 D RenderController: shape time: 1
06-01 14:42:26.667 25883 26546 D RenderController: style time: 0
06-01 14:42:26.667 25883 26546 D RenderController: total time: 4
06-01 14:42:26.700 25883 26546 D RenderController: detect time: 3 720 1512
06-01 14:42:26.701 25883 26546 D RenderController: beauty time: 0
06-01 14:42:26.701 25883 26546 D RenderController: filter time: 0
06-01 14:42:26.701 25883 26546 D RenderController: cosmetic time: 0
06-01 14:42:26.701 25883 26546 D RenderController: shape time: 0
06-01 14:42:26.701 25883 26546 D RenderController: style time: 0
06-01 14:42:26.701 25883 26546 D RenderController: total time: 3
06-01 14:42:26.737 25883 26546 D RenderController: detect time: 4 720 1512
06-01 14:42:26.737 25883 26546 D RenderController: beauty time: 0
06-01 14:42:26.737 25883 26546 D RenderController: filter time: 0
06-01 14:42:26.737 25883 26546 D RenderController: cosmetic time: 0
06-01 14:42:26.737 25883 26546 D RenderController: shape time: 0
06-01 14:42:26.737 25883 26546 D RenderController: style time: 0
06-01 14:42:26.737 25883 26546 D RenderController: total time: 4
06-01 14:42:26.766 25883 26546 D RenderController: detect time: 4 720 1512
06-01 14:42:26.766 25883 26546 D RenderController: beauty time: 0
06-01 14:42:26.766 25883 26546 D RenderController: filter time: 0
06-01 14:42:26.767 25883 26546 D RenderController: cosmetic time: 0
06-01 14:42:26.767 25883 26546 D RenderController: shape time: 0
06-01 14:42:26.767 25883 26546 D RenderController: style time: 0
06-01 14:42:26.767 25883 26546 D RenderController: total time: 4
06-01 14:42:26.799 25883 26546 D RenderController: detect time: 4 720 1512
06-01 14:42:26.799 25883 26546 D RenderController: beauty time: 0
06-01 14:42:26.799 25883 26546 D RenderController: filter time: 0
06-01 14:42:26.799 25883 26546 D RenderController: cosmetic time: 0
06-01 14:42:26.799 25883 26546 D RenderController: shape time: 0
06-01 14:42:26.799 25883 26546 D RenderController: style time: 0
06-01 14:42:26.799 25883 26546 D RenderController: total time: 4
06-01 14:42:26.833 25883 26546 D RenderController: detect time: 4 720 1512
06-01 14:42:26.833 25883 26546 D RenderController: beauty time: 0
06-01 14:42:26.833 25883 26546 D RenderController: filter time: 0
06-01 14:42:26.833 25883 26546 D RenderController: cosmetic time: 0
06-01 14:42:26.833 25883 26546 D RenderController: shape time: 0
06-01 14:42:26.833 25883 26546 D RenderController: style time: 0
06-01 14:42:26.833 25883 26546 D RenderController: total time: 4
06-01 14:42:26.868 25883 26546 D RenderController: detect time: 4 720 1512
06-01 14:42:26.868 25883 26546 D RenderController: beauty time: 0
06-01 14:42:26.868 25883 26546 D RenderController: filter time: 0
06-01 14:42:26.868 25883 26546 D RenderController: cosmetic time: 0
06-01 14:42:26.868 25883 26546 D RenderController: shape time: 1
06-01 14:42:26.868 25883 26546 D RenderController: style time: 0
06-01 14:42:26.868 25883 26546 D RenderController: total time: 5
06-01 14:42:26.899 25883 26546 D RenderController: detect time: 2 720 1512
06-01 14:42:26.899 25883 26546 D RenderController: beauty time: 0
06-01 14:42:26.899 25883 26546 D RenderController: filter time: 0
06-01 14:42:26.899 25883 26546 D RenderController: cosmetic time: 0
06-01 14:42:26.899 25883 26546 D RenderController: shape time: 1
06-01 14:42:26.899 25883 26546 D RenderController: style time: 0
06-01 14:42:26.899 25883 26546 D RenderController: total time: 3
06-01 14:42:26.932 25883 26546 D RenderController: detect time: 2 720 1512
06-01 14:42:26.932 25883 26546 D RenderController: beauty time: 0
06-01 14:42:26.932 25883 26546 D RenderController: filter time: 0
06-01 14:42:26.932 25883 26546 D RenderController: cosmetic time: 0
06-01 14:42:26.932 25883 26546 D RenderController: shape time: 1
06-01 14:42:26.932 25883 26546 D RenderController: style time: 0
06-01 14:42:26.932 25883 26546 D RenderController: total time: 3
06-01 14:42:26.965 25883 26546 D RenderController: detect time: 3 720 1512
06-01 14:42:26.965 25883 26546 D RenderController: beauty time: 0
06-01 14:42:26.965 25883 26546 D RenderController: filter time: 0
06-01 14:42:26.965 25883 26546 D RenderController: cosmetic time: 0
06-01 14:42:26.965 25883 26546 D RenderController: shape time: 0
06-01 14:42:26.965 25883 26546 D RenderController: style time: 0
06-01 14:42:26.965 25883 26546 D RenderController: total time: 3
06-01 14:42:26.989 25883 25883 I [LiveEventBus]: broadcast:
com.lightcone.whatsappbeautycam.viewmodel.event.SelectedTabChangeEvent@70e4121
foreground: false with key: class
com.lightcone.whatsappbeautycam.viewmodel.event.SelectedTabChangeEvent
06-01 14:42:26.991 25883 25883 I [LiveEventBus]: post:
com.lightcone.whatsappbeautycam.viewmodel.event.SelectedTabChangeEvent@96ff946 with
key: class com.lightcone.whatsappbeautycam.viewmodel.event.SelectedTabChangeEvent
06-01 14:42:26.991 25883 25883 I [LiveEventBus]: message received:
com.lightcone.whatsappbeautycam.viewmodel.event.SelectedTabChangeEvent@96ff946
06-01 14:42:26.991 25883 25883 I chatty :
uid=10252(com.cherisher.beauty.camera.videocall) identical 1 line
06-01 14:42:26.992 25883 25883 I [LiveEventBus]: message received:
com.lightcone.whatsappbeautycam.viewmodel.event.SelectedTabChangeEvent@96ff946
06-01 14:42:26.996 25883 25883 I [LiveEventBus]: observe sticky forever observer:
com.jeremyliao.liveeventbus.core.LiveEventBusCore$ObserverWrapper@27aaca3(e.c.p.c.j
@f2263d2) with key: class
com.lightcone.whatsappbeautycam.viewmodel.event.SelectedBeautyEvent
06-01 14:42:26.996 25883 25883 I [LiveEventBus]: message received:
com.lightcone.whatsappbeautycam.viewmodel.event.BeautyIntensityUpdateEvent@1b25a27
06-01 14:42:26.996 25883 25883 I [LiveEventBus]: observe sticky forever observer:
com.jeremyliao.liveeventbus.core.LiveEventBusCore$ObserverWrapper@92cf359(e.c.p.c.l
@7e75ba0) with key: class
com.lightcone.whatsappbeautycam.viewmodel.event.BeautyIntensityUpdateEvent
06-01 14:42:26.997 25883 25883 I [LiveEventBus]: observe sticky forever observer:
com.jeremyliao.liveeventbus.core.LiveEventBusCore$ObserverWrapper@2016fff(e.c.p.p.z
.e@a1eeb1e) with key: class
com.lightcone.whatsappbeautycam.viewmodel.event.SelectedBeautyEvent
06-01 14:42:26.997 25883 25883 I [LiveEventBus]: message received:
com.lightcone.whatsappbeautycam.viewmodel.event.SelectedTabChangeEvent@96ff946
06-01 14:42:26.997 25883 25883 I [LiveEventBus]: message received:
com.lightcone.whatsappbeautycam.viewmodel.event.SelectedTabChangeEvent@96ff946
06-01 14:42:26.999 25883 25960 D SQLiteOpenHelper: SPRD SQLiteOpenHelper
getDatabaseLocked version =1 mNewVersion =1
06-01 14:42:27.002 25883 26546 D RenderController: detect time: 3 720 1512
06-01 14:42:27.002 25883 26546 D RenderController: beauty time: 0
06-01 14:42:27.002 25883 26546 D RenderController: filter time: 0
06-01 14:42:27.002 25883 26546 D RenderController: cosmetic time: 0
06-01 14:42:27.002 25883 26546 D RenderController: shape time: 1
06-01 14:42:27.002 25883 26546 D RenderController: style time: 0
06-01 14:42:27.002 25883 26546 D RenderController: total time: 4
06-01 14:42:27.033 25883 26546 D RenderController: detect time: 4 720 1512
06-01 14:42:27.033 25883 26546 D RenderController: beauty time: 0
06-01 14:42:27.033 25883 26546 D RenderController: filter time: 0
06-01 14:42:27.033 25883 26546 D RenderController: cosmetic time: 0
06-01 14:42:27.033 25883 26546 D RenderController: shape time: 0
06-01 14:42:27.033 25883 26546 D RenderController: style time: 0
06-01 14:42:27.033 25883 26546 D RenderController: total time: 4
06-01 14:42:27.049 25883 25960 D SQLiteOpenHelper: SPRD SQLiteOpenHelper
getDatabaseLocked version =1 mNewVersion =1
06-01 14:42:27.067 25883 26546 D RenderController: detect time: 4 720 1512
06-01 14:42:27.067 25883 26546 D RenderController: beauty time: 0
06-01 14:42:27.067 25883 26546 D RenderController: filter time: 0
06-01 14:42:27.067 25883 26546 D RenderController: cosmetic time: 0
06-01 14:42:27.067 25883 26546 D RenderController: shape time: 0
06-01 14:42:27.067 25883 26546 D RenderController: style time: 0
06-01 14:42:27.067 25883 26546 D RenderController: total time: 4
06-01 14:42:27.101 25883 26546 D RenderController: detect time: 2 720 1512
06-01 14:42:27.101 25883 26546 D RenderController: beauty time: 0
06-01 14:42:27.101 25883 26546 D RenderController: filter time: 0
06-01 14:42:27.101 25883 26546 D RenderController: cosmetic time: 0
06-01 14:42:27.101 25883 26546 D RenderController: shape time: 1
06-01 14:42:27.101 25883 26546 D RenderController: style time: 0
06-01 14:42:27.101 25883 26546 D RenderController: total time: 3
06-01 14:42:27.133 25883 26546 D RenderController: detect time: 2 720 1512
06-01 14:42:27.133 25883 26546 D RenderController: beauty time: 0
06-01 14:42:27.133 25883 26546 D RenderController: filter time: 0
06-01 14:42:27.133 25883 26546 D RenderController: cosmetic time: 0
06-01 14:42:27.133 25883 26546 D RenderController: shape time: 1
06-01 14:42:27.133 25883 26546 D RenderController: style time: 0
06-01 14:42:27.133 25883 26546 D RenderController: total time: 3
06-01 14:42:27.171 25883 26546 D RenderController: detect time: 3 720 1512
06-01 14:42:27.171 25883 26546 D RenderController: beauty time: 0
06-01 14:42:27.171 25883 26546 D RenderController: filter time: 0
06-01 14:42:27.171 25883 26546 D RenderController: cosmetic time: 0
06-01 14:42:27.171 25883 26546 D RenderController: shape time: 1
06-01 14:42:27.171 25883 26546 D RenderController: style time: 0
06-01 14:42:27.171 25883 26546 D RenderController: total time: 4
06-01 14:42:27.199 25883 26546 D RenderController: detect time: 3 720 1512
06-01 14:42:27.199 25883 26546 D RenderController: beauty time: 0
06-01 14:42:27.199 25883 26546 D RenderController: filter time: 0
06-01 14:42:27.199 25883 26546 D RenderController: cosmetic time: 0
06-01 14:42:27.199 25883 26546 D RenderController: shape time: 0
06-01 14:42:27.199 25883 26546 D RenderController: style time: 0
06-01 14:42:27.199 25883 26546 D RenderController: total time: 3
06-01 14:42:27.232 25883 26546 D RenderController: detect time: 2 720 1512
06-01 14:42:27.232 25883 26546 D RenderController: beauty time: 0
06-01 14:42:27.232 25883 26546 D RenderController: filter time: 0
06-01 14:42:27.232 25883 26546 D RenderController: cosmetic time: 0
06-01 14:42:27.232 25883 26546 D RenderController: shape time: 1
06-01 14:42:27.232 25883 26546 D RenderController: style time: 0
06-01 14:42:27.232 25883 26546 D RenderController: total time: 3
06-01 14:42:27.265 25883 26546 D RenderController: detect time: 3 720 1512
06-01 14:42:27.265 25883 26546 D RenderController: beauty time: 0
06-01 14:42:27.265 25883 26546 D RenderController: filter time: 0
06-01 14:42:27.265 25883 26546 D RenderController: cosmetic time: 0
06-01 14:42:27.265 25883 26546 D RenderController: shape time: 0
06-01 14:42:27.265 25883 26546 D RenderController: style time: 0
06-01 14:42:27.265 25883 26546 D RenderController: total time: 3
06-01 14:42:27.299 25883 26546 D RenderController: detect time: 2 720 1512
06-01 14:42:27.299 25883 26546 D RenderController: beauty time: 0
06-01 14:42:27.299 25883 26546 D RenderController: filter time: 0
06-01 14:42:27.299 25883 26546 D RenderController: cosmetic time: 0
06-01 14:42:27.299 25883 26546 D RenderController: shape time: 0
06-01 14:42:27.299 25883 26546 D RenderController: style time: 1
06-01 14:42:27.299 25883 26546 D RenderController: total time: 3
06-01 14:42:27.332 25883 26546 D RenderController: detect time: 3 720 1512
06-01 14:42:27.332 25883 26546 D RenderController: beauty time: 0
06-01 14:42:27.332 25883 26546 D RenderController: filter time: 0
06-01 14:42:27.332 25883 26546 D RenderController: cosmetic time: 0
06-01 14:42:27.332 25883 26546 D RenderController: shape time: 0
06-01 14:42:27.332 25883 26546 D RenderController: style time: 0
06-01 14:42:27.332 25883 26546 D RenderController: total time: 3
06-01 14:42:27.366 25883 26546 D RenderController: detect time: 3 720 1512
06-01 14:42:27.366 25883 26546 D RenderController: beauty time: 0
06-01 14:42:27.366 25883 26546 D RenderController: filter time: 0
06-01 14:42:27.366 25883 26546 D RenderController: cosmetic time: 0
06-01 14:42:27.366 25883 26546 D RenderController: shape time: 0
06-01 14:42:27.366 25883 26546 D RenderController: style time: 0
06-01 14:42:27.366 25883 26546 D RenderController: total time: 3
06-01 14:42:27.399 25883 26546 D RenderController: detect time: 3 720 1512
06-01 14:42:27.400 25883 26546 D RenderController: beauty time: 0
06-01 14:42:27.400 25883 26546 D RenderController: filter time: 0
06-01 14:42:27.400 25883 26546 D RenderController: cosmetic time: 0
06-01 14:42:27.400 25883 26546 D RenderController: shape time: 0
06-01 14:42:27.400 25883 26546 D RenderController: style time: 0
06-01 14:42:27.400 25883 26546 D RenderController: total time: 3
06-01 14:42:27.432 25883 26546 D RenderController: detect time: 3 720 1512
06-01 14:42:27.432 25883 26546 D RenderController: beauty time: 0
06-01 14:42:27.432 25883 26546 D RenderController: filter time: 0
06-01 14:42:27.432 25883 26546 D RenderController: cosmetic time: 0
06-01 14:42:27.432 25883 26546 D RenderController: shape time: 0
06-01 14:42:27.432 25883 26546 D RenderController: style time: 0
06-01 14:42:27.432 25883 26546 D RenderController: total time: 3
06-01 14:42:27.466 25883 26546 D RenderController: detect time: 2 720 1512
06-01 14:42:27.466 25883 26546 D RenderController: beauty time: 0
06-01 14:42:27.466 25883 26546 D RenderController: filter time: 0
06-01 14:42:27.466 25883 26546 D RenderController: cosmetic time: 0
06-01 14:42:27.466 25883 26546 D RenderController: shape time: 1
06-01 14:42:27.466 25883 26546 D RenderController: style time: 0
06-01 14:42:27.466 25883 26546 D RenderController: total time: 3
06-01 14:42:27.499 25883 26546 D RenderController: detect time: 3 720 1512
06-01 14:42:27.500 25883 26546 D RenderController: beauty time: 0
06-01 14:42:27.500 25883 26546 D RenderController: filter time: 0
06-01 14:42:27.500 25883 26546 D RenderController: cosmetic time: 0
06-01 14:42:27.500 25883 26546 D RenderController: shape time: 0
06-01 14:42:27.500 25883 26546 D RenderController: style time: 0
06-01 14:42:27.500 25883 26546 D RenderController: total time: 3
06-01 14:42:27.533 25883 26546 D RenderController: detect time: 3 720 1512
06-01 14:42:27.534 25883 26546 D RenderController: beauty time: 0
06-01 14:42:27.534 25883 26546 D RenderController: filter time: 0
06-01 14:42:27.534 25883 26546 D RenderController: cosmetic time: 0
06-01 14:42:27.534 25883 26546 D RenderController: shape time: 0
06-01 14:42:27.534 25883 26546 D RenderController: style time: 0
06-01 14:42:27.534 25883 26546 D RenderController: total time: 3
06-01 14:42:27.568 25883 26546 D RenderController: detect time: 4 720 1512
06-01 14:42:27.568 25883 26546 D RenderController: beauty time: 0
06-01 14:42:27.568 25883 26546 D RenderController: filter time: 0
06-01 14:42:27.568 25883 26546 D RenderController: cosmetic time: 0
06-01 14:42:27.568 25883 26546 D RenderController: shape time: 0
06-01 14:42:27.568 25883 26546 D RenderController: style time: 0
06-01 14:42:27.568 25883 26546 D RenderController: total time: 4
06-01 14:42:27.600 25883 26546 D RenderController: detect time: 3 720 1512
06-01 14:42:27.600 25883 26546 D RenderController: beauty time: 0
06-01 14:42:27.600 25883 26546 D RenderController: filter time: 0
06-01 14:42:27.600 25883 26546 D RenderController: cosmetic time: 0
06-01 14:42:27.600 25883 26546 D RenderController: shape time: 1
06-01 14:42:27.600 25883 26546 D RenderController: style time: 0
06-01 14:42:27.600 25883 26546 D RenderController: total time: 4
06-01 14:42:27.634 25883 26546 D RenderController: detect time: 3 720 1512
06-01 14:42:27.634 25883 26546 D RenderController: beauty time: 0
06-01 14:42:27.634 25883 26546 D RenderController: filter time: 0
06-01 14:42:27.634 25883 26546 D RenderController: cosmetic time: 0
06-01 14:42:27.634 25883 26546 D RenderController: shape time: 1
06-01 14:42:27.634 25883 26546 D RenderController: style time: 0
06-01 14:42:27.634 25883 26546 D RenderController: total time: 4
06-01 14:42:27.666 25883 26546 D RenderController: detect time: 4 720 1512
06-01 14:42:27.666 25883 26546 D RenderController: beauty time: 0
06-01 14:42:27.666 25883 26546 D RenderController: filter time: 0
06-01 14:42:27.666 25883 26546 D RenderController: cosmetic time: 0
06-01 14:42:27.666 25883 26546 D RenderController: shape time: 0
06-01 14:42:27.666 25883 26546 D RenderController: style time: 0
06-01 14:42:27.666 25883 26546 D RenderController: total time: 4
06-01 14:42:27.700 25883 26546 D RenderController: detect time: 3 720 1512
06-01 14:42:27.700 25883 26546 D RenderController: beauty time: 0
06-01 14:42:27.700 25883 26546 D RenderController: filter time: 0
06-01 14:42:27.700 25883 26546 D RenderController: cosmetic time: 0
06-01 14:42:27.700 25883 26546 D RenderController: shape time: 1
06-01 14:42:27.700 25883 26546 D RenderController: style time: 0
06-01 14:42:27.700 25883 26546 D RenderController: total time: 4
06-01 14:42:27.733 25883 26546 D RenderController: detect time: 4 720 1512
06-01 14:42:27.733 25883 26546 D RenderController: beauty time: 0
06-01 14:42:27.733 25883 26546 D RenderController: filter time: 0
06-01 14:42:27.733 25883 26546 D RenderController: cosmetic time: 0
06-01 14:42:27.733 25883 26546 D RenderController: shape time: 0
06-01 14:42:27.733 25883 26546 D RenderController: style time: 0
06-01 14:42:27.733 25883 26546 D RenderController: total time: 4
06-01 14:42:27.768 25883 26546 D RenderController: detect time: 3 720 1512
06-01 14:42:27.768 25883 26546 D RenderController: beauty time: 0
06-01 14:42:27.768 25883 26546 D RenderController: filter time: 0
06-01 14:42:27.768 25883 26546 D RenderController: cosmetic time: 0
06-01 14:42:27.768 25883 26546 D RenderController: shape time: 1
06-01 14:42:27.768 25883 26546 D RenderController: style time: 0
06-01 14:42:27.768 25883 26546 D RenderController: total time: 4
06-01 14:42:27.800 25883 26546 D RenderController: detect time: 3 720 1512
06-01 14:42:27.800 25883 26546 D RenderController: beauty time: 0
06-01 14:42:27.800 25883 26546 D RenderController: filter time: 0
06-01 14:42:27.800 25883 26546 D RenderController: cosmetic time: 0
06-01 14:42:27.800 25883 26546 D RenderController: shape time: 0
06-01 14:42:27.800 25883 26546 D RenderController: style time: 0
06-01 14:42:27.800 25883 26546 D RenderController: total time: 3
06-01 14:42:27.833 25883 26546 D RenderController: detect time: 4 720 1512
06-01 14:42:27.833 25883 26546 D RenderController: beauty time: 0
06-01 14:42:27.833 25883 26546 D RenderController: filter time: 0
06-01 14:42:27.833 25883 26546 D RenderController: cosmetic time: 0
06-01 14:42:27.833 25883 26546 D RenderController: shape time: 0
06-01 14:42:27.833 25883 26546 D RenderController: style time: 0
06-01 14:42:27.833 25883 26546 D RenderController: total time: 4
06-01 14:42:27.868 25883 26546 D RenderController: detect time: 4 720 1512
06-01 14:42:27.868 25883 26546 D RenderController: beauty time: 0
06-01 14:42:27.868 25883 26546 D RenderController: filter time: 0
06-01 14:42:27.868 25883 26546 D RenderController: cosmetic time: 0
06-01 14:42:27.868 25883 26546 D RenderController: shape time: 0
06-01 14:42:27.868 25883 26546 D RenderController: style time: 0
06-01 14:42:27.868 25883 26546 D RenderController: total time: 4
06-01 14:42:27.900 25883 26546 D RenderController: detect time: 4 720 1512
06-01 14:42:27.900 25883 26546 D RenderController: beauty time: 0
06-01 14:42:27.900 25883 26546 D RenderController: filter time: 0
06-01 14:42:27.900 25883 26546 D RenderController: cosmetic time: 0
06-01 14:42:27.900 25883 26546 D RenderController: shape time: 0
06-01 14:42:27.900 25883 26546 D RenderController: style time: 0
06-01 14:42:27.900 25883 26546 D RenderController: total time: 4
06-01 14:42:27.933 25883 26546 D RenderController: detect time: 4 720 1512
06-01 14:42:27.933 25883 26546 D RenderController: beauty time: 0
06-01 14:42:27.933 25883 26546 D RenderController: filter time: 0
06-01 14:42:27.933 25883 26546 D RenderController: cosmetic time: 0
06-01 14:42:27.933 25883 26546 D RenderController: shape time: 0
06-01 14:42:27.933 25883 26546 D RenderController: style time: 0
06-01 14:42:27.933 25883 26546 D RenderController: total time: 4
06-01 14:42:27.967 25883 26546 D RenderController: detect time: 3 720 1512
06-01 14:42:27.967 25883 26546 D RenderController: beauty time: 0
06-01 14:42:27.967 25883 26546 D RenderController: filter time: 0
06-01 14:42:27.967 25883 26546 D RenderController: cosmetic time: 0
06-01 14:42:27.967 25883 26546 D RenderController: shape time: 0
06-01 14:42:27.967 25883 26546 D RenderController: style time: 0
06-01 14:42:27.967 25883 26546 D RenderController: total time: 3
06-01 14:42:28.000 25883 26546 D RenderController: detect time: 4 720 1512
06-01 14:42:28.000 25883 26546 D RenderController: beauty time: 0
06-01 14:42:28.000 25883 26546 D RenderController: filter time: 0
06-01 14:42:28.000 25883 26546 D RenderController: cosmetic time: 0
06-01 14:42:28.000 25883 26546 D RenderController: shape time: 0
06-01 14:42:28.000 25883 26546 D RenderController: style time: 0
06-01 14:42:28.000 25883 26546 D RenderController: total time: 4
06-01 14:42:28.033 25883 26546 D RenderController: detect time: 4 720 1512
06-01 14:42:28.033 25883 26546 D RenderController: beauty time: 0
06-01 14:42:28.033 25883 26546 D RenderController: filter time: 0
06-01 14:42:28.033 25883 26546 D RenderController: cosmetic time: 0
06-01 14:42:28.033 25883 26546 D RenderController: shape time: 0
06-01 14:42:28.033 25883 26546 D RenderController: style time: 0
06-01 14:42:28.033 25883 26546 D RenderController: total time: 4
06-01 14:42:28.068 25883 26546 D RenderController: detect time: 4 720 1512
06-01 14:42:28.068 25883 26546 D RenderController: beauty time: 0
06-01 14:42:28.068 25883 26546 D RenderController: filter time: 0
06-01 14:42:28.068 25883 26546 D RenderController: cosmetic time: 0
06-01 14:42:28.068 25883 26546 D RenderController: shape time: 0
06-01 14:42:28.068 25883 26546 D RenderController: style time: 0
06-01 14:42:28.068 25883 26546 D RenderController: total time: 4
06-01 14:42:28.100 25883 26546 D RenderController: detect time: 3 720 1512
06-01 14:42:28.100 25883 26546 D RenderController: beauty time: 0
06-01 14:42:28.100 25883 26546 D RenderController: filter time: 0
06-01 14:42:28.100 25883 26546 D RenderController: cosmetic time: 0
06-01 14:42:28.100 25883 26546 D RenderController: shape time: 0
06-01 14:42:28.100 25883 26546 D RenderController: style time: 0
06-01 14:42:28.100 25883 26546 D RenderController: total time: 3
06-01 14:42:28.134 25883 26546 D RenderController: detect time: 4 720 1512
06-01 14:42:28.134 25883 26546 D RenderController: beauty time: 0
06-01 14:42:28.134 25883 26546 D RenderController: filter time: 0
06-01 14:42:28.134 25883 26546 D RenderController: cosmetic time: 0
06-01 14:42:28.134 25883 26546 D RenderController: shape time: 0
06-01 14:42:28.134 25883 26546 D RenderController: style time: 0
06-01 14:42:28.134 25883 26546 D RenderController: total time: 4
06-01 14:42:28.168 25883 26546 D RenderController: detect time: 3 720 1512
06-01 14:42:28.168 25883 26546 D RenderController: beauty time: 0
06-01 14:42:28.168 25883 26546 D RenderController: filter time: 0
06-01 14:42:28.168 25883 26546 D RenderController: cosmetic time: 0
06-01 14:42:28.168 25883 26546 D RenderController: shape time: 0
06-01 14:42:28.168 25883 26546 D RenderController: style time: 1
06-01 14:42:28.168 25883 26546 D RenderController: total time: 4
06-01 14:42:28.200 25883 26546 D RenderController: detect time: 3 720 1512
06-01 14:42:28.200 25883 26546 D RenderController: beauty time: 0
06-01 14:42:28.200 25883 26546 D RenderController: filter time: 0
06-01 14:42:28.200 25883 26546 D RenderController: cosmetic time: 0
06-01 14:42:28.200 25883 26546 D RenderController: shape time: 0
06-01 14:42:28.200 25883 26546 D RenderController: style time: 0
06-01 14:42:28.200 25883 26546 D RenderController: total time: 3
06-01 14:42:28.235 25883 26546 D RenderController: detect time: 3 720 1512
06-01 14:42:28.235 25883 26546 D RenderController: beauty time: 0
06-01 14:42:28.235 25883 26546 D RenderController: filter time: 0
06-01 14:42:28.235 25883 26546 D RenderController: cosmetic time: 0
06-01 14:42:28.235 25883 26546 D RenderController: shape time: 1
06-01 14:42:28.235 25883 26546 D RenderController: style time: 0
06-01 14:42:28.235 25883 26546 D RenderController: total time: 4
06-01 14:42:28.267 25883 26546 D RenderController: detect time: 3 720 1512
06-01 14:42:28.267 25883 26546 D RenderController: beauty time: 0
06-01 14:42:28.267 25883 26546 D RenderController: filter time: 0
06-01 14:42:28.267 25883 26546 D RenderController: cosmetic time: 0
06-01 14:42:28.267 25883 26546 D RenderController: shape time: 1
06-01 14:42:28.267 25883 26546 D RenderController: style time: 0
06-01 14:42:28.267 25883 26546 D RenderController: total time: 4
06-01 14:42:28.299 25883 26546 D RenderController: detect time: 3 720 1512
06-01 14:42:28.299 25883 26546 D RenderController: beauty time: 0
06-01 14:42:28.299 25883 26546 D RenderController: filter time: 0
06-01 14:42:28.299 25883 26546 D RenderController: cosmetic time: 0
06-01 14:42:28.299 25883 26546 D RenderController: shape time: 0
06-01 14:42:28.299 25883 26546 D RenderController: style time: 1
06-01 14:42:28.299 25883 26546 D RenderController: total time: 4
06-01 14:42:28.320 25883 26220 I gralloc4: register: id=22800005456
06-01 14:42:28.332 25883 26546 D RenderController: detect time: 3 720 1512
06-01 14:42:28.333 25883 26546 D RenderController: beauty time: 0
06-01 14:42:28.333 25883 26546 D RenderController: filter time: 0
06-01 14:42:28.333 25883 26546 D RenderController: cosmetic time: 0
06-01 14:42:28.333 25883 26546 D RenderController: shape time: 0
06-01 14:42:28.333 25883 26546 D RenderController: style time: 0
06-01 14:42:28.333 25883 26546 D RenderController: total time: 3
06-01 14:42:28.340 25883 26220 I gralloc4: unregister: id=22800005456
06-01 14:42:28.342 25883 26220 I gralloc4: register: id=22800005459
06-01 14:42:28.365 25883 26546 D RenderController: detect time: 3 720 1512
06-01 14:42:28.365 25883 26546 D RenderController: beauty time: 0
06-01 14:42:28.365 25883 26546 D RenderController: filter time: 0
06-01 14:42:28.365 25883 26546 D RenderController: cosmetic time: 0
06-01 14:42:28.365 25883 26546 D RenderController: shape time: 0
06-01 14:42:28.365 25883 26546 D RenderController: style time: 0
06-01 14:42:28.365 25883 26546 D RenderController: total time: 3
06-01 14:42:28.386 25883 25883 I [LiveEventBus]: broadcast:
com.lightcone.whatsappbeautycam.viewmodel.event.BeautyIntensityUpdateEvent@4a02033
foreground: false with key: class
com.lightcone.whatsappbeautycam.viewmodel.event.BeautyIntensityUpdateEvent
06-01 14:42:28.400 25883 25883 I [LiveEventBus]: post:
com.lightcone.whatsappbeautycam.viewmodel.event.BeautyIntensityUpdateEvent@c6f6ff0
with key: class
com.lightcone.whatsappbeautycam.viewmodel.event.BeautyIntensityUpdateEvent
06-01 14:42:28.400 25883 26220 I gralloc4: register: id=2280000545a
06-01 14:42:28.400 25883 25883 I [LiveEventBus]: message received:
com.lightcone.whatsappbeautycam.viewmodel.event.BeautyIntensityUpdateEvent@c6f6ff0
06-01 14:42:28.400 25883 25883 I chatty :
uid=10252(com.cherisher.beauty.camera.videocall) identical 1 line
06-01 14:42:28.400 25883 25883 I [LiveEventBus]: message received:
com.lightcone.whatsappbeautycam.viewmodel.event.BeautyIntensityUpdateEvent@c6f6ff0
06-01 14:42:28.400 25883 26546 D RenderController: detect time: 4 720 1512
06-01 14:42:28.400 25883 26546 D RenderController: beauty time: 0
06-01 14:42:28.400 25883 26546 D RenderController: filter time: 0
06-01 14:42:28.401 25883 26546 D RenderController: cosmetic time: 0
06-01 14:42:28.401 25883 26546 D RenderController: shape time: 0
06-01 14:42:28.401 25883 26546 D RenderController: style time: 0
06-01 14:42:28.401 25883 26546 D RenderController: total time: 4
06-01 14:42:28.437 25883 26546 D RenderController: detect time: 7 720 1512
06-01 14:42:28.437 25883 26546 D RenderController: beauty time: 0
06-01 14:42:28.437 25883 26546 D RenderController: filter time: 0
06-01 14:42:28.437 25883 26546 D RenderController: cosmetic time: 0
06-01 14:42:28.438 25883 26546 D RenderController: shape time: 0
06-01 14:42:28.438 25883 26546 D RenderController: style time: 0
06-01 14:42:28.438 25883 26546 D RenderController: total time: 7
06-01 14:42:28.438 25883 25883 I [LiveEventBus]: broadcast:
com.lightcone.whatsappbeautycam.viewmodel.event.BeautyIntensityUpdateEvent@fd1839d
foreground: false with key: class
com.lightcone.whatsappbeautycam.viewmodel.event.BeautyIntensityUpdateEvent
06-01 14:42:28.450 25883 25883 I [LiveEventBus]: post:
com.lightcone.whatsappbeautycam.viewmodel.event.BeautyIntensityUpdateEvent@abd1012
with key: class
com.lightcone.whatsappbeautycam.viewmodel.event.BeautyIntensityUpdateEvent
06-01 14:42:28.450 25883 25883 I [LiveEventBus]: message received:
com.lightcone.whatsappbeautycam.viewmodel.event.BeautyIntensityUpdateEvent@abd1012
06-01 14:42:28.451 25883 25883 I chatty :
uid=10252(com.cherisher.beauty.camera.videocall) identical 1 line
06-01 14:42:28.451 25883 25883 I [LiveEventBus]: message received:
com.lightcone.whatsappbeautycam.viewmodel.event.BeautyIntensityUpdateEvent@abd1012
06-01 14:42:28.451 25883 26220 I gralloc4: register: id=2280000545b
06-01 14:42:28.468 25883 26546 D RenderController: detect time: 4 720 1512
06-01 14:42:28.469 25883 26546 D RenderController: beauty time: 0
06-01 14:42:28.469 25883 26546 D RenderController: filter time: 0
06-01 14:42:28.469 25883 26546 D RenderController: cosmetic time: 0
06-01 14:42:28.469 25883 26546 D RenderController: shape time: 0
06-01 14:42:28.469 25883 26546 D RenderController: style time: 0
06-01 14:42:28.469 25883 26546 D RenderController: total time: 4
06-01 14:42:28.495 25883 25883 I [LiveEventBus]: broadcast:
com.lightcone.whatsappbeautycam.viewmodel.event.BeautyIntensityUpdateEvent@4581b5e
foreground: false with key: class
com.lightcone.whatsappbeautycam.viewmodel.event.BeautyIntensityUpdateEvent
06-01 14:42:28.505 25883 26546 D RenderController: detect time: 4 720 1512
06-01 14:42:28.505 25883 26546 D RenderController: beauty time: 0
06-01 14:42:28.505 25883 26546 D RenderController: filter time: 0
06-01 14:42:28.505 25883 26546 D RenderController: cosmetic time: 0
06-01 14:42:28.505 25883 26546 D RenderController: shape time: 3
06-01 14:42:28.505 25883 26546 D RenderController: style time: 0
06-01 14:42:28.505 25883 26546 D RenderController: total time: 7
06-01 14:42:28.511 25883 25883 I [LiveEventBus]: post:
com.lightcone.whatsappbeautycam.viewmodel.event.BeautyIntensityUpdateEvent@a8e7b3f
with key: class
com.lightcone.whatsappbeautycam.viewmodel.event.BeautyIntensityUpdateEvent
06-01 14:42:28.511 25883 25883 I [LiveEventBus]: message received:
com.lightcone.whatsappbeautycam.viewmodel.event.BeautyIntensityUpdateEvent@a8e7b3f
06-01 14:42:28.512 25883 25883 I chatty :
uid=10252(com.cherisher.beauty.camera.videocall) identical 1 line
06-01 14:42:28.512 25883 25883 I [LiveEventBus]: message received:
com.lightcone.whatsappbeautycam.viewmodel.event.BeautyIntensityUpdateEvent@a8e7b3f
06-01 14:42:28.535 25883 26546 D RenderController: detect time: 5 720 1512
06-01 14:42:28.535 25883 26546 D RenderController: beauty time: 0
06-01 14:42:28.535 25883 26546 D RenderController: filter time: 0
06-01 14:42:28.535 25883 26546 D RenderController: cosmetic time: 0
06-01 14:42:28.535 25883 26546 D RenderController: shape time: 1
06-01 14:42:28.535 25883 26546 D RenderController: style time: 0
06-01 14:42:28.535 25883 26546 D RenderController: total time: 6
06-01 14:42:28.540 25883 25883 I [LiveEventBus]: broadcast:
com.lightcone.whatsappbeautycam.viewmodel.event.BeautyIntensityUpdateEvent@a4e8955
foreground: false with key: class
com.lightcone.whatsappbeautycam.viewmodel.event.BeautyIntensityUpdateEvent
06-01 14:42:28.551 25883 25883 I [LiveEventBus]: post:
com.lightcone.whatsappbeautycam.viewmodel.event.BeautyIntensityUpdateEvent@e068f6a
with key: class
com.lightcone.whatsappbeautycam.viewmodel.event.BeautyIntensityUpdateEvent
06-01 14:42:28.551 25883 25883 I [LiveEventBus]: message received:
com.lightcone.whatsappbeautycam.viewmodel.event.BeautyIntensityUpdateEvent@e068f6a
06-01 14:42:28.551 25883 25883 I chatty :
uid=10252(com.cherisher.beauty.camera.videocall) identical 1 line
06-01 14:42:28.551 25883 25883 I [LiveEventBus]: message received:
com.lightcone.whatsappbeautycam.viewmodel.event.BeautyIntensityUpdateEvent@e068f6a
06-01 14:42:28.568 25883 26546 D RenderController: detect time: 4 720 1512
06-01 14:42:28.568 25883 26546 D RenderController: beauty time: 0
06-01 14:42:28.568 25883 26546 D RenderController: filter time: 0
06-01 14:42:28.568 25883 26546 D RenderController: cosmetic time: 0
06-01 14:42:28.568 25883 26546 D RenderController: shape time: 0
06-01 14:42:28.568 25883 26546 D RenderController: style time: 0
06-01 14:42:28.568 25883 26546 D RenderController: total time: 4
06-01 14:42:28.600 25883 26546 D RenderController: detect time: 3 720 1512
06-01 14:42:28.600 25883 26546 D RenderController: beauty time: 0
06-01 14:42:28.600 25883 26546 D RenderController: filter time: 0
06-01 14:42:28.600 25883 26546 D RenderController: cosmetic time: 0
06-01 14:42:28.600 25883 26546 D RenderController: shape time: 1
06-01 14:42:28.600 25883 26546 D RenderController: style time: 0
06-01 14:42:28.600 25883 26546 D RenderController: total time: 4
06-01 14:42:28.602 25883 25883 I [LiveEventBus]: broadcast:
com.lightcone.whatsappbeautycam.viewmodel.event.BeautyIntensityUpdateEvent@be6acf8
foreground: false with key: class
com.lightcone.whatsappbeautycam.viewmodel.event.BeautyIntensityUpdateEvent
06-01 14:42:28.615 25883 25883 I [LiveEventBus]: post:
com.lightcone.whatsappbeautycam.viewmodel.event.BeautyIntensityUpdateEvent@9bb65d1
with key: class
com.lightcone.whatsappbeautycam.viewmodel.event.BeautyIntensityUpdateEvent
06-01 14:42:28.615 25883 25883 I [LiveEventBus]: message received:
com.lightcone.whatsappbeautycam.viewmodel.event.BeautyIntensityUpdateEvent@9bb65d1
06-01 14:42:28.615 25883 25883 I chatty :
uid=10252(com.cherisher.beauty.camera.videocall) identical 1 line
06-01 14:42:28.615 25883 25883 I [LiveEventBus]: message received:
com.lightcone.whatsappbeautycam.viewmodel.event.BeautyIntensityUpdateEvent@9bb65d1
06-01 14:42:28.634 25883 26546 D RenderController: detect time: 3 720 1512
06-01 14:42:28.634 25883 26546 D RenderController: beauty time: 0
