03-14 21:17:33.367 13208 13284 E gralloc4: Empty SMPTE 2094-40 data
03-14 21:17:33.374 13208 13208 E ArmVmp : Match on catch block at 0xc3 in for 0x766bd9a025
03-14 21:17:33.376 13208 13208 E ArmVmp : Match on catch block at 0xc3 in for 0x766bd9a025
03-14 21:17:33.382 13208 13284 E gralloc4: Empty SMPTE 2094-40 data
03-14 21:17:33.391 13208 13208 E ArmVmp : Match on catch block at 0xc3 in for 0x766bd9a025
03-14 21:17:33.393 13208 13208 E ArmVmp : Match on catch block at 0xc3 in for 0x766bd9a025
03-14 21:17:33.399 13208 13284 E gralloc4: Empty SMPTE 2094-40 data
03-14 21:17:33.405 13208 13208 E ArmVmp : Match on catch block at 0xc3 in for 0x766bd9a025
03-14 21:17:33.407 13208 13208 E ArmVmp : Match on catch block at 0xc3 in for 0x766bd9a025
03-14 21:17:33.412 13208 13284 E gralloc4: Empty SMPTE 2094-40 data
03-14 21:17:33.421 13208 13208 E ArmVmp : Match on catch block at 0xc3 in for 0x766bd9a025
03-14 21:17:33.423 13208 13208 E ArmVmp : Match on catch block at 0xc3 in for 0x766bd9a025
03-14 21:17:33.429 13208 13284 E gralloc4: Empty SMPTE 2094-40 data
03-14 21:17:33.440 13208 13208 E ArmVmp : Match on catch block at 0xc3 in for 0x766bd9a025
03-14 21:17:33.442 13208 13208 E ArmVmp : Match on catch block at 0xc3 in for 0x766bd9a025
03-14 21:17:33.447 13208 13284 E gralloc4: Empty SMPTE 2094-40 data
03-14 21:17:33.457 13208 13208 E ArmVmp : Match on catch block at 0xc3 in for 0x766bd9a025
03-14 21:17:33.459 13208 13208 E ArmVmp : Match on catch block at 0xc3 in for 0x766bd9a025
03-14 21:17:33.465 13208 13284 E gralloc4: Empty SMPTE 2094-40 data
03-14 21:17:33.471 13208 13208 E ArmVmp : Match on catch block at 0xc3 in for 0x766bd9a025
03-14 21:17:33.473 13208 13208 E ArmVmp : Match on catch block at 0xc3 in for 0x766bd9a025
03-14 21:17:33.479 13208 13284 E gralloc4: Empty SMPTE 2094-40 data
03-14 21:17:33.488 13208 13208 E ArmVmp : Match on catch block at 0xc3 in for 0x766bd9a025
03-14 21:17:33.490 13208 13208 E ArmVmp : Match on catch block at 0xc3 in for 0x766bd9a025
03-14 21:17:33.495 13208 13284 E gralloc4: Empty SMPTE 2094-40 data
03-14 21:17:33.506 13208 13208 E ArmVmp : Match on catch block at 0xc3 in for 0x766bd9a025
03-14 21:17:33.508 13208 13208 E ArmVmp : Match on catch block at 0xc3 in for 0x766bd9a025
03-14 21:17:33.515 13208 13284 E gralloc4: Empty SMPTE 2094-40 data
03-14 21:17:33.523 13208 13208 E ArmVmp : Match on catch block at 0xc3 in for 0x766bd9a025
03-14 21:17:33.525 13208 13208 E ArmVmp : Match on catch block at 0xc3 in for 0x766bd9a025
03-14 21:17:33.530 13208 13284 E gralloc4: Empty SMPTE 2094-40 data
03-14 21:17:33.542 13208 13208 E ArmVmp : Match on catch block at 0xc3 in for 0x766bd9a025
03-14 21:17:33.544 13208 13208 E ArmVmp : Match on catch block at 0xc3 in for 0x766bd9a025
03-14 21:17:33.550 13208 13284 E gralloc4: Empty SMPTE 2094-40 data
03-14 21:17:33.558 13208 13208 E ArmVmp : Match on catch block at 0xc3 in for 0x766bd9a025
03-14 21:17:33.560 13208 13208 E ArmVmp : Match on catch block at 0xc3 in for 0x766bd9a025
03-14 21:17:33.566 13208 13284 E gralloc4: Empty SMPTE 2094-40 data
03-14 21:17:33.572 13208 13208 E ArmVmp : Match on catch block at 0xc3 in for 0x766bd9a025
03-14 21:17:33.575 13208 13208 E ArmVmp : Match on catch block at 0xc3 in for 0x766bd9a025
03-14 21:17:33.580 13208 13284 E gralloc4: Empty SMPTE 2094-40 data
03-14 21:17:33.589 13208 13208 E ArmVmp : Match on catch block at 0xc3 in for 0x766bd9a025
03-14 21:17:33.591 13208 13208 E ArmVmp : Match on catch block at 0xc3 in for 0x766bd9a025
03-14 21:17:33.597 13208 13284 E gralloc4: Empty SMPTE 2094-40 data
03-14 21:17:33.604 13208 13208 E ArmVmp : Match on catch block at 0xc3 in for 0x766bd9a025
03-14 21:17:33.607 13208 13208 E ArmVmp : Match on catch block at 0xc3 in for 0x766bd9a025
03-14 21:17:33.612 13208 13284 E gralloc4: Empty SMPTE 2094-40 data
03-14 21:17:33.622 13208 13208 E ArmVmp : Match on catch block at 0xc3 in for 0x766bd9a025
03-14 21:17:33.623 13208 13208 E ArmVmp : Match on catch block at 0xc3 in for 0x766bd9a025
03-14 21:17:33.629 13208 13284 E gralloc4: Empty SMPTE 2094-40 data
03-14 21:17:33.641 13208 13208 E ArmVmp : Match on catch block at 0xc3 in for 0x766bd9a025
03-14 21:17:33.643 13208 13208 E ArmVmp : Match on catch block at 0xc3 in for 0x766bd9a025
03-14 21:17:33.649 13208 13284 E gralloc4: Empty SMPTE 2094-40 data
03-14 21:17:33.664 13208 13208 E ArmVmp : Match on catch block at 0xc3 in for 0x766bd9a025
03-14 21:17:33.666 13208 13208 E ArmVmp : Match on catch block at 0xc3 in for 0x766bd9a025
03-14 21:17:33.673 13208 13284 E gralloc4: Empty SMPTE 2094-40 data
03-14 21:17:33.685 13208 13208 E ArmVmp : Match on catch block at 0xc3 in for 0x766bd9a025
03-14 21:17:33.687 13208 13208 E ArmVmp : Match on catch block at 0xc3 in for 0x766bd9a025
03-14 21:17:33.695 13208 13284 E gralloc4: Empty SMPTE 2094-40 data
03-14 21:17:33.707 13208 13208 E ArmVmp : Match on catch block at 0xc3 in for 0x766bd9a025
03-14 21:17:33.709 13208 13208 E ArmVmp : Match on catch block at 0xc3 in for 0x766bd9a025
03-14 21:17:33.716 13208 13284 E gralloc4: Empty SMPTE 2094-40 data
03-14 21:17:33.717 13208 13208 E ArmVmp : Match on catch block at 0xc3 in for 0x766bd9a025
03-14 21:17:33.720 13208 13208 E ArmVmp : Match on catch block at 0xc3 in for 0x766bd9a025
03-14 21:17:33.727 13208 13284 E gralloc4: Empty SMPTE 2094-40 data
03-14 21:17:33.729 13208 13208 E ArmVmp : Match on catch block at 0xc3 in for 0x766bd9a025
03-14 21:17:33.732 13208 13208 E ArmVmp : Match on catch block at 0xc3 in for 0x766bd9a025
03-14 21:17:33.739 13208 13284 E gralloc4: Empty SMPTE 2094-40 data
03-14 21:17:33.742 13208 13208 E ArmVmp : Match on catch block at 0xc3 in for 0x766bd9a025
03-14 21:17:33.744 13208 13208 E ArmVmp : Match on catch block at 0xc3 in for 0x766bd9a025
03-14 21:17:33.750 13208 13284 E gralloc4: Empty SMPTE 2094-40 data
03-14 21:17:33.757 13208 13208 E ArmVmp : Match on catch block at 0xc3 in for 0x766bd9a025
03-14 21:17:33.759 13208 13208 E ArmVmp : Match on catch block at 0xc3 in for 0x766bd9a025
03-14 21:17:33.765 13208 13284 E gralloc4: Empty SMPTE 2094-40 data
03-14 21:17:33.775 13208 13208 E ArmVmp : Match on catch block at 0xc3 in for 0x766bd9a025
03-14 21:17:33.778 13208 13208 E ArmVmp : Match on catch block at 0xc3 in for 0x766bd9a025
03-14 21:17:33.784 13208 13284 E gralloc4: Empty SMPTE 2094-40 data
03-14 21:17:33.790 13208 13208 E ArmVmp : Match on catch block at 0xc3 in for 0x766bd9a025
03-14 21:17:33.793 13208 13208 E ArmVmp : Match on catch block at 0xc3 in for 0x766bd9a025
03-14 21:17:33.798 13208 13284 E gralloc4: Empty SMPTE 2094-40 data
03-14 21:17:33.807 13208 13208 E ArmVmp : Match on catch block at 0xc3 in for 0x766bd9a025
03-14 21:17:33.809 13208 13208 E ArmVmp : Match on catch block at 0xc3 in for 0x766bd9a025
03-14 21:17:33.815 13208 13284 E gralloc4: Empty SMPTE 2094-40 data
03-14 21:17:33.825 13208 13208 E ArmVmp : Match on catch block at 0xc3 in for 0x766bd9a025
03-14 21:17:33.828 13208 13208 E ArmVmp : Match on catch block at 0xc3 in for 0x766bd9a025
03-14 21:17:33.833 13208 13284 E gralloc4: Empty SMPTE 2094-40 data
03-14 21:17:33.840 13208 13208 E ArmVmp : Match on catch block at 0xc3 in for 0x766bd9a025
03-14 21:17:33.842 13208 13208 E ArmVmp : Match on catch block at 0xc3 in for 0x766bd9a025
03-14 21:17:33.848 13208 13284 E gralloc4: Empty SMPTE 2094-40 data
03-14 21:17:33.857 13208 13208 E ArmVmp : Match on catch block at 0xc3 in for 0x766bd9a025
03-14 21:17:33.859 13208 13208 E ArmVmp : Match on catch block at 0xc3 in for 0x766bd9a025
03-14 21:17:33.865 13208 13284 E gralloc4: Empty SMPTE 2094-40 data
03-14 21:17:33.873 13208 13208 E ArmVmp : Match on catch block at 0xc3 in for 0x766bd9a025
03-14 21:17:33.876 13208 13208 E ArmVmp : Match on catch block at 0xc3 in for 0x766bd9a025
03-14 21:17:33.881 13208 13284 E gralloc4: Empty SMPTE 2094-40 data
03-14 21:17:33.890 13208 13208 E ArmVmp : Match on catch block at 0xc3 in for 0x766bd9a025
03-14 21:17:33.892 13208 13208 E ArmVmp : Match on catch block at 0xc3 in for 0x766bd9a025
03-14 21:17:33.898 13208 13284 E gralloc4: Empty SMPTE 2094-40 data
03-14 21:17:33.907 13208 13208 E ArmVmp : Match on catch block at 0xc3 in for 0x766bd9a025
03-14 21:17:33.909 13208 13208 E ArmVmp : Match on catch block at 0xc3 in for 0x766bd9a025
03-14 21:17:33.915 13208 13284 E gralloc4: Empty SMPTE 2094-40 data
03-14 21:17:33.923 13208 13208 E ArmVmp : Match on catch block at 0xc3 in for 0x766bd9a025
03-14 21:17:33.925 13208 13208 E ArmVmp : Match on catch block at 0xc3 in for 0x766bd9a025
03-14 21:17:33.931 13208 13284 E gralloc4: Empty SMPTE 2094-40 data
03-14 21:17:33.940 13208 13208 E ArmVmp : Match on catch block at 0xc3 in for 0x766bd9a025
03-14 21:17:33.942 13208 13208 E ArmVmp : Match on catch block at 0xc3 in for 0x766bd9a025
03-14 21:17:33.948 13208 13284 E gralloc4: Empty SMPTE 2094-40 data
03-14 21:17:33.956 13208 13208 E ArmVmp : Match on catch block at 0xc3 in for 0x766bd9a025
03-14 21:17:33.958 13208 13208 E ArmVmp : Match on catch block at 0xc3 in for 0x766bd9a025
03-14 21:17:33.964 13208 13284 E gralloc4: Empty SMPTE 2094-40 data
03-14 21:17:33.973 13208 13208 E ArmVmp : Match on catch block at 0xc3 in for 0x766bd9a025
03-14 21:17:33.975 13208 13208 E ArmVmp : Match on catch block at 0xc3 in for 0x766bd9a025
03-14 21:17:33.981 13208 13284 E gralloc4: Empty SMPTE 2094-40 data
03-14 21:17:33.988 13208 13208 E ArmVmp : Match on catch block at 0xc3 in for 0x766bd9a025
03-14 21:17:33.990 13208 13208 E ArmVmp : Match on catch block at 0xc3 in for 0x766bd9a025
03-14 21:17:33.996 13208 13284 E gralloc4: Empty SMPTE 2094-40 data
03-14 21:17:34.006 13208 13208 E ArmVmp : Match on catch block at 0xc3 in for 0x766bd9a025
03-14 21:17:34.008 13208 13208 E ArmVmp : Match on catch block at 0xc3 in for 0x766bd9a025
03-14 21:17:34.014 13208 13284 E gralloc4: Empty SMPTE 2094-40 data
03-14 21:17:34.023 13208 13208 E ArmVmp : Match on catch block at 0xc3 in for 0x766bd9a025
03-14 21:17:34.025 13208 13208 E ArmVmp : Match on catch block at 0xc3 in for 0x766bd9a025
03-14 21:17:34.031 13208 13284 E gralloc4: Empty SMPTE 2094-40 data
03-14 21:17:34.038 13208 13208 E ArmVmp : Match on catch block at 0xc3 in for 0x766bd9a025
03-14 21:17:34.040 13208 13208 E ArmVmp : Match on catch block at 0xc3 in for 0x766bd9a025
03-14 21:17:34.045 13208 13284 E gralloc4: Empty SMPTE 2094-40 data
03-14 21:17:34.056 13208 13208 E ArmVmp : Match on catch block at 0xc3 in for 0x766bd9a025
03-14 21:17:34.058 13208 13208 E ArmVmp : Match on catch block at 0xc3 in for 0x766bd9a025
03-14 21:17:34.064 13208 13284 E gralloc4: Empty SMPTE 2094-40 data
03-14 21:17:34.071 13208 13208 E ArmVmp : Match on catch block at 0xc3 in for 0x766bd9a025
03-14 21:17:34.073 13208 13208 E ArmVmp : Match on catch block at 0xc3 in for 0x766bd9a025
03-14 21:17:34.079 13208 13284 E gralloc4: Empty SMPTE 2094-40 data
03-14 21:17:34.089 13208 13208 E ArmVmp : Match on catch block at 0xc3 in for 0x766bd9a025
03-14 21:17:34.091 13208 13208 E ArmVmp : Match on catch block at 0xc3 in for 0x766bd9a025
03-14 21:17:34.097 13208 13284 E gralloc4: Empty SMPTE 2094-40 data
03-14 21:17:34.104 13208 13208 E ArmVmp : Match on catch block at 0xc3 in for 0x766bd9a025
03-14 21:17:34.106 13208 13208 E ArmVmp : Match on catch block at 0xc3 in for 0x766bd9a025
03-14 21:17:34.112 13208 13284 E gralloc4: Empty SMPTE 2094-40 data
03-14 21:17:34.122 13208 13208 E ArmVmp : Match on catch block at 0xc3 in for 0x766bd9a025
03-14 21:17:34.124 13208 13208 E ArmVmp : Match on catch block at 0xc3 in for 0x766bd9a025
03-14 21:17:34.130 13208 13284 E gralloc4: Empty SMPTE 2094-40 data
03-14 21:17:34.137 13208 13208 E ArmVmp : Match on catch block at 0xc3 in for 0x766bd9a025
03-14 21:17:34.139 13208 13208 E ArmVmp : Match on catch block at 0xc3 in for 0x766bd9a025
03-14 21:17:34.145 13208 13284 E gralloc4: Empty SMPTE 2094-40 data
03-14 21:17:34.154 13208 13208 E ArmVmp : Match on catch block at 0xc3 in for 0x766bd9a025
03-14 21:17:34.156 13208 13208 E ArmVmp : Match on catch block at 0xc3 in for 0x766bd9a025
03-14 21:17:34.161 13208 13284 E gralloc4: Empty SMPTE 2094-40 data
03-14 21:17:34.172 13208 13208 E ArmVmp : Match on catch block at 0xc3 in for 0x766bd9a025
03-14 21:17:34.174 13208 13208 E ArmVmp : Match on catch block at 0xc3 in for 0x766bd9a025
03-14 21:17:34.180 13208 13284 E gralloc4: Empty SMPTE 2094-40 data
03-14 21:17:34.187 13208 13208 E ArmVmp : Match on catch block at 0xc3 in for 0x766bd9a025
03-14 21:17:34.190 13208 13208 E ArmVmp : Match on catch block at 0xc3 in for 0x766bd9a025
03-14 21:17:34.195 13208 13284 E gralloc4: Empty SMPTE 2094-40 data
03-14 21:17:34.204 13208 13208 E ArmVmp : Match on catch block at 0xc3 in for 0x766bd9a025
03-14 21:17:34.206 13208 13208 E ArmVmp : Match on catch block at 0xc3 in for 0x766bd9a025
03-14 21:17:34.212 13208 13284 E gralloc4: Empty SMPTE 2094-40 data
03-14 21:17:34.220 13208 13208 E ArmVmp : Match on catch block at 0xc3 in for 0x766bd9a025
03-14 21:17:34.223 13208 13208 E ArmVmp : Match on catch block at 0xc3 in for 0x766bd9a025
03-14 21:17:34.228 13208 13284 E gralloc4: Empty SMPTE 2094-40 data
03-14 21:17:34.237 13208 13208 E ArmVmp : Match on catch block at 0xc3 in for 0x766bd9a025
03-14 21:17:34.239 13208 13208 E ArmVmp : Match on catch block at 0xc3 in for 0x766bd9a025
03-14 21:17:34.245 13208 13284 E gralloc4: Empty SMPTE 2094-40 data
03-14 21:17:34.255 13208 13208 E ArmVmp : Match on catch block at 0xc3 in for 0x766bd9a025
03-14 21:17:34.257 13208 13208 E ArmVmp : Match on catch block at 0xc3 in for 0x766bd9a025
03-14 21:17:34.263 13208 13284 E gralloc4: Empty SMPTE 2094-40 data
03-14 21:17:34.270 13208 13208 E ArmVmp : Match on catch block at 0xc3 in for 0x766bd9a025
03-14 21:17:34.272 13208 13208 E ArmVmp : Match on catch block at 0xc3 in for 0x766bd9a025
03-14 21:17:34.278 13208 13284 E gralloc4: Empty SMPTE 2094-40 data
03-14 21:17:34.287 13208 13208 E ArmVmp : Match on catch block at 0xc3 in for 0x766bd9a025
03-14 21:17:34.289 13208 13208 E ArmVmp : Match on catch block at 0xc3 in for 0x766bd9a025
03-14 21:17:34.294 13208 13284 E gralloc4: Empty SMPTE 2094-40 data
03-14 21:17:34.303 13208 13208 E ArmVmp : Match on catch block at 0xc3 in for 0x766bd9a025
03-14 21:17:34.305 13208 13208 E ArmVmp : Match on catch block at 0xc3 in for 0x766bd9a025
03-14 21:17:34.311 13208 13284 E gralloc4: Empty SMPTE 2094-40 data
03-14 21:17:34.320 13208 13208 E ArmVmp : Match on catch block at 0xc3 in for 0x766bd9a025
03-14 21:17:34.322 13208 13208 E ArmVmp : Match on catch block at 0xc3 in for 0x766bd9a025
03-14 21:17:34.328 13208 13284 E gralloc4: Empty SMPTE 2094-40 data
03-14 21:17:34.337 13208 13208 E ArmVmp : Match on catch block at 0xc3 in for 0x766bd9a025
03-14 21:17:34.339 13208 13208 E ArmVmp : Match on catch block at 0xc3 in for 0x766bd9a025
03-14 21:17:34.344 13208 13284 E gralloc4: Empty SMPTE 2094-40 data
03-14 21:17:34.354 13208 13208 E ArmVmp : Match on catch block at 0xc3 in for 0x766bd9a025
03-14 21:17:34.356 13208 13208 E ArmVmp : Match on catch block at 0xc3 in for 0x766bd9a025
03-14 21:17:34.361 13208 13284 E gralloc4: Empty SMPTE 2094-40 data
03-14 21:17:34.368 13208 13208 E ArmVmp : Match on catch block at 0xc3 in for 0x766bd9a025
03-14 21:17:34.371 13208 13208 E ArmVmp : Match on catch block at 0xc3 in for 0x766bd9a025
03-14 21:17:34.376 13208 13284 E gralloc4: Empty SMPTE 2094-40 data
03-14 21:17:34.390 13208 13208 E ArmVmp : Match on catch block at 0xc3 in for 0x766bd9a025
03-14 21:17:34.393 13208 13208 E ArmVmp : Match on catch block at 0xc3 in for 0x766bd9a025
03-14 21:17:34.400 13208 13284 E gralloc4: Empty SMPTE 2094-40 data
03-14 21:17:34.406 13208 13208 E ArmVmp : Match on catch block at 0xc3 in for 0x766bd9a025
03-14 21:17:34.408 13208 13208 E ArmVmp : Match on catch block at 0xc3 in for 0x766bd9a025
03-14 21:17:34.414 13208 13284 E gralloc4: Empty SMPTE 2094-40 data
03-14 21:17:34.419 13208 13208 E ArmVmp : Match on catch block at 0xc3 in for 0x766bd9a025
03-14 21:17:34.421 13208 13208 E ArmVmp : Match on catch block at 0xc3 in for 0x766bd9a025
03-14 21:17:34.427 13208 13284 E gralloc4: Empty SMPTE 2094-40 data
03-14 21:17:34.438 13208 13208 E ArmVmp : Match on catch block at 0xc3 in for 0x766bd9a025
03-14 21:17:34.440 13208 13208 E ArmVmp : Match on catch block at 0xc3 in for 0x766bd9a025
03-14 21:17:34.445 13208 13284 E gralloc4: Empty SMPTE 2094-40 data
03-14 21:17:34.456 13208 13208 E ArmVmp : Match on catch block at 0xc3 in for 0x766bd9a025
03-14 21:17:34.458 13208 13208 E ArmVmp : Match on catch block at 0xc3 in for 0x766bd9a025
03-14 21:17:34.464 13208 13284 E gralloc4: Empty SMPTE 2094-40 data
03-14 21:17:34.468 13208 13208 E ArmVmp : Match on catch block at 0xc3 in for 0x766bd9a025
03-14 21:17:34.470 13208 13208 E ArmVmp : Match on catch block at 0xc3 in for 0x766bd9a025
03-14 21:17:34.475 13208 13284 E gralloc4: Empty SMPTE 2094-40 data
03-14 21:17:34.484 13208 13208 E ArmVmp : Match on catch block at 0xc3 in for 0x766bd9a025
03-14 21:17:34.486 13208 13208 E ArmVmp : Match on catch block at 0xc3 in for 0x766bd9a025
03-14 21:17:34.491 13208 13284 E gralloc4: Empty SMPTE 2094-40 data
03-14 21:17:34.500 13208 13208 E ArmVmp : Match on catch block at 0xc3 in for 0x766bd9a025
03-14 21:17:34.502 13208 13208 E ArmVmp : Match on catch block at 0xc3 in for 0x766bd9a025
03-14 21:17:34.508 13208 13284 E gralloc4: Empty SMPTE 2094-40 data
03-14 21:17:34.517 13208 13208 E ArmVmp : Match on catch block at 0xc3 in for 0x766bd9a025
03-14 21:17:34.519 13208 13208 E ArmVmp : Match on catch block at 0xc3 in for 0x766bd9a025
03-14 21:17:34.524 13208 13284 E gralloc4: Empty SMPTE 2094-40 data
03-14 21:17:34.533 13208 13208 E ArmVmp : Match on catch block at 0xc3 in for 0x766bd9a025
03-14 21:17:34.536 13208 13208 E ArmVmp : Match on catch block at 0xc3 in for 0x766bd9a025
03-14 21:17:34.541 13208 13284 E gralloc4: Empty SMPTE 2094-40 data
03-14 21:17:34.550 13208 13208 E ArmVmp : Match on catch block at 0xc3 in for 0x766bd9a025
03-14 21:17:34.552 13208 13208 E ArmVmp : Match on catch block at 0xc3 in for 0x766bd9a025
03-14 21:17:34.558 13208 13284 E gralloc4: Empty SMPTE 2094-40 data
03-14 21:17:34.567 13208 13208 E ArmVmp : Match on catch block at 0xc3 in for 0x766bd9a025
03-14 21:17:34.569 13208 13208 E ArmVmp : Match on catch block at 0xc3 in for 0x766bd9a025
03-14 21:17:34.574 13208 13284 E gralloc4: Empty SMPTE 2094-40 data
03-14 21:17:34.583 13208 13208 E ArmVmp : Match on catch block at 0xc3 in for 0x766bd9a025
03-14 21:17:34.585 13208 13208 E ArmVmp : Match on catch block at 0xc3 in for 0x766bd9a025
03-14 21:17:34.591 13208 13284 E gralloc4: Empty SMPTE 2094-40 data
03-14 21:17:34.600 13208 13208 E ArmVmp : Match on catch block at 0xc3 in for 0x766bd9a025
03-14 21:17:34.602 13208 13208 E ArmVmp : Match on catch block at 0xc3 in for 0x766bd9a025
03-14 21:17:34.607 13208 13284 E gralloc4: Empty SMPTE 2094-40 data
03-14 21:17:35.081 13208 13208 E ArmVmp : Match on catch block at 0xc3 in for 0x766bd9a025
03-14 21:17:35.084 13208 13208 E ArmVmp : Match on catch block at 0xc3 in for 0x766bd9a025
03-14 21:17:35.090 13208 13284 E gralloc4: Empty SMPTE 2094-40 data
03-14 21:17:35.584 13208 13208 E ArmVmp : Match on catch block at 0xc3 in for 0x766bd9a025
03-14 21:17:35.586 13208 13208 E ArmVmp : Match on catch block at 0xc3 in for 0x766bd9a025
03-14 21:17:35.593 13208 13284 E gralloc4: Empty SMPTE 2094-40 data
03-14 21:17:36.053 13208 13208 E ArmVmp : Match on catch block at 0xc3 in for 0x766bd9a025
03-14 21:17:36.056 13208 13208 E ArmVmp : Match on catch block at 0xc3 in for 0x766bd9a025
03-14 21:17:36.062 13208 13284 E gralloc4: Empty SMPTE 2094-40 data
03-14 21:17:36.070 13208 13208 E ArmVmp : Match on catch block at 0xc3 in for 0x766bd9a025
03-14 21:17:36.072 13208 13208 E ArmVmp : Match on catch block at 0xc3 in for 0x766bd9a025
03-14 21:17:36.079 13208 13284 E gralloc4: Empty SMPTE 2094-40 data
03-14 21:17:36.087 13208 13208 E ArmVmp : Match on catch block at 0xc3 in for 0x766bd9a025
03-14 21:17:36.089 13208 13208 E ArmVmp : Match on catch block at 0xc3 in for 0x766bd9a025
03-14 21:17:36.095 13208 13284 E gralloc4: Empty SMPTE 2094-40 data
03-14 21:17:36.104 13208 13208 E ArmVmp : Match on catch block at 0xc3 in for 0x766bd9a025
03-14 21:17:36.106 13208 13208 E ArmVmp : Match on catch block at 0xc3 in for 0x766bd9a025
03-14 21:17:36.112 13208 13284 E gralloc4: Empty SMPTE 2094-40 data
03-14 21:17:36.121 13208 13208 E ArmVmp : Match on catch block at 0xc3 in for 0x766bd9a025
03-14 21:17:36.124 13208 13208 E ArmVmp : Match on catch block at 0xc3 in for 0x766bd9a025
03-14 21:17:36.129 13208 13284 E gralloc4: Empty SMPTE 2094-40 data
03-14 21:17:36.140 13208 13208 E ArmVmp : Match on catch block at 0xc3 in for 0x766bd9a025
03-14 21:17:36.143 13208 13208 E ArmVmp : Match on catch block at 0xc3 in for 0x766bd9a025
03-14 21:17:36.148 13208 13284 E gralloc4: Empty SMPTE 2094-40 data
03-14 21:17:36.159 13208 13208 E ArmVmp : Match on catch block at 0xc3 in for 0x766bd9a025
03-14 21:17:36.162 13208 13208 E ArmVmp : Match on catch block at 0xc3 in for 0x766bd9a025
03-14 21:17:36.167 13208 13284 E gralloc4: Empty SMPTE 2094-40 data
03-14 21:17:36.178 13208 13208 E ArmVmp : Match on catch block at 0xc3 in for 0x766bd9a025
03-14 21:17:36.180 13208 13208 E ArmVmp : Match on catch block at 0xc3 in for 0x766bd9a025
03-14 21:17:36.185 13208 13284 E gralloc4: Empty SMPTE 2094-40 data
03-14 21:17:36.194 13208 13208 E ArmVmp : Match on catch block at 0xc3 in for 0x766bd9a025
03-14 21:17:36.196 13208 13208 E ArmVmp : Match on catch block at 0xc3 in for 0x766bd9a025
03-14 21:17:36.202 13208 13284 E gralloc4: Empty SMPTE 2094-40 data
03-14 21:17:36.211 13208 13208 E ArmVmp : Match on catch block at 0xc3 in for 0x766bd9a025
03-14 21:17:36.213 13208 13208 E ArmVmp : Match on catch block at 0xc3 in for 0x766bd9a025
03-14 21:17:36.218 13208 13284 E gralloc4: Empty SMPTE 2094-40 data
03-14 21:17:36.227 13208 13208 E ArmVmp : Match on catch block at 0xc3 in for 0x766bd9a025
03-14 21:17:36.229 13208 13208 E ArmVmp : Match on catch block at 0xc3 in for 0x766bd9a025
03-14 21:17:36.234 13208 13284 E gralloc4: Empty SMPTE 2094-40 data
03-14 21:17:36.244 13208 13208 E ArmVmp : Match on catch block at 0xc3 in for 0x766bd9a025
03-14 21:17:36.246 13208 13208 E ArmVmp : Match on catch block at 0xc3 in for 0x766bd9a025
03-14 21:17:36.251 13208 13284 E gralloc4: Empty SMPTE 2094-40 data
03-14 21:17:36.260 13208 13208 E ArmVmp : Match on catch block at 0xc3 in for 0x766bd9a025
03-14 21:17:36.262 13208 13208 E ArmVmp : Match on catch block at 0xc3 in for 0x766bd9a025
03-14 21:17:36.268 13208 13284 E gralloc4: Empty SMPTE 2094-40 data
03-14 21:17:36.277 13208 13208 E ArmVmp : Match on catch block at 0xc3 in for 0x766bd9a025
03-14 21:17:36.279 13208 13208 E ArmVmp : Match on catch block at 0xc3 in for 0x766bd9a025
03-14 21:17:36.284 13208 13284 E gralloc4: Empty SMPTE 2094-40 data
03-14 21:17:36.294 13208 13208 E ArmVmp : Match on catch block at 0xc3 in for 0x766bd9a025
03-14 21:17:36.296 13208 13208 E ArmVmp : Match on catch block at 0xc3 in for 0x766bd9a025
03-14 21:17:36.301 13208 13284 E gralloc4: Empty SMPTE 2094-40 data
03-14 21:17:36.310 13208 13208 E ArmVmp : Match on catch block at 0xc3 in for 0x766bd9a025
03-14 21:17:36.312 13208 13208 E ArmVmp : Match on catch block at 0xc3 in for 0x766bd9a025
03-14 21:17:36.317 13208 13284 E gralloc4: Empty SMPTE 2094-40 data
03-14 21:17:36.327 13208 13208 E ArmVmp : Match on catch block at 0xc3 in for 0x766bd9a025
03-14 21:17:36.329 13208 13208 E ArmVmp : Match on catch block at 0xc3 in for 0x766bd9a025
03-14 21:17:36.578 13208 13208 E ArmVmp : Match on catch block at 0xc3 in for 0x766bd9a025
03-14 21:17:36.582 13208 13208 E ArmVmp : Match on catch block at 0xc3 in for 0x766bd9a025
03-14 21:17:36.589 13208 13284 E gralloc4: Empty SMPTE 2094-40 data
03-14 21:17:37.095 13208 13208 E ArmVmp : Match on catch block at 0xc3 in for 0x766bd9a025
03-14 21:17:37.099 13208 13208 E ArmVmp : Match on catch block at 0xc3 in for 0x766bd9a025
03-14 21:17:37.108 13208 13284 E gralloc4: Empty SMPTE 2094-40 data
03-14 21:17:37.598 13208 13208 E ArmVmp : Match on catch block at 0xc3 in for 0x766bd9a025
03-14 21:17:37.610 13208 13208 E ArmVmp : Match on catch block at 0xc3 in for 0x766bd9a025
03-14 21:17:37.636 13208 13284 E gralloc4: Empty SMPTE 2094-40 data
03-14 21:17:38.095 13208 13208 E ArmVmp : Match on catch block at 0xc3 in for 0x766bd9a025
03-14 21:17:38.105 13208 13208 E ArmVmp : Match on catch block at 0xc3 in for 0x766bd9a025
03-14 21:17:38.118 13208 13284 E gralloc4: Empty SMPTE 2094-40 data
03-14 21:17:38.590 13208 13208 E ArmVmp : Match on catch block at 0xc3 in for 0x766bd9a025
03-14 21:17:38.597 13208 13208 E ArmVmp : Match on catch block at 0xc3 in for 0x766bd9a025
03-14 21:17:38.604 13208 13284 E gralloc4: Empty SMPTE 2094-40 data
03-14 21:17:39.090 13208 13208 E ArmVmp : Match on catch block at 0xc3 in for 0x766bd9a025
03-14 21:17:39.099 13208 13208 E ArmVmp : Match on catch block at 0xc3 in for 0x766bd9a025
03-14 21:17:39.109 13208 13284 E gralloc4: Empty SMPTE 2094-40 data
03-14 21:17:39.605 13208 13208 E ArmVmp : Match on catch block at 0xc3 in for 0x766bd9a025
03-14 21:17:39.614 13208 13208 E ArmVmp : Match on catch block at 0xc3 in for 0x766bd9a025
03-14 21:17:39.624 13208 13284 E gralloc4: Empty SMPTE 2094-40 data
03-14 21:17:40.103 13208 13208 E ArmVmp : Match on catch block at 0xc3 in for 0x766bd9a025
03-14 21:17:40.112 13208 13208 E ArmVmp : Match on catch block at 0xc3 in for 0x766bd9a025
03-14 21:17:40.122 13208 13284 E gralloc4: Empty SMPTE 2094-40 data
03-14 21:17:40.600 13208 13208 E ArmVmp : Match on catch block at 0xc3 in for 0x766bd9a025
03-14 21:17:40.608 13208 13208 E ArmVmp : Match on catch block at 0xc3 in for 0x766bd9a025
03-14 21:17:40.618 13208 13284 E gralloc4: Empty SMPTE 2094-40 data
03-14 21:17:41.028 13208 13208 E ArmVmp : Match on catch block at 0xc3 in for 0x766bd9a025
03-14 21:17:41.030 13208 13208 E ArmVmp : Match on catch block at 0xc3 in for 0x766bd9a025
03-14 21:17:41.036 13208 13284 E gralloc4: Empty SMPTE 2094-40 data
03-14 21:17:41.094 13208 13208 E ArmVmp : Match on catch block at 0xc3 in for 0x766bd9a025
03-14 21:17:41.096 13208 13208 E ArmVmp : Match on catch block at 0xc3 in for 0x766bd9a025
03-14 21:17:41.102 13208 13284 E gralloc4: Empty SMPTE 2094-40 data
03-14 21:17:41.127 13208 13208 E ArmVmp : Match on catch block at 0xc3 in for 0x766bd9a025
03-14 21:17:41.129 13208 13208 E ArmVmp : Match on catch block at 0xc3 in for 0x766bd9a025
03-14 21:17:41.134 13208 13284 E gralloc4: Empty SMPTE 2094-40 data
03-14 21:17:41.256 13208 13284 E gralloc4: Empty SMPTE 2094-40 data
03-14 21:17:41.258 13208 13208 E ArmVmp : Match on catch block at 0xc3 in for 0x766bd9a025
03-14 21:17:41.263 13208 13208 E ArmVmp : Match on catch block at 0xc3 in for 0x766bd9a025
03-14 21:17:41.267 13208 13208 E FileUtils: err write to mi_exception_log
03-14 21:17:41.273 13208 13208 E ArmVmp : Match on catch block at 0xc3 in for 0x766bd9a025
03-14 21:17:41.274 13208 13284 E gralloc4: Empty SMPTE 2094-40 data
03-14 21:17:41.278 13208 13208 E ArmVmp : Match on catch block at 0xc3 in for 0x766bd9a025
03-14 21:17:41.287 13208 13284 E gralloc4: Empty SMPTE 2094-40 data
03-14 21:17:41.305 13208 13284 E gralloc4: Empty SMPTE 2094-40 data
03-14 21:17:41.321 13208 13208 E ArmVmp : Match on catch block at 0xc3 in for 0x766bd9a025
03-14 21:17:41.324 13208 13208 E ArmVmp : Match on catch block at 0xc3 in for 0x766bd9a025
03-14 21:17:41.326 13208 13284 E gralloc4: Empty SMPTE 2094-40 data
03-14 21:17:41.331 13208 13284 E gralloc4: Empty SMPTE 2094-40 data
03-14 21:17:41.351 13208 13208 E ArmVmp : Match on catch block at 0xc3 in for 0x766bd9a025
03-14 21:17:41.353 13208 13208 E ArmVmp : Match on catch block at 0xc3 in for 0x766bd9a025
03-14 21:17:41.356 13208 13284 E gralloc4: Empty SMPTE 2094-40 data
03-14 21:17:41.364 13208 13284 E gralloc4: Empty SMPTE 2094-40 data
03-14 21:17:41.371 13208 13208 E ArmVmp : Match on catch block at 0xc3 in for 0x766bd9a025
03-14 21:17:41.373 13208 13208 E ArmVmp : Match on catch block at 0xc3 in for 0x766bd9a025
03-14 21:17:41.377 13208 13284 E gralloc4: Empty SMPTE 2094-40 data
03-14 21:17:41.385 13208 13284 E gralloc4: Empty SMPTE 2094-40 data
03-14 21:17:41.391 13208 13284 E gralloc4: Empty SMPTE 2094-40 data
03-14 21:17:41.397 13208 13284 E gralloc4: Empty SMPTE 2094-40 data
03-14 21:17:41.416 13208 13284 E gralloc4: Empty SMPTE 2094-40 data
03-14 21:17:41.430 13208 13284 E gralloc4: Empty SMPTE 2094-40 data
03-14 21:17:41.447 13208 13284 E gralloc4: Empty SMPTE 2094-40 data
03-14 21:17:41.461 13208 13284 E gralloc4: Empty SMPTE 2094-40 data
03-14 21:17:41.478 13208 13284 E gralloc4: Empty SMPTE 2094-40 data
03-14 21:17:41.494 13208 13284 E gralloc4: Empty SMPTE 2094-40 data
03-14 21:17:41.510 13208 13284 E gralloc4: Empty SMPTE 2094-40 data
03-14 21:17:41.526 13208 13284 E gralloc4: Empty SMPTE 2094-40 data
03-14 21:17:41.543 13208 13284 E gralloc4: Empty SMPTE 2094-40 data
03-14 21:17:41.560 13208 13284 E gralloc4: Empty SMPTE 2094-40 data
03-14 21:17:41.576 13208 13284 E gralloc4: Empty SMPTE 2094-40 data
03-14 21:17:41.593 13208 13284 E gralloc4: Empty SMPTE 2094-40 data
03-14 21:17:41.609 13208 13284 E gralloc4: Empty SMPTE 2094-40 data
03-14 21:17:41.626 13208 13284 E gralloc4: Empty SMPTE 2094-40 data
03-14 21:17:41.803 13208 13208 E ArmVmp : Match on catch block at 0xc3 in for 0x766bd9a025
03-14 21:17:41.807 13208 13208 E ArmVmp : Match on catch block at 0xc3 in for 0x766bd9a025
03-14 21:17:42.665 13208 13284 E gralloc4: Empty SMPTE 2094-40 data
03-14 21:17:42.683 13208 13284 E gralloc4: Empty SMPTE 2094-40 data
03-14 21:17:42.696 13208 13284 E gralloc4: Empty SMPTE 2094-40 data
03-14 21:17:42.706 13208 13284 E gralloc4: Empty SMPTE 2094-40 data
03-14 21:17:42.716 13208 13284 E gralloc4: Empty SMPTE 2094-40 data
03-14 21:17:42.731 13208 13284 E gralloc4: Empty SMPTE 2094-40 data
03-14 21:17:42.748 13208 13284 E gralloc4: Empty SMPTE 2094-40 data
03-14 21:17:42.777 13208 13284 E gralloc4: Empty SMPTE 2094-40 data
03-14 21:17:42.793 13208 13284 E gralloc4: Empty SMPTE 2094-40 data
03-14 21:17:42.811 13208 13284 E gralloc4: Empty SMPTE 2094-40 data
03-14 21:17:42.826 13208 13284 E gralloc4: Empty SMPTE 2094-40 data
03-14 21:17:42.842 13208 13284 E gralloc4: Empty SMPTE 2094-40 data
03-14 21:17:42.858 13208 13284 E gralloc4: Empty SMPTE 2094-40 data
03-14 21:17:42.875 13208 13284 E gralloc4: Empty SMPTE 2094-40 data
03-14 21:17:42.892 13208 13284 E gralloc4: Empty SMPTE 2094-40 data
03-14 21:17:42.909 13208 13284 E gralloc4: Empty SMPTE 2094-40 data
03-14 21:17:42.925 13208 13284 E gralloc4: Empty SMPTE 2094-40 data
03-14 21:17:42.941 13208 13284 E gralloc4: Empty SMPTE 2094-40 data
03-14 21:17:42.958 13208 13284 E gralloc4: Empty SMPTE 2094-40 data
03-14 21:17:42.975 13208 13284 E gralloc4: Empty SMPTE 2094-40 data
03-14 21:17:42.991 13208 13284 E gralloc4: Empty SMPTE 2094-40 data
03-14 21:17:43.008 13208 13284 E gralloc4: Empty SMPTE 2094-40 data
03-14 21:17:43.025 13208 13284 E gralloc4: Empty SMPTE 2094-40 data
03-14 21:17:43.042 13208 13284 E gralloc4: Empty SMPTE 2094-40 data
03-14 21:23:53.812 13208 13279 E FileUtils: err open mi_exception_log errno=2
03-14 21:23:53.812 13208 13279 E FileUtils: err write to mi_exception_log
03-14 21:29:54.599 13208 13277 E FileUtils: err open mi_exception_log errno=2
03-14 21:29:54.600 13208 13277 E FileUtils: err write to mi_exception_log
03-14 21:29:54.837 13208 13257 E FileUtils: err open mi_exception_log errno=2
03-14 21:29:54.837 13208 13257 E FileUtils: err write to mi_exception_log
03-14 21:29:55.126 13208 13208 E FileUtils: err write to mi_exception_log
03-14 21:40:06.598 13208 13277 E FileUtils: err open mi_exception_log errno=2
03-14 21:40:06.598 13208 13277 E FileUtils: err write to mi_exception_log
03-14 21:40:07.030 13208 13559 W com.mbwhatsapp: Accessing hidden method Landroid/app/MiuiNotification;-><init>()V (blocked, reflection, denied)
03-14 21:51:14.021 13208 13277 E FileUtils: err open mi_exception_log errno=2
03-14 21:51:14.021 13208 13277 E FileUtils: err write to mi_exception_log
03-14 21:51:14.502 13208 13559 W com.mbwhatsapp: Accessing hidden method Landroid/app/MiuiNotification;-><init>()V (blocked, reflection, denied)
03-14 21:51:14.546 13208 13559 W com.mbwhatsapp: Accessing hidden method Landroid/app/MiuiNotification;-><init>()V (blocked, reflection, denied)
03-14 21:51:14.564 13208 13559 W com.mbwhatsapp: Accessing hidden method Landroid/app/MiuiNotification;-><init>()V (blocked, reflection, denied)
03-14 21:51:14.577 13208 13559 W com.mbwhatsapp: Accessing hidden method Landroid/app/MiuiNotification;-><init>()V (blocked, reflection, denied)
03-14 21:51:14.737 13208 13545 W com.mbwhatsapp: Accessing hidden field Landroid/app/Notification;->extraNotification:Landroid/app/MiuiNotification; (blocked, reflection, denied)
03-14 21:51:14.746 13208 13545 W com.mbwhatsapp: Accessing hidden field Landroid/app/Notification;->extraNotification:Landroid/app/MiuiNotification; (blocked, reflection, denied)
03-14 21:51:14.753 13208 13545 E FileUtils: err open mi_exception_log errno=2
03-14 21:51:14.753 13208 13545 E FileUtils: err write to mi_exception_log
03-14 21:51:14.758 13208 13559 W com.mbwhatsapp: Accessing hidden method Landroid/app/MiuiNotification;-><init>()V (blocked, reflection, denied)
03-14 21:51:15.021 13208 13545 W com.mbwhatsapp: Accessing hidden field Landroid/app/Notification;->extraNotification:Landroid/app/MiuiNotification; (blocked, reflection, denied)
03-14 21:51:15.031 13208 13545 W com.mbwhatsapp: Accessing hidden field Landroid/app/Notification;->extraNotification:Landroid/app/MiuiNotification; (blocked, reflection, denied)
03-14 21:51:15.051 13208 13559 W com.mbwhatsapp: Accessing hidden method Landroid/app/MiuiNotification;-><init>()V (blocked, reflection, denied)
03-14 21:51:15.118 13208 13559 W com.mbwhatsapp: Accessing hidden method Landroid/app/MiuiNotification;-><init>()V (blocked, reflection, denied)
03-14 21:51:15.124 13208 13256 E SQLiteDatabase: Error inserting transferred=1 media_job_uuid=5fce323a-2c43-4c39-977e-a7153ddc5e2b transcoded=0 gif_attribution=0 first_scan_length=4204 direct_path=/v/t62.7118- 24/32700678_716509327351520_9046091360412219067_n.enc?ccb=11-4&oh=01_AdQAl54C- 91TOGIhaO-_FPrL6hzSAMtQOzfxF3iA8YxfsA&oe=661B4275&_nc_sid=5e03e0 thumbnail_height_width_ratio=1.8113208 is_animated_sticker=0 file_hash=DRH/zEwdPS/2BEnUWCG//GhBPRNceiWTBdre3brKMdw= file_path=Media/.Statuses/4411d80d945f4428a945cdd95dfd1b46.jpg file_size=20694 partial_media_hash=btkmCOfV0ZvuI1rDPuP3QRJWjg+mLPkvmQP0JsQbgDA= face_x=272 face_y=304 height=960 trim_to=0 media_key_timestamp=1710474416000 message_url=https://mmg.whatsapp.net/v/t62.7118- 24/32700678_716509327351520_9046091360412219067_n.enc?ccb=11-4&oh=01_AdQAl54C- 91TOGIhaO-_FPrL6hzSAMtQOzfxF3iA8YxfsA&oe=661B4275&_nc_sid=5e03e0&mms3=true media_caption=null trim_from=0 mime_type=image/jpeg partial_media_enc_hash=null width=540 original_file_hash=null has_streaming_sidecar=1 autotransfer_retry_enabled=1 media_upload_handle=null message_row_id=9318 multicast_id=null enc_file_hash=Y8J+dphiI2QbOx5EKWQz4d5nt+oSSfpdF29co+1PLVA= mute_video=0 page_count=0 first_scan_sidecar=[B@1d15fb6 suspicious_content=0 file_length=20694 media_name=null media_duration=0 chat_row_id=2 media_key=[B@e1364b7
03-14 21:51:15.124 13208 13256 E SQLiteDatabase: android.database.sqlite.SQLiteConstraintException: UNIQUE constraint failed: message_media.message_row_id (code 1555 SQLITE_CONSTRAINT_PRIMARYKEY)
03-14 21:51:15.124 13208 13256 E SQLiteDatabase: at android.database.sqlite.SQLiteConnection.nativeExecuteForLastInsertedRowId(Native Method)
03-14 21:51:15.124 13208 13256 E SQLiteDatabase: at android.database.sqlite.SQLiteConnection.executeForLastInsertedRowId(SQLiteConnecti on.java:961)
03-14 21:51:15.124 13208 13256 E SQLiteDatabase: at android.database.sqlite.SQLiteSession.executeForLastInsertedRowId(SQLiteSession.jav a:790)
03-14 21:51:15.124 13208 13256 E SQLiteDatabase: at android.database.sqlite.SQLiteStatement.executeInsert(SQLiteStatement.java:89)
03-14 21:51:15.124 13208 13256 E SQLiteDatabase: at android.database.sqlite.SQLiteDatabase.insertWithOnConflict(SQLiteDatabase.java:186 8)
03-14 21:51:15.124 13208 13256 E SQLiteDatabase: at android.database.sqlite.SQLiteDatabase.insert(SQLiteDatabase.java:1737)
03-14 21:51:15.124 13208 13256 E SQLiteDatabase: at X.2tm.A08(Unknown Source:6)
03-14 21:51:15.124 13208 13256 E SQLiteDatabase: at X.35Y.A07(Unknown Source:212)
03-14 21:51:15.124 13208 13256 E SQLiteDatabase: at X.3QF.A14(Unknown Source:470)
03-14 21:51:15.124 13208 13256 E SQLiteDatabase: at X.3gU.run(Unknown Source:982)
03-14 21:51:15.124 13208 13256 E SQLiteDatabase: at android.os.Handler.handleCallback(Handler.java:942)
03-14 21:51:15.124 13208 13256 E SQLiteDatabase: at android.os.Handler.dispatchMessage(Handler.java:99)
03-14 21:51:15.124 13208 13256 E SQLiteDatabase: at X.0zq.dispatchMessage(Unknown Source:4)
03-14 21:51:15.124 13208 13256 E SQLiteDatabase: at android.os.Looper.loopOnce(Looper.java:211)
03-14 21:51:15.124 13208 13256 E SQLiteDatabase: at android.os.Looper.loop(Looper.java:300)
03-14 21:51:15.124 13208 13256 E SQLiteDatabase: at android.os.HandlerThread.run(HandlerThread.java:67)
03-14 21:51:15.131 13208 13559 W com.mbwhatsapp: Accessing hidden method Landroid/app/MiuiNotification;-><init>()V (blocked, reflection, denied)
03-14 21:52:31.306 13208 13277 E FileUtils: err open mi_exception_log errno=2
03-14 21:52:31.306 13208 13277 E FileUtils: err write to mi_exception_log
03-14 21:55:16.401 13208 13545 W com.mbwhatsapp: Accessing hidden field Landroid/app/Notification;->extraNotification:Landroid/app/MiuiNotification; (blocked, reflection, denied)
03-14 21:55:16.416 13208 13545 W com.mbwhatsapp: Accessing hidden field Landroid/app/Notification;->extraNotification:Landroid/app/MiuiNotification; (blocked, reflection, denied)
03-14 21:55:16.424 13208 13545 E FileUtils: err open mi_exception_log errno=2
03-14 21:55:16.424 13208 13545 E FileUtils: err write to mi_exception_log
03-14 21:55:16.435 13208 13559 W com.mbwhatsapp: Accessing hidden method Landroid/app/MiuiNotification;-><init>()V (blocked, reflection, denied)
03-14 21:55:22.239 13208 13545 W com.mbwhatsapp: Accessing hidden field Landroid/app/Notification;->extraNotification:Landroid/app/MiuiNotification; (blocked, reflection, denied)
03-14 21:55:22.257 13208 13545 W com.mbwhatsapp: Accessing hidden field Landroid/app/Notification;->extraNotification:Landroid/app/MiuiNotification; (blocked, reflection, denied)
03-14 21:55:22.268 13208 13545 E FileUtils: err open mi_exception_log errno=2
03-14 21:55:22.268 13208 13545 E FileUtils: err write to mi_exception_log
03-14 21:55:22.281 13208 13559 W com.mbwhatsapp: Accessing hidden method Landroid/app/MiuiNotification;-><init>()V (blocked, reflection, denied)
03-14 21:55:53.373 13208 13545 W com.mbwhatsapp: Accessing hidden field Landroid/app/Notification;->extraNotification:Landroid/app/MiuiNotification; (blocked, reflection, denied)
03-14 21:55:53.391 13208 13545 W com.mbwhatsapp: Accessing hidden field Landroid/app/Notification;->extraNotification:Landroid/app/MiuiNotification; (blocked, reflection, denied)
03-14 21:55:53.400 13208 13545 E FileUtils: err open mi_exception_log errno=2
03-14 21:55:53.401 13208 13545 E FileUtils: err write to mi_exception_log
03-14 21:55:53.418 13208 13559 W com.mbwhatsapp: Accessing hidden method Landroid/app/MiuiNotification;-><init>()V (blocked, reflection, denied)
03-14 21:55:54.041 13208 13256 E SQLiteDatabase: Error inserting transferred=1 media_job_uuid=37c868ce-1d74-4adf-9b84-6ad2b9a973ff transcoded=0 gif_attribution=0 first_scan_length=18730 direct_path=/v/t62.15575- 24/56108821_7174351392682287_2589946887850392031_n.enc?ccb=11- 4&oh=01_AdQ1I0NvdCOi9_sqpgXJJ7yCsuollQyzu8-aCyraWfdyrw&oe=661B277A&_nc_sid=5e03e0 thumbnail_height_width_ratio=1.0 is_animated_sticker=1 file_hash=MdIBx8q9izXUfkJkIOPqjfRcwNI0oiLuxbB7/8wlkiM= file_path=Media/MBWhatsApp Stickers/STK-20240314-WA0011.webp file_size=231840 partial_media_hash=null face_x=0 face_y=0 height=64 trim_to=0 media_key_timestamp=1710474952000 message_url=https://mmg.whatsapp.net/v/t62.15575- 24/56108821_7174351392682287_2589946887850392031_n.enc?ccb=11- 4&oh=01_AdQ1I0NvdCOi9_sqpgXJJ7yCsuollQyzu8- aCyraWfdyrw&oe=661B277A&_nc_sid=5e03e0&mms3=true media_caption=null trim_from=0 mime_type=image/webp partial_media_enc_hash=null width=64 original_file_hash=null has_streaming_sidecar=0 autotransfer_retry_enabled=1 media_upload_handle=null message_row_id=9326 multicast_id=null enc_file_hash=CdcKJlhHikbvujmKAW8LHePJUh6eQw31g38Lx8e6Ih0= mute_video=0 page_count=0 first_scan_sidecar=[B@93fbf09 suspicious_content=0 file_length=231840 media_name=null media_duration=0 chat_row_id=5 media_key=[B@64f450e
03-14 21:55:54.041 13208 13256 E SQLiteDatabase: android.database.sqlite.SQLiteConstraintException: UNIQUE constraint failed: message_media.message_row_id (code 1555 SQLITE_CONSTRAINT_PRIMARYKEY)
03-14 21:55:54.041 13208 13256 E SQLiteDatabase: at android.database.sqlite.SQLiteConnection.nativeExecuteForLastInsertedRowId(Native Method)
03-14 21:55:54.041 13208 13256 E SQLiteDatabase: at android.database.sqlite.SQLiteConnection.executeForLastInsertedRowId(SQLiteConnecti on.java:961)
03-14 21:55:54.041 13208 13256 E SQLiteDatabase: at android.database.sqlite.SQLiteSession.executeForLastInsertedRowId(SQLiteSession.jav a:790)
03-14 21:55:54.041 13208 13256 E SQLiteDatabase: at android.database.sqlite.SQLiteStatement.executeInsert(SQLiteStatement.java:89)
03-14 21:55:54.041 13208 13256 E SQLiteDatabase: at android.database.sqlite.SQLiteDatabase.insertWithOnConflict(SQLiteDatabase.java:186 8)
03-14 21:55:54.041 13208 13256 E SQLiteDatabase: at android.database.sqlite.SQLiteDatabase.insert(SQLiteDatabase.java:1737)
03-14 21:55:54.041 13208 13256 E SQLiteDatabase: at X.2tm.A08(Unknown Source:6)
03-14 21:55:54.041 13208 13256 E SQLiteDatabase: at X.35Y.A07(Unknown Source:212)
03-14 21:55:54.041 13208 13256 E SQLiteDatabase: at X.3QF.A14(Unknown Source:470)
03-14 21:55:54.041 13208 13256 E SQLiteDatabase: at X.3gU.run(Unknown Source:982)
03-14 21:55:54.041 13208 13256 E SQLiteDatabase: at android.os.Handler.handleCallback(Handler.java:942)
03-14 21:55:54.041 13208 13256 E SQLiteDatabase: at android.os.Handler.dispatchMessage(Handler.java:99)
03-14 21:55:54.041 13208 13256 E SQLiteDatabase: at X.0zq.dispatchMessage(Unknown Source:4)
03-14 21:55:54.041 13208 13256 E SQLiteDatabase: at android.os.Looper.loopOnce(Looper.java:211)
03-14 21:55:54.041 13208 13256 E SQLiteDatabase: at android.os.Looper.loop(Looper.java:300)
03-14 21:55:54.041 13208 13256 E SQLiteDatabase: at android.os.HandlerThread.run(HandlerThread.java:67)
03-14 21:55:57.390 13208 13545 W com.mbwhatsapp: Accessing hidden field Landroid/app/Notification;->extraNotification:Landroid/app/MiuiNotification; (blocked, reflection, denied)
03-14 21:55:57.416 13208 13545 W com.mbwhatsapp: Accessing hidden field Landroid/app/Notification;->extraNotification:Landroid/app/MiuiNotification; (blocked, reflection, denied)
03-14 21:55:57.428 13208 13545 E FileUtils: err open mi_exception_log errno=2
03-14 21:55:57.428 13208 13545 E FileUtils: err write to mi_exception_log
03-14 21:56:33.123 13208 13545 W com.mbwhatsapp: Accessing hidden field Landroid/app/Notification;->extraNotification:Landroid/app/MiuiNotification; (blocked, reflection, denied)
03-14 21:56:33.142 13208 13545 W com.mbwhatsapp: Accessing hidden field Landroid/app/Notification;->extraNotification:Landroid/app/MiuiNotification; (blocked, reflection, denied)
03-14 21:56:33.148 13208 13545 E FileUtils: err open mi_exception_log errno=2
03-14 21:56:33.148 13208 13545 E FileUtils: err write to mi_exception_log
03-14 21:56:33.161 13208 13559 W com.mbwhatsapp: Accessing hidden method Landroid/app/MiuiNotification;-><init>()V (blocked, reflection, denied)
03-14 21:56:39.828 13208 13256 E SQLiteDatabase: Error inserting transferred=1 media_job_uuid=416f3036-1d47-4ef4-96c0-728f9a061514 transcoded=0 gif_attribution=0 first_scan_length=7428 direct_path=/v/t62.15575- 24/35249277_925422828964535_357205289259067573_n.enc?ccb=11-4&oh=01_AdQrftkTfM_h79- _bPjidgAwrYMIW1cF39x2b4dAs1u_xQ&oe=661B409F&_nc_sid=5e03e0 thumbnail_height_width_ratio=1.0 is_animated_sticker=1 file_hash=aIEm7s/uvG78f9Yf4Rvp1l2szG8emSc7kKuD4qXkMlE= file_path=Media/MBWhatsApp Stickers/STK-20240314-WA0012.webp file_size=485768 partial_media_hash=null face_x=0 face_y=0 height=64 trim_to=0 media_key_timestamp=1710332399000 message_url=https://mmg.whatsapp.net/v/t62.15575- 24/35249277_925422828964535_357205289259067573_n.enc?ccb=11-4&oh=01_AdQrftkTfM_h79- _bPjidgAwrYMIW1cF39x2b4dAs1u_xQ&oe=661B409F&_nc_sid=5e03e0&mms3=true media_caption=null trim_from=0 mime_type=image/webp partial_media_enc_hash=null width=64 original_file_hash=null has_streaming_sidecar=0 autotransfer_retry_enabled=1 media_upload_handle=null message_row_id=9327 multicast_id=null enc_file_hash=Q+9go/JgU7b+zbVeYM2vyWOIugTI6qVXQp3j6kNzKPY= mute_video=0 page_count=0 first_scan_sidecar=[B@95d3094 suspicious_content=0 file_length=485768 media_name=null media_duration=0 chat_row_id=5 media_key=[B@7f2f73d
03-14 21:56:39.828 13208 13256 E SQLiteDatabase: android.database.sqlite.SQLiteConstraintException: UNIQUE constraint failed: message_media.message_row_id (code 1555 SQLITE_CONSTRAINT_PRIMARYKEY)
03-14 21:56:39.828 13208 13256 E SQLiteDatabase: at android.database.sqlite.SQLiteConnection.nativeExecuteForLastInsertedRowId(Native Method)
03-14 21:56:39.828 13208 13256 E SQLiteDatabase: at android.database.sqlite.SQLiteConnection.executeForLastInsertedRowId(SQLiteConnecti on.java:961)
03-14 21:56:39.828 13208 13256 E SQLiteDatabase: at android.database.sqlite.SQLiteSession.executeForLastInsertedRowId(SQLiteSession.jav a:790)
03-14 21:56:39.828 13208 13256 E SQLiteDatabase: at android.database.sqlite.SQLiteStatement.executeInsert(SQLiteStatement.java:89)
03-14 21:56:39.828 13208 13256 E SQLiteDatabase: at android.database.sqlite.SQLiteDatabase.insertWithOnConflict(SQLiteDatabase.java:186 8)
03-14 21:56:39.828 13208 13256 E SQLiteDatabase: at android.database.sqlite.SQLiteDatabase.insert(SQLiteDatabase.java:1737)
03-14 21:56:39.828 13208 13256 E SQLiteDatabase: at X.2tm.A08(Unknown Source:6)
03-14 21:56:39.828 13208 13256 E SQLiteDatabase: at X.35Y.A07(Unknown Source:212)
03-14 21:56:39.828 13208 13256 E SQLiteDatabase: at X.3QF.A14(Unknown Source:470)
03-14 21:56:39.828 13208 13256 E SQLiteDatabase: at X.3gU.run(Unknown Source:982)
03-14 21:56:39.828 13208 13256 E SQLiteDatabase: at android.os.Handler.handleCallback(Handler.java:942)
03-14 21:56:39.828 13208 13256 E SQLiteDatabase: at android.os.Handler.dispatchMessage(Handler.java:99)
03-14 21:56:39.828 13208 13256 E SQLiteDatabase: at X.0zq.dispatchMessage(Unknown Source:4)
03-14 21:56:39.828 13208 13256 E SQLiteDatabase: at android.os.Looper.loopOnce(Looper.java:211)
03-14 21:56:39.828 13208 13256 E SQLiteDatabase: at android.os.Looper.loop(Looper.java:300)
03-14 21:56:39.828 13208 13256 E SQLiteDatabase: at android.os.HandlerThread.run(HandlerThread.java:67)
03-14 21:56:39.869 13208 13545 W com.mbwhatsapp: Accessing hidden field Landroid/app/Notification;->extraNotification:Landroid/app/MiuiNotification; (blocked, reflection, denied)
03-14 21:56:39.882 13208 13545 W com.mbwhatsapp: Accessing hidden field Landroid/app/Notification;->extraNotification:Landroid/app/MiuiNotification; (blocked, reflection, denied)
03-14 21:56:39.887 13208 13545 E FileUtils: err open mi_exception_log errno=2
03-14 21:56:39.887 13208 13545 E FileUtils: err write to mi_exception_log
03-14 21:57:11.204 13208 13545 W com.mbwhatsapp: Accessing hidden field Landroid/app/Notification;->extraNotification:Landroid/app/MiuiNotification; (blocked, reflection, denied)
03-14 21:57:11.222 13208 13545 W com.mbwhatsapp: Accessing hidden field Landroid/app/Notification;->extraNotification:Landroid/app/MiuiNotification; (blocked, reflection, denied)
03-14 21:57:11.234 13208 13545 E FileUtils: err open mi_exception_log errno=2
03-14 21:57:11.235 13208 13545 E FileUtils: err write to mi_exception_log
03-14 21:57:11.247 13208 13559 W com.mbwhatsapp: Accessing hidden method Landroid/app/MiuiNotification;-><init>()V (blocked, reflection, denied)
03-14 21:57:15.630 13208 13545 W com.mbwhatsapp: Accessing hidden field Landroid/app/Notification;->extraNotification:Landroid/app/MiuiNotification; (blocked, reflection, denied)
03-14 21:57:15.655 13208 13545 W com.mbwhatsapp: Accessing hidden field Landroid/app/Notification;->extraNotification:Landroid/app/MiuiNotification; (blocked, reflection, denied)
03-14 21:57:15.666 13208 13545 E FileUtils: err open mi_exception_log errno=2
03-14 21:57:15.666 13208 13545 E FileUtils: err write to mi_exception_log
03-14 21:57:15.689 13208 13559 W com.mbwhatsapp: Accessing hidden method Landroid/app/MiuiNotification;-><init>()V (blocked, reflection, denied)
03-14 22:15:43.768 13208 13277 E FileUtils: err open mi_exception_log errno=2
03-14 22:15:43.768 13208 13277 E FileUtils: err write to mi_exception_log
03-14 22:15:44.036 13208 13559 W com.mbwhatsapp: Accessing hidden method Landroid/app/MiuiNotification;-><init>()V (blocked, reflection, denied)
03-14 22:15:44.098 13208 13545 W com.mbwhatsapp: Accessing hidden field Landroid/app/Notification;->extraNotification:Landroid/app/MiuiNotification; (blocked, reflection, denied)
03-14 22:15:44.109 13208 13545 W com.mbwhatsapp: Accessing hidden field Landroid/app/Notification;->extraNotification:Landroid/app/MiuiNotification; (blocked, reflection, denied)
03-14 22:15:44.115 13208 13545 E FileUtils: err open mi_exception_log errno=2
03-14 22:15:44.115 13208 13545 E FileUtils: err write to mi_exception_log
03-14 22:15:44.124 13208 13559 W com.mbwhatsapp: Accessing hidden method Landroid/app/MiuiNotification;-><init>()V (blocked, reflection, denied)
