03-14 20:24:32.904 3088 3088 E ArmVmp : Match on catch block at 0xc3 in for 0x766bd9a025
03-14 20:24:32.907 3088 4863 E gralloc4: Empty SMPTE 2094-40 data
03-14 20:24:32.909 3088 3088 E ArmVmp : Match on catch block at 0xc3 in for 0x766bd9a025
03-14 20:24:32.911 3088 3088 E ArmVmp : Match on catch block at 0xc3 in for 0x766bd9a025
03-14 20:24:32.918 3088 4863 E gralloc4: Empty SMPTE 2094-40 data
03-14 20:24:32.921 3088 3088 E ArmVmp : Match on catch block at 0xc3 in for 0x766bd9a025
03-14 20:24:32.925 3088 3088 E ArmVmp : Match on catch block at 0xc3 in for 0x766bd9a025
03-14 20:24:32.925 3088 4863 E gralloc4: Empty SMPTE 2094-40 data
03-14 20:24:32.927 3088 3088 E ArmVmp : Match on catch block at 0xc3 in for 0x766bd9a025
03-14 20:24:32.935 3088 4863 E gralloc4: Empty SMPTE 2094-40 data
03-14 20:24:32.940 3088 4863 E gralloc4: Empty SMPTE 2094-40 data
03-14 20:24:32.945 3088 4863 E gralloc4: Empty SMPTE 2094-40 data
03-14 20:24:32.958 3088 4863 E gralloc4: Empty SMPTE 2094-40 data
03-14 20:24:32.974 3088 4863 E gralloc4: Empty SMPTE 2094-40 data
03-14 20:24:33.346 3088 3088 E ArmVmp : Match on catch block at 0xc3 in for 0x766bd9a025
03-14 20:24:33.350 3088 3088 E ArmVmp : Match on catch block at 0xc3 in for 0x766bd9a025
03-14 20:24:33.352 3088 3088 E ArmVmp : Match on catch block at 0xc3 in for 0x766bd9a025
03-14 20:24:34.386 3088 4863 E gralloc4: Empty SMPTE 2094-40 data
03-14 20:24:34.401 3088 4863 E gralloc4: Empty SMPTE 2094-40 data
03-14 20:24:34.419 3088 4863 E gralloc4: Empty SMPTE 2094-40 data
03-14 20:24:34.436 3088 4863 E gralloc4: Empty SMPTE 2094-40 data
03-14 20:24:34.457 3088 4863 E gralloc4: Empty SMPTE 2094-40 data
03-14 20:24:34.478 3088 4863 E gralloc4: Empty SMPTE 2094-40 data
03-14 20:24:34.497 3088 4863 E gralloc4: Empty SMPTE 2094-40 data
03-14 20:24:34.516 3088 4863 E gralloc4: Empty SMPTE 2094-40 data
03-14 20:24:34.534 3088 4863 E gralloc4: Empty SMPTE 2094-40 data
03-14 20:24:34.552 3088 4863 E gralloc4: Empty SMPTE 2094-40 data
03-14 20:24:34.568 3088 4863 E gralloc4: Empty SMPTE 2094-40 data
03-14 20:24:34.573 3088 3088 E ArmVmp : Match on catch block at 0x0a in for 0x766bd9a035
03-14 20:24:34.575 3088 3088 E ArmVmp : Match on catch block at 0x0a in for 0x766bd9a035
03-14 20:24:34.585 3088 4863 E gralloc4: Empty SMPTE 2094-40 data
03-14 20:24:34.602 3088 4863 E gralloc4: Empty SMPTE 2094-40 data
03-14 20:24:34.608 3088 3088 E FileUtils: err write to mi_exception_log
03-14 20:24:34.613 3088 4863 E gralloc4: Empty SMPTE 2094-40 data
03-14 20:24:34.620 3088 4863 E gralloc4: Empty SMPTE 2094-40 data
03-14 20:24:34.636 3088 4863 E gralloc4: Empty SMPTE 2094-40 data
03-14 20:24:34.653 3088 4863 E gralloc4: Empty SMPTE 2094-40 data
03-14 20:24:34.668 3088 4863 E gralloc4: Empty SMPTE 2094-40 data
03-14 20:24:34.685 3088 4863 E gralloc4: Empty SMPTE 2094-40 data
03-14 20:24:34.701 3088 4863 E gralloc4: Empty SMPTE 2094-40 data
03-14 20:24:34.717 3088 4863 E gralloc4: Empty SMPTE 2094-40 data
03-14 20:24:34.735 3088 4863 E gralloc4: Empty SMPTE 2094-40 data
03-14 20:24:34.751 3088 4863 E gralloc4: Empty SMPTE 2094-40 data
03-14 20:24:34.768 3088 4863 E gralloc4: Empty SMPTE 2094-40 data
03-14 20:24:34.785 3088 4863 E gralloc4: Empty SMPTE 2094-40 data
03-14 20:24:34.796 3088 3088 E ArmVmp : Match on catch block at 0xc3 in for 0x766bd9a021
03-14 20:24:34.799 3088 3088 E ArmVmp : Match on catch block at 0xc3 in for 0x766bd9a021
03-14 20:24:34.801 3088 4863 E gralloc4: Empty SMPTE 2094-40 data
03-14 20:24:34.801 3088 3088 E ArmVmp : Match on catch block at 0xc3 in for 0x766bd9a021
03-14 20:24:34.823 3088 4863 E gralloc4: Empty SMPTE 2094-40 data
03-14 20:24:34.824 3088 4863 W Parcel : Expecting binder but got null!
03-14 20:24:34.825 3088 3088 E FileUtils: err write to mi_exception_log
03-14 20:24:34.828 3088 4863 E gralloc4: Empty SMPTE 2094-40 data
03-14 20:24:34.841 3088 4863 E gralloc4: Empty SMPTE 2094-40 data
03-14 20:24:34.843 3088 3088 E ArmVmp : Match on catch block at 0xc3 in for 0x766bd9a025
03-14 20:24:34.845 3088 3088 E ArmVmp : Match on catch block at 0xc3 in for 0x766bd9a025
03-14 20:24:34.846 3088 3088 E ArmVmp : Match on catch block at 0xc3 in for 0x766bd9a025
03-14 20:24:34.853 3088 4863 E gralloc4: Empty SMPTE 2094-40 data
03-14 20:24:34.863 3088 4863 E gralloc4: Empty SMPTE 2094-40 data
03-14 20:24:34.872 3088 4863 E gralloc4: Empty SMPTE 2094-40 data
03-14 20:24:34.889 3088 4863 E gralloc4: Empty SMPTE 2094-40 data
03-14 20:24:34.904 3088 4863 E gralloc4: Empty SMPTE 2094-40 data
03-14 20:24:34.911 3088 3088 E ArmVmp : Match on catch block at 0xc3 in for 0x766bd9a025
03-14 20:24:34.913 3088 3088 E ArmVmp : Match on catch block at 0xc3 in for 0x766bd9a025
03-14 20:24:34.915 3088 3088 E ArmVmp : Match on catch block at 0xc3 in for 0x766bd9a025
03-14 20:24:34.921 3088 4863 E gralloc4: Empty SMPTE 2094-40 data
03-14 20:24:34.940 3088 4863 E gralloc4: Empty SMPTE 2094-40 data
03-14 20:24:34.943 3088 3088 E ArmVmp : Match on catch block at 0xc3 in for 0x766bd9a025
03-14 20:24:34.946 3088 3088 E ArmVmp : Match on catch block at 0xc3 in for 0x766bd9a025
03-14 20:24:34.947 3088 3088 E ArmVmp : Match on catch block at 0xc3 in for 0x766bd9a025
03-14 20:24:34.955 3088 4863 E gralloc4: Empty SMPTE 2094-40 data
03-14 20:24:34.964 3088 4863 E gralloc4: Empty SMPTE 2094-40 data
03-14 20:24:34.971 3088 4863 E gralloc4: Empty SMPTE 2094-40 data
03-14 20:24:34.975 3088 3088 E ArmVmp : Match on catch block at 0xc3 in for 0x766bd9a025
03-14 20:24:34.978 3088 3088 E ArmVmp : Match on catch block at 0xc3 in for 0x766bd9a025
03-14 20:24:34.980 3088 3088 E ArmVmp : Match on catch block at 0xc3 in for 0x766bd9a025
03-14 20:24:34.982 3088 4038 W com.mbwhatsapp: Accessing hidden method Landroid/app/MiuiNotification;-><init>()V (blocked, reflection, denied)
03-14 20:24:34.988 3088 4863 E gralloc4: Empty SMPTE 2094-40 data
03-14 20:24:35.001 3088 4863 E gralloc4: Empty SMPTE 2094-40 data
03-14 20:24:35.006 3088 4863 E gralloc4: Empty SMPTE 2094-40 data
03-14 20:24:35.020 3088 4863 E gralloc4: Empty SMPTE 2094-40 data
03-14 20:24:35.023 3088 3088 E ArmVmp : Match on catch block at 0xc3 in for 0x766bd9a025
03-14 20:24:35.026 3088 3088 E ArmVmp : Match on catch block at 0xc3 in for 0x766bd9a025
03-14 20:24:35.027 3088 3088 E ArmVmp : Match on catch block at 0xc3 in for 0x766bd9a025
03-14 20:24:35.031 3088 3088 E ArmVmp : Match on catch block at 0xc3 in for 0x766bd9a025
03-14 20:24:35.035 3088 3088 E ArmVmp : Match on catch block at 0xc3 in for 0x766bd9a025
03-14 20:24:35.037 3088 3088 E ArmVmp : Match on catch block at 0xc3 in for 0x766bd9a025
03-14 20:24:35.039 3088 4863 E gralloc4: Empty SMPTE 2094-40 data
03-14 20:24:35.045 3088 4863 E gralloc4: Empty SMPTE 2094-40 data
03-14 20:24:35.045 3088 3088 E ArmVmp : Match on catch block at 0xc3 in for 0x766bd9a025
03-14 20:24:35.049 3088 3088 E ArmVmp : Match on catch block at 0xc3 in for 0x766bd9a025
03-14 20:24:35.050 3088 3088 E ArmVmp : Match on catch block at 0xc3 in for 0x766bd9a025
03-14 20:24:35.055 3088 4863 E gralloc4: Empty SMPTE 2094-40 data
03-14 20:24:35.062 3088 4863 E gralloc4: Empty SMPTE 2094-40 data
03-14 20:24:35.071 3088 4863 E gralloc4: Empty SMPTE 2094-40 data
03-14 20:24:35.090 3088 4863 E gralloc4: Empty SMPTE 2094-40 data
03-14 20:24:35.100 3088 4863 E gralloc4: Empty SMPTE 2094-40 data
03-14 20:24:35.118 3088 4863 E gralloc4: Empty SMPTE 2094-40 data
03-14 20:24:35.134 3088 4863 E gralloc4: Empty SMPTE 2094-40 data
03-14 20:24:35.151 3088 4863 E gralloc4: Empty SMPTE 2094-40 data
03-14 20:24:35.167 3088 4863 E gralloc4: Empty SMPTE 2094-40 data
03-14 20:24:35.184 3088 4863 E gralloc4: Empty SMPTE 2094-40 data
03-14 20:24:35.201 3088 4863 E gralloc4: Empty SMPTE 2094-40 data
03-14 20:24:35.218 3088 4863 E gralloc4: Empty SMPTE 2094-40 data
03-14 20:24:35.234 3088 4863 E gralloc4: Empty SMPTE 2094-40 data
03-14 20:24:35.237 3088 4038 W com.mbwhatsapp: Accessing hidden method Landroid/app/MiuiNotification;-><init>()V (blocked, reflection, denied)
03-14 20:24:35.251 3088 4863 E gralloc4: Empty SMPTE 2094-40 data
03-14 20:24:35.266 3088 4863 E gralloc4: Empty SMPTE 2094-40 data
03-14 20:24:35.281 3088 3088 E ArmVmp : Match on catch block at 0xc3 in for 0x766bd9a025
03-14 20:24:35.286 3088 3088 E ArmVmp : Match on catch block at 0xc3 in for 0x766bd9a025
03-14 20:24:35.286 3088 4863 E gralloc4: Empty SMPTE 2094-40 data
03-14 20:24:35.288 3088 3088 E ArmVmp : Match on catch block at 0xc3 in for 0x766bd9a025
03-14 20:24:35.295 3088 3088 E ArmVmp : Match on catch block at 0xc3 in for 0x766bd9a025
03-14 20:24:35.299 3088 3088 E ArmVmp : Match on catch block at 0xc3 in for 0x766bd9a025
03-14 20:24:35.299 3088 4863 E gralloc4: Empty SMPTE 2094-40 data
03-14 20:24:35.301 3088 3088 E ArmVmp : Match on catch block at 0xc3 in for 0x766bd9a025
03-14 20:24:35.310 3088 4863 E gralloc4: Empty SMPTE 2094-40 data
03-14 20:24:35.311 3088 3088 E ArmVmp : Match on catch block at 0xc3 in for 0x766bd9a025
03-14 20:24:35.315 3088 3088 E ArmVmp : Match on catch block at 0xc3 in for 0x766bd9a025
03-14 20:24:35.317 3088 3088 E ArmVmp : Match on catch block at 0xc3 in for 0x766bd9a025
03-14 20:24:35.326 3088 4863 E gralloc4: Empty SMPTE 2094-40 data
03-14 20:24:35.327 3088 3088 E ArmVmp : Match on catch block at 0xc3 in for 0x766bd9a025
03-14 20:24:35.331 3088 3088 E ArmVmp : Match on catch block at 0xc3 in for 0x766bd9a025
03-14 20:24:35.333 3088 3088 E ArmVmp : Match on catch block at 0xc3 in for 0x766bd9a025
03-14 20:24:35.341 3088 4863 E gralloc4: Empty SMPTE 2094-40 data
03-14 20:24:35.344 3088 3088 E ArmVmp : Match on catch block at 0xc3 in for 0x766bd9a025
03-14 20:24:35.347 3088 3088 E ArmVmp : Match on catch block at 0xc3 in for 0x766bd9a025
03-14 20:24:35.351 3088 3088 E ArmVmp : Match on catch block at 0xc3 in for 0x766bd9a025
03-14 20:24:35.359 3088 4863 E gralloc4: Empty SMPTE 2094-40 data
03-14 20:24:35.370 3088 3088 E ArmVmp : Match on catch block at 0xc3 in for 0x766bd9a025
03-14 20:24:35.372 3088 3088 E ArmVmp : Match on catch block at 0xc3 in for 0x766bd9a025
03-14 20:24:35.373 3088 3088 E ArmVmp : Match on catch block at 0xc3 in for 0x766bd9a025
03-14 20:24:35.372 3088 3088 W FramePolicy: type=1400 audit(0.0:77203025): avc: denied { ioctl } for path="/proc/perfmgr/perf_ioctl" dev="proc" ino=4026533363 ioctlcmd=0x6716 scontext=u:r:untrusted_app:s0:c127,c257,c512,c768 tcontext=u:object_r:proc_perfmgr:s0 tclass=file permissive=0 app=com.mbwhatsapp
03-14 20:24:35.383 3088 4863 E gralloc4: Empty SMPTE 2094-40 data
03-14 20:24:35.388 3088 3088 E ArmVmp : Match on catch block at 0xc3 in for 0x766bd9a025
03-14 20:24:35.390 3088 3088 E ArmVmp : Match on catch block at 0xc3 in for 0x766bd9a025
03-14 20:24:35.392 3088 3088 E ArmVmp : Match on catch block at 0xc3 in for 0x766bd9a025
03-14 20:24:35.396 3088 3088 E ArmVmp : Match on catch block at 0xc3 in for 0x766bd9a025
03-14 20:24:35.400 3088 3088 E ArmVmp : Match on catch block at 0xc3 in for 0x766bd9a025
03-14 20:24:35.400 3088 4863 E gralloc4: Empty SMPTE 2094-40 data
03-14 20:24:35.402 3088 3088 E ArmVmp : Match on catch block at 0xc3 in for 0x766bd9a025
03-14 20:24:35.410 3088 3088 E ArmVmp : Match on catch block at 0xc3 in for 0x766bd9a025
03-14 20:24:35.411 3088 4863 E gralloc4: Empty SMPTE 2094-40 data
03-14 20:24:35.414 3088 3088 E ArmVmp : Match on catch block at 0xc3 in for 0x766bd9a025
03-14 20:24:35.416 3088 3088 E ArmVmp : Match on catch block at 0xc3 in for 0x766bd9a025
03-14 20:24:35.425 3088 4863 E gralloc4: Empty SMPTE 2094-40 data
03-14 20:24:35.427 3088 3088 E ArmVmp : Match on catch block at 0xc3 in for 0x766bd9a025
03-14 20:24:35.429 3088 3088 E ArmVmp : Match on catch block at 0xc3 in for 0x766bd9a025
03-14 20:24:35.431 3088 3088 E ArmVmp : Match on catch block at 0xc3 in for 0x766bd9a025
03-14 20:24:35.439 3088 4863 E gralloc4: Empty SMPTE 2094-40 data
03-14 20:24:35.443 3088 3088 E ArmVmp : Match on catch block at 0xc3 in for 0x766bd9a025
03-14 20:24:35.446 3088 3088 E ArmVmp : Match on catch block at 0xc3 in for 0x766bd9a025
03-14 20:24:35.447 3088 3088 E ArmVmp : Match on catch block at 0xc3 in for 0x766bd9a025
03-14 20:24:35.457 3088 4863 E gralloc4: Empty SMPTE 2094-40 data
03-14 20:24:35.460 3088 3088 E ArmVmp : Match on catch block at 0xc3 in for 0x766bd9a025
03-14 20:24:35.462 3088 3088 E ArmVmp : Match on catch block at 0xc3 in for 0x766bd9a025
03-14 20:24:35.463 3088 3088 E ArmVmp : Match on catch block at 0xc3 in for 0x766bd9a025
03-14 20:24:35.470 3088 4863 E gralloc4: Empty SMPTE 2094-40 data
03-14 20:24:35.476 3088 3088 E ArmVmp : Match on catch block at 0xc3 in for 0x766bd9a025
03-14 20:24:35.479 3088 3088 E ArmVmp : Match on catch block at 0xc3 in for 0x766bd9a025
03-14 20:24:35.481 3088 3088 E ArmVmp : Match on catch block at 0xc3 in for 0x766bd9a025
03-14 20:24:35.488 3088 4863 E gralloc4: Empty SMPTE 2094-40 data
03-14 20:24:35.493 3088 3088 E ArmVmp : Match on catch block at 0xc3 in for 0x766bd9a025
03-14 20:24:35.495 3088 3088 E ArmVmp : Match on catch block at 0xc3 in for 0x766bd9a025
03-14 20:24:35.497 3088 3088 E ArmVmp : Match on catch block at 0xc3 in for 0x766bd9a025
03-14 20:24:35.504 3088 4863 E gralloc4: Empty SMPTE 2094-40 data
03-14 20:24:35.510 3088 3088 E ArmVmp : Match on catch block at 0xc3 in for 0x766bd9a025
03-14 20:24:35.512 3088 3088 E ArmVmp : Match on catch block at 0xc3 in for 0x766bd9a025
03-14 20:24:35.513 3088 3088 E ArmVmp : Match on catch block at 0xc3 in for 0x766bd9a025
03-14 20:24:35.520 3088 4863 E gralloc4: Empty SMPTE 2094-40 data
03-14 20:24:35.526 3088 3088 E ArmVmp : Match on catch block at 0xc3 in for 0x766bd9a025
03-14 20:24:35.528 3088 3088 E ArmVmp : Match on catch block at 0xc3 in for 0x766bd9a025
03-14 20:24:35.530 3088 3088 E ArmVmp : Match on catch block at 0xc3 in for 0x766bd9a025
03-14 20:24:35.536 3088 4863 E gralloc4: Empty SMPTE 2094-40 data
03-14 20:24:35.543 3088 3088 E ArmVmp : Match on catch block at 0xc3 in for 0x766bd9a025
03-14 20:24:35.545 3088 3088 E ArmVmp : Match on catch block at 0xc3 in for 0x766bd9a025
03-14 20:24:35.546 3088 3088 E ArmVmp : Match on catch block at 0xc3 in for 0x766bd9a025
03-14 20:24:35.553 3088 4863 E gralloc4: Empty SMPTE 2094-40 data
03-14 20:24:35.559 3088 3088 E ArmVmp : Match on catch block at 0xc3 in for 0x766bd9a025
03-14 20:24:35.562 3088 3088 E ArmVmp : Match on catch block at 0xc3 in for 0x766bd9a025
03-14 20:24:35.563 3088 3088 E ArmVmp : Match on catch block at 0xc3 in for 0x766bd9a025
03-14 20:24:35.571 3088 4863 E gralloc4: Empty SMPTE 2094-40 data
03-14 20:24:35.576 3088 3088 E ArmVmp : Match on catch block at 0xc3 in for 0x766bd9a025
03-14 20:24:35.579 3088 3088 E ArmVmp : Match on catch block at 0xc3 in for 0x766bd9a025
03-14 20:24:35.580 3088 3088 E ArmVmp : Match on catch block at 0xc3 in for 0x766bd9a025
03-14 20:24:35.586 3088 4863 E gralloc4: Empty SMPTE 2094-40 data
03-14 20:24:35.593 3088 3088 E ArmVmp : Match on catch block at 0xc3 in for 0x766bd9a025
03-14 20:24:35.595 3088 3088 E ArmVmp : Match on catch block at 0xc3 in for 0x766bd9a025
03-14 20:24:35.596 3088 3088 E ArmVmp : Match on catch block at 0xc3 in for 0x766bd9a025
03-14 20:24:35.602 3088 4863 E gralloc4: Empty SMPTE 2094-40 data
03-14 20:24:35.609 3088 3088 E ArmVmp : Match on catch block at 0xc3 in for 0x766bd9a025
03-14 20:24:35.612 3088 3088 E ArmVmp : Match on catch block at 0xc3 in for 0x766bd9a025
03-14 20:24:35.613 3088 3088 E ArmVmp : Match on catch block at 0xc3 in for 0x766bd9a025
03-14 20:24:35.616 3088 4863 E gralloc4: Empty SMPTE 2094-40 data
03-14 20:24:35.626 3088 3088 E ArmVmp : Match on catch block at 0xc3 in for 0x766bd9a025
03-14 20:24:35.628 3088 3088 E ArmVmp : Match on catch block at 0xc3 in for 0x766bd9a025
03-14 20:24:35.630 3088 3088 E ArmVmp : Match on catch block at 0xc3 in for 0x766bd9a025
03-14 20:24:35.633 3088 4863 E gralloc4: Empty SMPTE 2094-40 data
03-14 20:24:35.642 3088 3088 E ArmVmp : Match on catch block at 0xc3 in for 0x766bd9a025
03-14 20:24:35.645 3088 3088 E ArmVmp : Match on catch block at 0xc3 in for 0x766bd9a025
03-14 20:24:35.646 3088 3088 E ArmVmp : Match on catch block at 0xc3 in for 0x766bd9a025
03-14 20:24:35.650 3088 4863 E gralloc4: Empty SMPTE 2094-40 data
03-14 20:24:35.659 3088 3088 E ArmVmp : Match on catch block at 0xc3 in for 0x766bd9a025
03-14 20:24:35.661 3088 3088 E ArmVmp : Match on catch block at 0xc3 in for 0x766bd9a025
03-14 20:24:35.663 3088 3088 E ArmVmp : Match on catch block at 0xc3 in for 0x766bd9a025
03-14 20:24:35.666 3088 4863 E gralloc4: Empty SMPTE 2094-40 data
03-14 20:24:35.676 3088 3088 E ArmVmp : Match on catch block at 0xc3 in for 0x766bd9a025
03-14 20:24:35.678 3088 3088 E ArmVmp : Match on catch block at 0xc3 in for 0x766bd9a025
03-14 20:24:35.680 3088 3088 E ArmVmp : Match on catch block at 0xc3 in for 0x766bd9a025
03-14 20:24:35.683 3088 4863 E gralloc4: Empty SMPTE 2094-40 data
03-14 20:24:35.692 3088 3088 E ArmVmp : Match on catch block at 0xc3 in for 0x766bd9a025
03-14 20:24:35.695 3088 3088 E ArmVmp : Match on catch block at 0xc3 in for 0x766bd9a025
03-14 20:24:35.697 3088 3088 E ArmVmp : Match on catch block at 0xc3 in for 0x766bd9a025
03-14 20:24:35.700 3088 4863 E gralloc4: Empty SMPTE 2094-40 data
03-14 20:24:35.709 3088 3088 E ArmVmp : Match on catch block at 0xc3 in for 0x766bd9a025
03-14 20:24:35.711 3088 3088 E ArmVmp : Match on catch block at 0xc3 in for 0x766bd9a025
03-14 20:24:35.713 3088 3088 E ArmVmp : Match on catch block at 0xc3 in for 0x766bd9a025
03-14 20:24:35.716 3088 4863 E gralloc4: Empty SMPTE 2094-40 data
03-14 20:24:35.725 3088 3088 E ArmVmp : Match on catch block at 0xc3 in for 0x766bd9a025
03-14 20:24:35.728 3088 3088 E ArmVmp : Match on catch block at 0xc3 in for 0x766bd9a025
03-14 20:24:35.729 3088 3088 E ArmVmp : Match on catch block at 0xc3 in for 0x766bd9a025
03-14 20:24:35.733 3088 4863 E gralloc4: Empty SMPTE 2094-40 data
03-14 20:24:35.942 3088 3088 E ArmVmp : Match on catch block at 0xc3 in for 0x766bd9a025
03-14 20:24:35.946 3088 3088 E ArmVmp : Match on catch block at 0xc3 in for 0x766bd9a025
03-14 20:24:35.947 3088 3088 E ArmVmp : Match on catch block at 0xc3 in for 0x766bd9a025
03-14 20:24:35.950 3088 4863 E gralloc4: Empty SMPTE 2094-40 data
03-14 20:24:35.961 3088 3088 E ArmVmp : Match on catch block at 0xc3 in for 0x766bd9a025
03-14 20:24:35.964 3088 3088 E ArmVmp : Match on catch block at 0xc3 in for 0x766bd9a025
03-14 20:24:35.965 3088 3088 E ArmVmp : Match on catch block at 0xc3 in for 0x766bd9a025
03-14 20:24:35.972 3088 4863 E gralloc4: Empty SMPTE 2094-40 data
03-14 20:24:35.975 3088 3088 E ArmVmp : Match on catch block at 0xc3 in for 0x766bd9a025
03-14 20:24:35.977 3088 3088 E ArmVmp : Match on catch block at 0xc3 in for 0x766bd9a025
03-14 20:24:35.979 3088 3088 E ArmVmp : Match on catch block at 0xc3 in for 0x766bd9a025
03-14 20:24:35.984 3088 4863 E gralloc4: Empty SMPTE 2094-40 data
03-14 20:24:36.041 3088 3088 E ArmVmp : Match on catch block at 0xc3 in for 0x766bd9a025
03-14 20:24:36.044 3088 3088 E ArmVmp : Match on catch block at 0xc3 in for 0x766bd9a025
03-14 20:24:36.045 3088 3088 E ArmVmp : Match on catch block at 0xc3 in for 0x766bd9a025
03-14 20:24:36.051 3088 4863 E gralloc4: Empty SMPTE 2094-40 data
03-14 20:24:36.088 3088 3088 W FramePolicy: type=1400 audit(0.0:77203026): avc: denied { ioctl } for path="/proc/perfmgr/perf_ioctl" dev="proc" ino=4026533363 ioctlcmd=0x6716 scontext=u:r:untrusted_app:s0:c127,c257,c512,c768 tcontext=u:object_r:proc_perfmgr:s0 tclass=file permissive=0 app=com.mbwhatsapp
03-14 20:24:36.103 3088 4863 E gralloc4: Empty SMPTE 2094-40 data
03-14 20:24:36.116 3088 3088 W FramePolicy: type=1400 audit(0.0:77203027): avc: denied { ioctl } for path="/proc/perfmgr/perf_ioctl" dev="proc" ino=4026533363 ioctlcmd=0x6716 scontext=u:r:untrusted_app:s0:c127,c257,c512,c768 tcontext=u:object_r:proc_perfmgr:s0 tclass=file permissive=0 app=com.mbwhatsapp
03-14 20:24:36.129 3088 3088 E ArmVmp : Match on catch block at 0xc3 in for 0x766bd9a025
03-14 20:24:36.132 3088 4863 E gralloc4: Empty SMPTE 2094-40 data
03-14 20:24:36.133 3088 3088 E ArmVmp : Match on catch block at 0xc3 in for 0x766bd9a025
03-14 20:24:36.135 3088 3088 E ArmVmp : Match on catch block at 0xc3 in for 0x766bd9a025
03-14 20:24:36.143 3088 3088 E ArmVmp : Match on catch block at 0xc3 in for 0x766bd9a025
03-14 20:24:36.145 3088 4863 E gralloc4: Empty SMPTE 2094-40 data
03-14 20:24:36.147 3088 3088 E ArmVmp : Match on catch block at 0xc3 in for 0x766bd9a025
03-14 20:24:36.149 3088 3088 E ArmVmp : Match on catch block at 0xc3 in for 0x766bd9a025
03-14 20:24:36.152 3088 3088 W FramePolicy: type=1400 audit(0.0:77203028): avc: denied { ioctl } for path="/proc/perfmgr/perf_ioctl" dev="proc" ino=4026533363 ioctlcmd=0x6716 scontext=u:r:untrusted_app:s0:c127,c257,c512,c768 tcontext=u:object_r:proc_perfmgr:s0 tclass=file permissive=0 app=com.mbwhatsapp
03-14 20:24:36.157 3088 4863 E gralloc4: Empty SMPTE 2094-40 data
03-14 20:24:36.169 3088 4863 E gralloc4: Empty SMPTE 2094-40 data
03-14 20:24:36.172 3088 3088 E ArmVmp : Match on catch block at 0xc3 in for 0x766bd9a025
03-14 20:24:36.174 3088 3088 E ArmVmp : Match on catch block at 0xc3 in for 0x766bd9a025
03-14 20:24:36.172 3088 3088 W FramePolicy: type=1400 audit(0.0:77203029): avc: denied { ioctl } for path="/proc/perfmgr/perf_ioctl" dev="proc" ino=4026533363 ioctlcmd=0x6716 scontext=u:r:untrusted_app:s0:c127,c257,c512,c768 tcontext=u:object_r:proc_perfmgr:s0 tclass=file permissive=0 app=com.mbwhatsapp
03-14 20:24:36.176 3088 3088 E ArmVmp : Match on catch block at 0xc3 in for 0x766bd9a025
03-14 20:24:36.177 3088 4863 E gralloc4: Empty SMPTE 2094-40 data
03-14 20:24:36.187 3088 4863 E gralloc4: Empty SMPTE 2094-40 data
03-14 20:24:36.189 3088 3088 E ArmVmp : Match on catch block at 0xc3 in for 0x766bd9a025
03-14 20:24:36.191 3088 3088 E ArmVmp : Match on catch block at 0xc3 in for 0x766bd9a025
03-14 20:24:36.193 3088 3088 E ArmVmp : Match on catch block at 0xc3 in for 0x766bd9a025
03-14 20:24:36.194 3088 4863 E gralloc4: Empty SMPTE 2094-40 data
03-14 20:24:36.200 3088 3088 E ArmVmp : Match on catch block at 0xc3 in for 0x766bd9a025
03-14 20:24:36.202 3088 4863 E gralloc4: Empty SMPTE 2094-40 data
03-14 20:24:36.205 3088 3088 E ArmVmp : Match on catch block at 0xc3 in for 0x766bd9a025
03-14 20:24:36.207 3088 3088 E ArmVmp : Match on catch block at 0xc3 in for 0x766bd9a025
03-14 20:24:36.217 3088 4863 E gralloc4: Empty SMPTE 2094-40 data
03-14 20:24:36.220 3088 3088 E ArmVmp : Match on catch block at 0xc3 in for 0x766bd9a025
03-14 20:24:36.223 3088 4863 E gralloc4: Empty SMPTE 2094-40 data
03-14 20:24:36.223 3088 3088 E ArmVmp : Match on catch block at 0xc3 in for 0x766bd9a025
03-14 20:24:36.225 3088 3088 E ArmVmp : Match on catch block at 0xc3 in for 0x766bd9a025
03-14 20:24:36.233 3088 4863 E gralloc4: Empty SMPTE 2094-40 data
03-14 20:24:36.236 3088 3088 E ArmVmp : Match on catch block at 0xc3 in for 0x766bd9a025
03-14 20:24:36.239 3088 3088 E ArmVmp : Match on catch block at 0xc3 in for 0x766bd9a025
03-14 20:24:36.240 3088 3088 E ArmVmp : Match on catch block at 0xc3 in for 0x766bd9a025
03-14 20:24:36.240 3088 4863 E gralloc4: Empty SMPTE 2094-40 data
03-14 20:24:36.250 3088 4863 E gralloc4: Empty SMPTE 2094-40 data
03-14 20:24:36.255 3088 4863 E gralloc4: Empty SMPTE 2094-40 data
03-14 20:24:36.260 3088 4863 E gralloc4: Empty SMPTE 2094-40 data
03-14 20:24:36.266 3088 4863 E gralloc4: Empty SMPTE 2094-40 data
03-14 20:24:36.647 3088 3088 E ArmVmp : Match on catch block at 0xc3 in for 0x766bd9a025
03-14 20:24:36.649 3088 3088 E ArmVmp : Match on catch block at 0xc3 in for 0x766bd9a025
03-14 20:24:36.650 3088 3088 E ArmVmp : Match on catch block at 0xc3 in for 0x766bd9a025
03-14 20:24:37.692 3088 4863 E gralloc4: Empty SMPTE 2094-40 data
03-14 20:24:37.708 3088 4863 E gralloc4: Empty SMPTE 2094-40 data
03-14 20:24:37.722 3088 4863 E gralloc4: Empty SMPTE 2094-40 data
03-14 20:24:37.738 3088 4863 E gralloc4: Empty SMPTE 2094-40 data
03-14 20:24:37.755 3088 4863 E gralloc4: Empty SMPTE 2094-40 data
03-14 20:24:37.772 3088 4863 E gralloc4: Empty SMPTE 2094-40 data
03-14 20:24:37.788 3088 4863 E gralloc4: Empty SMPTE 2094-40 data
03-14 20:24:37.806 3088 4863 E gralloc4: Empty SMPTE 2094-40 data
03-14 20:24:37.822 3088 4863 E gralloc4: Empty SMPTE 2094-40 data
03-14 20:24:37.840 3088 4863 E gralloc4: Empty SMPTE 2094-40 data
03-14 20:24:37.856 3088 4863 E gralloc4: Empty SMPTE 2094-40 data
03-14 20:24:37.873 3088 4863 E gralloc4: Empty SMPTE 2094-40 data
03-14 20:24:37.889 3088 4863--------- beginning of main
03-14 20:24:37.906 3088 4863 E gralloc4: Empty SMPTE 2094-40 data
03-14 20:24:37.922 3088 4863 E gralloc4: Empty SMPTE 2094-40 data
03-14 20:24:37.939 3088 4863 E gralloc4: Empty SMPTE 2094-40 data
03-14 20:24:37.954 3088 4863 E gralloc4: Empty SMPTE 2094-40 data
03-14 20:24:38.124 3088 4863 E gralloc4: Empty SMPTE 2094-40 data
03-14 20:24:38.142 3088 4863 E gralloc4: Empty SMPTE 2094-40 data
03-14 20:24:38.155 3088 4863 E gralloc4: Empty SMPTE 2094-40 data
03-14 20:24:38.178 3088 4863 E gralloc4: Empty SMPTE 2094-40 data
03-14 20:24:38.184 3088 3088 W FramePolicy: type=1400 audit(0.0:77203035): avc: denied { ioctl } for path="/proc/perfmgr/perf_ioctl" dev="proc" ino=4026533363 ioctlcmd=0x6716 scontext=u:r:untrusted_app:s0:c127,c257,c512,c768 tcontext=u:object_r:proc_perfmgr:s0 tclass=file permissive=0 app=com.mbwhatsapp
03-14 20:24:38.203 3088 4863 E gralloc4: Empty SMPTE 2094-40 data
03-14 20:24:38.231 3088 4863 E gralloc4: Empty SMPTE 2094-40 data
03-14 20:24:38.245 3088 4863 E gralloc4: Empty SMPTE 2094-40 data
03-14 20:24:38.362 3088 3088 E FileUtils: err write to mi_exception_log
03-14 20:25:05.205 5253 5253 E com.mbwhatsapp: Not starting debugger since process cannot load the jdwp agent.
03-14 20:25:05.375 5253 5253 W System.err: java.lang.ClassNotFoundException: mbmodsd.mbmodsw.ui.views.btn.BtnBK
03-14 20:25:05.376 5253 5253 W System.err: at java.lang.Runtime.nativeLoad(Native Method)
03-14 20:25:05.376 5253 5253 W System.err: at java.lang.Runtime.nativeLoad(Runtime.java:1126)
03-14 20:25:05.376 5253 5253 W System.err: at java.lang.Runtime.loadLibrary0(Runtime.java:1080)
03-14 20:25:05.376 5253 5253 W System.err: at java.lang.Runtime.loadLibrary0(Runtime.java:1003)
03-14 20:25:05.376 5253 5253 W System.err: at java.lang.System.loadLibrary(System.java:1661)
03-14 20:25:05.376 5253 5253 W System.err: at arm.EpicVm.<clinit>(Unknown Source:2)
03-14 20:25:05.376 5253 5253 W System.err: at java.lang.Class.newInstance(Native Method)
03-14 20:25:05.376 5253 5253 W System.err: at android.app.AppComponentFactory.instantiateApplication(AppComponentFactory.java:76)
03-14 20:25:05.376 5253 5253 W System.err: at androidx.core.app.CoreComponentFactory.instantiateApplication(Unknown Source:0)
03-14 20:25:05.376 5253 5253 W System.err: at android.app.Instrumentation.newApplication(Instrumentation.java:1249)
03-14 20:25:05.376 5253 5253 W System.err: at android.app.LoadedApk.makeApplicationInner(LoadedApk.java:1493)
03-14 20:25:05.376 5253 5253 W System.err: at android.app.LoadedApk.makeApplicationInner(LoadedApk.java:1426)
03-14 20:25:05.376 5253 5253 W System.err: at android.app.ActivityThread.handleBindApplication(ActivityThread.java:7048)
03-14 20:25:05.376 5253 5253 W System.err: at android.app.ActivityThread.-$ $Nest$mhandleBindApplication(Unknown Source:0)
03-14 20:25:05.376 5253 5253 W System.err: at android.app.ActivityThread$H.handleMessage(ActivityThread.java:2253)
03-14 20:25:05.376 5253 5253 W System.err: at android.os.Handler.dispatchMessage(Handler.java:106)
03-14 20:25:05.376 5253 5253 W System.err: at android.os.Looper.loopOnce(Looper.java:211)
03-14 20:25:05.376 5253 5253 W System.err: at android.os.Looper.loop(Looper.java:300)
03-14 20:25:05.376 5253 5253 W System.err: at android.app.ActivityThread.main(ActivityThread.java:8232)
03-14 20:25:05.376 5253 5253 W System.err: at java.lang.reflect.Method.invoke(Native Method)
03-14 20:25:05.376 5253 5253 W System.err: at com.android.internal.os.RuntimeInit$MethodAndArgsCaller.run(RuntimeInit.java:580)
03-14 20:25:05.376 5253 5253 W System.err: at com.android.internal.os.ZygoteInit.main(ZygoteInit.java:1028)
03-14 20:25:05.436 5253 5253 E CustomActivityOnCrash: IMPORTANT WARNING! You already have an UncaughtExceptionHandler, are you sure this is correct? If you use a custom UncaughtExceptionHandler, you must initialize it AFTER CustomActivityOnCrash! Installing anyway, but your original handler will not be called.
03-14 20:25:05.487 5253 5277 W LibraryVersion: Failed to get app version for libraryName: firebase-iid
03-14 20:25:05.748 5253 5253 W com.mbwhatsapp: Accessing hidden method Lcom/android/org/conscrypt/OpenSSLSocketImpl;->setUseSessionTickets(Z)V (max- target-q,core-platform-api, reflection, denied)
03-14 20:25:05.748 5253 5253 W com.mbwhatsapp: Accessing hidden method Lcom/android/org/conscrypt/AbstractConscryptSocket;->setUseSessionTickets(Z)V (max- target-q, reflection, denied)
03-14 20:25:05.939 5253 5321 W com.mbwhatsapp: Method void X.2rL.A03(java.lang.Integer) failed lock verification and will run slower.
03-14 20:25:05.939 5253 5321 W com.mbwhatsapp: Common causes for lock verification issues are non-optimized dex code
03-14 20:25:05.939 5253 5321 W com.mbwhatsapp: and incorrect proguard optimizations.
03-14 20:25:05.941 5253 5253 E FileUtils: err open mi_exception_log errno=2
03-14 20:25:05.941 5253 5253 E FileUtils: err write to mi_exception_log
03-14 20:25:06.859 5253 5337 E FileUtils: err open mi_exception_log errno=2
03-14 20:25:06.859 5253 5337 E FileUtils: err write to mi_exception_log
03-14 20:25:07.064 5253 5318 E FileUtils: err open mi_exception_log errno=2
03-14 20:25:07.065 5253 5318 E FileUtils: err write to mi_exception_log
03-14 20:25:07.307 5253 5384 W com.mbwhatsapp: Accessing hidden field Landroid/app/Notification;->extraNotification:Landroid/app/MiuiNotification; (blocked, reflection, denied)
03-14 20:25:07.325 5253 5384 W com.mbwhatsapp: Accessing hidden field Landroid/app/Notification;->extraNotification:Landroid/app/MiuiNotification; (blocked, reflection, denied)
03-14 20:25:07.335 5253 5384 E FileUtils: err open mi_exception_log errno=2
03-14 20:25:07.335 5253 5384 E FileUtils: err write to mi_exception_log
03-14 20:25:07.341 5253 5394 W com.mbwhatsapp: Accessing hidden method Landroid/app/MiuiNotification;-><init>()V (blocked, reflection, denied)
03-14 20:25:07.373 5253 5384 W com.mbwhatsapp: Accessing hidden field Landroid/app/Notification;->extraNotification:Landroid/app/MiuiNotification; (blocked, reflection, denied)
03-14 20:25:07.382 5253 5384 W com.mbwhatsapp: Accessing hidden field Landroid/app/Notification;->extraNotification:Landroid/app/MiuiNotification; (blocked, reflection, denied)
03-14 20:25:07.390 5253 5384 E FileUtils: err open mi_exception_log errno=2
03-14 20:25:07.391 5253 5384 E FileUtils: err write to mi_exception_log
03-14 20:25:07.395 5253 5394 W com.mbwhatsapp: Accessing hidden method Landroid/app/MiuiNotification;-><init>()V (blocked, reflection, denied)
03-14 20:27:04.404 5253 5337 E FileUtils: err open mi_exception_log errno=2
03-14 20:27:04.405 5253 5337 E FileUtils: err write to mi_exception_log
03-14 20:27:05.301 5253 5394 W com.mbwhatsapp: Accessing hidden method Landroid/app/MiuiNotification;-><init>()V (blocked, reflection, denied)
03-14 20:27:05.379 5253 5384 W com.mbwhatsapp: Accessing hidden field Landroid/app/Notification;->extraNotification:Landroid/app/MiuiNotification; (blocked, reflection, denied)
03-14 20:27:05.394 5253 5384 W com.mbwhatsapp: Accessing hidden field Landroid/app/Notification;->extraNotification:Landroid/app/MiuiNotification; (blocked, reflection, denied)
03-14 20:27:05.402 5253 5384 E FileUtils: err open mi_exception_log errno=2
03-14 20:27:05.402 5253 5384 E FileUtils: err write to mi_exception_log
03-14 20:27:05.435 5253 5394 W com.mbwhatsapp: Accessing hidden method Landroid/app/MiuiNotification;-><init>()V (blocked, reflection, denied)
03-14 20:27:31.389 5253 5384 W com.mbwhatsapp: Accessing hidden field Landroid/app/Notification;->extraNotification:Landroid/app/MiuiNotification; (blocked, reflection, denied)
03-14 20:27:31.415 5253 5384 W com.mbwhatsapp: Accessing hidden field Landroid/app/Notification;->extraNotification:Landroid/app/MiuiNotification; (blocked, reflection, denied)
03-14 20:27:31.436 5253 5384 E FileUtils: err open mi_exception_log errno=2
03-14 20:27:31.436 5253 5384 E FileUtils: err write to mi_exception_log
03-14 20:27:31.472 5253 5394 W com.mbwhatsapp: Accessing hidden method Landroid/app/MiuiNotification;-><init>()V (blocked, reflection, denied)
03-14 20:27:36.718 5253 5611 E ion : ioctl c0044901 failed with code -1: Invalid argument
03-14 20:27:36.843 5253 5317 E SQLiteDatabase: Error inserting transferred=1 media_job_uuid=dfe5c127-8834-44b8-88ad-3e4ceb6a64b7 transcoded=0 gif_attribution=0 first_scan_length=28478 direct_path=/o1/v/t62.7118-24/f1/m269/up-oil-image- db689644-b29d-417d-b430-5105383112ed?ccb=9-4&oh=01_AdRyvoAh7JrV354xXG- Tfkkym_R40s40gpHnFsqnlMoq4A&oe=661B35C1&_nc_sid=000000 thumbnail_height_width_ratio=1.6363636 is_animated_sticker=0 file_hash=aJ0AjvHWQwa4eN1koIhd36UNh7TVUcy1hEAx90sGvoc= file_path=Media/MBWhatsApp Images/IMG-20240314-WA0009.jpg file_size=135414 partial_media_hash=null face_x=0 face_y=0 height=1705 trim_to=0 media_key_timestamp=1710469650000 message_url=https://mmg.whatsapp.net/o1/v/t62.7118-24/f1/m269/up-oil-image- db689644-b29d-417d-b430-5105383112ed?ccb=9-4&oh=01_AdRyvoAh7JrV354xXG- Tfkkym_R40s40gpHnFsqnlMoq4A&oe=661B35C1&_nc_sid=000000&mms3=true media_caption=null trim_from=0 mime_type=image/jpeg partial_media_enc_hash=null width=1064 original_file_hash=null has_streaming_sidecar=1 autotransfer_retry_enabled=1 media_upload_handle=null message_row_id=9190 multicast_id=null enc_file_hash=epQN/cMriTwxpZn/lOZRgsTQ8PgUA+udxae6ZPs5o7M= mute_video=0 page_count=0 first_scan_sidecar=[B@c305f68 suspicious_content=0 file_length=135414 media_name=null media_duration=0 chat_row_id=13 media_key=[B@1a7f81
03-14 20:27:36.843 5253 5317 E SQLiteDatabase: android.database.sqlite.SQLiteConstraintException: UNIQUE constraint failed: message_media.message_row_id (code 1555 SQLITE_CONSTRAINT_PRIMARYKEY)
03-14 20:27:36.843 5253 5317 E SQLiteDatabase: at android.database.sqlite.SQLiteConnection.nativeExecuteForLastInsertedRowId(Native Method)
03-14 20:27:36.843 5253 5317 E SQLiteDatabase: at android.database.sqlite.SQLiteConnection.executeForLastInsertedRowId(SQLiteConnecti on.java:961)
03-14 20:27:36.843 5253 5317 E SQLiteDatabase: at android.database.sqlite.SQLiteSession.executeForLastInsertedRowId(SQLiteSession.jav a:790)
03-14 20:27:36.843 5253 5317 E SQLiteDatabase: at android.database.sqlite.SQLiteStatement.executeInsert(SQLiteStatement.java:89)
03-14 20:27:36.843 5253 5317 E SQLiteDatabase: at android.database.sqlite.SQLiteDatabase.insertWithOnConflict(SQLiteDatabase.java:186 8)
03-14 20:27:36.843 5253 5317 E SQLiteDatabase: at android.database.sqlite.SQLiteDatabase.insert(SQLiteDatabase.java:1737)
03-14 20:27:36.843 5253 5317 E SQLiteDatabase: at X.2tm.A08(Unknown Source:6)
03-14 20:27:36.843 5253 5317 E SQLiteDatabase: at X.35Y.A07(Unknown Source:212)
03-14 20:27:36.843 5253 5317 E SQLiteDatabase: at X.3QF.A14(Unknown Source:470)
03-14 20:27:36.843 5253 5317 E SQLiteDatabase: at X.3gU.run(Unknown Source:982)
03-14 20:27:36.843 5253 5317 E SQLiteDatabase: at android.os.Handler.handleCallback(Handler.java:942)
03-14 20:27:36.843 5253 5317 E SQLiteDatabase: at android.os.Handler.dispatchMessage(Handler.java:99)
03-14 20:27:36.843 5253 5317 E SQLiteDatabase: at X.0zq.dispatchMessage(Unknown Source:4)
03-14 20:27:36.843 5253 5317 E SQLiteDatabase: at android.os.Looper.loopOnce(Looper.java:211)
03-14 20:27:36.843 5253 5317 E SQLiteDatabase: at android.os.Looper.loop(Looper.java:300)
03-14 20:27:36.843 5253 5317 E SQLiteDatabase: at android.os.HandlerThread.run(HandlerThread.java:67)
03-14 20:27:36.896 5253 5384 W com.mbwhatsapp: Accessing hidden field Landroid/app/Notification;->extraNotification:Landroid/app/MiuiNotification; (blocked, reflection, denied)
03-14 20:27:36.932 5253 5384 W com.mbwhatsapp: Accessing hidden field Landroid/app/Notification;->extraNotification:Landroid/app/MiuiNotification; (blocked, reflection, denied)
03-14 20:27:36.955 5253 5384 W com.mbwhatsapp: Accessing hidden field Landroid/app/Notification;->extraNotification:Landroid/app/MiuiNotification; (blocked, reflection, denied)
03-14 20:27:36.965 5253 5384 W com.mbwhatsapp: Accessing hidden field Landroid/app/Notification;->extraNotification--------- beginning of main
03-14 20:42:04.686 9682 9682 E com.mbwhatsapp: Not starting debugger since process cannot load the jdwp agent.
03-14 20:42:04.795 9682 9682 W System.err: java.lang.ClassNotFoundException: mbmodsd.mbmodsw.ui.views.btn.BtnBK
03-14 20:42:04.795 9682 9682 W System.err: at java.lang.Runtime.nativeLoad(Native Method)
03-14 20:42:04.795 9682 9682 W System.err: at java.lang.Runtime.nativeLoad(Runtime.java:1126)
03-14 20:42:04.795 9682 9682 W System.err: at java.lang.Runtime.loadLibrary0(Runtime.java:1080)
03-14 20:42:04.795 9682 9682 W System.err: at java.lang.Runtime.loadLibrary0(Runtime.java:1003)
03-14 20:42:04.795 9682 9682 W System.err: at java.lang.System.loadLibrary(System.java:1661)
03-14 20:42:04.795 9682 9682 W System.err: at arm.EpicVm.<clinit>(Unknown Source:2)
03-14 20:42:04.795 9682 9682 W System.err: at java.lang.Class.newInstance(Native Method)
03-14 20:42:04.795 9682 9682 W System.err: at android.app.AppComponentFactory.instantiateApplication(AppComponentFactory.java:76)
03-14 20:42:04.795 9682 9682 W System.err: at androidx.core.app.CoreComponentFactory.instantiateApplication(Unknown Source:0)
03-14 20:42:04.795 9682 9682 W System.err: at android.app.Instrumentation.newApplication(Instrumentation.java:1249)
03-14 20:42:04.795 9682 9682 W System.err: at android.app.LoadedApk.makeApplicationInner(LoadedApk.java:1493)
03-14 20:42:04.795 9682 9682 W System.err: at android.app.LoadedApk.makeApplicationInner(LoadedApk.java:1426)
03-14 20:42:04.795 9682 9682 W System.err: at android.app.ActivityThread.handleBindApplication(ActivityThread.java:7048)
03-14 20:42:04.795 9682 9682 W System.err: at android.app.ActivityThread.-$ $Nest$mhandleBindApplication(Unknown Source:0)
03-14 20:42:04.795 9682 9682 W System.err: at android.app.ActivityThread$H.handleMessage(ActivityThread.java:2253)
03-14 20:42:04.795 9682 9682 W System.err: at android.os.Handler.dispatchMessage(Handler.java:106)
03-14 20:42:04.795 9682 9682 W System.err: at android.os.Looper.loopOnce(Looper.java:211)
03-14 20:42:04.795 9682 9682 W System.err: at android.os.Looper.loop(Looper.java:300)
03-14 20:42:04.795 9682 9682 W System.err: at android.app.ActivityThread.main(ActivityThread.java:8232)
03-14 20:42:04.795 9682 9682 W System.err: at java.lang.reflect.Method.invoke(Native Method)
03-14 20:42:04.795 9682 9682 W System.err: at com.android.internal.os.RuntimeInit$MethodAndArgsCaller.run(RuntimeInit.java:580)
03-14 20:42:04.795 9682 9682 W System.err: at com.android.internal.os.ZygoteInit.main(ZygoteInit.java:1028)
03-14 20:42:04.824 9682 9682 E CustomActivityOnCrash: IMPORTANT WARNING! You already have an UncaughtExceptionHandler, are you sure this is correct? If you use a custom UncaughtExceptionHandler, you must initialize it AFTER CustomActivityOnCrash! Installing anyway, but your original handler will not be called.
03-14 20:42:04.971 9682 9682 W com.mbwhatsapp: Accessing hidden method Lcom/android/org/conscrypt/OpenSSLSocketImpl;->setUseSessionTickets(Z)V (max- target-q,core-platform-api, reflection, denied)
03-14 20:42:04.971 9682 9682 W com.mbwhatsapp: Accessing hidden method Lcom/android/org/conscrypt/AbstractConscryptSocket;->setUseSessionTickets(Z)V (max- target-q, reflection, denied)
03-14 20:42:04.994 9682 9682 W com.mbwhatsapp: type=1400 audit(0.0:77268340): avc: granted { execute } for path="/data/data/com.mbwhatsapp/files/decompressed/libs.spk.zst/libc++_shared.so" dev="dm-41" ino=253298 scontext=u:r:untrusted_app:s0:c127,c257,c512,c768 tcontext=u:object_r:app_data_file:s0:c127,c257,c512,c768 tclass=file app=com.mbwhatsapp
03-14 20:42:04.998 9682 9682 W com.mbwhatsapp: type=1400 audit(0.0:77268341): avc: granted { execute } for path="/data/data/com.mbwhatsapp/files/decompressed/libs.spk.zst/libvlc.so" dev="dm- 41" ino=252863 scontext=u:r:untrusted_app:s0:c127,c257,c512,c768 tcontext=u:object_r:app_data_file:s0:c127,c257,c512,c768 tclass=file app=com.mbwhatsapp
03-14 20:42:05.002 9682 9682 W com.mbwhatsapp: type=1400 audit(0.0:77268342): avc: granted { execute } for path="/data/data/com.mbwhatsapp/files/decompressed/libs.spk.zst/libwhatsapp.so" dev="dm-41" ino=252560 scontext=u:r:untrusted_app:s0:c127,c257,c512,c768 tcontext=u:object_r:app_data_file:s0:c127,c257,c512,c768 tclass=file app=com.mbwhatsapp
03-14 20:42:05.034 9682 9682 W com.mbwhatsapp: type=1400 audit(0.0:77268343): avc: granted { execute } for path="/data/data/com.mbwhatsapp/files/decompressed/libs.spk.zst/libcurve25519.so" dev="dm-41" ino=254220 scontext=u:r:untrusted_app:s0:c127,c257,c512,c768 tcontext=u:object_r:app_data_file:s0:c127,c257,c512,c768 tclass=file app=com.mbwhatsapp
03-14 20:42:05.042 9682 9682 W com.mbwhatsapp: type=1400 audit(0.0:77268344): avc: granted { execute } for path="/data/data/com.mbwhatsapp/files/decompressed/libs.spk.zst/libwhatsapp.so" dev="dm-41" ino=252560 scontext=u:r:untrusted_app:s0:c127,c257,c512,c768 tcontext=u:object_r:app_data_file:s0:c127,c257,c512,c768 tclass=file app=com.mbwhatsapp
03-14 20:42:05.079 9682 9682 E FileUtils: err open mi_exception_log errno=2
03-14 20:42:05.079 9682 9682 E FileUtils: err write to mi_exception_log
03-14 20:42:05.569 9682 9761 E FileUtils: err open mi_exception_log errno=2
03-14 20:42:05.569 9682 9761 E FileUtils: err write to mi_exception_log
03-14 20:42:05.904 9682 9796 W com.mbwhatsapp: Accessing hidden method Landroid/app/MiuiNotification;-><init>()V (blocked, reflection, denied)
03-14 20:42:05.946 9682 9796 W com.mbwhatsapp: Accessing hidden method Landroid/app/MiuiNotification;-><init>()V (blocked, reflection, denied)
03-14 20:42:05.963 9682 9796 W com.mbwhatsapp: Accessing hidden method Landroid/app/MiuiNotification;-><init>()V (blocked, reflection, denied)
03-14 20:42:06.007 9682 9796 W com.mbwhatsapp: Accessing hidden method Landroid/app/MiuiNotification;-><init>()V (blocked, reflection, denied)
03-14 20:42:06.102 9682 9796 W com.mbwhatsapp: Accessing hidden method Landroid/app/MiuiNotification;-><init>()V (blocked, reflection, denied)
03-14 20:42:06.186 9682 9797 W com.mbwhatsapp: Accessing hidden field Landroid/app/Notification;->extraNotification:Landroid/app/MiuiNotification; (blocked, reflection, denied)
03-14 20:42:06.195 9682 9797 W com.mbwhatsapp: Accessing hidden field Landroid/app/Notification;->extraNotification:Landroid/app/MiuiNotification; (blocked, reflection, denied)
03-14 20:42:06.206 9682 9797 E FileUtils: err open mi_exception_log errno=2
03-14 20:42:06.206 9682 9797 E FileUtils: err write to mi_exception_log
03-14 20:42:06.222 9682 9796 W com.mbwhatsapp: Accessing hidden method Landroid/app/MiuiNotification;-><init>()V (blocked, reflection, denied)
03-14 20:42:06.247 9682 9797 W com.mbwhatsapp: Accessing hidden field Landroid/app/Notification;->extraNotification:Landroid/app/MiuiNotification; (blocked, reflection, denied)
03-14 20:42:06.256 9682 9797 W com.mbwhatsapp: Accessing hidden field Landroid/app/Notification;->extraNotification:Landroid/app/MiuiNotification; (blocked, reflection, denied)
03-14 20:42:06.260 9682 9797 E FileUtils: err open mi_exception_log errno=2
03-14 20:42:06.261 9682 9797 E FileUtils: err write to mi_exception_log
03-14 20:42:06.276 9682 9796 W com.mbwhatsapp: Accessing hidden method Landroid/app/MiuiNotification;-><init>()V (blocked, reflection, denied)
03-14 20:42:06.307 9682 9797 W com.mbwhatsapp: Accessing hidden field Landroid/app/Notification;->extraNotification:Landroid/app/MiuiNotification; (blocked, reflection, denied)
03-14 20:42:06.317 9682 9797 W com.mbwhatsapp: Accessing hidden field Landroid/app/Notification;->extraNotification:Landroid/app/MiuiNotification; (blocked, reflection, denied)
03-14 20:42:06.321 9682 9797 E FileUtils: err open mi_exception_log errno=2
03-14 20:42:06.321 9682 9797 E FileUtils: err write to mi_exception_log
03-14 20:42:06.336 9682 9796 W com.mbwhatsapp: Accessing hidden method Landroid/app/MiuiNotification;-><init>()V (blocked, reflection, denied)
03-14 20:42:07.007 9682 9738 E SQLiteDatabase: Error inserting transferred=1 media_job_uuid=8270696b-77dc-49b9-aa17-6177be75488d transcoded=0 gif_attribution=0 first_scan_length=7306 direct_path=/v/t62.7118- 24/11902832_1577253699739190_7898270035804844685_n.enc?ccb=11- 4&oh=01_AdRzt37BV15deUosJ6dEWv2GMLz1aXas9cHwZ8CkN59-EQ&oe=661B0B47&_nc_sid=5e03e0 thumbnail_height_width_ratio=1.3333334 is_animated_sticker=0 file_hash=YYEAHBgmAMo8NTFHX6rsEO52r7E4dVLkq46xUXwAsjk= file_path=Media/.Statuses/319c3ddedaa44933934f08627a8839d7.jpg file_size=77868 partial_media_hash=NQyT7qADxbQmJgWqtSdM/wQ4v0xXWeiW51UPOcysIGY= face_x=0 face_y=0 height=1080 trim_to=0 media_key_timestamp=1710470372000 message_url=https://mmg.whatsapp.net/v/t62.7118- 24/11902832_1577253699739190_7898270035804844685_n.enc?ccb=11- 4&oh=01_AdRzt37BV15deUosJ6dEWv2GMLz1aXas9cHwZ8CkN59- EQ&oe=661B0B47&_nc_sid=5e03e0&mms3=true media_caption=null trim_from=0 mime_type=image/jpeg partial_media_enc_hash=null width=810 original_file_hash=null has_streaming_sidecar=1 autotransfer_retry_enabled=1 media_upload_handle=null message_row_id=9199 multicast_id=null enc_file_hash=q7eDP3/eimw7GrAageBxHg80W/tsfTGmL3xqBZ29Bzo= mute_video=0 page_count=0 first_scan_sidecar=[B@5dd3ec4 suspicious_content=0 file_length=77868 media_name=null media_duration=0 chat_row_id=2 media_key=[B@7eba1ad
03-14 20:42:07.007 9682 9738 E SQLiteDatabase: android.database.sqlite.SQLiteConstraintException: UNIQUE constraint failed: message_media.message_row_id (code 1555 SQLITE_CONSTRAINT_PRIMARYKEY)
03-14 20:42:07.007 9682 9738 E SQLiteDatabase: at android.database.sqlite.SQLiteConnection.nativeExecuteForLastInsertedRowId(Native Method)
03-14 20:42:07.007 9682 9738 E SQLiteDatabase: at android.database.sqlite.SQLiteConnection.executeForLastInsertedRowId(SQLiteConnecti on.java:961)
03-14 20:42:07.007 9682 9738 E SQLiteDatabase: at android.database.sqlite.SQLiteSession.executeForLastInsertedRowId(SQLiteSession.jav a:790)
03-14 20:42:07.007 9682 9738 E SQLiteDatabase: at android.database.sqlite.SQLiteStatement.executeInsert(SQLiteStatement.java:89)
03-14 20:42:07.007 9682 9738 E SQLiteDatabase: at android.database.sqlite.SQLiteDatabase.insertWithOnConflict(SQLiteDatabase.java:186 8)
03-14 20:42:07.007 9682 9738 E SQLiteDatabase: at android.database.sqlite.SQLiteDatabase.insert(SQLiteDatabase.java:1737)
03-14 20:42:07.007 9682 9738 E SQLiteDatabase: at X.2tm.A08(Unknown Source:6)
03-14 20:42:07.007 9682 9738 E SQLiteDatabase: at X.35Y.A07(Unknown Source:212)
03-14 20:42:07.007 9682 9738 E SQLiteDatabase: at X.3QF.A14(Unknown Source:470)
03-14 20:42:07.007 9682 9738 E SQLiteDatabase: at X.3gU.run(Unknown Source:982)
03-14 20:42:07.007 9682 9738 E SQLiteDatabase: at android.os.Handler.handleCallback(Handler.java:942)
03-14 20:42:07.007 9682 9738 E SQLiteDatabase: at android.os.Handler.dispatchMessage(Handler.java:99)
03-14 20:42:07.007 9682 9738 E SQLiteDatabase: at X.0zq.dispatchMessage(Unknown Source:4)
03-14 20:42:07.007 9682 9738 E SQLiteDatabase: at android.os.Looper.loopOnce(Looper.java:211)
03-14 20:42:07.007 9682 9738 E SQLiteDatabase: at android.os.Looper.loop(Looper.java:300)
03-14 20:42:07.007 9682 9738 E SQLiteDatabase: at android.os.HandlerThread.run(HandlerThread.java:67)
03-14 20:42:07.022 9682 9796 W com.mbwhatsapp: Accessing hidden method Landroid/app/MiuiNotification;-><init>()V (blocked, reflection, denied)
03-14 20:45:01.995 9682 9761 E FileUtils: err open mi_exception_log errno=2
03-14 20:45:01.996 9682 9761 E FileUtils: err write to mi_exception_log
03-14 20:45:02.260 9682 9797 W com.mbwhatsapp: Accessing hidden field Landroid/app/Notification;->extraNotification:Landroid/app/MiuiNotification; (blocked, reflection, denied)
03-14 20:45:02.270 9682 9797 W com.mbwhatsapp: Accessing hidden field Landroid/app/Notification;->extraNotification:Landroid/app/MiuiNotification; (blocked, reflection, denied)
03-14 20:45:02.275 9682 9797 E FileUtils: err open mi_exception_log errno=2
03-14 20:45:02.275 9682 9797 E FileUtils: err write to mi_exception_log
03-14 20:45:02.288 9682 9796 W com.mbwhatsapp: Accessing hidden method Landroid/app/MiuiNotification;-><init>()V (blocked,--------- beginning of main
03-14 20:48:08.743 10675 10675 E com.mbwhatsapp: Not starting debugger since process cannot load the jdwp agent.
03-14 20:48:08.849 10675 10675 W System.err: java.lang.ClassNotFoundException: mbmodsd.mbmodsw.ui.views.btn.BtnBK
03-14 20:48:08.850 10675 10675 W System.err: at java.lang.Runtime.nativeLoad(Native Method)
03-14 20:48:08.850 10675 10675 W System.err: at java.lang.Runtime.nativeLoad(Runtime.java:1126)
03-14 20:48:08.850 10675 10675 W System.err: at java.lang.Runtime.loadLibrary0(Runtime.java:1080)
03-14 20:48:08.850 10675 10675 W System.err: at java.lang.Runtime.loadLibrary0(Runtime.java:1003)
03-14 20:48:08.850 10675 10675 W System.err: at java.lang.System.loadLibrary(System.java:1661)
03-14 20:48:08.850 10675 10675 W System.err: at arm.EpicVm.<clinit>(Unknown Source:2)
03-14 20:48:08.850 10675 10675 W System.err: at java.lang.Class.newInstance(Native Method)
03-14 20:48:08.850 10675 10675 W System.err: at android.app.AppComponentFactory.instantiateApplication(AppComponentFactory.java:76)
03-14 20:48:08.850 10675 10675 W System.err: at androidx.core.app.CoreComponentFactory.instantiateApplication(Unknown Source:0)
03-14 20:48:08.850 10675 10675 W System.err: at android.app.Instrumentation.newApplication(Instrumentation.java:1249)
03-14 20:48:08.850 10675 10675 W System.err: at android.app.LoadedApk.makeApplicationInner(LoadedApk.java:1493)
