03-14 17:05:48.872 9593 9593 E ArmVmp : Match on catch block at 0xc3 in for 0x766bd9a025
03-14 17:05:48.873 9593 9657 E gralloc4: Empty SMPTE 2094-40 data
03-14 17:05:48.880 9593 9593 E ArmVmp : Match on catch block at 0xc3 in for 0x766bd9a025
03-14 17:05:48.888 9593 9657 E gralloc4: Empty SMPTE 2094-40 data
03-14 17:05:48.889 9593 9593 E ArmVmp : Match on catch block at 0xc3 in for 0x766bd9a025
03-14 17:05:48.894 9593 9593 E ArmVmp : Match on catch block at 0xc3 in for 0x766bd9a025
03-14 17:05:48.902 9593 9593 E ArmVmp : Match on catch block at 0xc3 in for 0x766bd9a025
03-14 17:05:48.905 9593 9657 E gralloc4: Empty SMPTE 2094-40 data
03-14 17:05:48.907 9593 9593 E ArmVmp : Match on catch block at 0xc3 in for 0x766bd9a025
03-14 17:05:48.913 9593 9657 E gralloc4: Empty SMPTE 2094-40 data
03-14 17:05:48.919 9593 9593 E ArmVmp : Match on catch block at 0xc3 in for 0x766bd9a025
03-14 17:05:48.923 9593 9593 E ArmVmp : Match on catch block at 0xc3 in for 0x766bd9a025
03-14 17:05:48.935 9593 9657 E gralloc4: Empty SMPTE 2094-40 data
03-14 17:05:48.936 9593 9593 E ArmVmp : Match on catch block at 0xc3 in for 0x766bd9a025
03-14 17:05:48.939 9593 9593 E ArmVmp : Match on catch block at 0xc3 in for 0x766bd9a025
03-14 17:05:48.946 9593 9657 E gralloc4: Empty SMPTE 2094-40 data
03-14 17:05:48.952 9593 9593 E ArmVmp : Match on catch block at 0xc3 in for 0x766bd9a025
03-14 17:05:48.955 9593 9593 E ArmVmp : Match on catch block at 0xc3 in for 0x766bd9a025
03-14 17:05:48.962 9593 9657 E gralloc4: Empty SMPTE 2094-40 data
03-14 17:05:48.968 9593 9593 E ArmVmp : Match on catch block at 0xc3 in for 0x766bd9a025
03-14 17:05:48.972 9593 9593 E ArmVmp : Match on catch block at 0xc3 in for 0x766bd9a025
03-14 17:05:48.978 9593 9657 E gralloc4: Empty SMPTE 2094-40 data
03-14 17:05:48.985 9593 9593 E ArmVmp : Match on catch block at 0xc3 in for 0x766bd9a025
03-14 17:05:48.988 9593 9593 E ArmVmp : Match on catch block at 0xc3 in for 0x766bd9a025
03-14 17:05:48.995 9593 9657 E gralloc4: Empty SMPTE 2094-40 data
03-14 17:05:49.002 9593 9593 E ArmVmp : Match on catch block at 0xc3 in for 0x766bd9a025
03-14 17:05:49.005 9593 9593 E ArmVmp : Match on catch block at 0xc3 in for 0x766bd9a025
03-14 17:05:49.012 9593 9657 E gralloc4: Empty SMPTE 2094-40 data
03-14 17:05:49.019 9593 9593 E ArmVmp : Match on catch block at 0xc3 in for 0x766bd9a025
03-14 17:05:49.022 9593 9593 E ArmVmp : Match on catch block at 0xc3 in for 0x766bd9a025
03-14 17:05:49.028 9593 9657 E gralloc4: Empty SMPTE 2094-40 data
03-14 17:05:49.035 9593 9593 E ArmVmp : Match on catch block at 0xc3 in for 0x766bd9a025
03-14 17:05:49.039 9593 9593 E ArmVmp : Match on catch block at 0xc3 in for 0x766bd9a025
03-14 17:05:49.046 9593 9657 E gralloc4: Empty SMPTE 2094-40 data
03-14 17:05:49.051 9593 9593 E ArmVmp : Match on catch block at 0xc3 in for 0x766bd9a025
03-14 17:05:49.055 9593 9593 E ArmVmp : Match on catch block at 0xc3 in for 0x766bd9a025
03-14 17:05:49.062 9593 9657 E gralloc4: Empty SMPTE 2094-40 data
03-14 17:05:49.416 9593 9593 E ArmVmp : Match on catch block at 0xc3 in for 0x766bd9a025
03-14 17:05:49.420 9593 9593 E ArmVmp : Match on catch block at 0xc3 in for 0x766bd9a025
03-14 17:05:49.428 9593 9657 E gralloc4: Empty SMPTE 2094-40 data
03-14 17:05:49.914 9593 9593 E ArmVmp : Match on catch block at 0xc3 in for 0x766bd9a025
03-14 17:05:49.917 9593 9593 E ArmVmp : Match on catch block at 0xc3 in for 0x766bd9a025
03-14 17:05:49.926 9593 9657 E gralloc4: Empty SMPTE 2094-40 data
03-14 17:05:50.414 9593 9593 E ArmVmp : Match on catch block at 0xc3 in for 0x766bd9a025
03-14 17:05:50.418 9593 9593 E ArmVmp : Match on catch block at 0xc3 in for 0x766bd9a025
03-14 17:05:50.429 9593 9657 E gralloc4: Empty SMPTE 2094-40 data
03-14 17:05:50.930 9593 9593 E ArmVmp : Match on catch block at 0xc3 in for 0x766bd9a025
03-14 17:05:50.937 9593 9593 E ArmVmp : Match on catch block at 0xc3 in for 0x766bd9a025
03-14 17:05:50.951 9593 9657 E gralloc4: Empty SMPTE 2094-40 data
03-14 17:05:51.428 9593 9593 E ArmVmp : Match on catch block at 0xc3 in for 0x766bd9a025
03-14 17:05:51.434 9593 9593 E ArmVmp : Match on catch block at 0xc3 in for 0x766bd9a025
03-14 17:05:51.446 9593 9657 E gralloc4: Empty SMPTE 2094-40 data
03-14 17:05:51.924 9593 9593 E ArmVmp : Match on catch block at 0xc3 in for 0x766bd9a025
03-14 17:05:51.928 9593 9593 E ArmVmp : Match on catch block at 0xc3 in for 0x766bd9a025
03-14 17:05:51.937 9593 9657 E gralloc4: Empty SMPTE 2094-40 data
03-14 17:05:52.425 9593 9593 E ArmVmp : Match on catch block at 0xc3 in for 0x766bd9a025
03-14 17:05:52.433 9593 9593 E ArmVmp : Match on catch block at 0xc3 in for 0x766bd9a025
03-14 17:05:52.446 9593 9657 E gralloc4: Empty SMPTE 2094-40 data
03-14 17:05:52.654 9593 9593 E ArmVmp : Match on catch block at 0xc3 in for 0x766bd9a025
03-14 17:05:52.656 9593 9593 E ArmVmp : Match on catch block at 0xc3 in for 0x766bd9a025
03-14 17:05:52.663 9593 9657 E gralloc4: Empty SMPTE 2094-40 data
03-14 17:05:52.677 9593 9657 E gralloc4: Empty SMPTE 2094-40 data
03-14 17:05:52.693 9593 9657 E gralloc4: Empty SMPTE 2094-40 data
03-14 17:05:52.709 9593 9657 E gralloc4: Empty SMPTE 2094-40 data
03-14 17:05:52.726 9593 9657 E gralloc4: Empty SMPTE 2094-40 data
03-14 17:05:52.736 9593 9593 E FileUtils: err write to mi_exception_log
03-14 17:05:52.738 9593 9593 E ArmVmp : Match on catch block at 0xc3 in for 0x766bd9a025
03-14 17:05:52.743 9593 9657 E gralloc4: Empty SMPTE 2094-40 data
03-14 17:05:52.746 9593 9593 E ArmVmp : Match on catch block at 0xc3 in for 0x766bd9a025
03-14 17:05:52.761 9593 9657 E gralloc4: Empty SMPTE 2094-40 data
03-14 17:05:52.778 9593 9657 E gralloc4: Empty SMPTE 2094-40 data
03-14 17:05:52.799 9593 9657 E gralloc4: Empty SMPTE 2094-40 data
03-14 17:05:52.800 9593 9657 W Parcel : Expecting binder but got null!
03-14 17:05:52.800 9593 9593 E FileUtils: err write to mi_exception_log
03-14 17:05:52.804 9593 9657 E gralloc4: Empty SMPTE 2094-40 data
03-14 17:05:52.850 9593 9593 E ArmVmp : Match on catch block at 0xc3 in for 0x766bd9a025
03-14 17:05:52.855 9593 9593 E ArmVmp : Match on catch block at 0xc3 in for 0x766bd9a025
03-14 17:05:52.865 9593 9657 E gralloc4: Empty SMPTE 2094-40 data
03-14 17:05:52.879 9593 9657 E gralloc4: Empty SMPTE 2094-40 data
03-14 17:05:52.895 9593 9657 E gralloc4: Empty SMPTE 2094-40 data
03-14 17:05:52.911 9593 9657 E gralloc4: Empty SMPTE 2094-40 data
03-14 17:05:52.919 9593 9593 E FileUtils: err write to mi_exception_log
03-14 17:05:52.923 9593 9657 E gralloc4: Empty SMPTE 2094-40 data
03-14 17:05:52.935 9593 9657 E gralloc4: Empty SMPTE 2094-40 data
03-14 17:05:52.937 9593 9593 E ArmVmp : Match on catch block at 0xc3 in for 0x766bd9a025
03-14 17:05:52.942 9593 9657 E gralloc4: Empty SMPTE 2094-40 data
03-14 17:05:52.944 9593 9593 E ArmVmp : Match on catch block at 0xc3 in for 0x766bd9a025
03-14 17:05:52.951 9593 9593 E ArmVmp : Match on catch block at 0xc3 in for 0x766bd9a025
03-14 17:05:52.955 9593 9593 E ArmVmp : Match on catch block at 0xc3 in for 0x766bd9a025
03-14 17:05:52.962 9593 9657 E gralloc4: Empty SMPTE 2094-40 data
03-14 17:05:52.971 9593 9657 E gralloc4: Empty SMPTE 2094-40 data
03-14 17:05:53.015 9593 9657 E gralloc4: Empty SMPTE 2094-40 data
03-14 17:05:53.020 9593 9657 E gralloc4: Empty SMPTE 2094-40 data
03-14 17:05:53.034 9593 9657 E gralloc4: Empty SMPTE 2094-40 data
03-14 17:05:53.039 9593 9657 E gralloc4: Empty SMPTE 2094-40 data
03-14 17:05:53.057 9593 9657 E gralloc4: Empty SMPTE 2094-40 data
03-14 17:05:53.075 9593 9657 E gralloc4: Empty SMPTE 2094-40 data
03-14 17:05:53.091 9593 9657 E gralloc4: Empty SMPTE 2094-40 data
03-14 17:05:53.110 9593 9657 E gralloc4: Empty SMPTE 2094-40 data
03-14 17:05:53.126 9593 9657 E gralloc4: Empty SMPTE 2094-40 data
03-14 17:05:53.139 9593 9593 E ArmVmp : Match on catch block at 0xc3 in for 0x766bd9a025
03-14 17:05:53.143 9593 9593 E ArmVmp : Match on catch block at 0xc3 in for 0x766bd9a025
03-14 17:05:53.144 9593 9657 E gralloc4: Empty SMPTE 2094-40 data
03-14 17:05:53.158 9593 9657 E gralloc4: Empty SMPTE 2094-40 data
03-14 17:05:53.176 9593 9657 E gralloc4: Empty SMPTE 2094-40 data
03-14 17:05:53.193 9593 9657 E gralloc4: Empty SMPTE 2094-40 data
03-14 17:05:53.210 9593 9657 E gralloc4: Empty SMPTE 2094-40 data
03-14 17:05:53.225 9593 9657 E gralloc4: Empty SMPTE 2094-40 data
03-14 17:05:53.243 9593 9657 E gralloc4: Empty SMPTE 2094-40 data
03-14 17:05:53.260 9593 9657 E gralloc4: Empty SMPTE 2094-40 data
03-14 17:05:53.276 9593 9657 E gralloc4: Empty SMPTE 2094-40 data
03-14 17:05:53.293 9593 9657 E gralloc4: Empty SMPTE 2094-40 data
03-14 17:05:53.310 9593 9657 E gralloc4: Empty SMPTE 2094-40 data
03-14 17:05:53.327 9593 9657 E gralloc4: Empty SMPTE 2094-40 data
03-14 17:05:53.343 9593 9657 E gralloc4: Empty SMPTE 2094-40 data
03-14 17:05:53.360 9593 9657 E gralloc4: Empty SMPTE 2094-40 data
03-14 17:05:53.376 9593 9657 E gralloc4: Empty SMPTE 2094-40 data
03-14 17:05:53.393 9593 9657 E gralloc4: Empty SMPTE 2094-40 data
03-14 17:05:53.410 9593 9657 E gralloc4: Empty SMPTE 2094-40 data
03-14 17:05:53.426 9593 9657 E gralloc4: Empty SMPTE 2094-40 data
03-14 17:05:53.442 9593 9657 E gralloc4: Empty SMPTE 2094-40 data
03-14 17:05:53.455 9593 9657 E gralloc4: Empty SMPTE 2094-40 data
03-14 17:05:53.468 9593 9593 E ArmVmp : Match on catch block at 0xc3 in for 0x766bd9a025
03-14 17:05:53.471 9593 9593 E ArmVmp : Match on catch block at 0xc3 in for 0x766bd9a025
03-14 17:05:53.473 9593 9657 E gralloc4: Empty SMPTE 2094-40 data
03-14 17:05:53.479 9593 9657 E gralloc4: Empty SMPTE 2094-40 data
03-14 17:05:53.487 9593 9657 E gralloc4: Empty SMPTE 2094-40 data
03-14 17:05:53.492 9593 9657 E gralloc4: Empty SMPTE 2094-40 data
03-14 17:05:53.501 9593 9593 E ArmVmp : Match on catch block at 0xc3 in for 0x766bd9a025
03-14 17:05:53.503 9593 9593 E ArmVmp : Match on catch block at 0xc3 in for 0x766bd9a025
03-14 17:05:53.507 9593 9657 E gralloc4: Empty SMPTE 2094-40 data
03-14 17:05:53.516 9593 9657 E gralloc4: Empty SMPTE 2094-40 data
03-14 17:05:53.524 9593 9657 E gralloc4: Empty SMPTE 2094-40 data
03-14 17:05:53.527 9593 9657 E gralloc4: Empty SMPTE 2094-40 data
03-14 17:05:53.541 9593 9657 E gralloc4: Empty SMPTE 2094-40 data
03-14 17:05:53.557 9593 9657 E gralloc4: Empty SMPTE 2094-40 data
03-14 17:05:53.560 9593 9657 E gralloc4: Empty SMPTE 2094-40 data
03-14 17:05:53.560 9593 9657 W Parcel : Expecting binder but got null!
03-14 17:05:53.562 9593 9593 E ArmVmp : Match on catch block at 0xc3 in for 0x766bd9a025
03-14 17:05:53.564 9593 9593 E ArmVmp : Match on catch block at 0xc3 in for 0x766bd9a025
03-14 17:05:53.580 9593 9657 E gralloc4: Empty SMPTE 2094-40 data
03-14 17:05:53.594 9593 9657 E gralloc4: Empty SMPTE 2094-40 data
03-14 17:05:53.597 9593 9593 E ArmVmp : Match on catch block at 0xc3 in for 0x766bd9a025
03-14 17:05:53.600 9593 9657 E gralloc4: Empty SMPTE 2094-40 data
03-14 17:05:53.600 9593 9593 E ArmVmp : Match on catch block at 0xc3 in for 0x766bd9a025
03-14 17:05:53.624 9593 9657 E gralloc4: Empty SMPTE 2094-40 data
03-14 17:05:53.627 9593 9657 E gralloc4: Empty SMPTE 2094-40 data
03-14 17:05:53.631 9593 9593 E ArmVmp : Match on catch block at 0xc3 in for 0x766bd9a025
03-14 17:05:53.631 9593 9657 E gralloc4: Empty SMPTE 2094-40 data
03-14 17:05:53.634 9593 9593 E ArmVmp : Match on catch block at 0xc3 in for 0x766bd9a025
03-14 17:05:53.641 9593 9657 E gralloc4: Empty SMPTE 2094-40 data
03-14 17:05:53.653 9593 9657 E gralloc4: Empty SMPTE 2094-40 data
03-14 17:05:53.658 9593 9593 E ArmVmp : Match on catch block at 0xc3 in for 0x766bd9a025
03-14 17:05:53.659 9593 9657 E gralloc4: Empty SMPTE 2094-40 data
03-14 17:05:53.661 9593 9593 E ArmVmp : Match on catch block at 0xc3 in for 0x766bd9a025
03-14 17:05:53.674 9593 9657 E gralloc4: Empty SMPTE 2094-40 data
03-14 17:05:53.682 9593 9657 E gralloc4: Empty SMPTE 2094-40 data
03-14 17:05:53.689 9593 9657 E gralloc4: Empty SMPTE 2094-40 data
03-14 17:05:53.694 9593 9657 E gralloc4: Empty SMPTE 2094-40 data
03-14 17:05:53.702 9593 9593 E ArmVmp : Match on catch block at 0xc3 in for 0x766bd9a025
03-14 17:05:53.702 9593 9657 E gralloc4: Empty SMPTE 2094-40 data
03-14 17:05:53.706 9593 9593 E ArmVmp : Match on catch block at 0xc3 in for 0x766bd9a025
03-14 17:05:53.709 9593 9657 E gralloc4: Empty SMPTE 2094-40 data
03-14 17:05:53.723 9593 9657 E gralloc4: Empty SMPTE 2094-40 data
03-14 17:05:53.732 9593 9657 E gralloc4: Empty SMPTE 2094-40 data
03-14 17:05:53.735 9593 9593 E ArmVmp : Match on catch block at 0xc3 in for 0x766bd9a025
03-14 17:05:53.736 9593 9657 E gralloc4: Empty SMPTE 2094-40 data
03-14 17:05:53.739 9593 9593 E ArmVmp : Match on catch block at 0xc3 in for 0x766bd9a025
03-14 17:05:53.740 9593 9657 E gralloc4: Empty SMPTE 2094-40 data
03-14 17:05:53.761 9593 9657 E gralloc4: Empty SMPTE 2094-40 data
03-14 17:05:53.765 9593 9657 E gralloc4: Empty SMPTE 2094-40 data
03-14 17:05:53.765 9593 9593 E ArmVmp : Match on catch block at 0xc3 in for 0x766bd9a025
03-14 17:05:53.768 9593 9593 E ArmVmp : Match on catch block at 0xc3 in for 0x766bd9a025
03-14 17:05:53.771 9593 9657 E gralloc4: Empty SMPTE 2094-40 data
03-14 17:05:53.788 9593 9657 E gralloc4: Empty SMPTE 2094-40 data
03-14 17:05:53.793 9593 9657 E gralloc4: Empty SMPTE 2094-40 data
03-14 17:05:53.796 9593 9657 E gralloc4: Empty SMPTE 2094-40 data
03-14 17:05:53.807 9593 9657 E gralloc4: Empty SMPTE 2094-40 data
03-14 17:05:53.824 9593 9657 E gralloc4: Empty SMPTE 2094-40 data
03-14 17:05:53.841 9593 9657 E gralloc4: Empty SMPTE 2094-40 data
03-14 17:05:53.858 9593 9657 E gralloc4: Empty SMPTE 2094-40 data
03-14 17:05:53.878 9593 9657 E gralloc4: Empty SMPTE 2094-40 data
03-14 17:05:53.895 9593 9657 E gralloc4: Empty SMPTE 2094-40 data
03-14 17:05:53.908 9593 9657 E gralloc4: Empty SMPTE 2094-40 data
03-14 17:05:53.923 9593 9657 E gralloc4: Empty SMPTE 2094-40 data
03-14 17:05:53.937 9593 9657 E gralloc4: Empty SMPTE 2094-40 data
03-14 17:05:53.961 9593 9657 E gralloc4: Empty SMPTE 2094-40 data
03-14 17:05:53.977 9593 9657 E gralloc4: Empty SMPTE 2094-40 data
03-14 17:05:53.990 9593 9657 E gralloc4: Empty SMPTE 2094-40 data
03-14 17:05:54.008 9593 9657 E gralloc4: Empty SMPTE 2094-40 data
03-14 17:05:54.025 9593 9657 E gralloc4: Empty SMPTE 2094-40 data
03-14 17:05:54.040 9593 9657 E gralloc4: Empty SMPTE 2094-40 data
03-14 17:05:54.058 9593 9657 E gralloc4: Empty SMPTE 2094-40 data
03-14 17:05:54.077 9593 9657 E gralloc4: Empty SMPTE 2094-40 data
03-14 17:05:54.092 9593 9657 E gralloc4: Empty SMPTE 2094-40 data
03-14 17:05:54.107 9593 9657 E gralloc4: Empty SMPTE 2094-40 data
03-14 17:05:54.124 9593 9657 E gralloc4: Empty SMPTE 2094-40 data
03-14 17:05:54.144 9593 9657 E gralloc4: Empty SMPTE 2094-40 data
03-14 17:05:54.161 9593 9657 E gralloc4: Empty SMPTE 2094-40 data
03-14 17:05:54.173 9593 9657 E gralloc4: Empty SMPTE 2094-40 data
03-14 17:05:54.193 9593 9657 E gralloc4: Empty SMPTE 2094-40 data
03-14 17:05:54.211 9593 9657 E gralloc4: Empty SMPTE 2094-40 data
03-14 17:05:54.224 9593 9657 E gralloc4: Empty SMPTE 2094-40 data
03-14 17:05:54.244 9593 9657 E gralloc4: Empty SMPTE 2094-40 data
03-14 17:05:54.257 9593 9657 E gralloc4: Empty SMPTE 2094-40 data
03-14 17:05:54.274 9593 9657 E gralloc4: Empty SMPTE 2094-40 data
03-14 17:05:54.293 9593 9657 E gralloc4: Empty SMPTE 2094-40 data
03-14 17:05:54.308 9593 9657 E gralloc4: Empty SMPTE 2094-40 data
03-14 17:05:54.324 9593 9657 E gralloc4: Empty SMPTE 2094-40 data
03-14 17:05:54.341 9593 9657 E gralloc4: Empty SMPTE 2094-40 data
03-14 17:05:54.487 9593 9657 E gralloc4: Empty SMPTE 2094-40 data
03-14 17:05:54.499 9593 9657 E gralloc4: Empty SMPTE 2094-40 data
03-14 17:05:54.500 9593 9657 W Parcel : Expecting binder but got null!
03-14 17:05:54.590 9593 9593 W OnBackInvokedCallback: OnBackInvokedCallback is not enabled for the application.
03-14 17:05:54.590 9593 9593 W OnBackInvokedCallback: Set 'android:enableOnBackInvokedCallback="true"' in the application manifest.
03-14 17:05:54.717 9593 9593 E ArmVmp : Match on catch block at 0xc3 in for 0x766bd9a025
03-14 17:05:54.720 9593 9593 E ArmVmp : Match on catch block at 0xc3 in for 0x766bd9a025
03-14 17:05:54.739 9593 9657 E gralloc4: Empty SMPTE 2094-40 data
03-14 17:05:54.781 9593 9593 E FileUtils: err write to mi_exception_log
03-14 17:05:54.792 9593 9657 E gralloc4: Empty SMPTE 2094-40 data
03-14 17:05:54.801 9593 9657 E gralloc4: Empty SMPTE 2094-40 data
03-14 17:05:54.811 9593 9657 E gralloc4: Empty SMPTE 2094-40 data
03-14 17:05:54.999 9593 9657 E gralloc4: Empty SMPTE 2094-40 data
03-14 17:05:55.488 9593 9657 E gralloc4: Empty SMPTE 2094-40 data
03-14 17:05:55.591 9593 9657 E gralloc4: Empty SMPTE 2094-40 data
03-14 17:05:55.621 9593 9657 E gralloc4: Empty SMPTE 2094-40 data
03-14 17:05:55.674 9593 9657 E gralloc4: Empty SMPTE 2094-40 data
03-14 17:05:55.723 9593 9657 E gralloc4: Empty SMPTE 2094-40 data
03-14 17:05:55.775 9593 9657 E gralloc4: Empty SMPTE 2094-40 data
03-14 17:05:55.839 9593 9657 E gralloc4: Empty SMPTE 2094-40 data
03-14 17:05:56.281 9593 9657 E gralloc4: Empty SMPTE 2094-40 data
03-14 17:05:56.497 9593 9657 E gralloc4: Empty SMPTE 2094-40 data
03-14 17:05:56.614 9593 9657 E gralloc4: Empty SMPTE 2094-40 data
03-14 17:05:56.979 9593 9657 E gralloc4: Empty SMPTE 2094-40 data
03-14 17:05:57.196 9593 9657 E gralloc4: Empty SMPTE 2094-40 data
03-14 17:05:57.391 9593 9593 E RippleDrawable: The RippleDrawable.STYLE_PATTERNED animation is not supported for a non-hardware accelerated Canvas. Skipping animation.
03-14 17:05:57.394 9593 9657 E gralloc4: Empty SMPTE 2094-40 data
03-14 17:05:57.407 9593 9593 E RippleDrawable: The RippleDrawable.STYLE_PATTERNED animation is not supported for a non-hardware accelerated Canvas. Skipping animation.
03-14 17:05:57.409 9593 9657 E gralloc4: Empty SMPTE 2094-40 data
03-14 17:05:57.423 9593 9593 E RippleDrawable: The RippleDrawable.STYLE_PATTERNED animation is not supported for a non-hardware accelerated Canvas. Skipping animation.
03-14 17:05:57.426 9593 9657 E gralloc4: Empty SMPTE 2094-40 data
03-14 17:05:57.462 9593 9593 E ArmVmp : Match on catch block at 0xc3 in for 0x766bd9a025
03-14 17:05:57.464 9593 9593 E ArmVmp : Match on catch block at 0xc3 in for 0x766bd9a025
03-14 17:05:57.477 9593 9657 E gralloc4: Empty SMPTE 2094-40 data
03-14 17:05:57.496 9593 9593 E ArmVmp : Match on catch block at 0xc3 in for 0x766bd9a025
03-14 17:05:57.500 9593 9593 E ArmVmp : Match on catch block at 0xc3 in for 0x766bd9a025
03-14 17:05:57.510 9593 9657 E gralloc4: Empty SMPTE 2094-40 data
03-14 17:05:57.514 9593 9657 E gralloc4: Empty SMPTE 2094-40 data
03-14 17:05:57.555 9593 9593 E ArmVmp : Match on catch block at 0xc3 in for 0x766bd9a025
03-14 17:05:57.560 9593 9593 E ArmVmp : Match on catch block at 0xc3 in for 0x766bd9a025
03-14 17:05:57.569 9593 9593 W RemoteInputConnectionImpl: requestCursorAnchorInfo on inactive InputConnection
03-14 17:05:57.574 9593 9657 E gralloc4: Empty SMPTE 2094-40 data
03-14 17:05:57.579 9593 9645 E FileUtils: err open mi_exception_log errno=2
03-14 17:05:57.579 9593 9645 E FileUtils: err write to mi_exception_log
03-14 17:05:57.620 9593 9593 E ArmVmp : Match on catch block at 0xc3 in for 0x766bd9a025
03-14 17:05:57.627 9593 9593 E ArmVmp : Match on catch block at 0xc3 in for 0x766bd9a025
03-14 17:05:57.647 9593 9657 E gralloc4: Empty SMPTE 2094-40 data
03-14 17:05:57.648 9593 9593 E ImeBackDispatcher: Ime callback not found. Ignoring unregisterReceivedCallback. callbackId: 139627565
03-14 17:05:57.653 9593 9645 E FileUtils: err open mi_exception_log errno=2
03-14 17:05:57.654 9593 9645 E FileUtils: err write to mi_exception_log
03-14 17:05:57.707 9593 9593 E ArmVmp : Match on catch block at 0xc3 in for 0x766bd9a025
03-14 17:05:57.711 9593 9593 E ArmVmp : Match on catch block at 0xc3 in for 0x766bd9a025
03-14 17:05:57.719 9593 9593 E FileUtils: err write to mi_exception_log
03-14 17:05:57.729 9593 9657 E gralloc4: Empty SMPTE 2094-40 data
03-14 17:05:57.734 9593 9645 E FileUtils: err open mi_exception_log errno=2
03-14 17:05:57.734 9593 9645 E FileUtils: err write to mi_exception_log
03-14 17:05:57.771 9593 9593 E ArmVmp : Match on catch block at 0xc3 in for 0x766bd9a025
03-14 17:05:57.775 9593 9593 E ArmVmp : Match on catch block at 0xc3 in for 0x766bd9a025
03-14 17:05:57.782 9593 9593 E FileUtils: err write to mi_exception_log
03-14 17:05:57.786 9593 9657 E gralloc4: Empty SMPTE 2094-40 data
03-14 17:05:57.801 9593 9593 E ArmVmp : Match on catch block at 0xc3 in for 0x766bd9a025
03-14 17:05:57.804 9593 9593 E ArmVmp : Match on catch block at 0xc3 in for 0x766bd9a025
03-14 17:05:57.811 9593 9593 W OnBackInvokedCallback: OnBackInvokedCallback is not enabled for the application.
03-14 17:05:57.811 9593 9593 W OnBackInvokedCallback: Set 'android:enableOnBackInvokedCallback="true"' in the application manifest.
03-14 17:05:57.825 9593 9645 E FileUtils: err open mi_exception_log errno=2
03-14 17:05:57.825 9593 9645 E FileUtils: err write to mi_exception_log
03-14 17:05:57.838 9593 9657 E gralloc4: Empty SMPTE 2094-40 data
03-14 17:05:57.872 9593 9593 E ArmVmp : Match on catch block at 0xc3 in for 0x766bd9a025
03-14 17:05:57.876 9593 9593 E ArmVmp : Match on catch block at 0xc3 in for 0x766bd9a025
03-14 17:05:57.882 9593 9593 E FileUtils: err write to mi_exception_log
03-14 17:05:57.886 9593 9657 E gralloc4: Empty SMPTE 2094-40 data
03-14 17:05:57.900 9593 9593 E ArmVmp : Match on catch block at 0xc3 in for 0x766bd9a025
03-14 17:05:57.904 9593 9593 E ArmVmp : Match on catch block at 0xc3 in for 0x766bd9a025
03-14 17:05:57.916 9593 9657 E gralloc4: Empty SMPTE 2094-40 data
03-14 17:05:57.930 9593 9593 E ArmVmp : Match on catch block at 0xc3 in for 0x766bd9a025
03-14 17:05:57.934 9593 9593 E ArmVmp : Match on catch block at 0xc3 in for 0x766bd9a025
03-14 17:05:57.945 9593 9657 E gralloc4: Empty SMPTE 2094-40 data
03-14 17:05:57.946 9593 9593 E ArmVmp : Match on catch block at 0xc3 in for 0x766bd9a025
03-14 17:05:57.950 9593 9593 E ArmVmp : Match on catch block at 0xc3 in for 0x766bd9a025
03-14 17:05:57.959 9593 9657 E gralloc4: Empty SMPTE 2094-40 data
03-14 17:05:58.168 9593 9593 E ArmVmp : Match on catch block at 0xc3 in for 0x766bd9a025
03-14 17:05:58.171 9593 9593 E ArmVmp : Match on catch block at 0xc3 in for 0x766bd9a025
03-14 17:05:58.180 9593 9657 E gralloc4: Empty SMPTE 2094-40 data
03-14 17:05:58.537 9593 9593 E ArmVmp : Match on catch block at 0xc3 in for 0x766bd9a025
03-14 17:05:58.540 9593 9593 E ArmVmp : Match on catch block at 0xc3 in for 0x766bd9a025
03-14 17:05:58.554 9593 9657 E gralloc4: Empty SMPTE 2094-40 data
03-14 17:05:58.556 9593 9593 E ArmVmp : Match on catch block at 0xc3 in for 0x766bd9a025
03-14 17:05:58.556 9593 10878 W MediaPlayer: Use of stream types is deprecated for operations other than volume control
03-14 17:05:58.556 9593 10878 W MediaPlayer: See the documentation of setAudioStreamType() for what to use instead with android.media.AudioAttributes to qualify your playback use case
03-14 17:05:58.559 9593 9593 E ArmVmp : Match on catch block at 0xc3 in for 0x766bd9a025
03-14 17:05:58.568 9593 9657 E gralloc4: Empty SMPTE 2094-40 data
03-14 17:05:58.666 9593 9593 E ArmVmp : Match on catch block at 0xc3 in for 0x766bd9a025
03-14 17:05:58.673 9593 9593 E ArmVmp : Match on catch block at 0xc3 in for 0x766bd9a025
03-14 17:05:58.683 9593 9657 E gralloc4: Empty SMPTE 2094-40 data
03-14 17:05:58.720 9593 9593 E ArmVmp : Match on catch block at 0xc3 in for 0x766bd9a025
03-14 17:05:58.724 9593 9593 E ArmVmp : Match on catch block at 0xc3 in for 0x766bd9a025
03-14 17:05:58.733 9593 10878 W MediaPlayer: Use of stream types is deprecated for operations other than volume control
03-14 17:05:58.733 9593 10878 W MediaPlayer: See the documentation of setAudioStreamType() for what to use instead with android.media.AudioAttributes to qualify your playback use case
03-14 17:05:58.736 9593 9657 E gralloc4: Empty SMPTE 2094-40 data
03-14 17:05:58.742 9593 9593 E ArmVmp : Match on catch block at 0xc3 in for 0x766bd9a025
03-14 17:05:58.745 9593 9593 E ArmVmp : Match on catch block at 0xc3 in for 0x766bd9a025
03-14 17:05:58.753 9593 9657 E gralloc4: Empty SMPTE 2094-40 data
03-14 17:05:58.839 9593 9593 E ArmVmp : Match on catch block at 0xc3 in for 0x766bd9a025
03-14 17:05:58.843 9593 9593 E ArmVmp : Match on catch block at 0xc3 in for 0x766bd9a025
03-14 17:05:58.851 9593 9657 E gralloc4: Empty SMPTE 2094-40 data
03-14 17:05:58.859 9593 9593 E ArmVmp : Match on catch block at 0xc3 in for 0x766bd9a025
03-14 17:05:58.862 9593 9593 E ArmVmp : Match on catch block at 0xc3 in for 0x766bd9a025
03-14 17:05:58.871 9593 9657 E gralloc4: Empty SMPTE 2094-40 data
03-14 17:05:58.874 9593 9593 E ArmVmp : Match on catch block at 0xc3 in for 0x766bd9a025
03-14 17:05:58.877 9593 9593 E ArmVmp : Match on catch block at 0xc3 in for 0x766bd9a025
03-14 17:05:58.889 9593 9657 E gralloc4: Empty SMPTE 2094-40 data
03-14 17:05:58.919 9593 9593 E ArmVmp : Match on catch block at 0xc3 in for 0x766bd9a025
03-14 17:05:58.923 9593 9593 E ArmVmp : Match on catch block at 0xc3 in for 0x766bd9a025
03-14 17:05:58.930 9593 10878 W MediaPlayer: Use of stream types is deprecated for operations other than volume control
03-14 17:05:58.930 9593 10878 W MediaPlayer: See the documentation of setAudioStreamType() for what to use instead with android.media.AudioAttributes to qualify your playback use case
03-14 17:05:58.936 9593 9657 E gralloc4: Empty SMPTE 2094-40 data
03-14 17:05:58.949 9593 9593 E ArmVmp : Match on catch block at 0xc3 in for 0x766bd9a025
03-14 17:05:58.953 9593 9593 E ArmVmp : Match on catch block at 0xc3 in for 0x766bd9a025
03-14 17:05:58.962 9593 9593 E ArmVmp : Match on catch block at 0xc3 in for 0x766bd9a025
03-14 17:05:58.964 9593 9657 E gralloc4: Empty SMPTE 2094-40 data
03-14 17:05:58.966 9593 9593 E ArmVmp : Match on catch block at 0xc3 in for 0x766bd9a025
03-14 17:05:58.973 9593 9657 E gralloc4: Empty SMPTE 2094-40 data
03-14 17:05:59.094 9593 9593 E ArmVmp : Match on catch block at 0xc3 in for 0x766bd9a025
03-14 17:05:59.098 9593 9593 E ArmVmp : Match on catch block at 0xc3 in for 0x766bd9a025
03-14 17:05:59.108 9593 9657 E gralloc4: Empty SMPTE 2094-40 data
03-14 17:05:59.126 9593 9593 E ArmVmp : Match on catch block at 0xc3 in for 0x766bd9a025
03-14 17:05:59.129 9593 9593 E ArmVmp : Match on catch block at 0xc3 in for 0x766bd9a025
03-14 17:05:59.137 9593 9657 E gralloc4: Empty SMPTE 2094-40 data
03-14 17:05:59.159 9593 9593 E ArmVmp : Match on catch block at 0xc3 in for 0x766bd9a025
03-14 17:05:59.165 9593 9593 E ArmVmp : Match on catch block at 0xc3 in for 0x766bd9a025
03-14 17:05:59.174 9593 10878 W MediaPlayer: Use of stream types is deprecated for operations other than volume control
03-14 17:05:59.174 9593 10878 W MediaPlayer: See the documentation of setAudioStreamType() for what to use instead with android.media.AudioAttributes to qualify your playback use case
03-14 17:05:59.178 9593 9593 E ArmVmp : Match on catch block at 0xc3 in for 0x766bd9a025
03-14 17:05:59.178 9593 9657 E gralloc4: Empty SMPTE 2094-40 data
03-14 17:05:59.181 9593 9593 E ArmVmp : Match on catch block at 0xc3 in for 0x766bd9a025
03-14 17:05:59.189 9593 9657 E gralloc4: Empty SMPTE 2094-40 data
03-14 17:05:59.190 9593 9593 E ArmVmp : Match on catch block at 0xc3 in for 0x766bd9a025
03-14 17:05:59.194 9593 9593 E ArmVmp : Match on catch block at 0xc3 in for 0x766bd9a025
03-14 17:05:59.202 9593 9657 E gralloc4: Empty SMPTE 2094-40 data
03-14 17:05:59.696 9593 9593 E ArmVmp : Match on catch block at 0xc3 in for 0x766bd9a025
03-14 17:05:59.699 9593 9593 E ArmVmp : Match on catch block at 0xc3 in for 0x766bd9a025
03-14 17:05:59.708 9593 9657 E gralloc4: Empty SMPTE 2094-40 data
03-14 17:05:59.718 9593 9593 E ArmVmp : Match on catch block at 0xc3 in for 0x766bd9a025
03-14 17:05:59.721 9593 9593 E ArmVmp : Match on catch block at 0xc3 in for 0x766bd9a025
03-14 17:05:59.730 9593 9657 E gralloc4: Empty SMPTE 2094-40 data
03-14 17:05:59.735 9593 9593 E ArmVmp : Match on catch block at 0xc3 in for 0x766bd9a025
03-14 17:05:59.740 9593 9593 E ArmVmp : Match on catch block at 0xc3 in for 0x766bd9a025
03-14 17:05:59.749 9593 9657 E gralloc4: Empty SMPTE 2094-40 data
03-14 17:05:59.763 9593 9593 E ArmVmp : Match on catch block at 0xc3 in for 0x766bd9a025
03-14 17:05:59.765 9593 9593 E ArmVmp : Match on catch block at 0xc3 in for 0x766bd9a025
03-14 17:05:59.771 9593 9657 E gralloc4: Empty SMPTE 2094-40 data
03-14 17:05:59.771 9593 10878 W MediaPlayer: Use of stream types is deprecated for operations other than volume control
03-14 17:05:59.771 9593 10878 W MediaPlayer: See the documentation of setAudioStreamType() for what to use instead with android.media.AudioAttributes to qualify your playback use case
03-14 17:05:59.772 9593 9593 E ArmVmp : Match on catch block at 0xc3 in for 0x766bd9a025
03-14 17:05:59.775 9593 9593 E ArmVmp : Match on catch block at 0xc3 in for 0x766bd9a025
03-14 17:05:59.780 9593 9657 E gralloc4: Empty SMPTE 2094-40 data
03-14 17:05:59.844 9593 9593 E ArmVmp : Match on catch block at 0xc3 in for 0x766bd9a025
03-14 17:05:59.846 9593 9593 E ArmVmp : Match on catch block at 0xc3 in for 0x766bd9a025
03-14 17:05:59.852 9593 9657 E gralloc4: Empty SMPTE 2094-40 data
03-14 17:05:59.861 9593 9593 E ArmVmp : Match on catch block at 0xc3 in for 0x766bd9a025
03-14 17:05:59.862 9593 9593 E ArmVmp : Match on catch block at 0xc3 in for 0x766bd9a025
03-14 17:05:59.867 9593 9657 E gralloc4: Empty SMPTE 2094-40 data
03-14 17:05:59.883 9593 9657 E gralloc4: Empty SMPTE 2094-40 data
03-14 17:05:59.900 9593 9657 E gralloc4: Empty SMPTE 2094-40 data
03-14 17:05:59.903 9593 9593 E BinderMonitor: err open binder_delay errno=2
03-14 17:05:59.903 9593 9593 E FileUtils: err write to mi_exception_log
03-14 17:05:59.905 9593 9593 E ArmVmp : Match on catch block at 0xc3 in for 0x766bd9a025
03-14 17:05:59.907 9593 9593 E ArmVmp : Match on catch block at 0xc3 in for 0x766bd9a025
03-14 17:05:59.916 9593 9657 E gralloc4: Empty SMPTE 2094-40 data
03-14 17:05:59.932 9593 9657 E gralloc4: Empty SMPTE 2094-40 data
03-14 17:05:59.951 9593 9657 E gralloc4: Empty SMPTE 2094-40 data
03-14 17:05:59.965 9593 9657 E gralloc4: Empty SMPTE 2094-40 data
03-14 17:05:59.982 9593 9657 E gralloc4: Empty SMPTE 2094-40 data
03-14 17:05:59.999 9593 9657 E gralloc4: Empty SMPTE 2094-40 data
03-14 17:06:00.015 9593 9657 E gralloc4: Empty SMPTE 2094-40 data
03-14 17:06:00.032 9593 9657 E gralloc4: Empty SMPTE 2094-40 data
03-14 17:06:00.043 9593 9657 E gralloc4: Empty SMPTE 2094-40 data
03-14 17:06:00.045 9593 9593 E ArmVmp : Match on catch block at 0xc3 in for 0x766bd9a025
03-14 17:06:00.050 9593 9593 E ArmVmp : Match on catch block at 0xc3 in for 0x766bd9a025
03-14 17:06:00.054 9593 9593 E FileUtils: err write to mi_exception_log
03-14 17:06:00.058 9593 9657 E gralloc4: Empty SMPTE 2094-40 data
03-14 17:06:00.058 9593 9593 E ArmVmp : Match on catch block at 0xc3 in for 0x766bd9a025
03-14 17:06:00.061 9593 9593 E ArmVmp : Match on catch block at 0xc3 in for 0x766bd9a025
03-14 17:06:00.084 9593 9657 E gralloc4: Empty SMPTE 2094-40 data
03-14 17:06:00.099 9593 9657 E gralloc4: Empty SMPTE 2094-40 data
03-14 17:06:00.111 9593 9657 E gralloc4: Empty SMPTE 2094-40 data
03-14 17:06:00.117 9593 9657 E gralloc4: Empty SMPTE 2094-40 data
03-14 17:06:00.128 9593 9593 E ArmVmp : Match on catch block at 0xc3 in for 0x766bd9a025
03-14 17:06:00.131 9593 9593 E ArmVmp : Match on catch block at 0xc3 in for 0x766bd9a025
03-14 17:06:00.134 9593 9657 E gralloc4: Empty SMPTE 2094-40 data
03-14 17:06:00.137 9593 9593 W OnBackInvokedCallback: OnBackInvokedCallback is not enabled for the application.
03-14 17:06:00.137 9593 9593 W OnBackInvokedCallback: Set 'android:enableOnBackInvokedCallback="true"' in the application manifest.
03-14 17:06:00.140 9593 9657 E gralloc4: Empty SMPTE 2094-40 data
03-14 17:06:00.152 9593 9593 E ArmVmp : Match on catch block at 0xc3 in for 0x766bd9a025
03-14 17:06:00.154 9593 9593 E ArmVmp : Match on catch block at 0xc3 in for 0x766bd9a025
03-14 17:06:00.157 9593 9657 E gralloc4: Empty SMPTE 2094-40 data
03-14 17:06:00.158 9593 9593 W RemoteInputConnectionImpl: requestCursorAnchorInfo on inactive InputConnection
03-14 17:06:00.165 9593 9657 E gralloc4: Empty SMPTE 2094-40 data
03-14 17:06:00.174 9593 9657 E gralloc4: Empty SMPTE 2094-40 data
03-14 17:06:00.182 9593 9593 E ArmVmp : Match on catch block at 0xc3 in for 0x766bd9a025
03-14 17:06:00.184 9593 9657 E gralloc4: Empty SMPTE 2094-40 data
03-14 17:06:00.187 9593 9593 E ArmVmp : Match on catch block at 0xc3 in for 0x766bd9a025
03-14 17:06:00.201 9593 9657 E gralloc4: Empty SMPTE 2094-40 data
03-14 17:06:00.206 9593 9593 E ArmVmp : Match on catch block at 0xc3 in for 0x766bd9a025
03-14 17:06:00.208 9593 9593 E ArmVmp : Match on catch block at 0xc3 in for 0x766bd9a025
03-14 17:06:00.216 9593 9657 E gralloc4: Empty SMPTE 2094-40 data
03-14 17:06:00.220 9593 9657 E gralloc4: Empty SMPTE 2094-40 data
03-14 17:06:00.232 9593 9657 E gralloc4: Empty SMPTE 2094-40 data
03-14 17:06:00.235 9593 9657 E gralloc4: Empty SMPTE 2094-40 data
03-14 17:06:00.248 9593 9657 E gralloc4: Empty SMPTE 2094-40 data
03-14 17:06:00.253 9593 9657 E gralloc4: Empty SMPTE 2094-40 data
03-14 17:06:00.262 9593 9657 E gralloc4: Empty SMPTE 2094-40 data
03-14 17:06:00.266 9593 9657 E gralloc4: Empty SMPTE 2094-40 data
03-14 17:06:00.279 9593 9657 E gralloc4: Empty SMPTE 2094-40 data
03-14 17:06:00.282 9593 9657 E gralloc4: Empty SMPTE 2094-40 data
03-14 17:06:00.295 9593 9657 E gralloc4: Empty SMPTE 2094-40 data
03-14 17:06:00.299 9593 9657 E gralloc4: Empty SMPTE 2094-40 data
03-14 17:06:00.312 9593 9657 E gralloc4: Empty SMPTE 2094-40 data
03-14 17:06:00.315 9593 9657 E gralloc4: Empty SMPTE 2094-40 data
03-14 17:06:00.327 9593 9593 E ArmVmp : Match on catch block at 0xc3 in for 0x766bd9a025
03-14 17:06:00.329 9593 9657 E gralloc4: Empty SMPTE 2094-40 data
03-14 17:06:00.330 9593 9593 E ArmVmp : Match on catch block at 0xc3 in for 0x766bd9a025
03-14 17:06:00.332 9593 9657 E gralloc4: Empty SMPTE 2094-40 data
03-14 17:06:00.348 9593 9657 E gralloc4: Empty SMPTE 2094-40 data
03-14 17:06:00.352 9593 9657 E gralloc4: Empty SMPTE 2094-40 data
03-14 17:06:00.362 9593 9657 E gralloc4: Empty SMPTE 2094-40 data
03-14 17:06:00.365 9593 9657 E gralloc4: Empty SMPTE 2094-40 data
03-14 17:06:00.381 9593 9657 E gralloc4: Empty SMPTE 2094-40 data
03-14 17:06:00.386 9593 9657 E gralloc4: Empty SMPTE 2094-40 data
03-14 17:06:00.396 9593 9657 E gralloc4: Empty SMPTE 2094-40 data
03-14 17:06:00.400 9593 9657 E gralloc4: Empty SMPTE 2094-40 data
03-14 17:06:00.412 9593 9657 E gralloc4: Empty SMPTE 2094-40 data
03-14 17:06:00.415 9593 9657 E gralloc4: Empty SMPTE 2094-40 data
03-14 17:06:00.429 9593 9657 E gralloc4: Empty SMPTE 2094-40 data
03-14 17:06:00.436 9593 9657 E gralloc4: Empty SMPTE 2094-40 data
03-14 17:06:00.450 9593 9657 E gralloc4: Empty SMPTE 2094-40 data
03-14 17:06:00.465 9593 9657 E gralloc4: Empty SMPTE 2094-40 data
03-14 17:06:00.482 9593 9657 E gralloc4: Empty SMPTE 2094-40 data
03-14 17:06:00.499 9593 9657 E gralloc4: Empty SMPTE 2094-40 data
03-14 17:06:00.515 9593 9657 E gralloc4: Empty SMPTE 2094-40 data
03-14 17:06:00.531 9593 9657 E gralloc4: Empty SMPTE 2094-40 data
03-14 17:06:00.549 9593 9657 E gralloc4: Empty SMPTE 2094-40 data
03-14 17:06:00.565 9593 9657 E gralloc4: Empty SMPTE 2094-40 data
03-14 17:06:00.583 9593 9657 E gralloc4: Empty SMPTE 2094-40 data
03-14 17:06:00.601 9593 9657 E gralloc4: Empty SMPTE 2094-40 data
03-14 17:06:00.618 9593 9593 E ArmVmp : Match on catch block at 0xc3 in for 0x766bd9a025
03-14 17:06:00.622 9593 9593 E ArmVmp : Match on catch block at 0xc3 in for 0x766bd9a025
03-14 17:06:01.499 9593 9657 E gralloc4: Empty SMPTE 2094-40 data
03-14 17:06:01.513 9593 9657 E gralloc4: Empty SMPTE 2094-40 data
03-14 17:06:01.522 9593 9593 W Choreographer: Frame time is 0.063795 now = 2615844332696146 timestampNanos = 2615844332759941 ms in the future! Check that graphics HAL is generating vsync timestamps using the correct timebase.
03-14 17:06:01.535 9593 9657 E gralloc4: Empty SMPTE 2094-40 data
03-14 17:06:01.560 9593 9657 E gralloc4: Empty SMPTE 2094-40 data
03-14 17:06:01.611 9593 9657 E gralloc4: Empty SMPTE 2094-40 data
03-14 17:06:01.644 9593 9657 E gralloc4: Empty SMPTE 2094-40 data
03-14 17:06:01.681 9593 9657 E gralloc4: Empty SMPTE 2094-40 data
03-14 17:06:01.737 9593 9657 E gralloc4: Empty SMPTE 2094-40 data
03-14 17:06:01.753 9593 9657 E gralloc4: Empty SMPTE 2094-40 data
03-14 17:06:01.833 9593 9657 E gralloc4: Empty SMPTE 2094-40 data
03-14 17:06:01.889 9593 9657 E gralloc4: Empty SMPTE 2094-40 data
03-14 17:06:01.987 9593 9657 E gralloc4: Empty SMPTE 2094-40 data
03-14 17:06:02.079 9593 9657 E gralloc4: Empty SMPTE 2094-40 data
03-14 17:06:02.184 9593 9657 E gralloc4: Empty SMPTE 2094-40 data
03-14 17:06:02.267 9593 9657 E gralloc4: Empty SMPTE 2094-40 data
03-14 17:06:02.327 9593 9657 E gralloc4: Empty SMPTE 2094-40 data
03-14 17:06:02.417 9593 9657 E gralloc4: Empty SMPTE 2094-40 data
03-14 17:06:02.489 9593 9657 E gralloc4: Empty SMPTE 2094-40 data
03-14 17:06:02.498 9593 9657 E gralloc4: Empty SMPTE 2094-40 data
03-14 17:06:02.499 9593 9657 W Parcel : Expecting binder but got null!
03-14 17:06:02.517 9593 9657 E gralloc4: Empty SMPTE 2094-40 data
03-14 17:06:02.523 9593 9657 E gralloc4: Empty SMPTE 2094-40 data
03-14 17:06:02.570 9593 9657 E gralloc4: Empty SMPTE 2094-40 data
03-14 17:06:02.579 9593 9657 E gralloc4: Empty SMPTE 2094-40 data
03-14 17:06:02.605 9593 9657 E gralloc4: Empty SMPTE 2094-40 data
03-14 17:06:02.622 9593 9657 E gralloc4: Empty SMPTE 2094-40 data
03-14 17:06:02.625 9593 9657 E gralloc4: Empty SMPTE 2094-40 data
03-14 17:06:02.629 9593 9657 E gralloc4: Empty SMPTE 2094-40 data
03-14 17:06:02.636 9593 9657 E gralloc4: Empty SMPTE 2094-40 data
03-14 17:06:02.662 9593 9657 E gralloc4: Empty SMPTE 2094-40 data
03-14 17:06:02.664 9593 9657 E gralloc4: Empty SMPTE 2094-40 data
03-14 17:06:02.671 9593 9657 E gralloc4: Empty SMPTE 2094-40 data
03-14 17:06:02.675 9593 9657 E gralloc4: Empty SMPTE 2094-40 data
03-14 17:06:02.714 9593 9657 E gralloc4: Empty SMPTE 2094-40 data
03-14 17:06:02.715 9593 9657 E gralloc4: Empty SMPTE 2094-40 data
03-14 17:06:02.721 9593 9657 E gralloc4: Empty SMPTE 2094-40 data
03-14 17:06:02.723 9593 9657 E gralloc4: Empty SMPTE 2094-40 data
03-14 17:06:02.726 9593 9657 E gralloc4: Empty SMPTE 2094-40 data
03-14 17:06:02.734 9593 9657 E gralloc4: Empty SMPTE 2094-40 data
03-14 17:06:02.742 9593 9657 E gralloc4: Empty SMPTE 2094-40 data
03-14 17:06:02.751 9593 9657 E gralloc4: Empty SMPTE 2094-40 data
03-14 17:06:02.755 9593 9657 E gralloc4: Empty SMPTE 2094-40 data
03-14 17:06:02.767 9593 9657 E gralloc4: Empty SMPTE 2094-40 data
03-14 17:06:02.771 9593 9657 E gralloc4: Empty SMPTE 2094-40 data
03-14 17:06:02.784 9593 9657 E gralloc4: Empty SMPTE 2094-40 data
03-14 17:06:02.788 9593 9657 E gralloc4: Empty SMPTE 2094-40 data
03-14 17:06:02.801 9593 9657 E gralloc4: Empty SMPTE 2094-40 data
03-14 17:06:02.805 9593 9657 E gralloc4: Empty SMPTE 2094-40 data
03-14 17:06:02.818 9593 9657 E gralloc4: Empty SMPTE 2094-40 data
03-14 17:06:02.825 9593 9657 E gralloc4: Empty SMPTE 2094-40 data
03-14 17:06:02.834 9593 9657 E gralloc4: Empty SMPTE 2094-40 data
03-14 17:06:02.838 9593 9657 E gralloc4: Empty SMPTE 2094-40 data
03-14 17:06:02.850 9593 9657 E gralloc4: Empty SMPTE 2094-40 data
03-14 17:06:02.855 9593 9657 E gralloc4: Empty SMPTE 2094-40 data
03-14 17:06:02.867 9593 9657 E gralloc4: Empty SMPTE 2094-40 data
03-14 17:06:02.871 9593 9657 E gralloc4: Empty SMPTE 2094-40 data
03-14 17:06:02.884 9593 9657 E gralloc4: Empty SMPTE 2094-40 data
03-14 17:06:02.888 9593 9657 E gralloc4: Empty SMPTE 2094-40 data
03-14 17:06:02.901 9593 9657 E gralloc4: Empty SMPTE 2094-40 data
03-14 17:06:02.908 9593 9657 E gralloc4: Empty SMPTE 2094-40 data
03-14 17:06:02.917 9593 9657 E gralloc4: Empty SMPTE 2094-40 data
03-14 17:06:02.920 9593 9657 E gralloc4: Empty SMPTE 2094-40 data
03-14 17:06:02.933 9593 9657 E gralloc4: Empty SMPTE 2094-40 data
03-14 17:06:02.937 9593 9657 E gralloc4: Empty SMPTE 2094-40 data
03-14 17:06:02.950 9593 9657 E gralloc4: Empty SMPTE 2094-40 data
03-14 17:06:02.955 9593 9657 E gralloc4: Empty SMPTE 2094-40 data
03-14 17:06:02.967 9593 9657 E gralloc4: Empty SMPTE 2094-40 data
03-14 17:06:02.970 9593 9657 E gralloc4: Empty SMPTE 2094-40 data
03-14 17:06:02.983 9593 9657 E gralloc4: Empty SMPTE 2094-40 data
03-14 17:06:02.987 9593 9657 E gralloc4: Empty SMPTE 2094-40 data
03-14 17:06:03.000 9593 9657 E gralloc4: Empty SMPTE 2094-40 data
03-14 17:06:03.003 9593 9657 E gralloc4: Empty SMPTE 2094-40 data
03-14 17:06:03.017 9593 9657 E gralloc4: Empty SMPTE 2094-40 data
03-14 17:06:03.020 9593 9657 E gralloc4: Empty SMPTE 2094-40 data
03-14 17:06:03.051 9593 9657 E gralloc4: Empty SMPTE 2094-40 data
03-14 17:06:03.105 9593 9657 E gralloc4: Empty SMPTE 2094-40 data
03-14 17:06:03.124 9593 9657 E gralloc4: Empty SMPTE 2094-40 data
03-14 17:06:03.140 9593 9657 E gralloc4: Empty SMPTE 2094-40 data
03-14 17:06:03.156 9593 9657 E gralloc4: Empty SMPTE 2094-40 data
03-14 17:06:03.174 9593 9657 E gralloc4: Empty SMPTE 2094-40 data
03-14 17:06:03.190 9593 9657 E gralloc4: Empty SMPTE 2094-40 data
03-14 17:06:03.206 9593 9657 E gralloc4: Empty SMPTE 2094-40 data
03-14 17:06:03.210 9593 9657 E gralloc4: Empty SMPTE 2094-40 data
03-14 17:06:03.221 9593 9657 E gralloc4: Empty SMPTE 2094-40 data
03-14 17:06:03.226 9593 9657 E gralloc4: Empty SMPTE 2094-40 data
03-14 17:06:03.237 9593 9657 E gralloc4: Empty SMPTE 2094-40 data
03-14 17:06:03.241 9593 9657 E gralloc4: Empty SMPTE 2094-40 data
03-14 17:06:03.254 9593 9657 E gralloc4: Empty SMPTE 2094-40 data
03-14 17:06:03.258 9593 9657 E gralloc4: Empty SMPTE 2094-40 data
03-14 17:06:03.271 9593 9657 E gralloc4: Empty SMPTE 2094-40 data
03-14 17:06:03.274 9593 9657 E gralloc4: Empty SMPTE 2094-40 data
03-14 17:06:03.288 9593 9657 E gralloc4: Empty SMPTE 2094-40 data
03-14 17:06:03.291 9593 9657 E gralloc4: Empty SMPTE 2094-40 data
03-14 17:06:03.304 9593 9657 E gralloc4: Empty SMPTE 2094-40 data
03-14 17:06:03.308 9593 9657 E gralloc4: Empty SMPTE 2094-40 data
03-14 17:06:03.321 9593 9657 E gralloc4: Empty SMPTE 2094-40 data
03-14 17:06:03.324 9593 9657 E gralloc4: Empty SMPTE 2094-40 data
03-14 17:06:03.337 9593 9657 E gralloc4: Empty SMPTE 2094-40 data
03-14 17:06:03.341 9593 9657 E gralloc4: Empty SMPTE 2094-40 data
03-14 17:06:03.354 9593 9657 E gralloc4: Empty SMPTE 2094-40 data
03-14 17:06:03.357 9593 9657 E gralloc4: Empty SMPTE 2094-40 data
03-14 17:06:03.371 9593 9657 E gralloc4: Empty SMPTE 2094-40 data
03-14 17:06:03.374 9593 9657 E gralloc4: Empty SMPTE 2094-40 data
03-14 17:06:03.389 9593 9657 E gralloc4: Empty SMPTE 2094-40 data
03-14 17:06:03.392 9593 9657 E gralloc4: Empty SMPTE 2094-40 data
03-14 17:06:03.404 9593 9657 E gralloc4: Empty SMPTE 2094-40 data
03-14 17:06:03.407 9593 9657 E gralloc4: Empty SMPTE 2094-40 data
03-14 17:06:03.416 9593 9657 E gralloc4: Empty SMPTE 2094-40 data
03-14 17:06:03.419 9593 9657 E gralloc4: Empty SMPTE 2094-40 data
03-14 17:06:03.433 9593 9657 E gralloc4: Empty SMPTE 2094-40 data
03-14 17:06:03.450 9593 9657 E gralloc4: Empty SMPTE 2094-40 data
03-14 17:06:03.467 9593 9657 E gralloc4: Empty SMPTE 2094-40 data
03-14 17:06:03.734 9593 9657 E gralloc4: Empty SMPTE 2094-40 data
03-14 17:06:03.971 9593 9657 E gralloc4: Empty SMPTE 2094-40 data
03-14 17:06:04.086 9593 9657 E gralloc4: Empty SMPTE 2094-40 data
03-14 17:06:04.148 9593 9657 E gralloc4: Empty SMPTE 2094-40 data
03-14 17:06:04.278 9593 9657 E gralloc4: Empty SMPTE 2094-40 data
03-14 17:06:04.387 9593 9657 E gralloc4: Empty SMPTE 2094-40 data
03-14 17:06:04.401 9593 9657 E gralloc4: Empty SMPTE 2094-40 data
03-14 17:06:04.464 9593 9657 E gralloc4: Empty SMPTE 2094-40 data
03-14 17:06:04.476 9593 9657 E gralloc4: Empty SMPTE 2094-40 data
03-14 17:06:04.477 9593 9657 W Parcel : Expecting binder but got null!
03-14 17:06:04.477 9593 9593 E FileUtils: err write to mi_exception_log
03-14 17:06:04.484 9593 9657 E gralloc4: Empty SMPTE 2094-40 data
03-14 17:06:04.490 9593 9657 E gralloc4: Empty SMPTE 2094-40 data
03-14 17:06:04.497 9593 9657 E gralloc4: Empty SMPTE 2094-40 data
03-14 17:06:04.545 9593 9657 E gralloc4: Empty SMPTE 2094-40 data
03-14 17:06:04.550 9593 9657 E gralloc4: Empty SMPTE 2094-40 data
03-14 17:06:04.559 9593 9657 E gralloc4: Empty SMPTE 2094-40 data
03-14 17:06:04.582 9593 9657 E gralloc4: Empty SMPTE 2094-40 data
03-14 17:06:04.611 9593 9657 E gralloc4: Empty SMPTE 2094-40 data
03-14 17:06:04.613 9593 9657 E gralloc4: Empty SMPTE 2094-40 data
03-14 17:06:04.624 9593 9657 E gralloc4: Empty SMPTE 2094-40 data
03-14 17:06:04.636 9593 9657 E gralloc4: Empty SMPTE 2094-40 data
03-14 17:06:04.666 9593 9657 E gralloc4: Empty SMPTE 2094-40 data
03-14 17:06:04.668 9593 9657 E gralloc4: Empty SMPTE 2094-40 data
03-14 17:06:04.678 9593 9657 E gralloc4: Empty SMPTE 2094-40 data
03-14 17:06:04.683 9593 9657 E gralloc4: Empty SMPTE 2094-40 data
03-14 17:06:04.752 9593 9593 E FileUtils: err write to mi_exception_log
03-14 17:06:04.756 9593 9657 E gralloc4: Empty SMPTE 2094-40 data
03-14 17:06:04.759 9593 9657 E gralloc4: Empty SMPTE 2094-40 data
03-14 17:06:04.766 9593 9657 E gralloc4: Empty SMPTE 2094-40 data
03-14 17:06:04.773 9593 9657 E gralloc4: Empty SMPTE 2094-40 data
03-14 17:06:04.814 9593 9657 E gralloc4: Empty SMPTE 2094-40 data
03-14 17:06:04.817 9593 9657 E gralloc4: Empty SMPTE 2094-40 data
03-14 17:06:04.822 9593 9657 E gralloc4: Empty SMPTE 2094-40 data
03-14 17:06:04.828 9593 9657 E gralloc4: Empty SMPTE 2094-40 data
03-14 17:06:04.870 9593 9657 E gralloc4: Empty SMPTE 2094-40 data
03-14 17:06:04.873 9593 9657 E gralloc4: Empty SMPTE 2094-40 data
03-14 17:06:04.884 9593 9657 E gralloc4: Empty SMPTE 2094-40 data
03-14 17:06:04.886 9593 9657 E gralloc4: Empty SMPTE 2094-40 data
03-14 17:06:04.920 9593 9657 E gralloc4: Empty SMPTE 2094-40 data
03-14 17:06:04.925 9593 9657 E gralloc4: Empty SMPTE 2094-40 data
03-14 17:06:04.935 9593 9657 E gralloc4: Empty SMPTE 2094-40 data
03-14 17:06:04.937 9593 9657 E gralloc4: Empty SMPTE 2094-40 data
03-14 17:06:04.973 9593 9657 E gralloc4: Empty SMPTE 2094-40 data
03-14 17:06:04.977 9593 9657 E gralloc4: Empty SMPTE 2094-40 data
03-14 17:06:04.986 9593 9657 E gralloc4: Empty SMPTE 2094-40 data
03-14 17:06:04.990 9593 9657 E gralloc4: Empty SMPTE 2094-40 data
03-14 17:06:04.997 9593 9657 E gralloc4: Empty SMPTE 2094-40 data
03-14 17:06:05.040 9593 9657 E gralloc4: Empty SMPTE 2094-40 data
03-14 17:06:05.054 9593 9657 E gralloc4: Empty SMPTE 2094-40 data
03-14 17:06:05.073 9593 9657 E gralloc4: Empty SMPTE 2094-40 data
03-14 17:06:05.088 9593 9657 E gralloc4: Empty SMPTE 2094-40 data
03-14 17:06:05.125 9593 9593 E FileUtils: err write to mi_exception_log
03-14 17:06:05.133 9593 9657 E gralloc4: Empty SMPTE 2094-40 data
03-14 17:06:05.139 9593 9657 E gralloc4: Empty SMPTE 2094-40 data
03-14 17:06:05.150 9593 9657 E gralloc4: Empty SMPTE 2094-40 data
03-14 17:06:05.160 9593 9657 E gralloc4: Empty SMPTE 2094-40 data
03-14 17:06:05.190 9593 9657 E gralloc4: Empty SMPTE 2094-40 data
03-14 17:06:05.208 9593 9657 E gralloc4: Empty SMPTE 2094-40 data
03-14 17:06:05.218 9593 9657 E gralloc4: Empty SMPTE 2094-40 data
03-14 17:06:05.229 9593 9657 E gralloc4: Empty SMPTE 2094-40 data
03-14 17:06:05.241 9593 9657 E gralloc4: Empty SMPTE 2094-40 data
03-14 17:06:05.253 9593 9657 E gralloc4: Empty SMPTE 2094-40 data
03-14 17:06:05.284 9593 9657 E gralloc4: Empty SMPTE 2094-40 data
03-14 17:06:05.298 9593 9657 E gralloc4: Empty SMPTE 2094-40 data
03-14 17:06:05.306 9593 9657 E gralloc4: Empty SMPTE 2094-40 data
03-14 17:06:05.320 9593 9657 E gralloc4: Empty SMPTE 2094-40 data
03-14 17:06:05.357 9593 9657 E gralloc4: Empty SMPTE 2094-40 data
03-14 17:06:05.387 9593 9657 E gralloc4: Empty SMPTE 2094-40 data
03-14 17:06:05.392 9593 9657 E gralloc4: Empty SMPTE 2094-40 data
03-14 17:06:05.415 9593 9657 E gralloc4: Empty SMPTE 2094-40 data
03-14 17:06:05.451 9593 9657 E gralloc4: Empty SMPTE 2094-40 data
03-14 17:06:05.496 9593 9657 E gralloc4: Empty SMPTE 2094-40 data
03-14 17:06:05.507 9593 9657 E gralloc4: Empty SMPTE 2094-40 data
03-14 17:06:05.540 9593 9657 E gralloc4: Empty SMPTE 2094-40 data
03-14 17:06:05.604 9593 9657 E gralloc4: Empty SMPTE 2094-40 data
03-14 17:06:05.639 9593 9657 E gralloc4: Empty SMPTE 2094-40 data
03-14 17:06:05.720 9593 9657 E gralloc4: Empty SMPTE 2094-40 data
03-14 17:06:05.746 9593 9657 E gralloc4: Empty SMPTE 2094-40 data
03-14 17:06:05.764 9593 9657 E gralloc4: Empty SMPTE 2094-40 data
03-14 17:06:05.803 9593 9657 E gralloc4: Empty SMPTE 2094-40 data
03-14 17:06:05.844 9593 9657 E gralloc4: Empty SMPTE 2094-40 data
03-14 17:06:05.889 9593 9657 E gralloc4: Empty SMPTE 2094-40 data
03-14 17:06:05.922 9593 9657 E gralloc4: Empty SMPTE 2094-40 data
03-14 17:06:05.972 9593 9657 E gralloc4: Empty SMPTE 2094-40 data
03-14 17:06:06.054 9593 9657 E gralloc4: Empty SMPTE 2094-40 data
03-14 17:06:06.080 9593 9657 E gralloc4: Empty SMPTE 2094-40 data
03-14 17:06:06.140 9593 9657 E gralloc4: Empty SMPTE 2094-40 data
03-14 17:06:06.147 9593 9657 E gralloc4: Empty SMPTE 2094-40 data
03-14 17:06:06.160 9593 9657 E gralloc4: Empty SMPTE 2094-40 data
03-14 17:06:06.180 9593 9657 E gralloc4: Empty SMPTE 2094-40 data
03-14 17:06:06.234 9593 9657 E gralloc4: Empty SMPTE 2094-40 data
03-14 17:06:06.264 9593 9657 E gralloc4: Empty SMPTE 2094-40 data
03-14 17:06:06.271 9593 9657 E gralloc4: Empty SMPTE 2094-40 data
03-14 17:06:06.277 9593 9657 E gralloc4: Empty SMPTE 2094-40 data
03-14 17:06:06.293 9593 9657 E gralloc4: Empty SMPTE 2094-40 data
03-14 17:06:06.310 9593 9657 E gralloc4: Empty SMPTE 2094-40 data
03-14 17:06:06.355 9593 9657 E gralloc4: Empty SMPTE 2094-40 data
03-14 17:06:06.363 9593 9657 E gralloc4: Empty SMPTE 2094-40 data
03-14 17:06:06.411 9593 9657 E gralloc4: Empty SMPTE 2094-40 data
03-14 17:06:06.446 9593 9657 E gralloc4: Empty SMPTE 2094-40 data
03-14 17:06:06.456 9593 9657 E gralloc4: Empty SMPTE 2094-40 data
