The document contains log output from an Android application. It reports errors loading a class, loading a library, and finding a string resource. This indicates the application failed to launch properly due to these issues.
The document contains log output from an Android application. It reports errors loading a class, loading a library, and finding a string resource. This indicates the application failed to launch properly due to these issues.
The document contains log output from an Android application. It reports errors loading a class, loading a library, and finding a string resource. This indicates the application failed to launch properly due to these issues.
The document contains log output from an Android application. It reports errors loading a class, loading a library, and finding a string resource. This indicates the application failed to launch properly due to these issues.
Download as TXT, PDF, TXT or read online from Scribd
Download as txt, pdf, or txt
You are on page 1of 6197
--------- beginning of main
03-14 17:03:11.987 7079 7079 E com.mbwhatsapp: Not starting debugger since
process cannot load the jdwp agent.
03-14 17:03:12.193 7079 7079 W System.err: java.lang.ClassNotFoundException: mbmodsd.mbmodsw.ui.views.btn.BtnBK
03-14 17:03:12.197 7079 7079 W System.err: at java.lang.Runtime.nativeLoad(Native Method)
03-14 17:03:12.197 7079 7079 W System.err: at java.lang.Runtime.nativeLoad(Runtime.java:1126)
03-14 17:03:12.197 7079 7079 W System.err: at java.lang.Runtime.loadLibrary0(Runtime.java:1080)
03-14 17:03:12.197 7079 7079 W System.err: at java.lang.Runtime.loadLibrary0(Runtime.java:1003)
03-14 17:03:12.197 7079 7079 W System.err: at java.lang.System.loadLibrary(System.java:1661)
03-14 17:03:12.197 7079 7079 W System.err: at arm.EpicVm.<clinit>(Unknown Source:2)
03-14 17:03:12.197 7079 7079 W System.err: at java.lang.Class.newInstance(Native Method)
03-14 17:03:12.197 7079 7079 W System.err: at android.app.AppComponentFactory.instantiateApplication(AppComponentFactory.java:76)
03-14 17:03:12.197 7079 7079 W System.err: at androidx.core.app.CoreComponentFactory.instantiateApplication(Unknown Source:0)
03-14 17:03:12.197 7079 7079 W System.err: at android.app.Instrumentation.newApplication(Instrumentation.java:1249)
03-14 17:03:12.197 7079 7079 W System.err: at android.app.LoadedApk.makeApplicationInner(LoadedApk.java:1493)
03-14 17:03:12.197 7079 7079 W System.err: at android.app.LoadedApk.makeApplicationInner(LoadedApk.java:1426)
03-14 17:03:12.197 7079 7079 W System.err: at android.app.ActivityThread.handleBindApplication(ActivityThread.java:7048)
03-14 17:03:12.199 7079 7079 W System.err: at android.app.ActivityThread.-$ $Nest$mhandleBindApplication(Unknown Source:0)
03-14 17:03:12.199 7079 7079 W System.err: at android.app.ActivityThread$H.handleMessage(ActivityThread.java:2253)
03-14 17:03:12.199 7079 7079 W System.err: at android.os.Handler.dispatchMessage(Handler.java:106)
03-14 17:03:12.199 7079 7079 W System.err: at android.os.Looper.loopOnce(Looper.java:211)
03-14 17:03:12.199 7079 7079 W System.err: at android.os.Looper.loop(Looper.java:300)
03-14 17:03:12.199 7079 7079 W System.err: at android.app.ActivityThread.main(ActivityThread.java:8232)
03-14 17:03:12.199 7079 7079 W System.err: at java.lang.reflect.Method.invoke(Native Method)
03-14 17:03:12.199 7079 7079 W System.err: at com.android.internal.os.RuntimeInit$MethodAndArgsCaller.run(RuntimeInit.java:580)
03-14 17:03:12.199 7079 7079 W System.err: at com.android.internal.os.ZygoteInit.main(ZygoteInit.java:1028)
03-14 17:03:12.239 7079 7079 E CustomActivityOnCrash: IMPORTANT WARNING! You already have an UncaughtExceptionHandler, are you sure this is correct? If you use a custom UncaughtExceptionHandler, you must initialize it AFTER CustomActivityOnCrash! Installing anyway, but your original handler will not be called.
03-14 17:03:12.581 7079 7130 W LibraryVersion: Failed to get app version for libraryName: firebase-iid
03-14 17:03:12.706 7214 7214 E com.mbwhatsapp: Not starting debugger since process cannot load the jdwp agent.
03-14 17:03:12.805 7214 7214 W System.err: java.lang.ClassNotFoundException: mbmodsd.mbmodsw.ui.views.btn.BtnBK
03-14 17:03:12.805 7214 7214 W System.err: at java.lang.Runtime.nativeLoad(Native Method)
03-14 17:03:12.805 7214 7214 W System.err: at java.lang.Runtime.nativeLoad(Runtime.java:1126)
03-14 17:03:12.805 7214 7214 W System.err: at java.lang.Runtime.loadLibrary0(Runtime.java:1080)
03-14 17:03:12.805 7214 7214 W System.err: at java.lang.Runtime.loadLibrary0(Runtime.java:1003)
03-14 17:03:12.805 7214 7214 W System.err: at java.lang.System.loadLibrary(System.java:1661)
03-14 17:03:12.805 7214 7214 W System.err: at arm.EpicVm.<clinit>(Unknown Source:2)
03-14 17:03:12.805 7214 7214 W System.err: at java.lang.Class.newInstance(Native Method)
03-14 17:03:12.805 7214 7214 W System.err: at android.app.AppComponentFactory.instantiateApplication(AppComponentFactory.java:76)
03-14 17:03:12.805 7214 7214 W System.err: at androidx.core.app.CoreComponentFactory.instantiateApplication(Unknown Source:0)
03-14 17:03:12.805 7214 7214 W System.err: at android.app.Instrumentation.newApplication(Instrumentation.java:1249)
03-14 17:03:12.805 7214 7214 W System.err: at android.app.LoadedApk.makeApplicationInner(LoadedApk.java:1493)
03-14 17:03:12.805 7214 7214 W System.err: at android.app.LoadedApk.makeApplicationInner(LoadedApk.java:1426)
03-14 17:03:12.805 7214 7214 W System.err: at android.app.ActivityThread.handleBindApplication(ActivityThread.java:7048)
03-14 17:03:12.805 7214 7214 W System.err: at android.app.ActivityThread.-$ $Nest$mhandleBindApplication(Unknown Source:0)
03-14 17:03:12.805 7214 7214 W System.err: at android.app.ActivityThread$H.handleMessage(ActivityThread.java:2253)
03-14 17:03:12.805 7214 7214 W System.err: at android.os.Handler.dispatchMessage(Handler.java:106)
03-14 17:03:12.805 7214 7214 W System.err: at android.os.Looper.loopOnce(Looper.java:211)
03-14 17:03:12.805 7214 7214 W System.err: at android.os.Looper.loop(Looper.java:300)
03-14 17:03:12.805 7214 7214 W System.err: at android.app.ActivityThread.main(ActivityThread.java:8232)
03-14 17:03:12.805 7214 7214 W System.err: at java.lang.reflect.Method.invoke(Native Method)
03-14 17:03:12.805 7214 7214 W System.err: at com.android.internal.os.RuntimeInit$MethodAndArgsCaller.run(RuntimeInit.java:580)
03-14 17:03:12.805 7214 7214 W System.err: at com.android.internal.os.ZygoteInit.main(ZygoteInit.java:1028)
03-14 17:03:12.844 7214 7214 E CustomActivityOnCrash: IMPORTANT WARNING! You already have an UncaughtExceptionHandler, are you sure this is correct? If you use a custom UncaughtExceptionHandler, you must initialize it AFTER CustomActivityOnCrash! Installing anyway, but your original handler will not be called.
03-14 17:03:12.901 7214 7246 W LibraryVersion: Failed to get app version for libraryName: firebase-iid
03-14 17:03:13.051 7214 7214 W com.mbwhatsapp: Accessing hidden method Lcom/android/org/conscrypt/OpenSSLSocketImpl;->setUseSessionTickets(Z)V (max- target-q,core-platform-api, reflection, denied)
03-14 17:03:13.051 7214 7214 W com.mbwhatsapp: Accessing hidden method Lcom/android/org/conscrypt/AbstractConscryptSocket;->setUseSessionTickets(Z)V (max- target-q, reflection, denied)
03-14 17:03:13.660 7214 7294 W com.mbwhatsapp: Method void X.2rL.A03(java.lang.Integer) failed lock verification and will run slower.
03-14 17:03:13.660 7214 7294 W com.mbwhatsapp: Common causes for lock verification issues are non-optimized dex code
03-14 17:03:13.660 7214 7294 W com.mbwhatsapp: and incorrect proguard optimizations.
03-14 17:03:13.662 7214 7214 E FileUtils: err open mi_exception_log errno=2
03-14 17:03:13.662 7214 7214 E FileUtils: err write to mi_exception_log
03-14 17:03:13.671 7214 7214 W com.mbwhatsapp: Method void X.0eU.A0h(X.0tK, boolean) failed lock verification and will run slower.
03-14 17:03:13.782 7214 7214 E FileUtils: err write to mi_exception_log
03-14 17:03:13.782 7214 7214 E FileUtils: err write to mi_exception_log
03-14 17:03:13.782 7214 7214 E FileUtils: err write to mi_exception_log
03-14 17:03:13.802 7214 7306 E QT : [QT]file does not exist
03-14 17:03:13.863 7214 7214 E com.mbwhatsapp: Invalid ID 0x00000000.
03-14 17:03:13.864 7214 7214 W System.err: android.content.res.Resources$NotFoundException: String resource ID #0x0
03-14 17:03:13.867 7214 7214 W System.err: at android.content.res.Resources.getText(Resources.java:473)
03-14 17:03:13.867 7214 7214 W System.err: at android.content.res.MiuiResources.getText(MiuiResources.java:106)
03-14 17:03:13.867 7214 7214 W System.err: at android.content.res.Resources.getString(Resources.java:566)
03-14 17:03:13.867 7214 7214 W System.err: at X.35t.A0E(Unknown Source:46)
03-14 17:03:13.867 7214 7214 W System.err: at com.mbwhatsapp.yo.yo.getString(Native Method)
03-14 17:03:13.867 7214 7214 W System.err: at com.mbwhatsapp.yo.yo.getString(Native Method)
03-14 17:03:13.867 7214 7214 W System.err: at com.mbwhatsapp.youbasha.task.utils.requestAllFilesAccess14(Native Method)
03-14 17:03:13.867 7214 7214 W System.err: at com.mbwhatsapp.yo.dep.showStoragePermissionRequest(Native Method)
03-14 17:03:13.867 7214 7214 W System.err: at com.mbwhatsapp.registration.EULA.onCreate(Unknown Source:248)
03-14 17:03:13.868 7214 7214 W System.err: at android.app.Activity.performCreate(Activity.java:8523)
03-14 17:03:13.868 7214 7214 W System.err: at android.app.Activity.performCreate(Activity.java:8487)
03-14 17:03:13.868 7214 7214 W System.err: at android.app.Instrumentation.callActivityOnCreate(Instrumentation.java:1437)
03-14 17:03:13.868 7214 7214 W System.err: at android.app.ActivityThread.performLaunchActivity(ActivityThread.java:3853)
03-14 17:03:13.868 7214 7214 W System.err: at android.app.ActivityThread.handleLaunchActivity(ActivityThread.java:4018)
03-14 17:03:13.868 7214 7214 W System.err: at android.app.servertransaction.LaunchActivityItem.execute(LaunchActivityItem.java:10 1)
03-14 17:03:13.868 7214 7214 W System.err: at android.app.servertransaction.TransactionExecutor.executeCallbacks(TransactionExecu tor.java:135)
03-14 17:03:13.868 7214 7214 W System.err: at android.app.servertransaction.TransactionExecutor.execute(TransactionExecutor.java: 95)
03-14 17:03:13.868 7214 7214 W System.err: at android.app.ActivityThread$H.handleMessage(ActivityThread.java:2427)
03-14 17:03:13.868 7214 7214 W System.err: at android.os.Handler.dispatchMessage(Handler.java:106)
03-14 17:03:13.868 7214 7214 W System.err: at android.os.Looper.loopOnce(Looper.java:211)
03-14 17:03:13.868 7214 7214 W System.err: at android.os.Looper.loop(Looper.java:300)
03-14 17:03:13.868 7214 7214 W System.err: at android.app.ActivityThread.main(ActivityThread.java:8232)
03-14 17:03:13.868 7214 7214 W System.err: at java.lang.reflect.Method.invoke(Native Method)
03-14 17:03:13.868 7214 7214 W System.err: at com.android.internal.os.RuntimeInit$MethodAndArgsCaller.run(RuntimeInit.java:580)
03-14 17:03:13.868 7214 7214 W System.err: at com.android.internal.os.ZygoteInit.main(ZygoteInit.java:1028)
03-14 17:03:13.960 7214 7214 W Activity: Can request only one set of permissions at a time
03-14 17:03:14.005 7214 7312 E RenderScript: Failed loading RS driver: dlopen failed: library "libRSDriver_mtk.so" not found
03-14 17:03:14.005 7214 7312 E RenderScript: Failed to load runtime libRSDriver_mtk.so, loading default
03-14 17:03:14.038 7214 7214 E ArmVmp : Match on catch block at 0x0a in for 0x766bd9a04d --------- beginning of system
03-14 17:03:14.060 7214 7214 W Activity: PerfMonitor: Slow Operation: Activity com.mbwhatsapp/.registration.EULA onStart took 176ms
03-14 17:03:14.082 7214 7214 E FileUtils: err write to mi_exception_log
03-14 17:03:14.130 7214 7214 E FBI : Can't load library: dlopen failed: library "libmagtsync.so" not found
03-14 17:03:14.145 7214 7305 W libc : Access denied finding property "vendor.migl.debug"
03-14 17:03:14.145 7214 7305 E libMiGL : libmigl:This GPU version is note support Variable Shading Rate
03-14 17:03:14.164 7214 7342 E ion : ioctl c0044901 failed with code -1: Invalid argument
03-14 17:03:14.209 7214 7305 E gralloc4: Empty SMPTE 2094-40 data
03-14 17:03:14.213 7214 7305 W Parcel : Expecting binder but got null!
03-14 17:03:14.590 7214 7305 E gralloc4: Empty SMPTE 2094-40 data
03-14 17:03:14.591 7214 7305 W Parcel : Expecting binder but got null!
03-14 17:03:14.592 7214 7214 E FileUtils: err write to mi_exception_log
03-14 17:03:14.611 7214 7305 E gralloc4: Empty SMPTE 2094-40 data
03-14 17:03:14.612 7214 7214 E FileUtils: err write to mi_exception_log
03-14 17:03:14.614 7214 7305 E gralloc4: Empty SMPTE 2094-40 data
03-14 17:03:14.637 7214 7305 E gralloc4: Empty SMPTE 2094-40 data
03-14 17:03:14.643 7214 7305 E gralloc4: Empty SMPTE 2094-40 data
03-14 17:03:14.650 7214 7305 E gralloc4: Empty SMPTE 2094-40 data
03-14 17:03:14.659 7214 7305 E gralloc4: Empty SMPTE 2094-40 data
03-14 17:03:14.670 7214 7305 E gralloc4: Empty SMPTE 2094-40 data
03-14 17:03:14.674 7214 7305 E gralloc4: Empty SMPTE 2094-40 data
03-14 17:03:14.681 7214 7305 E gralloc4: Empty SMPTE 2094-40 data
03-14 17:03:14.686 7214 7305 E gralloc4: Empty SMPTE 2094-40 data
03-14 17:03:14.698 7214 7305 E gralloc4: Empty SMPTE 2094-40 data
03-14 17:03:14.870 7214 7214 E BinderMonitor: err open binder_delay errno=2
03-14 17:03:14.871 7214 7214 E FileUtils: err write to mi_exception_log
03-14 17:03:14.976 7214 7214 E FileUtils: err write to mi_exception_log
03-14 17:03:15.059 7214 7214 E com.mbwhatsapp: Invalid ID 0x00000000.
03-14 17:03:15.063 7214 7214 E com.mbwhatsapp: Invalid ID 0x00000000.
03-14 17:03:15.066 7214 7214 E com.mbwhatsapp: Invalid ID 0x00000000.
03-14 17:03:15.069 7214 7214 E com.mbwhatsapp: Invalid ID 0x00000000.
03-14 17:03:15.070 7214 7214 E com.mbwhatsapp: Invalid ID 0x00000000.
03-14 17:03:15.074 7214 7214 E com.mbwhatsapp: Invalid ID 0x00000000.
03-14 17:03:15.075 7214 7214 E com.mbwhatsapp: Invalid ID 0x00000000.
03-14 17:03:15.076 7214 7214 E com.mbwhatsapp: Invalid ID 0x00000000.
03-14 17:03:15.149 7214 7228 W com.mbwhatsapp: Cleared Reference was only reachable from finalizer (only reported once)
03-14 17:03:18.001 7214 7305 E gralloc4: Empty SMPTE 2094-40 data
03-14 17:03:18.003 7214 7214 E FileUtils: err write to mi_exception_log
03-14 17:03:18.025 7214 7214 W Activity: Can request only one set of permissions at a time
03-14 17:03:18.025 7214 7214 W Activity: Can request only one set of permissions at a time
03-14 17:03:18.053 7214 7305 E gralloc4: Empty SMPTE 2094-40 data
03-14 17:03:18.078 7214 7305 E gralloc4: Empty SMPTE 2094-40 data
03-14 17:03:18.110 7214 7305 E gralloc4: Empty SMPTE 2094-40 data
03-14 17:03:18.137 7214 7305 E gralloc4: Empty SMPTE 2094-40 data
03-14 17:03:18.156 7214 7305 E gralloc4: Empty SMPTE 2094-40 data
03-14 17:03:18.169 7214 7305 E gralloc4: Empty SMPTE 2094-40 data
03-14 17:03:18.186 7214 7305 E gralloc4: Empty SMPTE 2094-40 data
03-14 17:03:18.211 7214 7305 E gralloc4: Empty SMPTE 2094-40 data
03-14 17:03:18.221 7214 7305 E gralloc4: Empty SMPTE 2094-40 data
03-14 17:03:18.236 7214 7305 E gralloc4: Empty SMPTE 2094-40 data
03-14 17:03:19.352 7214 7214 W MirrorManager: this model don't Support
03-14 17:03:19.375 7214 7214 E RippleDrawable: The RippleDrawable.STYLE_PATTERNED animation is not supported for a non-hardware accelerated Canvas. Skipping animation.
03-14 17:03:19.379 7214 7305 E gralloc4: Empty SMPTE 2094-40 data
03-14 17:03:19.390 7214 7214 E RippleDrawable: The RippleDrawable.STYLE_PATTERNED animation is not supported for a non-hardware accelerated Canvas. Skipping animation.
03-14 17:03:19.393 7214 7305 E gralloc4: Empty SMPTE 2094-40 data
03-14 17:03:19.406 7214 7214 E RippleDrawable: The RippleDrawable.STYLE_PATTERNED animation is not supported for a non-hardware accelerated Canvas. Skipping animation.
03-14 17:03:19.409 7214 7305 E gralloc4: Empty SMPTE 2094-40 data
03-14 17:03:19.472 7214 7305 E gralloc4: Empty SMPTE 2094-40 data
03-14 17:03:19.488 7214 7305 E gralloc4: Empty SMPTE 2094-40 data
03-14 17:03:19.508 7214 7305 E gralloc4: Empty SMPTE 2094-40 data
03-14 17:03:19.525 7214 7305 E gralloc4: Empty SMPTE 2094-40 data
03-14 17:03:19.540 7214 7305 E gralloc4: Empty SMPTE 2094-40 data
03-14 17:03:19.557 7214 7305 E gralloc4: Empty SMPTE 2094-40 data
03-14 17:03:19.575 7214 7305 E gralloc4: Empty SMPTE 2094-40 data
03-14 17:03:20.030 7214 7305 E gralloc4: Empty SMPTE 2094-40 data
03-14 17:03:20.033 7214 7305 E gralloc4: Empty SMPTE 2094-40 data
03-14 17:03:20.038 7214 7305 E gralloc4: Empty SMPTE 2094-40 data
03-14 17:03:20.051 7214 7305 E gralloc4: Empty SMPTE 2094-40 data
03-14 17:03:20.071 7214 7305 E gralloc4: Empty SMPTE 2094-40 data
03-14 17:03:20.088 7214 7305 E gralloc4: Empty SMPTE 2094-40 data
03-14 17:03:20.100 7214 7555 E ShortcutInfoCompatSaver: Failed to load saved values from file /data/user/0/com.mbwhatsapp/files/ShortcutInfoCompatSaver_share_targets/ targets.xml. Old state removed, new added
03-14 17:03:20.100 7214 7555 E ShortcutInfoCompatSaver: java.io.FileNotFoundException: /data/user/0/com.mbwhatsapp/files/ShortcutInfoCompatSaver_share_targets/ targets.xml: open failed: ENOENT (No such file or directory)
03-14 17:03:20.100 7214 7555 E ShortcutInfoCompatSaver: at libcore.io.IoBridge.open(IoBridge.java:574)
03-14 17:03:20.100 7214 7555 E ShortcutInfoCompatSaver: at java.io.FileInputStream.<init>(FileInputStream.java:160)
03-14 17:03:20.100 7214 7555 E ShortcutInfoCompatSaver: at X.0nz.run(Unknown Source:82)
03-14 17:03:20.100 7214 7555 E ShortcutInfoCompatSaver: at java.util.concurrent.Executors$RunnableAdapter.call(Executors.java:487)
03-14 17:03:20.100 7214 7555 E ShortcutInfoCompatSaver: at java.util.concurrent.FutureTask.run(FutureTask.java:264)
03-14 17:03:20.100 7214 7555 E ShortcutInfoCompatSaver: at java.util.concurrent.ThreadPoolExecutor.runWorker(ThreadPoolExecutor.java:1145)
03-14 17:03:20.100 7214 7555 E ShortcutInfoCompatSaver: at java.util.concurrent.ThreadPoolExecutor$Worker.run(ThreadPoolExecutor.java:644)
03-14 17:03:20.100 7214 7555 E ShortcutInfoCompatSaver: at java.lang.Thread.run(Thread.java:1012)
03-14 17:03:20.100 7214 7555 E ShortcutInfoCompatSaver: Caused by: android.system.ErrnoException: open failed: ENOENT (No such file or directory)
03-14 17:03:20.100 7214 7555 E ShortcutInfoCompatSaver: at libcore.io.Linux.open(Native Method)
03-14 17:03:20.100 7214 7555 E ShortcutInfoCompatSaver: at libcore.io.ForwardingOs.open(ForwardingOs.java:563)
03-14 17:03:20.100 7214 7555 E ShortcutInfoCompatSaver: at libcore.io.BlockGuardOs.open(BlockGuardOs.java:274)
03-14 17:03:20.100 7214 7555 E ShortcutInfoCompatSaver: at libcore.io.ForwardingOs.open(ForwardingOs.java:563)
03-14 17:03:20.100 7214 7555 E ShortcutInfoCompatSaver: at android.app.ActivityThread$AndroidOs.open(ActivityThread.java:8108)
03-14 17:03:20.100 7214 7555 E ShortcutInfoCompatSaver: at libcore.io.IoBridge.open(IoBridge.java:560)
03-14 17:03:20.100 7214 7555 E ShortcutInfoCompatSaver: ... 7 more
03-14 17:03:20.105 7214 7305 E gralloc4: Empty SMPTE 2094-40 data
03-14 17:03:20.108 7214 7214 E FileUtils: err write to mi_exception_log
03-14 17:03:20.122 7214 7305 E gralloc4: Empty SMPTE 2094-40 data
03-14 17:03:20.127 7214 7305 E gralloc4: Empty SMPTE 2094-40 data
03-14 17:03:20.127 7214 7305 E FrameEvents: updateAcquireFence: Did not find frame.
03-14 17:03:20.141 7214 7305 E gralloc4: Empty SMPTE 2094-40 data
03-14 17:03:20.157 7214 7305 E gralloc4: Empty SMPTE 2094-40 data
03-14 17:03:20.158 7214 7305 E FrameEvents: updateAcquireFence: Did not find frame.
03-14 17:03:20.164 7214 7305 E gralloc4: Empty SMPTE 2094-40 data
03-14 17:03:20.168 7214 7305 E gralloc4: Empty SMPTE 2094-40 data
03-14 17:03:20.168 7214 7305 E FrameEvents: updateAcquireFence: Did not find frame.
03-14 17:03:20.174 7214 7305 E gralloc4: Empty SMPTE 2094-40 data
03-14 17:03:20.179 7214 7214 E FileUtils: err write to mi_exception_log
03-14 17:03:20.268 7214 7305 E gralloc4: Empty SMPTE 2094-40 data
03-14 17:03:20.270 7214 7214 E FileUtils: err write to mi_exception_log
03-14 17:03:20.271 7214 7557 E FileUtils: err open mi_exception_log errno=2
03-14 17:03:20.271 7214 7557 E FileUtils: err write to mi_exception_log
03-14 17:03:20.303 7214 7305 E gralloc4: Empty SMPTE 2094-40 data
03-14 17:03:20.309 7214 7305 E gralloc4: Empty SMPTE 2094-40 data
03-14 17:03:20.314 7214 7305 E gralloc4: Empty SMPTE 2094-40 data
03-14 17:03:20.445 7214 7305 E gralloc4: Empty SMPTE 2094-40 data
03-14 17:03:20.452 7214 7305 E gralloc4: Empty SMPTE 2094-40 data
03-14 17:03:20.468 7214 7305 E gralloc4: Empty SMPTE 2094-40 data
03-14 17:03:20.484 7214 7305 E gralloc4: Empty SMPTE 2094-40 data
03-14 17:03:20.504 7214 7305 E gralloc4: Empty SMPTE 2094-40 data
03-14 17:03:20.520 7214 7305 E gralloc4: Empty SMPTE 2094-40 data
03-14 17:03:20.541 7214 7305 E gralloc4: Empty SMPTE 2094-40 data
03-14 17:03:23.359 7214 7305 E gralloc4: Empty SMPTE 2094-40 data
03-14 17:03:23.376 7214 7305 E gralloc4: Empty SMPTE 2094-40 data
03-14 17:03:23.394 7214 7305 E gralloc4: Empty SMPTE 2094-40 data
03-14 17:03:23.409 7214 7305 E gralloc4: Empty SMPTE 2094-40 data
03-14 17:03:23.426 7214 7305 E gralloc4: Empty SMPTE 2094-40 data
03-14 17:03:23.444 7214 7305 E gralloc4: Empty SMPTE 2094-40 data
03-14 17:03:23.459 7214 7305 E gralloc4: Empty SMPTE 2094-40 data
03-14 17:03:23.477 7214 7305 E gralloc4: Empty SMPTE 2094-40 data
03-14 17:03:23.492 7214 7305 E gralloc4: Empty SMPTE 2094-40 data
03-14 17:03:23.509 7214 7214 E FileUtils: err write to mi_exception_log
03-14 17:03:23.509 7214 7305 E gralloc4: Empty SMPTE 2094-40 data
03-14 17:03:23.526 7214 7305 E gralloc4: Empty SMPTE 2094-40 data
03-14 17:03:23.560 7214 7305 E gralloc4: Empty SMPTE 2094-40 data
03-14 17:03:23.561 7214 7305 W Parcel : Expecting binder but got null!
03-14 17:03:23.562 7214 7214 E FileUtils: err write to mi_exception_log
03-14 17:03:23.565 7214 7305 E gralloc4: Empty SMPTE 2094-40 data
03-14 17:03:23.618 7214 7214 E FileUtils: err write to mi_exception_log
03-14 17:03:23.651 7214 7305 E gralloc4: Empty SMPTE 2094-40 data
03-14 17:03:23.655 7214 7305 E gralloc4: Empty SMPTE 2094-40 data
03-14 17:03:23.661 7214 7305 E gralloc4: Empty SMPTE 2094-40 data
03-14 17:03:23.668 7214 7305 E gralloc4: Empty SMPTE 2094-40 data
03-14 17:03:23.677 7214 7305 E gralloc4: Empty SMPTE 2094-40 data
03-14 17:03:23.686 7214 7305 E gralloc4: Empty SMPTE 2094-40 data
03-14 17:03:23.692 7214 7305 E gralloc4: Empty SMPTE 2094-40 data
03-14 17:03:23.701 7214 7305 E gralloc4: Empty SMPTE 2094-40 data
03-14 17:03:23.706 7214 7305 E gralloc4: Empty SMPTE 2094-40 data
03-14 17:03:23.709 7214 7305 E gralloc4: Empty SMPTE 2094-40 data
03-14 17:03:23.724 7214 7305 E gralloc4: Empty SMPTE 2094-40 data
03-14 17:03:23.727 7214 7305 E gralloc4: Empty SMPTE 2094-40 data
03-14 17:03:23.740 7214 7305 E gralloc4: Empty SMPTE 2094-40 data
03-14 17:03:23.744 7214 7305 E gralloc4: Empty SMPTE 2094-40 data
03-14 17:03:23.758 7214 7305 E gralloc4: Empty SMPTE 2094-40 data
03-14 17:03:23.777 7214 7305 E gralloc4: Empty SMPTE 2094-40 data
03-14 17:03:23.808 7214 7305 E gralloc4: Empty SMPTE 2094-40 data
03-14 17:03:23.824 7214 7305 E gralloc4: Empty SMPTE 2094-40 data
03-14 17:03:23.839 7214 7305 E gralloc4: Empty SMPTE 2094-40 data
03-14 17:03:23.858 7214 7305 E gralloc4: Empty SMPTE 2094-40 data
03-14 17:03:23.875 7214 7305 E gralloc4: Empty SMPTE 2094-40 data
03-14 17:03:23.891 7214 7305 E gralloc4: Empty SMPTE 2094-40 data
03-14 17:03:23.908 7214 7305 E gralloc4: Empty SMPTE 2094-40 data
03-14 17:03:23.921 7214 7305 E gralloc4: Empty SMPTE 2094-40 data
03-14 17:03:23.924 7214 7305 E gralloc4: Empty SMPTE 2094-40 data
03-14 17:03:23.937 7214 7305 E gralloc4: Empty SMPTE 2094-40 data
03-14 17:03:23.940 7214 7305 E gralloc4: Empty SMPTE 2094-40 data
03-14 17:03:23.953 7214 7305 E gralloc4: Empty SMPTE 2094-40 data
03-14 17:03:23.956 7214 7305 E gralloc4: Empty SMPTE 2094-40 data
03-14 17:03:23.970 7214 7305 E gralloc4: Empty SMPTE 2094-40 data
03-14 17:03:23.973 7214 7305 E gralloc4: Empty SMPTE 2094-40 data
03-14 17:03:23.988 7214 7305 E gralloc4: Empty SMPTE 2094-40 data
03-14 17:03:23.992 7214 7305 E gralloc4: Empty SMPTE 2094-40 data
03-14 17:03:24.005 7214 7305 E gralloc4: Empty SMPTE 2094-40 data
03-14 17:03:24.009 7214 7305 E gralloc4: Empty SMPTE 2094-40 data
03-14 17:03:24.022 7214 7305 E gralloc4: Empty SMPTE 2094-40 data
03-14 17:03:24.026 7214 7305 E gralloc4: Empty SMPTE 2094-40 data
03-14 17:03:24.039 7214 7305 E gralloc4: Empty SMPTE 2094-40 data
03-14 17:03:24.043 7214 7305 E gralloc4: Empty SMPTE 2094-40 data
03-14 17:03:24.054 7214 7305 E gralloc4: Empty SMPTE 2094-40 data
03-14 17:03:24.057 7214 7305 E gralloc4: Empty SMPTE 2094-40 data
03-14 17:03:24.072 7214 7305 E gralloc4: Empty SMPTE 2094-40 data
03-14 17:03:24.075 7214 7305 E gralloc4: Empty SMPTE 2094-40 data
03-14 17:03:24.090 7214 7305 E gralloc4: Empty SMPTE 2094-40 data
03-14 17:03:24.094 7214 7305 E gralloc4: Empty SMPTE 2094-40 data
03-14 17:03:24.105 7214 7305 E gralloc4: Empty SMPTE 2094-40 data
03-14 17:03:24.109 7214 7305 E gralloc4: Empty SMPTE 2094-40 data
03-14 17:03:24.121 7214 7305 E gralloc4: Empty SMPTE 2094-40 data
03-14 17:03:24.125 7214 7305 E gralloc4: Empty SMPTE 2094-40 data
03-14 17:03:24.138 7214 7305 E gralloc4: Empty SMPTE 2094-40 data
03-14 17:03:24.143 7214 7305 E gralloc4: Empty SMPTE 2094-40 data
03-14 17:03:24.156 7214 7305 E gralloc4: Empty SMPTE 2094-40 data
03-14 17:03:24.177 7214 7305 E gralloc4: Empty SMPTE 2094-40 data
03-14 17:03:24.188 7214 7305 E gralloc4: Empty SMPTE 2094-40 data
03-14 17:03:24.537 7214 7305 E gralloc4: Empty SMPTE 2094-40 data
03-14 17:03:25.038 7214 7305 E gralloc4: Empty SMPTE 2094-40 data
03-14 17:03:25.280 7214 7305 E gralloc4: Empty SMPTE 2094-40 data
03-14 17:03:25.293 7214 7305 E gralloc4: Empty SMPTE 2094-40 data
03-14 17:03:25.300 7214 7305 E gralloc4: Empty SMPTE 2094-40 data
03-14 17:03:25.317 7214 7305 E gralloc4: Empty SMPTE 2094-40 data
03-14 17:03:25.333 7214 7305 E gralloc4: Empty SMPTE 2094-40 data
03-14 17:03:25.350 7214 7305 E gralloc4: Empty SMPTE 2094-40 data
03-14 17:03:25.352 7214 7214 W OnBackInvokedCallback: OnBackInvokedCallback is not enabled for the application.
03-14 17:03:25.352 7214 7214 W OnBackInvokedCallback: Set 'android:enableOnBackInvokedCallback="true"' in the application manifest.
03-14 17:03:25.369 7214 7305 E gralloc4: Empty SMPTE 2094-40 data
03-14 17:03:25.383 7214 7305 E gralloc4: Empty SMPTE 2094-40 data
03-14 17:03:25.400 7214 7305 E gralloc4: Empty SMPTE 2094-40 data
03-14 17:03:25.417 7214 7305 E gralloc4: Empty SMPTE 2094-40 data
03-14 17:03:25.433 7214 7305 E gralloc4: Empty SMPTE 2094-40 data
03-14 17:03:25.448 7214 7305 E gralloc4: Empty SMPTE 2094-40 data
03-14 17:03:25.467 7214 7305 E gralloc4: Empty SMPTE 2094-40 data
03-14 17:03:25.482 7214 7305 E gralloc4: Empty SMPTE 2094-40 data
03-14 17:03:25.499 7214 7305 E gralloc4: Empty SMPTE 2094-40 data
03-14 17:03:25.515 7214 7305 E gralloc4: Empty SMPTE 2094-40 data
03-14 17:03:25.533 7214 7305 E gralloc4: Empty SMPTE 2094-40 data
03-14 17:03:25.548 7214 7305 E gralloc4: Empty SMPTE 2094-40 data
03-14 17:03:25.601 7214 7305 E gralloc4: Empty SMPTE 2094-40 data
03-14 17:03:25.615 7214 7305 E gralloc4: Empty SMPTE 2094-40 data
03-14 17:03:25.632 7214 7305 E gralloc4: Empty SMPTE 2094-40 data
03-14 17:03:25.647 7214 7305 E gralloc4: Empty SMPTE 2094-40 data
03-14 17:03:25.665 7214 7305 E gralloc4: Empty SMPTE 2094-40 data
03-14 17:03:25.683 7214 7305 E gralloc4: Empty SMPTE 2094-40 data
03-14 17:03:25.699 7214 7305 E gralloc4: Empty SMPTE 2094-40 data
03-14 17:03:25.715 7214 7305 E gralloc4: Empty SMPTE 2094-40 data
03-14 17:03:25.733 7214 7305 E gralloc4: Empty SMPTE 2094-40 data
03-14 17:03:25.749 7214 7305 E gralloc4: Empty SMPTE 2094-40 data
03-14 17:03:25.765 7214 7305 E gralloc4: Empty SMPTE 2094-40 data
03-14 17:03:25.785 7214 7305 E gralloc4: Empty SMPTE 2094-40 data
03-14 17:03:25.798 7214 7305 E gralloc4: Empty SMPTE 2094-40 data
03-14 17:03:25.815 7214 7305 E gralloc4: Empty SMPTE 2094-40 data
03-14 17:03:25.833 7214 7305 E gralloc4: Empty SMPTE 2094-40 data
03-14 17:03:25.849 7214 7305 E gralloc4: Empty SMPTE 2094-40 data
03-14 17:03:25.866 7214 7305 E gralloc4: Empty SMPTE 2094-40 data
03-14 17:03:25.883 7214 7305 E gralloc4: Empty SMPTE 2094-40 data
03-14 17:03:26.228 7214 7305 E gralloc4: Empty SMPTE 2094-40 data
03-14 17:03:26.232 7214 7305 E gralloc4: Empty SMPTE 2094-40 data
03-14 17:03:26.249 7214 7305 E gralloc4: Empty SMPTE 2094-40 data
03-14 17:03:26.266 7214 7305 E gralloc4: Empty SMPTE 2094-40 data
03-14 17:03:26.281 7214 7305 E gralloc4: Empty SMPTE 2094-40 data
03-14 17:03:26.282 7214 7305 W Parcel : Expecting binder but got null!
03-14 17:03:26.290 7214 7305 E gralloc4: Empty SMPTE 2094-40 data
03-14 17:03:26.297 7214 7305 E gralloc4: Empty SMPTE 2094-40 data
03-14 17:03:26.302 7214 7305 E gralloc4: Empty SMPTE 2094-40 data
03-14 17:03:26.314 7214 7305 E gralloc4: Empty SMPTE 2094-40 data
03-14 17:03:26.319 7214 7305 E gralloc4: Empty SMPTE 2094-40 data
03-14 17:03:26.331 7214 7305 E gralloc4: Empty SMPTE 2094-40 data
03-14 17:03:26.335 7214 7305 E gralloc4: Empty SMPTE 2094-40 data
03-14 17:03:26.345 7214 7305 E gralloc4: Empty SMPTE 2094-40 data
03-14 17:03:26.350 7214 7305 E gralloc4: Empty SMPTE 2094-40 data
03-14 17:03:26.362 7214 7305 E gralloc4: Empty SMPTE 2094-40 data
03-14 17:03:26.368 7214 7305 E gralloc4: Empty SMPTE 2094-40 data
03-14 17:03:26.380 7214 7305 E gralloc4: Empty SMPTE 2094-40 data
03-14 17:03:26.383 7214 7305 E gralloc4: Empty SMPTE 2094-40 data
03-14 17:03:26.395 7214 7305 E gralloc4: Empty SMPTE 2094-40 data
03-14 17:03:26.400 7214 7305 E gralloc4: Empty SMPTE 2094-40 data
03-14 17:03:26.413 7214 7305 E gralloc4: Empty SMPTE 2094-40 data
03-14 17:03:26.417 7214 7305 E gralloc4: Empty SMPTE 2094-40 data
03-14 17:03:26.429 7214 7305 E gralloc4: Empty SMPTE 2094-40 data
03-14 17:03:26.433 7214 7305 E gralloc4: Empty SMPTE 2094-40 data
03-14 17:03:26.446 7214 7305 E gralloc4: Empty SMPTE 2094-40 data
03-14 17:03:26.450 7214 7305 E gralloc4: Empty SMPTE 2094-40 data
03-14 17:03:26.464 7214 7305 E gralloc4: Empty SMPTE 2094-40 data
03-14 17:03:26.468 7214 7305 E gralloc4: Empty SMPTE 2094-40 data
03-14 17:03:26.481 7214 7305 E gralloc4: Empty SMPTE 2094-40 data
03-14 17:03:26.487 7214 7305 E gralloc4: Empty SMPTE 2094-40 data
03-14 17:03:26.496 7214 7305 E gralloc4: Empty SMPTE 2094-40 data
03-14 17:03:26.501 7214 7305 E gralloc4: Empty SMPTE 2094-40 data
03-14 17:03:26.530 7214 7305 E gralloc4: Empty SMPTE 2094-40 data
03-14 17:03:26.535 7214 7305 E gralloc4: Empty SMPTE 2094-40 data
03-14 17:03:26.537 7214 7305 E gralloc4: Empty SMPTE 2094-40 data
03-14 17:03:26.541 7214 7305 E gralloc4: Empty SMPTE 2094-40 data
03-14 17:03:26.928 7214 7305 E gralloc4: Empty SMPTE 2094-40 data
03-14 17:03:26.945 7214 7305 E gralloc4: Empty SMPTE 2094-40 data
03-14 17:03:26.961 7214 7305 E gralloc4: Empty SMPTE 2094-40 data
03-14 17:03:26.980 7214 7305 E gralloc4: Empty SMPTE 2094-40 data
03-14 17:03:26.994 7214 7305 E gralloc4: Empty SMPTE 2094-40 data
03-14 17:03:27.012 7214 7305 E gralloc4: Empty SMPTE 2094-40 data
03-14 17:03:27.028 7214 7305 E gralloc4: Empty SMPTE 2094-40 data
03-14 17:03:27.044 7214 7305 E gralloc4: Empty SMPTE 2094-40 data
03-14 17:03:27.064 7214 7305 E gralloc4: Empty SMPTE 2094-40 data
03-14 17:03:27.078 7214 7305 E gralloc4: Empty SMPTE 2094-40 data
03-14 17:03:27.095 7214 7305 E gralloc4: Empty SMPTE 2094-40 data
03-14 17:03:27.111 7214 7305 E gralloc4: Empty SMPTE 2094-40 data
03-14 17:03:27.128 7214 7305 E gralloc4: Empty SMPTE 2094-40 data
03-14 17:03:27.147 7214 7305 E gralloc4: Empty SMPTE 2094-40 data
03-14 17:03:27.160 7214 7305 E gralloc4: Empty SMPTE 2094-40 data
03-14 17:03:27.179 7214 7305 E gralloc4: Empty SMPTE 2094-40 data
03-14 17:03:27.193 7214 7305 E gralloc4: Empty SMPTE 2094-40 data
03-14 17:03:27.342 7214 7305 E gralloc4: Empty SMPTE 2094-40 data
03-14 17:03:27.361 7214 7305 E gralloc4: Empty SMPTE 2094-40 data
03-14 17:03:27.406 7214 7305 E gralloc4: Empty SMPTE 2094-40 data
03-14 17:03:27.418 7214 7305 E gralloc4: Empty SMPTE 2094-40 data
03-14 17:03:27.427 7214 7305 E gralloc4: Empty SMPTE 2094-40 data
03-14 17:03:27.444 7214 7305 E gralloc4: Empty SMPTE 2094-40 data
03-14 17:03:27.461 7214 7305 E gralloc4: Empty SMPTE 2094-40 data
03-14 17:03:27.477 7214 7305 E gralloc4: Empty SMPTE 2094-40 data
03-14 17:03:27.480 7214 7214 E FileUtils: err write to mi_exception_log
03-14 17:03:27.494 7214 7305 E gralloc4: Empty SMPTE 2094-40 data
03-14 17:03:27.510 7214 7305 E gralloc4: Empty SMPTE 2094-40 data
03-14 17:03:27.527 7214 7305 E gralloc4: Empty SMPTE 2094-40 data
03-14 17:03:27.544 7214 7305 E gralloc4: Empty SMPTE 2094-40 data
03-14 17:03:27.561 7214 7305 E gralloc4: Empty SMPTE 2094-40 data
03-14 17:03:27.575 7214 7214 E FileUtils: err write to mi_exception_log
03-14 17:03:27.577 7214 7305 E gralloc4: Empty SMPTE 2094-40 data
03-14 17:03:27.596 7214 7305 E gralloc4: Empty SMPTE 2094-40 data
03-14 17:03:27.627 7214 7305 E gralloc4: Empty SMPTE 2094-40 data
03-14 17:03:27.628 7214 7305 W Parcel : Expecting binder but got null!
03-14 17:03:27.630 7214 7305 E gralloc4: Empty SMPTE 2094-40 data
03-14 17:03:27.631 7214 7214 E FileUtils: err write to mi_exception_log
03-14 17:03:27.651 7214 7305 E gralloc4: Empty SMPTE 2094-40 data
03-14 17:03:27.655 7214 7305 E gralloc4: Empty SMPTE 2094-40 data
03-14 17:03:27.660 7214 7305 E gralloc4: Empty SMPTE 2094-40 data
03-14 17:03:27.665 7214 7305 E gralloc4: Empty SMPTE 2094-40 data
03-14 17:03:27.676 7214 7305 E gralloc4: Empty SMPTE 2094-40 data
03-14 17:03:27.677 7214 7214 W OnBackInvokedCallback: OnBackInvokedCallback is not enabled for the application.
03-14 17:03:27.677 7214 7214 W OnBackInvokedCallback: Set 'android:enableOnBackInvokedCallback="true"' in the application manifest.
03-14 17:03:27.678 7214 7305 E gralloc4: Empty SMPTE 2094-40 data
03-14 17:03:27.696 7214 7305 E gralloc4: Empty SMPTE 2094-40 data
03-14 17:03:27.697 7214 7214 W RemoteInputConnectionImpl: requestCursorAnchorInfo on inactive InputConnection
03-14 17:03:27.708 7214 7305 E gralloc4: Empty SMPTE 2094-40 data
03-14 17:03:27.712 7214 7305 E gralloc4: Empty SMPTE 2094-40 data
03-14 17:03:27.727 7214 7305 E gralloc4: Empty SMPTE 2094-40 data
03-14 17:03:27.734 7214 7305 E gralloc4: Empty SMPTE 2094-40 data
03-14 17:03:27.742 7214 7305 E gralloc4: Empty SMPTE 2094-40 data
03-14 17:03:27.749 7214 7305 E gralloc4: Empty SMPTE 2094-40 data
03-14 17:03:27.757 7214 7305 E gralloc4: Empty SMPTE 2094-40 data
03-14 17:03:27.775 7214 7305 E gralloc4: Empty SMPTE 2094-40 data
03-14 17:03:27.792 7214 7305 E gralloc4: Empty SMPTE 2094-40 data
03-14 17:03:27.813 7214 7305 E gralloc4: Empty SMPTE 2094-40 data
03-14 17:03:27.831 7214 7305 E gralloc4: Empty SMPTE 2094-40 data
03-14 17:03:27.848 7214 7305 E gralloc4: Empty SMPTE 2094-40 data
03-14 17:03:27.861 7214 7305 E gralloc4: Empty SMPTE 2094-40 data
03-14 17:03:27.879 7214 7305 E gralloc4: Empty SMPTE 2094-40 data
03-14 17:03:27.894 7214 7305 E gralloc4: Empty SMPTE 2094-40 data
03-14 17:03:27.913 7214 7305 E gralloc4: Empty SMPTE 2094-40 data
03-14 17:03:27.927 7214 7305 E gralloc4: Empty SMPTE 2094-40 data
03-14 17:03:27.948 7214 7305 E gralloc4: Empty SMPTE 2094-40 data
03-14 17:03:27.962 7214 7305 E gralloc4: Empty SMPTE 2094-40 data
03-14 17:03:27.977 7214 7305 E gralloc4: Empty SMPTE 2094-40 data
03-14 17:03:27.993 7214 7305 E gralloc4: Empty SMPTE 2094-40 data
03-14 17:03:28.010 7214 7305 E gralloc4: Empty SMPTE 2094-40 data
03-14 17:03:28.026 7214 7305 E gralloc4: Empty SMPTE 2094-40 data
03-14 17:03:28.043 7214 7305 E gralloc4: Empty SMPTE 2094-40 data
03-14 17:03:28.060 7214 7305 E gralloc4: Empty SMPTE 2094-40 data
03-14 17:03:28.078 7214 7305 E gralloc4: Empty SMPTE 2094-40 data
03-14 17:03:28.095 7214 7305 E gralloc4: Empty SMPTE 2094-40 data
03-14 17:03:28.110 7214 7305 E gralloc4: Empty SMPTE 2094-40 data
03-14 17:03:28.128 7214 7305 E gralloc4: Empty SMPTE 2094-40 data
03-14 17:03:28.144 7214 7305 E gralloc4: Empty SMPTE 2094-40 data
03-14 17:03:28.159 7214 7305 E gralloc4: Empty SMPTE 2094-40 data
03-14 17:03:28.177 7214 7305 E gralloc4: Empty SMPTE 2094-40 data
03-14 17:03:28.192 7214 7305 E gralloc4: Empty SMPTE 2094-40 data
03-14 17:03:28.208 7214 7305 E gralloc4: Empty SMPTE 2094-40 data
03-14 17:03:28.225 7214 7305 E gralloc4: Empty SMPTE 2094-40 data
03-14 17:03:28.242 7214 7305 E gralloc4: Empty SMPTE 2094-40 data
03-14 17:03:28.260 7214 7305 E gralloc4: Empty SMPTE 2094-40 data
03-14 17:03:28.275 7214 7305 E gralloc4: Empty SMPTE 2094-40 data
03-14 17:03:28.291 7214 7305 E gralloc4: Empty SMPTE 2094-40 data
03-14 17:03:28.308 7214 7305 E gralloc4: Empty SMPTE 2094-40 data
03-14 17:03:28.325 7214 7305 E gralloc4: Empty SMPTE 2094-40 data
03-14 17:03:28.342 7214 7305 E gralloc4: Empty SMPTE 2094-40 data
03-14 17:03:28.359 7214 7305 E gralloc4: Empty SMPTE 2094-40 data
03-14 17:03:28.375 7214 7305 E gralloc4: Empty SMPTE 2094-40 data
03-14 17:03:28.391 7214 7305 E gralloc4: Empty SMPTE 2094-40 data
03-14 17:03:28.409 7214 7305 E gralloc4: Empty SMPTE 2094-40 data
03-14 17:03:28.427 7214 7305 E gralloc4: Empty SMPTE 2094-40 data
03-14 17:03:28.443 7214 7305 E gralloc4: Empty SMPTE 2094-40 data
03-14 17:03:28.459 7214 7305 E gralloc4: Empty SMPTE 2094-40 data
03-14 17:03:28.475 7214 7305 E gralloc4: Empty SMPTE 2094-40 data
03-14 17:03:28.491 7214 7305 E gralloc4: Empty SMPTE 2094-40 data
03-14 17:03:28.511 7214 7305 E gralloc4: Empty SMPTE 2094-40 data
03-14 17:03:28.526 7214 7305 E gralloc4: Empty SMPTE 2094-40 data
03-14 17:03:28.544 7214 7305 E gralloc4: Empty SMPTE 2094-40 data
03-14 17:03:28.559 7214 7305 E gralloc4: Empty SMPTE 2094-40 data
03-14 17:03:28.576 7214 7305 E gralloc4: Empty SMPTE 2094-40 data
03-14 17:03:28.591 7214 7305 E gralloc4: Empty SMPTE 2094-40 data
03-14 17:03:28.609 7214 7305 E gralloc4: Empty SMPTE 2094-40 data
03-14 17:03:28.624 7214 7305 E gralloc4: Empty SMPTE 2094-40 data
03-14 17:03:28.641 7214 7305 E gralloc4: Empty SMPTE 2094-40 data
03-14 17:03:28.658 7214 7305 E gralloc4: Empty SMPTE 2094-40 data
03-14 17:03:28.675 7214 7305 E gralloc4: Empty SMPTE 2094-40 data
03-14 17:03:28.690 7214 7305 E gralloc4: Empty SMPTE 2094-40 data
03-14 17:03:28.708 7214 7305 E gralloc4: Empty SMPTE 2094-40 data
03-14 17:03:28.723 7214 7305 E gralloc4: Empty SMPTE 2094-40 data
03-14 17:03:28.741 7214 7305 E gralloc4: Empty SMPTE 2094-40 data
03-14 17:03:28.758 7214 7305 E gralloc4: Empty SMPTE 2094-40 data
03-14 17:03:28.776 7214 7305 E gralloc4: Empty SMPTE 2094-40 data
03-14 17:03:28.790 7214 7305 E gralloc4: Empty SMPTE 2094-40 data
03-14 17:03:28.807 7214 7305 E gralloc4: Empty SMPTE 2094-40 data
03-14 17:03:28.824 7214 7305 E gralloc4: Empty SMPTE 2094-40 data
03-14 17:03:28.840 7214 7305 E gralloc4: Empty SMPTE 2094-40 data
03-14 17:03:28.856 7214 7305 E gralloc4: Empty SMPTE 2094-40 data
03-14 17:03:28.873 7214 7305 E gralloc4: Empty SMPTE 2094-40 data
03-14 17:03:28.891 7214 7305 E gralloc4: Empty SMPTE 2094-40 data
03-14 17:03:28.902 7214 7326 E FileUtils: err open mi_exception_log errno=2
03-14 17:03:28.902 7214 7326 E FileUtils: err write to mi_exception_log
03-14 17:03:28.907 7214 7305 E gralloc4: Empty SMPTE 2094-40 data
03-14 17:03:28.928 7214 7305 E gralloc4: Empty SMPTE 2094-40 data
03-14 17:03:28.940 7214 7305 E gralloc4: Empty SMPTE 2094-40 data
03-14 17:03:28.957 7214 7305 E gralloc4: Empty SMPTE 2094-40 data
03-14 17:03:28.974 7214 7305 E gralloc4: Empty SMPTE 2094-40 data
03-14 17:03:28.990 7214 7305 E gralloc4: Empty SMPTE 2094-40 data
03-14 17:03:29.007 7214 7305 E gralloc4: Empty SMPTE 2094-40 data
03-14 17:03:29.023 7214 7305 E gralloc4: Empty SMPTE 2094-40 data
03-14 17:03:29.040 7214 7305 E gralloc4: Empty SMPTE 2094-40 data
03-14 17:03:29.057 7214 7305 E gralloc4: Empty SMPTE 2094-40 data
03-14 17:03:29.074 7214 7305 E gralloc4: Empty SMPTE 2094-40 data
03-14 17:03:29.087 7214 7305 E gralloc4: Empty SMPTE 2094-40 data
03-14 17:03:29.103 7214 7305 E gralloc4: Empty SMPTE 2094-40 data
03-14 17:03:29.131 7214 7305 E gralloc4: Empty SMPTE 2094-40 data
03-14 17:03:29.136 7214 7305 E gralloc4: Empty SMPTE 2094-40 data
03-14 17:03:29.153 7214 7305 E gralloc4: Empty SMPTE 2094-40 data
03-14 17:03:29.171 7214 7305 E gralloc4: Empty SMPTE 2094-40 data
03-14 17:03:29.187 7214 7305 E gralloc4: Empty SMPTE 2094-40 data
03-14 17:03:29.203 7214 7305 E gralloc4: Empty SMPTE 2094-40 data
03-14 17:03:29.219 7214 7305 E gralloc4: Empty SMPTE 2094-40 data
03-14 17:03:29.235 7214 7305 E gralloc4: Empty SMPTE 2094-40 data
03-14 17:03:29.253 7214 7305 E gralloc4: Empty SMPTE 2094-40 data
03-14 17:03:29.272 7214 7305 E gralloc4: Empty SMPTE 2094-40 data
03-14 17:03:29.288 7214 7305 E gralloc4: Empty SMPTE 2094-40 data
03-14 17:03:29.307 7214 7305 E gralloc4: Empty SMPTE 2094-40 data
03-14 17:03:29.322 7214 7305 E gralloc4: Empty SMPTE 2094-40 data
03-14 17:03:29.338 7214 7305 E gralloc4: Empty SMPTE 2094-40 data
03-14 17:03:29.356 7214 7305 E gralloc4: Empty SMPTE 2094-40 data
03-14 17:03:29.371 7214 7305 E gralloc4: Empty SMPTE 2094-40 data
03-14 17:03:29.390 7214 7305 E gralloc4: Empty SMPTE 2094-40 data
03-14 17:03:29.406 7214 7305 E gralloc4: Empty SMPTE 2094-40 data
03-14 17:03:29.423 7214 7305 E gralloc4: Empty SMPTE 2094-40 data
03-14 17:03:29.425 7214 7214 E FileUtils: err write to mi_exception_log
03-14 17:03:29.438 7214 7536 W BpBinder: Slow Binder: BpBinder transact took 338 ms, interface=android.system.keystore2.IKeystoreSecurityLevel, code=2 oneway=false
03-14 17:03:29.457 7214 7305 E gralloc4: Empty SMPTE 2094-40 data
03-14 17:03:29.467 7214 7305 E gralloc4: Empty SMPTE 2094-40 data
03-14 17:03:32.604 7214 7214 E FileUtils: err write to mi_exception_log
03-14 17:03:32.675 7214 7305 E gralloc4: Empty SMPTE 2094-40 data
03-14 17:03:32.689 7214 7305 E gralloc4: Empty SMPTE 2094-40 data
03-14 17:03:32.724 7214 7305 E gralloc4: Empty SMPTE 2094-40 data
03-14 17:03:32.732 7214 7305 E gralloc4: Empty SMPTE 2094-40 data
03-14 17:03:32.750 7214 7305 E gralloc4: Empty SMPTE 2094-40 data
03-14 17:03:32.765 7214 7305 E gralloc4: Empty SMPTE 2094-40 data
03-14 17:03:43.355 7214 7214 E FileUtils: err write to mi_exception_log
03-14 17:03:43.486 7214 7214 E FileUtils: err write to mi_exception_log
03-14 17:03:43.571 7214 7214 E FileUtils: err write to mi_exception_log
03-14 17:03:43.898 7214 7326 E FileUtils: err open mi_exception_log errno=2
03-14 17:03:43.898 7214 7326 E FileUtils: err write to mi_exception_log
03-14 17:03:48.676 7214 7355 E FileUtils: err open mi_exception_log errno=2
03-14 17:03:48.676 7214 7355 E FileUtils: err write to mi_exception_log
03-14 17:03:48.787 7214 7214 E FileUtils: err write to mi_exception_log
03-14 17:03:50.512 7214 7326 E FileUtils: err open mi_exception_log errno=2
03-14 17:03:50.512 7214 7326 E FileUtils: err write to mi_exception_log
03-14 17:03:58.424 7214 7305 E gralloc4: Empty SMPTE 2094-40 data
03-14 17:03:58.426 7214 7214 E FileUtils: err write to mi_exception_log
03-14 17:03:58.436 7214 7305 E gralloc4: Empty SMPTE 2094-40 data
03-14 17:03:58.470 7214 7305 E gralloc4: Empty SMPTE 2094-40 data
03-14 17:03:58.483 7214 7305 E gralloc4: Empty SMPTE 2094-40 data
03-14 17:03:58.499 7214 7305 E gralloc4: Empty SMPTE 2094-40 data
03-14 17:03:58.515 7214 7305 E gralloc4: Empty SMPTE 2094-40 data
03-14 17:03:58.533 7214 7305 E gralloc4: Empty SMPTE 2094-40 data
03-14 17:03:58.553 7214 7305 E gralloc4: Empty SMPTE 2094-40 data
03-14 17:03:58.567 7214 7305 E gralloc4: Empty SMPTE 2094-40 data
03-14 17:03:59.975 7214 7305 E gralloc4: Empty SMPTE 2094-40 data
03-14 17:03:59.992 7214 7305 E gralloc4: Empty SMPTE 2094-40 data
03-14 17:04:00.007 7214 7305 E gralloc4: Empty SMPTE 2094-40 data
03-14 17:04:00.023 7214 7305 E gralloc4: Empty SMPTE 2094-40 data
03-14 17:04:00.048 7214 7305 E gralloc4: Empty SMPTE 2094-40 data
03-14 17:04:00.058 7214 7305 E gralloc4: Empty SMPTE 2094-40 data
03-14 17:04:00.073 7214 7305 E gralloc4: Empty SMPTE 2094-40 data
03-14 17:04:00.092 7214 7305 E gralloc4: Empty SMPTE 2094-40 data
03-14 17:04:00.106 7214 7305 E gralloc4: Empty SMPTE 2094-40 data
03-14 17:04:00.124 7214 7305 E gralloc4: Empty SMPTE 2094-40 data
03-14 17:04:00.140 7214 7305 E gralloc4: Empty SMPTE 2094-40 data
03-14 17:04:00.156 7214 7305 E gralloc4: Empty SMPTE 2094-40 data
03-14 17:04:00.173 7214 7305 E gralloc4: Empty SMPTE 2094-40 data
03-14 17:04:00.196 7214 7305 E gralloc4: Empty SMPTE 2094-40 data
03-14 17:04:00.206 7214 7305 E gralloc4: Empty SMPTE 2094-40 data
03-14 17:04:00.222 7214 7305 E gralloc4: Empty SMPTE 2094-40 data
03-14 17:04:00.239 7214 7305 E gralloc4: Empty SMPTE 2094-40 data
03-14 17:04:01.221 7214 7305 E gralloc4: Empty SMPTE 2094-40 data
03-14 17:04:01.273 7214 7305 E gralloc4: Empty SMPTE 2094-40 data
03-14 17:04:01.374 7214 7214 E FileUtils: err write to mi_exception_log
03-14 17:04:01.407 7214 7214 E FileUtils: err write to mi_exception_log
03-14 17:04:01.456 7214 7305 E gralloc4: Empty SMPTE 2094-40 data
03-14 17:04:01.458 7214 7305 W Parcel : Expecting binder but got null!
03-14 17:04:01.468 7214 7305 E gralloc4: Empty SMPTE 2094-40 data
03-14 17:04:01.477 7214 7305 E gralloc4: Empty SMPTE 2094-40 data
03-14 17:04:01.480 7214 7305 E gralloc4: Empty SMPTE 2094-40 data
03-14 17:04:01.486 7214 7305 E gralloc4: Empty SMPTE 2094-40 data
03-14 17:04:01.490 7214 7305 E gralloc4: Empty SMPTE 2094-40 data
03-14 17:04:01.496 7214 7305 E gralloc4: Empty SMPTE 2094-40 data
03-14 17:04:01.498 7214 7305 E gralloc4: Empty SMPTE 2094-40 data
03-14 17:04:01.505 7214 7305 E gralloc4: Empty SMPTE 2094-40 data
03-14 17:04:01.517 7214 7305 E gralloc4: Empty SMPTE 2094-40 data
03-14 17:04:01.523 7214 7305 E gralloc4: Empty SMPTE 2094-40 data
03-14 17:04:01.534 7214 7305 E gralloc4: Empty SMPTE 2094-40 data
03-14 17:04:01.540 7214 7305 E gralloc4: Empty SMPTE 2094-40 data
03-14 17:04:01.549 7214 7305 E gralloc4: Empty SMPTE 2094-40 data
03-14 17:04:01.554 7214 7305 E gralloc4: Empty SMPTE 2094-40 data
03-14 17:04:01.830 7214 7305 E gralloc4: Empty SMPTE 2094-40 data
03-14 17:04:01.847 7214 7305 E gralloc4: Empty SMPTE 2094-40 data
03-14 17:04:01.863 7214 7305 E gralloc4: Empty SMPTE 2094-40 data
03-14 17:04:01.880 7214 7305 E gralloc4: Empty SMPTE 2094-40 data
03-14 17:04:01.897 7214 7305 E gralloc4: Empty SMPTE 2094-40 data
03-14 17:04:01.913 7214 7305 E gralloc4: Empty SMPTE 2094-40 data
03-14 17:04:01.930 7214 7305 E gralloc4: Empty SMPTE 2094-40 data
03-14 17:04:01.946 7214 7305 E gralloc4: Empty SMPTE 2094-40 data
03-14 17:04:01.963 7214 7305 E gralloc4: Empty SMPTE 2094-40 data
03-14 17:04:01.980 7214 7305 E gralloc4: Empty SMPTE 2094-40 data
03-14 17:04:01.996 7214 7305 E gralloc4: Empty SMPTE 2094-40 data
03-14 17:04:02.013 7214 7305 E gralloc4: Empty SMPTE 2094-40 data
03-14 17:04:02.030 7214 7305 E gralloc4: Empty SMPTE 2094-40 data
03-14 17:04:02.046 7214 7305 E gralloc4: Empty SMPTE 2094-40 data
03-14 17:04:02.063 7214 7305 E gralloc4: Empty SMPTE 2094-40 data
03-14 17:04:02.080 7214 7305 E gralloc4: Empty SMPTE 2094-40 data
03-14 17:04:02.095 7214 7305 E gralloc4: Empty SMPTE 2094-40 data
03-14 17:04:02.461 7214 7305 E gralloc4: Empty SMPTE 2094-40 data
03-14 17:04:02.955 7214 7305 E gralloc4: Empty SMPTE 2094-40 data
03-14 17:04:02.963 7214 7305 E gralloc4: Empty SMPTE 2094-40 data
03-14 17:04:02.978 7214 7305 E gralloc4: Empty SMPTE 2094-40 data
03-14 17:04:02.992 7214 7214 W OnBackInvokedCallback: OnBackInvokedCallback is not enabled for the application.
03-14 17:04:02.992 7214 7214 W OnBackInvokedCallback: Set 'android:enableOnBackInvokedCallback="true"' in the application manifest.
03-14 17:04:02.995 7214 7305 E gralloc4: Empty SMPTE 2094-40 data
03-14 17:04:03.010 7214 7305 E gralloc4: Empty SMPTE 2094-40 data
03-14 17:04:03.029 7214 7305 E gralloc4: Empty SMPTE 2094-40 data
03-14 17:04:03.046 7214 7305 E gralloc4: Empty SMPTE 2094-40 data
03-14 17:04:03.065 7214 7305 E gralloc4: Empty SMPTE 2094-40 data
03-14 17:04:03.424 7214 7305 E gralloc4: Empty SMPTE 2094-40 data
03-14 17:04:03.441 7214 7305 E gralloc4: Empty SMPTE 2094-40 data
03-14 17:04:03.458 7214 7305 E gralloc4: Empty SMPTE 2094-40 data
03-14 17:04:03.475 7214 7305 E gralloc4: Empty SMPTE 2094-40 data
03-14 17:04:03.491 7214 7305 E gralloc4: Empty SMPTE 2094-40 data
03-14 17:04:03.508 7214 7305 E gralloc4: Empty SMPTE 2094-40 data
03-14 17:04:03.524 7214 7305 E gralloc4: Empty SMPTE 2094-40 data
03-14 17:04:03.540 7214 7305 E gralloc4: Empty SMPTE 2094-40 data
03-14 17:04:03.557 7214 7305 E gralloc4: Empty SMPTE 2094-40 data
03-14 17:04:03.574 7214 7305 E gralloc4: Empty SMPTE 2094-40 data
03-14 17:04:03.590 7214 7305 E gralloc4: Empty SMPTE 2094-40 data
03-14 17:04:03.607 7214 7305 E gralloc4: Empty SMPTE 2094-40 data
03-14 17:04:03.624 7214 7305 E gralloc4: Empty SMPTE 2094-40 data
03-14 17:04:03.640 7214 7305 E gralloc4: Empty SMPTE 2094-40 data
03-14 17:04:03.657 7214 7305 E gralloc4: Empty SMPTE 2094-40 data
03-14 17:04:03.673 7214 7305 E gralloc4: Empty SMPTE 2094-40 data
03-14 17:04:03.690 7214 7305 E gralloc4: Empty SMPTE 2094-40 data
03-14 17:04:03.973 7214 7305 E gralloc4: Empty SMPTE 2094-40 data
03-14 17:04:04.471 7214 7305 E gralloc4: Empty SMPTE 2094-40 data
03-14 17:04:04.623 7214 7305 E gralloc4: Empty SMPTE 2094-40 data
03-14 17:04:04.637 7214 7305 E gralloc4: Empty SMPTE 2094-40 data
03-14 17:04:04.656 7214 7305 E gralloc4: Empty SMPTE 2094-40 data
03-14 17:04:04.670 7214 7305 E gralloc4: Empty SMPTE 2094-40 data
03-14 17:04:04.671 7214 7305 W Parcel : Expecting binder but got null!
03-14 17:04:04.675 7214 7305 E gralloc4: Empty SMPTE 2094-40 data
03-14 17:04:04.678 7214 7305 E gralloc4: Empty SMPTE 2094-40 data
03-14 17:04:04.686 7214 7305 E gralloc4: Empty SMPTE 2094-40 data
03-14 17:04:04.690 7214 7305 E gralloc4: Empty SMPTE 2094-40 data
03-14 17:04:04.703 7214 7305 E gralloc4: Empty SMPTE 2094-40 data
03-14 17:04:04.705 7214 7305 E gralloc4: Empty SMPTE 2094-40 data
