03-14 21:16:50.099 13208 13208 E ArmVmp : Match on catch block at 0xc3 in for 0x766bd9a025
03-14 21:16:50.103 13208 13208 E ArmVmp : Match on catch block at 0xc3 in for 0x766bd9a025
03-14 21:16:50.108 13208 13284 E gralloc4: Empty SMPTE 2094-40 data
03-14 21:16:50.116 13208 13208 E ArmVmp : Match on catch block at 0xc3 in for 0x766bd9a025
03-14 21:16:50.121 13208 13208 E ArmVmp : Match on catch block at 0xc3 in for 0x766bd9a025
03-14 21:16:50.131 13208 13284 E gralloc4: Empty SMPTE 2094-40 data
03-14 21:16:50.133 13208 13208 E ArmVmp : Match on catch block at 0xc3 in for 0x766bd9a025
03-14 21:16:50.138 13208 13208 E ArmVmp : Match on catch block at 0xc3 in for 0x766bd9a025
03-14 21:16:50.148 13208 13284 E gralloc4: Empty SMPTE 2094-40 data
03-14 21:16:50.150 13208 13208 E ArmVmp : Match on catch block at 0xc3 in for 0x766bd9a025
03-14 21:16:50.155 13208 13208 E ArmVmp : Match on catch block at 0xc3 in for 0x766bd9a025
03-14 21:16:50.366 13208 13208 E ArmVmp : Match on catch block at 0xc3 in for 0x766bd9a025
03-14 21:16:50.370 13208 13208 E ArmVmp : Match on catch block at 0xc3 in for 0x766bd9a025
03-14 21:16:50.378 13208 13284 E gralloc4: Empty SMPTE 2094-40 data
03-14 21:16:50.882 13208 13208 E ArmVmp : Match on catch block at 0xc3 in for 0x766bd9a025
03-14 21:16:50.885 13208 13208 E ArmVmp : Match on catch block at 0xc3 in for 0x766bd9a025
03-14 21:16:50.891 13208 13284 E gralloc4: Empty SMPTE 2094-40 data
03-14 21:16:51.381 13208 13208 E ArmVmp : Match on catch block at 0xc3 in for 0x766bd9a025
03-14 21:16:51.383 13208 13208 E ArmVmp : Match on catch block at 0xc3 in for 0x766bd9a025
03-14 21:16:51.390 13208 13284 E gralloc4: Empty SMPTE 2094-40 data
03-14 21:16:51.685 13208 13208 E ArmVmp : Match on catch block at 0xc3 in for 0x766bd9a025
03-14 21:16:51.688 13208 13208 E ArmVmp : Match on catch block at 0xc3 in for 0x766bd9a025
03-14 21:16:51.696 13208 13208 E ArmVmp : Match on catch block at 0xc3 in for 0x766bd9a025
03-14 21:16:51.698 13208 13284 E gralloc4: Empty SMPTE 2094-40 data
03-14 21:16:51.701 13208 13208 E ArmVmp : Match on catch block at 0xc3 in for 0x766bd9a025
03-14 21:16:51.707 13208 13284 E gralloc4: Empty SMPTE 2094-40 data
03-14 21:16:51.874 13208 13208 E ArmVmp : Match on catch block at 0xc3 in for 0x766bd9a025
03-14 21:16:51.876 13208 13208 E ArmVmp : Match on catch block at 0xc3 in for 0x766bd9a025
03-14 21:16:51.882 13208 13284 E gralloc4: Empty SMPTE 2094-40 data
03-14 21:16:52.374 13208 13208 E ArmVmp : Match on catch block at 0xc3 in for 0x766bd9a025
03-14 21:16:52.376 13208 13208 E ArmVmp : Match on catch block at 0xc3 in for 0x766bd9a025
03-14 21:16:52.383 13208 13284 E gralloc4: Empty SMPTE 2094-40 data
03-14 21:16:52.875 13208 13208 E ArmVmp : Match on catch block at 0xc3 in for 0x766bd9a025
03-14 21:16:52.879 13208 13208 E ArmVmp : Match on catch block at 0xc3 in for 0x766bd9a025
03-14 21:16:52.889 13208 13284 E gralloc4: Empty SMPTE 2094-40 data
03-14 21:16:53.292 13208 13208 E ArmVmp : Match on catch block at 0xc3 in for 0x766bd9a025
03-14 21:16:53.298 13208 13208 E ArmVmp : Match on catch block at 0xc3 in for 0x766bd9a025
03-14 21:16:53.304 13208 13284 E gralloc4: Empty SMPTE 2094-40 data
03-14 21:16:53.306 13208 13208 E ArmVmp : Match on catch block at 0xc3 in for 0x766bd9a025
03-14 21:16:53.309 13208 13208 E ArmVmp : Match on catch block at 0xc3 in for 0x766bd9a025
03-14 21:16:53.314 13208 13284 E gralloc4: Empty SMPTE 2094-40 data
03-14 21:16:53.322 13208 13208 E ArmVmp : Match on catch block at 0xc3 in for 0x766bd9a025
03-14 21:16:53.325 13208 13208 E ArmVmp : Match on catch block at 0xc3 in for 0x766bd9a025
03-14 21:16:53.329 13208 13284 E gralloc4: Empty SMPTE 2094-40 data
03-14 21:16:53.339 13208 13208 E ArmVmp : Match on catch block at 0xc3 in for 0x766bd9a025
03-14 21:16:53.341 13208 13208 E ArmVmp : Match on catch block at 0xc3 in for 0x766bd9a025
03-14 21:16:53.346 13208 13284 E gralloc4: Empty SMPTE 2094-40 data
03-14 21:16:53.355 13208 13208 E ArmVmp : Match on catch block at 0xc3 in for 0x766bd9a025
03-14 21:16:53.358 13208 13208 E ArmVmp : Match on catch block at 0xc3 in for 0x766bd9a025
03-14 21:16:53.364 13208 13284 E gralloc4: Empty SMPTE 2094-40 data
03-14 21:16:53.370 13208 13208 E ArmVmp : Match on catch block at 0xc3 in for 0x766bd9a025
03-14 21:16:53.373 13208 13208 E ArmVmp : Match on catch block at 0xc3 in for 0x766bd9a025
03-14 21:16:53.379 13208 13284 E gralloc4: Empty SMPTE 2094-40 data
03-14 21:16:53.392 13208 13208 E ArmVmp : Match on catch block at 0xc3 in for 0x766bd9a025
03-14 21:16:53.394 13208 13208 E ArmVmp : Match on catch block at 0xc3 in for 0x766bd9a025
03-14 21:16:53.400 13208 13284 E gralloc4: Empty SMPTE 2094-40 data
03-14 21:16:53.402 13208 13208 E ArmVmp : Match on catch block at 0xc3 in for 0x766bd9a025
03-14 21:16:53.405 13208 13208 E ArmVmp : Match on catch block at 0xc3 in for 0x766bd9a025
03-14 21:16:53.410 13208 13284 E gralloc4: Empty SMPTE 2094-40 data
03-14 21:16:53.884 13208 13208 E ArmVmp : Match on catch block at 0xc3 in for 0x766bd9a025
03-14 21:16:53.886 13208 13208 E ArmVmp : Match on catch block at 0xc3 in for 0x766bd9a025
03-14 21:16:53.893 13208 13284 E gralloc4: Empty SMPTE 2094-40 data
03-14 21:16:54.383 13208 13208 E ArmVmp : Match on catch block at 0xc3 in for 0x766bd9a025
03-14 21:16:54.388 13208 13208 E ArmVmp : Match on catch block at 0xc3 in for 0x766bd9a025
03-14 21:16:54.400 13208 13284 E gralloc4: Empty SMPTE 2094-40 data
03-14 21:16:54.883 13208 13208 E ArmVmp : Match on catch block at 0xc3 in for 0x766bd9a025
03-14 21:16:54.888 13208 13208 E ArmVmp : Match on catch block at 0xc3 in for 0x766bd9a025
03-14 21:16:54.901 13208 13284 E gralloc4: Empty SMPTE 2094-40 data
03-14 21:16:55.002 13208 13208 E ArmVmp : Match on catch block at 0xc3 in for 0x766bd9a025
03-14 21:16:55.007 13208 13208 E ArmVmp : Match on catch block at 0xc3 in for 0x766bd9a025
03-14 21:16:55.016 13208 13208 E ArmVmp : Match on catch block at 0xc3 in for 0x766bd9a025
03-14 21:16:55.016 13208 13284 E gralloc4: Empty SMPTE 2094-40 data
03-14 21:16:55.024 13208 13208 E ArmVmp : Match on catch block at 0xc3 in for 0x766bd9a025
03-14 21:16:55.034 13208 13208 E ArmVmp : Match on catch block at 0xc3 in for 0x766bd9a025
03-14 21:16:55.038 13208 13284 E gralloc4: Empty SMPTE 2094-40 data
03-14 21:16:55.043 13208 13208 E ArmVmp : Match on catch block at 0xc3 in for 0x766bd9a025
03-14 21:16:55.050 13208 13208 E ArmVmp : Match on catch block at 0xc3 in for 0x766bd9a025
03-14 21:16:55.054 13208 13284 E gralloc4: Empty SMPTE 2094-40 data
03-14 21:16:55.057 13208 13208 E ArmVmp : Match on catch block at 0xc3 in for 0x766bd9a025
03-14 21:16:55.066 13208 13208 E ArmVmp : Match on catch block at 0xc3 in for 0x766bd9a025
03-14 21:16:55.067 13208 13284 E gralloc4: Empty SMPTE 2094-40 data
03-14 21:16:55.073 13208 13208 E ArmVmp : Match on catch block at 0xc3 in for 0x766bd9a025
03-14 21:16:55.084 13208 13208 E ArmVmp : Match on catch block at 0xc3 in for 0x766bd9a025
03-14 21:16:55.085 13208 13284 E gralloc4: Empty SMPTE 2094-40 data
03-14 21:16:55.091 13208 13208 E ArmVmp : Match on catch block at 0xc3 in for 0x766bd9a025
03-14 21:16:55.100 13208 13208 E ArmVmp : Match on catch block at 0xc3 in for 0x766bd9a025
03-14 21:16:55.102 13208 13284 E gralloc4: Empty SMPTE 2094-40 data
03-14 21:16:55.105 13208 13208 E ArmVmp : Match on catch block at 0xc3 in for 0x766bd9a025
03-14 21:16:55.113 13208 13284 E gralloc4: Empty SMPTE 2094-40 data
03-14 21:16:55.114 13208 13208 E ArmVmp : Match on catch block at 0xc3 in for 0x766bd9a025
03-14 21:16:55.118 13208 13208 E ArmVmp : Match on catch block at 0xc3 in for 0x766bd9a025
03-14 21:16:55.126 13208 13284 E gralloc4: Empty SMPTE 2094-40 data
03-14 21:16:55.131 13208 13208 E ArmVmp : Match on catch block at 0xc3 in for 0x766bd9a025
03-14 21:16:55.134 13208 13208 E ArmVmp : Match on catch block at 0xc3 in for 0x766bd9a025
03-14 21:16:55.141 13208 13284 E gralloc4: Empty SMPTE 2094-40 data
03-14 21:16:55.147 13208 13208 E ArmVmp : Match on catch block at 0xc3 in for 0x766bd9a025
03-14 21:16:55.151 13208 13208 E ArmVmp : Match on catch block at 0xc3 in for 0x766bd9a025
03-14 21:16:55.157 13208 13284 E gralloc4: Empty SMPTE 2094-40 data
03-14 21:16:55.164 13208 13208 E ArmVmp : Match on catch block at 0xc3 in for 0x766bd9a025
03-14 21:16:55.167 13208 13208 E ArmVmp : Match on catch block at 0xc3 in for 0x766bd9a025
03-14 21:16:55.173 13208 13284 E gralloc4: Empty SMPTE 2094-40 data
03-14 21:16:55.180 13208 13208 E ArmVmp : Match on catch block at 0xc3 in for 0x766bd9a025
03-14 21:16:55.183 13208 13208 E ArmVmp : Match on catch block at 0xc3 in for 0x766bd9a025
03-14 21:16:55.189 13208 13284 E gralloc4: Empty SMPTE 2094-40 data
03-14 21:16:55.197 13208 13208 E ArmVmp : Match on catch block at 0xc3 in for 0x766bd9a025
03-14 21:16:55.200 13208 13208 E ArmVmp : Match on catch block at 0xc3 in for 0x766bd9a025
03-14 21:16:55.206 13208 13284 E gralloc4: Empty SMPTE 2094-40 data
03-14 21:16:55.213 13208 13208 E ArmVmp : Match on catch block at 0xc3 in for 0x766bd9a025
03-14 21:16:55.217 13208 13208 E ArmVmp : Match on catch block at 0xc3 in for 0x766bd9a025
03-14 21:16:55.223 13208 13284 E gralloc4: Empty SMPTE 2094-40 data
03-14 21:16:55.230 13208 13208 E ArmVmp : Match on catch block at 0xc3 in for 0x766bd9a025
03-14 21:16:55.233 13208 13208 E ArmVmp : Match on catch block at 0xc3 in for 0x766bd9a025
03-14 21:16:55.240 13208 13284 E gralloc4: Empty SMPTE 2094-40 data
03-14 21:16:55.246 13208 13208 E ArmVmp : Match on catch block at 0xc3 in for 0x766bd9a025
03-14 21:16:55.250 13208 13208 E ArmVmp : Match on catch block at 0xc3 in for 0x766bd9a025
03-14 21:16:55.256 13208 13284 E gralloc4: Empty SMPTE 2094-40 data
03-14 21:16:55.263 13208 13208 E ArmVmp : Match on catch block at 0xc3 in for 0x766bd9a025
03-14 21:16:55.267 13208 13208 E ArmVmp : Match on catch block at 0xc3 in for 0x766bd9a025
03-14 21:16:55.395 13208 13208 E ArmVmp : Match on catch block at 0xc3 in for 0x766bd9a025
03-14 21:16:55.400 13208 13208 E ArmVmp : Match on catch block at 0xc3 in for 0x766bd9a025
03-14 21:16:55.407 13208 13284 E gralloc4: Empty SMPTE 2094-40 data
03-14 21:16:55.895 13208 13208 E ArmVmp : Match on catch block at 0xc3 in for 0x766bd9a025
03-14 21:16:55.900 13208 13208 E ArmVmp : Match on catch block at 0xc3 in for 0x766bd9a025
03-14 21:16:55.910 13208 13284 E gralloc4: Empty SMPTE 2094-40 data
03-14 21:16:56.194 13208 13208 E ArmVmp : Match on catch block at 0xc3 in for 0x766bd9a025
03-14 21:16:56.196 13208 13208 E ArmVmp : Match on catch block at 0xc3 in for 0x766bd9a025
03-14 21:16:56.203 13208 13284 E gralloc4: Empty SMPTE 2094-40 data
03-14 21:16:56.211 13208 13208 E ArmVmp : Match on catch block at 0xc3 in for 0x766bd9a025
03-14 21:16:56.213 13208 13208 E ArmVmp : Match on catch block at 0xc3 in for 0x766bd9a025
03-14 21:16:56.216 13208 13284 E gralloc4: Empty SMPTE 2094-40 data
03-14 21:16:56.232 13208 13284 E gralloc4: Empty SMPTE 2094-40 data
03-14 21:16:56.236 13208 13284 E gralloc4: Empty SMPTE 2094-40 data
03-14 21:16:56.237 13208 13284 W Parcel : Expecting binder but got null!
03-14 21:16:56.254 13208 13208 E ArmVmp : Match on catch block at 0xc3 in for 0x766bd9a025
03-14 21:16:56.257 13208 13208 E ArmVmp : Match on catch block at 0xc3 in for 0x766bd9a025
03-14 21:16:56.263 13208 13284 E gralloc4: Empty SMPTE 2094-40 data
03-14 21:16:56.267 13208 13284 E gralloc4: Empty SMPTE 2094-40 data
03-14 21:16:56.269 13208 13208 E ArmVmp : Match on catch block at 0xc3 in for 0x766bd9a025
03-14 21:16:56.272 13208 13208 E ArmVmp : Match on catch block at 0xc3 in for 0x766bd9a025
03-14 21:16:56.282 13208 13208 E ArmVmp : Match on catch block at 0xc3 in for 0x766bd9a025
03-14 21:16:56.283 13208 13284 E gralloc4: Empty SMPTE 2094-40 data
03-14 21:16:56.285 13208 13208 E ArmVmp : Match on catch block at 0xc3 in for 0x766bd9a025
03-14 21:16:56.291 13208 13284 E gralloc4: Empty SMPTE 2094-40 data
03-14 21:16:56.297 13208 13208 E ArmVmp : Match on catch block at 0xc3 in for 0x766bd9a025
03-14 21:16:56.300 13208 13208 E ArmVmp : Match on catch block at 0xc3 in for 0x766bd9a025
03-14 21:16:56.306 13208 13284 E gralloc4: Empty SMPTE 2094-40 data
03-14 21:16:56.309 13208 13208 E ArmVmp : Match on catch block at 0xc3 in for 0x766bd9a025
03-14 21:16:56.312 13208 13208 E ArmVmp : Match on catch block at 0xc3 in for 0x766bd9a025
03-14 21:16:56.318 13208 13284 E gralloc4: Empty SMPTE 2094-40 data
03-14 21:16:56.331 13208 13284 E gralloc4: Empty SMPTE 2094-40 data
03-14 21:16:56.347 13208 13284 E gralloc4: Empty SMPTE 2094-40 data
03-14 21:16:56.365 13208 13284 E gralloc4: Empty SMPTE 2094-40 data
03-14 21:16:56.382 13208 13284 E gralloc4: Empty SMPTE 2094-40 data
03-14 21:16:56.394 13208 13208 E ArmVmp : Match on catch block at 0xc3 in for 0x766bd9a025
03-14 21:16:56.398 13208 13284 E gralloc4: Empty SMPTE 2094-40 data
03-14 21:16:56.403 13208 13208 E ArmVmp : Match on catch block at 0xc3 in for 0x766bd9a025
03-14 21:16:56.415 13208 13284 E gralloc4: Empty SMPTE 2094-40 data
03-14 21:16:56.429 13208 13284 E gralloc4: Empty SMPTE 2094-40 data
03-14 21:16:56.450 13208 13284 E gralloc4: Empty SMPTE 2094-40 data
03-14 21:16:56.466 13208 13284 E gralloc4: Empty SMPTE 2094-40 data
03-14 21:16:56.483 13208 13284 E gralloc4: Empty SMPTE 2094-40 data
03-14 21:16:56.499 13208 13284 E gralloc4: Empty SMPTE 2094-40 data
03-14 21:16:56.516 13208 13284 E gralloc4: Empty SMPTE 2094-40 data
03-14 21:16:56.533 13208 13284 E gralloc4: Empty SMPTE 2094-40 data
03-14 21:16:56.548 13208 13284 E gralloc4: Empty SMPTE 2094-40 data
03-14 21:16:56.563 13208 13284 E gralloc4: Empty SMPTE 2094-40 data
03-14 21:16:56.582 13208 13284 E gralloc4: Empty SMPTE 2094-40 data
03-14 21:16:56.599 13208 13284 E gralloc4: Empty SMPTE 2094-40 data
03-14 21:16:56.616 13208 13284 E gralloc4: Empty SMPTE 2094-40 data
03-14 21:16:56.632 13208 13284 E gralloc4: Empty SMPTE 2094-40 data
03-14 21:16:56.649 13208 13284 E gralloc4: Empty SMPTE 2094-40 data
03-14 21:16:56.665 13208 13284 E gralloc4: Empty SMPTE 2094-40 data
03-14 21:16:56.677 13208 13208 E ArmVmp : Match on catch block at 0xc3 in for 0x766bd9a025
03-14 21:16:56.682 13208 13284 E gralloc4: Empty SMPTE 2094-40 data
03-14 21:16:56.685 13208 13208 E ArmVmp : Match on catch block at 0xc3 in for 0x766bd9a025
03-14 21:16:56.697 13208 13284 E gralloc4: Empty SMPTE 2094-40 data
03-14 21:16:56.715 13208 13284 E gralloc4: Empty SMPTE 2094-40 data
03-14 21:16:56.732 13208 13284 E gralloc4: Empty SMPTE 2094-40 data
03-14 21:16:56.749 13208 13284 E gralloc4: Empty SMPTE 2094-40 data
03-14 21:16:56.765 13208 13284 E gralloc4: Empty SMPTE 2094-40 data
03-14 21:16:56.782 13208 13284 E gralloc4: Empty SMPTE 2094-40 data
03-14 21:16:56.798 13208 13284 E gralloc4: Empty SMPTE 2094-40 data
03-14 21:16:56.815 13208 13284 E gralloc4: Empty SMPTE 2094-40 data
03-14 21:16:56.832 13208 13284 E gralloc4: Empty SMPTE 2094-40 data
03-14 21:16:56.848 13208 13284 E gralloc4: Empty SMPTE 2094-40 data
03-14 21:16:56.865 13208 13284 E gralloc4: Empty SMPTE 2094-40 data
03-14 21:16:56.882 13208 13284 E gralloc4: Empty SMPTE 2094-40 data
03-14 21:16:56.894 13208 13208 E ArmVmp : Match on catch block at 0xc3 in for 0x766bd9a025
03-14 21:16:56.899 13208 13284 E gralloc4: Empty SMPTE 2094-40 data
03-14 21:16:56.903 13208 13208 E ArmVmp : Match on catch block at 0xc3 in for 0x766bd9a025
03-14 21:16:56.913 13208 13284 E gralloc4: Empty SMPTE 2094-40 data
03-14 21:16:56.931 13208 13284 E gralloc4: Empty SMPTE 2094-40 data
03-14 21:16:56.948 13208 13284 E gralloc4: Empty SMPTE 2094-40 data
03-14 21:16:56.965 13208 13284 E gralloc4: Empty SMPTE 2094-40 data
03-14 21:16:56.981 13208 13284 E gralloc4: Empty SMPTE 2094-40 data
03-14 21:16:56.998 13208 13284 E gralloc4: Empty SMPTE 2094-40 data
03-14 21:16:57.014 13208 13284 E gralloc4: Empty SMPTE 2094-40 data
03-14 21:16:57.030 13208 13284 E gralloc4: Empty SMPTE 2094-40 data
03-14 21:16:57.044 13208 13208 E ArmVmp : Match on catch block at 0xc3 in for 0x766bd9a025
03-14 21:16:57.048 13208 13284 E gralloc4: Empty SMPTE 2094-40 data
03-14 21:16:57.053 13208 13208 E ArmVmp : Match on catch block at 0xc3 in for 0x766bd9a025
03-14 21:16:57.060 13208 13284 E gralloc4: Empty SMPTE 2094-40 data
03-14 21:16:57.075 13208 13208 E ArmVmp : Match on catch block at 0xc3 in for 0x766bd9a025
03-14 21:16:57.082 13208 13208 E ArmVmp : Match on catch block at 0xc3 in for 0x766bd9a025
03-14 21:16:57.087 13208 13284 E gralloc4: Empty SMPTE 2094-40 data
03-14 21:16:57.391 13208 13208 E ArmVmp : Match on catch block at 0xc3 in for 0x766bd9a025
03-14 21:16:57.398 13208 13208 E ArmVmp : Match on catch block at 0xc3 in for 0x766bd9a025
03-14 21:16:57.405 13208 13284 E gralloc4: Empty SMPTE 2094-40 data
03-14 21:16:57.444 13208 13284 E gralloc4: Empty SMPTE 2094-40 data
03-14 21:16:57.459 13208 13284 E gralloc4: Empty SMPTE 2094-40 data
03-14 21:16:57.473 13208 13284 E gralloc4: Empty SMPTE 2094-40 data
03-14 21:16:57.490 13208 13284 E gralloc4: Empty SMPTE 2094-40 data
03-14 21:16:57.507 13208 13284 E gralloc4: Empty SMPTE 2094-40 data
03-14 21:16:57.527 13208 13284 E gralloc4: Empty SMPTE 2094-40 data
03-14 21:16:57.543 13208 13284 E gralloc4: Empty SMPTE 2094-40 data
03-14 21:16:57.551 13208 13284 E gralloc4: Empty SMPTE 2094-40 data
03-14 21:16:57.551 13208 13284 W Parcel : Expecting binder but got null!
03-14 21:16:57.557 13208 13284 E gralloc4: Empty SMPTE 2094-40 data
03-14 21:16:57.559 13208 13208 E ArmVmp : Match on catch block at 0xc3 in for 0x766bd9a025
03-14 21:16:57.561 13208 13208 E ArmVmp : Match on catch block at 0xc3 in for 0x766bd9a025
03-14 21:16:57.563 13208 13284 E gralloc4: Empty SMPTE 2094-40 data
03-14 21:16:57.573 13208 13284 E gralloc4: Empty SMPTE 2094-40 data
03-14 21:16:57.577 13208 13284 E gralloc4: Empty SMPTE 2094-40 data
03-14 21:16:57.580 13208 13284 E gralloc4: Empty SMPTE 2094-40 data
03-14 21:16:57.586 13208 13208 E ArmVmp : Match on catch block at 0xc3 in for 0x766bd9a025
03-14 21:16:57.588 13208 13208 E ArmVmp : Match on catch block at 0xc3 in for 0x766bd9a025
03-14 21:16:57.601 13208 13284 E gralloc4: Empty SMPTE 2094-40 data
03-14 21:16:57.604 13208 13284 E gralloc4: Empty SMPTE 2094-40 data
03-14 21:16:57.608 13208 13208 E ArmVmp : Match on catch block at 0xc3 in for 0x766bd9a025
03-14 21:16:57.609 13208 13284 E gralloc4: Empty SMPTE 2094-40 data
03-14 21:16:57.610 13208 13208 E ArmVmp : Match on catch block at 0xc3 in for 0x766bd9a025
03-14 21:16:57.621 13208 13284 E gralloc4: Empty SMPTE 2094-40 data
03-14 21:16:57.624 13208 13284 E gralloc4: Empty SMPTE 2094-40 data
03-14 21:16:57.626 13208 13284 E gralloc4: Empty SMPTE 2094-40 data
03-14 21:16:57.629 13208 13208 E ArmVmp : Match on catch block at 0xc3 in for 0x766bd9a025
03-14 21:16:57.631 13208 13208 E ArmVmp : Match on catch block at 0xc3 in for 0x766bd9a025
03-14 21:16:57.644 13208 13284 E gralloc4: Empty SMPTE 2094-40 data
03-14 21:16:57.646 13208 13284 E gralloc4: Empty SMPTE 2094-40 data
03-14 21:16:57.648 13208 13284 E gralloc4: Empty SMPTE 2094-40 data
03-14 21:16:57.650 13208 13208 E ArmVmp : Match on catch block at 0xc3 in for 0x766bd9a025
03-14 21:16:57.652 13208 13208 E ArmVmp : Match on catch block at 0xc3 in for 0x766bd9a025
03-14 21:16:57.660 13208 13284 E gralloc4: Empty SMPTE 2094-40 data
03-14 21:16:57.664 13208 13284 E gralloc4: Empty SMPTE 2094-40 data
03-14 21:16:57.668 13208 13284 E gralloc4: Empty SMPTE 2094-40 data
03-14 21:16:57.669 13208 13208 E ArmVmp : Match on catch block at 0xc3 in for 0x766bd9a025
03-14 21:16:57.671 13208 13208 E ArmVmp : Match on catch block at 0xc3 in for 0x766bd9a025
03-14 21:16:57.675 13208 13284 E gralloc4: Empty SMPTE 2094-40 data
03-14 21:16:57.681 13208 13284 E gralloc4: Empty SMPTE 2094-40 data
03-14 21:16:57.686 13208 13284 E gralloc4: Empty SMPTE 2094-40 data
03-14 21:16:57.686 13208 13208 E ArmVmp : Match on catch block at 0xc3 in for 0x766bd9a025
03-14 21:16:57.688 13208 13208 E ArmVmp : Match on catch block at 0xc3 in for 0x766bd9a025
03-14 21:16:57.692 13208 13284 E gralloc4: Empty SMPTE 2094-40 data
03-14 21:16:57.699 13208 13284 E gralloc4: Empty SMPTE 2094-40 data
03-14 21:16:57.703 13208 13284 E gralloc4: Empty SMPTE 2094-40 data
03-14 21:16:57.708 13208 13284 E gralloc4: Empty SMPTE 2094-40 data
03-14 21:16:57.725 13208 13284 E gralloc4: Empty SMPTE 2094-40 data
03-14 21:16:57.742 13208 13284 E gralloc4: Empty SMPTE 2094-40 data
03-14 21:16:57.759 13208 13284 E gralloc4: Empty SMPTE 2094-40 data
03-14 21:16:57.776 13208 13284 E gralloc4: Empty SMPTE 2094-40 data
03-14 21:16:57.794 13208 13284 E gralloc4: Empty SMPTE 2094-40 data
03-14 21:16:57.812 13208 13284 E gralloc4: Empty SMPTE 2094-40 data
03-14 21:16:57.829 13208 13284 E gralloc4: Empty SMPTE 2094-40 data
03-14 21:16:57.846 13208 13284 E gralloc4: Empty SMPTE 2094-40 data
03-14 21:16:57.864 13208 13284 E gralloc4: Empty SMPTE 2094-40 data
03-14 21:16:57.880 13208 13284 E gralloc4: Empty SMPTE 2094-40 data
03-14 21:16:57.896 13208 13284 E gralloc4: Empty SMPTE 2094-40 data
03-14 21:16:57.913 13208 13284 E gralloc4: Empty SMPTE 2094-40 data
03-14 21:16:57.926 13208 13284 E gralloc4: Empty SMPTE 2094-40 data
03-14 21:16:57.947 13208 13284 E gralloc4: Empty SMPTE 2094-40 data
03-14 21:16:57.961 13208 13284 E gralloc4: Empty SMPTE 2094-40 data
03-14 21:16:57.981 13208 13284 E gralloc4: Empty SMPTE 2094-40 data
03-14 21:16:57.996 13208 13284 E gralloc4: Empty SMPTE 2094-40 data
03-14 21:16:58.012 13208 13284 E gralloc4: Empty SMPTE 2094-40 data
03-14 21:16:58.029 13208 13284 E gralloc4: Empty SMPTE 2094-40 data
03-14 21:16:58.045 13208 13284 E gralloc4: Empty SMPTE 2094-40 data
03-14 21:16:58.064 13208 13284 E gralloc4: Empty SMPTE 2094-40 data
03-14 21:16:58.079 13208 13284 E gralloc4: Empty SMPTE 2094-40 data
03-14 21:16:58.095 13208 13284 E gralloc4: Empty SMPTE 2094-40 data
03-14 21:16:58.112 13208 13284 E gralloc4: Empty SMPTE 2094-40 data
03-14 21:16:58.129 13208 13284 E gralloc4: Empty SMPTE 2094-40 data
03-14 21:16:58.145 13208 13284 E gralloc4: Empty SMPTE 2094-40 data
03-14 21:16:58.162 13208 13284 E gralloc4: Empty SMPTE 2094-40 data
03-14 21:16:58.178 13208 13284 E gralloc4: Empty SMPTE 2094-40 data
03-14 21:16:58.195 13208 13284 E gralloc4: Empty SMPTE 2094-40 data
03-14 21:16:58.211 13208 13284 E gralloc4: Empty SMPTE 2094-40 data
03-14 21:16:58.228 13208 13284 E gralloc4: Empty SMPTE 2094-40 data
03-14 21:16:58.245 13208 13284 E gralloc4: Empty SMPTE 2094-40 data
03-14 21:16:58.262 13208 13284 E gralloc4: Empty SMPTE 2094-40 data
03-14 21:16:58.278 13208 13284 E gralloc4: Empty SMPTE 2094-40 data
03-14 21:16:58.295 13208 13284 E gralloc4: Empty SMPTE 2094-40 data
03-14 21:16:58.305 13208 13284 E gralloc4: Empty SMPTE 2094-40 data
03-14 21:16:58.326 13208 13284 E gralloc4: Empty SMPTE 2094-40 data
03-14 21:17:02.296 13208 13284 E gralloc4: Empty SMPTE 2094-40 data
03-14 21:17:02.303 13208 13208 W OnBackInvokedCallback: OnBackInvokedCallback is not enabled for the application.
03-14 21:17:02.303 13208 13208 W OnBackInvokedCallback: Set 'android:enableOnBackInvokedCallback="true"' in the application manifest.
03-14 21:17:02.379 13208 13208 E ArmVmp : Match on catch block at 0xc3 in for 0x766bd9a025
03-14 21:17:02.384 13208 13208 E ArmVmp : Match on catch block at 0xc3 in for 0x766bd9a025
03-14 21:17:02.409 13208 13284 E gralloc4: Empty SMPTE 2094-40 data
03-14 21:17:02.423 13208 13208 E FileUtils: err write to mi_exception_log
03-14 21:17:02.429 13208 13284 E gralloc4: Empty SMPTE 2094-40 data
03-14 21:17:02.436 13208 13284 E gralloc4: Empty SMPTE 2094-40 data
03-14 21:17:02.445 13208 13284 E gralloc4: Empty SMPTE 2094-40 data
03-14 21:17:02.457 13208 13208 E ArmVmp : Match on catch block at 0xc3 in for 0x766bd9a025
03-14 21:17:02.462 13208 13208 E ArmVmp : Match on catch block at 0xc3 in for 0x766bd9a025
03-14 21:17:02.477 13208 13208 E FileUtils: err write to mi_exception_log
03-14 21:17:02.481 13208 13284 E gralloc4: Empty SMPTE 2094-40 data
03-14 21:17:02.491 13208 13208 E ArmVmp : Match on catch block at 0xc3 in for 0x766bd9a025
03-14 21:17:02.493 13208 13284 E gralloc4: Empty SMPTE 2094-40 data
03-14 21:17:02.497 13208 13208 E ArmVmp : Match on catch block at 0xc3 in for 0x766bd9a025
03-14 21:17:02.513 13208 13284 E gralloc4: Empty SMPTE 2094-40 data
03-14 21:17:02.520 13208 13284 E gralloc4: Empty SMPTE 2094-40 data
03-14 21:17:02.525 13208 13284 E gralloc4: Empty SMPTE 2094-40 data
03-14 21:17:02.793 13208 13284 E gralloc4: Empty SMPTE 2094-40 data
03-14 21:17:03.294 13208 13284 E gralloc4: Empty SMPTE 2094-40 data
03-14 21:17:03.791 13208 13284 E gralloc4: Empty SMPTE 2094-40 data
03-14 21:17:04.036 13208 13208 E ArmVmp : Match on catch block at 0xc3 in for 0x766bd9a025
03-14 21:17:04.040 13208 13208 E ArmVmp : Match on catch block at 0xc3 in for 0x766bd9a025
03-14 21:17:04.050 13208 13208 E ArmVmp : Match on catch block at 0xc3 in for 0x766bd9a025
03-14 21:17:04.053 13208 13208 E ArmVmp : Match on catch block at 0xc3 in for 0x766bd9a025
03-14 21:17:04.053 13208 13284 E gralloc4: Empty SMPTE 2094-40 data
03-14 21:17:04.071 13208 13284 E gralloc4: Empty SMPTE 2094-40 data
03-14 21:17:04.081 13208 13284 E gralloc4: Empty SMPTE 2094-40 data
03-14 21:17:04.081 13208 13208 E ArmVmp : Match on catch block at 0xc3 in for 0x766bd9a025
03-14 21:17:04.087 13208 13208 E ArmVmp : Match on catch block at 0xc3 in for 0x766bd9a025
03-14 21:17:04.102 13208 13208 E ArmVmp : Match on catch block at 0xc3 in for 0x766bd9a025
03-14 21:17:04.104 13208 13284 E gralloc4: Empty SMPTE 2094-40 data
03-14 21:17:04.105 13208 13208 E ArmVmp : Match on catch block at 0xc3 in for 0x766bd9a025
03-14 21:17:04.120 13208 13284 E gralloc4: Empty SMPTE 2094-40 data
03-14 21:17:04.129 13208 13208 E ArmVmp : Match on catch block at 0xc3 in for 0x766bd9a025
03-14 21:17:04.130 13208 13284 E gralloc4: Empty SMPTE 2094-40 data
03-14 21:17:04.134 13208 13208 E ArmVmp : Match on catch block at 0xc3 in for 0x766bd9a025
03-14 21:17:04.146 13208 13208 E ArmVmp : Match on catch block at 0xc3 in for 0x766bd9a025
03-14 21:17:04.147 13208 13284 E gralloc4: Empty SMPTE 2094-40 data
03-14 21:17:04.149 13208 13208 E ArmVmp : Match on catch block at 0xc3 in for 0x766bd9a025
03-14 21:17:04.167 13208 13284 E gralloc4: Empty SMPTE 2094-40 data
03-14 21:17:04.169 13208 13284 E gralloc4: Empty SMPTE 2094-40 data
03-14 21:17:04.170 13208 13208 E ArmVmp : Match on catch block at 0xc3 in for 0x766bd9a025
03-14 21:17:04.172 13208 13208 E ArmVmp : Match on catch block at 0xc3 in for 0x766bd9a025
03-14 21:17:04.183 13208 13208 E ArmVmp : Match on catch block at 0xc3 in for 0x766bd9a025
03-14 21:17:04.183 13208 13284 E gralloc4: Empty SMPTE 2094-40 data
03-14 21:17:04.185 13208 13208 E ArmVmp : Match on catch block at 0xc3 in for 0x766bd9a025
03-14 21:17:04.196 13208 13284 E gralloc4: Empty SMPTE 2094-40 data
03-14 21:17:04.199 13208 13284 E gralloc4: Empty SMPTE 2094-40 data
03-14 21:17:04.199 13208 13208 E ArmVmp : Match on catch block at 0xc3 in for 0x766bd9a025
03-14 21:17:04.202 13208 13208 E ArmVmp : Match on catch block at 0xc3 in for 0x766bd9a025
03-14 21:17:04.212 13208 13284 E gralloc4: Empty SMPTE 2094-40 data
03-14 21:17:04.212 13208 13208 E ArmVmp : Match on catch block at 0xc3 in for 0x766bd9a025
03-14 21:17:04.214 13208 13208 E ArmVmp : Match on catch block at 0xc3 in for 0x766bd9a025
03-14 21:17:04.227 13208 13284 E gralloc4: Empty SMPTE 2094-40 data
03-14 21:17:04.229 13208 13284 E gralloc4: Empty SMPTE 2094-40 data
03-14 21:17:04.230 13208 13208 E ArmVmp : Match on catch block at 0xc3 in for 0x766bd9a025
03-14 21:17:04.233 13208 13208 E ArmVmp : Match on catch block at 0xc3 in for 0x766bd9a025
03-14 21:17:04.243 13208 13284 E gralloc4: Empty SMPTE 2094-40 data
03-14 21:17:04.245 13208 13208 E ArmVmp : Match on catch block at 0xc3 in for 0x766bd9a025
03-14 21:17:04.248 13208 13208 E ArmVmp : Match on catch block at 0xc3 in for 0x766bd9a025
03-14 21:17:04.258 13208 13284 E gralloc4: Empty SMPTE 2094-40 data
03-14 21:17:04.262 13208 13284 E gralloc4: Empty SMPTE 2094-40 data
03-14 21:17:04.262 13208 13208 E ArmVmp : Match on catch block at 0xc3 in for 0x766bd9a025
03-14 21:17:04.265 13208 13208 E ArmVmp : Match on catch block at 0xc3 in for 0x766bd9a025
03-14 21:17:04.275 13208 13284 E gralloc4: Empty SMPTE 2094-40 data
03-14 21:17:04.278 13208 13208 E ArmVmp : Match on catch block at 0xc3 in for 0x766bd9a025
03-14 21:17:04.280 13208 13208 E ArmVmp : Match on catch block at 0xc3 in for 0x766bd9a025
03-14 21:17:04.294 13208 13284 E gralloc4: Empty SMPTE 2094-40 data
03-14 21:17:04.717 13208 13284 E gralloc4: Empty SMPTE 2094-40 data
03-14 21:17:05.000 13208 13284 E gralloc4: Empty SMPTE 2094-40 data
03-14 21:17:05.522 13208 13284 E gralloc4: Empty SMPTE 2094-40 data
03-14 21:17:05.646 13208 13208 E RippleDrawable: The RippleDrawable.STYLE_PATTERNED animation is not supported for a non-hardware accelerated Canvas. Skipping animation.
03-14 21:17:05.649 13208 13284 E gralloc4: Empty SMPTE 2094-40 data
03-14 21:17:05.662 13208 13208 E RippleDrawable: The RippleDrawable.STYLE_PATTERNED animation is not supported for a non-hardware accelerated Canvas. Skipping animation.
03-14 21:17:05.665 13208 13284 E gralloc4: Empty SMPTE 2094-40 data
03-14 21:17:05.679 13208 13208 E RippleDrawable: The RippleDrawable.STYLE_PATTERNED animation is not supported for a non-hardware accelerated Canvas. Skipping animation.
03-14 21:17:05.681 13208 13284 E gralloc4: Empty SMPTE 2094-40 data
03-14 21:17:05.695 13208 13208 E RippleDrawable: The RippleDrawable.STYLE_PATTERNED animation is not supported for a non-hardware accelerated Canvas. Skipping animation.
03-14 21:17:05.697 13208 13284 E gralloc4: Empty SMPTE 2094-40 data
03-14 21:17:05.712 13208 13208 E RippleDrawable: The RippleDrawable.STYLE_PATTERNED animation is not supported for a non-hardware accelerated Canvas. Skipping animation.
03-14 21:17:05.714 13208 13284 E gralloc4: Empty SMPTE 2094-40 data
03-14 21:17:05.755 13208 13208 E ArmVmp : Match on catch block at 0xc3 in for 0x766bd9a025
03-14 21:17:05.757 13208 13208 E ArmVmp : Match on catch block at 0xc3 in for 0x766bd9a025
03-14 21:17:05.766 13208 13284 E gralloc4: Empty SMPTE 2094-40 data
03-14 21:17:05.790 13208 13208 E ArmVmp : Match on catch block at 0xc3 in for 0x766bd9a025
03-14 21:17:05.793 13208 13208 E ArmVmp : Match on catch block at 0xc3 in for 0x766bd9a025
03-14 21:17:05.803 13208 13284 E gralloc4: Empty SMPTE 2094-40 data
03-14 21:17:05.806 13208 13284 E gralloc4: Empty SMPTE 2094-40 data
03-14 21:17:05.845 13208 13208 E ArmVmp : Match on catch block at 0xc3 in for 0x766bd9a025
03-14 21:17:05.848 13208 13208 E ArmVmp : Match on catch block at 0xc3 in for 0x766bd9a025
03-14 21:17:05.853 13208 13208 W RemoteInputConnectionImpl: requestCursorAnchorInfo on inactive InputConnection
03-14 21:17:05.859 13208 13284 E gralloc4: Empty SMPTE 2094-40 data
03-14 21:17:05.884 13208 13256 E FileUtils: err open mi_exception_log errno=2
03-14 21:17:05.884 13208 13256 E FileUtils: err write to mi_exception_log
03-14 21:17:05.895 13208 13208 E ArmVmp : Match on catch block at 0xc3 in for 0x766bd9a025
03-14 21:17:05.898 13208 13208 E ArmVmp : Match on catch block at 0xc3 in for 0x766bd9a025
03-14 21:17:05.904 13208 13208 E ImeBackDispatcher: Ime callback not found. Ignoring unregisterReceivedCallback. callbackId: 139627565
03-14 21:17:05.908 13208 13284 E gralloc4: Empty SMPTE 2094-40 data
03-14 21:17:05.938 13208 13256 E FileUtils: err open mi_exception_log errno=2
03-14 21:17:05.938 13208 13256 E FileUtils: err write to mi_exception_log
03-14 21:17:05.943 13208 13284 E gralloc4: Empty SMPTE 2094-40 data
03-14 21:17:05.961 13208 13208 E ArmVmp : Match on catch block at 0xc3 in for 0x766bd9a025
03-14 21:17:05.964 13208 13208 E ArmVmp : Match on catch block at 0xc3 in for 0x766bd9a025
03-14 21:17:05.973 13208 13284 E gralloc4: Empty SMPTE 2094-40 data
03-14 21:17:06.001 13208 13284 E gralloc4: Empty SMPTE 2094-40 data
03-14 21:17:06.003 13208 13208 E ArmVmp : Match on catch block at 0xc3 in for 0x766bd9a025
03-14 21:17:06.006 13208 13208 E ArmVmp : Match on catch block at 0xc3 in for 0x766bd9a025
03-14 21:17:06.014 13208 13284 E gralloc4: Empty SMPTE 2094-40 data
03-14 21:17:06.024 13208 13256 E FileUtils: err open mi_exception_log errno=2
03-14 21:17:06.024 13208 13256 E FileUtils: err write to mi_exception_log
03-14 21:17:06.057 13208 13208 E ArmVmp : Match on catch block at 0xc3 in for 0x766bd9a025
03-14 21:17:06.061 13208 13208 E ArmVmp : Match on catch block at 0xc3 in for 0x766bd9a025
03-14 21:17:06.068 13208 13208 W OnBackInvokedCallback: OnBackInvokedCallback is not enabled for the application.
03-14 21:17:06.068 13208 13208 W OnBackInvokedCallback: Set 'android:enableOnBackInvokedCallback="true"' in the application manifest.
03-14 21:17:06.070 13208 13284 E gralloc4: Empty SMPTE 2094-40 data
03-14 21:17:06.080 13208 13256 E FileUtils: err open mi_exception_log errno=2
03-14 21:17:06.080 13208 13256 E FileUtils: err write to mi_exception_log
03-14 21:17:06.114 13208 13208 E ArmVmp : Match on catch block at 0xc3 in for 0x766bd9a025
03-14 21:17:06.117 13208 13208 E ArmVmp : Match on catch block at 0xc3 in for 0x766bd9a025
03-14 21:17:06.127 13208 13284 E gralloc4: Empty SMPTE 2094-40 data
03-14 21:17:06.161 13208 13256 E FileUtils: err open mi_exception_log errno=2
03-14 21:17:06.161 13208 13256 E FileUtils: err write to mi_exception_log
03-14 21:17:06.185 13208 13208 E ArmVmp : Match on catch block at 0xc3 in for 0x766bd9a025
03-14 21:17:06.188 13208 13208 E ArmVmp : Match on catch block at 0xc3 in for 0x766bd9a025
03-14 21:17:06.199 13208 13284 E gralloc4: Empty SMPTE 2094-40 data
03-14 21:17:06.219 13208 13837 W MediaPlayer: Use of stream types is deprecated for operations other than volume control
03-14 21:17:06.219 13208 13837 W MediaPlayer: See the documentation of setAudioStreamType() for what to use instead with android.media.AudioAttributes to qualify your playback use case
03-14 21:17:06.225 13208 13284 E gralloc4: Empty SMPTE 2094-40 data
03-14 21:17:06.232 13208 13208 E ArmVmp : Match on catch block at 0xc3 in for 0x766bd9a025
03-14 21:17:06.235 13208 13208 E ArmVmp : Match on catch block at 0xc3 in for 0x766bd9a025
03-14 21:17:06.246 13208 13284 E gralloc4: Empty SMPTE 2094-40 data
03-14 21:17:06.255 13208 13256 E FileUtils: err open mi_exception_log errno=2
03-14 21:17:06.255 13208 13256 E FileUtils: err write to mi_exception_log
03-14 21:17:06.265 13208 13284 E gralloc4: Empty SMPTE 2094-40 data
03-14 21:17:06.297 13208 13208 E ArmVmp : Match on catch block at 0xc3 in for 0x766bd9a025
03-14 21:17:06.299 13208 13208 E ArmVmp : Match on catch block at 0xc3 in for 0x766bd9a025
03-14 21:17:06.312 13208 13284 E gralloc4: Empty SMPTE 2094-40 data
03-14 21:17:06.339 13208 13256 E FileUtils: err open mi_exception_log errno=2
03-14 21:17:06.339 13208 13256 E FileUtils: err write to mi_exception_log
03-14 21:17:06.374 13208 13208 E ArmVmp : Match on catch block at 0xc3 in for 0x766bd9a025
03-14 21:17:06.377 13208 13208 E ArmVmp : Match on catch block at 0xc3 in for 0x766bd9a025
03-14 21:17:06.385 13208 13284 E gralloc4: Empty SMPTE 2094-40 data
03-14 21:17:06.413 13208 13256 E FileUtils: err open mi_exception_log errno=2
03-14 21:17:06.413 13208 13256 E FileUtils: err write to mi_exception_log
03-14 21:17:06.435 13208 13208 E ArmVmp : Match on catch block at 0xc3 in for 0x766bd9a025
03-14 21:17:06.437 13208 13208 E ArmVmp : Match on catch block at 0xc3 in for 0x766bd9a025
03-14 21:17:06.446 13208 13284 E gralloc4: Empty SMPTE 2094-40 data
03-14 21:17:06.460 13208 13837 W MediaPlayer: Use of stream types is deprecated for operations other than volume control
03-14 21:17:06.460 13208 13837 W MediaPlayer: See the documentation of setAudioStreamType() for what to use instead with android.media.AudioAttributes to qualify your playback use case
03-14 21:17:06.467 13208 13256 E FileUtils: err open mi_exception_log errno=2
03-14 21:17:06.467 13208 13256 E FileUtils: err write to mi_exception_log
03-14 21:17:06.500 13208 13208 E ArmVmp : Match on catch block at 0xc3 in for 0x766bd9a025
03-14 21:17:06.503 13208 13208 E ArmVmp : Match on catch block at 0xc3 in for 0x766bd9a025
03-14 21:17:06.512 13208 13284 E gralloc4: Empty SMPTE 2094-40 data
03-14 21:17:06.536 13208 13208 E ArmVmp : Match on catch block at 0xc3 in for 0x766bd9a025
03-14 21:17:06.538 13208 13208 E ArmVmp : Match on catch block at 0xc3 in for 0x766bd9a025
03-14 21:17:06.546 13208 13284 E gralloc4: Empty SMPTE 2094-40 data
03-14 21:17:06.556 13208 13256 E FileUtils: err open mi_exception_log errno=2
03-14 21:17:06.556 13208 13256 E FileUtils: err write to mi_exception_log
03-14 21:17:06.609 13208 13208 E ArmVmp : Match on catch block at 0xc3 in for 0x766bd9a025
03-14 21:17:06.612 13208 13208 E ArmVmp : Match on catch block at 0xc3 in for 0x766bd9a025
03-14 21:17:06.618 13208 13208 E FileUtils: err write to mi_exception_log
03-14 21:17:06.621 13208 13284 E gralloc4: Empty SMPTE 2094-40 data
03-14 21:17:06.629 13208 13256 E FileUtils: err open mi_exception_log errno=2
03-14 21:17:06.629 13208 13256 E FileUtils: err write to mi_exception_log
03-14 21:17:06.670 13208 13208 E ArmVmp : Match on catch block at 0xc3 in for 0x766bd9a025
03-14 21:17:06.672 13208 13208 E ArmVmp : Match on catch block at 0xc3 in for 0x766bd9a025
03-14 21:17:06.685 13208 13284 E gralloc4: Empty SMPTE 2094-40 data
03-14 21:17:06.692 13208 13256 E FileUtils: err open mi_exception_log errno=2
03-14 21:17:06.692 13208 13256 E FileUtils: err write to mi_exception_log
03-14 21:17:06.732 13208 13208 E ArmVmp : Match on catch block at 0xc3 in for 0x766bd9a025
03-14 21:17:06.734 13208 13208 E ArmVmp : Match on catch block at 0xc3 in for 0x766bd9a025
03-14 21:17:06.743 13208 13284 E gralloc4: Empty SMPTE 2094-40 data
03-14 21:17:06.747 13208 13837 W MediaPlayer: Use of stream types is deprecated for operations other than volume control
03-14 21:17:06.747 13208 13837 W MediaPlayer: See the documentation of setAudioStreamType() for what to use instead with android.media.AudioAttributes to qualify your playback use case
03-14 21:17:06.757 13208 13256 E FileUtils: err open mi_exception_log errno=2
03-14 21:17:06.757 13208 13256 E FileUtils: err write to mi_exception_log
03-14 21:17:06.799 13208 13208 E ArmVmp : Match on catch block at 0xc3 in for 0x766bd9a025
03-14 21:17:06.801 13208 13208 E ArmVmp : Match on catch block at 0xc3 in for 0x766bd9a025
03-14 21:17:06.813 13208 13284 E gralloc4: Empty SMPTE 2094-40 data
03-14 21:17:06.831 13208 13256 E FileUtils: err open mi_exception_log errno=2
03-14 21:17:06.831 13208 13256 E FileUtils: err write to mi_exception_log
03-14 21:17:06.861 13208 13208 E ArmVmp : Match on catch block at 0xc3 in for 0x766bd9a025
03-14 21:17:06.864 13208 13208 E ArmVmp : Match on catch block at 0xc3 in for 0x766bd9a025
03-14 21:17:06.873 13208 13284 E gralloc4: Empty SMPTE 2094-40 data
03-14 21:17:06.882 13208 13837 W MediaPlayer: Use of stream types is deprecated for operations other than volume control
03-14 21:17:06.882 13208 13837 W MediaPlayer: See the documentation of setAudioStreamType() for what to use instead with android.media.AudioAttributes to qualify your playback use case
03-14 21:17:06.899 13208 13256 E FileUtils: err open mi_exception_log errno=2
03-14 21:17:06.899 13208 13256 E FileUtils: err write to mi_exception_log
03-14 21:17:06.926 13208 13208 E ArmVmp : Match on catch block at 0xc3 in for 0x766bd9a025
03-14 21:17:06.930 13208 13208 E ArmVmp : Match on catch block at 0xc3 in for 0x766bd9a025
03-14 21:17:06.940 13208 13284 E gralloc4: Empty SMPTE 2094-40 data
03-14 21:17:06.967 13208 13256 E FileUtils: err open mi_exception_log errno=2
03-14 21:17:06.967 13208 13256 E FileUtils: err write to mi_exception_log
03-14 21:17:06.994 13208 13208 E ArmVmp : Match on catch block at 0xc3 in for 0x766bd9a025
03-14 21:17:06.996 13208 13208 E ArmVmp : Match on catch block at 0xc3 in for 0x766bd9a025
03-14 21:17:07.004 13208 13284 E gralloc4: Empty SMPTE 2094-40 data
03-14 21:17:07.053 13208 13208 E ArmVmp : Match on catch block at 0xc3 in for 0x766bd9a025
03-14 21:17:07.056 13208 13208 E ArmVmp : Match on catch block at 0xc3 in for 0x766bd9a025
03-14 21:17:07.066 13208 13284 E gralloc4: Empty SMPTE 2094-40 data
03-14 21:17:07.070 13208 13256 E FileUtils: err open mi_exception_log errno=2
03-14 21:17:07.070 13208 13256 E FileUtils: err write to mi_exception_log
03-14 21:17:07.090 13208 13208 E ArmVmp : Match on catch block at 0xc3 in for 0x766bd9a025
03-14 21:17:07.093 13208 13208 E ArmVmp : Match on catch block at 0xc3 in for 0x766bd9a025
03-14 21:17:07.103 13208 13837 W MediaPlayer: Use of stream types is deprecated for operations other than volume control
03-14 21:17:07.103 13208 13837 W MediaPlayer: See the documentation of setAudioStreamType() for what to use instead with android.media.AudioAttributes to qualify your playback use case
03-14 21:17:07.104 13208 13284 E gralloc4: Empty SMPTE 2094-40 data
03-14 21:17:07.150 13208 13208 E ArmVmp : Match on catch block at 0xc3 in for 0x766bd9a025
03-14 21:17:07.153 13208 13208 E ArmVmp : Match on catch block at 0xc3 in for 0x766bd9a025
03-14 21:17:07.162 13208 13284 E gralloc4: Empty SMPTE 2094-40 data
03-14 21:17:07.183 13208 13256 E FileUtils: err open mi_exception_log errno=2
03-14 21:17:07.183 13208 13256 E FileUtils: err write to mi_exception_log
03-14 21:17:07.216 13208 13208 E ArmVmp : Match on catch block at 0xc3 in for 0x766bd9a025
03-14 21:17:07.219 13208 13208 E ArmVmp : Match on catch block at 0xc3 in for 0x766bd9a025
03-14 21:17:07.227 13208 13284 E gralloc4: Empty SMPTE 2094-40 data
03-14 21:17:07.236 13208 13837 W MediaPlayer: Use of stream types is deprecated for operations other than volume control
03-14 21:17:07.236 13208 13837 W MediaPlayer: See the documentation of setAudioStreamType() for what to use instead with android.media.AudioAttributes to qualify your playback use case
03-14 21:17:07.252 13208 13256 E FileUtils: err open mi_exception_log errno=2
03-14 21:17:07.252 13208 13256 E FileUtils: err write to mi_exception_log
03-14 21:17:07.277 13208 13208 E ArmVmp : Match on catch block at 0xc3 in for 0x766bd9a025
03-14 21:17:07.280 13208 13208 E ArmVmp : Match on catch block at 0xc3 in for 0x766bd9a025
03-14 21:17:07.291 13208 13284 E gralloc4: Empty SMPTE 2094-40 data
03-14 21:17:07.325 13208 13208 E ArmVmp : Match on catch block at 0xc3 in for 0x766bd9a025
03-14 21:17:07.327 13208 13208 E ArmVmp : Match on catch block at 0xc3 in for 0x766bd9a025
03-14 21:17:07.335 13208 13284 E gralloc4: Empty SMPTE 2094-40 data
03-14 21:17:07.340 13208 13256 E FileUtils: err open mi_exception_log errno=2
03-14 21:17:07.340 13208 13256 E FileUtils: err write to mi_exception_log
03-14 21:17:07.383 13208 13208 E ArmVmp : Match on catch block at 0xc3 in for 0x766bd9a025
03-14 21:17:07.385 13208 13208 E ArmVmp : Match on catch block at 0xc3 in for 0x766bd9a025
03-14 21:17:07.394 13208 13284 E gralloc4: Empty SMPTE 2094-40 data
03-14 21:17:07.406 13208 13256 E FileUtils: err open mi_exception_log errno=2
03-14 21:17:07.406 13208 13256 E FileUtils: err write to mi_exception_log
03-14 21:17:07.435 13208 13208 E ArmVmp : Match on catch block at 0xc3 in for 0x766bd9a025
03-14 21:17:07.437 13208 13208 E ArmVmp : Match on catch block at 0xc3 in for 0x766bd9a025
03-14 21:17:07.446 13208 13284 E gralloc4: Empty SMPTE 2094-40 data
03-14 21:17:07.449 13208 13837 W MediaPlayer: Use of stream types is deprecated for operations other than volume control
03-14 21:17:07.449 13208 13837 W MediaPlayer: See the documentation of setAudioStreamType() for what to use instead with android.media.AudioAttributes to qualify your playback use case
03-14 21:17:07.469 13208 13256 E FileUtils: err open mi_exception_log errno=2
03-14 21:17:07.469 13208 13256 E FileUtils: err write to mi_exception_log
03-14 21:17:07.494 13208 13208 E ArmVmp : Match on catch block at 0xc3 in for 0x766bd9a025
03-14 21:17:07.496 13208 13208 E ArmVmp : Match on catch block at 0xc3 in for 0x766bd9a025
03-14 21:17:07.506 13208 13284 E gralloc4: Empty SMPTE 2094-40 data
03-14 21:17:07.534 13208 13208 E ArmVmp : Match on catch block at 0xc3 in for 0x766bd9a025
03-14 21:17:07.536 13208 13208 E ArmVmp : Match on catch block at 0xc3 in for 0x766bd9a025
03-14 21:17:07.543 13208 13284 E gralloc4: Empty SMPTE 2094-40 data
03-14 21:17:07.551 13208 13256 E FileUtils: err open mi_exception_log errno=2
03-14 21:17:07.551 13208 13256 E FileUtils: err write to mi_exception_log
03-14 21:17:07.602 13208 13208 E ArmVmp : Match on catch block at 0xc3 in for 0x766bd9a025
03-14 21:17:07.605 13208 13208 E ArmVmp : Match on catch block at 0xc3 in for 0x766bd9a025
03-14 21:17:07.614 13208 13284 E gralloc4: Empty SMPTE 2094-40 data
03-14 21:17:07.619 13208 13256 E FileUtils: err open mi_exception_log errno=2
03-14 21:17:07.619 13208 13256 E FileUtils: err write to mi_exception_log
03-14 21:17:07.656 13208 13208 E ArmVmp : Match on catch block at 0xc3 in for 0x766bd9a025
03-14 21:17:07.658 13208 13208 E ArmVmp : Match on catch block at 0xc3 in for 0x766bd9a025
03-14 21:17:07.668 13208 13284 E gralloc4: Empty SMPTE 2094-40 data
03-14 21:17:07.671 13208 13837 W MediaPlayer: Use of stream types is deprecated for operations other than volume control
03-14 21:17:07.671 13208 13837 W MediaPlayer: See the documentation of setAudioStreamType() for what to use instead with android.media.AudioAttributes to qualify your playback use case
03-14 21:17:07.682 13208 13256 E FileUtils: err open mi_exception_log errno=2
03-14 21:17:07.682 13208 13256 E FileUtils: err write to mi_exception_log
03-14 21:17:07.714 13208 13208 E ArmVmp : Match on catch block at 0xc3 in for 0x766bd9a025
03-14 21:17:07.717 13208 13208 E ArmVmp : Match on catch block at 0xc3 in for 0x766bd9a025
03-14 21:17:07.734 13208 13284 E gralloc4: Empty SMPTE 2094-40 data
03-14 21:17:07.740 13208 13837 W MediaPlayer: Use of stream types is deprecated for operations other than volume control
03-14 21:17:07.740 13208 13837 W MediaPlayer: See the documentation of setAudioStreamType() for what to use instead with android.media.AudioAttributes to qualify your playback use case
03-14 21:17:07.789 13208 13208 E ArmVmp : Match on catch block at 0xc3 in for 0x766bd9a025
03-14 21:17:07.791 13208 13208 E ArmVmp : Match on catch block at 0xc3 in for 0x766bd9a025
03-14 21:17:07.802 13208 13284 E gralloc4: Empty SMPTE 2094-40 data
03-14 21:17:07.807 13208 13256 E FileUtils: err open mi_exception_log errno=2
03-14 21:17:07.807 13208 13256 E FileUtils: err write to mi_exception_log
03-14 21:17:07.838 13208 13208 E ArmVmp : Match on catch block at 0xc3 in for 0x766bd9a025
03-14 21:17:07.840 13208 13208 E ArmVmp : Match on catch block at 0xc3 in for 0x766bd9a025
03-14 21:17:07.848 13208 13284 E gralloc4: Empty SMPTE 2094-40 data
03-14 21:17:07.860 13208 13256 E FileUtils: err open mi_exception_log errno=2
03-14 21:17:07.860 13208 13256 E FileUtils: err write to mi_exception_log
03-14 21:17:07.901 13208 13208 E ArmVmp : Match on catch block at 0xc3 in for 0x766bd9a025
03-14 21:17:07.903 13208 13208 E ArmVmp : Match on catch block at 0xc3 in for 0x766bd9a025
03-14 21:17:07.913 13208 13284 E gralloc4: Empty SMPTE 2094-40 data
03-14 21:17:07.919 13208 13256 E FileUtils: err open mi_exception_log errno=2
03-14 21:17:07.919 13208 13256 E FileUtils: err write to mi_exception_log
03-14 21:17:07.953 13208 13208 E ArmVmp : Match on catch block at 0xc3 in for 0x766bd9a025
03-14 21:17:07.955 13208 13208 E ArmVmp : Match on catch block at 0xc3 in for 0x766bd9a025
03-14 21:17:07.964 13208 13284 E gralloc4: Empty SMPTE 2094-40 data
03-14 21:17:07.989 13208 13256 E FileUtils: err open mi_exception_log errno=2
03-14 21:17:07.989 13208 13256 E FileUtils: err write to mi_exception_log
03-14 21:17:08.008 13208 13208 E ArmVmp : Match on catch block at 0xc3 in for 0x766bd9a025
03-14 21:17:08.010 13208 13208 E ArmVmp : Match on catch block at 0xc3 in for 0x766bd9a025
03-14 21:17:08.018 13208 13284 E gralloc4: Empty SMPTE 2094-40 data
03-14 21:17:08.021 13208 13837 W MediaPlayer: Use of stream types is deprecated for operations other than volume control
03-14 21:17:08.021 13208 13837 W MediaPlayer: See the documentation of setAudioStreamType() for what to use instead with android.media.AudioAttributes to qualify your playback use case
03-14 21:17:08.047 13208 13208 E ArmVmp : Match on catch block at 0xc3 in for 0x766bd9a025
03-14 21:17:08.049 13208 13208 E ArmVmp : Match on catch block at 0xc3 in for 0x766bd9a025
03-14 21:17:08.056 13208 13284 E gralloc4: Empty SMPTE 2094-40 data
03-14 21:17:08.064 13208 13256 E FileUtils: err open mi_exception_log errno=2
03-14 21:17:08.064 13208 13256 E FileUtils: err write to mi_exception_log
03-14 21:17:08.105 13208 13208 E ArmVmp : Match on catch block at 0xc3 in for 0x766bd9a025
03-14 21:17:08.107 13208 13208 E ArmVmp : Match on catch block at 0xc3 in for 0x766bd9a025
03-14 21:17:08.115 13208 13284 E gralloc4: Empty SMPTE 2094-40 data
03-14 21:17:08.120 13208 13256 E FileUtils: err open mi_exception_log errno=2
03-14 21:17:08.120 13208 13256 E FileUtils: err write to mi_exception_log
03-14 21:17:08.161 13208 13208 E ArmVmp : Match on catch block at 0xc3 in for 0x766bd9a025
03-14 21:17:08.164 13208 13208 E ArmVmp : Match on catch block at 0xc3 in for 0x766bd9a025
03-14 21:17:08.173 13208 13284 E gralloc4: Empty SMPTE 2094-40 data
03-14 21:17:08.187 13208 13256 E FileUtils: err open mi_exception_log errno=2
03-14 21:17:08.187 13208 13256 E FileUtils: err write to mi_exception_log
03-14 21:17:08.220 13208 13208 E ArmVmp : Match on catch block at 0xc3 in for 0x766bd9a025
03-14 21:17:08.223 13208 13208 E ArmVmp : Match on catch block at 0xc3 in for 0x766bd9a025
03-14 21:17:08.231 13208 13284 E gralloc4: Empty SMPTE 2094-40 data
03-14 21:17:08.248 13208 13256 E FileUtils: err open mi_exception_log errno=2
03-14 21:17:08.248 13208 13256 E FileUtils: err write to mi_exception_log
03-14 21:17:08.277 13208 13208 E ArmVmp : Match on catch block at 0xc3 in for 0x766bd9a025
