03-14 20:48:08.850 10675 10675 W System.err: at android.app.LoadedApk.makeApplicationInner(LoadedApk.java:1426)
03-14 20:48:08.850 10675 10675 W System.err: at android.app.ActivityThread.handleBindApplication(ActivityThread.java:7048)
03-14 20:48:08.850 10675 10675 W System.err: at android.app.ActivityThread.-$ $Nest$mhandleBindApplication(Unknown Source:0)
03-14 20:48:08.850 10675 10675 W System.err: at android.app.ActivityThread$H.handleMessage(ActivityThread.java:2253)
03-14 20:48:08.850 10675 10675 W System.err: at android.os.Handler.dispatchMessage(Handler.java:106)
03-14 20:48:08.850 10675 10675 W System.err: at android.os.Looper.loopOnce(Looper.java:211)
03-14 20:48:08.850 10675 10675 W System.err: at android.os.Looper.loop(Looper.java:300)
03-14 20:48:08.850 10675 10675 W System.err: at android.app.ActivityThread.main(ActivityThread.java:8232)
03-14 20:48:08.850 10675 10675 W System.err: at java.lang.reflect.Method.invoke(Native Method)
03-14 20:48:08.850 10675 10675 W System.err: at com.android.internal.os.RuntimeInit$MethodAndArgsCaller.run(RuntimeInit.java:580)
03-14 20:48:08.850 10675 10675 W System.err: at com.android.internal.os.ZygoteInit.main(ZygoteInit.java:1028)
03-14 20:48:08.856 10675 10675 E CustomActivityOnCrash: IMPORTANT WARNING! You already have an UncaughtExceptionHandler, are you sure this is correct? If you use a custom UncaughtExceptionHandler, you must initialize it AFTER CustomActivityOnCrash! Installing anyway, but your original handler will not be called.
03-14 20:48:09.033 10675 10675 W com.mbwhatsapp: Accessing hidden method Lcom/android/org/conscrypt/OpenSSLSocketImpl;->setUseSessionTickets(Z)V (max- target-q,core-platform-api, reflection, denied)
03-14 20:48:09.033 10675 10675 W com.mbwhatsapp: Accessing hidden method Lcom/android/org/conscrypt/AbstractConscryptSocket;->setUseSessionTickets(Z)V (max- target-q, reflection, denied)
03-14 20:48:09.111 10675 10675 E FileUtils: err open mi_exception_log errno=2
03-14 20:48:09.111 10675 10675 E FileUtils: err write to mi_exception_log
03-14 20:48:11.579 10675 10745 E FileUtils: err open mi_exception_log errno=2
03-14 20:48:11.579 10675 10745 E FileUtils: err write to mi_exception_log
03-14 20:50:05.481 10675 10745 E FileUtils: err open mi_exception_log errno=2
03-14 20:50:05.481 10675 10745 E FileUtils: err write to mi_exception_log
03-14 20:50:05.918 10675 10831 W com.mbwhatsapp: Accessing hidden field Landroid/app/Notification;->extraNotification:Landroid/app/MiuiNotification; (blocked, reflection, denied)
03-14 20:50:05.940 10675 10724 E SQLiteDatabase: Error inserting transferred=1 media_job_uuid=383176fa-fed3-456a-bce2-44b5fbdbc3f4 transcoded=0 gif_attribution=0 first_scan_length=0 direct_path=/v/t62.15575- 24/25228417_1849999358777263_393701643562879106_n.enc?ccb=11- 4&oh=01_AdRCjMjiGZvK8erxhk-iPg-4zKTAbDFUEgovY2WQ3SYG3A&oe=661B1107&_nc_sid=5e03e0 thumbnail_height_width_ratio=1.0 is_animated_sticker=0 file_hash=koPhOBQkdxDkSAzJS89KJ0aMRlgyAXoZUTdxTPobDQ8= file_path=Media/MBWhatsApp Stickers/STK-20240314-WA0007.webp file_size=0 partial_media_hash=null face_x=0 face_y=0 height=64 trim_to=0 media_key_timestamp=1710294439000 message_url=https://mmg.whatsapp.net/v/t62.15575- 24/25228417_1849999358777263_393701643562879106_n.enc?ccb=11- 4&oh=01_AdRCjMjiGZvK8erxhk-iPg- 4zKTAbDFUEgovY2WQ3SYG3A&oe=661B1107&_nc_sid=5e03e0&mms3=true media_caption=null trim_from=0 mime_type=image/webp partial_media_enc_hash=null width=64 original_file_hash=null has_streaming_sidecar=0 autotransfer_retry_enabled=1 media_upload_handle=null message_row_id=9207 multicast_id=null enc_file_hash=PFKJbai6ceTRZ17G9mSaB/efDsg8DZ9l0m1f4Ib9ROU= mute_video=0 page_count=0 first_scan_sidecar=null suspicious_content=0 file_length=53080 media_name=null media_duration=0 chat_row_id=5 media_key=[B@486b927
03-14 20:50:05.940 10675 10724 E SQLiteDatabase: android.database.sqlite.SQLiteConstraintException: UNIQUE constraint failed: message_media.message_row_id (code 1555 SQLITE_CONSTRAINT_PRIMARYKEY)
03-14 20:50:05.940 10675 10724 E SQLiteDatabase: at android.database.sqlite.SQLiteConnection.nativeExecuteForLastInsertedRowId(Native Method)
03-14 20:50:05.940 10675 10724 E SQLiteDatabase: at android.database.sqlite.SQLiteConnection.executeForLastInsertedRowId(SQLiteConnecti on.java:961)
03-14 20:50:05.940 10675 10724 E SQLiteDatabase: at android.database.sqlite.SQLiteSession.executeForLastInsertedRowId(SQLiteSession.jav a:790)
03-14 20:50:05.940 10675 10724 E SQLiteDatabase: at android.database.sqlite.SQLiteStatement.executeInsert(SQLiteStatement.java:89)
03-14 20:50:05.940 10675 10724 E SQLiteDatabase: at android.database.sqlite.SQLiteDatabase.insertWithOnConflict(SQLiteDatabase.java:186 8)
03-14 20:50:05.940 10675 10724 E SQLiteDatabase: at android.database.sqlite.SQLiteDatabase.insert(SQLiteDatabase.java:1737)
03-14 20:50:05.940 10675 10724 E SQLiteDatabase: at X.2tm.A08(Unknown Source:6)
03-14 20:50:05.940 10675 10724 E SQLiteDatabase: at X.35Y.A07(Unknown Source:212)
03-14 20:50:05.940 10675 10724 E SQLiteDatabase: at X.3QF.A14(Unknown Source:470)
03-14 20:50:05.940 10675 10724 E SQLiteDatabase: at X.3gU.run(Unknown Source:982)
03-14 20:50:05.940 10675 10724 E SQLiteDatabase: at android.os.Handler.handleCallback(Handler.java:942)
03-14 20:50:05.940 10675 10724 E SQLiteDatabase: at android.os.Handler.dispatchMessage(Handler.java:99)
03-14 20:50:05.940 10675 10724 E SQLiteDatabase: at X.0zq.dispatchMessage(Unknown Source:4)
03-14 20:50:05.940 10675 10724 E SQLiteDatabase: at android.os.Looper.loopOnce(Looper.java:211)
03-14 20:50:05.940 10675 10724 E SQLiteDatabase: at android.os.Looper.loop(Looper.java:300)
03-14 20:50:05.940 10675 10724 E SQLiteDatabase: at android.os.HandlerThread.run(HandlerThread.java:67)
03-14 20:50:05.944 10675 10831 W com.mbwhatsapp: Accessing hidden field Landroid/app/Notification;->extraNotification:Landroid/app/MiuiNotification; (blocked, reflection, denied)
03-14 20:50:05.951 10675 10831 E FileUtils: err open mi_exception_log errno=2
03-14 20:50:05.951 10675 10831 E FileUtils: err write to mi_exception_log
03-14 20:50:05.956 10675 10837 W com.mbwhatsapp: Accessing hidden method Landroid/app/MiuiNotification;-><init>()V (blocked, reflection, denied)
03-14 20:50:08.390 10675 10831 W com.mbwhatsapp: Accessing hidden field Landroid/app/Notification;->extraNotification:Landroid/app/MiuiNotification; (blocked, reflection, denied)
03-14 20:50:08.425 10675 10831 W com.mbwhatsapp: Accessing hidden field Landroid/app/Notification;->extraNotification:Landroid/app/MiuiNotification; (blocked, reflection, denied)
03-14 20:50:08.438 10675 10831 E FileUtils: err open mi_exception_log errno=2
03-14 20:50:08.438 10675 10831 E FileUtils: err write to mi_exception_log
03-14 20:50:08.464 10675 10837 W com.mbwhatsapp: Accessing hidden method Landroid/app/MiuiNotification;-><init>()V (blocked, reflection, denied)
03-14 20:50:09.136 10675 10724 E SQLiteDatabase: Error inserting transferred=1 media_job_uuid=e83fb1f7-c48b-4f64-9cb5-b13cea54479f transcoded=0 gif_attribution=0 first_scan_length=0 direct_path=/v/t62.15575- 24/26138947_430824389509713_5856032604202550053_n.enc?ccb=11- 4&oh=01_AdRz24lEm4C1j4c2W8RAv3h4QPtuyWVVw93lU5Hxv7ycIw&oe=661B31EC&_nc_sid=5e03e0 thumbnail_height_width_ratio=1.0 is_animated_sticker=0 file_hash=YlmLxmTkHdYAfvnyHERYfNpfkJxtqVVvVBOgnQf8rj8= file_path=Media/MBWhatsApp Stickers/STK-20240314-WA0010.webp file_size=47336 partial_media_hash=null face_x=0 face_y=0 height=64 trim_to=0 media_key_timestamp=1710384583000 message_url=https://mmg.whatsapp.net/v/t62.15575- 24/26138947_430824389509713_5856032604202550053_n.enc?ccb=11- 4&oh=01_AdRz24lEm4C1j4c2W8RAv3h4QPtuyWVVw93lU5Hxv7ycIw&oe=661B31EC&_nc_sid=5e03e0&m ms3=true media_caption=null trim_from=0 mime_type=image/webp partial_media_enc_hash=null width=64 original_file_hash=null has_streaming_sidecar=0 autotransfer_retry_enabled=1 media_upload_handle=null message_row_id=9208 multicast_id=null enc_file_hash=CRXtiHfdrEso9OjHIyFbOz77zYGSnwk+ebbLsdGA5t4= mute_video=0 page_count=0 first_scan_sidecar=null suspicious_content=0 file_length=47336 media_name=null media_duration=0 chat_row_id=5 media_key=[B@1ec2b6
03-14 20:50:09.136 10675 10724 E SQLiteDatabase: android.database.sqlite.SQLiteConstraintException: UNIQUE constraint failed: message_media.message_row_id (code 1555 SQLITE_CONSTRAINT_PRIMARYKEY)
03-14 20:50:09.136 10675 10724 E SQLiteDatabase: at android.database.sqlite.SQLiteConnection.nativeExecuteForLastInsertedRowId(Native Method)
03-14 20:50:09.136 10675 10724 E SQLiteDatabase: at android.database.sqlite.SQLiteConnection.executeForLastInsertedRowId(SQLiteConnecti on.java:961)
03-14 20:50:09.136 10675 10724 E SQLiteDatabase: at android.database.sqlite.SQLiteSession.executeForLastInsertedRowId(SQLiteSession.jav a:790)
03-14 20:50:09.136 10675 10724 E SQLiteDatabase: at android.database.sqlite.SQLiteStatement.executeInsert(SQLiteStatement.java:89)
03-14 20:50:09.136 10675 10724 E SQLiteDatabase: at android.database.sqlite.SQLiteDatabase.insertWithOnConflict(SQLiteDatabase.java:186 8)
03-14 20:50:09.136 10675 10724 E SQLiteDatabase: at android.database.sqlite.SQLiteDatabase.insert(SQLiteDatabase.java:1737)
03-14 20:50:09.136 10675 10724 E SQLiteDatabase: at X.2tm.A08(Unknown Source:6)
03-14 20:50:09.136 10675 10724 E SQLiteDatabase: at X.35Y.A07(Unknown Source:212)
03-14 20:50:09.136 10675 10724 E SQLiteDatabase: at X.3QF.A14(Unknown Source:470)
03-14 20:50:09.136 10675 10724 E SQLiteDatabase: at X.3gU.run(Unknown Source:982)
03-14 20:50:09.136 10675 10724 E SQLiteDatabase: at android.os.Handler.handleCallback(Handler.java:942)
03-14 20:50:09.136 10675 10724 E SQLiteDatabase: at android.os.Handler.dispatchMessage(Handler.java:99)
03-14 20:50:09.136 10675 10724 E SQLiteDatabase: at X.0zq.dispatchMessage(Unknown Source:4)
03-14 20:50:09.136 10675 10724 E SQLiteDatabase: at android.os.Looper.loopOnce(Looper.java:211)
03-14 20:50:09.136 10675 10724 E SQLiteDatabase: at android.os.Looper.loop(Looper.java:300)
03-14 20:50:09.136 10675 10724 E SQLiteDatabase: at android.os.HandlerThread.run(HandlerThread.java:67)
03-14 20:50:09.802 10675 10831 W com.mbwhatsapp: Accessing hidden field Landroid/app/Notification;->extraNotification:Landroid/app/MiuiNotification; (blocked, reflection, denied)
03-14 20:50:09.818 10675 10831 W com.mbwhatsapp: Accessing hidden field Landroid/app/Notification;->extraNotification:Landroid/app/MiuiNotification; (blocked, reflection, denied)
03-14 20:50:09.825 10675 10831 E FileUtils: err open mi_exception_log errno=2
03-14 20:50:09.825 10675 10831 E FileUtils: err write to mi_exception_log
03-14 20:50:12.316 10675 10831 W com.mbwhatsapp: Accessing hidden field Landroid/app/Notification;->extraNotification:Landroid/app/MiuiNotification; (blocked, reflection, denied)
03-14 20:50:12.326 10675 10831 W com.mbwhatsapp: Accessing hidden field Landroid/app/Notification;->extraNotification:Landroid/app/MiuiNotification; (blocked, reflection, denied)
03-14 20:50:22.914 10675 10831 W com.mbwhatsapp: Accessing hidden field Landroid/app/Notification;->extraNotification:Landroid/app/MiuiNotification; (blocked, reflection, denied)
03-14 20:50:22.935 10675 10831 W com.mbwhatsapp: Accessing hidden field Landroid/app/Notification;->extraNotification:Landroid/app/MiuiNotification; (blocked, reflection, denied)
03-14 20:50:22.944 10675 10831 E FileUtils: err open mi_exception_log errno=2
03-14 20:50:22.945 10675 10831 E FileUtils: err write to mi_exception_log
03-14 20:50:22.961 10675 10837 W com.mbwhatsapp: Accessing hidden method Landroid/app/MiuiNotification;-><init>()V (blocked, reflection, denied)
03-14 20:50:27.867 10675 10831 W com.mbwhatsapp: Accessing hidden field Landroid/app/Notification;->extraNotification:Landroid/app/MiuiNotification; (blocked, reflection, denied)
03-14 20:50:27.898 10675 10831 W com.mbwhatsapp: Accessing hidden field Landroid/app/Notification;->extraNotification:Landroid/app/MiuiNotification; (blocked, reflection, denied)
03-14 20:50:27.909 10675 10831 E FileUtils: err open mi_exception_log errno=2
03-14 20:50:27.909 10675 10831 E FileUtils: err write to mi_exception_log
03-14 20:50:27.930 10675 10837 W com.mbwhatsapp: Accessing hidden method Landroid/app/MiuiNotification;-><init>()V (blocked, reflection, denied)
03-14 20:51:19.587 10675 10831 W com.mbwhatsapp: Accessing hidden field Landroid/app/Notification;->extraNotification:Landroid/app/MiuiNotification; (blocked, reflection, denied)
03-14 20:51:19.609 10675 10831 W com.mbwhatsapp: Accessing hidden field Landroid/app/Notification;->extraNotification:Landroid/app/MiuiNotification; (blocked, reflection, denied)
03-14 20:51:19.618 10675 10831 E FileUtils: err open mi_exception_log errno=2
03-14 20:51:19.618 10675 10831 E FileUtils: err write to mi_exception_log
03-14 20:51:19.637 10675 10837 W com.mbwhatsapp: Accessing hidden method Landroid/app/MiuiNotification;-><init>()V (blocked, reflection, denied)
03-14 20:54:33.451 10675 10745 E FileUtils: err open mi_exception_log errno=2
03-14 20:54:33.451 10675 10745 E FileUtils: err write to mi_exception_log
03-14 20:54:33.720 10675 10831 W com.mbwhatsapp: Accessing hidden field Landroid/app/Notification;->extraNotification:Landroid/app/MiuiNotification; (blocked, reflection, denied)
03-14 20:54:33.729 10675 10831 W com.mbwhatsapp: Accessing hidden field Landroid/app/Notification;->extraNotification:Landroid/app/MiuiNotification; (blocked, reflection, denied)
03-14 20:54:33.733 10675 10831 E FileUtils: err open mi_exception_log errno=2
03-14 20:54:33.733 10675 10831 E FileUtils: err write to mi_exception_log
03-14 20:54:33.746 10675 10837 W com.mbwhatsapp: Accessing hidden method Landroid/app/MiuiNotification;-><init>()V (blocked, reflection, denied)
03-14 21:01:17.172 10675 10745 E FileUtils: err open mi_exception_log errno=2
03-14 21:01:17.172 10675 10745 E FileUtils: err write to mi_exception_log
03-14 21:02:46.013 10675 10837 W com.mbwhatsapp: Accessing hidden method Landroid/app/MiuiNotification;-><init>()V (blocked, reflection, denied)
03-14 21:02:46.125 10675 10831 W com.mbwhatsapp: Accessing hidden field Landroid/app/Notification;->extraNotification:Landroid/app/MiuiNotification; (blocked, reflection, denied)
03-14 21:02:46.139 10675 10831 W com.mbwhatsapp: Accessing hidden field Landroid/app/Notification;->extraNotification:Landroid/app/MiuiNotification; (blocked, reflection, denied)
03-14 21:02:46.150 10675 10831 E FileUtils: err open mi_exception_log errno=2
03-14 21:02:46.150 10675 10831 E FileUtils: err write to mi_exception_log
03-14 21:02:46.166 10675 10837 W com.mbwhatsapp: Accessing hidden method Landroid/app/MiuiNotification;-><init>()V (blocked, reflection, denied)
03-14 21:03:33.559 10675 11974 E QT : [QT]file does not exist
03-14 21:03:33.603 10675 10675 W com.mbwhatsapp: Method void X.0eU.A0h(X.0tK, boolean) failed lock verification and will run slower.
03-14 21:03:33.603 10675 10675 W com.mbwhatsapp: Common causes for lock verification issues are non-optimized dex code
03-14 21:03:33.603 10675 10675 W com.mbwhatsapp: and incorrect proguard optimizations.
03-14 21:03:33.828 10675 11981 E RenderScript: Failed loading RS driver: dlopen failed: library "libRSDriver_mtk.so" not found
03-14 21:03:33.829 10675 11981 E RenderScript: Failed to load runtime libRSDriver_mtk.so, loading default
03-14 21:03:34.081 10675 11993 W LOTTIE : Unknown shape type rd
03-14 21:03:34.081 10675 11994 W LOTTIE : Unknown shape type rd
03-14 21:03:34.161 10675 10675 E ArmVmp : Match on catch block at 0x0a in for 0x766bd9a035
03-14 21:03:34.166 10675 10675 E ArmVmp : Match on catch block at 0x0a in for 0x766bd9a035
03-14 21:03:34.234 10675 10675 E FileUtils: err write to mi_exception_log
03-14 21:03:34.234 10675 10675 E FileUtils: err write to mi_exception_log
03-14 21:03:34.266 10675 10675 E FBI : Can't load library: dlopen failed: library "libmagtsync.so" not found
03-14 21:03:34.283 10675 11972 W libc : Access denied finding property "vendor.migl.debug"
03-14 21:03:34.283 10675 11972 E libMiGL : libmigl:This GPU version is note support Variable Shading Rate
03-14 21:03:34.305 10675 12017 E ion : ioctl c0044901 failed with code -1: Invalid argument
03-14 21:03:34.501 10675 10675 W View : requestLayout() improperly called by X.4ru{5529307 V.E....L. ......ID 0,-1007-1080,109} during layout: running second layout pass
03-14 21:03:34.502 10675 10675 W View : requestLayout() improperly called by android.widget.LinearLayout{b5eec34 V.E...... ......ID 124,14-826,1102 #7f0b0e50 app:id/main_layout} during layout: running second layout pass
03-14 21:03:34.502 10675 10675 W View : requestLayout() improperly called by com.mbwhatsapp.conversation.conversationrow.ConversationRowVideo$RowVideoView{3d469 aa VFED..CL. ......ID 11,11-691,963 #7f0b19fb app:id/thumb} during layout: running second layout pass
03-14 21:03:34.507 10675 10675 E ArmVmp : Match on catch block at 0xc3 in for 0x766bd9a021
03-14 21:03:34.515 10675 10675 E ArmVmp : Match on catch block at 0xc3 in for 0x766bd9a021
03-14 21:03:34.518 10675 10675 E ArmVmp : Match on catch block at 0xc3 in for 0x766bd9a021
03-14 21:03:34.533 10675 10675 W MirrorManager: this model don't Support
03-14 21:03:34.557 10675 12019 E ion : ioctl c0044901 failed with code -1: Invalid argument
03-14 21:03:34.627 10675 11972 E gralloc4: Empty SMPTE 2094-40 data
03-14 21:03:34.630 10675 11972 W Parcel : Expecting binder but got null!
03-14 21:03:34.630 10675 10675 E FileUtils: err write to mi_exception_log
03-14 21:03:34.662 10675 10675 E ArmVmp : Match on catch block at 0xc3 in for 0x766bd9a025
03-14 21:03:34.665 10675 10675 E ArmVmp : Match on catch block at 0xc3 in for 0x766bd9a025
03-14 21:03:34.666 10675 10675 E ArmVmp : Match on catch block at 0xc3 in for 0x766bd9a025
03-14 21:03:34.670 10675 10675 E FileUtils: err write to mi_exception_log
03-14 21:03:34.676 10675 11972 E gralloc4: Empty SMPTE 2094-40 data
03-14 21:03:34.711 10675 10675 W View : requestLayout() improperly called by X.4ru{5529307 V.E....L. ......ID 0,-1007-1080,109} during second layout pass: posting in next frame
03-14 21:03:34.712 10675 10675 W View : requestLayout() improperly called by android.widget.LinearLayout{b5eec34 V.E...... ......ID 124,14-826,1102 #7f0b0e50 app:id/main_layout} during second layout pass: posting in next frame
03-14 21:03:34.722 10675 10675 E ArmVmp : Match on catch block at 0xc3 in for 0x766bd9a025
03-14 21:03:34.726 10675 10675 E ArmVmp : Match on catch block at 0xc3 in for 0x766bd9a025
03-14 21:03:34.727 10675 10675 E ArmVmp : Match on catch block at 0xc3 in for 0x766bd9a025
03-14 21:03:34.746 10675 10675 E ArmVmp : Match on catch block at 0xc3 in for 0x766bd9a025
03-14 21:03:34.749 10675 10675 E ArmVmp : Match on catch block at 0xc3 in for 0x766bd9a025
03-14 21:03:34.751 10675 10675 E ArmVmp : Match on catch block at 0xc3 in for 0x766bd9a025
03-14 21:03:34.760 10675 10837 W com.mbwhatsapp: Accessing hidden method Landroid/app/MiuiNotification;-><init>()V (blocked, reflection, denied)
03-14 21:03:34.766 10675 11972 E gralloc4: Empty SMPTE 2094-40 data
03-14 21:03:34.774 10675 10675 E ArmVmp : Match on catch block at 0xc3 in for 0x766bd9a025
03-14 21:03:34.778 10675 10675 E ArmVmp : Match on catch block at 0xc3 in for 0x766bd9a025
03-14 21:03:34.780 10675 10675 E ArmVmp : Match on catch block at 0xc3 in for 0x766bd9a025
03-14 21:03:34.782 10675 11972 E gralloc4: Empty SMPTE 2094-40 data
03-14 21:03:34.788 10675 10675 E ArmVmp : Match on catch block at 0xc3 in for 0x766bd9a025
03-14 21:03:34.794 10675 11972 E gralloc4: Empty SMPTE 2094-40 data
03-14 21:03:34.794 10675 10675 E ArmVmp : Match on catch block at 0xc3 in for 0x766bd9a025
03-14 21:03:34.797 10675 10675 E ArmVmp : Match on catch block at 0xc3 in for 0x766bd9a025
03-14 21:03:34.808 10675 11972 E gralloc4: Empty SMPTE 2094-40 data
03-14 21:03:34.808 10675 10675 E ArmVmp : Match on catch block at 0xc3 in for 0x766bd9a025
03-14 21:03:34.811 10675 10675 E ArmVmp : Match on catch block at 0xc3 in for 0x766bd9a025
03-14 21:03:34.813 10675 10675 E ArmVmp : Match on catch block at 0xc3 in for 0x766bd9a025
03-14 21:03:34.820 10675 10675 E ArmVmp : Match on catch block at 0xc3 in for 0x766bd9a025
03-14 21:03:34.822 10675 11972 E gralloc4: Empty SMPTE 2094-40 data
03-14 21:03:34.824 10675 10675 E ArmVmp : Match on catch block at 0xc3 in for 0x766bd9a025
03-14 21:03:34.825 10675 10675 E ArmVmp : Match on catch block at 0xc3 in for 0x766bd9a025
03-14 21:03:34.834 10675 11972 E gralloc4: Empty SMPTE 2094-40 data
03-14 21:03:34.836 10675 10675 E ArmVmp : Match on catch block at 0xc3 in for 0x766bd9a025
03-14 21:03:34.841 10675 10675 E ArmVmp : Match on catch block at 0xc3 in for 0x766bd9a025
03-14 21:03:34.843 10675 10675 E ArmVmp : Match on catch block at 0xc3 in for 0x766bd9a025
03-14 21:03:34.848 10675 11972 E gralloc4: Empty SMPTE 2094-40 data
03-14 21:03:34.853 10675 10675 E ArmVmp : Match on catch block at 0xc3 in for 0x766bd9a025
03-14 21:03:34.856 10675 10675 E ArmVmp : Match on catch block at 0xc3 in for 0x766bd9a025
03-14 21:03:34.858 10675 10675 E ArmVmp : Match on catch block at 0xc3 in for 0x766bd9a025
03-14 21:03:34.868 10675 11972 E gralloc4: Empty SMPTE 2094-40 data
03-14 21:03:34.869 10675 10675 E ArmVmp : Match on catch block at 0xc3 in for 0x766bd9a025
03-14 21:03:34.873 10675 10675 E ArmVmp : Match on catch block at 0xc3 in for 0x766bd9a025
03-14 21:03:34.874 10675 10675 E ArmVmp : Match on catch block at 0xc3 in for 0x766bd9a025
03-14 21:03:34.883 10675 11972 E gralloc4: Empty SMPTE 2094-40 data
03-14 21:03:34.886 10675 10675 E ArmVmp : Match on catch block at 0xc3 in for 0x766bd9a025
03-14 21:03:34.890 10675 10675 E ArmVmp : Match on catch block at 0xc3 in for 0x766bd9a025
03-14 21:03:34.892 10675 10675 E ArmVmp : Match on catch block at 0xc3 in for 0x766bd9a025
03-14 21:03:34.900 10675 11972 E gralloc4: Empty SMPTE 2094-40 data
03-14 21:03:34.904 10675 10675 E ArmVmp : Match on catch block at 0xc3 in for 0x766bd9a025
03-14 21:03:34.910 10675 10675 E ArmVmp : Match on catch block at 0xc3 in for 0x766bd9a025
03-14 21:03:34.911 10675 10675 E ArmVmp : Match on catch block at 0xc3 in for 0x766bd9a025
03-14 21:03:34.917 10675 11972 E gralloc4: Empty SMPTE 2094-40 data
03-14 21:03:34.919 10675 10675 E ArmVmp : Match on catch block at 0xc3 in for 0x766bd9a025
03-14 21:03:34.923 10675 10675 E ArmVmp : Match on catch block at 0xc3 in for 0x766bd9a025
03-14 21:03:34.924 10675 10675 E ArmVmp : Match on catch block at 0xc3 in for 0x766bd9a025
03-14 21:03:34.936 10675 11972 E gralloc4: Empty SMPTE 2094-40 data
03-14 21:03:34.936 10675 10675 E ArmVmp : Match on catch block at 0xc3 in for 0x766bd9a025
03-14 21:03:34.939 10675 10675 E ArmVmp : Match on catch block at 0xc3 in for 0x766bd9a025
03-14 21:03:34.941 10675 10675 E ArmVmp : Match on catch block at 0xc3 in for 0x766bd9a025
03-14 21:03:34.945 10675 11972 E gralloc4: Empty SMPTE 2094-40 data
03-14 21:03:34.953 10675 10675 E ArmVmp : Match on catch block at 0xc3 in for 0x766bd9a025
03-14 21:03:34.956 10675 10675 E ArmVmp : Match on catch block at 0xc3 in for 0x766bd9a025
03-14 21:03:34.958 10675 10675 E ArmVmp : Match on catch block at 0xc3 in for 0x766bd9a025
03-14 21:03:34.967 10675 11972 E gralloc4: Empty SMPTE 2094-40 data
03-14 21:03:34.970 10675 10675 E ArmVmp : Match on catch block at 0xc3 in for 0x766bd9a025
03-14 21:03:34.973 10675 10675 E ArmVmp : Match on catch block at 0xc3 in for 0x766bd9a025
03-14 21:03:34.976 10675 10675 E ArmVmp : Match on catch block at 0xc3 in for 0x766bd9a025
03-14 21:03:34.980 10675 11972 E gralloc4: Empty SMPTE 2094-40 data
03-14 21:03:34.986 10675 10675 E ArmVmp : Match on catch block at 0xc3 in for 0x766bd9a025
03-14 21:03:34.991 10675 10675 E ArmVmp : Match on catch block at 0xc3 in for 0x766bd9a025
03-14 21:03:34.993 10675 10675 E ArmVmp : Match on catch block at 0xc3 in for 0x766bd9a025
03-14 21:03:34.999 10675 11972 E gralloc4: Empty SMPTE 2094-40 data
03-14 21:03:35.003 10675 10675 E ArmVmp : Match on catch block at 0xc3 in for 0x766bd9a025
03-14 21:03:35.006 10675 10675 E ArmVmp : Match on catch block at 0xc3 in for 0x766bd9a025
03-14 21:03:35.008 10675 10675 E ArmVmp : Match on catch block at 0xc3 in for 0x766bd9a025
03-14 21:03:35.014 10675 11972 E gralloc4: Empty SMPTE 2094-40 data
03-14 21:03:35.019 10675 10675 E ArmVmp : Match on catch block at 0xc3 in for 0x766bd9a025
03-14 21:03:35.022 10675 10675 E ArmVmp : Match on catch block at 0xc3 in for 0x766bd9a025
03-14 21:03:35.024 10675 10675 E ArmVmp : Match on catch block at 0xc3 in for 0x766bd9a025
03-14 21:03:35.027 10675 10837 W com.mbwhatsapp: Accessing hidden method Landroid/app/MiuiNotification;-><init>()V (blocked, reflection, denied)
03-14 21:03:35.029 10675 11972 E gralloc4: Empty SMPTE 2094-40 data
03-14 21:03:35.036 10675 10675 E ArmVmp : Match on catch block at 0xc3 in for 0x766bd9a025
03-14 21:03:35.039 10675 10675 E ArmVmp : Match on catch block at 0xc3 in for 0x766bd9a025
03-14 21:03:35.041 10675 10675 E ArmVmp : Match on catch block at 0xc3 in for 0x766bd9a025
03-14 21:03:35.052 10675 10675 E ArmVmp : Match on catch block at 0xc3 in for 0x766bd9a025
03-14 21:03:35.055 10675 10675 E ArmVmp : Match on catch block at 0xc3 in for 0x766bd9a025
03-14 21:03:35.056 10675 11972 E gralloc4: Empty SMPTE 2094-40 data
03-14 21:03:35.057 10675 10675 E ArmVmp : Match on catch block at 0xc3 in for 0x766bd9a025
03-14 21:03:35.063 10675 11972 E gralloc4: Empty SMPTE 2094-40 data
03-14 21:03:35.069 10675 10675 E ArmVmp : Match on catch block at 0xc3 in for 0x766bd9a025
03-14 21:03:35.073 10675 10675 E ArmVmp : Match on catch block at 0xc3 in for 0x766bd9a025
03-14 21:03:35.075 10675 10675 E ArmVmp : Match on catch block at 0xc3 in for 0x766bd9a025
03-14 21:03:35.080 10675 11972 E gralloc4: Empty SMPTE 2094-40 data
03-14 21:03:35.086 10675 10675 E ArmVmp : Match on catch block at 0xc3 in for 0x766bd9a025
03-14 21:03:35.089 10675 10675 E ArmVmp : Match on catch block at 0xc3 in for 0x766bd9a025
03-14 21:03:35.091 10675 10675 E ArmVmp : Match on catch block at 0xc3 in for 0x766bd9a025
03-14 21:03:35.096 10675 11972 E gralloc4: Empty SMPTE 2094-40 data
03-14 21:03:35.102 10675 10675 E ArmVmp : Match on catch block at 0xc3 in for 0x766bd9a025
03-14 21:03:35.105 10675 10675 E ArmVmp : Match on catch block at 0xc3 in for 0x766bd9a025
03-14 21:03:35.107 10675 10675 E ArmVmp : Match on catch block at 0xc3 in for 0x766bd9a025
03-14 21:03:35.112 10675 11972 E gralloc4: Empty SMPTE 2094-40 data
03-14 21:03:35.119 10675 10675 E ArmVmp : Match on catch block at 0xc3 in for 0x766bd9a025
03-14 21:03:35.122 10675 10675 E ArmVmp : Match on catch block at 0xc3 in for 0x766bd9a025
03-14 21:03:35.125 10675 10675 E ArmVmp : Match on catch block at 0xc3 in for 0x766bd9a025
03-14 21:03:35.130 10675 11972 E gralloc4: Empty SMPTE 2094-40 data
03-14 21:03:35.135 10675 10675 E ArmVmp : Match on catch block at 0xc3 in for 0x766bd9a025
03-14 21:03:35.139 10675 10675 E ArmVmp : Match on catch block at 0xc3 in for 0x766bd9a025
03-14 21:03:35.140 10675 10675 E ArmVmp : Match on catch block at 0xc3 in for 0x766bd9a025
03-14 21:03:35.146 10675 11972 E gralloc4: Empty SMPTE 2094-40 data
03-14 21:03:35.152 10675 10675 E ArmVmp : Match on catch block at 0xc3 in for 0x766bd9a025
03-14 21:03:35.154 10675 10675 E ArmVmp : Match on catch block at 0xc3 in for 0x766bd9a025
03-14 21:03:35.156 10675 10675 E ArmVmp : Match on catch block at 0xc3 in for 0x766bd9a025
03-14 21:03:35.162 10675 11972 E gralloc4: Empty SMPTE 2094-40 data
03-14 21:03:35.169 10675 10675 E ArmVmp : Match on catch block at 0xc3 in for 0x766bd9a025
03-14 21:03:35.172 10675 10675 E ArmVmp : Match on catch block at 0xc3 in for 0x766bd9a025
03-14 21:03:35.174 10675 10675 E ArmVmp : Match on catch block at 0xc3 in for 0x766bd9a025
03-14 21:03:35.178 10675 11972 E gralloc4: Empty SMPTE 2094-40 data
03-14 21:03:35.185 10675 10675 E ArmVmp : Match on catch block at 0xc3 in for 0x766bd9a025
03-14 21:03:35.189 10675 10675 E ArmVmp : Match on catch block at 0xc3 in for 0x766bd9a025
03-14 21:03:35.191 10675 10675 E ArmVmp : Match on catch block at 0xc3 in for 0x766bd9a025
03-14 21:03:35.196 10675 11972 E gralloc4: Empty SMPTE 2094-40 data
03-14 21:03:35.202 10675 10675 E ArmVmp : Match on catch block at 0xc3 in for 0x766bd9a025
03-14 21:03:35.205 10675 10675 E ArmVmp : Match on catch block at 0xc3 in for 0x766bd9a025
03-14 21:03:35.207 10675 10675 E ArmVmp : Match on catch block at 0xc3 in for 0x766bd9a025
03-14 21:03:35.212 10675 11972 E gralloc4: Empty SMPTE 2094-40 data
03-14 21:03:35.218 10675 10675 E ArmVmp : Match on catch block at 0xc3 in for 0x766bd9a025
03-14 21:03:35.222 10675 10675 E ArmVmp : Match on catch block at 0xc3 in for 0x766bd9a025
03-14 21:03:35.224 10675 10675 E ArmVmp : Match on catch block at 0xc3 in for 0x766bd9a025
03-14 21:03:35.229 10675 11972 E gralloc4: Empty SMPTE 2094-40 data
03-14 21:03:35.235 10675 10675 E ArmVmp : Match on catch block at 0xc3 in for 0x766bd9a025
03-14 21:03:35.238 10675 10675 E ArmVmp : Match on catch block at 0xc3 in for 0x766bd9a025
03-14 21:03:35.240 10675 10675 E ArmVmp : Match on catch block at 0xc3 in for 0x766bd9a025
03-14 21:03:35.246 10675 11972 E gralloc4: Empty SMPTE 2094-40 data
03-14 21:03:35.252 10675 10675 E ArmVmp : Match on catch block at 0xc3 in for 0x766bd9a025
03-14 21:03:35.255 10675 10675 E ArmVmp : Match on catch block at 0xc3 in for 0x766bd9a025
03-14 21:03:35.257 10675 10675 E ArmVmp : Match on catch block at 0xc3 in for 0x766bd9a025
03-14 21:03:35.264 10675 11972 E gralloc4: Empty SMPTE 2094-40 data
03-14 21:03:35.268 10675 10675 E ArmVmp : Match on catch block at 0xc3 in for 0x766bd9a025
03-14 21:03:35.272 10675 10675 E ArmVmp : Match on catch block at 0xc3 in for 0x766bd9a025
03-14 21:03:35.275 10675 10675 E ArmVmp : Match on catch block at 0xc3 in for 0x766bd9a025
03-14 21:03:35.280 10675 11972 E gralloc4: Empty SMPTE 2094-40 data
03-14 21:03:35.285 10675 10675 E ArmVmp : Match on catch block at 0xc3 in for 0x766bd9a025
03-14 21:03:35.289 10675 10675 E ArmVmp : Match on catch block at 0xc3 in for 0x766bd9a025
03-14 21:03:35.291 10675 10675 E ArmVmp : Match on catch block at 0xc3 in for 0x766bd9a025
03-14 21:03:35.297 10675 11972 E gralloc4: Empty SMPTE 2094-40 data
03-14 21:03:35.301 10675 10675 E ArmVmp : Match on catch block at 0xc3 in for 0x766bd9a025
03-14 21:03:35.305 10675 10675 E ArmVmp : Match on catch block at 0xc3 in for 0x766bd9a025
03-14 21:03:35.308 10675 10675 E ArmVmp : Match on catch block at 0xc3 in for 0x766bd9a025
03-14 21:03:35.314 10675 11972 E gralloc4: Empty SMPTE 2094-40 data
03-14 21:03:35.317 10675 10675 E ArmVmp : Match on catch block at 0xc3 in for 0x766bd9a025
03-14 21:03:35.320 10675 10675 E ArmVmp : Match on catch block at 0xc3 in for 0x766bd9a025
03-14 21:03:35.322 10675 10675 E ArmVmp : Match on catch block at 0xc3 in for 0x766bd9a025
03-14 21:03:35.334 10675 11972 E gralloc4: Empty SMPTE 2094-40 data
03-14 21:03:35.336 10675 10675 E ArmVmp : Match on catch block at 0xc3 in for 0x766bd9a025
03-14 21:03:35.339 10675 10675 E ArmVmp : Match on catch block at 0xc3 in for 0x766bd9a025
03-14 21:03:35.340 10675 10675 E ArmVmp : Match on catch block at 0xc3 in for 0x766bd9a025
03-14 21:03:35.346 10675 11972 E gralloc4: Empty SMPTE 2094-40 data
03-14 21:03:35.351 10675 10675 E ArmVmp : Match on catch block at 0xc3 in for 0x766bd9a025
03-14 21:03:35.354 10675 10675 E ArmVmp : Match on catch block at 0xc3 in for 0x766bd9a025
03-14 21:03:35.356 10675 10675 E ArmVmp : Match on catch block at 0xc3 in for 0x766bd9a025
03-14 21:03:35.361 10675 11972 E gralloc4: Empty SMPTE 2094-40 data
03-14 21:03:35.368 10675 10675 E ArmVmp : Match on catch block at 0xc3 in for 0x766bd9a025
03-14 21:03:35.370 10675 10675 E ArmVmp : Match on catch block at 0xc3 in for 0x766bd9a025
03-14 21:03:35.372 10675 10675 E ArmVmp : Match on catch block at 0xc3 in for 0x766bd9a025
03-14 21:03:35.376 10675 11972 E gralloc4: Empty SMPTE 2094-40 data
03-14 21:03:35.384 10675 10675 E ArmVmp : Match on catch block at 0xc3 in for 0x766bd9a025
03-14 21:03:35.387 10675 10675 E ArmVmp : Match on catch block at 0xc3 in for 0x766bd9a025
03-14 21:03:35.388 10675 10675 E ArmVmp : Match on catch block at 0xc3 in for 0x766bd9a025
03-14 21:03:35.394 10675 11972 E gralloc4: Empty SMPTE 2094-40 data
03-14 21:03:35.401 10675 10675 E ArmVmp : Match on catch block at 0xc3 in for 0x766bd9a025
03-14 21:03:35.404 10675 10675 E ArmVmp : Match on catch block at 0xc3 in for 0x766bd9a025
03-14 21:03:35.405 10675 10675 E ArmVmp : Match on catch block at 0xc3 in for 0x766bd9a025
03-14 21:03:35.410 10675 11972 E gralloc4: Empty SMPTE 2094-40 data
03-14 21:03:35.417 10675 10675 E ArmVmp : Match on catch block at 0xc3 in for 0x766bd9a025
03-14 21:03:35.420 10675 10675 E ArmVmp : Match on catch block at 0xc3 in for 0x766bd9a025
03-14 21:03:35.422 10675 10675 E ArmVmp : Match on catch block at 0xc3 in for 0x766bd9a025
03-14 21:03:35.426 10675 11972 E gralloc4: Empty SMPTE 2094-40 data
03-14 21:03:35.434 10675 10675 E ArmVmp : Match on catch block at 0xc3 in for 0x766bd9a025
03-14 21:03:35.437 10675 10675 E ArmVmp : Match on catch block at 0xc3 in for 0x766bd9a025
03-14 21:03:35.438 10675 10675 E ArmVmp : Match on catch block at 0xc3 in for 0x766bd9a025
03-14 21:03:35.443 10675 11972 E gralloc4: Empty SMPTE 2094-40 data
03-14 21:03:35.451 10675 10675 E ArmVmp : Match on catch block at 0xc3 in for 0x766bd9a025
03-14 21:03:35.453 10675 10675 E ArmVmp : Match on catch block at 0xc3 in for 0x766bd9a025
03-14 21:03:35.455 10675 10675 E ArmVmp : Match on catch block at 0xc3 in for 0x766bd9a025
03-14 21:03:35.458 10675 11972 E gralloc4: Empty SMPTE 2094-40 data
03-14 21:03:35.467 10675 10675 E ArmVmp : Match on catch block at 0xc3 in for 0x766bd9a025
03-14 21:03:35.470 10675 10675 E ArmVmp : Match on catch block at 0xc3 in for 0x766bd9a025
03-14 21:03:35.472 10675 10675 E ArmVmp : Match on catch block at 0xc3 in for 0x766bd9a025
03-14 21:03:35.481 10675 11972 E gralloc4: Empty SMPTE 2094-40 data
03-14 21:03:35.484 10675 10675 E ArmVmp : Match on catch block at 0xc3 in for 0x766bd9a025
03-14 21:03:35.487 10675 10675 E ArmVmp : Match on catch block at 0xc3 in for 0x766bd9a025
03-14 21:03:35.488 10675 10675 E ArmVmp : Match on catch block at 0xc3 in for 0x766bd9a025
03-14 21:03:35.493 10675 11972 E gralloc4: Empty SMPTE 2094-40 data
03-14 21:03:35.501 10675 10675 E ArmVmp : Match on catch block at 0xc3 in for 0x766bd9a025
03-14 21:03:35.503 10675 10675 E ArmVmp : Match on catch block at 0xc3 in for 0x766bd9a025
03-14 21:03:35.505 10675 10675 E ArmVmp : Match on catch block at 0xc3 in for 0x766bd9a025
03-14 21:03:35.516 10675 11972 E gralloc4: Empty SMPTE 2094-40 data
03-14 21:03:35.517 10675 10675 E ArmVmp : Match on catch block at 0xc3 in for 0x766bd9a025
03-14 21:03:35.520 10675 10675 E ArmVmp : Match on catch block at 0xc3 in for 0x766bd9a025
03-14 21:03:35.521 10675 10675 E ArmVmp : Match on catch block at 0xc3 in for 0x766bd9a025
03-14 21:03:35.526 10675 11972 E gralloc4: Empty SMPTE 2094-40 data
03-14 21:03:35.534 10675 10675 E ArmVmp : Match on catch block at 0xc3 in for 0x766bd9a025
03-14 21:03:35.536 10675 10675 E ArmVmp : Match on catch block at 0xc3 in for 0x766bd9a025
03-14 21:03:35.538 10675 10675 E ArmVmp : Match on catch block at 0xc3 in for 0x766bd9a025
03-14 21:03:35.543 10675 11972 E gralloc4: Empty SMPTE 2094-40 data
03-14 21:03:35.550 10675 10675 E ArmVmp : Match on catch block at 0xc3 in for 0x766bd9a025
03-14 21:03:35.553 10675 10675 E ArmVmp : Match on catch block at 0xc3 in for 0x766bd9a025
03-14 21:03:35.554 10675 10675 E ArmVmp : Match on catch block at 0xc3 in for 0x766bd9a025
03-14 21:03:35.558 10675 11972 E gralloc4: Empty SMPTE 2094-40 data
03-14 21:03:35.567 10675 10675 E ArmVmp : Match on catch block at 0xc3 in for 0x766bd9a025
03-14 21:03:35.570 10675 10675 E ArmVmp : Match on catch block at 0xc3 in for 0x766bd9a025
03-14 21:03:35.571 10675 10675 E ArmVmp : Match on catch block at 0xc3 in for 0x766bd9a025
03-14 21:03:35.576 10675 11972 E gralloc4: Empty SMPTE 2094-40 data
03-14 21:03:35.584 10675 10675 E ArmVmp : Match on catch block at 0xc3 in for 0x766bd9a025
03-14 21:03:35.586 10675 10675 E ArmVmp : Match on catch block at 0xc3 in for 0x766bd9a025
03-14 21:03:35.588 10675 10675 E ArmVmp : Match on catch block at 0xc3 in for 0x766bd9a025
03-14 21:03:35.592 10675 11972 E gralloc4: Empty SMPTE 2094-40 data
03-14 21:03:35.600 10675 10675 E ArmVmp : Match on catch block at 0xc3 in for 0x766bd9a025
03-14 21:03:35.603 10675 10675 E ArmVmp : Match on catch block at 0xc3 in for 0x766bd9a025
03-14 21:03:35.605 10675 10675 E ArmVmp : Match on catch block at 0xc3 in for 0x766bd9a025
03-14 21:03:35.613 10675 11972 E gralloc4: Empty SMPTE 2094-40 data
03-14 21:03:35.617 10675 10675 E ArmVmp : Match on catch block at 0xc3 in for 0x766bd9a025
03-14 21:03:35.620 10675 10675 E ArmVmp : Match on catch block at 0xc3 in for 0x766bd9a025
03-14 21:03:35.621 10675 10675 E ArmVmp : Match on catch block at 0xc3 in for 0x766bd9a025
03-14 21:03:35.632 10675 11972 E gralloc4: Empty SMPTE 2094-40 data
03-14 21:03:35.634 10675 10675 E ArmVmp : Match on catch block at 0xc3 in for 0x766bd9a025
03-14 21:03:35.637 10675 10675 E ArmVmp : Match on catch block at 0xc3 in for 0x766bd9a025
03-14 21:03:35.638 10675 10675 E ArmVmp : Match on catch block at 0xc3 in for 0x766bd9a025
03-14 21:03:35.643 10675 11972 E gralloc4: Empty SMPTE 2094-40 data
03-14 21:03:35.650 10675 10675 E ArmVmp : Match on catch block at 0xc3 in for 0x766bd9a025
03-14 21:03:35.653 10675 10675 E ArmVmp : Match on catch block at 0xc3 in for 0x766bd9a025
03-14 21:03:35.655 10675 10675 E ArmVmp : Match on catch block at 0xc3 in for 0x766bd9a025
03-14 21:03:35.665 10675 11972 E gralloc4: Empty SMPTE 2094-40 data
03-14 21:03:35.667 10675 10675 E ArmVmp : Match on catch block at 0xc3 in for 0x766bd9a025
03-14 21:03:35.670 10675 10675 E ArmVmp : Match on catch block at 0xc3 in for 0x766bd9a025
03-14 21:03:35.671 10675 10675 E ArmVmp : Match on catch block at 0xc3 in for 0x766bd9a025
03-14 21:03:35.676 10675 11972 E gralloc4: Empty SMPTE 2094-40 data
03-14 21:03:35.683 10675 10675 E ArmVmp : Match on catch block at 0xc3 in for 0x766bd9a025
03-14 21:03:35.686 10675 10675 E ArmVmp : Match on catch block at 0xc3 in for 0x766bd9a025
03-14 21:03:35.688 10675 10675 E ArmVmp : Match on catch block at 0xc3 in for 0x766bd9a025
03-14 21:03:35.691 10675 11972 E gralloc4: Empty SMPTE 2094-40 data
03-14 21:03:35.700 10675 10675 E ArmVmp : Match on catch block at 0xc3 in for 0x766bd9a025
03-14 21:03:35.703 10675 10675 E ArmVmp : Match on catch block at 0xc3 in for 0x766bd9a025
03-14 21:03:35.704 10675 10675 E ArmVmp : Match on catch block at 0xc3 in for 0x766bd9a025
03-14 21:03:35.708 10675 11972 E gralloc4: Empty SMPTE 2094-40 data
03-14 21:03:35.717 10675 10675 E ArmVmp : Match on catch block at 0xc3 in for 0x766bd9a025
03-14 21:03:35.719 10675 10675 E ArmVmp : Match on catch block at 0xc3 in for 0x766bd9a025
03-14 21:03:35.721 10675 10675 E ArmVmp : Match on catch block at 0xc3 in for 0x766bd9a025
03-14 21:03:35.726 10675 11972 E gralloc4: Empty SMPTE 2094-40 data
03-14 21:03:35.733 10675 10675 E ArmVmp : Match on catch block at 0xc3 in for 0x766bd9a025
03-14 21:03:35.736 10675 10675 E ArmVmp : Match on catch block at 0xc3 in for 0x766bd9a025
03-14 21:03:35.738 10675 10675 E ArmVmp : Match on catch block at 0xc3 in for 0x766bd9a025
03-14 21:03:35.742 10675 11972 E gralloc4: Empty SMPTE 2094-40 data
03-14 21:03:35.750 10675 10675 E ArmVmp : Match on catch block at 0xc3 in for 0x766bd9a025
03-14 21:03:35.753 10675 10675 E ArmVmp : Match on catch block at 0xc3 in for 0x766bd9a025
03-14 21:03:35.754 10675 10675 E ArmVmp : Match on catch block at 0xc3 in for 0x766bd9a025
03-14 21:03:35.759 10675 11972 E gralloc4: Empty SMPTE 2094-40 data
03-14 21:03:35.769 10675 10675 E ArmVmp : Match on catch block at 0xc3 in for 0x766bd9a025
03-14 21:03:35.772 10675 10675 E ArmVmp : Match on catch block at 0xc3 in for 0x766bd9a025
03-14 21:03:35.773 10675 10675 E ArmVmp : Match on catch block at 0xc3 in for 0x766bd9a025
03-14 21:03:35.777 10675 11972 E gralloc4: Empty SMPTE 2094-40 data
03-14 21:03:35.782 10675 10675 E ArmVmp : Match on catch block at 0xc3 in for 0x766bd9a025
03-14 21:03:35.785 10675 10675 E ArmVmp : Match on catch block at 0xc3 in for 0x766bd9a025
03-14 21:03:35.787 10675 10675 E ArmVmp : Match on catch block at 0xc3 in for 0x766bd9a025
03-14 21:03:35.791 10675 11972 E gralloc4: Empty SMPTE 2094-40 data
03-14 21:03:35.799 10675 10675 E ArmVmp : Match on catch block at 0xc3 in for 0x766bd9a025
03-14 21:03:35.802 10675 10675 E ArmVmp : Match on catch block at 0xc3 in for 0x766bd9a025
03-14 21:03:35.804 10675 10675 E ArmVmp : Match on catch block at 0xc3 in for 0x766bd9a025
03-14 21:03:35.809 10675 11972 E gralloc4: Empty SMPTE 2094-40 data
03-14 21:03:35.817 10675 10675 E ArmVmp : Match on catch block at 0xc3 in for 0x766bd9a025
03-14 21:03:35.820 10675 10675 E ArmVmp : Match on catch block at 0xc3 in for 0x766bd9a025
03-14 21:03:35.822 10675 10675 E ArmVmp : Match on catch block at 0xc3 in for 0x766bd9a025
03-14 21:03:35.825 10675 11972 E gralloc4: Empty SMPTE 2094-40 data
03-14 21:03:35.833 10675 10675 E ArmVmp : Match on catch block at 0xc3 in for 0x766bd9a025
03-14 21:03:35.836 10675 10675 E ArmVmp : Match on catch block at 0xc3 in for 0x766bd9a025
03-14 21:03:35.837 10675 10675 E ArmVmp : Match on catch block at 0xc3 in for 0x766bd9a025
03-14 21:03:35.841 10675 11972 E gralloc4: Empty SMPTE 2094-40 data
03-14 21:03:35.854 10675 10675 E ArmVmp : Match on catch block at 0xc3 in for 0x766bd9a025
03-14 21:03:35.858 10675 10675 E ArmVmp : Match on catch block at 0xc3 in for 0x766bd9a025
03-14 21:03:35.859 10675 10675 E ArmVmp : Match on catch block at 0xc3 in for 0x766bd9a025
03-14 21:03:35.866 10675 11972 E gralloc4: Empty SMPTE 2094-40 data
03-14 21:03:35.869 10675 10675 E ArmVmp : Match on catch block at 0xc3 in for 0x766bd9a025
03-14 21:03:35.873 10675 10675 E ArmVmp : Match on catch block at 0xc3 in for 0x766bd9a025
03-14 21:03:35.874 10675 10675 E ArmVmp : Match on catch block at 0xc3 in for 0x766bd9a025
03-14 21:03:35.883 10675 11972 E gralloc4: Empty SMPTE 2094-40 data
03-14 21:03:35.884 10675 10675 E ArmVmp : Match on catch block at 0xc3 in for 0x766bd9a025
03-14 21:03:35.887 10675 10675 E ArmVmp : Match on catch block at 0xc3 in for 0x766bd9a025
03-14 21:03:35.888 10675 10675 E ArmVmp : Match on catch block at 0xc3 in for 0x766bd9a025
03-14 21:03:35.897 10675 11972 E gralloc4: Empty SMPTE 2094-40 data
03-14 21:03:35.899 10675 10675 E ArmVmp : Match on catch block at 0xc3 in for 0x766bd9a025
03-14 21:03:35.901 10675 10675 E ArmVmp : Match on catch block at 0xc3 in for 0x766bd9a025
03-14 21:03:35.903 10675 10675 E ArmVmp : Match on catch block at 0xc3 in for 0x766bd9a025
03-14 21:03:35.913 10675 11972 E gralloc4: Empty SMPTE 2094-40 data
03-14 21:03:35.916 10675 10675 E ArmVmp : Match on catch block at 0xc3 in for 0x766bd9a025
03-14 21:03:35.918 10675 10675 E ArmVmp : Match on catch block at 0xc3 in for 0x766bd9a025
03-14 21:03:35.920 10675 10675 E ArmVmp : Match on catch block at 0xc3 in for 0x766bd9a025
03-14 21:03:35.928 10675 11972 E gralloc4: Empty SMPTE 2094-40 data
03-14 21:03:35.932 10675 10675 E ArmVmp : Match on catch block at 0xc3 in for 0x766bd9a025
03-14 21:03:35.934 10675 10675 E ArmVmp : Match on catch block at 0xc3 in for 0x766bd9a025
03-14 21:03:35.936 10675 10675 E ArmVmp : Match on catch block at 0xc3 in for 0x766bd9a025
03-14 21:03:35.942 10675 11972 E gralloc4: Empty SMPTE 2094-40 data
03-14 21:03:35.949 10675 10675 E ArmVmp : Match on catch block at 0xc3 in for 0x766bd9a025
03-14 21:03:35.951 10675 10675 E ArmVmp : Match on catch block at 0xc3 in for 0x766bd9a025
03-14 21:03:35.952 10675 10675 E ArmVmp : Match on catch block at 0xc3 in for 0x766bd9a025
03-14 21:03:35.958 10675 11972 E gralloc4: Empty SMPTE 2094-40 data
03-14 21:03:35.966 10675 10675 E ArmVmp : Match on catch block at 0xc3 in for 0x766bd9a025
03-14 21:03:35.968 10675 10675 E ArmVmp : Match on catch block at 0xc3 in for 0x766bd9a025
03-14 21:03:35.969 10675 10675 E ArmVmp : Match on catch block at 0xc3 in for 0x766bd9a025
03-14 21:03:35.975 10675 11972 E gralloc4: Empty SMPTE 2094-40 data
03-14 21:03:35.982 10675 10675 E ArmVmp : Match on catch block at 0xc3 in for 0x766bd9a025
03-14 21:03:35.984 10675 10675 E ArmVmp : Match on catch block at 0xc3 in for 0x766bd9a025
03-14 21:03:35.986 10675 10675 E ArmVmp : Match on catch block at 0xc3 in for 0x766bd9a025
03-14 21:03:36.001 10675 10675 E ArmVmp : Match on catch block at 0xc3 in for 0x766bd9a025
03-14 21:03:36.003 10675 10675 E ArmVmp : Match on catch block at 0xc3 in for 0x766bd9a025
03-14 21:03:36.005 10675 10675 E ArmVmp : Match on catch block at 0xc3 in for 0x766bd9a025
03-14 21:03:36.008 10675 11972 E gralloc4: Empty SMPTE 2094-40 data
03-14 21:03:36.013 10675 11972 E gralloc4: Empty SMPTE 2094-40 data
03-14 21:03:36.017 10675 10675 E ArmVmp : Match on catch block at 0xc3 in for 0x766bd9a025
03-14 21:03:36.019 10675 10675 E ArmVmp : Match on catch block at 0xc3 in for 0x766bd9a025
03-14 21:03:36.020 10675 10675 E ArmVmp : Match on catch block at 0xc3 in for 0x766bd9a025
03-14 21:03:36.026 10675 11972 E gralloc4: Empty SMPTE 2094-40 data
03-14 21:03:36.032 10675 10675 E ArmVmp : Match on catch block at 0xc3 in for 0x766bd9a025
03-14 21:03:36.034 10675 10675 E ArmVmp : Match on catch block at 0xc3 in for 0x766bd9a025
03-14 21:03:36.036 10675 10675 E ArmVmp : Match on catch block at 0xc3 in for 0x766bd9a025
03-14 21:03:36.041 10675 11972 E gralloc4: Empty SMPTE 2094-40 data
03-14 21:03:36.049 10675 10675 E ArmVmp : Match on catch block at 0xc3 in for 0x766bd9a025
03-14 21:03:36.051 10675 10675 E ArmVmp : Match on catch block at 0xc3 in for 0x766bd9a025
03-14 21:03:36.052 10675 10675 E ArmVmp : Match on catch block at 0xc3 in for 0x766bd9a025
03-14 21:03:36.057 10675 11972 E gralloc4: Empty SMPTE 2094-40 data
03-14 21:03:36.065 10675 10675 E ArmVmp : Match on catch block at 0xc3 in for 0x766bd9a025
03-14 21:03:36.067 10675 10675 E ArmVmp : Match on catch block at 0xc3 in for 0x766bd9a025
03-14 21:03:36.069 10675 10675 E ArmVmp : Match on catch block at 0xc3 in for 0x766bd9a025
03-14 21:03:36.074 10675 11972 E gralloc4: Empty SMPTE 2094-40 data
03-14 21:03:36.082 10675 10675 E ArmVmp : Match on catch block at 0xc3 in for 0x766bd9a025
03-14 21:03:36.084 10675 10675 E ArmVmp : Match on catch block at 0xc3 in for 0x766bd9a025
03-14 21:03:36.085 10675 10675 E ArmVmp : Match on catch block at 0xc3 in for 0x766bd9a025
03-14 21:03:36.091 10675 11972 E gralloc4: Empty SMPTE 2094-40 data
03-14 21:03:36.098 10675 10675 E ArmVmp : Match on catch block at 0xc3 in for 0x766bd9a025
03-14 21:03:36.100 10675 10675 E ArmVmp : Match on catch block at 0xc3 in for 0x766bd9a025
03-14 21:03:36.102 10675 10675 E ArmVmp : Match on catch block at 0xc3 in for 0x766bd9a025
03-14 21:03:36.108 10675 11972 E gralloc4: Empty SMPTE 2094-40 data
03-14 21:03:36.115 10675 10675 E ArmVmp : Match on catch block at 0xc3 in for 0x766bd9a025
03-14 21:03:36.117 10675 10675 E ArmVmp : Match on catch block at 0xc3 in for 0x766bd9a025
03-14 21:03:36.119 10675 10675 E ArmVmp : Match on catch block at 0xc3 in for 0x766bd9a025
03-14 21:03:36.125 10675 11972 E gralloc4: Empty SMPTE 2094-40 data
03-14 21:03:36.131 10675 10675 E ArmVmp : Match on catch block at 0xc3 in for 0x766bd9a025
03-14 21:03:36.133 10675 10675 E ArmVmp : Match on catch block at 0xc3 in for 0x766bd9a025
03-14 21:03:36.135 10675 10675 E ArmVmp : Match on catch block at 0xc3 in for 0x766bd9a025
03-14 21:03:36.141 10675 11972 E gralloc4: Empty SMPTE 2094-40 data
03-14 21:03:36.148 10675 10675 E ArmVmp : Match on catch block at 0xc3 in for 0x766bd9a025
03-14 21:03:36.150 10675 10675 E ArmVmp : Match on catch block at 0xc3 in for 0x766bd9a025
03-14 21:03:36.151 10675 10675 E ArmVmp : Match on catch block at 0xc3 in for 0x766bd9a025
03-14 21:03:36.157 10675 11972 E gralloc4: Empty SMPTE 2094-40 data
03-14 21:03:36.164 10675 10675 E ArmVmp : Match on catch block at 0xc3 in for 0x766bd9a025
03-14 21:03:36.166 10675 10675 E ArmVmp : Match on catch block at 0xc3 in for 0x766bd9a025
03-14 21:03:36.168 10675 10675 E ArmVmp : Match on catch block at 0xc3 in for 0x766bd9a025
03-14 21:03:36.176 10675 11972 E gralloc4: Empty SMPTE 2094-40 data
03-14 21:03:36.181 10675 10675 E ArmVmp : Match on catch block at 0xc3 in for 0x766bd9a025
03-14 21:03:36.183 10675 10675 E ArmVmp : Match on catch block at 0xc3 in for 0x766bd9a025
03-14 21:03:36.185 10675 10675 E ArmVmp : Match on catch block at 0xc3 in for 0x766bd9a025
03-14 21:03:36.195 10675 11972 E gralloc4: Empty SMPTE 2094-40 data
03-14 21:03:36.198 10675 10675 E ArmVmp : Match on catch block at 0xc3 in for 0x766bd9a025
03-14 21:03:36.200 10675 10675 E ArmVmp : Match on catch block at 0xc3 in for 0x766bd9a025
03-14 21:03:36.201 10675 10675 E ArmVmp : Match on catch block at 0xc3 in for 0x766bd9a025
03-14 21:03:36.207 10675 11972 E gralloc4: Empty SMPTE 2094-40 data
03-14 21:03:36.214 10675 10675 E ArmVmp : Match on catch block at 0xc3 in for 0x766bd9a025
03-14 21:03:36.216 10675 10675 E ArmVmp : Match on catch block at 0xc3 in for 0x766bd9a025
03-14 21:03:36.218 10675 10675 E ArmVmp : Match on catch block at 0xc3 in for 0x766bd9a025
03-14 21:03:36.229 10675 11972 E gralloc4: Empty SMPTE 2094-40 data
03-14 21:03:36.231 10675 10675 E ArmVmp : Match on catch block at 0xc3 in for 0x766bd9a025
03-14 21:03:36.233 10675 10675 E ArmVmp : Match on catch block at 0xc3 in for 0x766bd9a025
03-14 21:03:36.234 10675 10675 E ArmVmp : Match on catch block at 0xc3 in for 0x766bd9a025
03-14 21:03:36.242 10675 11972 E gralloc4: Empty SMPTE 2094-40 data
03-14 21:03:36.247 10675 10675 E ArmVmp : Match on catch block at 0xc3 in for 0x766bd9a025
03-14 21:03:36.250 10675 10675 E ArmVmp : Match on catch block at 0xc3 in for 0x766bd9a025
03-14 21:03:36.251 10675 10675 E ArmVmp : Match on catch block at 0xc3 in for 0x766bd9a025
03-14 21:03:36.259 10675 11972 E gralloc4: Empty SMPTE 2094-40 data
