03-14 17:05:36.133 9593 9593 E gralloc4: Empty SMPTE 2094-40 data
03-14 17:05:36.151 9593 9593 E gralloc4: Empty SMPTE 2094-40 data
03-14 17:05:36.166 9593 9593 E gralloc4: Empty SMPTE 2094-40 data
03-14 17:05:36.183 9593 9593 E gralloc4: Empty SMPTE 2094-40 data
03-14 17:05:36.202 9593 9593 E gralloc4: Empty SMPTE 2094-40 data
03-14 17:05:36.218 9593 9593 E gralloc4: Empty SMPTE 2094-40 data
03-14 17:05:36.236 9593 9593 E gralloc4: Empty SMPTE 2094-40 data
03-14 17:05:36.251 9593 9593 E gralloc4: Empty SMPTE 2094-40 data
03-14 17:05:36.268 9593 9593 E gralloc4: Empty SMPTE 2094-40 data
03-14 17:05:36.285 9593 9593 E gralloc4: Empty SMPTE 2094-40 data
03-14 17:05:36.301 9593 9593 E gralloc4: Empty SMPTE 2094-40 data
03-14 17:05:36.318 9593 9593 E gralloc4: Empty SMPTE 2094-40 data
03-14 17:05:36.334 9593 9593 E gralloc4: Empty SMPTE 2094-40 data
03-14 17:05:36.351 9593 9593 E gralloc4: Empty SMPTE 2094-40 data
03-14 17:05:36.369 9593 9593 E gralloc4: Empty SMPTE 2094-40 data
03-14 17:05:36.382 9593 9593 E gralloc4: Empty SMPTE 2094-40 data
03-14 17:05:36.400 9593 9593 E gralloc4: Empty SMPTE 2094-40 data
03-14 17:05:36.415 9593 9593 E gralloc4: Empty SMPTE 2094-40 data
03-14 17:05:36.432 9593 9593 E gralloc4: Empty SMPTE 2094-40 data
03-14 17:05:36.448 9593 9593 E gralloc4: Empty SMPTE 2094-40 data
03-14 17:05:36.468 9593 9593 E gralloc4: Empty SMPTE 2094-40 data
03-14 17:05:36.482 9593 9593 E gralloc4: Empty SMPTE 2094-40 data
03-14 17:05:36.498 9593 9593 E gralloc4: Empty SMPTE 2094-40 data
03-14 17:05:36.516 9593 9593 E gralloc4: Empty SMPTE 2094-40 data
03-14 17:05:36.534 9593 9593 E gralloc4: Empty SMPTE 2094-40 data
03-14 17:05:36.550 9593 9593 E gralloc4: Empty SMPTE 2094-40 data
03-14 17:05:36.566 9593 9593 E gralloc4: Empty SMPTE 2094-40 data
03-14 17:05:36.583 9593 9593 E gralloc4: Empty SMPTE 2094-40 data
03-14 17:05:36.598 9593 9593 E gralloc4: Empty SMPTE 2094-40 data
03-14 17:05:36.614 9593 9593 E gralloc4: Empty SMPTE 2094-40 data
03-14 17:05:36.633 9593 9593 E gralloc4: Empty SMPTE 2094-40 data
03-14 17:05:36.650 9593 9593 E gralloc4: Empty SMPTE 2094-40 data
03-14 17:05:36.664 9593 9593 E gralloc4: Empty SMPTE 2094-40 data
03-14 17:05:36.681 9593 9593 E gralloc4: Empty SMPTE 2094-40 data
03-14 17:05:36.697 9593 9593 E gralloc4: Empty SMPTE 2094-40 data
03-14 17:05:36.714 9593 9593 E gralloc4: Empty SMPTE 2094-40 data
03-14 17:05:36.730 9593 9593 E gralloc4: Empty SMPTE 2094-40 data
03-14 17:05:36.747 9593 9593 E gralloc4: Empty SMPTE 2094-40 data
03-14 17:05:36.764 9593 9593 E gralloc4: Empty SMPTE 2094-40 data
03-14 17:05:36.781 9593 9593 E gralloc4: Empty SMPTE 2094-40 data
03-14 17:05:36.797 9593 9593 E gralloc4: Empty SMPTE 2094-40 data
03-14 17:05:36.814 9593 9593 E gralloc4: Empty SMPTE 2094-40 data
03-14 17:05:36.831 9593 9593 E gralloc4: Empty SMPTE 2094-40 data
03-14 17:05:36.847 9593 9593 E gralloc4: Empty SMPTE 2094-40 data
03-14 17:05:36.865 9593 9593 E gralloc4: Empty SMPTE 2094-40 data
03-14 17:05:36.882 9593 9593 E gralloc4: Empty SMPTE 2094-40 data
03-14 17:05:36.899 9593 9593 E gralloc4: Empty SMPTE 2094-40 data
03-14 17:05:36.915 9593 9593 E gralloc4: Empty SMPTE 2094-40 data
03-14 17:05:36.931 9593 9593 E gralloc4: Empty SMPTE 2094-40 data
03-14 17:05:36.934 9593 9644 E FileUtils: err open mi_exception_log errno=2
03-14 17:05:36.934 9593 9644 E FileUtils: err write to mi_exception_log
03-14 17:05:36.938 9593 9648 E SQLiteDatabase: Error inserting dirty_version=-1 version=0 lt_hash=null collection_name=regular_low
03-14 17:05:36.938 9593 9648 E SQLiteDatabase: android.database.sqlite.SQLiteConstraintException: UNIQUE constraint failed: collection_versions.collection_name (code 1555 SQLITE_CONSTRAINT_PRIMARYKEY)
03-14 17:05:36.938 9593 9648 E SQLiteDatabase: at android.database.sqlite.SQLiteConnection.nativeExecuteForLastInsertedRowId(Native Method)
03-14 17:05:36.938 9593 9648 E SQLiteDatabase: at android.database.sqlite.SQLiteConnection.executeForLastInsertedRowId(SQLiteConnecti on.java:961)
03-14 17:05:36.938 9593 9648 E SQLiteDatabase: at android.database.sqlite.SQLiteSession.executeForLastInsertedRowId(SQLiteSession.jav a:790)
03-14 17:05:36.938 9593 9648 E SQLiteDatabase: at android.database.sqlite.SQLiteStatement.executeInsert(SQLiteStatement.java:89)
03-14 17:05:36.938 9593 9648 E SQLiteDatabase: at android.database.sqlite.SQLiteDatabase.insertWithOnConflict(SQLiteDatabase.java:186 8)
03-14 17:05:36.938 9593 9648 E SQLiteDatabase: at android.database.sqlite.SQLiteDatabase.insert(SQLiteDatabase.java:1737)
03-14 17:05:36.938 9593 9648 E SQLiteDatabase: at X.2tm.A08(Unknown Source:6)
03-14 17:05:36.938 9593 9648 E SQLiteDatabase: at X.2sR.A03(Unknown Source:39)
03-14 17:05:36.938 9593 9648 E SQLiteDatabase: at X.2sR.A04(Unknown Source:29)
03-14 17:05:36.938 9593 9648 E SQLiteDatabase: at X.3Uy.A01(Unknown Source:1345)
03-14 17:05:36.938 9593 9648 E SQLiteDatabase: at X.3Uy.A02(Unknown Source:93)
03-14 17:05:36.938 9593 9648 E SQLiteDatabase: at X.3g7.run(Unknown Source:259)
03-14 17:05:36.938 9593 9648 E SQLiteDatabase: at X.0yM.A1J(Unknown Source:2)
03-14 17:05:36.938 9593 9648 E SQLiteDatabase: at X.1nX.run(Unknown Source:91)
03-14 17:05:36.938 9593 9648 E SQLiteDatabase: at java.util.concurrent.ThreadPoolExecutor.runWorker(ThreadPoolExecutor.java:1145)
03-14 17:05:36.938 9593 9648 E SQLiteDatabase: at java.util.concurrent.ThreadPoolExecutor$Worker.run(ThreadPoolExecutor.java:644)
03-14 17:05:36.938 9593 9648 E SQLiteDatabase: at X.3gH.run(Unknown Source:1548)
03-14 17:05:36.938 9593 9648 E SQLiteDatabase: at java.lang.Thread.run(Thread.java:1012)
03-14 17:05:36.949 9593 9593 E gralloc4: Empty SMPTE 2094-40 data
03-14 17:05:37.002 9593 9593 W com.mbwhatsapp: Method void com.mbwhatsapp.HomeActivity.A6e() failed lock verification and will run slower.
03-14 17:05:37.002 9593 9593 W com.mbwhatsapp: Common causes for lock verification issues are non-optimized dex code
03-14 17:05:37.002 9593 9593 W com.mbwhatsapp: and incorrect proguard optimizations.
03-14 17:05:37.228 9593 9662 E SQLiteDatabase: Error inserting dirty_version=-1 version=0 lt_hash=null collection_name=regular_low
03-14 17:05:37.228 9593 9662 E SQLiteDatabase: android.database.sqlite.SQLiteConstraintException: UNIQUE constraint failed: collection_versions.collection_name (code 1555 SQLITE_CONSTRAINT_PRIMARYKEY)
03-14 17:05:37.228 9593 9662 E SQLiteDatabase: at android.database.sqlite.SQLiteConnection.nativeExecuteForLastInsertedRowId(Native Method)
03-14 17:05:37.228 9593 9662 E SQLiteDatabase: at android.database.sqlite.SQLiteConnection.executeForLastInsertedRowId(SQLiteConnecti on.java:961)
03-14 17:05:37.228 9593 9662 E SQLiteDatabase: at android.database.sqlite.SQLiteSession.executeForLastInsertedRowId(SQLiteSession.jav a:790)
03-14 17:05:37.228 9593 9662 E SQLiteDatabase: at android.database.sqlite.SQLiteStatement.executeInsert(SQLiteStatement.java:89)
03-14 17:05:37.228 9593 9662 E SQLiteDatabase: at android.database.sqlite.SQLiteDatabase.insertWithOnConflict(SQLiteDatabase.java:186 8)
03-14 17:05:37.228 9593 9662 E SQLiteDatabase: at android.database.sqlite.SQLiteDatabase.insert(SQLiteDatabase.java:1737)
03-14 17:05:37.228 9593 9662 E SQLiteDatabase: at X.2tm.A08(Unknown Source:6)
03-14 17:05:37.228 9593 9662 E SQLiteDatabase: at X.2sR.A03(Unknown Source:39)
03-14 17:05:37.228 9593 9662 E SQLiteDatabase: at X.2sR.A05(Unknown Source:14)
03-14 17:05:37.228 9593 9662 E SQLiteDatabase: at X.32N.A07(Unknown Source:2205)
03-14 17:05:37.228 9593 9662 E SQLiteDatabase: at X.32N.A06(Unknown Source:507)
03-14 17:05:37.228 9593 9662 E SQLiteDatabase: at X.3eA.run(Unknown Source:2207)
03-14 17:05:37.228 9593 9662 E SQLiteDatabase: at java.util.concurrent.ThreadPoolExecutor.runWorker(ThreadPoolExecutor.java:1145)
03-14 17:05:37.228 9593 9662 E SQLiteDatabase: at java.util.concurrent.ThreadPoolExecutor$Worker.run(ThreadPoolExecutor.java:644)
03-14 17:05:37.228 9593 9662 E SQLiteDatabase: at X.3gH.run(Unknown Source:1548)
03-14 17:05:37.228 9593 9662 E SQLiteDatabase: at java.lang.Thread.run(Thread.java:1012)
03-14 17:05:37.349 9593 9593 E ArmVmp : Match on catch block at 0x0a in for 0x766bd9a031
03-14 17:05:37.376 9593 9593 E ArmVmp : Match on catch block at 0x0a in for 0x766bd9a04d
03-14 17:05:37.424 9593 9593 W Activity: Can request only one set of permissions at a time
03-14 17:05:37.516 9593 9593 E FileUtils: err write to mi_exception_log
03-14 17:05:37.517 9593 9593 E FileUtils: err write to mi_exception_log
03-14 17:05:37.817 9593 10161 E FileUtils: err open mi_exception_log errno=2
03-14 17:05:37.817 9593 10161 E FileUtils: err write to mi_exception_log
03-14 17:05:38.224 9593 9657 E gralloc4: Empty SMPTE 2094-40 data
03-14 17:05:38.224 9593 9657 W Parcel : Expecting binder but got null!
03-14 17:05:38.225 9593 9593 E FileUtils: err write to mi_exception_log
03-14 17:05:38.235 9593 9593 E ArmVmp : Match on catch block at 0x0a in for 0x766bd9a035
03-14 17:05:38.243 9593 9593 E FileUtils: err write to mi_exception_log
03-14 17:05:38.248 9593 9593 E FileUtils: err write to mi_exception_log
03-14 17:05:38.281 9593 9593 E FileUtils: err write to mi_exception_log
03-14 17:05:38.294 9593 9593 E FileUtils: err write to mi_exception_log
03-14 17:05:38.294 9593 9593 E FileUtils: err write to mi_exception_log
03-14 17:05:38.590 9593 10908 W LOTTIE : Animation contains merge paths. Merge paths are only supported on KitKat+ and must be manually enabled by calling enableMergePathsForKitKatAndAbove().
03-14 17:05:38.825 9593 9593 E FileUtils: err write to mi_exception_log
03-14 17:05:38.830 9593 9657 E gralloc4: Empty SMPTE 2094-40 data
03-14 17:05:39.020 9593 9593 E FileUtils: err write to mi_exception_log
03-14 17:05:39.020 9593 9593 E FileUtils: err write to mi_exception_log
03-14 17:05:39.025 9593 9593 W LOTTIE : Animation contains merge paths but they are disabled.
03-14 17:05:39.065 9593 9657 E gralloc4: Empty SMPTE 2094-40 data
03-14 17:05:39.120 9593 9657 E gralloc4: Empty SMPTE 2094-40 data
03-14 17:05:39.131 9593 9657 E gralloc4: Empty SMPTE 2094-40 data
03-14 17:05:39.143 9593 9657 E gralloc4: Empty SMPTE 2094-40 data
03-14 17:05:39.151 9593 9657 E gralloc4: Empty SMPTE 2094-40 data
03-14 17:05:39.164 9593 9657 E gralloc4: Empty SMPTE 2094-40 data
03-14 17:05:39.180 9593 9657 E gralloc4: Empty SMPTE 2094-40 data
03-14 17:05:39.197 9593 9657 E gralloc4: Empty SMPTE 2094-40 data
03-14 17:05:39.214 9593 9657 E gralloc4: Empty SMPTE 2094-40 data
03-14 17:05:39.229 9593 9657 E gralloc4: Empty SMPTE 2094-40 data
03-14 17:05:39.246 9593 9657 E gralloc4: Empty SMPTE 2094-40 data
03-14 17:05:39.262 9593 9657 E gralloc4: Empty SMPTE 2094-40 data
03-14 17:05:39.278 9593 9657 E gralloc4: Empty SMPTE 2094-40 data
03-14 17:05:39.294 9593 9657 E gralloc4: Empty SMPTE 2094-40 data
03-14 17:05:39.311 9593 9657 E gralloc4: Empty SMPTE 2094-40 data
03-14 17:05:39.329 9593 9657 E gralloc4: Empty SMPTE 2094-40 data
03-14 17:05:39.344 9593 9657 E gralloc4: Empty SMPTE 2094-40 data
03-14 17:05:39.363 9593 9657 E gralloc4: Empty SMPTE 2094-40 data
03-14 17:05:39.377 9593 9657 E gralloc4: Empty SMPTE 2094-40 data
03-14 17:05:39.393 9593 9657 E gralloc4: Empty SMPTE 2094-40 data
03-14 17:05:39.410 9593 9657 E gralloc4: Empty SMPTE 2094-40 data
03-14 17:05:39.429 9593 9657 E gralloc4: Empty SMPTE 2094-40 data
03-14 17:05:39.445 9593 9657 E gralloc4: Empty SMPTE 2094-40 data
03-14 17:05:39.460 9593 9657 E gralloc4: Empty SMPTE 2094-40 data
03-14 17:05:39.476 9593 9657 E gralloc4: Empty SMPTE 2094-40 data
03-14 17:05:39.492 9593 9657 E gralloc4: Empty SMPTE 2094-40 data
03-14 17:05:39.511 9593 9657 E gralloc4: Empty SMPTE 2094-40 data
03-14 17:05:39.526 9593 9657 E gralloc4: Empty SMPTE 2094-40 data
03-14 17:05:39.543 9593 9657 E gralloc4: Empty SMPTE 2094-40 data
03-14 17:05:39.563 9593 9657 E gralloc4: Empty SMPTE 2094-40 data
03-14 17:05:39.577 9593 9657 E gralloc4: Empty SMPTE 2094-40 data
03-14 17:05:39.595 9593 9657 E gralloc4: Empty SMPTE 2094-40 data
03-14 17:05:39.609 9593 9657 E gralloc4: Empty SMPTE 2094-40 data
03-14 17:05:39.629 9593 9657 E gralloc4: Empty SMPTE 2094-40 data
03-14 17:05:39.643 9593 9657 E gralloc4: Empty SMPTE 2094-40 data
03-14 17:05:39.659 9593 9657 E gralloc4: Empty SMPTE 2094-40 data
03-14 17:05:39.676 9593 9657 E gralloc4: Empty SMPTE 2094-40 data
03-14 17:05:39.697 9593 9657 E gralloc4: Empty SMPTE 2094-40 data
03-14 17:05:39.711 9593 9657 E gralloc4: Empty SMPTE 2094-40 data
03-14 17:05:39.725 9593 9657 E gralloc4: Empty SMPTE 2094-40 data
03-14 17:05:39.743 9593 9657 E gralloc4: Empty SMPTE 2094-40 data
03-14 17:05:39.758 9593 9657 E gralloc4: Empty SMPTE 2094-40 data
03-14 17:05:39.777 9593 9657 E gralloc4: Empty SMPTE 2094-40 data
03-14 17:05:39.792 9593 9657 E gralloc4: Empty SMPTE 2094-40 data
03-14 17:05:39.809 9593 9657 E gralloc4: Empty SMPTE 2094-40 data
03-14 17:05:39.825 9593 9657 E gralloc4: Empty SMPTE 2094-40 data
03-14 17:05:39.843 9593 9657 E gralloc4: Empty SMPTE 2094-40 data
03-14 17:05:39.859 9593 9657 E gralloc4: Empty SMPTE 2094-40 data
03-14 17:05:39.879 9593 9657 E gralloc4: Empty SMPTE 2094-40 data
03-14 17:05:39.975 9593 9657 E gralloc4: Empty SMPTE 2094-40 data
03-14 17:05:39.995 9593 9657 E gralloc4: Empty SMPTE 2094-40 data
03-14 17:05:40.016 9593 9657 E gralloc4: Empty SMPTE 2094-40 data
03-14 17:05:40.032 9593 9657 E gralloc4: Empty SMPTE 2094-40 data
03-14 17:05:40.045 9593 9657 E gralloc4: Empty SMPTE 2094-40 data
03-14 17:05:40.066 9593 9657 E gralloc4: Empty SMPTE 2094-40 data
03-14 17:05:40.079 9593 9657 E gralloc4: Empty SMPTE 2094-40 data
03-14 17:05:40.114 9593 9657 E gralloc4: Empty SMPTE 2094-40 data
03-14 17:05:40.130 9593 9657 E gralloc4: Empty SMPTE 2094-40 data
03-14 17:05:40.158 9593 9657 E gralloc4: Empty SMPTE 2094-40 data
03-14 17:05:40.181 9593 9657 E gralloc4: Empty SMPTE 2094-40 data
03-14 17:05:40.193 9593 9657 E gralloc4: Empty SMPTE 2094-40 data
03-14 17:05:40.211 9593 9657 E gralloc4: Empty SMPTE 2094-40 data
03-14 17:05:40.222 9593 9657 E gralloc4: Empty SMPTE 2094-40 data
03-14 17:05:40.243 9593 9657 E gralloc4: Empty SMPTE 2094-40 data
03-14 17:05:40.263 9593 9657 E gralloc4: Empty SMPTE 2094-40 data
03-14 17:05:40.278 9593 9657 E gralloc4: Empty SMPTE 2094-40 data
03-14 17:05:40.288 9593 9657 E gralloc4: Empty SMPTE 2094-40 data
03-14 17:05:40.305 9593 9657 E gralloc4: Empty SMPTE 2094-40 data
03-14 17:05:40.307 9593 10928 E RenderScript: Failed loading RS driver: dlopen failed: library "libRSDriver_mtk.so" not found
03-14 17:05:40.307 9593 10928 E RenderScript: Failed to load runtime libRSDriver_mtk.so, loading default
03-14 17:05:40.322 9593 9657 E gralloc4: Empty SMPTE 2094-40 data
03-14 17:05:40.338 9593 9657 E gralloc4: Empty SMPTE 2094-40 data
03-14 17:05:40.355 9593 9657 E gralloc4: Empty SMPTE 2094-40 data
03-14 17:05:40.371 9593 9657 E gralloc4: Empty SMPTE 2094-40 data
03-14 17:05:40.388 9593 9657 E gralloc4: Empty SMPTE 2094-40 data
03-14 17:05:40.404 9593 9657 E gralloc4: Empty SMPTE 2094-40 data
03-14 17:05:40.420 9593 10908 W LOTTIE : Unknown shape type rd
03-14 17:05:40.421 9593 9657 E gralloc4: Empty SMPTE 2094-40 data
03-14 17:05:40.438 9593 9657 E gralloc4: Empty SMPTE 2094-40 data
03-14 17:05:40.455 9593 9657 E gralloc4: Empty SMPTE 2094-40 data
03-14 17:05:40.470 9593 9657 E gralloc4: Empty SMPTE 2094-40 data
03-14 17:05:40.477 9593 9593 E ArmVmp : Match on catch block at 0x0a in for 0x766bd9a035
03-14 17:05:40.482 9593 9593 E ArmVmp : Match on catch block at 0x0a in for 0x766bd9a035
03-14 17:05:40.487 9593 9657 E gralloc4: Empty SMPTE 2094-40 data
03-14 17:05:40.503 9593 9593 E ArmVmp : Match on catch block at 0x0a in for 0x766bd9a071
03-14 17:05:40.504 9593 9657 E gralloc4: Empty SMPTE 2094-40 data
03-14 17:05:40.521 9593 9657 E gralloc4: Empty SMPTE 2094-40 data
03-14 17:05:40.537 9593 9657 E gralloc4: Empty SMPTE 2094-40 data
03-14 17:05:40.543 9593 9593 E FileUtils: err write to mi_exception_log
03-14 17:05:40.543 9593 9593 E FileUtils: err write to mi_exception_log
03-14 17:05:40.553 9593 9657 E gralloc4: Empty SMPTE 2094-40 data
03-14 17:05:40.563 9593 9657 E gralloc4: Empty SMPTE 2094-40 data
03-14 17:05:40.563 9593 9657 W Parcel : Expecting binder but got null!
03-14 17:05:40.571 9593 9657 E gralloc4: Empty SMPTE 2094-40 data
03-14 17:05:40.751 9593 9593 E ArmVmp : Match on catch block at 0xc3 in for 0x766bd9a021
03-14 17:05:40.755 9593 9593 E ArmVmp : Match on catch block at 0xc3 in for 0x766bd9a021
03-14 17:05:40.846 9593 9657 E gralloc4: Empty SMPTE 2094-40 data
03-14 17:05:40.847 9593 9657 W Parcel : Expecting binder but got null!
03-14 17:05:40.854 9593 9593 E FileUtils: err write to mi_exception_log
03-14 17:05:40.854 9593 9593 E FileUtils: err write to mi_exception_log
03-14 17:05:40.859 9593 9657 E gralloc4: Empty SMPTE 2094-40 data
03-14 17:05:40.886 9593 9657 E gralloc4: Empty SMPTE 2094-40 data
03-14 17:05:40.908 9593 9593 E ArmVmp : Match on catch block at 0xc3 in for 0x766bd9a025
03-14 17:05:40.911 9593 9593 E ArmVmp : Match on catch block at 0xc3 in for 0x766bd9a025
03-14 17:05:41.007 9593 9657 E gralloc4: Empty SMPTE 2094-40 data
03-14 17:05:41.009 9593 9593 E FileUtils: err write to mi_exception_log
03-14 17:05:41.009 9593 9593 E FileUtils: err write to mi_exception_log
03-14 17:05:41.020 9593 9657 E gralloc4: Empty SMPTE 2094-40 data
03-14 17:05:41.039 9593 9657 E gralloc4: Empty SMPTE 2094-40 data
03-14 17:05:41.056 9593 9657 E gralloc4: Empty SMPTE 2094-40 data
03-14 17:05:41.073 9593 9657 E gralloc4: Empty SMPTE 2094-40 data
03-14 17:05:41.086 9593 9657 E gralloc4: Empty SMPTE 2094-40 data
03-14 17:05:41.096 9593 9593 E ArmVmp : Match on catch block at 0xc3 in for 0x766bd9a025
03-14 17:05:41.101 9593 9593 E ArmVmp : Match on catch block at 0xc3 in for 0x766bd9a025
03-14 17:05:41.102 9593 9657 E gralloc4: Empty SMPTE 2094-40 data
03-14 17:05:41.116 9593 9657 E gralloc4: Empty SMPTE 2094-40 data
03-14 17:05:41.121 9593 9657 E gralloc4: Empty SMPTE 2094-40 data
03-14 17:05:41.125 9593 9657 E gralloc4: Empty SMPTE 2094-40 data
03-14 17:05:41.135 9593 9657 E gralloc4: Empty SMPTE 2094-40 data
03-14 17:05:41.152 9593 9657 E gralloc4: Empty SMPTE 2094-40 data
03-14 17:05:41.169 9593 9657 E gralloc4: Empty SMPTE 2094-40 data
03-14 17:05:41.185 9593 9657 E gralloc4: Empty SMPTE 2094-40 data
03-14 17:05:41.200 9593 9593 E FileUtils: err write to mi_exception_log
03-14 17:05:41.215 9593 9657 E gralloc4: Empty SMPTE 2094-40 data
03-14 17:05:41.230 9593 9593 E ArmVmp : Match on catch block at 0xc3 in for 0x766bd9a025
03-14 17:05:41.233 9593 9593 E ArmVmp : Match on catch block at 0xc3 in for 0x766bd9a025
03-14 17:05:41.240 9593 9657 E gralloc4: Empty SMPTE 2094-40 data
03-14 17:05:41.249 9593 9657 E gralloc4: Empty SMPTE 2094-40 data
03-14 17:05:41.260 9593 9657 E gralloc4: Empty SMPTE 2094-40 data
03-14 17:05:41.266 9593 9657 E gralloc4: Empty SMPTE 2094-40 data
03-14 17:05:41.288 9593 9657 E gralloc4: Empty SMPTE 2094-40 data
03-14 17:05:41.294 9593 9657 E gralloc4: Empty SMPTE 2094-40 data
03-14 17:05:41.312 9593 9593 E ArmVmp : Match on catch block at 0xc3 in for 0x766bd9a025
03-14 17:05:41.314 9593 9593 E ArmVmp : Match on catch block at 0xc3 in for 0x766bd9a025
03-14 17:05:41.318 9593 9593 E FileUtils: err write to mi_exception_log
03-14 17:05:41.324 9593 9657 E gralloc4: Empty SMPTE 2094-40 data
03-14 17:05:41.337 9593 9657 E gralloc4: Empty SMPTE 2094-40 data
03-14 17:05:41.343 9593 9657 E gralloc4: Empty SMPTE 2094-40 data
03-14 17:05:41.360 9593 9593 E ArmVmp : Match on catch block at 0xc3 in for 0x766bd9a025
03-14 17:05:41.362 9593 9593 E ArmVmp : Match on catch block at 0xc3 in for 0x766bd9a025
03-14 17:05:41.371 9593 9657 E gralloc4: Empty SMPTE 2094-40 data
03-14 17:05:41.382 9593 9657 E gralloc4: Empty SMPTE 2094-40 data
03-14 17:05:41.386 9593 9657 E gralloc4: Empty SMPTE 2094-40 data
03-14 17:05:41.401 9593 9593 E ArmVmp : Match on catch block at 0xc3 in for 0x766bd9a025
03-14 17:05:41.404 9593 9593 E ArmVmp : Match on catch block at 0xc3 in for 0x766bd9a025
03-14 17:05:41.411 9593 9657 E gralloc4: Empty SMPTE 2094-40 data
03-14 17:05:41.429 9593 9593 E ArmVmp : Match on catch block at 0x0a in for 0x766bd9a07d
03-14 17:05:41.442 9593 9657 E gralloc4: Empty SMPTE 2094-40 data
03-14 17:05:41.454 9593 9593 E ArmVmp : Match on catch block at 0xc3 in for 0x766bd9a025
03-14 17:05:41.457 9593 9593 E ArmVmp : Match on catch block at 0xc3 in for 0x766bd9a025
03-14 17:05:41.464 9593 9657 E gralloc4: Empty SMPTE 2094-40 data
03-14 17:05:41.481 9593 9657 E gralloc4: Empty SMPTE 2094-40 data
03-14 17:05:41.482 9593 9657 W Parcel : Expecting binder but got null!
03-14 17:05:41.488 9593 9593 E FileUtils: err write to mi_exception_log
03-14 17:05:41.493 9593 9657 E gralloc4: Empty SMPTE 2094-40 data
03-14 17:05:41.511 9593 10718 E FileUtils: err open mi_exception_log errno=2
03-14 17:05:41.511 9593 10718 E FileUtils: err write to mi_exception_log
03-14 17:05:41.511 9593 9657 E gralloc4: Empty SMPTE 2094-40 data
03-14 17:05:41.524 9593 9593 E ArmVmp : Match on catch block at 0xc3 in for 0x766bd9a025
03-14 17:05:41.527 9593 9593 E ArmVmp : Match on catch block at 0xc3 in for 0x766bd9a025
03-14 17:05:41.541 9593 9657 E gralloc4: Empty SMPTE 2094-40 data
03-14 17:05:41.545 9593 9657 E gralloc4: Empty SMPTE 2094-40 data
03-14 17:05:41.566 9593 9657 E gralloc4: Empty SMPTE 2094-40 data
03-14 17:05:41.579 9593 9593 E ArmVmp : Match on catch block at 0xc3 in for 0x766bd9a025
03-14 17:05:41.582 9593 9593 E ArmVmp : Match on catch block at 0xc3 in for 0x766bd9a025
03-14 17:05:41.596 9593 9657 E gralloc4: Empty SMPTE 2094-40 data
03-14 17:05:41.599 9593 9657 E gralloc4: Empty SMPTE 2094-40 data
03-14 17:05:41.646 9593 9657 E gralloc4: Empty SMPTE 2094-40 data
03-14 17:05:41.689 9593 9593 E ArmVmp : Match on catch block at 0xc3 in for 0x766bd9a025
03-14 17:05:41.692 9593 9593 E ArmVmp : Match on catch block at 0xc3 in for 0x766bd9a025
03-14 17:05:41.715 9593 9657 E gralloc4: Empty SMPTE 2094-40 data
03-14 17:05:41.718 9593 9593 E FileUtils: err write to mi_exception_log
03-14 17:05:41.719 9593 9657 E gralloc4: Empty SMPTE 2094-40 data
03-14 17:05:41.728 9593 9657 E gralloc4: Empty SMPTE 2094-40 data
03-14 17:05:41.741 9593 9593 E ArmVmp : Match on catch block at 0xc3 in for 0x766bd9a025
03-14 17:05:41.743 9593 9593 E ArmVmp : Match on catch block at 0xc3 in for 0x766bd9a025
03-14 17:05:41.758 9593 9657 E gralloc4: Empty SMPTE 2094-40 data
03-14 17:05:41.761 9593 9657 E gralloc4: Empty SMPTE 2094-40 data
03-14 17:05:41.765 9593 9657 E gralloc4: Empty SMPTE 2094-40 data
03-14 17:05:41.781 9593 9593 E ArmVmp : Match on catch block at 0xc3 in for 0x766bd9a025
03-14 17:05:41.783 9593 9593 E ArmVmp : Match on catch block at 0xc3 in for 0x766bd9a025
03-14 17:05:41.801 9593 9657 E gralloc4: Empty SMPTE 2094-40 data
03-14 17:05:41.803 9593 9657 E gralloc4: Empty SMPTE 2094-40 data
03-14 17:05:41.809 9593 9657 E gralloc4: Empty SMPTE 2094-40 data
03-14 17:05:41.822 9593 9593 E ArmVmp : Match on catch block at 0xc3 in for 0x766bd9a025
03-14 17:05:41.825 9593 9593 E ArmVmp : Match on catch block at 0xc3 in for 0x766bd9a025
03-14 17:05:41.836 9593 9657 E gralloc4: Empty SMPTE 2094-40 data
03-14 17:05:41.838 9593 9657 E gralloc4: Empty SMPTE 2094-40 data
03-14 17:05:41.843 9593 9657 E gralloc4: Empty SMPTE 2094-40 data
03-14 17:05:41.857 9593 9593 E ArmVmp : Match on catch block at 0xc3 in for 0x766bd9a025
03-14 17:05:41.859 9593 9593 E ArmVmp : Match on catch block at 0xc3 in for 0x766bd9a025
03-14 17:05:41.871 9593 9657 E gralloc4: Empty SMPTE 2094-40 data
03-14 17:05:41.873 9593 9657 E gralloc4: Empty SMPTE 2094-40 data
03-14 17:05:41.880 9593 9657 E gralloc4: Empty SMPTE 2094-40 data
03-14 17:05:41.894 9593 9593 E ArmVmp : Match on catch block at 0xc3 in for 0x766bd9a025
03-14 17:05:41.896 9593 9593 E ArmVmp : Match on catch block at 0xc3 in for 0x766bd9a025
03-14 17:05:41.908 9593 9657 E gralloc4: Empty SMPTE 2094-40 data
03-14 17:05:41.911 9593 9657 E gralloc4: Empty SMPTE 2094-40 data
03-14 17:05:41.916 9593 9657 E gralloc4: Empty SMPTE 2094-40 data
03-14 17:05:41.929 9593 9593 E ArmVmp : Match on catch block at 0xc3 in for 0x766bd9a025
03-14 17:05:41.932 9593 9593 E ArmVmp : Match on catch block at 0xc3 in for 0x766bd9a025
03-14 17:05:41.944 9593 9657 E gralloc4: Empty SMPTE 2094-40 data
03-14 17:05:41.946 9593 9657 E gralloc4: Empty SMPTE 2094-40 data
03-14 17:05:41.951 9593 9657 E gralloc4: Empty SMPTE 2094-40 data
03-14 17:05:41.965 9593 9593 E ArmVmp : Match on catch block at 0xc3 in for 0x766bd9a025
03-14 17:05:41.967 9593 9593 E ArmVmp : Match on catch block at 0xc3 in for 0x766bd9a025
03-14 17:05:41.981 9593 9657 E gralloc4: Empty SMPTE 2094-40 data
03-14 17:05:41.983 9593 9657 E gralloc4: Empty SMPTE 2094-40 data
03-14 17:05:41.988 9593 9593 E RippleDrawable: The RippleDrawable.STYLE_PATTERNED animation is not supported for a non-hardware accelerated Canvas. Skipping animation.
03-14 17:05:41.990 9593 9657 E gralloc4: Empty SMPTE 2094-40 data
03-14 17:05:42.004 9593 9593 E ArmVmp : Match on catch block at 0xc3 in for 0x766bd9a025
03-14 17:05:42.006 9593 9593 E ArmVmp : Match on catch block at 0xc3 in for 0x766bd9a025
03-14 17:05:42.019 9593 9657 E gralloc4: Empty SMPTE 2094-40 data
03-14 17:05:42.020 9593 9593 E RippleDrawable: The RippleDrawable.STYLE_PATTERNED animation is not supported for a non-hardware accelerated Canvas. Skipping animation.
03-14 17:05:42.023 9593 9657 E gralloc4: Empty SMPTE 2094-40 data
03-14 17:05:42.026 9593 9657 E gralloc4: Empty SMPTE 2094-40 data
03-14 17:05:42.046 9593 9593 E ArmVmp : Match on catch block at 0xc3 in for 0x766bd9a025
03-14 17:05:42.048 9593 9593 E ArmVmp : Match on catch block at 0xc3 in for 0x766bd9a025
03-14 17:05:42.061 9593 9657 E gralloc4: Empty SMPTE 2094-40 data
03-14 17:05:42.063 9593 9657 E gralloc4: Empty SMPTE 2094-40 data
03-14 17:05:42.068 9593 9593 E RippleDrawable: The RippleDrawable.STYLE_PATTERNED animation is not supported for a non-hardware accelerated Canvas. Skipping animation.
03-14 17:05:42.071 9593 9657 E gralloc4: Empty SMPTE 2094-40 data
03-14 17:05:42.089 9593 9593 E ArmVmp : Match on catch block at 0xc3 in for 0x766bd9a025
03-14 17:05:42.091 9593 9593 E ArmVmp : Match on catch block at 0xc3 in for 0x766bd9a025
03-14 17:05:42.104 9593 9657 E gralloc4: Empty SMPTE 2094-40 data
03-14 17:05:42.124 9593 9657 E gralloc4: Empty SMPTE 2094-40 data
03-14 17:05:42.138 9593 9593 E ArmVmp : Match on catch block at 0xc3 in for 0x766bd9a025
03-14 17:05:42.140 9593 9593 E ArmVmp : Match on catch block at 0xc3 in for 0x766bd9a025
03-14 17:05:42.147 9593 9657 E gralloc4: Empty SMPTE 2094-40 data
03-14 17:05:42.149 9593 9657 E gralloc4: Empty SMPTE 2094-40 data
03-14 17:05:42.163 9593 9593 E ArmVmp : Match on catch block at 0xc3 in for 0x766bd9a025
03-14 17:05:42.166 9593 9593 E ArmVmp : Match on catch block at 0xc3 in for 0x766bd9a025
03-14 17:05:42.172 9593 9657 E gralloc4: Empty SMPTE 2094-40 data
03-14 17:05:42.177 9593 9657 E gralloc4: Empty SMPTE 2094-40 data
03-14 17:05:42.193 9593 9593 E ArmVmp : Match on catch block at 0xc3 in for 0x766bd9a025
03-14 17:05:42.196 9593 9593 E ArmVmp : Match on catch block at 0xc3 in for 0x766bd9a025
03-14 17:05:42.207 9593 9657 E gralloc4: Empty SMPTE 2094-40 data
03-14 17:05:42.209 9593 9657 E gralloc4: Empty SMPTE 2094-40 data
03-14 17:05:42.224 9593 9593 E ArmVmp : Match on catch block at 0xc3 in for 0x766bd9a025
03-14 17:05:42.226 9593 9593 E ArmVmp : Match on catch block at 0xc3 in for 0x766bd9a025
03-14 17:05:42.233 9593 9657 E gralloc4: Empty SMPTE 2094-40 data
03-14 17:05:42.235 9593 9657 E gralloc4: Empty SMPTE 2094-40 data
03-14 17:05:42.250 9593 9593 E ArmVmp : Match on catch block at 0xc3 in for 0x766bd9a025
03-14 17:05:42.252 9593 9593 E ArmVmp : Match on catch block at 0xc3 in for 0x766bd9a025
03-14 17:05:42.260 9593 9657 E gralloc4: Empty SMPTE 2094-40 data
03-14 17:05:42.262 9593 9657 E gralloc4: Empty SMPTE 2094-40 data
03-14 17:05:42.277 9593 9593 E ArmVmp : Match on catch block at 0xc3 in for 0x766bd9a025
03-14 17:05:42.280 9593 9593 E ArmVmp : Match on catch block at 0xc3 in for 0x766bd9a025
03-14 17:05:42.290 9593 9657 E gralloc4: Empty SMPTE 2094-40 data
03-14 17:05:42.291 9593 9657 E gralloc4: Empty SMPTE 2094-40 data
03-14 17:05:42.310 9593 9593 E ArmVmp : Match on catch block at 0xc3 in for 0x766bd9a025
03-14 17:05:42.314 9593 9593 E ArmVmp : Match on catch block at 0xc3 in for 0x766bd9a025
03-14 17:05:42.323 9593 9657 E gralloc4: Empty SMPTE 2094-40 data
03-14 17:05:42.326 9593 9657 E gralloc4: Empty SMPTE 2094-40 data
03-14 17:05:42.342 9593 9593 E ArmVmp : Match on catch block at 0xc3 in for 0x766bd9a025
03-14 17:05:42.344 9593 9593 E ArmVmp : Match on catch block at 0xc3 in for 0x766bd9a025
03-14 17:05:42.350 9593 9657 E gralloc4: Empty SMPTE 2094-40 data
03-14 17:05:42.360 9593 9657 E gralloc4: Empty SMPTE 2094-40 data
03-14 17:05:42.375 9593 9593 E ArmVmp : Match on catch block at 0xc3 in for 0x766bd9a025
03-14 17:05:42.378 9593 9593 E ArmVmp : Match on catch block at 0xc3 in for 0x766bd9a025
03-14 17:05:42.387 9593 9657 E gralloc4: Empty SMPTE 2094-40 data
03-14 17:05:42.390 9593 9657 E gralloc4: Empty SMPTE 2094-40 data
03-14 17:05:42.404 9593 9593 E ArmVmp : Match on catch block at 0xc3 in for 0x766bd9a025
03-14 17:05:42.406 9593 9593 E ArmVmp : Match on catch block at 0xc3 in for 0x766bd9a025
03-14 17:05:42.411 9593 9657 E gralloc4: Empty SMPTE 2094-40 data
03-14 17:05:42.424 9593 9657 E gralloc4: Empty SMPTE 2094-40 data
03-14 17:05:42.438 9593 9593 E ArmVmp : Match on catch block at 0xc3 in for 0x766bd9a025
03-14 17:05:42.441 9593 9593 E ArmVmp : Match on catch block at 0xc3 in for 0x766bd9a025
03-14 17:05:42.461 9593 9657 E gralloc4: Empty SMPTE 2094-40 data
03-14 17:05:42.464 9593 9657 E gralloc4: Empty SMPTE 2094-40 data
03-14 17:05:42.478 9593 9593 E ArmVmp : Match on catch block at 0xc3 in for 0x766bd9a025
03-14 17:05:42.482 9593 9593 E ArmVmp : Match on catch block at 0xc3 in for 0x766bd9a025
03-14 17:05:42.488 9593 9657 E gralloc4: Empty SMPTE 2094-40 data
03-14 17:05:42.490 9593 9657 E gralloc4: Empty SMPTE 2094-40 data
03-14 17:05:42.503 9593 10718 E FileUtils: err open mi_exception_log errno=2
03-14 17:05:42.503 9593 10718 E FileUtils: err write to mi_exception_log
03-14 17:05:42.505 9593 9593 E ArmVmp : Match on catch block at 0xc3 in for 0x766bd9a025
03-14 17:05:42.508 9593 9593 E ArmVmp : Match on catch block at 0xc3 in for 0x766bd9a025
03-14 17:05:42.515 9593 9657 E gralloc4: Empty SMPTE 2094-40 data
03-14 17:05:42.518 9593 9657 E gralloc4: Empty SMPTE 2094-40 data
03-14 17:05:42.532 9593 9593 E ArmVmp : Match on catch block at 0xc3 in for 0x766bd9a025
03-14 17:05:42.534 9593 9593 E ArmVmp : Match on catch block at 0xc3 in for 0x766bd9a025
03-14 17:05:42.542 9593 9657 E gralloc4: Empty SMPTE 2094-40 data
03-14 17:05:42.566 9593 9657 E gralloc4: Empty SMPTE 2094-40 data
03-14 17:05:42.611 9593 9593 E ArmVmp : Match on catch block at 0xc3 in for 0x766bd9a025
03-14 17:05:42.613 9593 9593 E ArmVmp : Match on catch block at 0xc3 in for 0x766bd9a025
03-14 17:05:42.618 9593 9593 E FileUtils: err write to mi_exception_log
03-14 17:05:42.626 9593 9657 E gralloc4: Empty SMPTE 2094-40 data
03-14 17:05:42.628 9593 9657 E gralloc4: Empty SMPTE 2094-40 data
03-14 17:05:42.643 9593 9593 E ArmVmp : Match on catch block at 0xc3 in for 0x766bd9a025
03-14 17:05:42.645 9593 9593 E ArmVmp : Match on catch block at 0xc3 in for 0x766bd9a025
03-14 17:05:42.655 9593 9657 E gralloc4: Empty SMPTE 2094-40 data
03-14 17:05:42.661 9593 9657 E gralloc4: Empty SMPTE 2094-40 data
03-14 17:05:42.666 9593 10718 E FileUtils: err open mi_exception_log errno=2
03-14 17:05:42.666 9593 10718 E FileUtils: err write to mi_exception_log
03-14 17:05:42.676 9593 9593 E ArmVmp : Match on catch block at 0xc3 in for 0x766bd9a025
03-14 17:05:42.678 9593 9593 E ArmVmp : Match on catch block at 0xc3 in for 0x766bd9a025
03-14 17:05:42.686 9593 9657 E gralloc4: Empty SMPTE 2094-40 data
03-14 17:05:42.686 9593 9593 E RippleDrawable: The RippleDrawable.STYLE_PATTERNED animation is not supported for a non-hardware accelerated Canvas. Skipping animation.
03-14 17:05:42.689 9593 9657 E gralloc4: Empty SMPTE 2094-40 data
03-14 17:05:42.703 9593 9593 E ArmVmp : Match on catch block at 0xc3 in for 0x766bd9a025
03-14 17:05:42.705 9593 9593 E ArmVmp : Match on catch block at 0xc3 in for 0x766bd9a025
03-14 17:05:42.721 9593 9593 E RippleDrawable: The RippleDrawable.STYLE_PATTERNED animation is not supported for a non-hardware accelerated Canvas. Skipping animation.
03-14 17:05:42.723 9593 9657 E gralloc4: Empty SMPTE 2094-40 data
03-14 17:05:42.725 9593 9657 E gralloc4: Empty SMPTE 2094-40 data
03-14 17:05:42.766 9593 9593 E ArmVmp : Match on catch block at 0xc3 in for 0x766bd9a025
03-14 17:05:42.768 9593 9593 E ArmVmp : Match on catch block at 0xc3 in for 0x766bd9a025
03-14 17:05:42.774 9593 9593 E FileUtils: err write to mi_exception_log
03-14 17:05:42.778 9593 9657 E gralloc4: Empty SMPTE 2094-40 data
03-14 17:05:42.784 9593 9593 E RippleDrawable: The RippleDrawable.STYLE_PATTERNED animation is not supported for a non-hardware accelerated Canvas. Skipping animation.
03-14 17:05:42.786 9593 9657 E gralloc4: Empty SMPTE 2094-40 data
03-14 17:05:42.800 9593 9593 E ArmVmp : Match on catch block at 0xc3 in for 0x766bd9a025
03-14 17:05:42.802 9593 9593 E ArmVmp : Match on catch block at 0xc3 in for 0x766bd9a025
03-14 17:05:42.808 9593 9657 E gralloc4: Empty SMPTE 2094-40 data
03-14 17:05:42.822 9593 9593 E ArmVmp : Match on catch block at 0xc3 in for 0x766bd9a025
03-14 17:05:42.825 9593 9593 E ArmVmp : Match on catch block at 0xc3 in for 0x766bd9a025
03-14 17:05:42.837 9593 9593 E ArmVmp : Match on catch block at 0xc3 in for 0x766bd9a025
03-14 17:05:42.840 9593 9593 E ArmVmp : Match on catch block at 0xc3 in for 0x766bd9a025
03-14 17:05:42.856 9593 10718 E FileUtils: err open mi_exception_log errno=2
03-14 17:05:42.857 9593 10718 E FileUtils: err write to mi_exception_log
03-14 17:05:42.879 9593 9657 E gralloc4: Empty SMPTE 2094-40 data
03-14 17:05:42.883 9593 9593 E ArmVmp : Match on catch block at 0xc3 in for 0x766bd9a025
03-14 17:05:42.884 9593 9657 E gralloc4: Empty SMPTE 2094-40 data
03-14 17:05:42.885 9593 9593 E ArmVmp : Match on catch block at 0xc3 in for 0x766bd9a025
03-14 17:05:42.894 9593 9657 E gralloc4: Empty SMPTE 2094-40 data
03-14 17:05:42.938 9593 9593 E ArmVmp : Match on catch block at 0xc3 in for 0x766bd9a025
03-14 17:05:42.941 9593 9593 E ArmVmp : Match on catch block at 0xc3 in for 0x766bd9a025
03-14 17:05:42.950 9593 9657 E gralloc4: Empty SMPTE 2094-40 data
03-14 17:05:42.956 9593 9593 E ArmVmp : Match on catch block at 0xc3 in for 0x766bd9a025
03-14 17:05:42.959 9593 9593 E ArmVmp : Match on catch block at 0xc3 in for 0x766bd9a025
03-14 17:05:42.965 9593 9657 E gralloc4: Empty SMPTE 2094-40 data
03-14 17:05:42.973 9593 9593 E ArmVmp : Match on catch block at 0xc3 in for 0x766bd9a025
03-14 17:05:42.976 9593 9593 E ArmVmp : Match on catch block at 0xc3 in for 0x766bd9a025
03-14 17:05:42.983 9593 9657 E gralloc4: Empty SMPTE 2094-40 data
03-14 17:05:42.985 9593 10718 E FileUtils: err open mi_exception_log errno=2
03-14 17:05:42.985 9593 10718 E FileUtils: err write to mi_exception_log
03-14 17:05:43.036 9593 9593 E ArmVmp : Match on catch block at 0xc3 in for 0x766bd9a025
03-14 17:05:43.039 9593 9593 E ArmVmp : Match on catch block at 0xc3 in for 0x766bd9a025
03-14 17:05:43.048 9593 9593 E ArmVmp : Match on catch block at 0xc3 in for 0x766bd9a025
03-14 17:05:43.048 9593 9657 E gralloc4: Empty SMPTE 2094-40 data
03-14 17:05:43.051 9593 9593 E ArmVmp : Match on catch block at 0xc3 in for 0x766bd9a025
03-14 17:05:43.056 9593 9593 E ArmVmp : Match on catch block at 0xc3 in for 0x766bd9a025
03-14 17:05:43.058 9593 9593 E ArmVmp : Match on catch block at 0xc3 in for 0x766bd9a025
03-14 17:05:43.059 9593 9657 E gralloc4: Empty SMPTE 2094-40 data
03-14 17:05:43.065 9593 9657 E gralloc4: Empty SMPTE 2094-40 data
03-14 17:05:43.165 9593 10718 E FileUtils: err open mi_exception_log errno=2
03-14 17:05:43.165 9593 10718 E FileUtils: err write to mi_exception_log
03-14 17:05:43.222 9593 9593 E ArmVmp : Match on catch block at 0xc3 in for 0x766bd9a025
03-14 17:05:43.226 9593 9593 E ArmVmp : Match on catch block at 0xc3 in for 0x766bd9a025
03-14 17:05:43.234 9593 9593 E FileUtils: err write to mi_exception_log
03-14 17:05:43.239 9593 9593 E ArmVmp : Match on catch block at 0xc3 in for 0x766bd9a025
03-14 17:05:43.239 9593 9657 E gralloc4: Empty SMPTE 2094-40 data
03-14 17:05:43.243 9593 9593 E ArmVmp : Match on catch block at 0xc3 in for 0x766bd9a025
03-14 17:05:43.251 9593 9593 E ArmVmp : Match on catch block at 0xc3 in for 0x766bd9a025
03-14 17:05:43.253 9593 9657 E gralloc4: Empty SMPTE 2094-40 data
03-14 17:05:43.255 9593 9593 E ArmVmp : Match on catch block at 0xc3 in for 0x766bd9a025
03-14 17:05:43.280 9593 9657 E gralloc4: Empty SMPTE 2094-40 data
03-14 17:05:43.406 9593 9593 E ArmVmp : Match on catch block at 0xc3 in for 0x766bd9a025
03-14 17:05:43.410 9593 9593 E ArmVmp : Match on catch block at 0xc3 in for 0x766bd9a025
03-14 17:05:43.411 9593 10718 E FileUtils: err open mi_exception_log errno=2
03-14 17:05:43.411 9593 10718 E FileUtils: err write to mi_exception_log
03-14 17:05:43.421 9593 9657 E gralloc4: Empty SMPTE 2094-40 data
03-14 17:05:43.485 9593 9593 E ArmVmp : Match on catch block at 0xc3 in for 0x766bd9a025
03-14 17:05:43.490 9593 9593 E ArmVmp : Match on catch block at 0xc3 in for 0x766bd9a025
03-14 17:05:43.502 9593 9593 E FileUtils: err write to mi_exception_log
03-14 17:05:43.507 9593 9657 E gralloc4: Empty SMPTE 2094-40 data
03-14 17:05:43.509 9593 9593 E ArmVmp : Match on catch block at 0xc3 in for 0x766bd9a025
03-14 17:05:43.514 9593 9593 E ArmVmp : Match on catch block at 0xc3 in for 0x766bd9a025
03-14 17:05:43.522 9593 9657 E gralloc4: Empty SMPTE 2094-40 data
03-14 17:05:43.522 9593 9593 E ArmVmp : Match on catch block at 0xc3 in for 0x766bd9a025
03-14 17:05:43.526 9593 9593 E ArmVmp : Match on catch block at 0xc3 in for 0x766bd9a025
03-14 17:05:43.538 9593 9657 E gralloc4: Empty SMPTE 2094-40 data
03-14 17:05:43.649 9593 10718 E FileUtils: err open mi_exception_log errno=2
03-14 17:05:43.649 9593 10718 E FileUtils: err write to mi_exception_log
03-14 17:05:43.681 9593 9593 E ArmVmp : Match on catch block at 0xc3 in for 0x766bd9a025
03-14 17:05:43.684 9593 9593 E ArmVmp : Match on catch block at 0xc3 in for 0x766bd9a025
03-14 17:05:43.695 9593 9657 E gralloc4: Empty SMPTE 2094-40 data
03-14 17:05:43.697 9593 9593 E ArmVmp : Match on catch block at 0xc3 in for 0x766bd9a025
03-14 17:05:43.702 9593 9593 E ArmVmp : Match on catch block at 0xc3 in for 0x766bd9a025
03-14 17:05:43.709 9593 9593 E ArmVmp : Match on catch block at 0xc3 in for 0x766bd9a025
03-14 17:05:43.709 9593 9657 E gralloc4: Empty SMPTE 2094-40 data
03-14 17:05:43.713 9593 9593 E ArmVmp : Match on catch block at 0xc3 in for 0x766bd9a025
03-14 17:05:43.721 9593 9657 E gralloc4: Empty SMPTE 2094-40 data
03-14 17:05:43.900 9593 10718 E FileUtils: err open mi_exception_log errno=2
03-14 17:05:43.900 9593 10718 E FileUtils: err write to mi_exception_log
03-14 17:05:43.954 9593 9593 E ArmVmp : Match on catch block at 0xc3 in for 0x766bd9a025
03-14 17:05:43.958 9593 9593 E ArmVmp : Match on catch block at 0xc3 in for 0x766bd9a025
03-14 17:05:43.967 9593 9593 E FileUtils: err write to mi_exception_log
03-14 17:05:43.971 9593 9657 E gralloc4: Empty SMPTE 2094-40 data
03-14 17:05:43.973 9593 9593 E ArmVmp : Match on catch block at 0xc3 in for 0x766bd9a025
03-14 17:05:43.975 9593 9593 E ArmVmp : Match on catch block at 0xc3 in for 0x766bd9a025
03-14 17:05:43.981 9593 9657 E gralloc4: Empty SMPTE 2094-40 data
03-14 17:05:43.986 9593 9593 E ArmVmp : Match on catch block at 0xc3 in for 0x766bd9a025
03-14 17:05:43.988 9593 9593 E ArmVmp : Match on catch block at 0xc3 in for 0x766bd9a025
03-14 17:05:43.994 9593 9657 E gralloc4: Empty SMPTE 2094-40 data
03-14 17:05:44.149 9593 10718 E FileUtils: err open mi_exception_log errno=2
03-14 17:05:44.149 9593 10718 E FileUtils: err write to mi_exception_log
03-14 17:05:44.197 9593 9593 E ArmVmp : Match on catch block at 0xc3 in for 0x766bd9a025
03-14 17:05:44.202 9593 9593 E ArmVmp : Match on catch block at 0xc3 in for 0x766bd9a025
03-14 17:05:44.211 9593 9593 E FileUtils: err write to mi_exception_log
03-14 17:05:44.217 9593 9657 E gralloc4: Empty SMPTE 2094-40 data
03-14 17:05:44.219 9593 9593 E ArmVmp : Match on catch block at 0xc3 in for 0x766bd9a025
03-14 17:05:44.223 9593 9593 E ArmVmp : Match on catch block at 0xc3 in for 0x766bd9a025
03-14 17:05:44.229 9593 9593 E ArmVmp : Match on catch block at 0xc3 in for 0x766bd9a025
03-14 17:05:44.231 9593 9657 E gralloc4: Empty SMPTE 2094-40 data
03-14 17:05:44.234 9593 9593 E ArmVmp : Match on catch block at 0xc3 in for 0x766bd9a025
03-14 17:05:44.260 9593 9657 E gralloc4: Empty SMPTE 2094-40 data
03-14 17:05:44.354 9593 9593 E ArmVmp : Match on catch block at 0xc3 in for 0x766bd9a025
03-14 17:05:44.356 9593 9593 E ArmVmp : Match on catch block at 0xc3 in for 0x766bd9a025
03-14 17:05:44.364 9593 9657 E gralloc4: Empty SMPTE 2094-40 data
03-14 17:05:44.367 9593 9593 E ArmVmp : Match on catch block at 0xc3 in for 0x766bd9a025
03-14 17:05:44.370 9593 9593 E ArmVmp : Match on catch block at 0xc3 in for 0x766bd9a025
03-14 17:05:44.375 9593 9657 E gralloc4: Empty SMPTE 2094-40 data
03-14 17:05:44.401 9593 9593 E ArmVmp : Match on catch block at 0xc3 in for 0x766bd9a025
03-14 17:05:44.403 9593 9593 E ArmVmp : Match on catch block at 0xc3 in for 0x766bd9a025
03-14 17:05:44.408 9593 9657 E gralloc4: Empty SMPTE 2094-40 data
03-14 17:05:44.916 9593 9593 E ArmVmp : Match on catch block at 0xc3 in for 0x766bd9a025
03-14 17:05:44.920 9593 9593 E ArmVmp : Match on catch block at 0xc3 in for 0x766bd9a025
03-14 17:05:44.932 9593 10718 E FileUtils: err open mi_exception_log errno=2
03-14 17:05:44.932 9593 10718 E FileUtils: err write to mi_exception_log
03-14 17:05:44.933 9593 9657 E gralloc4: Empty SMPTE 2094-40 data
03-14 17:05:44.986 9593 9593 E ArmVmp : Match on catch block at 0xc3 in for 0x766bd9a025
03-14 17:05:44.989 9593 9593 E ArmVmp : Match on catch block at 0xc3 in for 0x766bd9a025
03-14 17:05:44.998 9593 9593 E ArmVmp : Match on catch block at 0xc3 in for 0x766bd9a025
03-14 17:05:44.998 9593 9657 E gralloc4: Empty SMPTE 2094-40 data
03-14 17:05:45.000 9593 9593 E ArmVmp : Match on catch block at 0xc3 in for 0x766bd9a025
03-14 17:05:45.005 9593 9593 E ArmVmp : Match on catch block at 0xc3 in for 0x766bd9a025
03-14 17:05:45.007 9593 9657 E gralloc4: Empty SMPTE 2094-40 data
03-14 17:05:45.008 9593 9593 E ArmVmp : Match on catch block at 0xc3 in for 0x766bd9a025
03-14 17:05:45.013 9593 9657 E gralloc4: Empty SMPTE 2094-40 data
03-14 17:05:45.014 9593 9593 W Choreographer: Frame time is 0.150025 now = 2615827824820145 timestampNanos = 2615827824970170 ms in the future! Check that graphics HAL is generating vsync timestamps using the correct timebase.
03-14 17:05:45.415 9593 9593 E ArmVmp : Match on catch block at 0xc3 in for 0x766bd9a025
03-14 17:05:45.418 9593 9593 E ArmVmp : Match on catch block at 0xc3 in for 0x766bd9a025
03-14 17:05:45.426 9593 9657 E gralloc4: Empty SMPTE 2094-40 data
03-14 17:05:45.913 9593 9593 E ArmVmp : Match on catch block at 0xc3 in for 0x766bd9a025
03-14 17:05:45.916 9593 9593 E ArmVmp : Match on catch block at 0xc3 in for 0x766bd9a025
03-14 17:05:45.924 9593 9657 E gralloc4: Empty SMPTE 2094-40 data
03-14 17:05:46.411 9593 9593 E ArmVmp : Match on catch block at 0xc3 in for 0x766bd9a025
03-14 17:05:46.415 9593 9593 E ArmVmp : Match on catch block at 0xc3 in for 0x766bd9a025
03-14 17:05:46.422 9593 9657 E gralloc4: Empty SMPTE 2094-40 data
03-14 17:05:46.560 9593 9593 E ArmVmp : Match on catch block at 0xc3 in for 0x766bd9a025
03-14 17:05:46.564 9593 9593 E ArmVmp : Match on catch block at 0xc3 in for 0x766bd9a025
03-14 17:05:46.571 9593 9657 E gralloc4: Empty SMPTE 2094-40 data
03-14 17:05:46.577 9593 9593 E ArmVmp : Match on catch block at 0xc3 in for 0x766bd9a025
03-14 17:05:46.581 9593 9593 E ArmVmp : Match on catch block at 0xc3 in for 0x766bd9a025
03-14 17:05:46.588 9593 9657 E gralloc4: Empty SMPTE 2094-40 data
03-14 17:05:46.594 9593 9593 E ArmVmp : Match on catch block at 0xc3 in for 0x766bd9a025
03-14 17:05:46.598 9593 9593 E ArmVmp : Match on catch block at 0xc3 in for 0x766bd9a025
03-14 17:05:46.606 9593 9657 E gralloc4: Empty SMPTE 2094-40 data
03-14 17:05:46.610 9593 9593 E ArmVmp : Match on catch block at 0xc3 in for 0x766bd9a025
03-14 17:05:46.614 9593 9593 E ArmVmp : Match on catch block at 0xc3 in for 0x766bd9a025
03-14 17:05:46.621 9593 9657 E gralloc4: Empty SMPTE 2094-40 data
03-14 17:05:46.627 9593 9593 E ArmVmp : Match on catch block at 0xc3 in for 0x766bd9a025
03-14 17:05:46.631 9593 9593 E ArmVmp : Match on catch block at 0xc3 in for 0x766bd9a025
03-14 17:05:46.638 9593 9657 E gralloc4: Empty SMPTE 2094-40 data
03-14 17:05:46.644 9593 9593 E ArmVmp : Match on catch block at 0xc3 in for 0x766bd9a025
03-14 17:05:46.648 9593 9593 E ArmVmp : Match on catch block at 0xc3 in for 0x766bd9a025
03-14 17:05:46.655 9593 9657 E gralloc4: Empty SMPTE 2094-40 data
03-14 17:05:46.661 9593 9593 E ArmVmp : Match on catch block at 0xc3 in for 0x766bd9a025
03-14 17:05:46.664 9593 9593 E ArmVmp : Match on catch block at 0xc3 in for 0x766bd9a025
03-14 17:05:46.671 9593 9657 E gralloc4: Empty SMPTE 2094-40 data
03-14 17:05:46.676 9593 9593 E ArmVmp : Match on catch block at 0xc3 in for 0x766bd9a025
03-14 17:05:46.679 9593 9593 E ArmVmp : Match on catch block at 0xc3 in for 0x766bd9a025
03-14 17:05:46.684 9593 9657 E gralloc4: Empty SMPTE 2094-40 data
03-14 17:05:46.693 9593 9593 E ArmVmp : Match on catch block at 0xc3 in for 0x766bd9a025
03-14 17:05:46.695 9593 9593 E ArmVmp : Match on catch block at 0xc3 in for 0x766bd9a025
03-14 17:05:46.700 9593 9657 E gralloc4: Empty SMPTE 2094-40 data
03-14 17:05:46.710 9593 9593 E ArmVmp : Match on catch block at 0xc3 in for 0x766bd9a025
03-14 17:05:46.714 9593 9593 E ArmVmp : Match on catch block at 0xc3 in for 0x766bd9a025
03-14 17:05:46.720 9593 9657 E gralloc4: Empty SMPTE 2094-40 data
03-14 17:05:46.726 9593 9593 E ArmVmp : Match on catch block at 0xc3 in for 0x766bd9a025
03-14 17:05:46.728 9593 9593 E ArmVmp : Match on catch block at 0xc3 in for 0x766bd9a025
03-14 17:05:46.735 9593 9657 E gralloc4: Empty SMPTE 2094-40 data
03-14 17:05:46.751 9593 9593 E ArmVmp : Match on catch block at 0xc3 in for 0x766bd9a025
03-14 17:05:46.754 9593 9593 E ArmVmp : Match on catch block at 0xc3 in for 0x766bd9a025
03-14 17:05:46.759 9593 9593 E ArmVmp : Match on catch block at 0xc3 in for 0x766bd9a025
03-14 17:05:46.761 9593 9657 E gralloc4: Empty SMPTE 2094-40 data
03-14 17:05:46.762 9593 9593 E ArmVmp : Match on catch block at 0xc3 in for 0x766bd9a025
03-14 17:05:46.768 9593 9657 E gralloc4: Empty SMPTE 2094-40 data
03-14 17:05:46.886 9593 9593 W OnBackInvokedCallback: OnBackInvokedCallback is not enabled for the application.
03-14 17:05:46.886 9593 9593 W OnBackInvokedCallback: Set 'android:enableOnBackInvokedCallback="true"' in the application manifest.
03-14 17:05:46.910 9593 9593 E ArmVmp : Match on catch block at 0xc3 in for 0x766bd9a025
03-14 17:05:46.920 9593 9593 E ArmVmp : Match on catch block at 0xc3 in for 0x766bd9a025
03-14 17:05:46.937 9593 9657 E gralloc4: Empty SMPTE 2094-40 data
03-14 17:05:46.968 9593 9593 E ArmVmp : Match on catch block at 0xc3 in for 0x766bd9a025
03-14 17:05:46.973 9593 9593 E ArmVmp : Match on catch block at 0xc3 in for 0x766bd9a025
03-14 17:05:46.986 9593 9593 E ArmVmp : Match on catch block at 0xc3 in for 0x766bd9a025
03-14 17:05:46.989 9593 9657 E gralloc4: Empty SMPTE 2094-40 data
03-14 17:05:46.992 9593 9593 E ArmVmp : Match on catch block at 0xc3 in for 0x766bd9a025
03-14 17:05:47.002 9593 9657 E gralloc4: Empty SMPTE 2094-40 data
03-14 17:05:47.211 9593 9593 E ArmVmp : Match on catch block at 0xc3 in for 0x766bd9a025
03-14 17:05:47.217 9593 9593 E ArmVmp : Match on catch block at 0xc3 in for 0x766bd9a025
03-14 17:05:47.226 9593 9593 E ArmVmp : Match on catch block at 0xc3 in for 0x766bd9a025
03-14 17:05:47.232 9593 9657 E gralloc4: Empty SMPTE 2094-40 data
03-14 17:05:47.234 9593 9593 E ArmVmp : Match on catch block at 0xc3 in for 0x766bd9a025
03-14 17:05:47.244 9593 9657 E gralloc4: Empty SMPTE 2094-40 data
03-14 17:05:47.408 9593 9593 E ArmVmp : Match on catch block at 0xc3 in for 0x766bd9a025
03-14 17:05:47.412 9593 9593 E ArmVmp : Match on catch block at 0xc3 in for 0x766bd9a025
03-14 17:05:47.418 9593 9657 E gralloc4: Empty SMPTE 2094-40 data
03-14 17:05:47.905 9593 9593 E ArmVmp : Match on catch block at 0xc3 in for 0x766bd9a025
03-14 17:05:47.908 9593 9593 E ArmVmp : Match on catch block at 0xc3 in for 0x766bd9a025
03-14 17:05:47.916 9593 9657 E gralloc4: Empty SMPTE 2094-40 data
03-14 17:05:48.403 9593 9593 E ArmVmp : Match on catch block at 0xc3 in for 0x766bd9a025
03-14 17:05:48.406 9593 9593 E ArmVmp : Match on catch block at 0xc3 in for 0x766bd9a025
03-14 17:05:48.415 9593 9657 E gralloc4: Empty SMPTE 2094-40 data
03-14 17:05:48.803 9593 9593 E ArmVmp : Match on catch block at 0xc3 in for 0x766bd9a025
03-14 17:05:48.806 9593 9593 E ArmVmp : Match on catch block at 0xc3 in for 0x766bd9a025
03-14 17:05:48.814 9593 9657 E gralloc4: Empty SMPTE 2094-40 data
03-14 17:05:48.822 9593 9593 E ArmVmp : Match on catch block at 0xc3 in for 0x766bd9a025
03-14 17:05:48.829 9593 9593 E ArmVmp : Match on catch block at 0xc3 in for 0x766bd9a025
03-14 17:05:48.839 9593 9593 E ArmVmp : Match on catch block at 0xc3 in for 0x766bd9a025
03-14 17:05:48.842 9593 9657 E gralloc4: Empty SMPTE 2094-40 data
03-14 17:05:48.844 9593 9593 E ArmVmp : Match on catch block at 0xc3 in for 0x766bd9a025
03-14 17:05:48.856 9593 9593 E ArmVmp : Match on catch block at 0xc3 in for 0x766bd9a025
03-14 17:05:48.857 9593 9657 E gralloc4: Empty SMPTE 2094-40 data
03-14 17:05:48.860 9593 9593 E ArmVmp : Match on catch block at 0xc3 in for 0x766bd9a025
