03-14 21:16:04.808 13208 13208 E ArmVmp : Match on catch block at 0xc3 in for 0x766bd9a025
03-14 21:16:04.819 13208 13284 E gralloc4: Empty SMPTE 2094-40 data
03-14 21:16:05.300 13208 13208 E ArmVmp : Match on catch block at 0xc3 in for 0x766bd9a025
03-14 21:16:05.307 13208 13208 E ArmVmp : Match on catch block at 0xc3 in for 0x766bd9a025
03-14 21:16:05.322 13208 13284 E gralloc4: Empty SMPTE 2094-40 data
03-14 21:16:05.799 13208 13208 E ArmVmp : Match on catch block at 0xc3 in for 0x766bd9a025
03-14 21:16:05.805 13208 13208 E ArmVmp : Match on catch block at 0xc3 in for 0x766bd9a025
03-14 21:16:05.819 13208 13284 E gralloc4: Empty SMPTE 2094-40 data
03-14 21:16:06.168 13208 13208 E ArmVmp : Match on catch block at 0xc3 in for 0x766bd9a025
03-14 21:16:06.178 13208 13208 E ArmVmp : Match on catch block at 0xc3 in for 0x766bd9a025
03-14 21:16:06.194 13208 13284 E gralloc4: Empty SMPTE 2094-40 data
03-14 21:16:06.200 13208 13208 E ArmVmp : Match on catch block at 0xc3 in for 0x766bd9a025
03-14 21:16:06.211 13208 13208 E ArmVmp : Match on catch block at 0xc3 in for 0x766bd9a025
03-14 21:16:06.223 13208 13284 E gralloc4: Empty SMPTE 2094-40 data
03-14 21:16:06.232 13208 13208 E ArmVmp : Match on catch block at 0xc3 in for 0x766bd9a025
03-14 21:16:06.242 13208 13208 E ArmVmp : Match on catch block at 0xc3 in for 0x766bd9a025
03-14 21:16:06.253 13208 13208 E ArmVmp : Match on catch block at 0xc3 in for 0x766bd9a025
03-14 21:16:06.257 13208 13284 E gralloc4: Empty SMPTE 2094-40 data
03-14 21:16:06.263 13208 13208 E ArmVmp : Match on catch block at 0xc3 in for 0x766bd9a025
03-14 21:16:06.273 13208 13284 E gralloc4: Empty SMPTE 2094-40 data
03-14 21:16:06.280 13208 13208 E ArmVmp : Match on catch block at 0xc3 in for 0x766bd9a025
03-14 21:16:06.287 13208 13208 E ArmVmp : Match on catch block at 0xc3 in for 0x766bd9a025
03-14 21:16:06.295 13208 13208 E ArmVmp : Match on catch block at 0xc3 in for 0x766bd9a025
03-14 21:16:06.296 13208 13284 E gralloc4: Empty SMPTE 2094-40 data
03-14 21:16:06.301 13208 13208 E ArmVmp : Match on catch block at 0xc3 in for 0x766bd9a025
03-14 21:16:06.312 13208 13208 E ArmVmp : Match on catch block at 0xc3 in for 0x766bd9a025
03-14 21:16:06.313 13208 13284 E gralloc4: Empty SMPTE 2094-40 data
03-14 21:16:06.317 13208 13208 E ArmVmp : Match on catch block at 0xc3 in for 0x766bd9a025
03-14 21:16:06.329 13208 13208 E ArmVmp : Match on catch block at 0xc3 in for 0x766bd9a025
03-14 21:16:06.330 13208 13284 E gralloc4: Empty SMPTE 2094-40 data
03-14 21:16:06.336 13208 13208 E ArmVmp : Match on catch block at 0xc3 in for 0x766bd9a025
03-14 21:16:06.344 13208 13208 E ArmVmp : Match on catch block at 0xc3 in for 0x766bd9a025
03-14 21:16:06.348 13208 13208 E ArmVmp : Match on catch block at 0xc3 in for 0x766bd9a025
03-14 21:16:06.349 13208 13284 E gralloc4: Empty SMPTE 2094-40 data
03-14 21:16:06.360 13208 13284 E gralloc4: Empty SMPTE 2094-40 data
03-14 21:16:06.362 13208 13208 E ArmVmp : Match on catch block at 0xc3 in for 0x766bd9a025
03-14 21:16:06.367 13208 13208 E ArmVmp : Match on catch block at 0xc3 in for 0x766bd9a025
03-14 21:16:06.377 13208 13208 E ArmVmp : Match on catch block at 0xc3 in for 0x766bd9a025
03-14 21:16:06.378 13208 13284 E gralloc4: Empty SMPTE 2094-40 data
03-14 21:16:06.381 13208 13208 E ArmVmp : Match on catch block at 0xc3 in for 0x766bd9a025
03-14 21:16:06.393 13208 13284 E gralloc4: Empty SMPTE 2094-40 data
03-14 21:16:06.395 13208 13208 E ArmVmp : Match on catch block at 0xc3 in for 0x766bd9a025
03-14 21:16:06.402 13208 13208 E ArmVmp : Match on catch block at 0xc3 in for 0x766bd9a025
03-14 21:16:06.411 13208 13208 E ArmVmp : Match on catch block at 0xc3 in for 0x766bd9a025
03-14 21:16:06.413 13208 13284 E gralloc4: Empty SMPTE 2094-40 data
03-14 21:16:06.416 13208 13208 E ArmVmp : Match on catch block at 0xc3 in for 0x766bd9a025
03-14 21:16:06.827 13208 13208 E ArmVmp : Match on catch block at 0xc3 in for 0x766bd9a025
03-14 21:16:06.832 13208 13208 E ArmVmp : Match on catch block at 0xc3 in for 0x766bd9a025
03-14 21:16:06.841 13208 13284 E gralloc4: Empty SMPTE 2094-40 data
03-14 21:16:07.326 13208 13208 E ArmVmp : Match on catch block at 0xc3 in for 0x766bd9a025
03-14 21:16:07.332 13208 13208 E ArmVmp : Match on catch block at 0xc3 in for 0x766bd9a025
03-14 21:16:07.347 13208 13284 E gralloc4: Empty SMPTE 2094-40 data
03-14 21:16:07.822 13208 13208 E ArmVmp : Match on catch block at 0xc3 in for 0x766bd9a025
03-14 21:16:07.826 13208 13208 E ArmVmp : Match on catch block at 0xc3 in for 0x766bd9a025
03-14 21:16:07.832 13208 13284 E gralloc4: Empty SMPTE 2094-40 data
03-14 21:16:08.320 13208 13208 E ArmVmp : Match on catch block at 0xc3 in for 0x766bd9a025
03-14 21:16:08.325 13208 13208 E ArmVmp : Match on catch block at 0xc3 in for 0x766bd9a025
03-14 21:16:08.333 13208 13284 E gralloc4: Empty SMPTE 2094-40 data
03-14 21:16:08.816 13208 13208 E ArmVmp : Match on catch block at 0xc3 in for 0x766bd9a025
03-14 21:16:08.819 13208 13208 E ArmVmp : Match on catch block at 0xc3 in for 0x766bd9a025
03-14 21:16:08.823 13208 13284 E gralloc4: Empty SMPTE 2094-40 data
03-14 21:16:09.316 13208 13208 E ArmVmp : Match on catch block at 0xc3 in for 0x766bd9a025
03-14 21:16:09.321 13208 13208 E ArmVmp : Match on catch block at 0xc3 in for 0x766bd9a025
03-14 21:16:09.330 13208 13284 E gralloc4: Empty SMPTE 2094-40 data
03-14 21:16:09.830 13208 13208 E ArmVmp : Match on catch block at 0xc3 in for 0x766bd9a025
03-14 21:16:09.834 13208 13208 E ArmVmp : Match on catch block at 0xc3 in for 0x766bd9a025
03-14 21:16:09.843 13208 13284 E gralloc4: Empty SMPTE 2094-40 data
03-14 21:16:10.329 13208 13208 E ArmVmp : Match on catch block at 0xc3 in for 0x766bd9a025
03-14 21:16:10.334 13208 13208 E ArmVmp : Match on catch block at 0xc3 in for 0x766bd9a025
03-14 21:16:10.342 13208 13284 E gralloc4: Empty SMPTE 2094-40 data
03-14 21:16:10.827 13208 13208 E ArmVmp : Match on catch block at 0xc3 in for 0x766bd9a025
03-14 21:16:10.829 13208 13208 E ArmVmp : Match on catch block at 0xc3 in for 0x766bd9a025
03-14 21:16:10.833 13208 13284 E gralloc4: Empty SMPTE 2094-40 data
03-14 21:16:11.325 13208 13208 E ArmVmp : Match on catch block at 0xc3 in for 0x766bd9a025
03-14 21:16:11.330 13208 13208 E ArmVmp : Match on catch block at 0xc3 in for 0x766bd9a025
03-14 21:16:11.338 13208 13284 E gralloc4: Empty SMPTE 2094-40 data
03-14 21:16:11.826 13208 13208 E ArmVmp : Match on catch block at 0xc3 in for 0x766bd9a025
03-14 21:16:11.835 13208 13208 E ArmVmp : Match on catch block at 0xc3 in for 0x766bd9a025
03-14 21:16:11.845 13208 13284 E gralloc4: Empty SMPTE 2094-40 data
03-14 21:16:12.320 13208 13208 E ArmVmp : Match on catch block at 0xc3 in for 0x766bd9a025
03-14 21:16:12.323 13208 13208 E ArmVmp : Match on catch block at 0xc3 in for 0x766bd9a025
03-14 21:16:12.328 13208 13284 E gralloc4: Empty SMPTE 2094-40 data
03-14 21:16:12.836 13208 13208 E ArmVmp : Match on catch block at 0xc3 in for 0x766bd9a025
03-14 21:16:12.842 13208 13208 E ArmVmp : Match on catch block at 0xc3 in for 0x766bd9a025
03-14 21:16:12.850 13208 13284 E gralloc4: Empty SMPTE 2094-40 data
03-14 21:16:13.335 13208 13208 E ArmVmp : Match on catch block at 0xc3 in for 0x766bd9a025
03-14 21:16:13.340 13208 13208 E ArmVmp : Match on catch block at 0xc3 in for 0x766bd9a025
03-14 21:16:13.347 13208 13284 E gralloc4: Empty SMPTE 2094-40 data
03-14 21:16:13.833 13208 13208 E ArmVmp : Match on catch block at 0xc3 in for 0x766bd9a025
03-14 21:16:13.838 13208 13208 E ArmVmp : Match on catch block at 0xc3 in for 0x766bd9a025
03-14 21:16:13.846 13208 13284 E gralloc4: Empty SMPTE 2094-40 data
03-14 21:16:14.331 13208 13208 E ArmVmp : Match on catch block at 0xc3 in for 0x766bd9a025
03-14 21:16:14.333 13208 13208 E ArmVmp : Match on catch block at 0xc3 in for 0x766bd9a025
03-14 21:16:14.338 13208 13284 E gralloc4: Empty SMPTE 2094-40 data
03-14 21:16:14.830 13208 13208 E ArmVmp : Match on catch block at 0xc3 in for 0x766bd9a025
03-14 21:16:14.834 13208 13208 E ArmVmp : Match on catch block at 0xc3 in for 0x766bd9a025
03-14 21:16:14.841 13208 13284 E gralloc4: Empty SMPTE 2094-40 data
03-14 21:16:15.329 13208 13208 E ArmVmp : Match on catch block at 0xc3 in for 0x766bd9a025
03-14 21:16:15.333 13208 13208 E ArmVmp : Match on catch block at 0xc3 in for 0x766bd9a025
03-14 21:16:15.341 13208 13284 E gralloc4: Empty SMPTE 2094-40 data
03-14 21:16:15.832 13208 13208 E ArmVmp : Match on catch block at 0xc3 in for 0x766bd9a025
03-14 21:16:15.840 13208 13208 E ArmVmp : Match on catch block at 0xc3 in for 0x766bd9a025
03-14 21:16:15.852 13208 13284 E gralloc4: Empty SMPTE 2094-40 data
03-14 21:16:16.342 13208 13208 E ArmVmp : Match on catch block at 0xc3 in for 0x766bd9a025
03-14 21:16:16.350 13208 13208 E ArmVmp : Match on catch block at 0xc3 in for 0x766bd9a025
03-14 21:16:16.362 13208 13284 E gralloc4: Empty SMPTE 2094-40 data
03-14 21:16:16.848 13208 13208 E ArmVmp : Match on catch block at 0xc3 in for 0x766bd9a025
03-14 21:16:16.857 13208 13208 E ArmVmp : Match on catch block at 0xc3 in for 0x766bd9a025
03-14 21:16:16.869 13208 13284 E gralloc4: Empty SMPTE 2094-40 data
03-14 21:16:17.337 13208 13208 E ArmVmp : Match on catch block at 0xc3 in for 0x766bd9a025
03-14 21:16:17.341 13208 13208 E ArmVmp : Match on catch block at 0xc3 in for 0x766bd9a025
03-14 21:16:17.349 13208 13284 E gralloc4: Empty SMPTE 2094-40 data
03-14 21:16:17.837 13208 13208 E ArmVmp : Match on catch block at 0xc3 in for 0x766bd9a025
03-14 21:16:17.846 13208 13208 E ArmVmp : Match on catch block at 0xc3 in for 0x766bd9a025
03-14 21:16:17.858 13208 13284 E gralloc4: Empty SMPTE 2094-40 data
03-14 21:16:18.353 13208 13208 E ArmVmp : Match on catch block at 0xc3 in for 0x766bd9a025
03-14 21:16:18.358 13208 13208 E ArmVmp : Match on catch block at 0xc3 in for 0x766bd9a025
03-14 21:16:18.367 13208 13284 E gralloc4: Empty SMPTE 2094-40 data
03-14 21:16:18.856 13208 13208 E ArmVmp : Match on catch block at 0xc3 in for 0x766bd9a025
03-14 21:16:18.866 13208 13208 E ArmVmp : Match on catch block at 0xc3 in for 0x766bd9a025
03-14 21:16:18.876 13208 13284 E gralloc4: Empty SMPTE 2094-40 data
03-14 21:16:19.347 13208 13208 E ArmVmp : Match on catch block at 0xc3 in for 0x766bd9a025
03-14 21:16:19.352 13208 13208 E ArmVmp : Match on catch block at 0xc3 in for 0x766bd9a025
03-14 21:16:19.360 13208 13284 E gralloc4: Empty SMPTE 2094-40 data
03-14 21:16:19.844 13208 13208 E ArmVmp : Match on catch block at 0xc3 in for 0x766bd9a025
03-14 21:16:19.849 13208 13208 E ArmVmp : Match on catch block at 0xc3 in for 0x766bd9a025
03-14 21:16:19.856 13208 13284 E gralloc4: Empty SMPTE 2094-40 data
03-14 21:16:20.340 13208 13208 E ArmVmp : Match on catch block at 0xc3 in for 0x766bd9a025
03-14 21:16:20.342 13208 13208 E ArmVmp : Match on catch block at 0xc3 in for 0x766bd9a025
03-14 21:16:20.346 13208 13284 E gralloc4: Empty SMPTE 2094-40 data
03-14 21:16:20.859 13208 13208 E ArmVmp : Match on catch block at 0xc3 in for 0x766bd9a025
03-14 21:16:20.865 13208 13208 E ArmVmp : Match on catch block at 0xc3 in for 0x766bd9a025
03-14 21:16:20.875 13208 13284 E gralloc4: Empty SMPTE 2094-40 data
03-14 21:16:21.161 13208 13208 E ArmVmp : Match on catch block at 0xc3 in for 0x766bd9a025
03-14 21:16:21.163 13208 13208 E ArmVmp : Match on catch block at 0xc3 in for 0x766bd9a025
03-14 21:16:21.169 13208 13208 W Choreographer: Frame time is 0.058361 now = 2624213295603260 timestampNanos = 2624213295661621 ms in the future! Check that graphics HAL is generating vsync timestamps using the correct timebase.
03-14 21:16:21.170 13208 13284 E gralloc4: Empty SMPTE 2094-40 data
03-14 21:16:21.171 13208 13208 E ArmVmp : Match on catch block at 0xc3 in for 0x766bd9a025
03-14 21:16:21.174 13208 13208 E ArmVmp : Match on catch block at 0xc3 in for 0x766bd9a025
03-14 21:16:21.179 13208 13284 E gralloc4: Empty SMPTE 2094-40 data
03-14 21:16:21.361 13208 13208 E ArmVmp : Match on catch block at 0xc3 in for 0x766bd9a025
03-14 21:16:21.369 13208 13208 E ArmVmp : Match on catch block at 0xc3 in for 0x766bd9a025
03-14 21:16:21.384 13208 13284 E gralloc4: Empty SMPTE 2094-40 data
03-14 21:16:21.861 13208 13208 E ArmVmp : Match on catch block at 0xc3 in for 0x766bd9a025
03-14 21:16:21.867 13208 13208 E ArmVmp : Match on catch block at 0xc3 in for 0x766bd9a025
03-14 21:16:21.879 13208 13284 E gralloc4: Empty SMPTE 2094-40 data
03-14 21:16:22.359 13208 13208 E ArmVmp : Match on catch block at 0xc3 in for 0x766bd9a025
03-14 21:16:22.369 13208 13208 E ArmVmp : Match on catch block at 0xc3 in for 0x766bd9a025
03-14 21:16:22.385 13208 13284 E gralloc4: Empty SMPTE 2094-40 data
03-14 21:16:22.540 13208 13208 E ArmVmp : Match on catch block at 0xc3 in for 0x766bd9a025
03-14 21:16:22.543 13208 13208 E ArmVmp : Match on catch block at 0xc3 in for 0x766bd9a025
03-14 21:16:22.548 13208 13284 E gralloc4: Empty SMPTE 2094-40 data
03-14 21:16:22.552 13208 13208 E ArmVmp : Match on catch block at 0xc3 in for 0x766bd9a025
03-14 21:16:22.554 13208 13208 E ArmVmp : Match on catch block at 0xc3 in for 0x766bd9a025
03-14 21:16:22.559 13208 13284 E gralloc4: Empty SMPTE 2094-40 data
03-14 21:16:22.854 13208 13208 E ArmVmp : Match on catch block at 0xc3 in for 0x766bd9a025
03-14 21:16:22.865 13208 13208 E ArmVmp : Match on catch block at 0xc3 in for 0x766bd9a025
03-14 21:16:22.876 13208 13284 E gralloc4: Empty SMPTE 2094-40 data
03-14 21:16:23.365 13208 13208 E ArmVmp : Match on catch block at 0xc3 in for 0x766bd9a025
03-14 21:16:23.371 13208 13208 E ArmVmp : Match on catch block at 0xc3 in for 0x766bd9a025
03-14 21:16:23.385 13208 13284 E gralloc4: Empty SMPTE 2094-40 data
03-14 21:16:23.569 13208 13208 E ArmVmp : Match on catch block at 0xc3 in for 0x766bd9a025
03-14 21:16:23.572 13208 13208 E ArmVmp : Match on catch block at 0xc3 in for 0x766bd9a025
03-14 21:16:23.577 13208 13284 E gralloc4: Empty SMPTE 2094-40 data
03-14 21:16:23.582 13208 13208 E ArmVmp : Match on catch block at 0xc3 in for 0x766bd9a025
03-14 21:16:23.584 13208 13208 E ArmVmp : Match on catch block at 0xc3 in for 0x766bd9a025
03-14 21:16:23.589 13208 13284 E gralloc4: Empty SMPTE 2094-40 data
03-14 21:16:23.865 13208 13208 E ArmVmp : Match on catch block at 0xc3 in for 0x766bd9a025
03-14 21:16:23.871 13208 13208 E ArmVmp : Match on catch block at 0xc3 in for 0x766bd9a025
03-14 21:16:23.882 13208 13284 E gralloc4: Empty SMPTE 2094-40 data
03-14 21:16:24.363 13208 13208 E ArmVmp : Match on catch block at 0xc3 in for 0x766bd9a025
03-14 21:16:24.368 13208 13208 E ArmVmp : Match on catch block at 0xc3 in for 0x766bd9a025
03-14 21:16:24.383 13208 13284 E gralloc4: Empty SMPTE 2094-40 data
03-14 21:16:24.860 13208 13208 E ArmVmp : Match on catch block at 0xc3 in for 0x766bd9a025
03-14 21:16:24.863 13208 13208 E ArmVmp : Match on catch block at 0xc3 in for 0x766bd9a025
03-14 21:16:24.868 13208 13284 E gralloc4: Empty SMPTE 2094-40 data
03-14 21:16:25.174 13208 13208 E ArmVmp : Match on catch block at 0xc3 in for 0x766bd9a025
03-14 21:16:25.179 13208 13208 E ArmVmp : Match on catch block at 0xc3 in for 0x766bd9a025
03-14 21:16:25.189 13208 13284 E gralloc4: Empty SMPTE 2094-40 data
03-14 21:16:25.191 13208 13208 E ArmVmp : Match on catch block at 0xc3 in for 0x766bd9a025
03-14 21:16:25.196 13208 13208 E ArmVmp : Match on catch block at 0xc3 in for 0x766bd9a025
03-14 21:16:25.206 13208 13284 E gralloc4: Empty SMPTE 2094-40 data
03-14 21:16:25.208 13208 13208 E ArmVmp : Match on catch block at 0xc3 in for 0x766bd9a025
03-14 21:16:25.213 13208 13208 E ArmVmp : Match on catch block at 0xc3 in for 0x766bd9a025
03-14 21:16:25.222 13208 13284 E gralloc4: Empty SMPTE 2094-40 data
03-14 21:16:25.224 13208 13208 E ArmVmp : Match on catch block at 0xc3 in for 0x766bd9a025
03-14 21:16:25.229 13208 13208 E ArmVmp : Match on catch block at 0xc3 in for 0x766bd9a025
03-14 21:16:25.238 13208 13284 E gralloc4: Empty SMPTE 2094-40 data
03-14 21:16:25.241 13208 13208 E ArmVmp : Match on catch block at 0xc3 in for 0x766bd9a025
03-14 21:16:25.246 13208 13208 E ArmVmp : Match on catch block at 0xc3 in for 0x766bd9a025
03-14 21:16:25.255 13208 13284 E gralloc4: Empty SMPTE 2094-40 data
03-14 21:16:25.257 13208 13208 E ArmVmp : Match on catch block at 0xc3 in for 0x766bd9a025
03-14 21:16:25.260 13208 13208 E ArmVmp : Match on catch block at 0xc3 in for 0x766bd9a025
03-14 21:16:25.265 13208 13284 E gralloc4: Empty SMPTE 2094-40 data
03-14 21:16:25.272 13208 13208 E ArmVmp : Match on catch block at 0xc3 in for 0x766bd9a025
03-14 21:16:25.275 13208 13208 E ArmVmp : Match on catch block at 0xc3 in for 0x766bd9a025
03-14 21:16:25.279 13208 13284 E gralloc4: Empty SMPTE 2094-40 data
03-14 21:16:25.289 13208 13208 E ArmVmp : Match on catch block at 0xc3 in for 0x766bd9a025
03-14 21:16:25.291 13208 13208 E ArmVmp : Match on catch block at 0xc3 in for 0x766bd9a025
03-14 21:16:25.296 13208 13284 E gralloc4: Empty SMPTE 2094-40 data
03-14 21:16:25.305 13208 13208 E ArmVmp : Match on catch block at 0xc3 in for 0x766bd9a025
03-14 21:16:25.308 13208 13208 E ArmVmp : Match on catch block at 0xc3 in for 0x766bd9a025
03-14 21:16:25.312 13208 13284 E gralloc4: Empty SMPTE 2094-40 data
03-14 21:16:25.322 13208 13208 E ArmVmp : Match on catch block at 0xc3 in for 0x766bd9a025
03-14 21:16:25.324 13208 13208 E ArmVmp : Match on catch block at 0xc3 in for 0x766bd9a025
03-14 21:16:25.329 13208 13284 E gralloc4: Empty SMPTE 2094-40 data
03-14 21:16:25.339 13208 13208 E ArmVmp : Match on catch block at 0xc3 in for 0x766bd9a025
03-14 21:16:25.341 13208 13208 E ArmVmp : Match on catch block at 0xc3 in for 0x766bd9a025
03-14 21:16:25.346 13208 13284 E gralloc4: Empty SMPTE 2094-40 data
03-14 21:16:25.355 13208 13208 E ArmVmp : Match on catch block at 0xc3 in for 0x766bd9a025
03-14 21:16:25.357 13208 13208 E ArmVmp : Match on catch block at 0xc3 in for 0x766bd9a025
03-14 21:16:25.362 13208 13284 E gralloc4: Empty SMPTE 2094-40 data
03-14 21:16:25.372 13208 13208 E ArmVmp : Match on catch block at 0xc3 in for 0x766bd9a025
03-14 21:16:25.374 13208 13208 E ArmVmp : Match on catch block at 0xc3 in for 0x766bd9a025
03-14 21:16:25.380 13208 13284 E gralloc4: Empty SMPTE 2094-40 data
03-14 21:16:25.388 13208 13208 E ArmVmp : Match on catch block at 0xc3 in for 0x766bd9a025
03-14 21:16:25.391 13208 13208 E ArmVmp : Match on catch block at 0xc3 in for 0x766bd9a025
03-14 21:16:25.396 13208 13284 E gralloc4: Empty SMPTE 2094-40 data
03-14 21:16:25.405 13208 13208 E ArmVmp : Match on catch block at 0xc3 in for 0x766bd9a025
03-14 21:16:25.407 13208 13208 E ArmVmp : Match on catch block at 0xc3 in for 0x766bd9a025
03-14 21:16:25.413 13208 13284 E gralloc4: Empty SMPTE 2094-40 data
03-14 21:16:25.422 13208 13208 E ArmVmp : Match on catch block at 0xc3 in for 0x766bd9a025
03-14 21:16:25.424 13208 13208 E ArmVmp : Match on catch block at 0xc3 in for 0x766bd9a025
03-14 21:16:25.429 13208 13284 E gralloc4: Empty SMPTE 2094-40 data
03-14 21:16:25.438 13208 13208 E ArmVmp : Match on catch block at 0xc3 in for 0x766bd9a025
03-14 21:16:25.440 13208 13208 E ArmVmp : Match on catch block at 0xc3 in for 0x766bd9a025
03-14 21:16:25.870 13208 13208 E ArmVmp : Match on catch block at 0xc3 in for 0x766bd9a025
03-14 21:16:25.873 13208 13208 E ArmVmp : Match on catch block at 0xc3 in for 0x766bd9a025
03-14 21:16:25.880 13208 13284 E gralloc4: Empty SMPTE 2094-40 data
03-14 21:16:26.368 13208 13208 E ArmVmp : Match on catch block at 0xc3 in for 0x766bd9a025
03-14 21:16:26.370 13208 13208 E ArmVmp : Match on catch block at 0xc3 in for 0x766bd9a025
03-14 21:16:26.376 13208 13284 E gralloc4: Empty SMPTE 2094-40 data
03-14 21:16:26.867 13208 13208 E ArmVmp : Match on catch block at 0xc3 in for 0x766bd9a025
03-14 21:16:26.870 13208 13208 E ArmVmp : Match on catch block at 0xc3 in for 0x766bd9a025
03-14 21:16:26.876 13208 13284 E gralloc4: Empty SMPTE 2094-40 data
03-14 21:16:27.374 13208 13208 E ArmVmp : Match on catch block at 0xc3 in for 0x766bd9a025
03-14 21:16:27.386 13208 13208 E ArmVmp : Match on catch block at 0xc3 in for 0x766bd9a025
03-14 21:16:27.403 13208 13284 E gralloc4: Empty SMPTE 2094-40 data
03-14 21:16:27.887 13208 13208 E ArmVmp : Match on catch block at 0xc3 in for 0x766bd9a025
03-14 21:16:27.893 13208 13208 E ArmVmp : Match on catch block at 0xc3 in for 0x766bd9a025
03-14 21:16:27.904 13208 13284 E gralloc4: Empty SMPTE 2094-40 data
03-14 21:16:28.384 13208 13208 E ArmVmp : Match on catch block at 0xc3 in for 0x766bd9a025
03-14 21:16:28.391 13208 13208 E ArmVmp : Match on catch block at 0xc3 in for 0x766bd9a025
03-14 21:16:28.401 13208 13284 E gralloc4: Empty SMPTE 2094-40 data
03-14 21:16:28.883 13208 13208 E ArmVmp : Match on catch block at 0xc3 in for 0x766bd9a025
03-14 21:16:28.889 13208 13208 E ArmVmp : Match on catch block at 0xc3 in for 0x766bd9a025
03-14 21:16:28.900 13208 13284 E gralloc4: Empty SMPTE 2094-40 data
03-14 21:16:29.381 13208 13208 E ArmVmp : Match on catch block at 0xc3 in for 0x766bd9a025
03-14 21:16:29.392 13208 13208 E ArmVmp : Match on catch block at 0xc3 in for 0x766bd9a025
03-14 21:16:29.403 13208 13284 E gralloc4: Empty SMPTE 2094-40 data
03-14 21:16:29.877 13208 13208 E ArmVmp : Match on catch block at 0xc3 in for 0x766bd9a025
03-14 21:16:29.882 13208 13208 E ArmVmp : Match on catch block at 0xc3 in for 0x766bd9a025
03-14 21:16:29.893 13208 13284 E gralloc4: Empty SMPTE 2094-40 data
03-14 21:16:30.394 13208 13208 E ArmVmp : Match on catch block at 0xc3 in for 0x766bd9a025
03-14 21:16:30.404 13208 13208 E ArmVmp : Match on catch block at 0xc3 in for 0x766bd9a025
03-14 21:16:30.415 13208 13284 E gralloc4: Empty SMPTE 2094-40 data
03-14 21:16:30.892 13208 13208 E ArmVmp : Match on catch block at 0xc3 in for 0x766bd9a025
03-14 21:16:30.898 13208 13208 E ArmVmp : Match on catch block at 0xc3 in for 0x766bd9a025
03-14 21:16:30.908 13208 13284 E gralloc4: Empty SMPTE 2094-40 data
03-14 21:16:31.392 13208 13208 E ArmVmp : Match on catch block at 0xc3 in for 0x766bd9a025
03-14 21:16:31.401 13208 13208 E ArmVmp : Match on catch block at 0xc3 in for 0x766bd9a025
03-14 21:16:31.416 13208 13284 E gralloc4: Empty SMPTE 2094-40 data
03-14 21:16:31.889 13208 13208 E ArmVmp : Match on catch block at 0xc3 in for 0x766bd9a025
03-14 21:16:31.897 13208 13208 E ArmVmp : Match on catch block at 0xc3 in for 0x766bd9a025
03-14 21:16:31.909 13208 13284 E gralloc4: Empty SMPTE 2094-40 data
03-14 21:16:32.386 13208 13208 E ArmVmp : Match on catch block at 0xc3 in for 0x766bd9a025
03-14 21:16:32.395 13208 13208 E ArmVmp : Match on catch block at 0xc3 in for 0x766bd9a025
03-14 21:16:32.406 13208 13284 E gralloc4: Empty SMPTE 2094-40 data
03-14 21:16:32.900 13208 13208 E ArmVmp : Match on catch block at 0xc3 in for 0x766bd9a025
03-14 21:16:32.906 13208 13208 E ArmVmp : Match on catch block at 0xc3 in for 0x766bd9a025
03-14 21:16:32.915 13208 13284 E gralloc4: Empty SMPTE 2094-40 data
03-14 21:16:33.400 13208 13208 E ArmVmp : Match on catch block at 0xc3 in for 0x766bd9a025
03-14 21:16:33.410 13208 13208 E ArmVmp : Match on catch block at 0xc3 in for 0x766bd9a025
03-14 21:16:33.425 13208 13284 E gralloc4: Empty SMPTE 2094-40 data
03-14 21:16:33.892 13208 13208 E ArmVmp : Match on catch block at 0xc3 in for 0x766bd9a025
03-14 21:16:33.898 13208 13208 E ArmVmp : Match on catch block at 0xc3 in for 0x766bd9a025
03-14 21:16:33.908 13208 13284 E gralloc4: Empty SMPTE 2094-40 data
03-14 21:16:34.397 13208 13208 E ArmVmp : Match on catch block at 0xc3 in for 0x766bd9a025
03-14 21:16:34.407 13208 13208 E ArmVmp : Match on catch block at 0xc3 in for 0x766bd9a025
03-14 21:16:34.423 13208 13284 E gralloc4: Empty SMPTE 2094-40 data
03-14 21:16:34.892 13208 13208 E ArmVmp : Match on catch block at 0xc3 in for 0x766bd9a025
03-14 21:16:34.898 13208 13208 E ArmVmp : Match on catch block at 0xc3 in for 0x766bd9a025
03-14 21:16:34.908 13208 13284 E gralloc4: Empty SMPTE 2094-40 data
03-14 21:16:35.408 13208 13208 E ArmVmp : Match on catch block at 0xc3 in for 0x766bd9a025
03-14 21:16:35.413 13208 13208 E ArmVmp : Match on catch block at 0xc3 in for 0x766bd9a025
03-14 21:16:35.424 13208 13284 E gralloc4: Empty SMPTE 2094-40 data
03-14 21:16:35.903 13208 13208 E ArmVmp : Match on catch block at 0xc3 in for 0x766bd9a025
03-14 21:16:35.905 13208 13208 E ArmVmp : Match on catch block at 0xc3 in for 0x766bd9a025
03-14 21:16:35.910 13208 13284 E gralloc4: Empty SMPTE 2094-40 data
03-14 21:16:36.400 13208 13208 E ArmVmp : Match on catch block at 0xc3 in for 0x766bd9a025
03-14 21:16:36.405 13208 13208 E ArmVmp : Match on catch block at 0xc3 in for 0x766bd9a025
03-14 21:16:36.413 13208 13284 E gralloc4: Empty SMPTE 2094-40 data
03-14 21:16:36.524 13208 13208 E ArmVmp : Match on catch block at 0xc3 in for 0x766bd9a025
03-14 21:16:36.526 13208 13208 E ArmVmp : Match on catch block at 0xc3 in for 0x766bd9a025
03-14 21:16:36.532 13208 13284 E gralloc4: Empty SMPTE 2094-40 data
03-14 21:16:36.543 13208 13208 E ArmVmp : Match on catch block at 0xc3 in for 0x766bd9a025
03-14 21:16:36.546 13208 13208 E ArmVmp : Match on catch block at 0xc3 in for 0x766bd9a025
03-14 21:16:36.548 13208 13284 E gralloc4: Empty SMPTE 2094-40 data
03-14 21:16:36.567 13208 13284 E gralloc4: Empty SMPTE 2094-40 data
03-14 21:16:36.572 13208 13284 E gralloc4: Empty SMPTE 2094-40 data
03-14 21:16:36.573 13208 13284 W Parcel : Expecting binder but got null!
03-14 21:16:36.590 13208 13208 E ArmVmp : Match on catch block at 0xc3 in for 0x766bd9a025
03-14 21:16:36.593 13208 13208 E ArmVmp : Match on catch block at 0xc3 in for 0x766bd9a025
03-14 21:16:36.603 13208 13284 E gralloc4: Empty SMPTE 2094-40 data
03-14 21:16:36.608 13208 13284 E gralloc4: Empty SMPTE 2094-40 data
03-14 21:16:36.611 13208 13208 E ArmVmp : Match on catch block at 0xc3 in for 0x766bd9a025
03-14 21:16:36.615 13208 13208 E ArmVmp : Match on catch block at 0xc3 in for 0x766bd9a025
03-14 21:16:36.621 13208 13284 E gralloc4: Empty SMPTE 2094-40 data
03-14 21:16:36.626 13208 13208 E ArmVmp : Match on catch block at 0xc3 in for 0x766bd9a025
03-14 21:16:36.630 13208 13208 E ArmVmp : Match on catch block at 0xc3 in for 0x766bd9a025
03-14 21:16:36.636 13208 13208 E ArmVmp : Match on catch block at 0xc3 in for 0x766bd9a025
03-14 21:16:36.638 13208 13208 E ArmVmp : Match on catch block at 0xc3 in for 0x766bd9a025
03-14 21:16:36.644 13208 13284 E gralloc4: Empty SMPTE 2094-40 data
03-14 21:16:36.648 13208 13208 E ArmVmp : Match on catch block at 0xc3 in for 0x766bd9a025
03-14 21:16:36.651 13208 13208 E ArmVmp : Match on catch block at 0xc3 in for 0x766bd9a025
03-14 21:16:36.661 13208 13284 E gralloc4: Empty SMPTE 2094-40 data
03-14 21:16:36.672 13208 13284 E gralloc4: Empty SMPTE 2094-40 data
03-14 21:16:36.689 13208 13284 E gralloc4: Empty SMPTE 2094-40 data
03-14 21:16:36.704 13208 13284 E gralloc4: Empty SMPTE 2094-40 data
03-14 21:16:36.722 13208 13284 E gralloc4: Empty SMPTE 2094-40 data
03-14 21:16:36.738 13208 13284 E gralloc4: Empty SMPTE 2094-40 data
03-14 21:16:36.754 13208 13284 E gralloc4: Empty SMPTE 2094-40 data
03-14 21:16:36.772 13208 13284 E gralloc4: Empty SMPTE 2094-40 data
03-14 21:16:36.789 13208 13284 E gralloc4: Empty SMPTE 2094-40 data
03-14 21:16:36.806 13208 13284 E gralloc4: Empty SMPTE 2094-40 data
03-14 21:16:36.818 13208 13208 E ArmVmp : Match on catch block at 0xc3 in for 0x766bd9a025
03-14 21:16:36.823 13208 13284 E gralloc4: Empty SMPTE 2094-40 data
03-14 21:16:36.825 13208 13208 E ArmVmp : Match on catch block at 0xc3 in for 0x766bd9a025
03-14 21:16:36.837 13208 13284 E gralloc4: Empty SMPTE 2094-40 data
03-14 21:16:36.855 13208 13284 E gralloc4: Empty SMPTE 2094-40 data
03-14 21:16:36.871 13208 13284 E gralloc4: Empty SMPTE 2094-40 data
03-14 21:16:36.888 13208 13284 E gralloc4: Empty SMPTE 2094-40 data
03-14 21:16:36.900 13208 13208 E ArmVmp : Match on catch block at 0xc3 in for 0x766bd9a025
03-14 21:16:36.904 13208 13284 E gralloc4: Empty SMPTE 2094-40 data
03-14 21:16:36.906 13208 13208 E ArmVmp : Match on catch block at 0xc3 in for 0x766bd9a025
03-14 21:16:36.922 13208 13284 E gralloc4: Empty SMPTE 2094-40 data
03-14 21:16:36.938 13208 13284 E gralloc4: Empty SMPTE 2094-40 data
03-14 21:16:36.955 13208 13284 E gralloc4: Empty SMPTE 2094-40 data
03-14 21:16:36.970 13208 13284 E gralloc4: Empty SMPTE 2094-40 data
03-14 21:16:36.988 13208 13284 E gralloc4: Empty SMPTE 2094-40 data
03-14 21:16:36.998 13208 13208 E ArmVmp : Match on catch block at 0xc3 in for 0x766bd9a025
03-14 21:16:37.003 13208 13284 E gralloc4: Empty SMPTE 2094-40 data
03-14 21:16:37.005 13208 13208 E ArmVmp : Match on catch block at 0xc3 in for 0x766bd9a025
03-14 21:16:37.020 13208 13284 E gralloc4: Empty SMPTE 2094-40 data
03-14 21:16:37.037 13208 13284 E gralloc4: Empty SMPTE 2094-40 data
03-14 21:16:37.054 13208 13284 E gralloc4: Empty SMPTE 2094-40 data
03-14 21:16:37.071 13208 13284 E gralloc4: Empty SMPTE 2094-40 data
03-14 21:16:37.087 13208 13284 E gralloc4: Empty SMPTE 2094-40 data
03-14 21:16:37.104 13208 13284 E gralloc4: Empty SMPTE 2094-40 data
03-14 21:16:37.121 13208 13284 E gralloc4: Empty SMPTE 2094-40 data
03-14 21:16:37.138 13208 13284 E gralloc4: Empty SMPTE 2094-40 data
03-14 21:16:37.154 13208 13284 E gralloc4: Empty SMPTE 2094-40 data
03-14 21:16:37.171 13208 13284 E gralloc4: Empty SMPTE 2094-40 data
03-14 21:16:37.188 13208 13284 E gralloc4: Empty SMPTE 2094-40 data
03-14 21:16:37.204 13208 13284 E gralloc4: Empty SMPTE 2094-40 data
03-14 21:16:37.220 13208 13284 E gralloc4: Empty SMPTE 2094-40 data
03-14 21:16:37.237 13208 13284 E gralloc4: Empty SMPTE 2094-40 data
03-14 21:16:37.253 13208 13284 E gralloc4: Empty SMPTE 2094-40 data
03-14 21:16:37.269 13208 13284 E gralloc4: Empty SMPTE 2094-40 data
03-14 21:16:37.286 13208 13284 E gralloc4: Empty SMPTE 2094-40 data
03-14 21:16:37.302 13208 13284 E gralloc4: Empty SMPTE 2094-40 data
03-14 21:16:37.319 13208 13284 E gralloc4: Empty SMPTE 2094-40 data
03-14 21:16:37.336 13208 13284 E gralloc4: Empty SMPTE 2094-40 data
03-14 21:16:37.352 13208 13284 E gralloc4: Empty SMPTE 2094-40 data
03-14 21:16:37.369 13208 13284 E gralloc4: Empty SMPTE 2094-40 data
03-14 21:16:37.381 13208 13208 E ArmVmp : Match on catch block at 0xc3 in for 0x766bd9a025
03-14 21:16:37.385 13208 13284 E gralloc4: Empty SMPTE 2094-40 data
03-14 21:16:37.387 13208 13208 E ArmVmp : Match on catch block at 0xc3 in for 0x766bd9a025
03-14 21:16:37.412 13208 13208 E ArmVmp : Match on catch block at 0xc3 in for 0x766bd9a025
03-14 21:16:37.417 13208 13284 E gralloc4: Empty SMPTE 2094-40 data
03-14 21:16:37.417 13208 13208 E ArmVmp : Match on catch block at 0xc3 in for 0x766bd9a025
03-14 21:16:37.435 13208 13284 E gralloc4: Empty SMPTE 2094-40 data
03-14 21:16:37.465 13208 13284 E gralloc4: Empty SMPTE 2094-40 data
03-14 21:16:37.481 13208 13284 E gralloc4: Empty SMPTE 2094-40 data
03-14 21:16:37.497 13208 13284 E gralloc4: Empty SMPTE 2094-40 data
03-14 21:16:37.516 13208 13284 E gralloc4: Empty SMPTE 2094-40 data
03-14 21:16:37.533 13208 13284 E gralloc4: Empty SMPTE 2094-40 data
03-14 21:16:37.546 13208 13208 E FileUtils: err write to mi_exception_log
03-14 21:16:37.551 13208 13284 E gralloc4: Empty SMPTE 2094-40 data
03-14 21:16:37.563 13208 13284 E gralloc4: Empty SMPTE 2094-40 data
03-14 21:16:37.583 13208 13284 E gralloc4: Empty SMPTE 2094-40 data
03-14 21:16:37.601 13208 13284 E gralloc4: Empty SMPTE 2094-40 data
03-14 21:16:37.619 13208 13284 E gralloc4: Empty SMPTE 2094-40 data
03-14 21:16:37.637 13208 13284 E gralloc4: Empty SMPTE 2094-40 data
03-14 21:16:37.652 13208 13284 E gralloc4: Empty SMPTE 2094-40 data
03-14 21:16:37.668 13208 13284 E gralloc4: Empty SMPTE 2094-40 data
03-14 21:16:37.685 13208 13284 E gralloc4: Empty SMPTE 2094-40 data
03-14 21:16:37.700 13208 13284 E gralloc4: Empty SMPTE 2094-40 data
03-14 21:16:37.716 13208 13284 E gralloc4: Empty SMPTE 2094-40 data
03-14 21:16:37.733 13208 13284 E gralloc4: Empty SMPTE 2094-40 data
03-14 21:16:37.747 13208 13284 E gralloc4: Empty SMPTE 2094-40 data
03-14 21:16:37.767 13208 13284 E gralloc4: Empty SMPTE 2094-40 data
03-14 21:16:37.779 13208 13284 E gralloc4: Empty SMPTE 2094-40 data
03-14 21:16:37.797 13208 13284 E gralloc4: Empty SMPTE 2094-40 data
03-14 21:16:37.814 13208 13284 E gralloc4: Empty SMPTE 2094-40 data
03-14 21:16:37.834 13208 13284 E gralloc4: Empty SMPTE 2094-40 data
03-14 21:16:37.848 13208 13284 E gralloc4: Empty SMPTE 2094-40 data
03-14 21:16:37.871 13208 13284 E gralloc4: Empty SMPTE 2094-40 data
03-14 21:16:37.889 13208 13284 E gralloc4: Empty SMPTE 2094-40 data
03-14 21:16:37.904 13208 13284 E gralloc4: Empty SMPTE 2094-40 data
03-14 21:16:37.912 13208 13208 E ArmVmp : Match on catch block at 0xc3 in for 0x766bd9a025
03-14 21:16:37.916 13208 13208 E ArmVmp : Match on catch block at 0xc3 in for 0x766bd9a025
03-14 21:16:37.917 13208 13284 E gralloc4: Empty SMPTE 2094-40 data
03-14 21:16:37.927 13208 13284 E gralloc4: Empty SMPTE 2094-40 data
03-14 21:16:37.946 13208 13284 E gralloc4: Empty SMPTE 2094-40 data
03-14 21:16:37.962 13208 13284 E gralloc4: Empty SMPTE 2094-40 data
03-14 21:16:37.978 13208 13284 E gralloc4: Empty SMPTE 2094-40 data
03-14 21:16:37.995 13208 13284 E gralloc4: Empty SMPTE 2094-40 data
03-14 21:16:38.012 13208 13284 E gralloc4: Empty SMPTE 2094-40 data
03-14 21:16:38.028 13208 13284 E gralloc4: Empty SMPTE 2094-40 data
03-14 21:16:38.044 13208 13284 E gralloc4: Empty SMPTE 2094-40 data
03-14 21:16:38.070 13208 13284 E gralloc4: Empty SMPTE 2094-40 data
03-14 21:16:38.086 13208 13284 E gralloc4: Empty SMPTE 2094-40 data
03-14 21:16:38.100 13208 13284 E gralloc4: Empty SMPTE 2094-40 data
03-14 21:16:38.116 13208 13284 E gralloc4: Empty SMPTE 2094-40 data
03-14 21:16:38.133 13208 13284 E gralloc4: Empty SMPTE 2094-40 data
03-14 21:16:38.152 13208 13284 E gralloc4: Empty SMPTE 2094-40 data
03-14 21:16:38.168 13208 13284 E gralloc4: Empty SMPTE 2094-40 data
03-14 21:16:38.185 13208 13284 E gralloc4: Empty SMPTE 2094-40 data
03-14 21:16:38.192 13208 13284 E gralloc4: Empty SMPTE 2094-40 data
03-14 21:16:38.193 13208 13284 W Parcel : Expecting binder but got null!
03-14 21:16:38.200 13208 13284 E gralloc4: Empty SMPTE 2094-40 data
03-14 21:16:38.211 13208 13284 E gralloc4: Empty SMPTE 2094-40 data
03-14 21:16:38.214 13208 13208 E ArmVmp : Match on catch block at 0xc3 in for 0x766bd9a025
03-14 21:16:38.217 13208 13208 E ArmVmp : Match on catch block at 0xc3 in for 0x766bd9a025
03-14 21:16:38.232 13208 13284 E gralloc4: Empty SMPTE 2094-40 data
03-14 21:16:38.240 13208 13208 E ArmVmp : Match on catch block at 0xc3 in for 0x766bd9a025
03-14 21:16:38.241 13208 13284 E gralloc4: Empty SMPTE 2094-40 data
03-14 21:16:38.243 13208 13208 E ArmVmp : Match on catch block at 0xc3 in for 0x766bd9a025
03-14 21:16:38.249 13208 13284 E gralloc4: Empty SMPTE 2094-40 data
03-14 21:16:38.259 13208 13284 E gralloc4: Empty SMPTE 2094-40 data
03-14 21:16:38.265 13208 13284 E gralloc4: Empty SMPTE 2094-40 data
03-14 21:16:38.265 13208 13208 E ArmVmp : Match on catch block at 0xc3 in for 0x766bd9a025
03-14 21:16:38.268 13208 13208 E ArmVmp : Match on catch block at 0xc3 in for 0x766bd9a025
03-14 21:16:38.280 13208 13284 E gralloc4: Empty SMPTE 2094-40 data
03-14 21:16:38.283 13208 13284 E gralloc4: Empty SMPTE 2094-40 data
03-14 21:16:38.288 13208 13284 E gralloc4: Empty SMPTE 2094-40 data
03-14 21:16:38.298 13208 13284 E gralloc4: Empty SMPTE 2094-40 data
03-14 21:16:38.302 13208 13208 E ArmVmp : Match on catch block at 0xc3 in for 0x766bd9a025
03-14 21:16:38.302 13208 13284 E gralloc4: Empty SMPTE 2094-40 data
03-14 21:16:38.306 13208 13208 E ArmVmp : Match on catch block at 0xc3 in for 0x766bd9a025
03-14 21:16:38.316 13208 13284 E gralloc4: Empty SMPTE 2094-40 data
03-14 21:16:38.323 13208 13284 E gralloc4: Empty SMPTE 2094-40 data
03-14 21:16:38.325 13208 13284 E gralloc4: Empty SMPTE 2094-40 data
03-14 21:16:38.328 13208 13208 E ArmVmp : Match on catch block at 0xc3 in for 0x766bd9a025
03-14 21:16:38.331 13208 13208 E ArmVmp : Match on catch block at 0xc3 in for 0x766bd9a025
03-14 21:16:38.331 13208 13284 E gralloc4: Empty SMPTE 2094-40 data
03-14 21:16:38.346 13208 13284 E gralloc4: Empty SMPTE 2094-40 data
03-14 21:16:38.348 13208 13284 E gralloc4: Empty SMPTE 2094-40 data
03-14 21:16:38.350 13208 13208 E ArmVmp : Match on catch block at 0xc3 in for 0x766bd9a025
03-14 21:16:38.353 13208 13284 E gralloc4: Empty SMPTE 2094-40 data
03-14 21:16:38.353 13208 13208 E ArmVmp : Match on catch block at 0xc3 in for 0x766bd9a025
03-14 21:16:38.364 13208 13284 E gralloc4: Empty SMPTE 2094-40 data
03-14 21:16:38.368 13208 13284 E gralloc4: Empty SMPTE 2094-40 data
03-14 21:16:38.375 13208 13284 E gralloc4: Empty SMPTE 2094-40 data
03-14 21:16:38.379 13208 13284 E gralloc4: Empty SMPTE 2094-40 data
03-14 21:16:38.384 13208 13284 E gralloc4: Empty SMPTE 2094-40 data
03-14 21:16:38.396 13208 13284 E gralloc4: Empty SMPTE 2094-40 data
03-14 21:16:38.413 13208 13284 E gralloc4: Empty SMPTE 2094-40 data
03-14 21:16:38.426 13208 13284 E gralloc4: Empty SMPTE 2094-40 data
03-14 21:16:38.446 13208 13284 E gralloc4: Empty SMPTE 2094-40 data
03-14 21:16:38.463 13208 13284 E gralloc4: Empty SMPTE 2094-40 data
03-14 21:16:38.479 13208 13284 E gralloc4: Empty SMPTE 2094-40 data
03-14 21:16:38.496 13208 13284 E gralloc4: Empty SMPTE 2094-40 data
03-14 21:16:38.516 13208 13284 E gralloc4: Empty SMPTE 2094-40 data
03-14 21:16:38.530 13208 13284 E gralloc4: Empty SMPTE 2094-40 data
03-14 21:16:38.550 13208 13284 E gralloc4: Empty SMPTE 2094-40 data
03-14 21:16:38.567 13208 13284 E gralloc4: Empty SMPTE 2094-40 data
03-14 21:16:38.584 13208 13284 E gralloc4: Empty SMPTE 2094-40 data
03-14 21:16:38.601 13208 13284 E gralloc4: Empty SMPTE 2094-40 data
03-14 21:16:38.618 13208 13284 E gralloc4: Empty SMPTE 2094-40 data
03-14 21:16:38.633 13208 13284 E gralloc4: Empty SMPTE 2094-40 data
03-14 21:16:38.650 13208 13284 E gralloc4: Empty SMPTE 2094-40 data
03-14 21:16:38.667 13208 13284 E gralloc4: Empty SMPTE 2094-40 data
03-14 21:16:38.684 13208 13284 E gralloc4: Empty SMPTE 2094-40 data
03-14 21:16:38.700 13208 13284 E gralloc4: Empty SMPTE 2094-40 data
03-14 21:16:38.717 13208 13284 E gralloc4: Empty SMPTE 2094-40 data
03-14 21:16:38.733 13208 13284 E gralloc4: Empty SMPTE 2094-40 data
03-14 21:16:38.750 13208 13284 E gralloc4: Empty SMPTE 2094-40 data
03-14 21:16:38.766 13208 13284 E gralloc4: Empty SMPTE 2094-40 data
03-14 21:16:38.783 13208 13284 E gralloc4: Empty SMPTE 2094-40 data
03-14 21:16:38.799 13208 13284 E gralloc4: Empty SMPTE 2094-40 data
03-14 21:16:38.815 13208 13284 E gralloc4: Empty SMPTE 2094-40 data
03-14 21:16:38.831 13208 13284 E gralloc4: Empty SMPTE 2094-40 data
03-14 21:16:38.845 13208 13284 E gralloc4: Empty SMPTE 2094-40 data
03-14 21:16:38.861 13208 13284 E gralloc4: Empty SMPTE 2094-40 data
03-14 21:16:44.241 13208 13208 E RippleDrawable: The RippleDrawable.STYLE_PATTERNED animation is not supported for a non-hardware accelerated Canvas. Skipping animation.
03-14 21:16:44.244 13208 13284 E gralloc4: Empty SMPTE 2094-40 data
03-14 21:16:44.256 13208 13208 E RippleDrawable: The RippleDrawable.STYLE_PATTERNED animation is not supported for a non-hardware accelerated Canvas. Skipping animation.
03-14 21:16:44.259 13208 13284 E gralloc4: Empty SMPTE 2094-40 data
03-14 21:16:44.274 13208 13208 E RippleDrawable: The RippleDrawable.STYLE_PATTERNED animation is not supported for a non-hardware accelerated Canvas. Skipping animation.
03-14 21:16:44.276 13208 13284 E gralloc4: Empty SMPTE 2094-40 data
03-14 21:16:44.290 13208 13208 E RippleDrawable: The RippleDrawable.STYLE_PATTERNED animation is not supported for a non-hardware accelerated Canvas. Skipping animation.
03-14 21:16:44.293 13208 13284 E gralloc4: Empty SMPTE 2094-40 data
03-14 21:16:44.307 13208 13208 E RippleDrawable: The RippleDrawable.STYLE_PATTERNED animation is not supported for a non-hardware accelerated Canvas. Skipping animation.
03-14 21:16:44.309 13208 13284 E gralloc4: Empty SMPTE 2094-40 data
03-14 21:16:44.323 13208 13208 E RippleDrawable: The RippleDrawable.STYLE_PATTERNED animation is not supported for a non-hardware accelerated Canvas. Skipping animation.
03-14 21:16:44.325 13208 13284 E gralloc4: Empty SMPTE 2094-40 data
03-14 21:16:44.339 13208 13208 E ArmVmp : Match on catch block at 0x12 in for 0x766bd9a029
03-14 21:16:44.339 13208 13208 W System.err: java.lang.NumberFormatException: For input string: ""
03-14 21:16:44.339 13208 13208 W System.err: at java.lang.Integer.parseInt(Integer.java:807)
03-14 21:16:44.340 13208 13208 W System.err: at java.lang.Integer.parseInt(Integer.java:915)
03-14 21:16:44.340 13208 13208 W System.err: at mbmodsd.mbmodsw.boom.EdDi$BoomText.run(Native Method)
03-14 21:16:44.340 13208 13208 W System.err: at android.os.Handler.handleCallback(Handler.java:942)
03-14 21:16:44.340 13208 13208 W System.err: at android.os.Handler.dispatchMessage(Handler.java:99)
03-14 21:16:44.340 13208 13208 W System.err: at android.os.Looper.loopOnce(Looper.java:211)
03-14 21:16:44.340 13208 13208 W System.err: at android.os.Looper.loop(Looper.java:300)
03-14 21:16:44.340 13208 13208 W System.err: at android.app.ActivityThread.main(ActivityThread.java:8232)
03-14 21:16:44.340 13208 13208 W System.err: at java.lang.reflect.Method.invoke(Native Method)
03-14 21:16:44.340 13208 13208 W System.err: at com.android.internal.os.RuntimeInit$MethodAndArgsCaller.run(RuntimeInit.java:580)
03-14 21:16:44.340 13208 13208 W System.err: at com.android.internal.os.ZygoteInit.main(ZygoteInit.java:1028)
03-14 21:16:44.369 13208 13208 E ArmVmp : Match on catch block at 0xc3 in for 0x766bd9a025
03-14 21:16:44.371 13208 13208 E ArmVmp : Match on catch block at 0xc3 in for 0x766bd9a025
03-14 21:16:44.377 13208 13284 E gralloc4: Empty SMPTE 2094-40 data
03-14 21:16:44.385 13208 13208 E ArmVmp : Match on catch block at 0xc3 in for 0x766bd9a025
03-14 21:16:44.388 13208 13208 E ArmVmp : Match on catch block at 0xc3 in for 0x766bd9a025
03-14 21:16:44.393 13208 13284 E gralloc4: Empty SMPTE 2094-40 data
03-14 21:16:44.402 13208 13208 E ArmVmp : Match on catch block at 0xc3 in for 0x766bd9a025
03-14 21:16:44.404 13208 13208 E ArmVmp : Match on catch block at 0xc3 in for 0x766bd9a025
03-14 21:16:44.409 13208 13284 E gralloc4: Empty SMPTE 2094-40 data
03-14 21:16:44.419 13208 13208 E ArmVmp : Match on catch block at 0xc3 in for 0x766bd9a025
03-14 21:16:44.423 13208 13208 E ArmVmp : Match on catch block at 0xc3 in for 0x766bd9a025
03-14 21:16:44.429 13208 13284 E gralloc4: Empty SMPTE 2094-40 data
03-14 21:16:44.435 13208 13208 E ArmVmp : Match on catch block at 0xc3 in for 0x766bd9a025
03-14 21:16:44.439 13208 13208 E ArmVmp : Match on catch block at 0xc3 in for 0x766bd9a025
03-14 21:16:44.446 13208 13284 E gralloc4: Empty SMPTE 2094-40 data
03-14 21:16:44.454 13208 13208 E ArmVmp : Match on catch block at 0xc3 in for 0x766bd9a025
03-14 21:16:44.459 13208 13208 E ArmVmp : Match on catch block at 0xc3 in for 0x766bd9a025
03-14 21:16:44.467 13208 13284 E gralloc4: Empty SMPTE 2094-40 data
03-14 21:16:44.469 13208 13208 E ArmVmp : Match on catch block at 0xc3 in for 0x766bd9a025
03-14 21:16:44.472 13208 13208 E ArmVmp : Match on catch block at 0xc3 in for 0x766bd9a025
03-14 21:16:44.479 13208 13284 E gralloc4: Empty SMPTE 2094-40 data
03-14 21:16:44.871 13208 13208 E ArmVmp : Match on catch block at 0xc3 in for 0x766bd9a025
03-14 21:16:44.874 13208 13208 E ArmVmp : Match on catch block at 0xc3 in for 0x766bd9a025
03-14 21:16:44.882 13208 13284 E gralloc4: Empty SMPTE 2094-40 data
03-14 21:16:45.365 13208 13208 E ArmVmp : Match on catch block at 0xc3 in for 0x766bd9a025
03-14 21:16:45.368 13208 13208 E ArmVmp : Match on catch block at 0xc3 in for 0x766bd9a025
03-14 21:16:45.374 13208 13284 E gralloc4: Empty SMPTE 2094-40 data
03-14 21:16:45.868 13208 13208 E ArmVmp : Match on catch block at 0xc3 in for 0x766bd9a025
03-14 21:16:45.875 13208 13208 E ArmVmp : Match on catch block at 0xc3 in for 0x766bd9a025
03-14 21:16:45.887 13208 13284 E gralloc4: Empty SMPTE 2094-40 data
03-14 21:16:46.365 13208 13208 E ArmVmp : Match on catch block at 0xc3 in for 0x766bd9a025
03-14 21:16:46.368 13208 13208 E ArmVmp : Match on catch block at 0xc3 in for 0x766bd9a025
03-14 21:16:46.374 13208 13284 E gralloc4: Empty SMPTE 2094-40 data
03-14 21:16:46.879 13208 13208 E ArmVmp : Match on catch block at 0xc3 in for 0x766bd9a025
03-14 21:16:46.883 13208 13208 E ArmVmp : Match on catch block at 0xc3 in for 0x766bd9a025
03-14 21:16:46.891 13208 13284 E gralloc4: Empty SMPTE 2094-40 data
03-14 21:16:47.375 13208 13208 E ArmVmp : Match on catch block at 0xc3 in for 0x766bd9a025
03-14 21:16:47.379 13208 13208 E ArmVmp : Match on catch block at 0xc3 in for 0x766bd9a025
03-14 21:16:47.387 13208 13284 E gralloc4: Empty SMPTE 2094-40 data
03-14 21:16:47.876 13208 13208 E ArmVmp : Match on catch block at 0xc3 in for 0x766bd9a025
03-14 21:16:47.880 13208 13208 E ArmVmp : Match on catch block at 0xc3 in for 0x766bd9a025
03-14 21:16:47.886 13208 13284 E gralloc4: Empty SMPTE 2094-40 data
03-14 21:16:48.161 13208 13208 W InputEventReceiver: Attempted to finish an input event but the input event receiver has already been disposed.
03-14 21:16:48.166 13208 13208 E ArmVmp : Match on catch block at 0xc3 in for 0x766bd9a025
03-14 21:16:48.169 13208 13208 E ArmVmp : Match on catch block at 0xc3 in for 0x766bd9a025
03-14 21:16:48.173 13208 13284 E gralloc4: Empty SMPTE 2094-40 data
03-14 21:16:48.187 13208 13208 W OnBackInvokedCallback: OnBackInvokedCallback is not enabled for the application.
03-14 21:16:48.187 13208 13208 W OnBackInvokedCallback: Set 'android:enableOnBackInvokedCallback="true"' in the application manifest.
03-14 21:16:48.224 13208 13208 E ArmVmp : Match on catch block at 0xc3 in for 0x766bd9a025
03-14 21:16:48.227 13208 13208 E ArmVmp : Match on catch block at 0xc3 in for 0x766bd9a025
03-14 21:16:48.233 13208 13284 E gralloc4: Empty SMPTE 2094-40 data
03-14 21:16:48.293 13208 13208 E ArmVmp : Match on catch block at 0xc3 in for 0x766bd9a025
03-14 21:16:48.295 13208 13208 E ArmVmp : Match on catch block at 0xc3 in for 0x766bd9a025
03-14 21:16:48.301 13208 13284 E gralloc4: Empty SMPTE 2094-40 data
03-14 21:16:48.305 13208 13208 E ArmVmp : Match on catch block at 0xc3 in for 0x766bd9a025
03-14 21:16:48.307 13208 13208 E ArmVmp : Match on catch block at 0xc3 in for 0x766bd9a025
03-14 21:16:48.312 13208 13284 E gralloc4: Empty SMPTE 2094-40 data
03-14 21:16:48.373 13208 13208 E ArmVmp : Match on catch block at 0xc3 in for 0x766bd9a025
03-14 21:16:48.379 13208 13208 E ArmVmp : Match on catch block at 0xc3 in for 0x766bd9a025
03-14 21:16:48.390 13208 13284 E gralloc4: Empty SMPTE 2094-40 data
03-14 21:16:48.871 13208 13208 E ArmVmp : Match on catch block at 0xc3 in for 0x766bd9a025
03-14 21:16:48.873 13208 13208 E ArmVmp : Match on catch block at 0xc3 in for 0x766bd9a025
03-14 21:16:48.879 13208 13284 E gralloc4: Empty SMPTE 2094-40 data
03-14 21:16:49.366 13208 13208 E ArmVmp : Match on catch block at 0xc3 in for 0x766bd9a025
03-14 21:16:49.369 13208 13208 E ArmVmp : Match on catch block at 0xc3 in for 0x766bd9a025
03-14 21:16:49.375 13208 13284 E gralloc4: Empty SMPTE 2094-40 data
03-14 21:16:49.869 13208 13208 E ArmVmp : Match on catch block at 0xc3 in for 0x766bd9a025
03-14 21:16:49.871 13208 13208 E ArmVmp : Match on catch block at 0xc3 in for 0x766bd9a025
03-14 21:16:49.876 13208 13284 E gralloc4: Empty SMPTE 2094-40 data
03-14 21:16:49.903 13208 13208 E ArmVmp : Match on catch block at 0xc3 in for 0x766bd9a025
03-14 21:16:49.905 13208 13208 E ArmVmp : Match on catch block at 0xc3 in for 0x766bd9a025
03-14 21:16:49.917 13208 13284 E gralloc4: Empty SMPTE 2094-40 data
03-14 21:16:49.923 13208 13208 E ArmVmp : Match on catch block at 0xc3 in for 0x766bd9a025
03-14 21:16:49.928 13208 13208 E ArmVmp : Match on catch block at 0xc3 in for 0x766bd9a025
03-14 21:16:49.939 13208 13284 E gralloc4: Empty SMPTE 2094-40 data
03-14 21:16:49.942 13208 13208 E ArmVmp : Match on catch block at 0xc3 in for 0x766bd9a025
03-14 21:16:49.948 13208 13208 E ArmVmp : Match on catch block at 0xc3 in for 0x766bd9a025
03-14 21:16:49.959 13208 13284 E gralloc4: Empty SMPTE 2094-40 data
03-14 21:16:49.961 13208 13208 E ArmVmp : Match on catch block at 0xc3 in for 0x766bd9a025
03-14 21:16:49.968 13208 13208 E ArmVmp : Match on catch block at 0xc3 in for 0x766bd9a025
03-14 21:16:49.977 13208 13284 E gralloc4: Empty SMPTE 2094-40 data
03-14 21:16:49.981 13208 13208 E ArmVmp : Match on catch block at 0xc3 in for 0x766bd9a025
03-14 21:16:49.987 13208 13208 E ArmVmp : Match on catch block at 0xc3 in for 0x766bd9a025
03-14 21:16:49.998 13208 13284 E gralloc4: Empty SMPTE 2094-40 data
03-14 21:16:49.999 13208 13208 E ArmVmp : Match on catch block at 0xc3 in for 0x766bd9a025
03-14 21:16:50.003 13208 13208 E ArmVmp : Match on catch block at 0xc3 in for 0x766bd9a025
03-14 21:16:50.010 13208 13284 E gralloc4: Empty SMPTE 2094-40 data
03-14 21:16:50.017 13208 13208 E ArmVmp : Match on catch block at 0xc3 in for 0x766bd9a025
03-14 21:16:50.022 13208 13208 E ArmVmp : Match on catch block at 0xc3 in for 0x766bd9a025
03-14 21:16:50.029 13208 13284 E gralloc4: Empty SMPTE 2094-40 data
03-14 21:16:50.031 13208 13208 E ArmVmp : Match on catch block at 0xc3 in for 0x766bd9a025
03-14 21:16:50.035 13208 13208 E ArmVmp : Match on catch block at 0xc3 in for 0x766bd9a025
03-14 21:16:50.041 13208 13284 E gralloc4: Empty SMPTE 2094-40 data
03-14 21:16:50.049 13208 13208 E ArmVmp : Match on catch block at 0xc3 in for 0x766bd9a025
03-14 21:16:50.055 13208 13208 E ArmVmp : Match on catch block at 0xc3 in for 0x766bd9a025
03-14 21:16:50.064 13208 13284 E gralloc4: Empty SMPTE 2094-40 data
03-14 21:16:50.065 13208 13208 E ArmVmp : Match on catch block at 0xc3 in for 0x766bd9a025
03-14 21:16:50.068 13208 13208 E ArmVmp : Match on catch block at 0xc3 in for 0x766bd9a025
03-14 21:16:50.074 13208 13284 E gralloc4: Empty SMPTE 2094-40 data
03-14 21:16:50.083 13208 13208 E ArmVmp : Match on catch block at 0xc3 in for 0x766bd9a025
03-14 21:16:50.089 13208 13208 E ArmVmp : Match on catch block at 0xc3 in for 0x766bd9a025
03-14 21:16:50.099 13208 13284 E gralloc4: Empty SMPTE 2094-40 data
