03-14 20:24:14.737 3088 3088 E ArmVmp : Match on catch block at 0xc3 in for 0x766bd9a025
03-14 20:24:14.740 3088 3088 E ArmVmp : Match on catch block at 0xc3 in for 0x766bd9a025
03-14 20:24:14.746 3088 4863 E gralloc4: Empty SMPTE 2094-40 data
03-14 20:24:15.236 3088 3088 E ArmVmp : Match on catch block at 0xc3 in for 0x766bd9a025
03-14 20:24:15.239 3088 3088 E ArmVmp : Match on catch block at 0xc3 in for 0x766bd9a025
03-14 20:24:15.246 3088 4863 E gralloc4: Empty SMPTE 2094-40 data
03-14 20:24:15.734 3088 3088 E ArmVmp : Match on catch block at 0xc3 in for 0x766bd9a025
03-14 20:24:15.736 3088 3088 E ArmVmp : Match on catch block at 0xc3 in for 0x766bd9a025
03-14 20:24:15.743 3088 4863 E gralloc4: Empty SMPTE 2094-40 data
03-14 20:24:16.249 3088 3088 E ArmVmp : Match on catch block at 0xc3 in for 0x766bd9a025
03-14 20:24:16.251 3088 3088 E ArmVmp : Match on catch block at 0xc3 in for 0x766bd9a025
03-14 20:24:16.255 3088 4863 E gralloc4: Empty SMPTE 2094-40 data
03-14 20:24:16.316 3088 3088 E ArmVmp : Match on catch block at 0xc3 in for 0x766bd9a025
03-14 20:24:16.318 3088 3088 E ArmVmp : Match on catch block at 0xc3 in for 0x766bd9a025
03-14 20:24:16.324 3088 4863 E gralloc4: Empty SMPTE 2094-40 data
03-14 20:24:16.336 3088 3088 E ArmVmp : Match on catch block at 0xc3 in for 0x766bd9a025
03-14 20:24:16.344 3088 3088 E ArmVmp : Match on catch block at 0xc3 in for 0x766bd9a025
03-14 20:24:16.349 3088 3088 E ArmVmp : Match on catch block at 0xc3 in for 0x766bd9a025
03-14 20:24:16.350 3088 4863 E gralloc4: Empty SMPTE 2094-40 data
03-14 20:24:16.352 3088 3088 E ArmVmp : Match on catch block at 0xc3 in for 0x766bd9a025
03-14 20:24:16.366 3088 4863 E gralloc4: Empty SMPTE 2094-40 data
03-14 20:24:16.368 3088 3088 E ArmVmp : Match on catch block at 0xc3 in for 0x766bd9a025
03-14 20:24:16.377 3088 3088 E ArmVmp : Match on catch block at 0xc3 in for 0x766bd9a025
03-14 20:24:16.384 3088 3088 E ArmVmp : Match on catch block at 0xc3 in for 0x766bd9a025
03-14 20:24:16.386 3088 4863 E gralloc4: Empty SMPTE 2094-40 data
03-14 20:24:16.390 3088 3088 E ArmVmp : Match on catch block at 0xc3 in for 0x766bd9a025
03-14 20:24:16.400 3088 3088 E ArmVmp : Match on catch block at 0xc3 in for 0x766bd9a025
03-14 20:24:16.401 3088 4863 E gralloc4: Empty SMPTE 2094-40 data
03-14 20:24:16.407 3088 3088 E ArmVmp : Match on catch block at 0xc3 in for 0x766bd9a025
03-14 20:24:16.415 3088 3088 E ArmVmp : Match on catch block at 0xc3 in for 0x766bd9a025
03-14 20:24:16.415 3088 4863 E gralloc4: Empty SMPTE 2094-40 data
03-14 20:24:16.422 3088 3088 E ArmVmp : Match on catch block at 0xc3 in for 0x766bd9a025
03-14 20:24:16.434 3088 3088 E ArmVmp : Match on catch block at 0xc3 in for 0x766bd9a025
03-14 20:24:16.435 3088 4863 E gralloc4: Empty SMPTE 2094-40 data
03-14 20:24:16.442 3088 3088 E ArmVmp : Match on catch block at 0xc3 in for 0x766bd9a025
03-14 20:24:16.448 3088 3088 E ArmVmp : Match on catch block at 0xc3 in for 0x766bd9a025
03-14 20:24:16.451 3088 4863 E gralloc4: Empty SMPTE 2094-40 data
03-14 20:24:16.452 3088 3088 E ArmVmp : Match on catch block at 0xc3 in for 0x766bd9a025
03-14 20:24:16.463 3088 4863 E gralloc4: Empty SMPTE 2094-40 data
03-14 20:24:16.466 3088 3088 E ArmVmp : Match on catch block at 0xc3 in for 0x766bd9a025
03-14 20:24:16.470 3088 3088 E ArmVmp : Match on catch block at 0xc3 in for 0x766bd9a025
03-14 20:24:16.477 3088 4863 E gralloc4: Empty SMPTE 2094-40 data
03-14 20:24:16.481 3088 3088 E ArmVmp : Match on catch block at 0xc3 in for 0x766bd9a025
03-14 20:24:16.484 3088 3088 E ArmVmp : Match on catch block at 0xc3 in for 0x766bd9a025
03-14 20:24:16.491 3088 4863 E gralloc4: Empty SMPTE 2094-40 data
03-14 20:24:16.497 3088 3088 E ArmVmp : Match on catch block at 0xc3 in for 0x766bd9a025
03-14 20:24:16.500 3088 3088 E ArmVmp : Match on catch block at 0xc3 in for 0x766bd9a025
03-14 20:24:16.505 3088 4863 E gralloc4: Empty SMPTE 2094-40 data
03-14 20:24:16.514 3088 3088 E ArmVmp : Match on catch block at 0xc3 in for 0x766bd9a025
03-14 20:24:16.517 3088 3088 E ArmVmp : Match on catch block at 0xc3 in for 0x766bd9a025
03-14 20:24:16.523 3088 4863 E gralloc4: Empty SMPTE 2094-40 data
03-14 20:24:16.531 3088 3088 E ArmVmp : Match on catch block at 0xc3 in for 0x766bd9a025
03-14 20:24:16.534 3088 3088 E ArmVmp : Match on catch block at 0xc3 in for 0x766bd9a025
03-14 20:24:16.540 3088 4863 E gralloc4: Empty SMPTE 2094-40 data
03-14 20:24:16.547 3088 3088 E ArmVmp : Match on catch block at 0xc3 in for 0x766bd9a025
03-14 20:24:16.551 3088 3088 E ArmVmp : Match on catch block at 0xc3 in for 0x766bd9a025
03-14 20:24:16.557 3088 4863 E gralloc4: Empty SMPTE 2094-40 data
03-14 20:24:16.564 3088 3088 E ArmVmp : Match on catch block at 0xc3 in for 0x766bd9a025
03-14 20:24:16.567 3088 3088 E ArmVmp : Match on catch block at 0xc3 in for 0x766bd9a025
03-14 20:24:16.572 3088 4863 E gralloc4: Empty SMPTE 2094-40 data
03-14 20:24:16.747 3088 3088 E ArmVmp : Match on catch block at 0xc3 in for 0x766bd9a025
03-14 20:24:16.750 3088 3088 E ArmVmp : Match on catch block at 0xc3 in for 0x766bd9a025
03-14 20:24:16.756 3088 4863 E gralloc4: Empty SMPTE 2094-40 data
03-14 20:24:17.243 3088 3088 E ArmVmp : Match on catch block at 0xc3 in for 0x766bd9a025
03-14 20:24:17.245 3088 3088 E ArmVmp : Match on catch block at 0xc3 in for 0x766bd9a025
03-14 20:24:17.252 3088 4863 E gralloc4: Empty SMPTE 2094-40 data
03-14 20:24:17.743 3088 3088 E ArmVmp : Match on catch block at 0xc3 in for 0x766bd9a025
03-14 20:24:17.746 3088 3088 E ArmVmp : Match on catch block at 0xc3 in for 0x766bd9a025
03-14 20:24:17.753 3088 4863 E gralloc4: Empty SMPTE 2094-40 data
03-14 20:24:18.240 3088 3088 E ArmVmp : Match on catch block at 0xc3 in for 0x766bd9a025
03-14 20:24:18.243 3088 3088 E ArmVmp : Match on catch block at 0xc3 in for 0x766bd9a025
03-14 20:24:18.249 3088 4863 E gralloc4: Empty SMPTE 2094-40 data
03-14 20:24:18.520 3088 3088 E ArmVmp : Match on catch block at 0xc3 in for 0x766bd9a025
03-14 20:24:18.522 3088 3088 E ArmVmp : Match on catch block at 0xc3 in for 0x766bd9a025
03-14 20:24:18.530 3088 3088 E ArmVmp : Match on catch block at 0xc3 in for 0x766bd9a025
03-14 20:24:18.532 3088 4863 E gralloc4: Empty SMPTE 2094-40 data
03-14 20:24:18.534 3088 3088 E ArmVmp : Match on catch block at 0xc3 in for 0x766bd9a025
03-14 20:24:18.547 3088 4863 E gralloc4: Empty SMPTE 2094-40 data
03-14 20:24:18.755 3088 3088 E ArmVmp : Match on catch block at 0xc3 in for 0x766bd9a025
03-14 20:24:18.757 3088 3088 E ArmVmp : Match on catch block at 0xc3 in for 0x766bd9a025
03-14 20:24:18.775 3088 4863 E gralloc4: Empty SMPTE 2094-40 data
03-14 20:24:18.811 3088 3088 E ArmVmp : Match on catch block at 0xc3 in for 0x766bd9a025
03-14 20:24:18.813 3088 3088 E ArmVmp : Match on catch block at 0xc3 in for 0x766bd9a025
03-14 20:24:18.820 3088 4863 E gralloc4: Empty SMPTE 2094-40 data
03-14 20:24:18.822 3088 3088 E ArmVmp : Match on catch block at 0xc3 in for 0x766bd9a025
03-14 20:24:18.825 3088 3088 E ArmVmp : Match on catch block at 0xc3 in for 0x766bd9a025
03-14 20:24:18.831 3088 4863 E gralloc4: Empty SMPTE 2094-40 data
03-14 20:24:18.927 3088 3088 E ArmVmp : Match on catch block at 0xc3 in for 0x766bd9a025
03-14 20:24:18.931 3088 3088 E ArmVmp : Match on catch block at 0xc3 in for 0x766bd9a025
03-14 20:24:18.942 3088 4863 E gralloc4: Empty SMPTE 2094-40 data
03-14 20:24:19.000 3088 3088 W com.mbwhatsapp: Method void com.mbwhatsapp.HomeActivity.A6e() failed lock verification and will run slower.
03-14 20:24:19.321 3088 3088 E ArmVmp : Match on catch block at 0x0a in for 0x766bd9a031
03-14 20:24:19.342 3088 3088 E ArmVmp : Match on catch block at 0x0a in for 0x766bd9a04d
03-14 20:24:19.380 3088 3088 W Activity: Can request only one set of permissions at a time
03-14 20:24:19.396 3088 5053 W com.mbwhatsapp: Accessing hidden method Lcom/android/org/conscrypt/ConscryptEngineSocket;->setUseSessionTickets(Z)V (max- target-q,core-platform-api, reflection, denied)
03-14 20:24:19.396 3088 5053 W com.mbwhatsapp: Accessing hidden method Lcom/android/org/conscrypt/OpenSSLSocketImpl;->setUseSessionTickets(Z)V (max- target-q,core-platform-api, reflection, denied)
03-14 20:24:19.396 3088 5053 W com.mbwhatsapp: Accessing hidden method Lcom/android/org/conscrypt/AbstractConscryptSocket;->setUseSessionTickets(Z)V (max- target-q, reflection, denied)
03-14 20:24:19.396 3088 5053 W com.mbwhatsapp: Accessing hidden method Lcom/android/org/conscrypt/ConscryptEngineSocket;->setHostname(Ljava/lang/String;)V (max-target-q,core-platform-api, reflection, denied)
03-14 20:24:19.396 3088 5053 W com.mbwhatsapp: Accessing hidden method Lcom/android/org/conscrypt/OpenSSLSocketImpl;->setHostname(Ljava/lang/String;)V (max-target-q,core-platform-api, reflection, denied)
03-14 20:24:19.396 3088 5053 W com.mbwhatsapp: Accessing hidden method Lcom/android/org/conscrypt/AbstractConscryptSocket;->setHostname(Ljava/lang/ String;)V (max-target-q, reflection, denied)
03-14 20:24:19.396 3088 5053 W com.mbwhatsapp: Accessing hidden method Lcom/android/org/conscrypt/OpenSSLSocketImpl;->setAlpnProtocols([B)V (max-target- q,core-platform-api, reflection, denied)
03-14 20:24:19.396 3088 5053 W com.mbwhatsapp: Accessing hidden method Lcom/android/org/conscrypt/AbstractConscryptSocket;->setAlpnProtocols([B)V (max- target-q, reflection, denied)
03-14 20:24:19.466 3088 3088 E FileUtils: err write to mi_exception_log
03-14 20:24:19.466 3088 3088 E FileUtils: err write to mi_exception_log
03-14 20:24:19.467 3088 3088 E ArmVmp : Match on catch block at 0xc3 in for 0x766bd9a025
03-14 20:24:19.470 3088 3088 E ArmVmp : Match on catch block at 0xc3 in for 0x766bd9a025
03-14 20:24:19.489 3088 4863 E gralloc4: Empty SMPTE 2094-40 data
03-14 20:24:19.607 3088 4877 W LOTTIE : Animation contains merge paths. Merge paths are only supported on KitKat+ and must be manually enabled by calling enableMergePathsForKitKatAndAbove().
03-14 20:24:19.716 3088 3255 E FileUtils: err open mi_exception_log errno=2
03-14 20:24:19.716 3088 3255 E FileUtils: err write to mi_exception_log
03-14 20:24:20.043 3088 5053 W com.mbwhatsapp: Accessing hidden method Lcom/android/org/conscrypt/OpenSSLSocketImpl;->getAlpnSelectedProtocol()[B (max- target-q,core-platform-api, reflection, denied)
03-14 20:24:20.043 3088 5053 W com.mbwhatsapp: Accessing hidden method Lcom/android/org/conscrypt/AbstractConscryptSocket;->getAlpnSelectedProtocol()[B (max-target-q, reflection, denied)
03-14 20:24:20.101 3088 4863 E gralloc4: Empty SMPTE 2094-40 data
03-14 20:24:20.103 3088 4863 W Parcel : Expecting binder but got null!
03-14 20:24:20.103 3088 3088 E FileUtils: err write to mi_exception_log
03-14 20:24:20.103 3088 3088 E FileUtils: err write to mi_exception_log
03-14 20:24:20.109 3088 3088 E FileUtils: err write to mi_exception_log
03-14 20:24:20.120 3088 3088 E FileUtils: err write to mi_exception_log
03-14 20:24:20.145 3088 3088 E ArmVmp : Match on catch block at 0xc3 in for 0x766bd9a025
03-14 20:24:20.150 3088 3088 E ArmVmp : Match on catch block at 0xc3 in for 0x766bd9a025
03-14 20:24:20.159 3088 4863 E gralloc4: Empty SMPTE 2094-40 data
03-14 20:24:20.177 3088 3088 E FileUtils: err write to mi_exception_log
03-14 20:24:20.178 3088 3088 E FileUtils: err write to mi_exception_log
03-14 20:24:20.183 3088 4863 E gralloc4: Empty SMPTE 2094-40 data
03-14 20:24:20.199 3088 3088 W LOTTIE : Animation contains merge paths but they are disabled.
03-14 20:24:20.212 3088 3088 E ArmVmp : Match on catch block at 0x0a in for 0x766bd9a035
03-14 20:24:20.222 3088 3088 E FileUtils: err write to mi_exception_log
03-14 20:24:20.294 3088 4863 E gralloc4: Empty SMPTE 2094-40 data
03-14 20:24:20.311 3088 3088 E BinderMonitor: err open binder_delay errno=2
03-14 20:24:20.311 3088 3088 E FileUtils: err write to mi_exception_log
03-14 20:24:20.400 3088 3088 E FileUtils: err write to mi_exception_log
03-14 20:24:20.410 3088 4863 E gralloc4: Empty SMPTE 2094-40 data
03-14 20:24:20.471 3088 4863 E gralloc4: Empty SMPTE 2094-40 data
03-14 20:24:20.497 3088 4863 E gralloc4: Empty SMPTE 2094-40 data
03-14 20:24:20.525 3088 4863 E gralloc4: Empty SMPTE 2094-40 data
03-14 20:24:20.526 3088 5072 E ion : ioctl c0044901 failed with code -1: Invalid argument
03-14 20:24:20.524 3088 3088 W MessageThumbsTh: type=1400 audit(0.0:77203005): avc: denied { search } for name="ppm" dev="proc" ino=4026531934 scontext=u:r:untrusted_app:s0:c127,c257,c512,c768 tcontext=u:object_r:proc_ppm:s0 tclass=dir permissive=0 app=com.mbwhatsapp
03-14 20:24:20.528 3088 3088 W MessageThumbsTh: type=1400 audit(0.0:77203006): avc: denied { search } for name="ppm" dev="proc" ino=4026531934 scontext=u:r:untrusted_app:s0:c127,c257,c512,c768 tcontext=u:object_r:proc_ppm:s0 tclass=dir permissive=0 app=com.mbwhatsapp
03-14 20:24:20.548 3088 4863 E gralloc4: Empty SMPTE 2094-40 data
03-14 20:24:20.557 3088 4863 E gralloc4: Empty SMPTE 2094-40 data
03-14 20:24:20.567 3088 4863 E gralloc4: Empty SMPTE 2094-40 data
03-14 20:24:20.573 3088 4863 E gralloc4: Empty SMPTE 2094-40 data
03-14 20:24:20.593 3088 4863 E gralloc4: Empty SMPTE 2094-40 data
03-14 20:24:20.611 3088 4863 E gralloc4: Empty SMPTE 2094-40 data
03-14 20:24:20.628 3088 4863 E gralloc4: Empty SMPTE 2094-40 data
03-14 20:24:20.635 3088 4863 E gralloc4: Empty SMPTE 2094-40 data
03-14 20:24:20.651 3088 4863 E gralloc4: Empty SMPTE 2094-40 data
03-14 20:24:20.667 3088 4863 E gralloc4: Empty SMPTE 2094-40 data
03-14 20:24:20.683 3088 4863 E gralloc4: Empty SMPTE 2094-40 data
03-14 20:24:20.699 3088 4863 E gralloc4: Empty SMPTE 2094-40 data
03-14 20:24:20.726 3088 4863 E gralloc4: Empty SMPTE 2094-40 data
03-14 20:24:20.733 3088 4863 E gralloc4: Empty SMPTE 2094-40 data
03-14 20:24:20.750 3088 4863 E gralloc4: Empty SMPTE 2094-40 data
03-14 20:24:21.884 3088 4863 E gralloc4: Empty SMPTE 2094-40 data
03-14 20:24:21.898 3088 4863 E gralloc4: Empty SMPTE 2094-40 data
03-14 20:24:21.914 3088 4863 E gralloc4: Empty SMPTE 2094-40 data
03-14 20:24:21.931 3088 4863 E gralloc4: Empty SMPTE 2094-40 data
03-14 20:24:21.947 3088 4863 E gralloc4: Empty SMPTE 2094-40 data
03-14 20:24:21.964 3088 4863 E gralloc4: Empty SMPTE 2094-40 data
03-14 20:24:21.981 3088 4863 E gralloc4: Empty SMPTE 2094-40 data
03-14 20:24:21.997 3088 4863 E gralloc4: Empty SMPTE 2094-40 data
03-14 20:24:22.014 3088 4863 E gralloc4: Empty SMPTE 2094-40 data
03-14 20:24:22.031 3088 4863 E gralloc4: Empty SMPTE 2094-40 data
03-14 20:24:22.047 3088 4863 E gralloc4: Empty SMPTE 2094-40 data
03-14 20:24:22.064 3088 4863 E gralloc4: Empty SMPTE 2094-40 data
03-14 20:24:22.080 3088 4863 E gralloc4: Empty SMPTE 2094-40 data
03-14 20:24:22.098 3088 4863 E gralloc4: Empty SMPTE 2094-40 data
03-14 20:24:22.114 3088 4863 E gralloc4: Empty SMPTE 2094-40 data
03-14 20:24:22.131 3088 4863 E gralloc4: Empty SMPTE 2094-40 data
03-14 20:24:22.149 3088 4863 E gralloc4: Empty SMPTE 2094-40 data
03-14 20:24:24.213 3088 4863 E gralloc4: Empty SMPTE 2094-40 data
03-14 20:24:24.226 3088 4863 E gralloc4: Empty SMPTE 2094-40 data
03-14 20:24:24.243 3088 4863 E gralloc4: Empty SMPTE 2094-40 data
03-14 20:24:24.260 3088 4863 E gralloc4: Empty SMPTE 2094-40 data
03-14 20:24:24.276 3088 4863 E gralloc4: Empty SMPTE 2094-40 data
03-14 20:24:24.290 3088 4863 E gralloc4: Empty SMPTE 2094-40 data
03-14 20:24:24.306 3088 4863 E gralloc4: Empty SMPTE 2094-40 data
03-14 20:24:24.323 3088 4863 E gralloc4: Empty SMPTE 2094-40 data
03-14 20:24:24.340 3088 4863 E gralloc4: Empty SMPTE 2094-40 data
03-14 20:24:24.356 3088 4863 E gralloc4: Empty SMPTE 2094-40 data
03-14 20:24:24.373 3088 4863 E gralloc4: Empty SMPTE 2094-40 data
03-14 20:24:24.385 3088 3088 E ArmVmp : Match on catch block at 0x0a in for 0x766bd9a035
03-14 20:24:24.388 3088 3088 E ArmVmp : Match on catch block at 0x0a in for 0x766bd9a035
03-14 20:24:24.390 3088 4863 E gralloc4: Empty SMPTE 2094-40 data
03-14 20:24:24.406 3088 4863 E gralloc4: Empty SMPTE 2094-40 data
03-14 20:24:24.423 3088 3088 E FileUtils: err write to mi_exception_log
03-14 20:24:24.423 3088 4863 E gralloc4: Empty SMPTE 2094-40 data
03-14 20:24:24.440 3088 4863 E gralloc4: Empty SMPTE 2094-40 data
03-14 20:24:24.456 3088 4863 E gralloc4: Empty SMPTE 2094-40 data
03-14 20:24:24.473 3088 4863 E gralloc4: Empty SMPTE 2094-40 data
03-14 20:24:24.489 3088 4863 E gralloc4: Empty SMPTE 2094-40 data
03-14 20:24:24.496 3088 3088 W pool-12-thread-: type=1400 audit(0.0:77203007): avc: granted { execute } for path="/data/data/com.mbwhatsapp/files/decompressed/libs.spk.zst/libgifimage.so" dev="dm-41" ino=254165 scontext=u:r:untrusted_app:s0:c127,c257,c512,c768 tcontext=u:object_r:app_data_file:s0:c127,c257,c512,c768 tclass=file app=com.mbwhatsapp
03-14 20:24:24.506 3088 4863 E gralloc4: Empty SMPTE 2094-40 data
03-14 20:24:24.522 3088 4863 E gralloc4: Empty SMPTE 2094-40 data
03-14 20:24:24.539 3088 4863 E gralloc4: Empty SMPTE 2094-40 data
03-14 20:24:24.554 3088 3088 E ArmVmp : Match on catch block at 0xc3 in for 0x766bd9a021
03-14 20:24:24.556 3088 4863 E gralloc4: Empty SMPTE 2094-40 data
03-14 20:24:24.557 3088 3088 E ArmVmp : Match on catch block at 0xc3 in for 0x766bd9a021
03-14 20:24:24.559 3088 3088 E ArmVmp : Match on catch block at 0xc3 in for 0x766bd9a021
03-14 20:24:24.603 3088 4863 E gralloc4: Empty SMPTE 2094-40 data
03-14 20:24:24.604 3088 4863 W Parcel : Expecting binder but got null!
03-14 20:24:24.608 3088 4863 E gralloc4: Empty SMPTE 2094-40 data
03-14 20:24:24.609 3088 3088 E FileUtils: err write to mi_exception_log
03-14 20:24:24.635 3088 3088 E ArmVmp : Match on catch block at 0xc3 in for 0x766bd9a025
03-14 20:24:24.640 3088 3088 E ArmVmp : Match on catch block at 0xc3 in for 0x766bd9a025
03-14 20:24:24.642 3088 3088 E ArmVmp : Match on catch block at 0xc3 in for 0x766bd9a025
03-14 20:24:24.659 3088 4863 E gralloc4: Empty SMPTE 2094-40 data
03-14 20:24:24.666 3088 4863 E gralloc4: Empty SMPTE 2094-40 data
03-14 20:24:24.690 3088 4863 E gralloc4: Empty SMPTE 2094-40 data
03-14 20:24:24.691 3088 3088 E ArmVmp : Match on catch block at 0xc3 in for 0x766bd9a025
03-14 20:24:24.694 3088 3088 E ArmVmp : Match on catch block at 0xc3 in for 0x766bd9a025
03-14 20:24:24.695 3088 3088 E ArmVmp : Match on catch block at 0xc3 in for 0x766bd9a025
03-14 20:24:24.709 3088 4863 E gralloc4: Empty SMPTE 2094-40 data
03-14 20:24:24.718 3088 4863 E gralloc4: Empty SMPTE 2094-40 data
03-14 20:24:24.734 3088 3088 E ArmVmp : Match on catch block at 0xc3 in for 0x766bd9a025
03-14 20:24:24.740 3088 3088 E ArmVmp : Match on catch block at 0xc3 in for 0x766bd9a025
03-14 20:24:24.742 3088 3088 E ArmVmp : Match on catch block at 0xc3 in for 0x766bd9a025
03-14 20:24:24.743 3088 4863 E gralloc4: Empty SMPTE 2094-40 data
03-14 20:24:24.758 3088 4863 E gralloc4: Empty SMPTE 2094-40 data
03-14 20:24:24.763 3088 3088 E ArmVmp : Match on catch block at 0xc3 in for 0x766bd9a025
03-14 20:24:24.766 3088 4863 E gralloc4: Empty SMPTE 2094-40 data
03-14 20:24:24.767 3088 3088 E ArmVmp : Match on catch block at 0xc3 in for 0x766bd9a025
03-14 20:24:24.770 3088 3088 E ArmVmp : Match on catch block at 0xc3 in for 0x766bd9a025
03-14 20:24:24.772 3088 4038 W com.mbwhatsapp: Accessing hidden method Landroid/app/MiuiNotification;-><init>()V (blocked, reflection, denied)
03-14 20:24:24.779 3088 4863 E gralloc4: Empty SMPTE 2094-40 data
03-14 20:24:24.792 3088 4863 E gralloc4: Empty SMPTE 2094-40 data
03-14 20:24:24.799 3088 3088 E ArmVmp : Match on catch block at 0xc3 in for 0x766bd9a025
03-14 20:24:24.801 3088 3088 E ArmVmp : Match on catch block at 0xc3 in for 0x766bd9a025
03-14 20:24:24.803 3088 3088 E ArmVmp : Match on catch block at 0xc3 in for 0x766bd9a025
03-14 20:24:24.808 3088 4863 E gralloc4: Empty SMPTE 2094-40 data
03-14 20:24:24.811 3088 3088 E ArmVmp : Match on catch block at 0xc3 in for 0x766bd9a025
03-14 20:24:24.814 3088 4863 E gralloc4: Empty SMPTE 2094-40 data
03-14 20:24:24.815 3088 3088 E ArmVmp : Match on catch block at 0xc3 in for 0x766bd9a025
03-14 20:24:24.816 3088 3088 E ArmVmp : Match on catch block at 0xc3 in for 0x766bd9a025
03-14 20:24:24.823 3088 4863 E gralloc4: Empty SMPTE 2094-40 data
03-14 20:24:24.825 3088 3088 E ArmVmp : Match on catch block at 0xc3 in for 0x766bd9a025
03-14 20:24:24.827 3088 4863 E gralloc4: Empty SMPTE 2094-40 data
03-14 20:24:24.830 3088 3088 E ArmVmp : Match on catch block at 0xc3 in for 0x766bd9a025
03-14 20:24:24.831 3088 3088 E ArmVmp : Match on catch block at 0xc3 in for 0x766bd9a025
03-14 20:24:24.835 3088 3088 E ArmVmp : Match on catch block at 0xc3 in for 0x766bd9a025
03-14 20:24:24.839 3088 4863 E gralloc4: Empty SMPTE 2094-40 data
03-14 20:24:24.841 3088 3088 E ArmVmp : Match on catch block at 0xc3 in for 0x766bd9a025
03-14 20:24:24.842 3088 3088 E ArmVmp : Match on catch block at 0xc3 in for 0x766bd9a025
03-14 20:24:24.848 3088 4863 E gralloc4: Empty SMPTE 2094-40 data
03-14 20:24:24.853 3088 4863 E gralloc4: Empty SMPTE 2094-40 data
03-14 20:24:24.857 3088 4863 E gralloc4: Empty SMPTE 2094-40 data
03-14 20:24:24.889 3088 4863 E gralloc4: Empty SMPTE 2094-40 data
03-14 20:24:24.905 3088 4863 E gralloc4: Empty SMPTE 2094-40 data
03-14 20:24:24.919 3088 4863 E gralloc4: Empty SMPTE 2094-40 data
03-14 20:24:24.943 3088 4863 E gralloc4: Empty SMPTE 2094-40 data
03-14 20:24:24.959 3088 4863 E gralloc4: Empty SMPTE 2094-40 data
03-14 20:24:24.972 3088 4863 E gralloc4: Empty SMPTE 2094-40 data
03-14 20:24:24.993 3088 4863 E gralloc4: Empty SMPTE 2094-40 data
03-14 20:24:25.006 3088 4863 E gralloc4: Empty SMPTE 2094-40 data
03-14 20:24:25.026 3088 4863 E gralloc4: Empty SMPTE 2094-40 data
03-14 20:24:25.030 3088 4038 W com.mbwhatsapp: Accessing hidden method Landroid/app/MiuiNotification;-><init>()V (blocked, reflection, denied)
03-14 20:24:25.044 3088 4863 E gralloc4: Empty SMPTE 2094-40 data
03-14 20:24:25.053 3088 4863 E gralloc4: Empty SMPTE 2094-40 data
03-14 20:24:25.070 3088 4863 E gralloc4: Empty SMPTE 2094-40 data
03-14 20:24:25.231 3088 3088 E ArmVmp : Match on catch block at 0xc3 in for 0x766bd9a025
03-14 20:24:25.236 3088 3088 E ArmVmp : Match on catch block at 0xc3 in for 0x766bd9a025
03-14 20:24:25.238 3088 3088 E ArmVmp : Match on catch block at 0xc3 in for 0x766bd9a025
03-14 20:24:25.244 3088 4863 E gralloc4: Empty SMPTE 2094-40 data
03-14 20:24:25.248 3088 3088 E ArmVmp : Match on catch block at 0xc3 in for 0x766bd9a025
03-14 20:24:25.251 3088 3088 E ArmVmp : Match on catch block at 0xc3 in for 0x766bd9a025
03-14 20:24:25.252 3088 3088 E ArmVmp : Match on catch block at 0xc3 in for 0x766bd9a025
03-14 20:24:25.258 3088 4863 E gralloc4: Empty SMPTE 2094-40 data
03-14 20:24:25.264 3088 3088 E ArmVmp : Match on catch block at 0xc3 in for 0x766bd9a025
03-14 20:24:25.267 3088 3088 E ArmVmp : Match on catch block at 0xc3 in for 0x766bd9a025
03-14 20:24:25.268 3088 3088 E ArmVmp : Match on catch block at 0xc3 in for 0x766bd9a025
03-14 20:24:25.275 3088 4863 E gralloc4: Empty SMPTE 2094-40 data
03-14 20:24:25.281 3088 3088 E ArmVmp : Match on catch block at 0xc3 in for 0x766bd9a025
03-14 20:24:25.284 3088 3088 E ArmVmp : Match on catch block at 0xc3 in for 0x766bd9a025
03-14 20:24:25.286 3088 3088 E ArmVmp : Match on catch block at 0xc3 in for 0x766bd9a025
03-14 20:24:25.292 3088 4863 E gralloc4: Empty SMPTE 2094-40 data
03-14 20:24:25.298 3088 3088 E ArmVmp : Match on catch block at 0xc3 in for 0x766bd9a025
03-14 20:24:25.301 3088 3088 E ArmVmp : Match on catch block at 0xc3 in for 0x766bd9a025
03-14 20:24:25.303 3088 3088 E ArmVmp : Match on catch block at 0xc3 in for 0x766bd9a025
03-14 20:24:25.306 3088 4863 E gralloc4: Empty SMPTE 2094-40 data
03-14 20:24:25.314 3088 3088 E ArmVmp : Match on catch block at 0xc3 in for 0x766bd9a025
03-14 20:24:25.317 3088 3088 E ArmVmp : Match on catch block at 0xc3 in for 0x766bd9a025
03-14 20:24:25.319 3088 3088 E ArmVmp : Match on catch block at 0xc3 in for 0x766bd9a025
03-14 20:24:25.322 3088 4863 E gralloc4: Empty SMPTE 2094-40 data
03-14 20:24:25.331 3088 3088 E ArmVmp : Match on catch block at 0xc3 in for 0x766bd9a025
03-14 20:24:25.334 3088 3088 E ArmVmp : Match on catch block at 0xc3 in for 0x766bd9a025
03-14 20:24:25.336 3088 3088 E ArmVmp : Match on catch block at 0xc3 in for 0x766bd9a025
03-14 20:24:25.340 3088 4863 E gralloc4: Empty SMPTE 2094-40 data
03-14 20:24:25.347 3088 3088 E ArmVmp : Match on catch block at 0xc3 in for 0x766bd9a025
03-14 20:24:25.350 3088 3088 E ArmVmp : Match on catch block at 0xc3 in for 0x766bd9a025
03-14 20:24:25.352 3088 3088 E ArmVmp : Match on catch block at 0xc3 in for 0x766bd9a025
03-14 20:24:25.355 3088 4863 E gralloc4: Empty SMPTE 2094-40 data
03-14 20:24:25.364 3088 3088 E ArmVmp : Match on catch block at 0xc3 in for 0x766bd9a025
03-14 20:24:25.367 3088 3088 E ArmVmp : Match on catch block at 0xc3 in for 0x766bd9a025
03-14 20:24:25.369 3088 3088 E ArmVmp : Match on catch block at 0xc3 in for 0x766bd9a025
03-14 20:24:25.372 3088 4863 E gralloc4: Empty SMPTE 2094-40 data
03-14 20:24:25.380 3088 3088 E ArmVmp : Match on catch block at 0xc3 in for 0x766bd9a025
03-14 20:24:25.384 3088 3088 E ArmVmp : Match on catch block at 0xc3 in for 0x766bd9a025
03-14 20:24:25.386 3088 3088 E ArmVmp : Match on catch block at 0xc3 in for 0x766bd9a025
03-14 20:24:25.390 3088 4863 E gralloc4: Empty SMPTE 2094-40 data
03-14 20:24:25.397 3088 3088 E ArmVmp : Match on catch block at 0xc3 in for 0x766bd9a025
03-14 20:24:25.401 3088 3088 E ArmVmp : Match on catch block at 0xc3 in for 0x766bd9a025
03-14 20:24:25.403 3088 3088 E ArmVmp : Match on catch block at 0xc3 in for 0x766bd9a025
03-14 20:24:25.407 3088 4863 E gralloc4: Empty SMPTE 2094-40 data
03-14 20:24:25.413 3088 3088 E ArmVmp : Match on catch block at 0xc3 in for 0x766bd9a025
03-14 20:24:25.416 3088 3088 E ArmVmp : Match on catch block at 0xc3 in for 0x766bd9a025
03-14 20:24:25.419 3088 3088 E ArmVmp : Match on catch block at 0xc3 in for 0x766bd9a025
03-14 20:24:25.422 3088 4863 E gralloc4: Empty SMPTE 2094-40 data
03-14 20:24:25.431 3088 3088 E ArmVmp : Match on catch block at 0xc3 in for 0x766bd9a025
03-14 20:24:25.434 3088 3088 E ArmVmp : Match on catch block at 0xc3 in for 0x766bd9a025
03-14 20:24:25.435 3088 3088 E ArmVmp : Match on catch block at 0xc3 in for 0x766bd9a025
03-14 20:24:25.440 3088 4863 E gralloc4: Empty SMPTE 2094-40 data
03-14 20:24:25.447 3088 3088 E ArmVmp : Match on catch block at 0xc3 in for 0x766bd9a025
03-14 20:24:25.449 3088 3088 E ArmVmp : Match on catch block at 0xc3 in for 0x766bd9a025
03-14 20:24:25.451 3088 3088 E ArmVmp : Match on catch block at 0xc3 in for 0x766bd9a025
03-14 20:24:25.454 3088 4863 E gralloc4: Empty SMPTE 2094-40 data
03-14 20:24:25.467 3088 3088 E ArmVmp : Match on catch block at 0xc3 in for 0x766bd9a025
03-14 20:24:25.470 3088 3088 E ArmVmp : Match on catch block at 0xc3 in for 0x766bd9a025
03-14 20:24:25.471 3088 3088 E ArmVmp : Match on catch block at 0xc3 in for 0x766bd9a025
03-14 20:24:25.474 3088 4863 E gralloc4: Empty SMPTE 2094-40 data
03-14 20:24:25.480 3088 3088 E ArmVmp : Match on catch block at 0xc3 in for 0x766bd9a025
03-14 20:24:25.483 3088 3088 E ArmVmp : Match on catch block at 0xc3 in for 0x766bd9a025
03-14 20:24:25.484 3088 3088 E ArmVmp : Match on catch block at 0xc3 in for 0x766bd9a025
03-14 20:24:25.498 3088 3088 E ArmVmp : Match on catch block at 0xc3 in for 0x766bd9a025
03-14 20:24:25.501 3088 3088 E ArmVmp : Match on catch block at 0xc3 in for 0x766bd9a025
03-14 20:24:25.503 3088 4863 E gralloc4: Empty SMPTE 2094-40 data
03-14 20:24:25.503 3088 3088 E ArmVmp : Match on catch block at 0xc3 in for 0x766bd9a025
03-14 20:24:25.508 3088 4863 E gralloc4: Empty SMPTE 2094-40 data
03-14 20:24:25.513 3088 3088 E ArmVmp : Match on catch block at 0xc3 in for 0x766bd9a025
03-14 20:24:25.515 3088 3088 E ArmVmp : Match on catch block at 0xc3 in for 0x766bd9a025
03-14 20:24:25.516 3088 3088 E ArmVmp : Match on catch block at 0xc3 in for 0x766bd9a025
03-14 20:24:25.521 3088 4863 E gralloc4: Empty SMPTE 2094-40 data
03-14 20:24:25.530 3088 3088 E ArmVmp : Match on catch block at 0xc3 in for 0x766bd9a025
03-14 20:24:25.532 3088 3088 E ArmVmp : Match on catch block at 0xc3 in for 0x766bd9a025
03-14 20:24:25.533 3088 3088 E ArmVmp : Match on catch block at 0xc3 in for 0x766bd9a025
03-14 20:24:25.539 3088 4863 E gralloc4: Empty SMPTE 2094-40 data
03-14 20:24:25.546 3088 3088 E ArmVmp : Match on catch block at 0xc3 in for 0x766bd9a025
03-14 20:24:25.548 3088 3088 E ArmVmp : Match on catch block at 0xc3 in for 0x766bd9a025
03-14 20:24:25.550 3088 3088 E ArmVmp : Match on catch block at 0xc3 in for 0x766bd9a025
03-14 20:24:25.555 3088 4863 E gralloc4: Empty SMPTE 2094-40 data
03-14 20:24:25.563 3088 3088 E ArmVmp : Match on catch block at 0xc3 in for 0x766bd9a025
03-14 20:24:25.565 3088 3088 E ArmVmp : Match on catch block at 0xc3 in for 0x766bd9a025
03-14 20:24:25.567 3088 3088 E ArmVmp : Match on catch block at 0xc3 in for 0x766bd9a025
03-14 20:24:25.571 3088 4863 E gralloc4: Empty SMPTE 2094-40 data
03-14 20:24:25.580 3088 3088 E ArmVmp : Match on catch block at 0xc3 in for 0x766bd9a025
03-14 20:24:25.582 3088 3088 E ArmVmp : Match on catch block at 0xc3 in for 0x766bd9a025
03-14 20:24:25.583 3088 3088 E ArmVmp : Match on catch block at 0xc3 in for 0x766bd9a025
03-14 20:24:25.588 3088 4863 E gralloc4: Empty SMPTE 2094-40 data
03-14 20:24:25.596 3088 3088 E ArmVmp : Match on catch block at 0xc3 in for 0x766bd9a025
03-14 20:24:25.599 3088 3088 E ArmVmp : Match on catch block at 0xc3 in for 0x766bd9a025
03-14 20:24:25.600 3088 3088 E ArmVmp : Match on catch block at 0xc3 in for 0x766bd9a025
03-14 20:24:25.605 3088 4863 E gralloc4: Empty SMPTE 2094-40 data
03-14 20:24:25.613 3088 3088 E ArmVmp : Match on catch block at 0xc3 in for 0x766bd9a025
03-14 20:24:25.615 3088 3088 E ArmVmp : Match on catch block at 0xc3 in for 0x766bd9a025
03-14 20:24:25.617 3088 3088 E ArmVmp : Match on catch block at 0xc3 in for 0x766bd9a025
03-14 20:24:25.622 3088 4863 E gralloc4: Empty SMPTE 2094-40 data
03-14 20:24:25.630 3088 3088 E ArmVmp : Match on catch block at 0xc3 in for 0x766bd9a025
03-14 20:24:25.632 3088 3088 E ArmVmp : Match on catch block at 0xc3 in for 0x766bd9a025
03-14 20:24:25.633 3088 3088 E ArmVmp : Match on catch block at 0xc3 in for 0x766bd9a025
03-14 20:24:25.638 3088 4863 E gralloc4: Empty SMPTE 2094-40 data
03-14 20:24:25.646 3088 3088 E ArmVmp : Match on catch block at 0xc3 in for 0x766bd9a025
03-14 20:24:25.648 3088 3088 E ArmVmp : Match on catch block at 0xc3 in for 0x766bd9a025
03-14 20:24:25.650 3088 3088 E ArmVmp : Match on catch block at 0xc3 in for 0x766bd9a025
03-14 20:24:25.655 3088 4863 E gralloc4: Empty SMPTE 2094-40 data
03-14 20:24:25.663 3088 3088 E ArmVmp : Match on catch block at 0xc3 in for 0x766bd9a025
03-14 20:24:25.665 3088 3088 E ArmVmp : Match on catch block at 0xc3 in for 0x766bd9a025
03-14 20:24:25.666 3088 3088 E ArmVmp : Match on catch block at 0xc3 in for 0x766bd9a025
03-14 20:24:25.671 3088 4863 E gralloc4: Empty SMPTE 2094-40 data
03-14 20:24:25.679 3088 3088 E ArmVmp : Match on catch block at 0xc3 in for 0x766bd9a025
03-14 20:24:25.682 3088 3088 E ArmVmp : Match on catch block at 0xc3 in for 0x766bd9a025
03-14 20:24:25.683 3088 3088 E ArmVmp : Match on catch block at 0xc3 in for 0x766bd9a025
03-14 20:24:25.688 3088 4863 E gralloc4: Empty SMPTE 2094-40 data
03-14 20:24:25.696 3088 3088 E ArmVmp : Match on catch block at 0xc3 in for 0x766bd9a025
03-14 20:24:25.698 3088 3088 E ArmVmp : Match on catch block at 0xc3 in for 0x766bd9a025
03-14 20:24:25.700 3088 3088 E ArmVmp : Match on catch block at 0xc3 in for 0x766bd9a025
03-14 20:24:25.705 3088 4863 E gralloc4: Empty SMPTE 2094-40 data
03-14 20:24:25.713 3088 3088 E ArmVmp : Match on catch block at 0xc3 in for 0x766bd9a025
03-14 20:24:25.715 3088 3088 E ArmVmp : Match on catch block at 0xc3 in for 0x766bd9a025
03-14 20:24:25.716 3088 3088 E ArmVmp : Match on catch block at 0xc3 in for 0x766bd9a025
03-14 20:24:25.721 3088 4863 E gralloc4: Empty SMPTE 2094-40 data
03-14 20:24:25.729 3088 3088 E ArmVmp : Match on catch block at 0xc3 in for 0x766bd9a025
03-14 20:24:25.731 3088 3088 E ArmVmp : Match on catch block at 0xc3 in for 0x766bd9a025
03-14 20:24:25.733 3088 3088 E ArmVmp : Match on catch block at 0xc3 in for 0x766bd9a025
03-14 20:24:25.739 3088 4863 E gralloc4: Empty SMPTE 2094-40 data
03-14 20:24:26.227 3088 3088 E ArmVmp : Match on catch block at 0xc3 in for 0x766bd9a025
03-14 20:24:26.230 3088 3088 E ArmVmp : Match on catch block at 0xc3 in for 0x766bd9a025
03-14 20:24:26.231 3088 3088 E ArmVmp : Match on catch block at 0xc3 in for 0x766bd9a025
03-14 20:24:26.236 3088 4863 E gralloc4: Empty SMPTE 2094-40 data
03-14 20:24:26.327 3088 3088 E ArmVmp : Match on catch block at 0xc3 in for 0x766bd9a025
03-14 20:24:26.329 3088 3088 E ArmVmp : Match on catch block at 0xc3 in for 0x766bd9a025
03-14 20:24:26.331 3088 3088 E ArmVmp : Match on catch block at 0xc3 in for 0x766bd9a025
03-14 20:24:26.336 3088 4863 E gralloc4: Empty SMPTE 2094-40 data
03-14 20:24:26.344 3088 3088 E ArmVmp : Match on catch block at 0xc3 in for 0x766bd9a025
03-14 20:24:26.346 3088 3088 E ArmVmp : Match on catch block at 0xc3 in for 0x766bd9a025
03-14 20:24:26.347 3088 3088 E ArmVmp : Match on catch block at 0xc3 in for 0x766bd9a025
03-14 20:24:26.353 3088 4863 E gralloc4: Empty SMPTE 2094-40 data
03-14 20:24:26.360 3088 3088 E ArmVmp : Match on catch block at 0xc3 in for 0x766bd9a025
03-14 20:24:26.363 3088 3088 E ArmVmp : Match on catch block at 0xc3 in for 0x766bd9a025
03-14 20:24:26.365 3088 3088 E ArmVmp : Match on catch block at 0xc3 in for 0x766bd9a025
03-14 20:24:26.369 3088 4863 E gralloc4: Empty SMPTE 2094-40 data
03-14 20:24:26.377 3088 3088 E ArmVmp : Match on catch block at 0xc3 in for 0x766bd9a025
03-14 20:24:26.379 3088 3088 E ArmVmp : Match on catch block at 0xc3 in for 0x766bd9a025
03-14 20:24:26.381 3088 3088 E ArmVmp : Match on catch block at 0xc3 in for 0x766bd9a025
03-14 20:24:26.385 3088 4863 E gralloc4: Empty SMPTE 2094-40 data
03-14 20:24:26.393 3088 3088 E ArmVmp : Match on catch block at 0xc3 in for 0x766bd9a025
03-14 20:24:26.396 3088 3088 E ArmVmp : Match on catch block at 0xc3 in for 0x766bd9a025
03-14 20:24:26.397 3088 3088 E ArmVmp : Match on catch block at 0xc3 in for 0x766bd9a025
03-14 20:24:26.401 3088 4863 E gralloc4: Empty SMPTE 2094-40 data
03-14 20:24:26.410 3088 3088 E ArmVmp : Match on catch block at 0xc3 in for 0x766bd9a025
03-14 20:24:26.412 3088 3088 E ArmVmp : Match on catch block at 0xc3 in for 0x766bd9a025
03-14 20:24:26.414 3088 3088 E ArmVmp : Match on catch block at 0xc3 in for 0x766bd9a025
03-14 20:24:26.418 3088 4863 E gralloc4: Empty SMPTE 2094-40 data
03-14 20:24:26.426 3088 3088 E ArmVmp : Match on catch block at 0xc3 in for 0x766bd9a025
03-14 20:24:26.429 3088 3088 E ArmVmp : Match on catch block at 0xc3 in for 0x766bd9a025
03-14 20:24:26.430 3088 3088 E ArmVmp : Match on catch block at 0xc3 in for 0x766bd9a025
03-14 20:24:26.435 3088 4863 E gralloc4: Empty SMPTE 2094-40 data
03-14 20:24:26.443 3088 3088 E ArmVmp : Match on catch block at 0xc3 in for 0x766bd9a025
03-14 20:24:26.445 3088 3088 E ArmVmp : Match on catch block at 0xc3 in for 0x766bd9a025
03-14 20:24:26.447 3088 3088 E ArmVmp : Match on catch block at 0xc3 in for 0x766bd9a025
03-14 20:24:26.453 3088 4863 E gralloc4: Empty SMPTE 2094-40 data
03-14 20:24:26.460 3088 3088 E ArmVmp : Match on catch block at 0xc3 in for 0x766bd9a025
03-14 20:24:26.462 3088 3088 E ArmVmp : Match on catch block at 0xc3 in for 0x766bd9a025
03-14 20:24:26.463 3088 3088 E ArmVmp : Match on catch block at 0xc3 in for 0x766bd9a025
03-14 20:24:26.468 3088 4863 E gralloc4: Empty SMPTE 2094-40 data
03-14 20:24:26.476 3088 3088 E ArmVmp : Match on catch block at 0xc3 in for 0x766bd9a025
03-14 20:24:26.479 3088 3088 E ArmVmp : Match on catch block at 0xc3 in for 0x766bd9a025
03-14 20:24:26.480 3088 3088 E ArmVmp : Match on catch block at 0xc3 in for 0x766bd9a025
03-14 20:24:26.485 3088 4863 E gralloc4: Empty SMPTE 2094-40 data
03-14 20:24:26.493 3088 3088 E ArmVmp : Match on catch block at 0xc3 in for 0x766bd9a025
03-14 20:24:26.495 3088 3088 E ArmVmp : Match on catch block at 0xc3 in for 0x766bd9a025
03-14 20:24:26.497 3088 3088 E ArmVmp : Match on catch block at 0xc3 in for 0x766bd9a025
03-14 20:24:26.501 3088 4863 E gralloc4: Empty SMPTE 2094-40 data
03-14 20:24:26.509 3088 3088 E ArmVmp : Match on catch block at 0xc3 in for 0x766bd9a025
03-14 20:24:26.512 3088 3088 E ArmVmp : Match on catch block at 0xc3 in for 0x766bd9a025
03-14 20:24:26.513 3088 3088 E ArmVmp : Match on catch block at 0xc3 in for 0x766bd9a025
03-14 20:24:26.518 3088 4863 E gralloc4: Empty SMPTE 2094-40 data
03-14 20:24:26.526 3088 3088 E ArmVmp : Match on catch block at 0xc3 in for 0x766bd9a025
03-14 20:24:26.528 3088 3088 E ArmVmp : Match on catch block at 0xc3 in for 0x766bd9a025
03-14 20:24:26.530 3088 3088 E ArmVmp : Match on catch block at 0xc3 in for 0x766bd9a025
03-14 20:24:26.534 3088 4863 E gralloc4: Empty SMPTE 2094-40 data
03-14 20:24:26.543 3088 3088 E ArmVmp : Match on catch block at 0xc3 in for 0x766bd9a025
03-14 20:24:26.545 3088 3088 E ArmVmp : Match on catch block at 0xc3 in for 0x766bd9a025
03-14 20:24:26.546 3088 3088 E ArmVmp : Match on catch block at 0xc3 in for 0x766bd9a025
03-14 20:24:26.551 3088 4863 E gralloc4: Empty SMPTE 2094-40 data
03-14 20:24:26.559 3088 3088 E ArmVmp : Match on catch block at 0xc3 in for 0x766bd9a025
03-14 20:24:26.562 3088 3088 E ArmVmp : Match on catch block at 0xc3 in for 0x766bd9a025
03-14 20:24:26.563 3088 3088 E ArmVmp : Match on catch block at 0xc3 in for 0x766bd9a025
03-14 20:24:26.568 3088 4863 E gralloc4: Empty SMPTE 2094-40 data
03-14 20:24:26.576 3088 3088 E ArmVmp : Match on catch block at 0xc3 in for 0x766bd9a025
03-14 20:24:26.578 3088 3088 E ArmVmp : Match on catch block at 0xc3 in for 0x766bd9a025
03-14 20:24:26.580 3088 3088 E ArmVmp : Match on catch block at 0xc3 in for 0x766bd9a025
03-14 20:24:26.584 3088 4863 E gralloc4: Empty SMPTE 2094-40 data
03-14 20:24:26.592 3088 3088 E ArmVmp : Match on catch block at 0xc3 in for 0x766bd9a025
03-14 20:24:26.595 3088 3088 E ArmVmp : Match on catch block at 0xc3 in for 0x766bd9a025
03-14 20:24:26.596 3088 3088 E ArmVmp : Match on catch block at 0xc3 in for 0x766bd9a025
03-14 20:24:26.725 3088 3088 E ArmVmp : Match on catch block at 0xc3 in for 0x766bd9a025
03-14 20:24:26.728 3088 3088 E ArmVmp : Match on catch block at 0xc3 in for 0x766bd9a025
03-14 20:24:26.730 3088 3088 E ArmVmp : Match on catch block at 0xc3 in for 0x766bd9a025
03-14 20:24:26.735 3088 4863 E gralloc4: Empty SMPTE 2094-40 data
03-14 20:24:27.224 3088 3088 E ArmVmp : Match on catch block at 0xc3 in for 0x766bd9a025
03-14 20:24:27.227 3088 3088 E ArmVmp : Match on catch block at 0xc3 in for 0x766bd9a025
03-14 20:24:27.228 3088 3088 E ArmVmp : Match on catch block at 0xc3 in for 0x766bd9a025
03-14 20:24:27.237 3088 4863 E gralloc4: Empty SMPTE 2094-40 data
03-14 20:24:27.722 3088 3088 E ArmVmp : Match on catch block at 0xc3 in for 0x766bd9a025
03-14 20:24:27.725 3088 3088 E ArmVmp : Match on catch block at 0xc3 in for 0x766bd9a025
03-14 20:24:27.727 3088 3088 E ArmVmp : Match on catch block at 0xc3 in for 0x766bd9a025
03-14 20:24:27.736 3088 4863 E gralloc4: Empty SMPTE 2094-40 data
03-14 20:24:28.237 3088 3088 E ArmVmp : Match on catch block at 0xc3 in for 0x766bd9a025
03-14 20:24:28.240 3088 3088 E ArmVmp : Match on catch block at 0xc3 in for 0x766bd9a025
03-14 20:24:28.242 3088 3088 E ArmVmp : Match on catch block at 0xc3 in for 0x766bd9a025
03-14 20:24:28.247 3088 4863 E gralloc4: Empty SMPTE 2094-40 data
03-14 20:24:28.736 3088 3088 E ArmVmp : Match on catch block at 0xc3 in for 0x766bd9a025
03-14 20:24:28.739 3088 3088 E ArmVmp : Match on catch block at 0xc3 in for 0x766bd9a025
03-14 20:24:28.742 3088 3088 E ArmVmp : Match on catch block at 0xc3 in for 0x766bd9a025
03-14 20:24:28.748 3088 4863 E gralloc4: Empty SMPTE 2094-40 data
03-14 20:24:29.233 3088 3088 E ArmVmp : Match on catch block at 0xc3 in for 0x766bd9a025
03-14 20:24:29.237 3088 3088 E ArmVmp : Match on catch block at 0xc3 in for 0x766bd9a025
03-14 20:24:29.239 3088 3088 E ArmVmp : Match on catch block at 0xc3 in for 0x766bd9a025
03-14 20:24:29.246 3088 4863 E gralloc4: Empty SMPTE 2094-40 data
03-14 20:24:29.423 3088 3088 E ArmVmp : Match on catch block at 0xc3 in for 0x766bd9a025
03-14 20:24:29.427 3088 3088 E ArmVmp : Match on catch block at 0xc3 in for 0x766bd9a025
03-14 20:24:29.429 3088 3088 E ArmVmp : Match on catch block at 0xc3 in for 0x766bd9a025
03-14 20:24:29.436 3088 3088 E ArmVmp : Match on catch block at 0xc3 in for 0x766bd9a025
03-14 20:24:29.439 3088 3088 E ArmVmp : Match on catch block at 0xc3 in for 0x766bd9a025
03-14 20:24:29.443 3088 3088 E ArmVmp : Match on catch block at 0xc3 in for 0x766bd9a025
03-14 20:24:29.444 3088 4863 E gralloc4: Empty SMPTE 2094-40 data
03-14 20:24:29.455 3088 4863 E gralloc4: Empty SMPTE 2094-40 data
03-14 20:24:29.732 3088 3088 E ArmVmp : Match on catch block at 0xc3 in for 0x766bd9a025
03-14 20:24:29.736 3088 3088 E ArmVmp : Match on catch block at 0xc3 in for 0x766bd9a025
03-14 20:24:29.738 3088 3088 E ArmVmp : Match on catch block at 0xc3 in for 0x766bd9a025
03-14 20:24:29.747 3088 4863 E gralloc4: Empty SMPTE 2094-40 data
03-14 20:24:30.232 3088 3088 E ArmVmp : Match on catch block at 0xc3 in for 0x766bd9a025
03-14 20:24:30.238 3088 3088 E ArmVmp : Match on catch block at 0xc3 in for 0x766bd9a025
03-14 20:24:30.242 3088 3088 E ArmVmp : Match on catch block at 0xc3 in for 0x766bd9a025
03-14 20:24:30.257 3088 4863 E gralloc4: Empty SMPTE 2094-40 data
03-14 20:24:30.732 3088 3088 E ArmVmp : Match on catch block at 0xc3 in for 0x766bd9a025
03-14 20:24:30.738 3088 3088 E ArmVmp : Match on catch block at 0xc3 in for 0x766bd9a025
03-14 20:24:30.742 3088 3088 E ArmVmp : Match on catch block at 0xc3 in for 0x766bd9a025
03-14 20:24:30.758 3088 4863 E gralloc4: Empty SMPTE 2094-40 data
03-14 20:24:31.031 3088 3088 E ArmVmp : Match on catch block at 0xc3 in for 0x766bd9a025
03-14 20:24:31.038 3088 3088 E ArmVmp : Match on catch block at 0xc3 in for 0x766bd9a025
03-14 20:24:31.042 3088 3088 E ArmVmp : Match on catch block at 0xc3 in for 0x766bd9a025
03-14 20:24:31.050 3088 3088 E ArmVmp : Match on catch block at 0xc3 in for 0x766bd9a025
03-14 20:24:31.055 3088 4863 E gralloc4: Empty SMPTE 2094-40 data
03-14 20:24:31.056 3088 3088 E ArmVmp : Match on catch block at 0xc3 in for 0x766bd9a025
03-14 20:24:31.061 3088 3088 E ArmVmp : Match on catch block at 0xc3 in for 0x766bd9a025
03-14 20:24:31.072 3088 3088 E ArmVmp : Match on catch block at 0xc3 in for 0x766bd9a025
03-14 20:24:31.082 3088 4863 E gralloc4: Empty SMPTE 2094-40 data
03-14 20:24:31.082 3088 3088 E ArmVmp : Match on catch block at 0xc3 in for 0x766bd9a025
03-14 20:24:31.086 3088 3088 E ArmVmp : Match on catch block at 0xc3 in for 0x766bd9a025
03-14 20:24:31.096 3088 3088 E ArmVmp : Match on catch block at 0xc3 in for 0x766bd9a025
03-14 20:24:31.101 3088 4863 E gralloc4: Empty SMPTE 2094-40 data
03-14 20:24:31.104 3088 3088 E ArmVmp : Match on catch block at 0xc3 in for 0x766bd9a025
03-14 20:24:31.108 3088 3088 E ArmVmp : Match on catch block at 0xc3 in for 0x766bd9a025
03-14 20:24:31.117 3088 3088 E ArmVmp : Match on catch block at 0xc3 in for 0x766bd9a025
03-14 20:24:31.123 3088 4863 E gralloc4: Empty SMPTE 2094-40 data
03-14 20:24:31.125 3088 3088 E ArmVmp : Match on catch block at 0xc3 in for 0x766bd9a025
03-14 20:24:31.129 3088 3088 E ArmVmp : Match on catch block at 0xc3 in for 0x766bd9a025
03-14 20:24:31.136 3088 3088 E ArmVmp : Match on catch block at 0xc3 in for 0x766bd9a025
03-14 20:24:31.143 3088 4863 E gralloc4: Empty SMPTE 2094-40 data
03-14 20:24:31.143 3088 3088 E ArmVmp : Match on catch block at 0xc3 in for 0x766bd9a025
03-14 20:24:31.147 3088 3088 E ArmVmp : Match on catch block at 0xc3 in for 0x766bd9a025
03-14 20:24:31.159 3088 4863 E gralloc4: Empty SMPTE 2094-40 data
03-14 20:24:31.162 3088 3088 E ArmVmp : Match on catch block at 0xc3 in for 0x766bd9a025
03-14 20:24:31.166 3088 3088 E ArmVmp : Match on catch block at 0xc3 in for 0x766bd9a025
03-14 20:24:31.170 3088 3088 E ArmVmp : Match on catch block at 0xc3 in for 0x766bd9a025
03-14 20:24:31.177 3088 3088 E ArmVmp : Match on catch block at 0xc3 in for 0x766bd9a025
03-14 20:24:31.181 3088 4863 E gralloc4: Empty SMPTE 2094-40 data
03-14 20:24:31.183 3088 3088 E ArmVmp : Match on catch block at 0xc3 in for 0x766bd9a025
03-14 20:24:31.185 3088 3088 E ArmVmp : Match on catch block at 0xc3 in for 0x766bd9a025
03-14 20:24:31.190 3088 4863 E gralloc4: Empty SMPTE 2094-40 data
03-14 20:24:31.193 3088 3088 E ArmVmp : Match on catch block at 0xc3 in for 0x766bd9a025
03-14 20:24:31.196 3088 3088 E ArmVmp : Match on catch block at 0xc3 in for 0x766bd9a025
03-14 20:24:31.198 3088 3088 E ArmVmp : Match on catch block at 0xc3 in for 0x766bd9a025
03-14 20:24:31.203 3088 4863 E gralloc4: Empty SMPTE 2094-40 data
03-14 20:24:31.210 3088 3088 E ArmVmp : Match on catch block at 0xc3 in for 0x766bd9a025
03-14 20:24:31.214 3088 3088 E ArmVmp : Match on catch block at 0xc3 in for 0x766bd9a025
03-14 20:24:31.216 3088 3088 E ArmVmp : Match on catch block at 0xc3 in for 0x766bd9a025
03-14 20:24:31.220 3088 4863 E gralloc4: Empty SMPTE 2094-40 data
03-14 20:24:31.227 3088 3088 E ArmVmp : Match on catch block at 0xc3 in for 0x766bd9a025
03-14 20:24:31.230 3088 3088 E ArmVmp : Match on catch block at 0xc3 in for 0x766bd9a025
03-14 20:24:31.232 3088 3088 E ArmVmp : Match on catch block at 0xc3 in for 0x766bd9a025
03-14 20:24:31.238 3088 4863 E gralloc4: Empty SMPTE 2094-40 data
03-14 20:24:31.243 3088 3088 E ArmVmp : Match on catch block at 0xc3 in for 0x766bd9a025
03-14 20:24:31.247 3088 3088 E ArmVmp : Match on catch block at 0xc3 in for 0x766bd9a025
03-14 20:24:31.249 3088 3088 E ArmVmp : Match on catch block at 0xc3 in for 0x766bd9a025
03-14 20:24:31.254 3088 4863 E gralloc4: Empty SMPTE 2094-40 data
03-14 20:24:31.260 3088 3088 E ArmVmp : Match on catch block at 0xc3 in for 0x766bd9a025
03-14 20:24:31.263 3088 3088 E ArmVmp : Match on catch block at 0xc3 in for 0x766bd9a025
03-14 20:24:31.265 3088 3088 E ArmVmp : Match on catch block at 0xc3 in for 0x766bd9a025
03-14 20:24:31.270 3088 4863 E gralloc4: Empty SMPTE 2094-40 data
03-14 20:24:31.276 3088 3088 E ArmVmp : Match on catch block at 0xc3 in for 0x766bd9a025
03-14 20:24:31.279 3088 3088 E ArmVmp : Match on catch block at 0xc3 in for 0x766bd9a025
03-14 20:24:31.281 3088 3088 E ArmVmp : Match on catch block at 0xc3 in for 0x766bd9a025
03-14 20:24:31.286 3088 4863 E gralloc4: Empty SMPTE 2094-40 data
03-14 20:24:31.293 3088 3088 E ArmVmp : Match on catch block at 0xc3 in for 0x766bd9a025
03-14 20:24:31.296 3088 3088 E ArmVmp : Match on catch block at 0xc3 in for 0x766bd9a025
03-14 20:24:31.297 3088 3088 E ArmVmp : Match on catch block at 0xc3 in for 0x766bd9a025
03-14 20:24:31.741 3088 3088 E ArmVmp : Match on catch block at 0xc3 in for 0x766bd9a025
03-14 20:24:31.745 3088 3088 E ArmVmp : Match on catch block at 0xc3 in for 0x766bd9a025
03-14 20:24:31.748 3088 3088 E ArmVmp : Match on catch block at 0xc3 in for 0x766bd9a025
03-14 20:24:31.757 3088 4863 E gralloc4: Empty SMPTE 2094-40 data
03-14 20:24:32.240 3088 3088 E ArmVmp : Match on catch block at 0xc3 in for 0x766bd9a025
03-14 20:24:32.246 3088 3088 E ArmVmp : Match on catch block at 0xc3 in for 0x766bd9a025
03-14 20:24:32.248 3088 3088 E ArmVmp : Match on catch block at 0xc3 in for 0x766bd9a025
03-14 20:24:32.261 3088 4863 E gralloc4: Empty SMPTE 2094-40 data
03-14 20:24:32.675 3088 3088 E ArmVmp : Match on catch block at 0xc3 in for 0x766bd9a025
03-14 20:24:32.677 3088 3088 E ArmVmp : Match on catch block at 0xc3 in for 0x766bd9a025
03-14 20:24:32.679 3088 3088 E ArmVmp : Match on catch block at 0xc3 in for 0x766bd9a025
03-14 20:24:32.686 3088 4863 E gralloc4: Empty SMPTE 2094-40 data
03-14 20:24:32.689 3088 3088 E ArmVmp : Match on catch block at 0xc3 in for 0x766bd9a025
03-14 20:24:32.692 3088 3088 E ArmVmp : Match on catch block at 0xc3 in for 0x766bd9a025
03-14 20:24:32.694 3088 3088 E ArmVmp : Match on catch block at 0xc3 in for 0x766bd9a025
03-14 20:24:32.699 3088 4863 E gralloc4: Empty SMPTE 2094-40 data
03-14 20:24:32.743 3088 3088 E ArmVmp : Match on catch block at 0xc3 in for 0x766bd9a025
03-14 20:24:32.746 3088 3088 E ArmVmp : Match on catch block at 0xc3 in for 0x766bd9a025
03-14 20:24:32.747 3088 3088 E ArmVmp : Match on catch block at 0xc3 in for 0x766bd9a025
03-14 20:24:32.753 3088 4863 E gralloc4: Empty SMPTE 2094-40 data
03-14 20:24:32.807 3088 4863 E gralloc4: Empty SMPTE 2094-40 data
03-14 20:24:32.838 3088 3088 E ArmVmp : Match on catch block at 0xc3 in for 0x766bd9a025
03-14 20:24:32.842 3088 3088 E ArmVmp : Match on catch block at 0xc3 in for 0x766bd9a025
03-14 20:24:32.843 3088 4863 E gralloc4: Empty SMPTE 2094-40 data
03-14 20:24:32.844 3088 3088 E ArmVmp : Match on catch block at 0xc3 in for 0x766bd9a025
03-14 20:24:32.851 3088 3088 E ArmVmp : Match on catch block at 0xc3 in for 0x766bd9a025
03-14 20:24:32.854 3088 4863 E gralloc4: Empty SMPTE 2094-40 data
03-14 20:24:32.854 3088 3088 E ArmVmp : Match on catch block at 0xc3 in for 0x766bd9a025
03-14 20:24:32.856 3088 3088 E ArmVmp : Match on catch block at 0xc3 in for 0x766bd9a025
03-14 20:24:32.863 3088 4863 E gralloc4: Empty SMPTE 2094-40 data
03-14 20:24:32.867 3088 4863 E gralloc4: Empty SMPTE 2094-40 data
03-14 20:24:32.877 3088 3088 E ArmVmp : Match on catch block at 0xc3 in for 0x766bd9a025
03-14 20:24:32.880 3088 3088 E ArmVmp : Match on catch block at 0xc3 in for 0x766bd9a025
03-14 20:24:32.881 3088 4863 E gralloc4: Empty SMPTE 2094-40 data
03-14 20:24:32.882 3088 3088 E ArmVmp : Match on catch block at 0xc3 in for 0x766bd9a025
03-14 20:24:32.888 3088 4863 E gralloc4: Empty SMPTE 2094-40 data
03-14 20:24:32.893 3088 3088 E ArmVmp : Match on catch block at 0xc3 in for 0x766bd9a025
03-14 20:24:32.895 3088 4863 E gralloc4: Empty SMPTE 2094-40 data
03-14 20:24:32.898 3088 3088 E ArmVmp : Match on catch block at 0xc3 in for 0x766bd9a025
03-14 20:24:32.900 3088 3088 E ArmVmp : Match on catch block at 0xc3 in for 0x766bd9a025
