03-14 17:09:54.301 11866 11936 E WM-WorkerWrapper: Caused by: X.0pD: The completer object was garbage collected - this future would otherwise never complete. The tag was: Failure {mOutputData=Data {}}
03-14 17:09:54.767 11866 11866 W MirrorManager: this model don't Support
03-14 17:09:54.821 11866 12012 E gralloc4: Empty SMPTE 2094-40 data
03-14 17:09:54.839 11866 12012 E gralloc4: Empty SMPTE 2094-40 data
03-14 17:09:54.855 11866 12012 E gralloc4: Empty SMPTE 2094-40 data
03-14 17:09:54.872 11866 12012 E gralloc4: Empty SMPTE 2094-40 data
03-14 17:09:54.916 11866 12012 E gralloc4: Empty SMPTE 2094-40 data
03-14 17:09:54.921 11866 12012 E gralloc4: Empty SMPTE 2094-40 data
03-14 17:09:54.943 11866 12012 E gralloc4: Empty SMPTE 2094-40 data
03-14 17:09:54.953 11866 12012 E gralloc4: Empty SMPTE 2094-40 data
03-14 17:09:54.978 11866 12012 E gralloc4: Empty SMPTE 2094-40 data
03-14 17:09:54.986 11866 12012 E gralloc4: Empty SMPTE 2094-40 data
03-14 17:09:55.002 11866 12012 E gralloc4: Empty SMPTE 2094-40 data
03-14 17:09:55.022 11866 12012 E gralloc4: Empty SMPTE 2094-40 data
03-14 17:09:55.031 11866 12012 E gralloc4: Empty SMPTE 2094-40 data
03-14 17:09:55.051 11866 12012 E gralloc4: Empty SMPTE 2094-40 data
03-14 17:09:55.064 11866 12012 E gralloc4: Empty SMPTE 2094-40 data
03-14 17:09:55.099 11866 12012 E gralloc4: Empty SMPTE 2094-40 data
03-14 17:09:55.103 11866 12012 E gralloc4: Empty SMPTE 2094-40 data
03-14 17:09:55.119 11866 12012 E gralloc4: Empty SMPTE 2094-40 data
03-14 17:09:55.138 11866 12012 E gralloc4: Empty SMPTE 2094-40 data
03-14 17:09:55.147 11866 12012 E gralloc4: Empty SMPTE 2094-40 data
03-14 17:09:55.164 11866 12012 E gralloc4: Empty SMPTE 2094-40 data
03-14 17:09:55.180 11866 12012 E gralloc4: Empty SMPTE 2094-40 data
03-14 17:09:55.200 11866 12012 E gralloc4: Empty SMPTE 2094-40 data
03-14 17:09:55.222 11866 12012 E gralloc4: Empty SMPTE 2094-40 data
03-14 17:09:55.230 11866 12012 E gralloc4: Empty SMPTE 2094-40 data
03-14 17:09:55.247 11866 12012 E gralloc4: Empty SMPTE 2094-40 data
03-14 17:09:55.263 11866 12012 E gralloc4: Empty SMPTE 2094-40 data
03-14 17:09:55.280 11866 12012 E gralloc4: Empty SMPTE 2094-40 data
03-14 17:09:55.301 11866 12012 E gralloc4: Empty SMPTE 2094-40 data
03-14 17:09:55.320 11866 12012 E gralloc4: Empty SMPTE 2094-40 data
03-14 17:09:55.330 11866 12012 E gralloc4: Empty SMPTE 2094-40 data
03-14 17:09:55.347 11866 12012 E gralloc4: Empty SMPTE 2094-40 data
03-14 17:09:55.362 11866 12012 E gralloc4: Empty SMPTE 2094-40 data
03-14 17:09:55.379 11866 12012 E gralloc4: Empty SMPTE 2094-40 data
03-14 17:09:55.395 11866 12012 E gralloc4: Empty SMPTE 2094-40 data
03-14 17:09:55.412 11866 12012 E gralloc4: Empty SMPTE 2094-40 data
03-14 17:09:55.429 11866 12012 E gralloc4: Empty SMPTE 2094-40 data
03-14 17:09:55.445 11866 12012 E gralloc4: Empty SMPTE 2094-40 data
03-14 17:09:55.462 11866 12012 E gralloc4: Empty SMPTE 2094-40 data
03-14 17:09:55.479 11866 12012 E gralloc4: Empty SMPTE 2094-40 data
03-14 17:09:55.495 11866 12012 E gralloc4: Empty SMPTE 2094-40 data
03-14 17:09:55.515 11866 12012 E gralloc4: Empty SMPTE 2094-40 data
03-14 17:09:55.529 11866 12012 E gralloc4: Empty SMPTE 2094-40 data
03-14 17:09:55.554 11866 12012 E gralloc4: Empty SMPTE 2094-40 data
03-14 17:09:55.562 11866 12012 E gralloc4: Empty SMPTE 2094-40 data
03-14 17:09:55.580 11866 12012 E gralloc4: Empty SMPTE 2094-40 data
03-14 17:09:55.595 11866 12012 E gralloc4: Empty SMPTE 2094-40 data
03-14 17:09:55.612 11866 12012 E gralloc4: Empty SMPTE 2094-40 data
03-14 17:09:55.628 11866 12012 E gralloc4: Empty SMPTE 2094-40 data
03-14 17:09:55.645 11866 12012 E gralloc4: Empty SMPTE 2094-40 data
03-14 17:09:55.661 11866 12012 E gralloc4: Empty SMPTE 2094-40 data
03-14 17:09:55.678 11866 12012 E gralloc4: Empty SMPTE 2094-40 data
03-14 17:09:55.694 11866 12012 E gralloc4: Empty SMPTE 2094-40 data
03-14 17:09:55.711 11866 12012 E gralloc4: Empty SMPTE 2094-40 data
03-14 17:09:55.727 11866 12012 E gralloc4: Empty SMPTE 2094-40 data
03-14 17:09:55.744 11866 12012 E gralloc4: Empty SMPTE 2094-40 data
03-14 17:09:55.760 11866 12012 E gralloc4: Empty SMPTE 2094-40 data
03-14 17:09:55.777 11866 12012 E gralloc4: Empty SMPTE 2094-40 data
03-14 17:09:55.794 11866 12012 E gralloc4: Empty SMPTE 2094-40 data
03-14 17:09:55.815 11866 12012 E gralloc4: Empty SMPTE 2094-40 data
03-14 17:09:55.826 11866 12012 E gralloc4: Empty SMPTE 2094-40 data
03-14 17:09:55.843 11866 12012 E gralloc4: Empty SMPTE 2094-40 data
03-14 17:09:55.860 11866 12012 E gralloc4: Empty SMPTE 2094-40 data
03-14 17:09:55.876 11866 12012 E gralloc4: Empty SMPTE 2094-40 data
03-14 17:09:56.213 11866 12012 E gralloc4: Empty SMPTE 2094-40 data
03-14 17:09:56.228 11866 12012 E gralloc4: Empty SMPTE 2094-40 data
03-14 17:09:56.245 11866 12012 E gralloc4: Empty SMPTE 2094-40 data
03-14 17:09:56.263 11866 12012 E gralloc4: Empty SMPTE 2094-40 data
03-14 17:09:56.278 11866 12012 E gralloc4: Empty SMPTE 2094-40 data
03-14 17:09:56.294 11866 12012 E gralloc4: Empty SMPTE 2094-40 data
03-14 17:09:56.311 11866 12012 E gralloc4: Empty SMPTE 2094-40 data
03-14 17:09:56.328 11866 12012 E gralloc4: Empty SMPTE 2094-40 data
03-14 17:09:56.345 11866 12012 E gralloc4: Empty SMPTE 2094-40 data
03-14 17:09:56.362 11866 12012 E gralloc4: Empty SMPTE 2094-40 data
03-14 17:09:56.378 11866 12012 E gralloc4: Empty SMPTE 2094-40 data
03-14 17:09:56.394 11866 12012 E gralloc4: Empty SMPTE 2094-40 data
03-14 17:09:56.411 11866 12012 E gralloc4: Empty SMPTE 2094-40 data
03-14 17:09:56.428 11866 12012 E gralloc4: Empty SMPTE 2094-40 data
03-14 17:09:56.445 11866 12012 E gralloc4: Empty SMPTE 2094-40 data
03-14 17:09:56.461 11866 12012 E gralloc4: Empty SMPTE 2094-40 data
03-14 17:09:56.475 11866 12012 E gralloc4: Empty SMPTE 2094-40 data
03-14 17:09:56.492 11866 12012 E gralloc4: Empty SMPTE 2094-40 data
03-14 17:09:56.516 11866 12012 E gralloc4: Empty SMPTE 2094-40 data
03-14 17:09:56.526 11866 12012 E gralloc4: Empty SMPTE 2094-40 data
03-14 17:09:56.547 11866 12012 E gralloc4: Empty SMPTE 2094-40 data
03-14 17:09:56.566 11866 12012 E gralloc4: Empty SMPTE 2094-40 data
03-14 17:09:56.575 11866 12012 E gralloc4: Empty SMPTE 2094-40 data
03-14 17:09:56.599 11866 12012 E gralloc4: Empty SMPTE 2094-40 data
03-14 17:09:56.640 11866 12012 E gralloc4: Empty SMPTE 2094-40 data
03-14 17:09:56.663 11866 12012 E gralloc4: Empty SMPTE 2094-40 data
03-14 17:09:56.696 11866 12012 E gralloc4: Empty SMPTE 2094-40 data
03-14 17:09:56.696 11866 12012 W Parcel : Expecting binder but got null!
03-14 17:09:56.703 11866 12012 E gralloc4: Empty SMPTE 2094-40 data
03-14 17:09:56.711 11866 12012 E gralloc4: Empty SMPTE 2094-40 data
03-14 17:09:56.718 11866 12012 E gralloc4: Empty SMPTE 2094-40 data
03-14 17:09:56.723 11866 12012 E gralloc4: Empty SMPTE 2094-40 data
03-14 17:09:56.729 11866 12012 E gralloc4: Empty SMPTE 2094-40 data
03-14 17:09:56.737 11866 12012 E gralloc4: Empty SMPTE 2094-40 data
03-14 17:09:56.748 11866 12012 E gralloc4: Empty SMPTE 2094-40 data
03-14 17:09:56.754 11866 12012 E gralloc4: Empty SMPTE 2094-40 data
03-14 17:09:56.765 11866 12012 E gralloc4: Empty SMPTE 2094-40 data
03-14 17:09:56.771 11866 12012 E gralloc4: Empty SMPTE 2094-40 data
03-14 17:09:56.779 11866 12012 E gralloc4: Empty SMPTE 2094-40 data
03-14 17:09:56.788 11866 12012 E gralloc4: Empty SMPTE 2094-40 data
03-14 17:09:56.792 11866 12012 E gralloc4: Empty SMPTE 2094-40 data
03-14 17:09:56.804 11866 12012 E gralloc4: Empty SMPTE 2094-40 data
03-14 17:09:56.810 11866 12012 E gralloc4: Empty SMPTE 2094-40 data
03-14 17:09:56.821 11866 12012 E gralloc4: Empty SMPTE 2094-40 data
03-14 17:09:56.831 11866 12012 E gralloc4: Empty SMPTE 2094-40 data
03-14 17:09:56.838 11866 12012 E gralloc4: Empty SMPTE 2094-40 data
03-14 17:09:56.843 11866 12012 E gralloc4: Empty SMPTE 2094-40 data
03-14 17:09:56.855 11866 12012 E gralloc4: Empty SMPTE 2094-40 data
03-14 17:09:56.863 11866 12012 E gralloc4: Empty SMPTE 2094-40 data
03-14 17:09:56.871 11866 12012 E gralloc4: Empty SMPTE 2094-40 data
03-14 17:09:56.878 11866 12012 E gralloc4: Empty SMPTE 2094-40 data
03-14 17:09:56.888 11866 12012 E gralloc4: Empty SMPTE 2094-40 data
03-14 17:09:56.895 11866 12012 E gralloc4: Empty SMPTE 2094-40 data
03-14 17:09:56.904 11866 12012 E gralloc4: Empty SMPTE 2094-40 data
03-14 17:09:56.912 11866 12012 E gralloc4: Empty SMPTE 2094-40 data
03-14 17:09:56.921 11866 12012 E gralloc4: Empty SMPTE 2094-40 data
03-14 17:09:56.926 11866 12012 E gralloc4: Empty SMPTE 2094-40 data
03-14 17:09:56.937 11866 12012 E gralloc4: Empty SMPTE 2094-40 data
03-14 17:09:56.942 11866 12012 E gralloc4: Empty SMPTE 2094-40 data
03-14 17:09:56.954 11866 12012 E gralloc4: Empty SMPTE 2094-40 data
03-14 17:09:56.964 11866 12012 E gralloc4: Empty SMPTE 2094-40 data
03-14 17:09:56.971 11866 12012 E gralloc4: Empty SMPTE 2094-40 data
03-14 17:09:56.977 11866 12012 E gralloc4: Empty SMPTE 2094-40 data
03-14 17:09:56.987 11866 12012 E gralloc4: Empty SMPTE 2094-40 data
03-14 17:09:56.994 11866 12012 E gralloc4: Empty SMPTE 2094-40 data
03-14 17:09:57.004 11866 12012 E gralloc4: Empty SMPTE 2094-40 data
03-14 17:09:57.010 11866 12012 E gralloc4: Empty SMPTE 2094-40 data
03-14 17:09:57.020 11866 12012 E gralloc4: Empty SMPTE 2094-40 data
03-14 17:09:57.026 11866 12012 E gralloc4: Empty SMPTE 2094-40 data
03-14 17:09:57.037 11866 12012 E gralloc4: Empty SMPTE 2094-40 data
03-14 17:09:57.042 11866 12012 E gralloc4: Empty SMPTE 2094-40 data
03-14 17:09:57.054 11866 12012 E gralloc4: Empty SMPTE 2094-40 data
03-14 17:09:57.059 11866 12012 E gralloc4: Empty SMPTE 2094-40 data
03-14 17:09:57.070 11866 12012 E gralloc4: Empty SMPTE 2094-40 data
03-14 17:09:57.075 11866 12012 E gralloc4: Empty SMPTE 2094-40 data
03-14 17:09:57.087 11866 12012 E gralloc4: Empty SMPTE 2094-40 data
03-14 17:09:57.092 11866 12012 E gralloc4: Empty SMPTE 2094-40 data
03-14 17:09:57.103 11866 12012 E gralloc4: Empty SMPTE 2094-40 data
03-14 17:09:57.108 11866 12012 E gralloc4: Empty SMPTE 2094-40 data
03-14 17:09:57.120 11866 12012 E gralloc4: Empty SMPTE 2094-40 data
03-14 17:09:57.124 11866 12012 E gralloc4: Empty SMPTE 2094-40 data
03-14 17:09:57.137 11866 12012 E gralloc4: Empty SMPTE 2094-40 data
03-14 17:09:57.153 11866 12012 E gralloc4: Empty SMPTE 2094-40 data
03-14 17:09:57.170 11866 12012 E gralloc4: Empty SMPTE 2094-40 data
03-14 17:09:57.187 11866 12012 E gralloc4: Empty SMPTE 2094-40 data
03-14 17:09:57.203 11866 12012 E gralloc4: Empty SMPTE 2094-40 data
03-14 17:09:57.220 11866 12012 E gralloc4: Empty SMPTE 2094-40 data
03-14 17:09:57.256 11866 12012 E gralloc4: Empty SMPTE 2094-40 data
03-14 17:09:57.273 11866 12012 E gralloc4: Empty SMPTE 2094-40 data
03-14 17:09:57.289 11866 12012 E gralloc4: Empty SMPTE 2094-40 data
03-14 17:09:57.306 11866 12012 E gralloc4: Empty SMPTE 2094-40 data
03-14 17:09:57.322 11866 12012 E gralloc4: Empty SMPTE 2094-40 data
03-14 17:09:57.338 11866 12012 E gralloc4: Empty SMPTE 2094-40 data
03-14 17:09:57.355 11866 12012 E gralloc4: Empty SMPTE 2094-40 data
03-14 17:09:57.361 11866 12012 E gralloc4: Empty SMPTE 2094-40 data
03-14 17:09:57.372 11866 12012 E gralloc4: Empty SMPTE 2094-40 data
03-14 17:09:57.378 11866 12012 E gralloc4: Empty SMPTE 2094-40 data
03-14 17:09:57.391 11866 12012 E gralloc4: Empty SMPTE 2094-40 data
03-14 17:09:57.394 11866 12012 E gralloc4: Empty SMPTE 2094-40 data
03-14 17:09:57.412 11866 12012 E gralloc4: Empty SMPTE 2094-40 data
03-14 17:09:57.415 11866 12012 E gralloc4: Empty SMPTE 2094-40 data
03-14 17:09:57.422 11866 12012 E gralloc4: Empty SMPTE 2094-40 data
03-14 17:09:57.428 11866 12012 E gralloc4: Empty SMPTE 2094-40 data
03-14 17:09:57.441 11866 12012 E gralloc4: Empty SMPTE 2094-40 data
03-14 17:09:57.445 11866 12012 E gralloc4: Empty SMPTE 2094-40 data
03-14 17:09:57.455 11866 12012 E gralloc4: Empty SMPTE 2094-40 data
03-14 17:09:57.460 11866 12012 E gralloc4: Empty SMPTE 2094-40 data
03-14 17:09:57.471 11866 12012 E gralloc4: Empty SMPTE 2094-40 data
03-14 17:09:57.477 11866 12012 E gralloc4: Empty SMPTE 2094-40 data
03-14 17:09:57.488 11866 12012 E gralloc4: Empty SMPTE 2094-40 data
03-14 17:09:57.494 11866 12012 E gralloc4: Empty SMPTE 2094-40 data
03-14 17:09:57.512 11866 12012 E gralloc4: Empty SMPTE 2094-40 data
03-14 17:09:57.517 11866 12012 E gralloc4: Empty SMPTE 2094-40 data
03-14 17:09:57.526 11866 12012 E gralloc4: Empty SMPTE 2094-40 data
03-14 17:09:57.530 11866 12012 E gralloc4: Empty SMPTE 2094-40 data
03-14 17:09:57.540 11866 12012 E gralloc4: Empty SMPTE 2094-40 data
03-14 17:09:57.559 11866 12012 E gralloc4: Empty SMPTE 2094-40 data
03-14 17:09:57.575 11866 12012 E gralloc4: Empty SMPTE 2094-40 data
03-14 17:09:57.592 11866 12012 E gralloc4: Empty SMPTE 2094-40 data
03-14 17:09:57.609 11866 12012 E gralloc4: Empty SMPTE 2094-40 data
03-14 17:09:57.626 11866 12012 E gralloc4: Empty SMPTE 2094-40 data
03-14 17:09:57.643 11866 12012 E gralloc4: Empty SMPTE 2094-40 data
03-14 17:09:57.657 11866 12012 E gralloc4: Empty SMPTE 2094-40 data
03-14 17:09:57.671 11866 12012 E gralloc4: Empty SMPTE 2094-40 data
03-14 17:09:58.836 11866 12012 E gralloc4: Empty SMPTE 2094-40 data
03-14 17:09:59.004 11866 12012 E gralloc4: Empty SMPTE 2094-40 data
03-14 17:09:59.026 11866 12012 E gralloc4: Empty SMPTE 2094-40 data
03-14 17:09:59.050 11866 12012 E gralloc4: Empty SMPTE 2094-40 data
03-14 17:09:59.075 11866 12012 E gralloc4: Empty SMPTE 2094-40 data
03-14 17:09:59.090 11866 12012 E gralloc4: Empty SMPTE 2094-40 data
03-14 17:09:59.103 11866 12012 E gralloc4: Empty SMPTE 2094-40 data
03-14 17:09:59.124 11866 12012 E gralloc4: Empty SMPTE 2094-40 data
03-14 17:09:59.140 11866 12012 E gralloc4: Empty SMPTE 2094-40 data
03-14 17:09:59.156 11866 12012 E gralloc4: Empty SMPTE 2094-40 data
03-14 17:09:59.169 11866 12012 E gralloc4: Empty SMPTE 2094-40 data
03-14 17:09:59.188 11866 12012 E gralloc4: Empty SMPTE 2094-40 data
03-14 17:09:59.203 11866 12012 E gralloc4: Empty SMPTE 2094-40 data
03-14 17:09:59.219 11866 12012 E gralloc4: Empty SMPTE 2094-40 data
03-14 17:09:59.236 11866 12012 E gralloc4: Empty SMPTE 2094-40 data
03-14 17:09:59.253 11866 12012 E gralloc4: Empty SMPTE 2094-40 data
03-14 17:09:59.269 11866 12012 E gralloc4: Empty SMPTE 2094-40 data
03-14 17:09:59.287 11866 12012 E gralloc4: Empty SMPTE 2094-40 data
03-14 17:09:59.303 11866 12012 E gralloc4: Empty SMPTE 2094-40 data
03-14 17:09:59.320 11866 12012 E gralloc4: Empty SMPTE 2094-40 data
03-14 17:09:59.336 11866 12012 E gralloc4: Empty SMPTE 2094-40 data
03-14 17:09:59.353 11866 12012 E gralloc4: Empty SMPTE 2094-40 data
03-14 17:09:59.369 11866 12012 E gralloc4: Empty SMPTE 2094-40 data
03-14 17:09:59.387 11866 12012 E gralloc4: Empty SMPTE 2094-40 data
03-14 17:20:27.583 11866 11942 E FileUtils: err open mi_exception_log errno=2
03-14 17:20:27.583 11866 11942 E FileUtils: err write to mi_exception_log
03-14 17:20:27.969 11866 13105 W com.mbwhatsapp: Accessing hidden method Landroid/app/MiuiNotification;-><init>()V (blocked, reflection, denied)
03-14 17:20:28.052 11866 13102 W com.mbwhatsapp: Accessing hidden field Landroid/app/Notification;->extraNotification:Landroid/app/MiuiNotification; (blocked, reflection, denied)
03-14 17:20:28.119 11866 13102 W com.mbwhatsapp: Accessing hidden field Landroid/app/Notification;->extraNotification:Landroid/app/MiuiNotification; (blocked, reflection, denied)
03-14 17:20:28.155 11866 11962 E FileUtils: err open mi_exception_log errno=2
03-14 17:20:28.155 11866 11962 E FileUtils: err write to mi_exception_log
03-14 17:20:28.163 11866 13102 W com.mbwhatsapp: Accessing hidden field Landroid/app/Notification;->extraNotification:Landroid/app/MiuiNotification; (blocked, reflection, denied)
03-14 17:20:28.185 11866 13102 W com.mbwhatsapp: Accessing hidden field Landroid/app/Notification;->extraNotification:Landroid/app/MiuiNotification; (blocked, reflection, denied)
03-14 17:20:28.190 11866 13102 E FileUtils: err open mi_exception_log errno=2
03-14 17:20:28.190 11866 13102 E FileUtils: err write to mi_exception_log
03-14 17:20:28.204 11866 13105 W com.mbwhatsapp: Accessing hidden method Landroid/app/MiuiNotification;-><init>()V (blocked, reflection, denied)
03-14 17:20:28.739 11866 11923 E SQLiteDatabase: Error inserting transferred=1 media_job_uuid=86028159-ccce-4979-b798-b1523bd49450 transcoded=0 gif_attribution=0 first_scan_length=7367 direct_path=/o1/v/t62.7118-24/f1/m269/up-oil-image-0b492f5c- b49b-4ed8-b73a-99ee3bd40862?ccb=9-4&oh=01_AdSXDQc5n9KsVsxxgytPbeDBD- iS4XVUQK_6b8M0aN0TxQ&oe=661AFAC8&_nc_sid=000000 thumbnail_height_width_ratio=1.8181819 is_animated_sticker=0 file_hash=t5Rc5c0JFz/BhjxrNgeqLaH+uuqHTnkb9zgVKpFgp/c= file_path=Media/MBWhatsApp Images/IMG-20240314-WA0000.jpg file_size=77888 partial_media_hash=QBXo/vtLfAQRvvqGxcLPKruPHmZ0uIrPejPs3MDE8o4= face_x=0 face_y=0 height=1280 trim_to=0 media_key_timestamp=1710458000000 message_url=https://mmg.whatsapp.net/o1/v/t62.7118-24/f1/m269/up-oil-image- 0b492f5c-b49b-4ed8-b73a-99ee3bd40862?ccb=9-4&oh=01_AdSXDQc5n9KsVsxxgytPbeDBD- iS4XVUQK_6b8M0aN0TxQ&oe=661AFAC8&_nc_sid=000000&mms3=true media_caption=null trim_from=0 mime_type=image/jpeg partial_media_enc_hash=null width=720 original_file_hash=null has_streaming_sidecar=1 autotransfer_retry_enabled=1 media_upload_handle=null message_row_id=9105 multicast_id=null enc_file_hash=a/yjI617BVOjoIf836lQI7u2ByVDbAtsfMI/hMoreOc= mute_video=0 page_count=0 first_scan_sidecar=[B@65c34da suspicious_content=0 file_length=77888 media_name=null media_duration=0 chat_row_id=5 media_key=[B@7f91d0b
03-14 17:20:28.739 11866 11923 E SQLiteDatabase: android.database.sqlite.SQLiteConstraintException: UNIQUE constraint failed: message_media.message_row_id (code 1555 SQLITE_CONSTRAINT_PRIMARYKEY)
03-14 17:20:28.739 11866 11923 E SQLiteDatabase: at android.database.sqlite.SQLiteConnection.nativeExecuteForLastInsertedRowId(Native Method)
03-14 17:20:28.739 11866 11923 E SQLiteDatabase: at android.database.sqlite.SQLiteConnection.executeForLastInsertedRowId(SQLiteConnecti on.java:961)
03-14 17:20:28.739 11866 11923 E SQLiteDatabase: at android.database.sqlite.SQLiteSession.executeForLastInsertedRowId(SQLiteSession.jav a:790)
03-14 17:20:28.739 11866 11923 E SQLiteDatabase: at android.database.sqlite.SQLiteStatement.executeInsert(SQLiteStatement.java:89)
03-14 17:20:28.739 11866 11923 E SQLiteDatabase: at android.database.sqlite.SQLiteDatabase.insertWithOnConflict(SQLiteDatabase.java:186 8)
03-14 17:20:28.739 11866 11923 E SQLiteDatabase: at android.database.sqlite.SQLiteDatabase.insert(SQLiteDatabase.java:1737)
03-14 17:20:28.739 11866 11923 E SQLiteDatabase: at X.2tm.A08(Unknown Source:6)
03-14 17:20:28.739 11866 11923 E SQLiteDatabase: at X.35Y.A07(Unknown Source:212)
03-14 17:20:28.739 11866 11923 E SQLiteDatabase: at X.3QF.A14(Unknown Source:470)
03-14 17:20:28.739 11866 11923 E SQLiteDatabase: at X.3gU.run(Unknown Source:982)
03-14 17:20:28.739 11866 11923 E SQLiteDatabase: at android.os.Handler.handleCallback(Handler.java:942)
03-14 17:20:28.739 11866 11923 E SQLiteDatabase: at android.os.Handler.dispatchMessage(Handler.java:99)
03-14 17:20:28.739 11866 11923 E SQLiteDatabase: at X.0zq.dispatchMessage(Unknown Source:4)
03-14 17:20:28.739 11866 11923 E SQLiteDatabase: at android.os.Looper.loopOnce(Looper.java:211)
03-14 17:20:28.739 11866 11923 E SQLiteDatabase: at android.os.Looper.loop(Looper.java:300)
03-14 17:20:28.739 11866 11923 E SQLiteDatabase: at android.os.HandlerThread.run(HandlerThread.java:67)
03-14 17:20:32.047 11866 13102 W com.mbwhatsapp: Accessing hidden field Landroid/app/Notification;->extraNotification:Landroid/app/MiuiNotification; (blocked, reflection, denied)
03-14 17:20:32.104 11866 13102 W com.mbwhatsapp: Accessing hidden field Landroid/app/Notification;->extraNotification:Landroid/app/MiuiNotification; (blocked, reflection, denied)
03-14 17:20:32.231 11866 13102 W com.mbwhatsapp: Accessing hidden field Landroid/app/Notification;->extraNotification:Landroid/app/MiuiNotification; (blocked, reflection, denied)
03-14 17:20:32.268 11866 13102 W com.mbwhatsapp: Accessing hidden field Landroid/app/Notification;->extraNotification:Landroid/app/MiuiNotification; (blocked, reflection, denied)
03-14 17:20:32.277 11866 13102 E FileUtils: err open mi_exception_log errno=2
03-14 17:20:32.277 11866 13102 E FileUtils: err write to mi_exception_log
03-14 17:26:27.881 11866 11942 E FileUtils: err open mi_exception_log errno=2
03-14 17:26:27.882 11866 11942 E FileUtils: err write to mi_exception_log
03-14 17:26:28.221 11866 13102 W com.mbwhatsapp: Accessing hidden field Landroid/app/Notification;->extraNotification:Landroid/app/MiuiNotification; (blocked, reflection, denied)
03-14 17:26:28.242 11866 13102 W com.mbwhatsapp: Accessing hidden field Landroid/app/Notification;->extraNotification:Landroid/app/MiuiNotification; (blocked, reflection, denied)
03-14 17:26:28.255 11866 13102 E FileUtils: err open mi_exception_log errno=2
03-14 17:26:28.255 11866 13102 E FileUtils: err write to mi_exception_log
03-14 17:26:28.261 11866 13105 W com.mbwhatsapp: Accessing hidden method Landroid/app/MiuiNotification;-><init>()V (blocked, reflection, denied)
03-14 17:26:28.449 11866 11962 E FileUtils: err open mi_exception_log errno=2
03-14 17:26:28.449 11866 11962 E FileUtils: err write to mi_exception_log
03-14 17:26:29.603 11866 11923 E SQLiteDatabase: Error inserting transferred=1 media_job_uuid=cc2cfd85-8dbb-4eca-a86d-f631a75c030e transcoded=0 gif_attribution=0 first_scan_length=0 direct_path=/o1/v/t62.7118-24/f1/m231/up-oil-image-4b0163f7- 63ae-47c4-ad8e-c2bbc0bfc889?ccb=9-4&oh=01_AdSGIxHZJ- V3KNWYwPie4Xe7S4hShdEMw4b7l_TQSSLO1w&oe=661ADCA4&_nc_sid=000000 thumbnail_height_width_ratio=0.57 is_animated_sticker=0 file_hash=60tynyZudUQJ8OigauG72ZVFA2j5TKNAcc5eTSZJiJA= file_path=Media/MBWhatsApp Images/IMG-20240314-WA0001.jpg file_size=97216 partial_media_hash=null face_x=0 face_y=0 height=476 trim_to=0 media_key_timestamp=1710458785000 message_url=https://mmg.whatsapp.net/o1/v/t62.7118-24/f1/m231/up-oil-image- 4b0163f7-63ae-47c4-ad8e-c2bbc0bfc889?ccb=9-4&oh=01_AdSGIxHZJ- V3KNWYwPie4Xe7S4hShdEMw4b7l_TQSSLO1w&oe=661ADCA4&_nc_sid=000000&mms3=true media_caption=null trim_from=0 mime_type=image/jpeg partial_media_enc_hash=null width=835 original_file_hash=null has_streaming_sidecar=0 autotransfer_retry_enabled=1 media_upload_handle=null message_row_id=9107 multicast_id=null enc_file_hash=nbs3U41jl5qsaiw9o91+HiZ6FUQY0ST0O8caqJ1WMZc= mute_video=0 page_count=0 first_scan_sidecar=null suspicious_content=0 file_length=97216 media_name=null media_duration=0 chat_row_id=15 media_key=[B@abd4675
03-14 17:26:29.603 11866 11923 E SQLiteDatabase: android.database.sqlite.SQLiteConstraintException: UNIQUE constraint failed: message_media.message_row_id (code 1555 SQLITE_CONSTRAINT_PRIMARYKEY)
03-14 17:26:29.603 11866 11923 E SQLiteDatabase: at android.database.sqlite.SQLiteConnection.nativeExecuteForLastInsertedRowId(Native Method)
03-14 17:26:29.603 11866 11923 E SQLiteDatabase: at android.database.sqlite.SQLiteConnection.executeForLastInsertedRowId(SQLiteConnecti on.java:961)
03-14 17:26:29.603 11866 11923 E SQLiteDatabase: at android.database.sqlite.SQLiteSession.executeForLastInsertedRowId(SQLiteSession.jav a:790)
03-14 17:26:29.603 11866 11923 E SQLiteDatabase: at android.database.sqlite.SQLiteStatement.executeInsert(SQLiteStatement.java:89)
03-14 17:26:29.603 11866 11923 E SQLiteDatabase: at android.database.sqlite.SQLiteDatabase.insertWithOnConflict(SQLiteDatabase.java:186 8)
03-14 17:26:29.603 11866 11923 E SQLiteDatabase: at android.database.sqlite.SQLiteDatabase.insert(SQLiteDatabase.java:1737)
03-14 17:26:29.603 11866 11923 E SQLiteDatabase: at X.2tm.A08(Unknown Source:6)
03-14 17:26:29.603 11866 11923 E SQLiteDatabase: at X.35Y.A07(Unknown Source:212)
03-14 17:26:29.603 11866 11923 E SQLiteDatabase: at X.3QF.A14(Unknown Source:470)
03-14 17:26:29.603 11866 11923 E SQLiteDatabase: at X.3gU.run(Unknown Source:982)
03-14 17:26:29.603 11866 11923 E SQLiteDatabase: at android.os.Handler.handleCallback(Handler.java:942)
03-14 17:26:29.603 11866 11923 E SQLiteDatabase: at android.os.Handler.dispatchMessage(Handler.java:99)
03-14 17:26:29.603 11866 11923 E SQLiteDatabase: at X.0zq.dispatchMessage(Unknown Source:4)
03-14 17:26:29.603 11866 11923 E SQLiteDatabase: at android.os.Looper.loopOnce(Looper.java:211)
03-14 17:26:29.603 11866 11923 E SQLiteDatabase: at android.os.Looper.loop(Looper.java:300)
03-14 17:26:29.603 11866 11923 E SQLiteDatabase: at android.os.HandlerThread.run(HandlerThread.java:67)
03-14 17:26:30.455 11866 13102 W com.mbwhatsapp: Accessing hidden field Landroid/app/Notification;->extraNotification:Landroid/app/MiuiNotification; (blocked, reflection, denied)
03-14 17:26:30.472 11866 13102 W com.mbwhatsapp: Accessing hidden field Landroid/app/Notification;->extraNotification:Landroid/app/MiuiNotification; (blocked, reflection, denied)
03-14 17:26:30.484 11866 13102 E FileUtils: err open mi_exception_log errno=2
03-14 17:26:30.484 11866 13102 E FileUtils: err write to mi_exception_log
03-14 17:26:30.507 11866 13105 W com.mbwhatsapp: Accessing hidden method Landroid/app/MiuiNotification;-><init>()V (blocked, reflection, denied)
03-14 17:26:32.261 11866 13102 W com.mbwhatsapp: Accessing hidden field Landroid/app/Notification;->extraNotification:Landroid/app/MiuiNotification; (blocked, reflection, denied)
03-14 17:26:32.281 11866 13102 W com.mbwhatsapp: Accessing hidden field Landroid/app/Notification;->extraNotification:Landroid/app/MiuiNotification; (blocked, reflection, denied)
03-14 17:26:32.292 11866 13102 E FileUtils: err open mi_exception_log errno=2
03-14 17:26:32.292 11866 13102 E FileUtils: err write to mi_exception_log
03-14 17:27:52.113 11866 13102 W com.mbwhatsapp: Accessing hidden field Landroid/app/Notification;->extraNotification:Landroid/app/MiuiNotification; (blocked, reflection, denied)
03-14 17:27:52.130 11866 13102 W com.mbwhatsapp: Accessing hidden field Landroid/app/Notification;->extraNotification:Landroid/app/MiuiNotification; (blocked, reflection, denied)
03-14 17:27:52.139 11866 13102 E FileUtils: err open mi_exception_log errno=2
03-14 17:27:52.139 11866 13102 E FileUtils: err write to mi_exception_log
03-14 17:27:52.158 11866 13105 W com.mbwhatsapp: Accessing hidden method Landroid/app/MiuiNotification;-><init>()V (blocked, reflection, denied)
03-14 17:28:36.237 11866 13102 W com.mbwhatsapp: Accessing hidden field Landroid/app/Notification;->extraNotification:Landroid/app/MiuiNotification; (blocked, reflection, denied)
03-14 17:28:36.253 11866 13102 W com.mbwhatsapp: Accessing hidden field Landroid/app/Notification;->extraNotification:Landroid/app/MiuiNotification; (blocked, reflection, denied)
03-14 17:28:36.262 11866 13102 E FileUtils: err open mi_exception_log errno=2
03-14 17:28:36.263 11866 13102 E FileUtils: err write to mi_exception_log
03-14 17:28:36.277 11866 13105 W com.mbwhatsapp: Accessing hidden method Landroid/app/MiuiNotification;-><init>()V (blocked, reflection, denied)
03-14 17:28:52.013 11866 13105 W com.mbwhatsapp: Accessing hidden method Landroid/app/MiuiNotification;-><init>()V (blocked, reflection, denied)
03-14 17:28:52.370 11866 11923 E SQLiteDatabase: Error inserting transferred=1 media_job_uuid=35eec358-f2b7-459f-8616-dade473d5b1e transcoded=0 gif_attribution=0 first_scan_length=0 direct_path=/v/t62.7117- 24/32276760_753794893393362_7252837448810727721_n.enc?ccb=11- 4&oh=01_AdS0h2HPfEIqy8uznokhVqpavwXVu9Iy2wnm6cgKql7nSA&oe=661AE228&_nc_sid=5e03e0 thumbnail_height_width_ratio=0.0 is_animated_sticker=0 file_hash=6/yneHcEkqx0/iTXRHYxqrkzHcWhw962atkf+5ITee8= file_path=Media/MBWhatsApp Voice Notes/202411/PTT-20240314-WA0002.opus file_size=67728 partial_media_hash=null face_x=0 face_y=0 height=0 trim_to=0 media_key_timestamp=1710458904000 message_url=https://mmg.whatsapp.net/v/t62.7117- 24/32276760_753794893393362_7252837448810727721_n.enc?ccb=11- 4&oh=01_AdS0h2HPfEIqy8uznokhVqpavwXVu9Iy2wnm6cgKql7nSA&oe=661AE228&_nc_sid=5e03e0&m ms3=true media_caption=null trim_from=0 mime_type=audio/ogg; codecs=opus partial_media_enc_hash=null width=0 original_file_hash=null has_streaming_sidecar=0 autotransfer_retry_enabled=1 media_upload_handle=null message_row_id=9112 multicast_id=null enc_file_hash=qhkwVqkpykNbxNZNmnhzKxu55I3NTw/I/YIQc+276sM= mute_video=0 page_count=0 first_scan_sidecar=null suspicious_content=0 file_length=67728 media_name=null media_duration=28 chat_row_id=6 media_key=[B@8129173
03-14 17:28:52.370 11866 11923 E SQLiteDatabase: android.database.sqlite.SQLiteConstraintException: UNIQUE constraint failed: message_media.message_row_id (code 1555 SQLITE_CONSTRAINT_PRIMARYKEY)
03-14 17:28:52.370 11866 11923 E SQLiteDatabase: at android.database.sqlite.SQLiteConnection.nativeExecuteForLastInsertedRowId(Native Method)
03-14 17:28:52.370 11866 11923 E SQLiteDatabase: at android.database.sqlite.SQLiteConnection.executeForLastInsertedRowId(SQLiteConnecti on.java:961)
03-14 17:28:52.370 11866 11923 E SQLiteDatabase: at android.database.sqlite.SQLiteSession.executeForLastInsertedRowId(SQLiteSession.jav a:790)
03-14 17:28:52.370 11866 11923 E SQLiteDatabase: at android.database.sqlite.SQLiteStatement.executeInsert(SQLiteStatement.java:89)
03-14 17:28:52.370 11866 11923 E SQLiteDatabase: at android.database.sqlite.SQLiteDatabase.insertWithOnConflict(SQLiteDatabase.java:186 8)
03-14 17:28:52.370 11866 11923 E SQLiteDatabase: at android.database.sqlite.SQLiteDatabase.insert(SQLiteDatabase.java:1737)
03-14 17:28:52.370 11866 11923 E SQLiteDatabase: at X.2tm.A08(Unknown Source:6)
03-14 17:28:52.370 11866 11923 E SQLiteDatabase: at X.35Y.A07(Unknown Source:212)
03-14 17:28:52.370 11866 11923 E SQLiteDatabase: at X.3QF.A14(Unknown Source:470)
03-14 17:28:52.370 11866 11923 E SQLiteDatabase: at X.3gU.run(Unknown Source:982)
03-14 17:28:52.370 11866 11923 E SQLiteDatabase: at android.os.Handler.handleCallback(Handler.java:942)
03-14 17:28:52.370 11866 11923 E SQLiteDatabase: at android.os.Handler.dispatchMessage(Handler.java:99)
03-14 17:28:52.370 11866 11923 E SQLiteDatabase: at X.0zq.dispatchMessage(Unknown Source:4)
03-14 17:28:52.370 11866 11923 E SQLiteDatabase: at android.os.Looper.loopOnce(Looper.java:211)
03-14 17:28:52.370 11866 11923 E SQLiteDatabase: at android.os.Looper.loop(Looper.java:300)
03-14 17:28:52.370 11866 11923 E SQLiteDatabase: at android.os.HandlerThread.run(HandlerThread.java:67)
03-14 17:28:52.449 11866 13102 W com.mbwhatsapp: Accessing hidden field Landroid/app/Notification;->extraNotification:Landroid/app/MiuiNotification; (blocked, reflection, denied)
03-14 17:28:52.515 11866 13102 W com.mbwhatsapp: Accessing hidden field Landroid/app/Notification;->extraNotification:Landroid/app/MiuiNotification; (blocked, reflection, denied)
03-14 17:28:52.536 11866 13102 W com.mbwhatsapp: Accessing hidden field Landroid/app/Notification;->extraNotification:Landroid/app/MiuiNotification; (blocked, reflection, denied)
03-14 17:28:52.544 11866 13102 E FileUtils: err open mi_exception_log errno=2
03-14 17:28:52.544 11866 13102 E FileUtils: err write to mi_exception_log
03-14 17:28:52.557 11866 13105 W com.mbwhatsapp: Accessing hidden method Landroid/app/MiuiNotification;-><init>()V (blocked, reflection, denied)
03-14 17:29:32.389 11866 13105 W com.mbwhatsapp: Accessing hidden method Landroid/app/MiuiNotification;-><init>()V (blocked, reflection, denied)
03-14 17:29:32.847 11866 11923 E SQLiteDatabase: Error inserting transferred=1 media_job_uuid=c32b1cb4-305c-4357-830b-9df9802b776c transcoded=0 gif_attribution=0 first_scan_length=4148 direct_path=/o1/v/t62.7118-24/f1/m236/up-oil-image-016c633b- 7d6e-4f00-ab3e-1adfaa5b2ebb?ccb=9-4&oh=01_AdQZutnjziu- 0tUZHZgmYT8dB7vQ2Z6MRbZpbF34iDSO6A&oe=661B0DD5&_nc_sid=000000 thumbnail_height_width_ratio=0.6625 is_animated_sticker=0 file_hash=pZjdCRduw+b2GoW678TYqDGkz4SlALYckOlunfRjhGY= file_path=Media/.Statuses/d8cc226068b443cf83cdb0ec10a4598f.jpg file_size=20571 partial_media_hash=4RgQUPorFNYmxPuWOAtFC1DrPcQ9uyBTkMKN89G5E+A= face_x=0 face_y=0 height=722 trim_to=0 media_key_timestamp=1710458971000 message_url=https://mmg.whatsapp.net/o1/v/t62.7118-24/f1/m236/up-oil-image- 016c633b-7d6e-4f00-ab3e-1adfaa5b2ebb?ccb=9-4&oh=01_AdQZutnjziu- 0tUZHZgmYT8dB7vQ2Z6MRbZpbF34iDSO6A&oe=661B0DD5&_nc_sid=000000&mms3=true media_caption=null trim_from=0 mime_type=image/jpeg partial_media_enc_hash=null width=1080 original_file_hash=null has_streaming_sidecar=1 autotransfer_retry_enabled=1 media_upload_handle=null message_row_id=9113 multicast_id=null enc_file_hash=foLhrLAz8co+wi2TTj1PrfwqHND6/RX1MGlNOvrWza4= mute_video=0 page_count=0 first_scan_sidecar=[B@89c425 suspicious_content=0 file_length=20571 media_name=null media_duration=0 chat_row_id=2 media_key=[B@e09f9fa
03-14 17:29:32.847 11866 11923 E SQLiteDatabase: android.database.sqlite.SQLiteConstraintException: UNIQUE constraint failed: message_media.message_row_id (code 1555 SQLITE_CONSTRAINT_PRIMARYKEY)
03-14 17:29:32.847 11866 11923 E SQLiteDatabase: at android.database.sqlite.SQLiteConnection.nativeExecuteForLastInsertedRowId(Native Method)
03-14 17:29:32.847 11866 11923 E SQLiteDatabase: at android.database.sqlite.SQLiteConnection.executeForLastInsertedRowId(SQLiteConnecti on.java:961)
03-14 17:29:32.847 11866 11923 E SQLiteDatabase: at android.database.sqlite.SQLiteSession.executeForLastInsertedRowId(SQLiteSession.jav a:790)
03-14 17:29:32.847 11866 11923 E SQLiteDatabase: at android.database.sqlite.SQLiteStatement.executeInsert(SQLiteStatement.java:89)
03-14 17:29:32.847 11866 11923 E SQLiteDatabase: at android.database.sqlite.SQLiteDatabase.insertWithOnConflict(SQLiteDatabase.java:186 8)
03-14 17:29:32.847 11866 11923 E SQLiteDatabase: at android.database.sqlite.SQLiteDatabase.insert(SQLiteDatabase.java:1737)
03-14 17:29:32.847 11866 11923 E SQLiteDatabase: at X.2tm.A08(Unknown Source:6)
03-14 17:29:32.847 11866 11923 E SQLiteDatabase: at X.35Y.A07(Unknown Source:212)
03-14 17:29:32.847 11866 11923 E SQLiteDatabase: at X.3QF.A14(Unknown Source:470)
03-14 17:29:32.847 11866 11923 E SQLiteDatabase: at X.3gU.run(Unknown Source:982)
03-14 17:29:32.847 11866 11923 E SQLiteDatabase: at android.os.Handler.handleCallback(Handler.java:942)
03-14 17:29:32.847 11866 11923 E SQLiteDatabase: at android.os.Handler.dispatchMessage(Handler.java:99)
03-14 17:29:32.847 11866 11923 E SQLiteDatabase: at X.0zq.dispatchMessage(Unknown Source:4)
03-14 17:29:32.847 11866 11923 E SQLiteDatabase: at android.os.Looper.loopOnce(Looper.java:211)
03-14 17:29:32.847 11866 11923 E SQLiteDatabase: at android.os.Looper.loop(Looper.java:300)
03-14 17:29:32.847 11866 11923 E SQLiteDatabase: at android.os.HandlerThread.run(HandlerThread.java:67)
03-14 17:29:32.868 11866 13105 W com.mbwhatsapp: Accessing hidden method Landroid/app/MiuiNotification;-><init>()V (blocked, reflection, denied)
03-14 17:33:47.306 11866 11942 E FileUtils: err open mi_exception_log errno=2
03-14 17:33:47.306 11866 11942 E FileUtils: err write to mi_exception_log
03-14 17:33:47.593 11866 13105 W com.mbwhatsapp: Accessing hidden method Landroid/app/MiuiNotification;-><init>()V (blocked, reflection, denied)
03-14 17:33:47.600 11866 13102 W com.mbwhatsapp: Accessing hidden field Landroid/app/Notification;->extraNotification:Landroid/app/MiuiNotification; (blocked, reflection, denied)
03-14 17:33:47.624 11866 13102 W com.mbwhatsapp: Accessing hidden field Landroid/app/Notification;->extraNotification:Landroid/app/MiuiNotification; (blocked, reflection, denied)
03-14 17:33:47.629 11866 13102 E FileUtils: err open mi_exception_log errno=2
03-14 17:33:47.629 11866 13102 E FileUtils: err write to mi_exception_log
03-14 17:33:47.643 11866 13105 W com.mbwhatsapp: Accessing hidden method Landroid/app/MiuiNotification;-><init>()V (blocked, reflection, denied)
03-14 17:33:47.721 11866 13102 W com.mbwhatsapp: Accessing hidden field Landroid/app/Notification;->extraNotification:Landroid/app/MiuiNotification; (blocked, reflection, denied)
03-14 17:33:47.736 11866 13102 W com.mbwhatsapp: Accessing hidden field Landroid/app/Notification;->extraNotification:Landroid/app/MiuiNotification; (blocked, reflection, denied)
03-14 17:33:47.741 11866 13102 E FileUtils: err open mi_exception_log errno=2
03-14 17:33:47.741 11866 13102 E FileUtils: err write to mi_exception_log
03-14 17:33:47.754 11866 13105 W com.mbwhatsapp: Accessing hidden method Landroid/app/MiuiNotification;-><init>()V (blocked, reflection, denied)
03-14 17:33:48.173 11866 14795 E ion : ioctl c0044901 failed with code -1: Invalid argument
03-14 17:33:48.297 11866 11923 E SQLiteDatabase: Error inserting transferred=1 media_job_uuid=9b2be432-bda7-4711-833d-5107100339e2 transcoded=0 gif_attribution=0 first_scan_length=14682 direct_path=/o1/v/t62.7118-24/f1/m269/up-oil-image- 39f1b31c-5b7a-4859-b79c-b86c4db88fda?ccb=9-4&oh=01_AdQ-cjfPEuLft9k4fCrC_y- BP83Fy7PWBjNuOOE-0SXkew&oe=661AE290&_nc_sid=000000 thumbnail_height_width_ratio=1.3584906 is_animated_sticker=0 file_hash=I7RUA7haj89QMP4BdKYl1mc7nA22pfdvKw+0B+LTy68= file_path=Media/MBWhatsApp Images/IMG-20240314-WA0003.jpg file_size=135243 partial_media_hash=+e82OUkr2onfOGIEqUzk6ecJOLUkD2ihevzyUUDXga8= face_x=0 face_y=0 height=1600 trim_to=0 media_key_timestamp=1710459207000 message_url=https://mmg.whatsapp.net/o1/v/t62.7118-24/f1/m269/up-oil-image- 39f1b31c-5b7a-4859-b79c-b86c4db88fda?ccb=9-4&oh=01_AdQ-cjfPEuLft9k4fCrC_y- BP83Fy7PWBjNuOOE-0SXkew&oe=661AE290&_nc_sid=000000&mms3=true media_caption=null trim_from=0 mime_type=image/jpeg partial_media_enc_hash=null width=1200 original_file_hash=null has_streaming_sidecar=1 autotransfer_retry_enabled=1 media_upload_handle=null message_row_id=9116 multicast_id=null enc_file_hash=DhC+ziLwptq50oNBn9s5ZAc2pvW8mnBYReDjD7e/OLc= mute_video=0 page_count=0 first_scan_sidecar=[B@d70fdbe suspicious_content=0 file_length=135243 media_name=null media_duration=0 chat_row_id=5 media_key=[B@5601e1f
03-14 17:33:48.297 11866 11923 E SQLiteDatabase: android.database.sqlite.SQLiteConstraintException: UNIQUE constraint failed: message_media.message_row_id (code 1555 SQLITE_CONSTRAINT_PRIMARYKEY)
03-14 17:33:48.297 11866 11923 E SQLiteDatabase: at android.database.sqlite.SQLiteConnection.nativeExecuteForLastInsertedRowId(Native Method)
03-14 17:33:48.297 11866 11923 E SQLiteDatabase: at android.database.sqlite.SQLiteConnection.executeForLastInsertedRowId(SQLiteConnecti on.java:961)
03-14 17:33:48.297 11866 11923 E SQLiteDatabase: at android.database.sqlite.SQLiteSession.executeForLastInsertedRowId(SQLiteSession.jav a:790)
03-14 17:33:48.297 11866 11923 E SQLiteDatabase: at android.database.sqlite.SQLiteStatement.executeInsert(SQLiteStatement.java:89)
03-14 17:33:48.297 11866 11923 E SQLiteDatabase: at android.database.sqlite.SQLiteDatabase.insertWithOnConflict(SQLiteDatabase.java:186 8)
03-14 17:33:48.297 11866 11923 E SQLiteDatabase: at android.database.sqlite.SQLiteDatabase.insert(SQLiteDatabase.java:1737)
03-14 17:33:48.297 11866 11923 E SQLiteDatabase: at X.2tm.A08(Unknown Source:6)
03-14 17:33:48.297 11866 11923 E SQLiteDatabase: at X.35Y.A07(Unknown Source:212)
03-14 17:33:48.297 11866 11923 E SQLiteDatabase: at X.3QF.A14(Unknown Source:470)
03-14 17:33:48.297 11866 11923 E SQLiteDatabase: at X.3gU.run(Unknown Source:982)
03-14 17:33:48.297 11866 11923 E SQLiteDatabase: at android.os.Handler.handleCallback(Handler.java:942)
03-14 17:33:48.297 11866 11923 E SQLiteDatabase: at android.os.Handler.dispatchMessage(Handler.java:99)
03-14 17:33:48.297 11866 11923 E SQLiteDatabase: at X.0zq.dispatchMessage(Unknown Source:4)
03-14 17:33:48.297 11866 11923 E SQLiteDatabase: at android.os.Looper.loopOnce(Looper.java:211)
03-14 17:33:48.297 11866 11923 E SQLiteDatabase: at android.os.Looper.loop(Looper.java:300)
03-14 17:33:48.297 11866 11923 E SQLiteDatabase: at android.os.HandlerThread.run(HandlerThread.java:67)
03-14 17:33:49.032 11866 13105 W com.mbwhatsapp: Accessing hidden method Landroid/app/MiuiNotification;-><init>()V (blocked, reflection, denied)
03-14 17:33:49.127 11866 13102 W com.mbwhatsapp: Accessing hidden field Landroid/app/Notification;->extraNotification:Landroid/app/MiuiNotification; (blocked, reflection, denied)
03-14 17:33:49.142 11866 13102 W com.mbwhatsapp: Accessing hid--------- beginning of main
03-14 17:33:49.148 11866 13102 E FileUtils: err open mi_exception_log errno=2
03-14 17:33:49.148 11866 13102 E FileUtils: err write to mi_exception_log
03-14 17:33:49.160 11866 13105 W com.mbwhatsapp: Accessing hidden method Landroid/app/MiuiNotification;-><init>()V (blocked, reflection, denied)
03-14 17:33:51.716 11866 13102 W com.mbwhatsapp: Accessing hidden field Landroid/app/Notification;->extraNotification:Landroid/app/MiuiNotification; (blocked, reflection, denied)
03-14 17:33:51.781 11866 13102 W com.mbwhatsapp: Accessing hidden field Landroid/app/Notification;->extraNotification:Landroid/app/MiuiNotification; (blocked, reflection, denied)
03-14 17:33:51.811 11866 13102 W com.mbwhatsapp: Accessing hidden field Landroid/app/Notification;->extraNotification:Landroid/app/MiuiNotification; (blocked, reflection, denied)
03-14 17:33:51.885 11866 13102 W com.mbwhatsapp: Accessing hidden field Landroid/app/Notification;->extraNotification:Landroid/app/MiuiNotification; (blocked, reflection, denied)
03-14 17:33:51.909 11866 13102 W com.mbwhatsapp: Accessing hidden field Landroid/app/Notification;->extraNotification:Landroid/app/MiuiNotification; (blocked, reflection, denied)
03-14 17:33:51.916 11866 13102 E FileUtils: err open mi_exception_log errno=2
03-14 17:33:51.916 11866 13102 E FileUtils: err write to mi_exception_log
03-14 17:35:16.238 14995 14995 E com.mbwhatsapp: Not starting debugger since process cannot load the jdwp agent.
03-14 17:35:16.408 14995 14995 W System.err: java.lang.ClassNotFoundException: mbmodsd.mbmodsw.ui.views.btn.BtnBK
03-14 17:35:16.409 14995 14995 W System.err: at java.lang.Runtime.nativeLoad(Native Method)
03-14 17:35:16.409 14995 14995 W System.err: at java.lang.Runtime.nativeLoad(Runtime.java:1126)
03-14 17:35:16.409 14995 14995 W System.err: at java.lang.Runtime.loadLibrary0(Runtime.java:1080)
03-14 17:35:16.409 14995 14995 W System.err: at java.lang.Runtime.loadLibrary0(Runtime.java:1003)
03-14 17:35:16.409 14995 14995 W System.err: at java.lang.System.loadLibrary(System.java:1661)
03-14 17:35:16.409 14995 14995 W System.err: at arm.EpicVm.<clinit>(Unknown Source:2)
03-14 17:35:16.409 14995 14995 W System.err: at java.lang.Class.newInstance(Native Method)
03-14 17:35:16.409 14995 14995 W System.err: at android.app.AppComponentFactory.instantiateApplication(AppComponentFactory.java:76)
03-14 17:35:16.409 14995 14995 W System.err: at androidx.core.app.CoreComponentFactory.instantiateApplication(Unknown Source:0)
03-14 17:35:16.409 14995 14995 W System.err: at android.app.Instrumentation.newApplication(Instrumentation.java:1249)
03-14 17:35:16.409 14995 14995 W System.err: at android.app.LoadedApk.makeApplicationInner(LoadedApk.java:1493)
03-14 17:35:16.409 14995 14995 W System.err: at android.app.LoadedApk.makeApplicationInner(LoadedApk.java:1426)
03-14 17:35:16.409 14995 14995 W System.err: at android.app.ActivityThread.handleBindApplication(ActivityThread.java:7048)
03-14 17:35:16.409 14995 14995 W System.err: at android.app.ActivityThread.-$ $Nest$mhandleBindApplication(Unknown Source:0)
03-14 17:35:16.409 14995 14995 W System.err: at android.app.ActivityThread$H.handleMessage(ActivityThread.java:2253)
03-14 17:35:16.409 14995 14995 W System.err: at android.os.Handler.dispatchMessage(Handler.java:106)
03-14 17:35:16.409 14995 14995 W System.err: at android.os.Looper.loopOnce(Looper.java:211)
03-14 17:35:16.409 14995 14995 W System.err: at android.os.Looper.loop(Looper.java:300)
03-14 17:35:16.409 14995 14995 W System.err: at android.app.ActivityThread.main(ActivityThread.java:8232)
03-14 17:35:16.409 14995 14995 W System.err: at java.lang.reflect.Method.invoke(Native Method)
03-14 17:35:16.409 14995 14995 W System.err: at com.android.internal.os.RuntimeInit$MethodAndArgsCaller.run(RuntimeInit.java:580)
03-14 17:35:16.409 14995 14995 W System.err: at com.android.internal.os.ZygoteInit.main(ZygoteInit.java:1028)
03-14 17:35:16.463 14995 14995 E CustomActivityOnCrash: IMPORTANT WARNING! You already have an UncaughtExceptionHandler, are you sure this is correct? If you use a custom UncaughtExceptionHandler, you must initialize it AFTER CustomActivityOnCrash! Installing anyway, but your original handler will not be called.
03-14 17:35:16.833 14995 14995 W com.mbwhatsapp: Accessing hidden method Lcom/android/org/conscrypt/OpenSSLSocketImpl;->setUseSessionTickets(Z)V (max- target-q,core-platform-api, reflection, denied)
03-14 17:35:16.833 14995 14995 W com.mbwhatsapp: Accessing hidden method Lcom/android/org/conscrypt/AbstractConscryptSocket;->setUseSessionTickets(Z)V (max- target-q, reflection, denied)
03-14 17:35:17.026 14995 15068 W com.mbwhatsapp: Method void X.2rL.A03(java.lang.Integer) failed lock verification and will run slower.
03-14 17:35:17.026 14995 15068 W com.mbwhatsapp: Common causes for lock verification issues are non-optimized dex code
03-14 17:35:17.026 14995 15068 W com.mbwhatsapp: and incorrect proguard optimizations.
03-14 17:35:17.030 14995 14995 E FileUtils: err open mi_exception_log errno=2
03-14 17:35:17.030 14995 14995 E FileUtils: err write to mi_exception_log
03-14 17:35:17.659 14995 15093 E FileUtils: err open mi_exception_log errno=2
03-14 17:35:17.659 14995 15093 E FileUtils: err write to mi_exception_log
03-14 17:35:18.145 14995 15066 E SQLiteDatabase: Error inserting transferred=1 media_job_uuid=35eec358-f2b7-459f-8616-dade473d5b1e transcoded=0 gif_attribution=0 first_scan_length=0 direct_path=/v/t62.7117- 24/32276760_753794893393362_7252837448810727721_n.enc?ccb=11- 4&oh=01_AdS0h2HPfEIqy8uznokhVqpavwXVu9Iy2wnm6cgKql7nSA&oe=661AE228&_nc_sid=5e03e0 thumbnail_height_width_ratio=0.0 is_animated_sticker=0 file_hash=6/yneHcEkqx0/iTXRHYxqrkzHcWhw962atkf+5ITee8= file_path=Media/MBWhatsApp Voice Notes/202411/PTT-20240314-WA0002.opus file_size=67728 partial_media_hash=null face_x=0 face_y=0 height=0 trim_to=0 media_key_timestamp=1710458904000 message_url=https://mmg.whatsapp.net/v/t62.7117- 24/32276760_753794893393362_7252837448810727721_n.enc?ccb=11- 4&oh=01_AdS0h2HPfEIqy8uznokhVqpavwXVu9Iy2wnm6cgKql7nSA&oe=661AE228&_nc_sid=5e03e0&m ms3=true media_caption=null trim_from=0 mime_type=audio/ogg; codecs=opus partial_media_enc_hash=null width=0 original_file_hash=null has_streaming_sidecar=0 autotransfer_retry_enabled=1 media_upload_handle=null message_row_id=9112 multicast_id=null enc_file_hash=qhkwVqkpykNbxNZNmnhzKxu55I3NTw/I/YIQc+276sM= mute_video=0 page_count=0 first_scan_sidecar=null suspicious_content=0 file_length=67728 media_name=null media_duration=28 chat_row_id=6 media_key=[B@1c9a4ee
03-14 17:35:18.145 14995 15066 E SQLiteDatabase: android.database.sqlite.SQLiteConstraintException: UNIQUE constraint failed: message_media.message_row_id (code 1555 SQLITE_CONSTRAINT_PRIMARYKEY)
03-14 17:35:18.145 14995 15066 E SQLiteDatabase: at android.database.sqlite.SQLiteConnection.nativeExecuteForLastInsertedRowId(Native Method)
03-14 17:35:18.145 14995 15066 E SQLiteDatabase: at android.database.sqlite.SQLiteConnection.executeForLastInsertedRowId(SQLiteConnecti on.java:961)
03-14 17:35:18.145 14995 15066 E SQLiteDatabase: at android.database.sqlite.SQLiteSession.executeForLastInsertedRowId(SQLiteSession.jav a:790)
03-14 17:35:18.145 14995 15066 E SQLiteDatabase: at android.database.sqlite.SQLiteStatement.executeInsert(SQLiteStatement.java:89)
03-14 17:35:18.145 14995 15066 E SQLiteDatabase: at android.database.sqlite.SQLiteDatabase.insertWithOnConflict(SQLiteDatabase.java:186 8)
03-14 17:35:18.145 14995 15066 E SQLiteDatabase: at android.database.sqlite.SQLiteDatabase.insert(SQLiteDatabase.java:1737)
03-14 17:35:18.145 14995 15066 E SQLiteDatabase: at X.2tm.A08(Unknown Source:6)
03-14 17:35:18.145 14995 15066 E SQLiteDatabase: at X.35Y.A07(Unknown Source:212)
03-14 17:35:18.145 14995 15066 E SQLiteDatabase: at X.3QF.A14(Unknown Source:470)
03-14 17:35:18.145 14995 15066 E SQLiteDatabase: at X.31e.A03(Unknown Source:174)
03-14 17:35:18.145 14995 15066 E SQLiteDatabase: at X.31e.A04(Unknown Source:134)
03-14 17:35:18.145 14995 15066 E SQLiteDatabase: at X.3Uz.A07(Unknown Source:136)
03-14 17:35:18.145 14995 15066 E SQLiteDatabase: at X.3Uz.A02(Unknown Source:692)
03-14 17:35:18.145 14995 15066 E SQLiteDatabase: at X.3eS.run(Unknown Source:4041)
03-14 17:35:18.145 14995 15066 E SQLiteDatabase: at android.os.Handler.handleCallback(Handler.java:942)
03-14 17:35:18.145 14995 15066 E SQLiteDatabase: at android.os.Handler.dispatchMessage(Handler.java:99)
03-14 17:35:18.145 14995 15066 E SQLiteDatabase: at X.0zr.dispatchMessage(Unknown Source:4)
03-14 17:35:18.145 14995 15066 E SQLiteDatabase: at android.os.Looper.loopOnce(Looper.java:211)
03-14 17:35:18.145 14995 15066 E SQLiteDatabase: at android.os.Looper.loop(Looper.java:300)
03-14 17:35:18.145 14995 15066 E SQLiteDatabase: at android.os.HandlerThread.run(HandlerThread.java:67)
03-14 17:35:18.223 14995 15066 E FileUtils: err open mi_exception_log errno=2
03-14 17:35:18.223 14995 15066 E FileUtils: err write to mi_exception_log
