03-29 17:39:31.544 11223 11223 W System.err: at java.lang.System.loadLibrary(System.java:1661)
03-29 17:39:31.544 11223 11223 W System.err: at arm.EpicVm.<clinit>(Unknown Source:2)
03-29 17:39:31.544 11223 11223 W System.err: at java.lang.Class.newInstance(Native Method)
03-29 17:39:31.544 11223 11223 W System.err: at android.app.AppComponentFactory.instantiateApplication(AppComponentFactory.java:76)
03-29 17:39:31.544 11223 11223 W System.err: at androidx.core.app.CoreComponentFactory.instantiateApplication(Unknown Source:0)
03-29 17:39:31.544 11223 11223 W System.err: at android.app.Instrumentation.newApplication(Instrumentation.java:1251)
03-29 17:39:31.544 11223 11223 W System.err: at android.app.LoadedApk.makeApplicationInner(LoadedApk.java:1507)
03-29 17:39:31.544 11223 11223 W System.err: at android.app.LoadedApk.makeApplicationInner(LoadedApk.java:1443)
03-29 17:39:31.544 11223 11223 W System.err: at android.app.ActivityThread.handleBindApplication(ActivityThread.java:7232)
03-29 17:39:31.544 11223 11223 W System.err: at android.app.ActivityThread.-$ $Nest$mhandleBindApplication(Unknown Source:0)
03-29 17:39:31.544 11223 11223 W System.err: at android.app.ActivityThread$H.handleMessage(ActivityThread.java:2307)
03-29 17:39:31.544 11223 11223 W System.err: at android.os.Handler.dispatchMessage(Handler.java:106)
03-29 17:39:31.544 11223 11223 W System.err: at android.os.Looper.loopOnce(Looper.java:240)
03-29 17:39:31.544 11223 11223 W System.err: at android.os.Looper.loop(Looper.java:351)
03-29 17:39:31.544 11223 11223 W System.err: at android.app.ActivityThread.main(ActivityThread.java:8436)
03-29 17:39:31.544 11223 11223 W System.err: at java.lang.reflect.Method.invoke(Native Method)
03-29 17:39:31.544 11223 11223 W System.err: at com.android.internal.os.RuntimeInit$MethodAndArgsCaller.run(RuntimeInit.java:568)
03-29 17:39:31.544 11223 11223 W System.err: at com.android.internal.os.ZygoteInit.main(ZygoteInit.java:1013)
03-29 17:39:31.662 11223 11223 E CustomActivityOnCrash: IMPORTANT WARNING! You already have an UncaughtExceptionHandler, are you sure this is correct? If you use a custom UncaughtExceptionHandler, you must initialize it AFTER CustomActivityOnCrash! Installing anyway, but your original handler will not be called.
03-29 17:39:33.367 11223 11223 W com.mbwhatsapp: Accessing hidden method Lcom/android/org/conscrypt/OpenSSLSocketImpl;->setUseSessionTickets(Z)V (max- target-q,core-platform-api, reflection, denied)
03-29 17:39:33.368 11223 11223 W com.mbwhatsapp: Accessing hidden method Lcom/android/org/conscrypt/AbstractConscryptSocket;->setUseSessionTickets(Z)V (max- target-q, reflection, denied)
03-29 17:39:34.158 11223 11223 E ANR_LOG : Blocked msg = { when=+3s443ms what=110 target=android.app.ActivityThr--------- beginning of main
03-29 17:41:00.044 13912 13912 E com.mbwhatsapp: Unknown bits set in runtime_flags: 0x40000000
03-29 17:41:00.108 13912 13912 E com.mbwhatsapp: Not starting debugger since process cannot load the jdwp agent.
03-29 17:41:00.120 13912 13912 W ziparchive: Unable to open '/system/framework/mediatek-framework.dm': No such file or directory
03-29 17:41:00.120 13912 13912 W ziparchive: Unable to open '/system/framework/mediatek-framework.dm': No such file or directory
03-29 17:41:00.153 13912 13928 E com.mbwhatsapp: Could not write anonymous vdex /system/framework/oat/arm64/mediatek-framework.vdex: Could not open /system/framework/oat/arm64/mediatek-framework.vdex for writing
03-29 17:41:00.457 13912 13912 W libc : Access denied finding property "ro.odm.prev.product.name"
03-29 17:41:00.985 13912 13912 W System.err: java.lang.ClassNotFoundException: mbmodsd.mbmodsw.ui.views.btn.BtnBK
03-29 17:41:00.992 13912 13912 W System.err: at java.lang.Runtime.nativeLoad(Native Method)
03-29 17:41:00.992 13912 13912 W System.err: at java.lang.Runtime.nativeLoad(Runtime.java:1121)
03-29 17:41:00.992 13912 13912 W System.err: at java.lang.Runtime.loadLibrary0(Runtime.java:1075)
03-29 17:41:00.992 13912 13912 W System.err: at java.lang.Runtime.loadLibrary0(Runtime.java:998)
03-29 17:41:00.992 13912 13912 W System.err: at java.lang.System.loadLibrary(System.java:1661)
03-29 17:41:00.992 13912 13912 W System.err: at arm.EpicVm.<clinit>(Unknown Source:2)
03-29 17:41:00.992 13912 13912 W System.err: at java.lang.Class.newInstance(Native Method)
03-29 17:41:00.992 13912 13912 W System.err: at android.app.AppComponentFactory.instantiateApplication(AppComponentFactory.java:76)
03-29 17:41:00.992 13912 13912 W System.err: at androidx.core.app.CoreComponentFactory.instantiateApplication(Unknown Source:0)
03-29 17:41:00.992 13912 13912 W System.err: at android.app.Instrumentation.newApplication(Instrumentation.java:1251)
03-29 17:41:00.992 13912 13912 W System.err: at android.app.LoadedApk.makeApplicationInner(LoadedApk.java:1507)
03-29 17:41:00.992 13912 13912 W System.err: at android.app.LoadedApk.makeApplicationInner(LoadedApk.java:1443)
03-29 17:41:00.993 13912 13912 W System.err: at android.app.ActivityThread.handleBindApplication(ActivityThread.java:7232)
03-29 17:41:00.993 13912 13912 W System.err: at android.app.ActivityThread.-$ $Nest$mhandleBindApplication(Unknown Source:0)
03-29 17:41:00.993 13912 13912 W System.err: at android.app.ActivityThread$H.handleMessage(ActivityThread.java:2307)
03-29 17:41:00.994 13912 13912 W System.err: at android.os.Handler.dispatchMessage(Handler.java:106)
03-29 17:41:00.994 13912 13912 W System.err: at android.os.Looper.loopOnce(Looper.java:240)
03-29 17:41:00.994 13912 13912 W System.err: at android.os.Looper.loop(Looper.java:351)
03-29 17:41:00.994 13912 13912 W System.err: at android.app.ActivityThread.main(ActivityThread.java:8436)
03-29 17:41:00.994 13912 13912 W System.err: at java.lang.reflect.Method.invoke(Native Method)
03-29 17:41:00.994 13912 13912 W System.err: at com.android.internal.os.RuntimeInit$MethodAndArgsCaller.run(RuntimeInit.java:568)
03-29 17:41:00.994 13912 13912 W System.err: at com.android.internal.os.ZygoteInit.main(ZygoteInit.java:1013)
03-29 17:41:01.104 13912 13912 E CustomActivityOnCrash: IMPORTANT WARNING! You already have an UncaughtExceptionHandler, are you sure this is correct? If you use a custom UncaughtExceptionHandler, you must initialize it AFTER CustomActivityOnCrash! Installing anyway, but your original handler will not be called.
03-29 17:41:03.562 13912 13912 W com.mbwhatsapp: Accessing hidden method Lcom/android/org/conscrypt/OpenSSLSocketImpl;->setUseSessionTickets(Z)V (max- target-q,core-platform-api, reflection, denied)
03-29 17:41:03.562 13912 13912 W com.mbwhatsapp: Accessing hidden method Lcom/android/org/conscrypt/AbstractConscryptSocket;->setUseSessionTickets(Z)V (max- target-q, reflection, denied)
03-29 17:41:04.636 13912 13912 E ANR_LOG : Blocked msg = { when=+4s260ms what=110 target=android.app.ActivityThr--------- beginning of main
03-29 17:41:40.622 15306 15306 E com.mbwhatsapp: Not starting debugger since process cannot load the jdwp agent.
03-29 17:41:40.705 15306 15306 W ziparchive: Unable to open '/system/framework/mediatek-framework.dm': No such file or directory
03-29 17:41:40.708 15306 15306 W ziparchive: Unable to open '/system/framework/mediatek-framework.dm': No such file or directory
03-29 17:41:40.771 15306 15336 E com.mbwhatsapp: Could not write anonymous vdex /system/framework/oat/arm64/mediatek-framework.vdex: Could not open /system/framework/oat/arm64/mediatek-framework.vdex for writing
03-29 17:41:40.919 15306 15306 W libc : Access denied finding property "ro.odm.prev.product.name"
03-29 17:41:42.261 15306 15306 W System.err: java.lang.ClassNotFoundException: mbmodsd.mbmodsw.ui.views.btn.BtnBK
03-29 17:41:42.264 15306 15306 W System.err: at java.lang.Runtime.nativeLoad(Native Method)
03-29 17:41:42.264 15306 15306 W System.err: at java.lang.Runtime.nativeLoad(Runtime.java:1121)
03-29 17:41:42.264 15306 15306 W System.err: at java.lang.Runtime.loadLibrary0(Runtime.java:1075)
03-29 17:41:42.264 15306 15306 W System.err: at java.lang.Runtime.loadLibrary0(Runtime.java:998)
03-29 17:41:42.264 15306 15306 W System.err: at java.lang.System.loadLibrary(System.java:1661)
03-29 17:41:42.264 15306 15306 W System.err: at arm.EpicVm.<clinit>(Unknown Source:2)
03-29 17:41:42.264 15306 15306 W System.err: at java.lang.Class.newInstance(Native Method)
03-29 17:41:42.264 15306 15306 W System.err: at android.app.AppComponentFactory.instantiateApplication(AppComponentFactory.java:76)
03-29 17:41:42.264 15306 15306 W System.err: at androidx.core.app.CoreComponentFactory.instantiateApplication(Unknown Source:0)
03-29 17:41:42.264 15306 15306 W System.err: at android.app.Instrumentation.newApplication(Instrumentation.java:1251)
03-29 17:41:42.264 15306 15306 W System.err: at android.app.LoadedApk.makeApplicationInner(LoadedApk.java:1507)
03-29 17:41:42.264 15306 15306 W System.err: at android.app.LoadedApk.makeApplicationInner(LoadedApk.java:1443)
03-29 17:41:42.264 15306 15306 W System.err: at android.app.ActivityThread.handleBindApplication(ActivityThread.java:7232)
03-29 17:41:42.264 15306 15306 W System.err: at android.app.ActivityThread.-$ $Nest$mhandleBindApplication(Unknown Source:0)
03-29 17:41:42.264 15306 15306 W System.err: at android.app.ActivityThread$H.handleMessage(ActivityThread.java:2307)
03-29 17:41:42.264 15306 15306 W System.err: at android.os.Handler.dispatchMessage(Handler.java:106)
03-29 17:41:42.264 15306 15306 W System.err: at android.os.Looper.loopOnce(Looper.java:240)
03-29 17:41:42.264 15306 15306 W System.err: at android.os.Looper.loop(Looper.java:351)
03-29 17:41:42.264 15306 15306 W System.err: at android.app.ActivityThread.main(ActivityThread.java:8436)
03-29 17:41:42.264 15306 15306 W System.err: at java.lang.reflect.Method.invoke(Native Method)
03-29 17:41:42.264 15306 15306 W System.err: at com.android.internal.os.RuntimeInit$MethodAndArgsCaller.run(RuntimeInit.java:568)
03-29 17:41:42.264 15306 15306 W System.err: at com.android.internal.os.ZygoteInit.main(ZygoteInit.java:1013)
03-29 17:41:42.402 15306 15306 E CustomActivityOnCrash: IMPORTANT WARNING! You already have an UncaughtExceptionHandler, are you sure this is correct? If you use a custom UncaughtExceptionHandler, you must initialize it AFTER CustomActivityOnCrash! Installing anyway, but your original handler will not be called.
03-29 17:41:45.368 15306 15306 W com.mbwhatsapp: Accessing hidden method Lcom/android/org/conscrypt/OpenSSLSocketImpl;->setUseSessionTickets(Z)V (max- target-q,core-platform-api, reflection, denied)
03-29 17:41:45.372 15306 15306 W com.mbwhatsapp: Accessing hidden method Lcom/android/org/conscrypt/AbstractConscryptSocket;->setUseSessionTickets(Z)V (max- target-q, reflection, denied)
03-29 17:41:46.618 15306 15306 E ANR_LOG : Blocked msg = { when=+5s814ms what=110 target=android.app.ActivityThread$H obj=AppBindData{appInfo=ApplicationInfo{5f9894c com.mbwhatsapp}} } , cost = 5814 ms 03-2--------- beginning of main
03-29 17:41:51.910 15465 15465 E com.mbwhatsapp: Unknown bits set in runtime_flags: 0x40000000
03-29 17:41:51.963 15465 15465 E com.mbwhatsapp: Not starting debugger since process cannot load the jdwp agent.
03-29 17:41:52.074 15465 15465 W ziparchive: Unable to open '/system/framework/mediatek-framework.dm': No such file or directory
03-29 17:41:52.074 15465 15465 W ziparchive: Unable to open '/system/framework/mediatek-framework.dm': No such file or directory
03-29 17:41:52.174 15465 15479 E com.mbwhatsapp: Could not write anonymous vdex /system/framework/oat/arm64/mediatek-framework.vdex: Could not open /system/framework/oat/arm64/mediatek-framework.vdex for writing
03-29 17:41:52.448 15465 15465 W libc : Access denied finding property "ro.odm.prev.product.name"
03-29 17:41:52.886 15465 15465 W System.err: java.lang.ClassNotFoundException: mbmodsd.mbmodsw.ui.views.btn.BtnBK
03-29 17:41:52.888 15465 15465 W System.err: at java.lang.Runtime.nativeLoad(Native Method)
03-29 17:41:52.888 15465 15465 W System.err: at java.lang.Runtime.nativeLoad(Runtime.java:1121)
03-29 17:41:52.888 15465 15465 W System.err: at java.lang.Runtime.loadLibrary0(Runtime.java:1075)
03-29 17:41:52.888 15465 15465 W System.err: at java.lang.Runtime.loadLibrary0(Runtime.java:998)
03-29 17:41:52.888 15465 15465 W System.err: at java.lang.System.loadLibrary(System.java:1661)
03-29 17:41:52.888 15465 15465 W System.err: at arm.EpicVm.<clinit>(Unknown Source:2)
03-29 17:41:52.888 15465 15465 W System.err: at java.lang.Class.newInstance(Native Method)
03-29 17:41:52.888 15465 15465 W System.err: at android.app.AppComponentFactory.instantiateApplication(AppComponentFactory.java:76)
03-29 17:41:52.888 15465 15465 W System.err: at androidx.core.app.CoreComponentFactory.instantiateApplication(Unknown Source:0)
03-29 17:41:52.888 15465 15465 W System.err: at android.app.Instrumentation.newApplication(Instrumentation.java:1251)
03-29 17:41:52.888 15465 15465 W System.err: at android.app.LoadedApk.makeApplicationInner(LoadedApk.java:1507)
03-29 17:41:52.888 15465 15465 W System.err: at android.app.LoadedApk.makeApplicationInner(LoadedApk.java:1443)
03-29 17:41:52.888 15465 15465 W System.err: at android.app.ActivityThread.handleBindApplication(ActivityThread.java:7232)
03-29 17:41:52.888 15465 15465 W System.err: at android.app.ActivityThread.-$ $Nest$mhandleBindApplication(Unknown Source:0)
03-29 17:41:52.888 15465 15465 W System.err: at android.app.ActivityThread$H.handleMessage(ActivityThread.java:2307)
03-29 17:41:52.888 15465 15465 W System.err: at android.os.Handler.dispatchMessage(Handler.java:106)
03-29 17:41:52.888 15465 15465 W System.err: at android.os.Looper.loopOnce(Looper.java:240)
03-29 17:41:52.888 15465 15465 W System.err: at android.os.Looper.loop(Looper.java:351)
03-29 17:41:52.888 15465 15465 W System.err: at android.app.ActivityThread.main(ActivityThread.java:8436)
03-29 17:41:52.888 15465 15465 W System.err: at java.lang.reflect.Method.invoke(Native Method)
03-29 17:41:52.888 15465 15465 W System.err: at com.android.internal.os.RuntimeInit$MethodAndArgsCaller.run(RuntimeInit.java:568)
03-29 17:41:52.888 15465 15465 W System.err: at com.android.internal.os.ZygoteInit.main(ZygoteInit.java:1013)
03-29 17:41:52.991 15465 15465 E CustomActivityOnCrash: IMPORTANT WARNING! You already have an UncaughtExceptionHandler, are you sure this is correct? If you use a custom UncaughtExceptionHandler, you must initialize it AFTER CustomActivityOnCrash! Installing anyway, but your original handler will not be called.
03-29 17:41:56.631 15465 15465 W com.mbwhatsapp: Accessing hidden method Lcom/android/org/conscrypt/OpenSSLSocketImpl;->setUseSessionTickets(Z)V (max- target-q,core-platform-api, reflection, denied)
03-29 17:41:56.631 15465 15465 W com.mbwhatsapp: Accessing hidden method Lcom/android/org/conscrypt/AbstractConscryptSocket;->setUseSessionTickets(Z)V (max- target-q, reflection, denied)
03-29 17:41:57.897 15465 15465 E ANR_LOG : Blocked msg = { when=+5s554ms what=110 target=android.app.ActivityThread$H obj=AppBindData{appInfo=ApplicationInfo{94e3cd9 com.mbwhatsapp}} } , cost = 5554 ms
03-29 17:41:58.056 15465 15465 W com.mbwhatsapp: Method void X.0eU.A0h(X.0tK, boolean) failed lock verification and will run slower.
03-29 17:41:58.056 15465 15465 W com.mbwhatsapp: Common causes for lock verification issues are non-optimized dex code
03-29 17:41:58.056 15465 15465 W com.mbwhatsapp: and incorrect proguard optimizations.
03-29 17:41:58.196 15465 15638 W com.mbwhatsapp: Method void X.2rL.A03(java.lang.Integer) failed lock verification and will run slower.
03-29 17:42:00.812 15465 15465 E ANR_LOG : Blocked msg = { when=+2s911ms what=159 target=android.app.ActivityThread$H obj=android.app.servertransaction.ClientTransaction@a50d2ad4 } , cost = 2911 ms
03-29 17:42:01.211 15465 15465 W com.mbwhatsapp: Method void com.mbwhatsapp.HomeActivity.A6e() failed lock verification and will run slower.
03-29 17:42:01.316 15465 15470 W SigquitBasedANRDetector: ANR detected. Main thread: "main" prio=5 tid=1 Native
03-29 17:42:01.316 15465 15470 W SigquitBasedANRDetector: | group="main" sCount=1 ucsCount=0 flags=1 obj=0x7266e768 self=0xb400007e3f010800
03-29 17:42:01.316 15465 15470 W SigquitBasedANRDetector: | sysTid=15465 nice=-10 cgrp=default sched=0/0 handle=0x7e4101b500
03-29 17:42:01.316 15465 15470 W SigquitBasedANRDetector: | state=S schedstat=( 1190819400 651488753 1749 ) utm=58 stm=60 core=3 HZ=100
03-29 17:42:01.316 15465 15470 W SigquitBasedANRDetector: | stack=0x7fef3c0000- 0x7fef3c2000 stackSize=8188KB
03-29 17:42:01.316 15465 15470 W SigquitBasedANRDetector: | held mutexes=
03-29 17:42:01.316 15465 15470 W SigquitBasedANRDetector: native: #00 pc 00000000000979dc /apex/com.android.runtime/lib64/bionic/libc.so (syscall+28) (BuildId: d64a66e5d310a45e7abecb419dce68c9)
03-29 17:42:01.316 15465 15470 W SigquitBasedANRDetector: native: #01 pc 00000000003a8af4 /apex/com.android.art/lib64/libart.so (art::ConditionVariable::WaitHoldingLocks(art::Thread*)+140) (BuildId: 6fc1c03912861b04885c9f2953121b6b)
03-29 17:42:01.316 15465 15470 W SigquitBasedANRDetector: native: #02 pc 000000000077f71c /apex/com.android.art/lib64/libart.so (artJniMethodEnd+204) (BuildId: 6fc1c03912861b04885c9f2953121b6b)
03-29 17:42:01.316 15465 15470 W SigquitBasedANRDetector: native: #03 pc 000000000020facc /apex/com.android.art/lib64/libart.so (art_jni_method_end+12) (BuildId: 6fc1c03912861b04885c9f2953121b6b)
03-29 17:42:01.316 15465 15470 W SigquitBasedANRDetector: at android.os.BinderProxy.transactNative(Native method)
03-29 17:42:01.316 15465 15470 W SigquitBasedANRDetector: at android.os.BinderProxy.transact(BinderProxy.java:678)
03-29 17:42:01.316 15465 15470 W SigquitBasedANRDetector: at android.app.IActivityTaskManager$Stub$Proxy.startActivity(IActivityTaskManager.java :2042)
03-29 17:42:01.316 15465 15470 W SigquitBasedANRDetector: at android.app.Instrumentation.execStartActivity(Instrumentation.java:1827)
03-29 17:42:01.316 15465 15470 W SigquitBasedANRDetector: at android.app.Activity.startActivityForResult(Activity.java:5580)
03-29 17:42:01.316 15465 15470 W SigquitBasedANRDetector: at X.05h.startActivityForResult(unavailable:0)
03-29 17:42:01.316 15465 15470 W SigquitBasedANRDetector: at android.app.Activity.startActivityForResult(Activity.java:5533)
03-29 17:42:01.316 15465 15470 W SigquitBasedANRDetector: at X.05h.startActivityForResult(unavailable:0)
03-29 17:42:01.316 15465 15470 W SigquitBasedANRDetector: at X.4fV.startActivityForResult(unavailable:6)
03-29 17:42:01.316 15465 15470 W SigquitBasedANRDetector: at android.app.Activity.startActivity(Activity.java:6036)
03-29 17:42:01.316 15465 15470 W SigquitBasedANRDetector: at android.app.Activity.startActivity(Activity.java:6003)
03-29 17:42:01.316 15465 15470 W SigquitBasedANRDetector: at X.4fW.startActivity(unavailable:0)
03-29 17:42:01.316 15465 15470 W SigquitBasedANRDetector: at X.4fV.startActivity(unavailable:3)
03-29 17:42:01.316 15465 15470 W SigquitBasedANRDetector: at com.mbwhatsapp.Main.A6L(unavailable:289)
03-29 17:42:01.316 15465 15470 W SigquitBasedANRDetector: at com.mbwhatsapp.Main.A6G(unavailable:508)
03-29 17:42:01.316 15465 15470 W SigquitBasedANRDetector: at com.mbwhatsapp.Main.onCreate(unavailable:606)
03-29 17:42:01.316 15465 15470 W SigquitBasedANRDetector: at android.app.Activity.performCreate(Activity.java:8427)
03-29 17:42:01.316 15465 15470 W SigquitBasedANRDetector: at android.app.Activity.performCreate(Activity.java:8400)
03-29 17:42:01.316 15465 15470 W SigquitBasedANRDetector: at android.app.Instrumentation.callActivityOnCreate(Instrumentation.java:1403)
03-29 17:42:01.316 15465 15470 W SigquitBasedANRDetector: at android.app.ActivityThread.performLaunchActivity(ActivityThread.java:3860)
03-29 17:42:01.316 15465 15470 W SigquitBasedANRDetector: at android.app.ActivityThread.handleLaunchActivity(ActivityThread.java:4029)
03-29 17:42:01.316 15465 15470 W SigquitBasedANRDetector: at android.app.servertransaction.LaunchActivityItem.execute(LaunchActivityItem.java:11 7)
03-29 17:42:01.316 15465 15470 W SigquitBasedANRDetector: at android.app.servertransaction.TransactionExecutor.executeCallbacks(TransactionExecu tor.java:135)
03-29 17:42:01.316 15465 15470 W SigquitBasedANRDetector: at android.app.servertransaction.TransactionExecutor.execute(TransactionExecutor.java: 95)
03-29 17:42:01.316 15465 15470 W SigquitBasedANRDetector: at android.app.ActivityThread$H.handleMessage(ActivityThread.java:2485)
03-29 17:42:01.316 15465 15470 W SigquitBasedANRDetector: at android.os.Handler.dispatchMessage(Handler.java:106)
03-29 17:42:01.316 15465 15470 W SigquitBasedANRDetector: at android.os.Looper.loopOnce(Looper.java:240)
03-29 17:42:01.316 15465 15470 W SigquitBasedANRDetector: at android.os.Looper.loop(Looper.java:351)
03-29 17:42:01.316 15465 15470 W SigquitBasedANRDetector: at android.app.ActivityThread.main(ActivityThread.java:8436)
03-29 17:42:01.316 15465 15470 W SigquitBasedANRDetector: at java.lang.reflect.Method.invoke(Native method)
03-29 17:42:01.316 15465 15470 W SigquitBasedANRDetector: at com.android.internal.os.RuntimeInit$MethodAndArgsCaller.run(RuntimeInit.java:568)
03-29 17:42:01.316 15465 15470 W SigquitBasedANRDetector: at com.android.internal.os.ZygoteInit.main(ZygoteInit.java:1013)
03-29 17:42:01.599 15465 15718 E QT : [QT]file does not exist --------- beginning of system
03-29 17:42:01.664 15465 15465 E OplusCustomizeRestrictionManager: sInstance is null, start a new sInstance
03-29 17:42:01.700 15465 15465 E ArmVmp : Match on catch block at 0x8d in for 0x1d5
03-29 17:42:01.992 15465 15465 E ArmVmp : Match on catch block at 0x4c in for 0x1c5
03-29 17:42:02.084 15465 15465 E ArmVmp : Match on catch block at 0x8d in for 0x1c9
03-29 17:42:03.170 15465 15465 E ArmVmp : Match on catch block at 0x0a in for 0x191
03-29 17:42:03.297 15465 15465 E ArmVmp : Match on catch block at 0x0a in for 0x265
03-29 17:42:03.764 15465 15465 W Activity: Can request only one set of permissions at a time
03-29 17:42:03.822 15465 15771 W com.mbwhatsapp: Accessing hidden method Lcom/android/org/conscrypt/ConscryptEngineSocket;->setUseSessionTickets(Z)V (max- target-q,core-platform-api, reflection, denied)
03-29 17:42:03.822 15465 15771 W com.mbwhatsapp: Accessing hidden method Lcom/android/org/conscrypt/OpenSSLSocketImpl;->setUseSessionTickets(Z)V (max- target-q,core-platform-api, reflection, denied)
03-29 17:42:03.822 15465 15771 W com.mbwhatsapp: Accessing hidden method Lcom/android/org/conscrypt/AbstractConscryptSocket;->setUseSessionTickets(Z)V (max- target-q, reflection, denied)
03-29 17:42:03.823 15465 15771 W com.mbwhatsapp: Accessing hidden method Lcom/android/org/conscrypt/ConscryptEngineSocket;->setHostname(Ljava/lang/String;)V (max-target-q,core-platform-api, reflection, denied)
03-29 17:42:03.823 15465 15771 W com.mbwhatsapp: Accessing hidden method Lcom/android/org/conscrypt/OpenSSLSocketImpl;->setHostname(Ljava/lang/String;)V (max-target-q,core-platform-api, reflection, denied)
03-29 17:42:03.823 15465 15771 W com.mbwhatsapp: Accessing hidden method Lcom/android/org/conscrypt/AbstractConscryptSocket;->setHostname(Ljava/lang/ String;)V (max-target-q, reflection, denied)
03-29 17:42:03.824 15465 15771 W com.mbwhatsapp: Accessing hidden method Lcom/android/org/conscrypt/OpenSSLSocketImpl;->setAlpnProtocols([B)V (max-target- q,core-platform-api, reflection, denied)
03-29 17:42:03.824 15465 15771 W com.mbwhatsapp: Accessing hidden method Lcom/android/org/conscrypt/AbstractConscryptSocket;->setAlpnProtocols([B)V (max- target-q, reflection, denied)
03-29 17:42:04.517 15465 15771 W com.mbwhatsapp: Accessing hidden method Lcom/android/org/conscrypt/OpenSSLSocketImpl;->getAlpnSelectedProtocol()[B (max- target-q,core-platform-api, reflection, denied)
03-29 17:42:04.518 15465 15771 W com.mbwhatsapp: Accessing hidden method Lcom/android/org/conscrypt/AbstractConscryptSocket;->getAlpnSelectedProtocol()[B (max-target-q, reflection, denied)
03-29 17:42:05.372 15465 15465 E SchedAssist: ofbOpen failed with error=No such file or directory
03-29 17:42:05.372 15465 15465 E SchedAssist: sysOpen failed with error=No such file or directory
03-29 17:42:05.373 15465 15465 E SchedAssist: sharedImFd failed with error=Permission denied
03-29 17:42:06.593 15465 15465 E ANR_LOG : Blocked msg = { when=+5s478ms what=159 target=android.app.ActivityThread$H obj=android.app.servertransaction.ClientTransaction@9b798e95 } , cost = 5478 ms
03-29 17:42:07.750 15465 15465 E ArmVmp : Match on catch block at 0x0a in for 0x1b5
03-29 17:42:08.617 15465 15465 E OplusBracketLog: [OplusViewMirrorManager] updateHostViewRootIfNeeded, not support android.view.ViewRootImpl@fef9aa0
03-29 17:42:11.495 15465 16026 W LOTTIE : Animation contains merge paths. Merge paths are only supported on KitKat+ and must be manually enabled by calling enableMergePathsForKitKatAndAbove().
03-29 17:42:12.627 15465 15465 E ArmVmp : Match on catch block at 0x8d in for 0x24d
03-29 17:42:12.651 15465 15465 E ArmVmp : Match on catch block at 0x8d in for 0x259
03-29 17:42:12.666 15465 15465 E ArmVmp : Match on catch block at 0x8d in for 0x249
03-29 17:42:12.669 15465 15710 E OpenGLRenderer: Device claims wide gamut support, cannot find matching config, error = EGL_SUCCESS
03-29 17:42:12.669 15465 15710 W OpenGLRenderer: Failed to initialize 101010-2 format, error = EGL_SUCCESS
03-29 17:42:12.681 15465 15465 E ArmVmp : Match on catch block at 0x8d in for 0x255
03-29 17:42:12.843 15465 15465 E ArmVmp : Match on catch block at 0x8d in for 0x1e9
03-29 17:42:14.012 15465 15465 E ArmVmp : Match on catch block at 0x8d in for 0x1e1
03-29 17:42:14.348 15465 15465 E ArmVmp : Match on catch block at 0x8d in for 0x1e9
03-29 17:42:15.284 15465 15465 E ArmVmp : Match on catch block at 0x8d in for 0x1e1
03-29 17:42:15.505 15465 15465 E ArmVmp : Match on catch block at 0x8d in for 0x1e9
03-29 17:42:15.733 15465 15465 E ArmVmp : Match on catch block at 0x8d in for 0x1e9
03-29 17:42:15.901 15465 15465 E ArmVmp : Match on catch block at 0x8d in for 0x1e1
03-29 17:42:16.004 15465 15465 E RecyclerView: No adapter attached; skipping layout
03-29 17:42:16.781 15465 15710 W libc : Access denied finding property "ro.vendor.magt.mtk_magt_support"
03-29 17:42:17.936 15465 15710 W Parcel : Expecting binder but got null!
03-29 17:42:17.940 15465 15465 E ANR_LOG : Blocked msg = { when=+8s557ms what=0 target=android.view.Choreographer$FrameHandler callback=android.view.Choreographer$FrameDisplayEventReceiver } , cost = 8557 ms
03-29 17:42:19.241 15465 15465 W LOTTIE : Animation contains merge paths but they are disabled.
03-29 17:42:22.601 15465 15491 W LibraryVersion: Failed to get app version for libraryName: firebase-iid
03-29 17:42:22.795 15465 15465 E ArmVmp : Match on catch block at 0x8d in for 0x1d5
03-29 17:42:22.864 15465 15465 E ArmVmp : Match on catch block at 0x8d in for 0x1d5
03-29 17:42:29.091 15465 15465 E ArmVmp : Match on catch block at 0x8d in for 0x255
03-29 17:42:31.611 15465 15465 E ANR_LOG : Blocked msg = { when=+1s521ms what=0 target=android.view.Choreographer$FrameHandler callback=android.view.Choreographer$FrameDisplayEventReceiver } , cost = 1521 ms
03-29 17:42:32.213 15465 16630 E RenderScript: Failed loading RS driver: dlopen failed: library "libRSDriver_mtk.so" not found
03-29 17:42:32.214 15465 16630 E RenderScript: Failed to load runtime libRSDriver_mtk.so, loading default
03-29 17:42:33.067 15465 15465 E ArmVmp : Match on catch block at 0x8d in for 0x3b1
03-29 17:42:33.141 15465 15465 E ArmVmp : Match on catch block at 0x4c in for 0x3a1
03-29 17:42:33.150 15465 15465 E ArmVmp : Match on catch block at 0x4c in for 0x3b5
03-29 17:42:33.159 15465 15465 E ArmVmp : Match on catch block at 0x4c in for 0x3ad
03-29 17:42:33.173 15465 15465 E ArmVmp : Match on catch block at 0x4c in for 0x3a5
03-29 17:42:33.276 15465 15465 E ArmVmp : Match on catch block at 0x0a in for 0x2f5
03-29 17:42:33.782 15465 15465 E ANR_LOG : Blocked msg = { when=+2s142ms what=0 target=android.view.ViewRootImpl$ViewRootHandler callback=android.view.View$PerformClick } , cost = 2142 ms
03-29 17:42:33.899 15465 15465 E OplusBracketLog: [OplusViewMirrorManager] updateHostViewRootIfNeeded, not support android.view.ViewRootImpl@fce2cbc
03-29 17:42:34.250 15465 15710 W Parcel : Expecting binder but got null!
03-29 17:42:35.646 15465 15465 E RippleDrawable: The RippleDrawable.STYLE_PATTERNED animation is not supported for a non-hardware accelerated Canvas. Skipping animation.
03-29 17:42:35.659 15465 15465 E RippleDrawable: The RippleDrawable.STYLE_PATTERNED animation is not supported for a non-hardware accelerated Canvas. Skipping animation.
03-29 17:42:35.671 15465 15465 E RippleDrawable: The RippleDrawable.STYLE_PATTERNED animation is not supported for a non-hardware accelerated Canvas. Skipping animation.
03-29 17:42:35.706 15465 15465 E RippleDrawable: The RippleDrawable.STYLE_PATTERNED animation is not supported for a non-hardware accelerated Canvas. Skipping animation.
03-29 17:42:35.724 15465 15465 E RippleDrawable: The RippleDrawable.STYLE_PATTERNED animation is not supported for a non-hardware accelerated Canvas. Skipping animation.
03-29 17:42:38.820 15465 15465 E ANR_LOG : Blocked msg = { when=+1s598ms what=159 target=android.app.ActivityThread$H obj=android.app.servertransaction.ClientTransaction@403ec149 } , cost = 1598 ms
03-29 17:42:41.463 15465 15465 E ANR_LOG : Blocked msg = { when=+2s618ms what=159 target=android.app.ActivityThread$H obj=android.app.servertransaction.ClientTransaction@754107fb } , cost = 2618 ms
03-29 17:42:41.467 15465 15465 E OplusBracketLog: [OplusViewMirrorManager] updateHostViewRootIfNeeded, not support android.view.ViewRootImpl@9f2e17d
03-29 17:42:41.601 15465 15465 E IPCThreadState: attemptIncStrongHandle(81): Not supported
03-29 17:42:41.720 15465 15710 W Parcel : Expecting binder but got null!
03-29 17:42:46.482 15465 15465 W Choreographer: Already have a pending vsync event. There should only be one at a time.
03-29 17:42:49.073 15465 15473 W com.mbwhatsapp: Suspending all threads took: 128.672ms
03-29 17:42:53.681 15465 15465 E IPCThreadState: attemptIncStrongHandle(72): Not supported
03-29 17:42:57.695 15465 15465 E ArmVmp : Match on catch block at 0x4c in for 0x1d1
03-29 17:42:57.729 15465 15465 E ArmVmp : Match on catch block at 0x8d in for 0x1d9
03-29 17:42:57.749 15465 15465 E ArmVmp : Match on catch block at 0x8d in for 0x1d9
03-29 17:42:58.299 15465 15465 E ArmVmp : Match on catch block at 0x0a in for 0x181
03-29 17:42:58.322 15465 15465 E ArmVmp : Match on catch block at 0x0a in for 0x199
03-29 17:42:59.516 15465 15465 E ANR_LOG : Blocked msg = { when=+5s355ms what=159 target=android.app.ActivityThread$H obj=android.app.servertransaction.ClientTransaction@f5665343 } , cost = 5355 ms
03-29 17:42:59.599 15465 15465 E OplusBracketLog: [OplusViewMirrorManager] updateHostViewRootIfNeeded, not support android.view.ViewRootImpl@bd02d4c
03-29 17:43:00.119 15465 15465 E ArmVmp : Match on catch block at 0xc3 in for 0x171
03-29 17:43:00.147 15465 15465 E ArmVmp : Match on catch block at 0xc3 in for 0x169
03-29 17:43:01.712 15465 15710 W Parcel : Expecting binder but got null!
03-29 17:43:01.766 15465 15465 E ANR_LOG : Blocked msg = { when=+2s173ms what=0 target=android.view.Choreographer$FrameHandler callback=android.view.Choreographer$FrameDisplayEventReceiver } , cost = 2173 ms
03-29 17:43:02.266 15465 15465 E ArmVmp : Match on catch block at 0xc3 in for 0x145
03-29 17:43:02.271 15465 15465 E ArmVmp : Match on catch block at 0xc3 in for 0x141
03-29 17:43:02.689 15465 15465 E ArmVmp : Match on catch block at 0xc3 in for 0x14d
03-29 17:43:02.720 15465 15465 E ArmVmp : Match on catch block at 0xc3 in for 0x149
03-29 17:43:04.174 15465 15465 E ArmVmp : Match on catch block at 0xc3 in for 0x145
03-29 17:43:04.198 15465 15465 E ArmVmp : Match on catch block at 0xc3 in for 0x141
03-29 17:43:04.389 15465 15465 E ArmVmp : Match on catch block at 0xc3 in for 0x14d
03-29 17:43:04.411 15465 15465 E ArmVmp : Match on catch block at 0xc3 in for 0x149
03-29 17:43:04.435 15465 15465 E ArmVmp : Match on catch block at 0xc3 in for 0x155
03-29 17:43:04.478 15465 15465 E ArmVmp : Match on catch block at 0xc3 in for 0x151
03-29 17:43:04.499 15465 15465 E ArmVmp : Match on catch block at 0xc3 in for 0x159
03-29 17:43:04.524 15465 15465 E ArmVmp : Match on catch block at 0xc3 in for 0x155
03-29 17:43:04.591 15465 15465 E ArmVmp : Match on catch block at 0xc3 in for 0x141
03-29 17:43:04.651 15465 15465 E ArmVmp : Match on catch block at 0xc3 in for 0x159
03-29 17:43:04.671 15465 15465 E ArmVmp : Match on catch block at 0xc3 in for 0x145
03-29 17:43:04.697 15465 15465 E ArmVmp : Match on catch block at 0xc3 in for 0x141
03-29 17:43:04.745 15465 15465 E ArmVmp : Match on catch block at 0xc3 in for 0x151
03-29 17:43:04.777 15465 15465 E ArmVmp : Match on catch block at 0xc3 in for 0x14d
03-29 17:43:04.943 15465 15465 E ArmVmp : Match on catch block at 0xc3 in for 0x159
03-29 17:43:04.954 15465 15465 E ArmVmp : Match on catch block at 0xc3 in for 0x155
03-29 17:43:05.245 15465 15465 W OnBackInvokedCallback: OnBackInvokedCallback is not enabled for the application.
03-29 17:43:05.245 15465 15465 W OnBackInvokedCallback: Set 'android:enableOnBackInvokedCallback="true"' in the application manifest.
03-29 17:43:05.438 15465 15465 E ArmVmp : Match on catch block at 0xc3 in for 0x141
03-29 17:43:05.463 15465 15465 E ArmVmp : Match on catch block at 0xc3 in for 0x159
03-29 17:43:05.605 15465 15465 E ArmVmp : Match on catch block at 0xc3 in for 0x145
03-29 17:43:05.626 15465 15465 E ArmVmp : Match on catch block at 0xc3 in for 0x141
03-29 17:43:05.953 15465 15465 E ArmVmp : Match on catch block at 0xc3 in for 0x149
03-29 17:43:05.970 15465 15465 E ArmVmp : Match on catch block at 0xc3 in for 0x145
03-29 17:43:06.449 15465 15465 E ArmVmp : Match on catch block at 0xc3 in for 0x14d
03-29 17:43:06.488 15465 15465 E ArmVmp : Match on catch block at 0xc3 in for 0x149
03-29 17:43:06.948 15465 15465 E ArmVmp : Match on catch block at 0xc3 in for 0x151
03-29 17:43:06.974 15465 15465 E ArmVmp : Match on catch block at 0xc3 in for 0x14d
03-29 17:43:07.444 15465 15465 E ArmVmp : Match on catch block at 0xc3 in for 0x155
03-29 17:43:07.466 15465 15465 E ArmVmp : Match on catch block at 0xc3 in for 0x151
03-29 17:43:07.954 15465 15465 E ArmVmp : Match on catch block at 0xc3 in for 0x149
03-29 17:43:07.960 15465 15465 E ArmVmp : Match on catch block at 0xc3 in for 0x145
03-29 17:43:08.030 15465 15465 E ArmVmp : Match on catch block at 0xc3 in for 0x151
03-29 17:43:08.039 15465 15465 E ArmVmp : Match on catch block at 0xc3 in for 0x14d
03-29 17:43:08.075 15465 15465 E ArmVmp : Match on catch block at 0xc3 in for 0x141
03-29 17:43:08.143 15465 15465 E ArmVmp : Match on catch block at 0xc3 in for 0x159
03-29 17:43:08.191 15465 15465 E ArmVmp : Match on catch block at 0xc3 in for 0x145
03-29 17:43:08.219 15465 15465 E ArmVmp : Match on catch block at 0xc3 in for 0x141
03-29 17:43:08.310 15465 15465 E ArmVmp : Match on catch block at 0xc3 in for 0x149
03-29 17:43:08.314 15465 15465 E ArmVmp : Match on catch block at 0xc3 in for 0x145
03-29 17:43:08.357 15465 15465 E ArmVmp : Match on catch block at 0xc3 in for 0x14d
03-29 17:43:08.377 15465 15465 E ArmVmp : Match on catch block at 0xc3 in for 0x149
03-29 17:43:08.587 15465 15465 E ArmVmp : Match on catch block at 0xc3 in for 0x151
03-29 17:43:08.609 15465 15465 E ArmVmp : Match on catch block at 0xc3 in for 0x14d
03-29 17:43:09.085 15465 15465 E ArmVmp : Match on catch block at 0xc3 in for 0x155
03-29 17:43:09.097 15465 15465 E ArmVmp : Match on catch block at 0xc3 in for 0x151
03-29 17:43:09.417 15465 15465 E ArmVmp : Match on catch block at 0xc3 in for 0x145
03-29 17:43:09.426 15465 15465 E ArmVmp : Match on catch block at 0xc3 in for 0x141
03-29 17:43:09.714 15465 15465 E ArmVmp : Match on catch block at 0xc3 in for 0x151
03-29 17:43:09.721 15465 15465 E ArmVmp : Match on catch block at 0xc3 in for 0x14d
03-29 17:43:10.228 15465 15465 E ArmVmp : Match on catch block at 0xc3 in for 0x155
03-29 17:43:10.245 15465 15465 E ArmVmp : Match on catch block at 0xc3 in for 0x151
03-29 17:43:10.725 15465 15465 E ArmVmp : Match on catch block at 0xc3 in for 0x159
03-29 17:43:10.733 15465 15465 E ArmVmp : Match on catch block at 0xc3 in for 0x155
03-29 17:43:11.223 15465 15465 E ArmVmp : Match on catch block at 0xc3 in for 0x141
03-29 17:43:11.234 15465 15465 E ArmVmp : Match on catch block at 0xc3 in for 0x159
03-29 17:43:11.404 15465 15465 E ArmVmp : Match on catch block at 0xc3 in for 0x151
03-29 17:43:11.412 15465 15465 E ArmVmp : Match on catch block at 0xc3 in for 0x14d
03-29 17:43:11.564 15465 15465 E ArmVmp : Match on catch block at 0xc3 in for 0x151
03-29 17:43:11.582 15465 15465 E ArmVmp : Match on catch block at 0xc3 in for 0x14d
03-29 17:43:11.604 15465 15465 E ArmVmp : Match on catch block at 0xc3 in for 0x151
03-29 17:43:11.614 15465 15465 E ArmVmp : Match on catch block at 0xc3 in for 0x14d
03-29 17:43:11.648 15465 15465 E ArmVmp : Match on catch block at 0xc3 in for 0x155
03-29 17:43:11.678 15465 15465 E ArmVmp : Match on catch block at 0xc3 in for 0x151
03-29 17:43:11.695 15465 15465 E ArmVmp : Match on catch block at 0xc3 in for 0x159
03-29 17:43:11.724 15465 15465 E ArmVmp : Match on catch block at 0xc3 in for 0x155
03-29 17:43:11.758 15465 15465 E ArmVmp : Match on catch block at 0xc3 in for 0x141
03-29 17:43:11.767 15465 15465 E ArmVmp : Match on catch block at 0xc3 in for 0x159
03-29 17:43:11.804 15465 15465 E ArmVmp : Match on catch block at 0xc3 in for 0x145
03-29 17:43:11.854 15465 15465 E ArmVmp : Match on catch block at 0xc3 in for 0x141
03-29 17:43:11.936 15465 15465 E ArmVmp : Match on catch block at 0xc3 in for 0x149
03-29 17:43:12.078 15465 15465 E ArmVmp : Match on catch block at 0xc3 in for 0x145
03-29 17:43:12.118 15465 15465 E ArmVmp : Match on catch block at 0xc3 in for 0x155
03-29 17:43:12.139 15465 15465 E ArmVmp : Match on catch block at 0xc3 in for 0x151
03-29 17:43:12.283 15465 15465 E ArmVmp : Match on catch block at 0xc3 in for 0x145
03-29 17:43:12.298 15465 15465 E ArmVmp : Match on catch block at 0xc3 in for 0x141
03-29 17:43:12.598 15465 15465 E ArmVmp : Match on catch block at 0xc3 in for 0x151
03-29 17:43:12.617 15465 15465 E ArmVmp : Match on catch block at 0xc3 in for 0x14d
03-29 17:43:12.879 15465 15465 E ArmVmp : Match on catch block at 0xc3 in for 0x141
03-29 17:43:12.931 15465 15465 E ArmVmp : Match on catch block at 0xc3 in for 0x159
03-29 17:43:13.145 15465 15465 E ArmVmp : Match on catch block at 0xc3 in for 0x14d
03-29 17:43:13.192 15465 15465 E ArmVmp : Match on catch block at 0xc3 in for 0x149
03-29 17:43:13.659 15465 15465 E ArmVmp : Match on catch block at 0xc3 in for 0x151
03-29 17:43:13.717 15465 15465 E ArmVmp : Match on catch block at 0xc3 in for 0x14d
03-29 17:43:13.791 15465 15465 E ArmVmp : Match on catch block at 0xc3 in for 0x141
03-29 17:43:13.817 15465 15465 E ArmVmp : Match on catch block at 0xc3 in for 0x159
03-29 17:43:14.289 15465 15465 E ArmVmp : Match on catch block at 0xc3 in for 0x145
03-29 17:43:14.297 15465 15465 E ArmVmp : Match on catch block at 0xc3 in for 0x141
03-29 17:43:14.786 15465 15465 E ArmVmp : Match on catch block at 0xc3 in for 0x149
03-29 17:43:14.805 15465 15465 E ArmVmp : Match on catch block at 0xc3 in for 0x145
03-29 17:43:15.283 15465 15465 E ArmVmp : Match on catch block at 0xc3 in for 0x151
03-29 17:43:15.298 15465 15465 E ArmVmp : Match on catch block at 0xc3 in for 0x14d
03-29 17:43:15.797 15465 15465 E ArmVmp : Match on catch block at 0xc3 in for 0x155
03-29 17:43:15.809 15465 15465 E ArmVmp : Match on catch block at 0xc3 in for 0x151
03-29 17:43:16.294 15465 15465 E ArmVmp : Match on catch block at 0xc3 in for 0x159
03-29 17:43:16.342 15465 15465 E ArmVmp : Match on catch block at 0xc3 in for 0x155
03-29 17:43:16.791 15465 15465 E ArmVmp : Match on catch block at 0xc3 in for 0x145
03-29 17:43:16.806 15465 15465 E ArmVmp : Match on catch block at 0xc3 in for 0x141
03-29 17:43:17.288 15465 15465 E ArmVmp : Match on catch block at 0xc3 in for 0x149
03-29 17:43:17.298 15465 15465 E ArmVmp : Match on catch block at 0xc3 in for 0x145
03-29 17:43:17.785 15465 15465 E ArmVmp : Match on catch block at 0xc3 in for 0x14d
03-29 17:43:17.797 15465 15465 E ArmVmp : Match on catch block at 0xc3 in for 0x149
03-29 17:43:18.299 15465 15465 E ArmVmp : Match on catch block at 0xc3 in for 0x151
03-29 17:43:18.316 15465 15465 E ArmVmp : Match on catch block at 0xc3 in for 0x14d
03-29 17:43:18.798 15465 15465 E ArmVmp : Match on catch block at 0xc3 in for 0x155
03-29 17:43:18.806 15465 15465 E ArmVmp : Match on catch block at 0xc3 in for 0x151
03-29 17:43:19.293 15465 15465 E ArmVmp : Match on catch block at 0xc3 in for 0x159
03-29 17:43:19.314 15465 15465 E ArmVmp : Match on catch block at 0xc3 in for 0x155
03-29 17:43:19.809 15465 15465 E ArmVmp : Match on catch block at 0xc3 in for 0x141
03-29 17:43:19.822 15465 15465 E ArmVmp : Match on catch block at 0xc3 in for 0x159
03-29 17:43:20.304 15465 15465 E ArmVmp : Match on catch block at 0xc3 in for 0x145
03-29 17:43:20.316 15465 15465 E ArmVmp : Match on catch block at 0xc3 in for 0x141
03-29 17:43:20.809 15465 15465 E ArmVmp : Match on catch block at 0xc3 in for 0x149
03-29 17:43:20.880 15465 15465 E ArmVmp : Match on catch block at 0xc3 in for 0x145
03-29 17:43:21.003 15465 15465 E ArmVmp : Match on catch block at 0xc3 in for 0x151
03-29 17:43:21.015 15465 15465 E ArmVmp : Match on catch block at 0xc3 in for 0x14d
03-29 17:43:21.099 15465 15465 E ArmVmp : Match on catch block at 0xc3 in for 0x141
03-29 17:43:21.115 15465 15465 E ArmVmp : Match on catch block at 0xc3 in for 0x159
03-29 17:43:21.365 15465 15465 E ArmVmp : Match on catch block at 0xc3 in for 0x14d
03-29 17:43:21.399 15465 15465 E ArmVmp : Match on catch block at 0xc3 in for 0x149
03-29 17:43:21.533 15465 15465 E ArmVmp : Match on catch block at 0xc3 in for 0x159
03-29 17:43:21.559 15465 15465 E ArmVmp : Match on catch block at 0xc3 in for 0x155
03-29 17:43:21.779 15465 15465 E ArmVmp : Match on catch block at 0xc3 in for 0x149
03-29 17:43:21.825 15465 15465 E ArmVmp : Match on catch block at 0xc3 in for 0x145
03-29 17:43:22.027 15465 15465 E ArmVmp : Match on catch block at 0xc3 in for 0x155
03-29 17:43:22.046 15465 15465 E ArmVmp : Match on catch block at 0xc3 in for 0x151
03-29 17:43:22.541 15465 15465 E ArmVmp : Match on catch block at 0xc3 in for 0x159
03-29 17:43:22.558 15465 15465 E ArmVmp : Match on catch block at 0xc3 in for 0x155
03-29 17:43:22.889 15465 15465 E ArmVmp : Match on catch block at 0xc3 in for 0x149
03-29 17:43:22.907 15465 15465 E ArmVmp : Match on catch block at 0xc3 in for 0x145
03-29 17:43:23.406 15465 15465 E ArmVmp : Match on catch block at 0xc3 in for 0x14d
03-29 17:43:23.416 15465 15465 E ArmVmp : Match on catch block at 0xc3 in for 0x149
03-29 17:43:23.519 15465 15465 E ArmVmp : Match on catch block at 0xc3 in for 0x159
03-29 17:43:23.531 15465 15465 E ArmVmp : Match on catch block at 0xc3 in for 0x155
03-29 17:43:23.751 15465 15465 E ArmVmp : Match on catch block at 0xc3 in for 0x149
03-29 17:43:23.764 15465 15465 E ArmVmp : Match on catch block at 0xc3 in for 0x145
03-29 17:43:24.000 15465 15465 E ArmVmp : Match on catch block at 0xc3 in for 0x155
03-29 17:43:24.038 15465 15465 E ArmVmp : Match on catch block at 0xc3 in for 0x151
03-29 17:43:24.207 15465 15465 E ArmVmp : Match on catch block at 0xc3 in for 0x14d
03-29 17:43:24.229 15465 15465 E ArmVmp : Match on catch block at 0xc3 in for 0x149
03-29 17:43:24.250 15465 15465 E ArmVmp : Match on catch block at 0xc3 in for 0x151
03-29 17:43:24.263 15465 15465 E ArmVmp : Match on catch block at 0xc3 in for 0x14d
03-29 17:43:24.278 15465 15465 E ArmVmp : Match on catch block at 0xc3 in for 0x155
03-29 17:43:24.303 15465 15465 E ArmVmp : Match on catch block at 0xc3 in for 0x151
03-29 17:43:24.346 15465 15465 E ArmVmp : Match on catch block at 0xc3 in for 0x159
03-29 17:43:24.501 17892 17892 W com.whatsapp: type=1400 audit(0.0:1217229): avc: granted { execute } for path="/data/data/com.whatsapp/files/decompressed/libs.spo/libc++_shared.so" dev="dm-75" ino=91597 scontext=u:r:untrusted_app:s0:c47,c257,c512,c768 tcontext=u:object_r:app_data_file:s0:c47,c257,c512,c768 tclass=file app=com.mbwhatsapp
03-29 17:43:24.541 17892 17892 W com.whatsapp: type=1400 audit(0.0:1217230): avc: granted { execute } for path="/data/data/com.whatsapp/files/decompressed/libs.spo/libvlc.so" dev="dm-75" ino=98477 scontext=u:r:untrusted_app:s0:c47,c257,c512,c768 tcontext=u:object_r:app_data_file:s0:c47,c257,c512,c768 tclass=file app=com.mbwhatsapp
03-29 17:43:24.357 15465 15465 E ArmVmp : Match on catch block at 0xc3 in for 0x155
03-29 17:43:24.376 15465 15465 E ArmVmp : Match on catch block at 0xc3 in for 0x141
03-29 17:43:24.382 15465 15465 E ArmVmp : Match on catch block at 0xc3 in for 0x159
03-29 17:43:24.409 15465 15465 E ArmVmp : Match on catch block at 0xc3 in for 0x145
03-29 17:43:24.432 15465 15465 E ArmVmp : Match on catch block at 0xc3 in for 0x141
03-29 17:43:24.448 15465 15465 E ArmVmp : Match on catch block at 0xc3 in for 0x149
03-29 17:43:24.467 15465 15465 E ArmVmp : Match on catch block at 0xc3 in for 0x145
03-29 17:43:24.514 15465 15465 E ArmVmp : Match on catch block at 0xc3 in for 0x14d
03-29 17:43:24.536 15465 15465 E ArmVmp : Match on catch block at 0xc3 in for 0x149
03-29 17:43:24.578 15465 15465 E ArmVmp : Match on catch block at 0xc3 in for 0x151
03-29 17:43:24.594 15465 15465 E ArmVmp : Match on catch block at 0xc3 in for 0x14d
03-29 17:43:24.613 15465 15465 E ArmVmp : Match on catch block at 0xc3 in for 0x159
03-29 17:43:24.658 15465 15465 E ArmVmp : Match on catch block at 0xc3 in for 0x155
03-29 17:43:24.701 17892 17892 W com.whatsapp: type=1400 audit(0.0:1217232): avc: granted { execute } for path="/data/data/com.whatsapp/files/decompressed/libs.spo/libaom.so" dev="dm-75" ino=22820 scontext=u:r:untrusted_app:s0:c47,c257,c512,c768 tcontext=u:object_r:app_data_file:s0:c47,c257,c512,c768 tclass=file app=com.mbwhatsapp
03-29 17:43:24.729 15465 15465 E ArmVmp : Match on catch block at 0xc3 in for 0x149
03-29 17:43:24.743 15465 15465 E ArmVmp : Match on catch block at 0xc3 in for 0x145
03-29 17:43:24.928 15465 15465 E ArmVmp : Match on catch block at 0xc3 in for 0x155
03-29 17:43:24.954 15465 15465 E ArmVmp : Match on catch block at 0xc3 in for 0x151
03-29 17:43:25.127 15465 15465 E ArmVmp : Match on catch block at 0xc3 in for 0x145
03-29 17:43:25.151 15465 15465 E ArmVmp : Match on catch block at 0xc3 in for 0x141
03-29 17:43:25.353 17892 17892 W com.whatsapp: type=1400 audit(0.0:1217239): avc: granted { execute } for path="/data/data/com.whatsapp/files/decompressed/libs.spo/libcurve25519.so" dev="dm-75" ino=31474 scontext=u:r:untrusted_app:s0:c47,c257,c512,c768 tcontext=u:object_r:app_data_file:s0:c47,c257,c512,c768 tclass=file app=com.mbwhatsapp
03-29 17:43:25.445 17892 17892 W com.whatsapp: type=1400 audit(0.0:1217240): avc: granted { execute } for path="/data/data/com.whatsapp/files/decompressed/libs.spo/libwhatsapp.so" dev="dm- 75" ino=87019 scontext=u:r:untrusted_app:s0:c47,c257,c512,c768 tcontext=u:object_r:app_data_file:s0:c47,c257,c512,c768 tclass=file app=com.mbwhatsapp
03-29 17:43:25.445 17892 17892 W com.whatsapp: type=1400 audit(0.0:1217241): avc: granted { execute } for path="/data/data/com.whatsapp/files/decompressed/libs.spo/libwhatsapp.so" dev="dm- 75" ino=87019 scontext=u:r:untrusted_app:s0:c47,c257,c512,c768 tcontext=u:object_r:app_data_file:s0:c47,c257,c512,c768 tclass=file app=com.mbwhatsapp
03-29 17:43:25.475 15465 15465 E ArmVmp : Match on catch block at 0xc3 in for 0x151
03-29 17:43:25.485 15465 15465 E ArmVmp : Match on catch block at 0xc3 in for 0x14d
03-29 17:43:25.971 15465 15465 E ArmVmp : Match on catch block at 0xc3 in for 0x155
03-29 17:43:25.986 15465 15465 E ArmVmp : Match on catch block at 0xc3 in for 0x151
03-29 17:43:26.254 15465 15465 E ArmVmp : Match on catch block at 0xc3 in for 0x145
03-29 17:43:26.299 15465 15465 E ArmVmp : Match on catch block at 0xc3 in for 0x141
03-29 17:43:26.503 15465 15465 E ArmVmp : Match on catch block at 0xc3 in for 0x151
03-29 17:43:26.528 15465 15465 E ArmVmp : Match on catch block at 0xc3 in for 0x14d
03-29 17:43:26.769 15465 15465 E ArmVmp : Match on catch block at 0xc3 in for 0x141
03-29 17:43:26.876 15465 15465 E ArmVmp : Match on catch block at 0xc3 in for 0x159
03-29 17:43:26.899 15465 15465 E ArmVmp : Match on catch block at 0xc3 in for 0x14d
03-29 17:43:26.906 15465 15465 E ArmVmp : Match on catch block at 0xc3 in for 0x149
03-29 17:43:27.000 15465 15465 E ArmVmp : Match on catch block at 0xc3 in for 0x159
03-29 17:43:27.026 15465 15465 E ArmVmp : Match on catch block at 0xc3 in for 0x155
03-29 17:43:27.266 15465 15465 E ArmVmp : Match on catch block at 0xc3 in for 0x149
03-29 17:43:27.281 15465 15465 E ArmVmp : Match on catch block at 0xc3 in for 0x145
03-29 17:43:27.662 15465 15465 E ArmVmp : Match on catch block at 0xc3 in for 0x141
03-29 17:43:27.713 15465 15465 E ArmVmp : Match on catch block at 0xc3 in for 0x159
03-29 17:43:27.745 15465 15465 E ArmVmp : Match on catch block at 0xc3 in for 0x14d
03-29 17:43:27.763 15465 15465 E ArmVmp : Match on catch block at 0xc3 in for 0x149
03-29 17:43:28.011 15465 15465 E ArmVmp : Match on catch block at 0xc3 in for 0x159
03-29 17:43:28.022 15465 15465 E ArmVmp : Match on catch block at 0xc3 in for 0x155
03-29 17:43:28.508 15465 15465 E ArmVmp : Match on catch block at 0xc3 in for 0x141
03-29 17:43:28.539 15465 15465 E ArmVmp : Match on catch block at 0xc3 in for 0x159
03-29 17:43:29.005 15465 15465 E ArmVmp : Match on catch block at 0xc3 in for 0x145
03-29 17:43:29.021 15465 15465 E ArmVmp : Match on catch block at 0xc3 in for 0x141
03-29 17:43:29.519 15465 15465 E ArmVmp : Match on catch block at 0xc3 in for 0x149
03-29 17:43:29.563 15465 15465 E ArmVmp : Match on catch block at 0xc3 in for 0x145
