Download as TXT, PDF, TXT or read online from Scribd
Download as txt, pdf, or txt
You are on page 1of 2964
--------- beginning of main
03-29 16:38:46.351 21263 21263 E com.mbwhatsapp: Unknown bits set in runtime_flags:
0x40000000
03-29 16:38:46.361 21263 21263 E com.mbwhatsapp: Not starting debugger since process cannot load the jdwp agent.
03-29 16:38:46.375 21263 21263 W ziparchive: Unable to open '/system/framework/mediatek-framework.dm': No such file or directory
03-29 16:38:46.375 21263 21263 W ziparchive: Unable to open '/system/framework/mediatek-framework.dm': No such file or directory
03-29 16:38:46.395 21263 21277 E com.mbwhatsapp: Could not write anonymous vdex /system/framework/oat/arm64/mediatek-framework.vdex: Could not open /system/framework/oat/arm64/mediatek-framework.vdex for writing
03-29 16:38:46.456 21263 21263 W libc : Access denied finding property "ro.odm.prev.product.name"
03-29 16:38:46.764 21263 21263 W System.err: java.lang.ClassNotFoundException: mbmodsd.mbmodsw.ui.views.btn.BtnBK
03-29 16:38:46.766 21263 21263 W System.err: at java.lang.Runtime.nativeLoad(Native Method)
03-29 16:38:46.766 21263 21263 W System.err: at java.lang.Runtime.nativeLoad(Runtime.java:1121)
03-29 16:38:46.766 21263 21263 W System.err: at java.lang.Runtime.loadLibrary0(Runtime.java:1075)
03-29 16:38:46.766 21263 21263 W System.err: at java.lang.Runtime.loadLibrary0(Runtime.java:998)
03-29 16:38:46.766 21263 21263 W System.err: at java.lang.System.loadLibrary(System.java:1661)
03-29 16:38:46.766 21263 21263 W System.err: at arm.EpicVm.<clinit>(Unknown Source:2)
03-29 16:38:46.766 21263 21263 W System.err: at java.lang.Class.newInstance(Native Method)
03-29 16:38:46.767 21263 21263 W System.err: at android.app.AppComponentFactory.instantiateApplication(AppComponentFactory.java:76)
03-29 16:38:46.767 21263 21263 W System.err: at androidx.core.app.CoreComponentFactory.instantiateApplication(Unknown Source:0)
03-29 16:38:46.767 21263 21263 W System.err: at android.app.Instrumentation.newApplication(Instrumentation.java:1251)
03-29 16:38:46.767 21263 21263 W System.err: at android.app.LoadedApk.makeApplicationInner(LoadedApk.java:1507)
03-29 16:38:46.767 21263 21263 W System.err: at android.app.LoadedApk.makeApplicationInner(LoadedApk.java:1443)
03-29 16:38:46.767 21263 21263 W System.err: at android.app.ActivityThread.handleBindApplication(ActivityThread.java:7232)
03-29 16:38:46.767 21263 21263 W System.err: at android.app.ActivityThread.-$ $Nest$mhandleBindApplication(Unknown Source:0)
03-29 16:38:46.767 21263 21263 W System.err: at android.app.ActivityThread$H.handleMessage(ActivityThread.java:2307)
03-29 16:38:46.767 21263 21263 W System.err: at android.os.Handler.dispatchMessage(Handler.java:106)
03-29 16:38:46.767 21263 21263 W System.err: at android.os.Looper.loopOnce(Looper.java:240)
03-29 16:38:46.767 21263 21263 W System.err: at android.os.Looper.loop(Looper.java:351)
03-29 16:38:46.767 21263 21263 W System.err: at android.app.ActivityThread.main(ActivityThread.java:8436)
03-29 16:38:46.767 21263 21263 W System.err: at java.lang.reflect.Method.invoke(Native Method)
03-29 16:38:46.767 21263 21263 W System.err: at com.android.internal.os.RuntimeInit$MethodAndArgsCaller.run(RuntimeInit.java:568)
03-29 16:38:46.767 21263 21263 W System.err: at com.android.internal.os.ZygoteInit.main(ZygoteInit.java:1013)
03-29 16:38:46.828 21263 21263 E CustomActivityOnCrash: IMPORTANT WARNING! You already have an UncaughtExceptionHandler, are you sure this is correct? If you use a custom UncaughtExceptionHandler, you must initialize it AFTER CustomActivityOnCrash! Installing anyway, but your original handler will not be called.
03-29 16:38:47.387 21263 21263 W com.mbwhatsapp: Accessing hidden method Lcom/android/org/conscrypt/OpenSSLSocketImpl;->setUseSessionTickets(Z)V (max- target-q,core-platform-api, reflection, denied)
03-29 16:38:47.387 21263 21263 W com.mbwhatsapp: Accessing hidden method Lcom/android/org/conscrypt/AbstractConscryptSocket;->setUseSessionTickets(Z)V (max- target-q, reflection, denied)
03-29 16:38:47.813 21263 21311 W com.mbwhatsapp: Method void X.2rL.A03(java.lang.Integer) failed lock verificati--------- beginning of main
03-29 16:39:38.070 21760 21760 E com.mbwhatsapp: Unknown bits set in runtime_flags: 0x40000000
03-29 16:39:38.082 21760 21760 E com.mbwhatsapp: Not starting debugger since process cannot load the jdwp agent.
03-29 16:39:38.094 21760 21760 W ziparchive: Unable to open '/system/framework/mediatek-framework.dm': No such file or directory
03-29 16:39:38.094 21760 21760 W ziparchive: Unable to open '/system/framework/mediatek-framework.dm': No such file or directory
03-29 16:39:38.106 21760 21775 E com.mbwhatsapp: Could not write anonymous vdex /system/framework/oat/arm64/mediatek-framework.vdex: Could not open /system/framework/oat/arm64/mediatek-framework.vdex for writing
03-29 16:39:38.201 21760 21760 W libc : Access denied finding property "ro.odm.prev.product.name"
03-29 16:39:38.446 21760 21760 W System.err: java.lang.ClassNotFoundException: mbmodsd.mbmodsw.ui.views.btn.BtnBK
03-29 16:39:38.446 21760 21760 W System.err: at java.lang.Runtime.nativeLoad(Native Method)
03-29 16:39:38.447 21760 21760 W System.err: at java.lang.Runtime.nativeLoad(Runtime.java:1121)
03-29 16:39:38.447 21760 21760 W System.err: at java.lang.Runtime.loadLibrary0(Runtime.java:1075)
03-29 16:39:38.447 21760 21760 W System.err: at java.lang.Runtime.loadLibrary0(Runtime.java:998)
03-29 16:39:38.447 21760 21760 W System.err: at java.lang.System.loadLibrary(System.java:1661)
03-29 16:39:38.447 21760 21760 W System.err: at arm.EpicVm.<clinit>(Unknown Source:2)
03-29 16:39:38.447 21760 21760 W System.err: at java.lang.Class.newInstance(Native Method)
03-29 16:39:38.447 21760 21760 W System.err: at android.app.AppComponentFactory.instantiateApplication(AppComponentFactory.java:76)
03-29 16:39:38.447 21760 21760 W System.err: at androidx.core.app.CoreComponentFactory.instantiateApplication(Unknown Source:0)
03-29 16:39:38.447 21760 21760 W System.err: at android.app.Instrumentation.newApplication(Instrumentation.java:1251)
03-29 16:39:38.447 21760 21760 W System.err: at android.app.LoadedApk.makeApplicationInner(LoadedApk.java:1507)
03-29 16:39:38.447 21760 21760 W System.err: at android.app.LoadedApk.makeApplicationInner(LoadedApk.java:1443)
03-29 16:39:38.447 21760 21760 W System.err: at android.app.ActivityThread.handleBindApplication(ActivityThread.java:7232)
03-29 16:39:38.447 21760 21760 W System.err: at android.app.ActivityThread.-$ $Nest$mhandleBindApplication(Unknown Source:0)
03-29 16:39:38.447 21760 21760 W System.err: at android.app.ActivityThread$H.handleMessage(ActivityThread.java:2307)
03-29 16:39:38.447 21760 21760 W System.err: at android.os.Handler.dispatchMessage(Handler.java:106)
03-29 16:39:38.448 21760 21760 W System.err: at android.os.Looper.loopOnce(Looper.java:240)
03-29 16:39:38.448 21760 21760 W System.err: at android.os.Looper.loop(Looper.java:351)
03-29 16:39:38.448 21760 21760 W System.err: at android.app.ActivityThread.main(ActivityThread.java:8436)
03-29 16:39:38.448 21760 21760 W System.err: at java.lang.reflect.Method.invoke(Native Method)
03-29 16:39:38.448 21760 21760 W System.err: at com.android.internal.os.RuntimeInit$MethodAndArgsCaller.run(RuntimeInit.java:568)
03-29 16:39:38.448 21760 21760 W System.err: at com.android.internal.os.ZygoteInit.main(ZygoteInit.java:1013)
03-29 16:39:38.462 21760 21760 E CustomActivityOnCrash: IMPORTANT WARNING! You already have an UncaughtExceptionHandler, are you sure this is correct? If you use a custom UncaughtExceptionHandler, you must initialize it AFTER CustomActivityOnCrash! Installing anyway, but your original handler will not be called.
03-29 16:39:38.858 21760 21760 W com.mbwhatsapp: Accessing hidden method Lcom/android/org/conscrypt/OpenSSLSocketImpl;->setUseSessionTickets(Z)V (max- target-q,core-platform-api, reflection, denied)
03-29 16:39:38.858 21760 21760 W com.mbwhatsapp: Accessing hidden method Lcom/android/org/conscrypt/AbstractConscryptSocket;->setUseSessionTickets(Z)V (max- target-q, reflection, denied)
03-29 16:39:39.390 21760 21904 W com.mbwhatsapp: Method void X.2rL.A03(java.lang.Integer) failed lock verificati--------- beginning of main
03-29 16:40:15.706 22657 22657 E com.mbwhatsapp: Unknown bits set in runtime_flags: 0x40000000
03-29 16:40:15.725 22657 22657 E com.mbwhatsapp: Not starting debugger since process cannot load the jdwp agent.
03-29 16:40:15.736 22657 22657 W ziparchive: Unable to open '/system/framework/mediatek-framework.dm': No such file or directory
03-29 16:40:15.736 22657 22657 W ziparchive: Unable to open '/system/framework/mediatek-framework.dm': No such file or directory
03-29 16:40:15.750 22657 22700 E com.mbwhatsapp: Could not write anonymous vdex /system/framework/oat/arm64/mediatek-framework.vdex: Could not open /system/framework/oat/arm64/mediatek-framework.vdex for writing
03-29 16:40:15.809 22657 22657 W libc : Access denied finding property "ro.odm.prev.product.name"
03-29 16:40:16.475 22657 22657 W System.err: java.lang.ClassNotFoundException: mbmodsd.mbmodsw.ui.views.btn.BtnBK
03-29 16:40:16.477 22657 22657 W System.err: at java.lang.Runtime.nativeLoad(Native Method)
03-29 16:40:16.477 22657 22657 W System.err: at java.lang.Runtime.nativeLoad(Runtime.java:1121)
03-29 16:40:16.478 22657 22657 W System.err: at java.lang.Runtime.loadLibrary0(Runtime.java:1075)
03-29 16:40:16.478 22657 22657 W System.err: at java.lang.Runtime.loadLibrary0(Runtime.java:998)
03-29 16:40:16.478 22657 22657 W System.err: at java.lang.System.loadLibrary(System.java:1661)
03-29 16:40:16.478 22657 22657 W System.err: at arm.EpicVm.<clinit>(Unknown Source:2)
03-29 16:40:16.478 22657 22657 W System.err: at java.lang.Class.newInstance(Native Method)
03-29 16:40:16.478 22657 22657 W System.err: at android.app.AppComponentFactory.instantiateApplication(AppComponentFactory.java:76)
03-29 16:40:16.478 22657 22657 W System.err: at androidx.core.app.CoreComponentFactory.instantiateApplication(Unknown Source:0)
03-29 16:40:16.478 22657 22657 W System.err: at android.app.Instrumentation.newApplication(Instrumentation.java:1251)
03-29 16:40:16.478 22657 22657 W System.err: at android.app.LoadedApk.makeApplicationInner(LoadedApk.java:1507)
03-29 16:40:16.478 22657 22657 W System.err: at android.app.LoadedApk.makeApplicationInner(LoadedApk.java:1443)
03-29 16:40:16.478 22657 22657 W System.err: at android.app.ActivityThread.handleBindApplication(ActivityThread.java:7232)
03-29 16:40:16.478 22657 22657 W System.err: at android.app.ActivityThread.-$ $Nest$mhandleBindApplication(Unknown Source:0)
03-29 16:40:16.478 22657 22657 W System.err: at android.app.ActivityThread$H.handleMessage(ActivityThread.java:2307)
03-29 16:40:16.478 22657 22657 W System.err: at android.os.Handler.dispatchMessage(Handler.java:106)
03-29 16:40:16.478 22657 22657 W System.err: at android.os.Looper.loopOnce(Looper.java:240)
03-29 16:40:16.478 22657 22657 W System.err: at android.os.Looper.loop(Looper.java:351)
03-29 16:40:16.478 22657 22657 W System.err: at android.app.ActivityThread.main(ActivityThread.java:8436)
03-29 16:40:16.478 22657 22657 W System.err: at java.lang.reflect.Method.invoke(Native Method)
03-29 16:40:16.478 22657 22657 W System.err: at com.android.internal.os.RuntimeInit$MethodAndArgsCaller.run(RuntimeInit.java:568)
03-29 16:40:16.478 22657 22657 W System.err: at com.android.internal.os.ZygoteInit.main(ZygoteInit.java:1013)
03-29 16:40:16.545 22657 22657 E CustomActivityOnCrash: IMPORTANT WARNING! You already have an UncaughtExceptionHandler, are you sure this is correct? If you use a custom UncaughtExceptionHandler, you must initialize it AFTER CustomActivityOnCrash! Installing anyway, but your original handler will not be called.
03-29 16:40:17.696 22657 22657 W com.mbwhatsapp: Accessing hidden method Lcom/android/org/conscrypt/OpenSSLSocketImpl;->setUseSessionTickets(Z)V (max- target-q,core-platform-api, reflection, denied)
03-29 16:40:17.696 22657 22657 W com.mbwhatsapp: Accessing hidden method Lcom/android/org/conscrypt/AbstractConscryptSocket;->setUseSessionTickets(Z)V (max- target-q, reflection, denied)
03-29 16:40:18.074 22657 22805 W com.mbwhatsapp: Method void X.2rL.A03(java.lang.Integer) failed lock verificati--------- beginning of main
03-29 16:40:18.075 22657 22657 E ANR_LOG : Blocked msg = { when=+2s315ms what=110 target=android.app.ActivityThread$H obj=AppBindData{appInfo=ApplicationInfo{94e3cd9 com.mbwhatsapp}} } , cost = 2315 ms
03-29 16:40:33.902 23325 23325 E com.mbwhatsapp: Unknown bits set in runtime_flags: 0x40000000
03-29 16:40:33.909 23325 23325 E com.mbwhatsapp: Not starting debugger since process cannot load the jdwp agent.
03-29 16:40:33.916 23325 23325 W ziparchive: Unable to open '/system/framework/mediatek-framework.dm': No such file or directory
03-29 16:40:33.916 23325 23325 W ziparchive: Unable to open '/system/framework/mediatek-framework.dm': No such file or directory
03-29 16:40:33.931 23325 23341 E com.mbwhatsapp: Could not write anonymous vdex /system/framework/oat/arm64/mediatek-framework.vdex: Could not open /system/framework/oat/arm64/mediatek-framework.vdex for writing
03-29 16:40:33.988 23325 23325 W libc : Access denied finding property "ro.odm.prev.product.name"
03-29 16:40:34.118 23325 23325 W System.err: java.lang.ClassNotFoundException: mbmodsd.mbmodsw.ui.views.btn.BtnBK
03-29 16:40:34.119 23325 23325 W System.err: at java.lang.Runtime.nativeLoad(Native Method)
03-29 16:40:34.119 23325 23325 W System.err: at java.lang.Runtime.nativeLoad(Runtime.java:1121)
03-29 16:40:34.119 23325 23325 W System.err: at java.lang.Runtime.loadLibrary0(Runtime.java:1075)
03-29 16:40:34.119 23325 23325 W System.err: at java.lang.Runtime.loadLibrary0(Runtime.java:998)
03-29 16:40:34.119 23325 23325 W System.err: at java.lang.System.loadLibrary(System.java:1661)
03-29 16:40:34.119 23325 23325 W System.err: at arm.EpicVm.<clinit>(Unknown Source:2)
03-29 16:40:34.119 23325 23325 W System.err: at java.lang.Class.newInstance(Native Method)
03-29 16:40:34.119 23325 23325 W System.err: at android.app.AppComponentFactory.instantiateApplication(AppComponentFactory.java:76)
03-29 16:40:34.119 23325 23325 W System.err: at androidx.core.app.CoreComponentFactory.instantiateApplication(Unknown Source:0)
03-29 16:40:34.119 23325 23325 W System.err: at android.app.Instrumentation.newApplication(Instrumentation.java:1251)
03-29 16:40:34.119 23325 23325 W System.err: at android.app.LoadedApk.makeApplicationInner(LoadedApk.java:1507)
03-29 16:40:34.119 23325 23325 W System.err: at android.app.LoadedApk.makeApplicationInner(LoadedApk.java:1443)
03-29 16:40:34.120 23325 23325 W System.err: at android.app.ActivityThread.handleBindApplication(ActivityThread.java:7232)
03-29 16:40:34.120 23325 23325 W System.err: at android.app.ActivityThread.-$ $Nest$mhandleBindApplication(Unknown Source:0)
03-29 16:40:34.120 23325 23325 W System.err: at android.app.ActivityThread$H.handleMessage(ActivityThread.java:2307)
03-29 16:40:34.120 23325 23325 W System.err: at android.os.Handler.dispatchMessage(Handler.java:106)
03-29 16:40:34.120 23325 23325 W System.err: at android.os.Looper.loopOnce(Looper.java:240)
03-29 16:40:34.120 23325 23325 W System.err: at android.os.Looper.loop(Looper.java:351)
03-29 16:40:34.120 23325 23325 W System.err: at android.app.ActivityThread.main(ActivityThread.java:8436)
03-29 16:40:34.120 23325 23325 W System.err: at java.lang.reflect.Method.invoke(Native Method)
03-29 16:40:34.120 23325 23325 W System.err: at com.android.internal.os.RuntimeInit$MethodAndArgsCaller.run(RuntimeInit.java:568)
03-29 16:40:34.120 23325 23325 W System.err: at com.android.internal.os.ZygoteInit.main(ZygoteInit.java:1013)
03-29 16:40:34.130 23325 23325 E CustomActivityOnCrash: IMPORTANT WARNING! You already have an UncaughtExceptionHandler, are you sure this is correct? If you use a custom UncaughtExceptionHandler, you must initialize it AFTER CustomActivityOnCrash! Installing anyway, but your original handler will not be called.
03-29 16:40:34.304 23325 23325 W com.mbwhatsapp: Accessing hidden method Lcom/android/org/conscrypt/OpenSSLSocketImpl;->setUseSessionTickets(Z)V (max- target-q,core-platform-api, reflection, denied)
03-29 16:40:34.305 23325 23325 W com.mbwhatsapp: Accessing hidden method Lcom/android/org/consc--------- beginning of main
03-29 16:41:24.114 24477 24477 E com.mbwhatsapp: Unknown bits set in runtime_flags: 0x40000000
03-29 16:41:24.122 24477 24477 E com.mbwhatsapp: Not starting debugger since process cannot load the jdwp agent.
03-29 16:41:24.135 24477 24477 W ziparchive: Unable to open '/system/framework/mediatek-framework.dm': No such file or directory
03-29 16:41:24.135 24477 24477 W ziparchive: Unable to open '/system/framework/mediatek-framework.dm': No such file or directory
03-29 16:41:24.146 24477 24491 E com.mbwhatsapp: Could not write anonymous vdex /system/framework/oat/arm64/mediatek-framework.vdex: Could not open /system/framework/oat/arm64/mediatek-framework.vdex for writing
03-29 16:41:24.196 24477 24477 W libc : Access denied finding property "ro.odm.prev.product.name"
03-29 16:41:24.506 24477 24477 W System.err: java.lang.ClassNotFoundException: mbmodsd.mbmodsw.ui.views.btn.BtnBK
03-29 16:41:24.508 24477 24477 W System.err: at java.lang.Runtime.nativeLoad(Native Method)
03-29 16:41:24.508 24477 24477 W System.err: at java.lang.Runtime.nativeLoad(Runtime.java:1121)
03-29 16:41:24.508 24477 24477 W System.err: at java.lang.Runtime.loadLibrary0(Runtime.java:1075)
03-29 16:41:24.508 24477 24477 W System.err: at java.lang.Runtime.loadLibrary0(Runtime.java:998)
03-29 16:41:24.508 24477 24477 W System.err: at java.lang.System.loadLibrary(System.java:1661)
03-29 16:41:24.508 24477 24477 W System.err: at arm.EpicVm.<clinit>(Unknown Source:2)
03-29 16:41:24.508 24477 24477 W System.err: at java.lang.Class.newInstance(Native Method)
03-29 16:41:24.508 24477 24477 W System.err: at android.app.AppComponentFactory.instantiateApplication(AppComponentFactory.java:76)
03-29 16:41:24.508 24477 24477 W System.err: at androidx.core.app.CoreComponentFactory.instantiateApplication(Unknown Source:0)
03-29 16:41:24.508 24477 24477 W System.err: at android.app.Instrumentation.newApplication(Instrumentation.java:1251)
03-29 16:41:24.508 24477 24477 W System.err: at android.app.LoadedApk.makeApplicationInner(LoadedApk.java:1507)
03-29 16:41:24.508 24477 24477 W System.err: at android.app.LoadedApk.makeApplicationInner(LoadedApk.java:1443)
03-29 16:41:24.508 24477 24477 W System.err: at android.app.ActivityThread.handleBindApplication(ActivityThread.java:7232)
03-29 16:41:24.508 24477 24477 W System.err: at android.app.ActivityThread.-$ $Nest$mhandleBindApplication(Unknown Source:0)
03-29 16:41:24.508 24477 24477 W System.err: at android.app.ActivityThread$H.handleMessage(ActivityThread.java:2307)
03-29 16:41:24.508 24477 24477 W System.err: at android.os.Handler.dispatchMessage(Handler.java:106)
03-29 16:41:24.508 24477 24477 W System.err: at android.os.Looper.loopOnce(Looper.java:240)
03-29 16:41:24.508 24477 24477 W System.err: at android.os.Looper.loop(Looper.java:351)
03-29 16:41:24.508 24477 24477 W System.err: at android.app.ActivityThread.main(ActivityThread.java:8436)
03-29 16:41:24.508 24477 24477 W System.err: at java.lang.reflect.Method.invoke(Native Method)
03-29 16:41:24.508 24477 24477 W System.err: at com.android.internal.os.RuntimeInit$MethodAndArgsCaller.run(RuntimeInit.java:568)
03-29 16:41:24.508 24477 24477 W System.err: at com.android.internal.os.ZygoteInit.main(ZygoteInit.java:1013)
03-29 16:41:24.573 24477 24477 E CustomActivityOnCrash: IMPORTANT WARNING! You already have an UncaughtExceptionHandler, are you sure this is correct? If you use a custom UncaughtExceptionHandler, you must initialize it AFTER CustomActivityOnCrash! Installing anyway, but your original handler will not be called.
03-29 16:41:25.445 24477 24477 W com.mbwhatsapp: Accessing hidden method Lcom/android/org/conscrypt/OpenSSLSocketImpl;->setUseSessionTickets(Z)V (max- target-q,core-platform-api, reflection, denied)
03-29 16:41:25.445 24477 24477 W com.mbwhatsapp: Accessing hidden method Lcom/android/org/conscrypt/AbstractConscryptSocket;->setUseSessionTickets(Z)V (max- target-q, reflection, denied)
03-29 16:41:25.926 24477 24477 E ANR_LOG : Blocked msg = { when=+1s764ms what=110 target=android.app.ActivityThr--------- beginning of main
03-29 16:41:25.940 24477 24746 W com.mbwhatsapp: Method void X.2rL.A03(java.lang.Integer) failed lock verification and will run slower.
03-29 16:41:25.940 24477 24746 W com.mbwhatsapp: Common causes for lock verification issues are non-optimized dex code
03-29 16:41:25.940 24477 24746 W com.mbwhatsapp: and incorrect proguard optimizations.
03-29 16:41:31.094 24904 24904 W com.whatsapp: type=1400 audit(0.0:1210025): avc: granted { execute } for path="/data/data/com.whatsapp/files/decompressed/libs.spo/libc++_shared.so" dev="dm-75" ino=91597 scontext=u:r:untrusted_app:s0:c47,c257,c512,c768 tcontext=u:object_r:app_data_file:s0:c47,c257,c512,c768 tclass=file app=com.mbwhatsapp
03-29 16:41:31.106 24904 24904 W com.whatsapp: type=1400 audit(0.0:1210026): avc: granted { execute } for path="/data/data/com.whatsapp/files/decompressed/libs.spo/libvlc.so" dev="dm-75" ino=98477 scontext=u:r:untrusted_app:s0:c47,c257,c512,c768 tcontext=u:object_r:app_data_file:s0:c47,c257,c512,c768 tclass=file app=com.mbwhatsapp
03-29 16:41:31.126 24904 24904 W com.whatsapp: type=1400 audit(0.0:1210027): avc: granted { execute } for path="/data/data/com.whatsapp/files/decompressed/libs.spo/libaom.so" dev="dm-75" ino=22820 scontext=u:r:untrusted_app:s0:c47,c257,c512,c768 tcontext=u:object_r:app_data_file:s0:c47,c257,c512,c768 tclass=file app=com.mbwhatsapp
03-29 16:41:31.134 24904 24904 W com.whatsapp: type=1400 audit(0.0:1210028): avc: granted { execute } for path="/data/data/com.whatsapp/files/decompressed/libs.spo/libwhatsapp.so" dev="dm- 75" ino=87019 scontext=u:r:untrusted_app:s0:c47,c257,c512,c768 tcontext=u:object_r:app_data_file:s0:c47,c257,c512,c768 tclass=file app=com.mbwhatsapp
03-29 16:41:31.246 24904 24904 W com.whatsapp: type=1400 audit(0.0:1210029): avc: granted { execute } for path="/data/data/com.whatsapp/files/decompressed/libs.spo/libcurve25519.so" dev="dm-75" ino=31474 scontext=u:r:untrusted_app:s0:c47,c257,c512,c768 tcontext=u:object_r:app_data_file:s0:c47,c257,c512,c768 tclass=file app=com.mbwhatsapp
03-29 16:41:37.100 25107 25107 E com.mbwhatsapp: Unknown bits set in runtime_flags: 0x40000000
03-29 16:41:37.109 25107 25107 E com.mbwhatsapp: Not starting debugger since process cannot load the jdwp agent.
03-29 16:41:37.116 25107 25107 W ziparchive: Unable to open '/system/framework/mediatek-framework.dm': No such file or directory
03-29 16:41:37.116 25107 25107 W ziparchive: Unable to open '/system/framework/mediatek-framework.dm': No such file or directory
03-29 16:41:37.126 25107 25122 E com.mbwhatsapp: Could not write anonymous vdex /system/framework/oat/arm64/mediatek-framework.vdex: Could not open /system/framework/oat/arm64/mediatek-framework.vdex for writing
03-29 16:41:37.170 25107 25107 W libc : Access denied finding property "ro.odm.prev.product.name"
03-29 16:41:37.275 25107 25107 W System.err: java.lang.ClassNotFoundException: mbmodsd.mbmodsw.ui.views.btn.BtnBK
03-29 16:41:37.276 25107 25107 W System.err: at java.lang.Runtime.nativeLoad(Native Method)
03-29 16:41:37.276 25107 25107 W System.err: at java.lang.Runtime.nativeLoad(Runtime.java:1121)
03-29 16:41:37.276 25107 25107 W System.err: at java.lang.Runtime.loadLibrary0(Runtime.java:1075)
03-29 16:41:37.276 25107 25107 W System.err: at java.lang.Runtime.loadLibrary0(Runtime.java:998)
03-29 16:41:37.276 25107 25107 W System.err: at java.lang.System.loadLibrary(System.java:1661)
03-29 16:41:37.276 25107 25107 W System.err: at arm.EpicVm.<clinit>(Unknown Source:2)
03-29 16:41:37.276 25107 25107 W System.err: at java.lang.Class.newInstance(Native Method)
03-29 16:41:37.276 25107 25107 W System.err: at android.app.AppComponentFactory.instantiateApplication(AppComponentFactory.java:76)
03-29 16:41:37.276 25107 25107 W System.err: at androidx.core.app.CoreComponentFactory.instantiateApplication(Unknown Source:0)
03-29 16:41:37.276 25107 25107 W System.err: at android.app.Instrumentation.newApplication(Instrumentation.java:1251)
03-29 16:41:37.276 25107 25107 W System.err: at android.app.LoadedApk.makeApplicationInner(LoadedApk.java:1507)
03-29 16:41:37.276 25107 25107 W System.err: at android.app.LoadedApk.makeApplicationInner(LoadedApk.java:1443)
03-29 16:41:37.276 25107 25107 W System.err: at android.app.ActivityThread.handleBindApplication(ActivityThread.java:7232)
03-29 16:41:37.276 25107 25107 W System.err: at android.app.ActivityThread.-$ $Nest$mhandleBindApplication(Unknown Source:0)
03-29 16:41:37.276 25107 25107 W System.err: at android.app.ActivityThread$H.handleMessage(ActivityThread.java:2307)
03-29 16:41:37.276 25107 25107 W System.err: at android.os.Handler.dispatchMessage(Handler.java:106)
03-29 16:41:37.276 25107 25107 W System.err: at android.os.Looper.loopOnce(Looper.java:240)
03-29 16:41:37.276 25107 25107 W System.err: at android.os.Looper.loop(Looper.java:351)
03-29 16:41:37.276 25107 25107 W System.err: at android.app.ActivityThread.main(ActivityThread.java:8436)
03-29 16:41:37.276 25107 25107 W System.err: at java.lang.reflect.Method.invoke(Native Method)
03-29 16:41:37.276 25107 25107 W System.err: at com.android.internal.os.RuntimeInit$MethodAndArgsCaller.run(RuntimeInit.java:568)
03-29 16:41:37.276 25107 25107 W System.err: at com.android.internal.os.ZygoteInit.main(ZygoteInit.java:1013)
03-29 16:41:37.284 25107 25107 E CustomActivityOnCrash: IMPORTANT WARNING! You already have an UncaughtExceptionHandler, are you sure this is correct? If you use a custom UncaughtExceptionHandler, you must initialize it AFTER CustomActivityOnCrash! Installing anyway, but your original handler will not be called.
03-29 16:41:37.486 25107 25107 W com.mbwhatsapp: Accessing hidden method Lcom/android/org/conscrypt/OpenSSLSocketImpl;->setUseSessionTickets(Z)V (max- target-q,core-platform-api, reflection, denied)
03-29 16:41:37.486 25107 25107 W com.mbwhatsapp: Accessing hidden method Lcom/android/org/conscrypt/AbstractConscryptSocket;->setUseSessionTickets(Z)V (max- target-q, reflection, denied)
03-29 16:41:37.498 25107 25107 W com.mbwhatsapp: type=1400 audit(0.0:1210033): avc: granted { execute } for path="/data/data/com.mbwhatsapp/files/decompressed/libs.spk.zst/libc++_shared.so" dev="dm-75" ino=34004 scontext=u:r:untrusted_app:s0:c38,c257,c512,c768 tcontext=u:object_r:app_data_file:s0:c38,c257,c512,c768 tclass=file app=com.mbwhatsapp
03-29 16:41:37.502 25107 25107 W com.mbwhatsapp: type=1400 audit(0.0:1210034): avc: granted { execute } for path="/data/data/com.mbwhatsapp/files/decompressed/libs.spk.zst/libvlc.so" dev="dm- 75" ino=37727 scontext=u:r:untrusted_app:s0:c38,c257,c512,c768 tcontext=u:object_r:app_data_file:s0:c38,c257,c512,c768 tclass=file app=com.mbwhatsapp
03-29 16:41:37.506 25107 25107 W com.mbwhatsapp: type=1400 audit(0.0:1210035): avc: granted { execute } for path="/data/data/com.mbwhatsapp/files/decompressed/libs.spk.zst/libwhatsapp.so" dev="dm-75" ino=36919 scontext=u:r:untrusted_app:s0:c38,c257,c512,c768 tcontext=u:object_r:app_data_file:s0:c38,c257,c512,c768 tclass=file app=com.mbwhatsapp
03-29 16:41:37.518 25107 25107 W com.mbwhatsapp: type=1400 audit(0.0:1210036): avc: granted { execute } for path="/data/data/com.mbwhatsapp/files/decompressed/libs.spk.zst/libcurve25519.so" dev="dm-75" ino=36986 scontext=u:r:untrusted_app:s0:c38,c257,c512,c768 tcontext=u:object_r:app_data_file:s0:c38,c257,c512,c768 tclass=file app=com.mbwhatsapp
03-29 16:41:37.522 25107 25107 W com.mbwhatsapp: type=1400 audit(0.0:1210037): avc: granted { execute } for path="/data/data/com.mbwhatsapp/files/decompressed/libs.spk.zst/libwhatsapp.so" dev="dm-75" ino=36919 scontext=u:r:untrusted_app:s0:c38,c257,c512,c768 tcontext=u:object_r:app_data_file:s0:c38,c257,c512,c768 tclass=file app=com.mbwhatsapp
03-29 16:41:37.562 25107 25155 W com.mbwhatsapp: Method void X.2rL.A03(java.lang.Integer) failed lock verification and will run slower.
03-29 16:41:37.562 25107 25155 W com.mbwhatsapp: Common causes for lock verification issues are non-optimized dex code
03-29 16:41:37.562 25107 25155 W com.mbwhatsapp: and incorrect proguard optimizations.
03-29 16:41:37.574 25107 25107 W com.mbwhatsapp: Method void X.0eU.A0h(X.0tK, boolean) failed lock verification and will run slower.
03-29 16:41:37.793 25107 25175 E QT : [QT]file does not exist
03-29 16:41:37.799 25107 25107 W com.mbwhatsapp: Method void com.mbwhatsapp.HomeActivity.A6e() failed lock verification and will run slower. --------- beginning of system
03-29 16:41:37.880 25107 25107 E OplusCustomizeRestrictionManager: sInstance is null, start a new sInstance
03-29 16:41:37.890 25107 25107 E ArmVmp : Match on catch block at 0x8d in for 0x1cd
03-29 16:41:37.978 25107 25107 E ArmVmp : Match on catch block at 0x4c in for 0x1cd
03-29 16:41:37.998 25107 25107 E ArmVmp : Match on catch block at 0x8d in for 0x1d1
03-29 16:41:38.239 25107 25107 E ArmVmp : Match on catch block at 0x0a in for 0x199
03-29 16:41:38.266 25107 25107 E ArmVmp : Match on catch block at 0x0a in for 0x261
03-29 16:41:38.358 25107 25107 W Activity: Can request only one set of permissions at a time
03-29 16:41:38.464 25107 25107 E SchedAssist: ofbOpen failed with error=No such file or directory
03-29 16:41:38.464 25107 25107 E SchedAssist: sysOpen failed with error=No such file or directory
03-29 16:41:38.464 25107 25107 E SchedAssist: sharedImFd failed with error=Permission denied
03-29 16:41:38.478 25107 25180 W com.mbwhatsapp: Accessing hidden method Lcom/android/org/conscrypt/ConscryptEngineSocket;->setUseSessionTickets(Z)V (max- target-q,core-platform-api, reflection, denied)
03-29 16:41:38.478 25107 25180 W com.mbwhatsapp: Accessing hidden method Lcom/android/org/conscrypt/OpenSSLSocketImpl;->setUseSessionTickets(Z)V (max- target-q,core-platform-api, reflection, denied)
03-29 16:41:38.478 25107 25180 W com.mbwhatsapp: Accessing hidden method Lcom/android/org/conscrypt/AbstractConscryptSocket;->setUseSessionTickets(Z)V (max- target-q, reflection, denied)
03-29 16:41:38.478 25107 25180 W com.mbwhatsapp: Accessing hidden method Lcom/android/org/conscrypt/ConscryptEngineSocket;->setHostname(Ljava/lang/String;)V (max-target-q,core-platform-api, reflection, denied)
03-29 16:41:38.478 25107 25180 W com.mbwhatsapp: Accessing hidden method Lcom/android/org/conscrypt/OpenSSLSocketImpl;->setHostname(Ljava/lang/String;)V (max-target-q,core-platform-api, reflection, denied)
03-29 16:41:38.478 25107 25180 W com.mbwhatsapp: Accessing hidden method Lcom/android/org/conscrypt/AbstractConscryptSocket;->setHostname(Ljava/lang/ String;)V (max-target-q, reflection, denied)
03-29 16:41:38.478 25107 25180 W com.mbwhatsapp: Accessing hidden method Lcom/android/org/conscrypt/OpenSSLSocketImpl;->setAlpnProtocols([B)V (max-target- q,core-platform-api, reflection, denied)
03-29 16:41:38.478 25107 25180 W com.mbwhatsapp: Accessing hidden method Lcom/android/org/conscrypt/AbstractConscryptSocket;->setAlpnProtocols([B)V (max- target-q, reflection, denied)
03-29 16:41:38.565 25107 25107 E OplusBracketLog: [OplusViewMirrorManager] updateHostViewRootIfNeeded, not support android.view.ViewRootImpl@720af4d
03-29 16:41:38.834 25107 25180 W com.mbwhatsapp: Accessing hidden method Lcom/android/org/conscrypt/OpenSSLSocketImpl;->getAlpnSelectedProtocol()[B (max- target-q,core-platform-api, reflection, denied)
03-29 16:41:38.834 25107 25180 W com.mbwhatsapp: Accessing hidden method Lcom/android/org/conscrypt/AbstractConscryptSocket;->getAlpnSelectedProtocol()[B (max-target-q, reflection, denied)
03-29 16:41:38.844 25107 25172 E OpenGLRenderer: Device claims wide gamut support, cannot find matching config, error = EGL_SUCCESS
03-29 16:41:38.844 25107 25172 W OpenGLRenderer: Failed to initialize 101010-2 format, error = EGL_SUCCESS
03-29 16:41:38.895 25107 25107 E ArmVmp : Match on catch block at 0x8d in for 0x1e5
03-29 16:41:39.020 25107 25107 E ArmVmp : Match on catch block at 0x8d in for 0x1f5
03-29 16:41:39.078 25107 25107 E ArmVmp : Match on catch block at 0x8d in for 0x1e1
03-29 16:41:39.134 25107 25107 E ArmVmp : Match on catch block at 0x8d in for 0x1e9
03-29 16:41:39.208 25107 25107 E ArmVmp : Match on catch block at 0x8d in for 0x1f1
03-29 16:41:39.304 25107 25107 E ArmVmp : Match on catch block at 0x8d in for 0x1f9
03-29 16:41:39.397 25107 25107 E ArmVmp : Match on catch block at 0x8d in for 0x1f5
03-29 16:41:39.464 25107 25107 E ArmVmp : Match on catch block at 0x8d in for 0x1e1
03-29 16:41:39.523 25107 25107 E ArmVmp : Match on catch block at 0x8d in for 0x1f5
03-29 16:41:39.579 25107 25107 E ArmVmp : Match on catch block at 0x8d in for 0x1e1
03-29 16:41:39.640 25107 25107 E RecyclerView: No adapter attached; skipping layout
03-29 16:41:39.695 25107 25172 W libc : Access denied finding property "ro.vendor.magt.mtk_magt_support"
03-29 16:41:39.914 25107 25172 W Parcel : Expecting binder but got null!
03-29 16:41:39.943 25107 25107 E ArmVmp : Match on catch block at 0x0a in for 0x1a5
03-29 16:41:40.017 25107 25107 E RecyclerView: No adapter attached; skipping layout
03-29 16:41:40.172 25107 25127 W LibraryVersion: Failed to get app version for libraryName: firebase-iid
03-29 16:41:40.307 25107 25234 W LOTTIE : Animation contains merge paths. Merge paths are only supported on KitKat+ and must be manually enabled by calling enableMergePathsForKitKatAndAbove().
03-29 16:41:40.375 25107 25107 E ArmVmp : Match on catch block at 0x8d in for 0x259
03-29 16:41:40.382 25107 25107 E ArmVmp : Match on catch block at 0x8d in for 0x249
03-29 16:41:40.389 25107 25107 E ArmVmp : Match on catch block at 0x8d in for 0x255
03-29 16:41:40.396 25107 25107 E ArmVmp : Match on catch block at 0x8d in for 0x245
03-29 16:41:40.661 25107 25107 W LOTTIE : Animation contains merge paths but they are disabled.
03-29 16:41:41.236 25107 25107 E ArmVmp : Match on catch block at 0x8d in for 0x1c1
03-29 16:41:41.249 25107 25107 E ArmVmp : Match on catch block at 0x8d in for 0x1c1
03-29 16:41:43.711 25107 25107 E ArmVmp : Match on catch block at 0x8d in for 0x221
03-29 16:41:43.814 25107 25107 E ArmVmp : Match on catch block at 0x0a in for 0x1c9
03-29 16:41:43.832 25107 25107 E ArmVmp : Match on catch block at 0x0a in for 0x1b1
03-29 16:41:43.833 25107 25107 E OplusBracketLog: [OplusViewMirrorManager] updateHostViewRootIfNeeded, not support android.view.ViewRootImpl@26ae842
03-29 16:41:44.071 25107 25172 W Parcel : Expecting binder but got null!
03-29 16:41:45.404 25107 25107 E OplusBracketLog: [OplusViewMirrorManager] updateHostViewRootIfNeeded, not support android.view.ViewRootImpl@5068070
03-29 16:41:45.418 25107 25107 E IPCThreadState: attemptIncStrongHandle(115): Not supported
03-29 16:41:45.430 25107 25172 W Parcel : Expecting binder but got null!
03-29 16:41:46.379 25107 25107 E OplusBracketLog: [OplusViewMirrorManager] updateHostViewRootIfNeeded, not support android.view.ViewRootImpl@710a322
03-29 16:41:46.390 25107 25107 E IPCThreadState: attemptIncStrongHandle(75): Not supported
03-29 16:41:46.398 25107 25107 E ArmVmp : Match on catch block at 0x8d in for 0x251
03-29 16:41:46.403 25107 25107 E ArmVmp : Match on catch block at 0x8d in for 0x241
03-29 16:41:46.407 25107 25107 E ArmVmp : Match on catch block at 0x8d in for 0x24d
03-29 16:41:46.413 25107 25107 E ArmVmp : Match on catch block at 0x8d in for 0x259
03-29 16:41:46.427 25107 25107 E ArmVmp : Match on catch block at 0x8d in for 0x1f5
03-29 16:41:46.485 25107 25172 W Parcel : Expecting binder but got null!
03-29 16:41:47.344 25107 25116 W com.mbwhatsapp: Cleared Reference was only reachable from finalizer (only reported once)
03-29 16:41:49.919 25107 25107 E OplusBracketLog: [OplusViewMirrorManager] updateHostViewRootIfNeeded, not support android.view.ViewRootImpl@f9bca6d
03-29 16:41:49.933 25107 25107 E IPCThreadState: attemptIncStrongHandle(121): Not supported
03-29 16:41:49.946 25107 25172 W Parcel : Expecting binder but got null!
03-29 16:41:51.128 25107 25107 E IPCThreadState: attemptIncStrongHandle(126): Not supported
03-29 16:41:51.256 25107 25107 E OplusBracketLog: [OplusViewMirrorManager] updateHostViewRootIfNeeded, not support android.view.ViewRootImpl@20b44c4
03-29 16:41:51.280 25107 25172 W Parcel : Expecting binder but got null!
03-29 16:41:51.506 25107 25107 E IPCThreadState: attemptIncStrongHandle(96): Not supported
03-29 16:41:53.445 25107 25107 E ArmVmp : Match on catch block at 0x8d in for 0x1c5
03-29 16:41:53.478 25107 25107 E ArmVmp : Match on catch block at 0x4c in for 0x1d9
03-29 16:41:53.500 25107 25107 E ArmVmp : Match on catch block at 0x8d in for 0x1c1
03-29 16:41:53.644 25107 25107 E ArmVmp : Match on catch block at 0x0a in for 0x189
03-29 16:41:53.669 25107 25107 E ArmVmp : Match on catch block at 0x0a in for 0x26d
03-29 16:41:53.707 25107 25107 W Activity: Can request only one set of permissions at a time
03-29 16:41:53.774 25107 25107 E OplusBracketLog: [OplusViewMirrorManager] updateHostViewRootIfNeeded, not support android.view.ViewRootImpl@501ae61
03-29 16:41:53.878 25107 25107 E IPCThreadState: attemptIncStrongHandle(83): Not supported
03-29 16:41:53.904 25107 25107 E ArmVmp : Match on catch block at 0x8d in for 0x259
03-29 16:41:53.909 25107 25107 E ArmVmp : Match on catch block at 0x8d in for 0x249
03-29 16:41:53.915 25107 25107 E ArmVmp : Match on catch block at 0x8d in for 0x255
03-29 16:41:53.920 25107 25107 E ArmVmp : Match on catch block at 0x8d in for 0x245
03-29 16:41:53.933 25107 25107 E ArmVmp : Match on catch block at 0x8d in for 0x1ed
03-29 16:41:53.998 25107 25107 E ArmVmp : Match on catch block at 0x8d in for 0x1f9
03-29 16:41:54.066 25107 25107 E ArmVmp : Match on catch block at 0x8d in for 0x1e5
03-29 16:41:54.111 25107 25107 E ArmVmp : Match on catch block at 0x8d in for 0x1ed
03-29 16:41:54.156 25107 25107 E ArmVmp : Match on catch block at 0x8d in for 0x1e5
03-29 16:41:54.202 25107 25107 E ArmVmp : Match on catch block at 0x8d in for 0x1ed
03-29 16:41:54.264 25107 25107 E ArmVmp : Match on catch block at 0x8d in for 0x1f5
03-29 16:41:54.318 25107 25107 E ArmVmp : Match on catch block at 0x8d in for 0x1f1
03-29 16:41:54.372 25107 25107 E ArmVmp : Match on catch block at 0x8d in for 0x1f9
03-29 16:41:54.419 25107 25107 E ArmVmp : Match on catch block at 0x8d in for 0x1f1
03-29 16:41:54.454 25107 25107 E RecyclerView: No adapter attached; skipping layout
03-29 16:41:54.503 25107 25172 W Parcel : Expecting binder but got null!
03-29 16:41:54.555 25107 25107 E RecyclerView: No adapter attached; skipping layout
03-29 16:41:54.581 25107 25107 E ArmVmp : Match on catch block at 0x0a in for 0x1b5
03-29 16:41:54.751 25107 25107 E IPCThreadState: attemptIncStrongHandle(111): Not supported
03-29 16:41:55.232 25107 25107 E ArmVmp : Match on catch block at 0x8d in for 0x1cd
03-29 16:41:55.243 25107 25107 E ArmVmp : Match on catch block at 0x8d in for 0x1cd
03-29 16:42:05.070 25107 25550 E RenderScript: Failed loading RS driver: dlopen failed: library "libRSDriver_mtk.so" not found
03-29 16:42:05.070 25107 25550 E RenderScript: Failed to load runtime libRSDriver_mtk.so, loading default
03-29 16:42:05.298 25107 25107 E ArmVmp : Match on catch block at 0x4c in for 0x1c1
03-29 16:42:05.308 25107 25107 E ArmVmp : Match on catch block at 0x8d in for 0x1cd
03-29 16:42:05.316 25107 25107 E ArmVmp : Match on catch block at 0x8d in for 0x1cd
03-29 16:42:05.383 25107 25107 E ArmVmp : Match on catch block at 0x0a in for 0x191
03-29 16:42:05.391 25107 25107 E ArmVmp : Match on catch block at 0x0a in for 0x18d
03-29 16:42:05.455 25107 25107 E OplusBracketLog: [OplusViewMirrorManager] updateHostViewRootIfNeeded, not support android.view.ViewRootImpl@1f5c47e
03-29 16:42:05.929 25107 25107 E ArmVmp : Match on catch block at 0xc3 in for 0x171
03-29 16:42:05.936 25107 25107 E ArmVmp : Match on catch block at 0xc3 in for 0x171
03-29 16:42:05.940 25107 25107 E ArmVmp : Match on catch block at 0xc3 in for 0x169
03-29 16:42:06.022 25107 25172 W Parcel : Expecting binder but got null!
03-29 16:42:06.128 25107 25107 E ArmVmp : Match on catch block at 0xc3 in for 0x145
03-29 16:42:06.131 25107 25107 E ArmVmp : Match on catch block at 0xc3 in for 0x145
03-29 16:42:06.134 25107 25107 E ArmVmp : Match on catch block at 0xc3 in for 0x149
03-29 16:42:06.204 25107 25107 E ArmVmp : Match on catch block at 0xc3 in for 0x14d
03-29 16:42:06.208 25107 25107 E ArmVmp : Match on catch block at 0xc3 in for 0x149
03-29 16:42:06.210 25107 25107 E ArmVmp : Match on catch block at 0xc3 in for 0x14d
03-29 16:42:06.263 25107 25107 E ArmVmp : Match on catch block at 0xc3 in for 0x149
03-29 16:42:06.267 25107 25107 E ArmVmp : Match on catch block at 0xc3 in for 0x145
03-29 16:42:06.270 25107 25107 E ArmVmp : Match on catch block at 0xc3 in for 0x149
03-29 16:42:06.286 25107 25107 E ArmVmp : Match on catch block at 0xc3 in for 0x155
03-29 16:42:06.289 25107 25107 E ArmVmp : Match on catch block at 0xc3 in for 0x151
03-29 16:42:06.292 25107 25107 E ArmVmp : Match on catch block at 0xc3 in for 0x155
03-29 16:42:06.321 25107 25107 E ArmVmp : Match on catch block at 0xc3 in for 0x141
03-29 16:42:06.325 25107 25107 E ArmVmp : Match on catch block at 0xc3 in for 0x159
03-29 16:42:06.328 25107 25107 E ArmVmp : Match on catch block at 0xc3 in for 0x141
03-29 16:42:06.341 25107 25107 E ArmVmp : Match on catch block at 0xc3 in for 0x141
03-29 16:42:06.344 25107 25107 E ArmVmp : Match on catch block at 0xc3 in for 0x159
03-29 16:42:06.346 25107 25107 E ArmVmp : Match on catch block at 0xc3 in for 0x141
03-29 16:42:06.352 25107 25107 E ArmVmp : Match on catch block at 0xc3 in for 0x141
03-29 16:42:06.355 25107 25107 E ArmVmp : Match on catch block at 0xc3 in for 0x159
03-29 16:42:06.358 25107 25107 E ArmVmp : Match on catch block at 0xc3 in for 0x141
03-29 16:42:06.362 25107 25107 E ArmVmp : Match on catch block at 0xc3 in for 0x141
03-29 16:42:06.366 25107 25107 E ArmVmp : Match on catch block at 0xc3 in for 0x159
03-29 16:42:06.369 25107 25107 E ArmVmp : Match on catch block at 0xc3 in for 0x141
03-29 16:42:06.374 25107 25107 E ArmVmp : Match on catch block at 0xc3 in for 0x141
03-29 16:42:06.378 25107 25107 E ArmVmp : Match on catch block at 0xc3 in for 0x159
03-29 16:42:06.380 25107 25107 E ArmVmp : Match on catch block at 0xc3 in for 0x141
03-29 16:42:06.391 25107 25107 E ArmVmp : Match on catch block at 0xc3 in for 0x141
03-29 16:42:06.394 25107 25107 E ArmVmp : Match on catch block at 0xc3 in for 0x159
03-29 16:42:06.396 25107 25107 E ArmVmp : Match on catch block at 0xc3 in for 0x141
03-29 16:42:06.408 25107 25107 E ArmVmp : Match on catch block at 0xc3 in for 0x141
03-29 16:42:06.410 25107 25107 E ArmVmp : Match on catch block at 0xc3 in for 0x159
03-29 16:42:06.412 25107 25107 E ArmVmp : Match on catch block at 0xc3 in for 0x141
03-29 16:42:06.494 25107 25107 E ArmVmp : Match on catch block at 0xc3 in for 0x159
03-29 16:42:06.497 25107 25107 E ArmVmp : Match on catch block at 0xc3 in for 0x155
03-29 16:42:06.499 25107 25107 E ArmVmp : Match on catch block at 0xc3 in for 0x159
03-29 16:42:06.507 25107 25107 E ArmVmp : Match on catch block at 0xc3 in for 0x159
03-29 16:42:06.510 25107 25107 E ArmVmp : Match on catch block at 0xc3 in for 0x155
03-29 16:42:06.513 25107 25107 E ArmVmp : Match on catch block at 0xc3 in for 0x159
03-29 16:42:06.740 25107 25107 E ArmVmp : Match on catch block at 0xc3 in for 0x141
03-29 16:42:06.744 25107 25107 E ArmVmp : Match on catch block at 0xc3 in for 0x159
03-29 16:42:06.747 25107 25107 E ArmVmp : Match on catch block at 0xc3 in for 0x141
03-29 16:42:07.233 25107 25107 E ArmVmp : Match on catch block at 0xc3 in for 0x155
03-29 16:42:07.236 25107 25107 E ArmVmp : Match on catch block at 0xc3 in for 0x151
03-29 16:42:07.238 25107 25107 E ArmVmp : Match on catch block at 0xc3 in for 0x155
03-29 16:42:07.253 25107 25107 E ArmVmp : Match on catch block at 0xc3 in for 0x155
03-29 16:42:07.256 25107 25107 E ArmVmp : Match on catch block at 0xc3 in for 0x151
03-29 16:42:07.259 25107 25107 E ArmVmp : Match on catch block at 0xc3 in for 0x155
03-29 16:42:07.621 25107 25107 W OnBackInvokedCallback: OnBackInvokedCallback is not enabled for the application.
03-29 16:42:07.621 25107 25107 W OnBackInvokedCallback: Set 'android:enableOnBackInvokedCallback="true"' in the application manifest.
03-29 16:42:07.700 25107 25107 E ArmVmp : Match on catch block at 0xc3 in for 0x155
03-29 16:42:07.704 25107 25107 E ArmVmp : Match on catch block at 0xc3 in for 0x151
03-29 16:42:07.711 25107 25107 E ArmVmp : Match on catch block at 0xc3 in for 0x155
03-29 16:42:07.750 25107 25107 E ArmVmp : Match on catch block at 0xc3 in for 0x155
03-29 16:42:07.757 25107 25107 E ArmVmp : Match on catch block at 0xc3 in for 0x151
03-29 16:42:07.760 25107 25107 E ArmVmp : Match on catch block at 0xc3 in for 0x155
03-29 16:42:08.247 25107 25107 E ArmVmp : Match on catch block at 0xc3 in for 0x155
03-29 16:42:08.250 25107 25107 E ArmVmp : Match on catch block at 0xc3 in for 0x151
03-29 16:42:08.252 25107 25107 E ArmVmp : Match on catch block at 0xc3 in for 0x155
03-29 16:42:08.761 25107 25107 E ArmVmp : Match on catch block at 0xc3 in for 0x141
03-29 16:42:08.764 25107 25107 E ArmVmp : Match on catch block at 0xc3 in for 0x159
03-29 16:42:08.766 25107 25107 E ArmVmp : Match on catch block at 0xc3 in for 0x141
03-29 16:42:08.823 25107 25107 E ArmVmp : Match on catch block at 0xc3 in for 0x14d
03-29 16:42:08.828 25107 25107 E ArmVmp : Match on catch block at 0xc3 in for 0x149
03-29 16:42:08.833 25107 25107 E ArmVmp : Match on catch block at 0xc3 in for 0x14d
03-29 16:42:08.846 25107 25107 E ArmVmp : Match on catch block at 0xc3 in for 0x14d
03-29 16:42:08.850 25107 25107 E ArmVmp : Match on catch block at 0xc3 in for 0x149
03-29 16:42:08.854 25107 25107 E ArmVmp : Match on catch block at 0xc3 in for 0x14d
03-29 16:42:08.861 25107 25107 E ArmVmp : Match on catch block at 0xc3 in for 0x14d
03-29 16:42:08.865 25107 25107 E ArmVmp : Match on catch block at 0xc3 in for 0x149
03-29 16:42:08.868 25107 25107 E ArmVmp : Match on catch block at 0xc3 in for 0x14d
03-29 16:42:08.877 25107 25107 E ArmVmp : Match on catch block at 0xc3 in for 0x14d
03-29 16:42:08.881 25107 25107 E ArmVmp : Match on catch block at 0xc3 in for 0x149
03-29 16:42:08.884 25107 25107 E ArmVmp : Match on catch block at 0xc3 in for 0x14d
03-29 16:42:08.934 25107 25107 E ArmVmp : Match on catch block at 0xc3 in for 0x14d
03-29 16:42:08.939 25107 25107 E ArmVmp : Match on catch block at 0xc3 in for 0x149
03-29 16:42:08.943 25107 25107 E ArmVmp : Match on catch block at 0xc3 in for 0x14d
03-29 16:42:08.966 25107 25107 E ArmVmp : Match on catch block at 0xc3 in for 0x159
03-29 16:42:08.968 25107 25107 E ArmVmp : Match on catch block at 0xc3 in for 0x155
03-29 16:42:08.972 25107 25107 E ArmVmp : Match on catch block at 0xc3 in for 0x159
03-29 16:42:09.016 25107 25107 E ArmVmp : Match on catch block at 0xc3 in for 0x145
03-29 16:42:09.019 25107 25107 E ArmVmp : Match on catch block at 0xc3 in for 0x141
03-29 16:42:09.022 25107 25107 E ArmVmp : Match on catch block at 0xc3 in for 0x145
03-29 16:42:09.026 25107 25107 E ArmVmp : Match on catch block at 0xc3 in for 0x145
03-29 16:42:09.029 25107 25107 E ArmVmp : Match on catch block at 0xc3 in for 0x141
03-29 16:42:09.032 25107 25107 E ArmVmp : Match on catch block at 0xc3 in for 0x145
03-29 16:42:09.043 25107 25107 E ArmVmp : Match on catch block at 0xc3 in for 0x145
03-29 16:42:09.047 25107 25107 E ArmVmp : Match on catch block at 0xc3 in for 0x141
03-29 16:42:09.049 25107 25107 E ArmVmp : Match on catch block at 0xc3 in for 0x145
03-29 16:42:09.241 25107 25107 E ArmVmp : Match on catch block at 0xc3 in for 0x151
03-29 16:42:09.245 25107 25107 E ArmVmp : Match on catch block at 0xc3 in for 0x14d
03-29 16:42:09.248 25107 25107 E ArmVmp : Match on catch block at 0xc3 in for 0x151
03-29 16:42:09.428 25107 25107 E ArmVmp : Match on catch block at 0xc3 in for 0x151
03-29 16:42:09.431 25107 25107 E ArmVmp : Match on catch block at 0xc3 in for 0x14d
03-29 16:42:09.434 25107 25107 E ArmVmp : Match on catch block at 0xc3 in for 0x151
03-29 16:42:09.486 25107 25107 E ArmVmp : Match on catch block at 0xc3 in for 0x145
03-29 16:42:09.489 25107 25107 E ArmVmp : Match on catch block at 0xc3 in for 0x141
03-29 16:42:09.492 25107 25107 E ArmVmp : Match on catch block at 0xc3 in for 0x145
03-29 16:42:09.503 25107 25107 E ArmVmp : Match on catch block at 0xc3 in for 0x14d
03-29 16:42:09.507 25107 25107 E ArmVmp : Match on catch block at 0xc3 in for 0x149
03-29 16:42:09.511 25107 25107 E ArmVmp : Match on catch block at 0xc3 in for 0x14d
03-29 16:42:09.517 25107 25107 E ArmVmp : Match on catch block at 0xc3 in for 0x14d
03-29 16:42:09.522 25107 25107 E ArmVmp : Match on catch block at 0xc3 in for 0x149
03-29 16:42:09.525 25107 25107 E ArmVmp : Match on catch block at 0xc3 in for 0x14d
03-29 16:42:09.530 25107 25107 E ArmVmp : Match on catch block at 0xc3 in for 0x14d
03-29 16:42:09.534 25107 25107 E ArmVmp : Match on catch block at 0xc3 in for 0x149
03-29 16:42:09.537 25107 25107 E ArmVmp : Match on catch block at 0xc3 in for 0x14d
03-29 16:42:09.544 25107 25107 E ArmVmp : Match on catch block at 0xc3 in for 0x14d
03-29 16:42:09.548 25107 25107 E ArmVmp : Match on catch block at 0xc3 in for 0x149
03-29 16:42:09.551 25107 25107 E ArmVmp : Match on catch block at 0xc3 in for 0x14d
03-29 16:42:09.557 25107 25107 E ArmVmp : Match on catch block at 0xc3 in for 0x14d
03-29 16:42:09.562 25107 25107 E ArmVmp : Match on catch block at 0xc3 in for 0x149
03-29 16:42:09.564 25107 25107 E ArmVmp : Match on catch block at 0xc3 in for 0x14d
03-29 16:42:09.573 25107 25107 E ArmVmp : Match on catch block at 0xc3 in for 0x14d
