03-29 21:56:05.170 29071 29071 W com.mbwhatsapp: type=1400 audit(0.0:1229273): avc: granted { execute } for path="/data/data/com.mbwhatsapp/files/decompressed/libs.spk.zst/libc++_shared.so" dev="dm-75" ino=34004 scontext=u:r:untrusted_app:s0:c38,c257,c512,c768 tcontext=u:object_r:app_data_file:s0:c38,c257,c512,c768 tclass=file app=com.mbwhatsapp
03-29 21:56:05.174 29071 29071 W com.mbwhatsapp: type=1400 audit(0.0:1229274): avc: granted { execute } for path="/data/data/com.mbwhatsapp/files/decompressed/libs.spk.zst/libvlc.so" dev="dm- 75" ino=37727 scontext=u:r:untrusted_app:s0:c38,c257,c512,c768 tcontext=u:object_r:app_data_file:s0:c38,c257,c512,c768 tclass=file app=com.mbwhatsapp
03-29 21:56:05.186 29071 29071 W com.mbwhatsapp: type=1400 audit(0.0:1229275): avc: granted { execute } for path="/data/data/com.mbwhatsapp/files/decompressed/libs.spk.zst/libwhatsapp.so" dev="dm-75" ino=36919 scontext=u:r:untrusted_app:s0:c38,c257,c512,c768 tcontext=u:object_r:app_data_file:s0:c38,c257,c512,c768 tclass=file app=com.mbwhatsapp
03-29 21:56:05.214 29071 29071 W com.mbwhatsapp: type=1400 audit(0.0:1229276): avc: granted { execute } for path="/data/data/com.mbwhatsapp/files/decompressed/libs.spk.zst/libcurve25519.so" dev="dm-75" ino=36986 scontext=u:r:untrusted_app:s0:c38,c257,c512,c768 tcontext=u:object_r:app_data_file:s0:c38,c257,c512,c768 tclass=file app=com.mbwhatsapp
03-29 21:56:05.226 29071 29071 W com.mbwhatsapp: type=1400 audit(0.0:1229277): avc: granted { execute } for path="/data/data/com.mbwhatsapp/files/decompressed/libs.spk.zst/libwhatsapp.so" dev="dm-75" ino=36919 scontext=u:r:untrusted_app:s0:c38,c257,c512,c768 tcontext=u:object_r:app_data_file:s0:c38,c257,c512,c768 tclass=file app=com.mbwhatsapp
03-29 21:56:05.322 29071 29119 W com.mbwhatsapp: Method void X.2rL.A03(java.lang.Integer) failed lock verification and will run slower.
03-29 21:56:05.322 29071 29119 W com.mbwhatsapp: Common causes for lock verification issues are non-optimized dex code
03-29 21:56:05.322 29071 29119 W com.mbwhatsapp: and incorrect proguard optimizations.
03-29 21:56:30.554 30093 30093 E com.mbwhatsapp: Unknown bits set in runtime_flags: 0x40000000
03-29 21:56:30.561 30093 30093 E com.mbwhatsapp: Not starting debugger since process cannot load the jdwp agent.
03-29 21:56:30.573 30093 30093 W ziparchive: Unable to open '/system/framework/mediatek-framework.dm': No such file or directory
03-29 21:56:30.573 30093 30093 W ziparchive: Unable to open '/system/framework/mediatek-framework.dm': No such file or directory
03-29 21:56:30.581 30093 30107 E com.mbwhatsapp: Could not write anonymous vdex /system/framework/oat/arm64/mediatek-framework.vdex: Could not open /system/framework/oat/arm64/mediatek-framework.vdex for writing
03-29 21:56:30.649 30093 30093 W libc : Access denied finding property "ro.odm.prev.product.name"
03-29 21:56:31.037 30093 30093 W System.err: java.lang.ClassNotFoundException: mbmodsd.mbmodsw.ui.views.btn.BtnBK
03-29 21:56:31.040 30093 30093 W System.err: at java.lang.Runtime.nativeLoad(Native Method)
03-29 21:56:31.040 30093 30093 W System.err: at java.lang.Runtime.nativeLoad(Runtime.java:1121)
03-29 21:56:31.040 30093 30093 W System.err: at java.lang.Runtime.loadLibrary0(Runtime.java:1075)
03-29 21:56:31.040 30093 30093 W System.err: at java.lang.Runtime.loadLibrary0(Runtime.java:998)
03-29 21:56:31.040 --------- beginning of main
03-29 21:56:31.041 30093 30093 W System.err: at java.lang.Class.newInstance(Native Method)
03-29 21:56:31.041 30093 30093 W System.err: at android.app.AppComponentFactory.instantiateApplication(AppComponentFactory.java:76)
03-29 21:56:31.041 30093 30093 W System.err: at androidx.core.app.CoreComponentFactory.instantiateApplication(Unknown Source:0)
03-29 21:56:31.041 30093 30093 W System.err: at android.app.Instrumentation.newApplication(Instrumentation.java:1251)
03-29 21:56:31.041 30093 30093 W System.err: at android.app.LoadedApk.makeApplicationInner(LoadedApk.java:1507)
03-29 21:56:31.041 30093 30093 W System.err: at android.app.LoadedApk.makeApplicationInner(LoadedApk.java:1443)
03-29 21:56:31.041 30093 30093 W System.err: at android.app.ActivityThread.handleBindApplication(ActivityThread.java:7232)
03-29 21:56:31.041 30093 30093 W System.err: at android.app.ActivityThread.-$ $Nest$mhandleBindApplication(Unknown Source:0)
03-29 21:56:31.041 30093 30093 W System.err: at android.app.ActivityThread$H.handleMessage(ActivityThread.java:2307)
03-29 21:56:31.041 30093 30093 W System.err: at android.os.Handler.dispatchMessage(Handler.java:106)
03-29 21:56:31.041 30093 30093 W System.err: at android.os.Looper.loopOnce(Looper.java:240)
03-29 21:56:31.041 30093 30093 W System.err: at android.os.Looper.loop(Looper.java:351)
03-29 21:56:31.042 30093 30093 W System.err: at android.app.ActivityThread.main(ActivityThread.java:8436)
03-29 21:56:31.042 30093 30093 W System.err: at java.lang.reflect.Method.invoke(Native Method)
03-29 21:56:31.042 30093 30093 W System.err: at com.android.internal.os.RuntimeInit$MethodAndArgsCaller.run(RuntimeInit.java:568)
03-29 21:56:31.042 30093 30093 W System.err: at com.android.internal.os.ZygoteInit.main(ZygoteInit.java:1013)
03-29 21:56:31.140 30093 30093 E CustomActivityOnCrash: IMPORTANT WARNING! You already have an UncaughtExceptionHandler, are you sure this is correct? If you use a custom UncaughtExceptionHandler, you must initialize it AFTER CustomActivityOnCrash! Installing anyway, but your original handler will not be called.
03-29 21:56:32.418 30093 30093 W com.mbwhatsapp: Accessing hidden method Lcom/android/org/conscrypt/OpenSSLSocketImpl;->setUseSessionTickets(Z)V (max- target-q,core-platform-api, reflection, denied)
03-29 21:56:32.418 30093 30093 W com.mbwhatsapp: Accessing hidden method Lcom/android/org/conscrypt/AbstractConscryptSocket;->setUseSessionTickets(Z)V (max- target-q, reflection, denied)
03-29 21:56:33.001 30093 30140 W com.mbwhatsapp: Method void X.2rL.A03(java.lang.Integer) failed lock verification and will run slower.
03-29 21:56:33.001 30093 30140 W com.mbwhatsapp: Common causes for lock verification issues are non-optimized dex code
03-29 21:56:33.001 30093 30140 W com.mbwhatsapp: and incorrect proguard optimizations.
03-29 21:56:33.007 30093 30093 E ANR_LOG : Blocked msg = { when=+2s403ms what=110 target=android.app.ActivityThread$H obj=AppBindData{appInfo=ApplicationInfo{5b0369e com.mbwhatsapp}} } , cost = 2403 ms
03-29 21:56:47.694 30314 30314 W Lacrima_startup: type=1400 audit(0.0:1229409): avc: granted { execute } for path="/data/data/com.instagram.android/lib- compressed/libdistractutil.so" dev="dm-75" ino=39890 scontext=u:r:untrusted_app:s0:c36,c257,c512,c768 tcontext=u:object_r:app_data_file:s0:c36,c257,c512,c768 tclass=file app=com.mbwhatsapp
03-29 21:56:47.698 30314 30314 W Lacrima_startup: type=1400 audit(0.0:1229410): avc: granted { execute } for path="/data/data/com.instagram.android/lib- compressed/libfssync.so" dev="dm-75" ino=39905 scontext=u:r:untrusted_app:s0:c36,c257,c512,c768 tcontext=u:object_r:app_data_file:s0:c36,c257,c512,c768 tclass=file app=com.mbwhatsapp
03-29 21:56:47.718 30314 30314 W Lacrima_startup: type=1400 audit(0.0:1229411): avc: granted { execute } for path="/data/data/com.instagram.android/lib- compressed/libredexsharedmerged.so" dev="dm-75" ino=39830 scontext=u:r:untrusted_app:s0:c36,c257,c512,c768 tcontext=u:object_r:app_data_file:s0:c36,c257,c512,c768 tclass=file app=com.mbwhatsapp
03-29 21:56:47.722 30314 30314 W Lacrima_startup: type=1400 audit(0.0:1229412): avc: granted { execute } for path="/data/data/com.instagram.android/lib- compressed/libdextricksmerged.so" dev="dm-75" ino=39613 scontext=u:r:untrusted_app:s0:c36,c257,c512,c768 tcontext=u:object_r:app_data_file:s0:c36,c257,c512,c768 tclass=file app=com.mbwhatsapp
03-29 21:56:47.746 30314 30314 W Lacrima_startup: type=1400 audit(0.0:1229413): avc: granted { execute } for path="/data/data/com.instagram.android/lib- compressed/libloommerged_1.so" dev="dm-75" ino=39760 scontext=u:r:untrusted_app:s0:c36,c257,c512,c768 tcontext=u:object_r:app_data_file:s0:c36,c257,c512,c768 tclass=file app=com.mbwhatsapp
03-29 21:56:48.754 30314 30314 W pool-13-thread-: type=1400 audit(0.0:1229453): avc: granted { execute } for path="/data/data/com.instagram.android/lib- compressed/libxplat_timeinappcore_timeinappcore-nonnativesqliteAndroid.so" dev="dm- 75" ino=39654 scontext=u:r:untrusted_app:s0:c36,c257,c512,c768 tcontext=u:object_r:app_data_file:s0:c36,c257,c512,c768 tclass=file app=com.mbwhatsapp
03-29 21:56:48.762 30314 30314 W pool-13-thread-: type=1400 audit(0.0:1229454): avc: granted { execute } for path="/data/data/com.instagram.android/lib- compressed/libtimeinapp-jni.so" dev="dm-75" ino=39716 scontext=u:r:untrusted_app:s0:c36,c257,c512,c768 tcontext=u:object_r:app_data_file:s0:c36,c257,c512,c768 tclass=file app=com.mbwhatsapp
03-29 21:56:48.774 30314 30314 W stagram.android: type=1400 audit(0.0:1229455): avc: granted { execute } for path="/data/data/com.instagram.android/lib- compressed/libnative_memdump.so" dev="dm-75" ino=39767 scontext=u:r:untrusted_app:s0:c36,c257,c512,c768 tcontext=u:object_r:app_data_file:s0:c36,c257,c512,c768 tclass=file app=com.mbwhatsapp
03-29 21:56:48.918 30314 30314 W SIMPLE_WORKER8: type=1400 audit(0.0:1229456): avc: granted { execute } for path="/data/data/com.instagram.android/lib-compressed/liblimitstack.so" dev="dm-75" ino=39898 scontext=u:r:untrusted_app:s0:c36,c257,c512,c768 tcontext=u:object_r:app_data_file:s0:c36,c257,c512,c768 tclass=file app=com.mbwhatsapp
03-29 21:56:49.018 30314 30314 W SIMPLE_WORKER8: type=1400 audit(0.0:1229457): avc: granted { execute } for path="/data/data/com.instagram.android/lib-compressed/librtgqlsdk-lite.so" dev="dm- 75" ino=39831 scontext=u:r:untrusted_app:s0:c36,c257,c512,c768 tcontext=u:object_r:app_data_file:s0:c36,c257,c512,c768 tclass=file app=com.mbwhatsapp
03-29 21:56:54.301 30998 30998 E com.mbwhatsapp: Unknown bits set in runtime_flags: 0x40000000
03-29 21:56:54.308 30998 30998 E com.mbwhatsapp: Not starting debugger since process cannot load the jdwp agent.
03-29 21:56:54.314 30998 30998 W ziparchive: Unable to open '/system/framework/mediatek-framework.dm': No such file or directory
03-29 21:56:54.314 30998 30998 W ziparchive: Unable to open '/system/framework/mediatek-framework.dm': No such file or directory
03-29 21:56:54.323 30998 31012 E com.mbwhatsapp: Could not write anonymous vdex /system/framework/oat/arm64/mediatek-framework.vdex: Could not open /system/framework/oat/arm64/mediatek-framework.vdex for writing
03-29 21:56:54.373 30998 30998 W libc : Access denied finding property "ro.odm.prev.product.name"
03-29 21:56:54.678 30998 30998 W System.err: java.lang.ClassNotFoundException: mbmodsd.mbmodsw.ui.views.btn.BtnBK
03-29 21:56:54.680 30998 30998 W System.err: at java.lang.Runtime.nativeLoad(Native Method)
03-29 21:56:54.680 30998 30998 W System.err: at java.lang.Runtime.nativeLoad(Runtime.java:1121)
03-29 21:56:54.680 30998 30998 W System.err: at java.lang.Runtime.loadLibrary0(Runtime.java:1075)
03-29 21:56:54.680 30998 30998 W System.err: at java.lang.Runtime.loadLibrary0(Runtime.java:998)
03-29 21:56:54.680 30998 30998 W System.err: at java.lang.System.loadLibrary(System.java:1661)
03-29 21:56:54.680 30998 30998 W System.err: at arm.EpicVm.<clinit>(Unknown Source:2)
03-29 21:56:54.680 30998 30998 W System.err: at java.lang.Class.newInstance(Native Method)
03-29 21:56:54.680 30998 30998 W System.err: at android.app.AppComponentFactory.instantiateApplication(AppComponentFactory.java:76)
03-29 21:56:54.680 30998 30998 W System.err: at androidx.core.app.CoreComponentFactory.instantiateApplication(Unknown Source:0)
03-29 21:56:54.680 30998 30998 W System.err: at android.app.Instrumentation.newApplication(Instrumentation.java:1251)
03-29 21:56:54.680 30998 30998 W System.err: at android.app.LoadedApk.makeApplicationInner(LoadedApk.java:1507)
03-29 21:56:54.680 30998 30998 W System.err: at android.app.LoadedApk.makeApplicationInner(LoadedApk.java:1443)
03-29 21:56:54.680 30998 30998 W System.err: at android.app.ActivityThread.handleBindApplication(ActivityThread.java:7232)
03-29 21:56:54.680 30998 30998 W System.err: at android.app.ActivityThread.-$ $Nest$mhandleBindApplication(Unknown Source:0)
03-29 21:56:54.680 30998 30998 W System.err: at android.app.ActivityThread$H.handleMessage(ActivityThread.java:2307)
03-29 21:56:54.680 30998 30998 W System.err: at android.os.Handler.dispatchMessage(Handler.java:106)
03-29 21:56:54.680 30998 30998 W System.err: at android.os.Looper.loopOnce(Looper.java:240)
03-29 21:56:54.680 30998 30998 W System.err: at android.os.Looper.loop(Looper.java:351)
03-29 21:56:54.680 30998 30998 W System.err: at android.app.ActivityThread.main(ActivityThread.java:8436)
03-29 21:56:54.680 30998 30998 W System.err: at java.lang.reflect.Method.invoke(Native Method)
03-29 21:56:54.680 30998 30998 W System.err: at com.android.internal.os.RuntimeInit$MethodAndArgsCaller.run(RuntimeInit.java:568)
03-29 21:56:54.680 30998 30998 W System.err: at com.android.internal.os.ZygoteInit.main(ZygoteInit.java:1013)
03-29 21:56:54.753 30998 30998 E CustomActivityOnCrash: IMPORTANT WARNING! You already have an UncaughtExceptionHandler, are you sure this is correct? If you use a custom UncaughtExceptionHandler, you must initialize it AFTER CustomActivityOnCrash! Installing anyway, but your original handler will not be called.
03-29 21:56:55.896 30998 30998 W com.mbwhatsapp: Accessing hidden method Lcom/android/org/conscrypt/OpenSSLSocketImpl;->setUseSessionTickets(Z)V (max- target-q,core-platform-api, reflection, denied)
03-29 21:56:55.896 30998 30998 W com.mbwhatsapp: Accessing hidden method Lcom/android/org/conscrypt/AbstractConscryptSocket;->setUseSessionTickets(Z)V (max- target-q, reflection, denied)
03-29 21:56:56.442 30998 30998 E ANR_LOG : Blocked msg = { when=+2s89ms what=110 target=android.app.ActivityThread$H obj=AppBindData{appInfo=ApplicationInfo{5b0369e com.mbwhatsapp}} } , cost = 2089 ms
03-29 21:56:56.467 30998 31234 W com.mbwhatsapp: Method void X.2rL.A03(java.lang.Integer) failed lock verification and will run slower.
03-29 21:56:56.467 30998 31234 W com.mbwhatsapp: Common causes for lock verification issues are non-optimized dex code
03-29 21:56:56.467 30998 31234 W com.mbwhatsapp: and incorrect proguard optimizations.
03-29 21:56:56.513 30998 30998 W com.mbwhatsapp: Method void X.0eU.A0h(X.0tK, boolean) failed lock verification and will run slower.
03-29 21:56:56.780 30998 30998 W com.mbwhatsapp: Method void com.mbwhatsapp.HomeActivity.A6e() failed lock verification and will run slower.
03-29 21:56:56.809 30998 31313 E QT : [QT]file does not exist --------- beginning of system
03-29 21:56:56.887 30998 30998 E OplusCustomizeRestrictionManager: sInstance is null, start a new sInstance
03-29 21:56:56.896 30998 30998 E ArmVmp : Match on catch block at 0x8d in for 0x1d5
03-29 21:56:57.010 30998 30998 E ArmVmp : Match on catch block at 0x4c in for 0x1c5
03-29 21:56:57.034 30998 30998 E ArmVmp : Match on catch block at 0x8d in for 0x1c9
03-29 21:56:57.325 30998 30998 E ArmVmp : Match on catch block at 0x0a in for 0x18d
03-29 21:56:57.349 30998 30998 E ArmVmp : Match on catch block at 0x0a in for 0x279
03-29 21:56:57.489 30998 30998 W Activity: Can request only one set of permissions at a time
03-29 21:56:57.490 30998 31396 W com.mbwhatsapp: Accessing hidden method Lcom/android/org/conscrypt/ConscryptEngineSocket;->setUseSessionTickets(Z)V (max- target-q,core-platform-api, reflection, denied)
03-29 21:56:57.490 30998 31396 W com.mbwhatsapp: Accessing hidden method Lcom/android/org/conscrypt/OpenSSLSocketImpl;->setUseSessionTickets(Z)V (max- target-q,core-platform-api, reflection, denied)
03-29 21:56:57.490 30998 31396 W com.mbwhatsapp: Accessing hidden method Lcom/android/org/conscrypt/AbstractConscryptSocket;->setUseSessionTickets(Z)V (max- target-q, reflection, denied)
03-29 21:56:57.491 30998 31396 W com.mbwhatsapp: Accessing hidden method Lcom/android/org/conscrypt/ConscryptEngineSocket;->setHostname(Ljava/lang/String;)V (max-target-q,core-platform-api, reflection, denied)
03-29 21:56:57.491 30998 31396 W com.mbwhatsapp: Accessing hidden method Lcom/android/org/conscrypt/OpenSSLSocketImpl;->setHostname(Ljava/lang/String;)V (max-target-q,core-platform-api, reflection, denied)
03-29 21:56:57.491 30998 31396 W com.mbwhatsapp: Accessing hidden method Lcom/android/org/conscrypt/AbstractConscryptSocket;->setHostname(Ljava/lang/ String;)V (max-target-q, reflection, denied)
03-29 21:56:57.491 30998 31396 W com.mbwhatsapp: Accessing hidden method Lcom/android/org/conscrypt/OpenSSLSocketImpl;->setAlpnProtocols([B)V (max-target- q,core-platform-api, reflection, denied)
03-29 21:56:57.491 30998 31396 W com.mbwhatsapp: Accessing hidden method Lcom/android/org/conscrypt/AbstractConscryptSocket;->setAlpnProtocols([B)V (max- target-q, reflection, denied)
03-29 21:56:57.684 30998 30998 E SchedAssist: ofbOpen failed with error=No such file or directory
03-29 21:56:57.684 30998 30998 E SchedAssist: sysOpen failed with error=No such file or directory
03-29 21:56:57.685 30998 30998 E SchedAssist: sharedImFd failed with error=Permission denied
03-29 21:56:57.829 30998 30998 E OplusBracketLog: [OplusViewMirrorManager] updateHostViewRootIfNeeded, not support android.view.ViewRootImpl@46f49d4
03-29 21:56:57.853 30998 31396 W com.mbwhatsapp: Accessing hidden method Lcom/android/org/conscrypt/OpenSSLSocketImpl;->getAlpnSelectedProtocol()[B (max- target-q,core-platform-api, reflection, denied)
03-29 21:56:57.853 30998 31396 W com.mbwhatsapp: Accessing hidden method Lcom/android/org/conscrypt/AbstractConscryptSocket;->getAlpnSelectedProtocol()[B (max-target-q, reflection, denied)
03-29 21:56:58.136 30998 31307 E OpenGLRenderer: Device claims wide gamut support, cannot find matching config, error = EGL_SUCCESS
03-29 21:56:58.136 30998 31307 W OpenGLRenderer: Failed to initialize 101010-2 format, error = EGL_SUCCESS
03-29 21:56:58.150 30998 30998 E ArmVmp : Match on catch block at 0x8d in for 0x1f1
03-29 21:56:58.256 30998 30998 E ArmVmp : Match on catch block at 0x8d in for 0x1e9
03-29 21:56:58.319 30998 30998 E ArmVmp : Match on catch block at 0x8d in for 0x1e1
03-29 21:56:58.418 30998 30998 E ArmVmp : Match on catch block at 0x8d in for 0x1f1
03-29 21:56:58.469 30998 30998 E ArmVmp : Match on catch block at 0x8d in for 0x1e9
03-29 21:56:58.527 30998 30998 E ArmVmp : Match on catch block at 0x8d in for 0x1e1
03-29 21:56:58.571 30998 30998 E ArmVmp : Match on catch block at 0x8d in for 0x1f5
03-29 21:56:58.620 30998 30998 E ArmVmp : Match on catch block at 0x8d in for 0x1e1
03-29 21:56:58.680 30998 30998 E ArmVmp : Match on catch block at 0x8d in for 0x1f5
03-29 21:56:58.722 30998 30998 E ArmVmp : Match on catch block at 0x8d in for 0x1e1
03-29 21:56:58.750 30998 30998 E RecyclerView: No adapter attached; skipping layout
03-29 21:56:58.940 30998 31307 W libc : Access denied finding property "ro.vendor.magt.mtk_magt_support"
03-29 21:56:59.045 30998 31307 W Parcel : Expecting binder but got null!
03-29 21:56:59.064 30998 30998 E ArmVmp : Match on catch block at 0x0a in for 0x1a9
03-29 21:56:59.154 30998 30998 E RecyclerView: No adapter attached; skipping layout
03-29 21:56:59.188 30998 31018 W LibraryVersion: Failed to get app version for libraryName: firebase-iid
03-29 21:56:59.479 30998 31512 W LOTTIE : Animation contains merge paths. Merge paths are only supported on KitKat+ and must be manually enabled by calling enableMergePathsForKitKatAndAbove().
03-29 21:56:59.562 30998 30998 E ArmVmp : Match on catch block at 0x8d in for 0x24d
03-29 21:56:59.573 30998 30998 E ArmVmp : Match on catch block at 0x8d in for 0x259
03-29 21:56:59.584 30998 30998 E ArmVmp : Match on catch block at 0x8d in for 0x249
03-29 21:56:59.593 30998 30998 E ArmVmp : Match on catch block at 0x8d in for 0x255
03-29 21:56:59.775 30998 30998 W LOTTIE : Animation contains merge paths but they are disabled.
03-29 21:57:00.230 30998 30998 E ArmVmp : Match on catch block at 0x8d in for 0x1c9
03-29 21:57:00.247 30998 30998 E ArmVmp : Match on catch block at 0x8d in for 0x1c9
03-29 21:57:00.601 30998 31549 E ion : ioctl c0044901 failed with code -1: Invalid argument
03-29 21:57:03.768 30998 30998 E OplusBracketLog: [OplusViewMirrorManager] updateHostViewRootIfNeeded, not support android.view.ViewRootImpl@b1ffc03
03-29 21:57:03.785 30998 31307 W Parcel : Expecting binder but got null!
03-29 21:57:04.435 30998 31006 W com.mbwhatsapp: Cleared Reference was only reachable from finalizer (only reported once)
03-29 21:57:05.249 30998 30998 E OplusBracketLog: [OplusViewMirrorManager] updateHostViewRootIfNeeded, not support android.view.ViewRootImpl@44f46ce
03-29 21:57:05.271 30998 30998 E ArmVmp : Match on catch block at 0x8d in for 0x1c1
03-29 21:57:05.276 30998 30998 E ArmVmp : Match on catch block at 0x8d in for 0x1cd
03-29 21:57:05.298 30998 30998 E ArmVmp : Match on catch block at 0x8d in for 0x1d9
03-29 21:57:05.303 30998 30998 E ArmVmp : Match on catch block at 0x8d in for 0x1c9
03-29 21:57:05.314 30998 30998 E ArmVmp : Match on catch block at 0x8d in for 0x1d5
03-29 21:57:05.319 30998 30998 E ArmVmp : Match on catch block at 0x8d in for 0x1c5
03-29 21:57:05.357 30998 31307 W Parcel : Expecting binder but got null!
03-29 21:57:05.414 30998 30998 W BottomSheetBehavior: BottomSheetBehavior now supports multiple callbacks. `setBottomSheetCallback()` removes all existing callbacks, including ones set internally by library authors, which may result in unintended behavior. This may change in the future. Please use `addBottomSheetCallback()` and `removeBottomSheetCallback()` instead to set your own callbacks.
03-29 21:57:05.415 30998 30998 W BottomSheetBehavior: BottomSheetBehavior now supports multiple callbacks. `setBottomSheetCallback()` removes all existing callbacks, including ones set internally by library authors, which may result in unintended behavior. This may change in the future. Please use `addBottomSheetCallback()` and `removeBottomSheetCallback()` instead to set your own callbacks.
03-29 21:57:05.467 30998 30998 W BottomSheetBehavior: BottomSheetBehavior now supports multiple callbacks. `setBottomSheetCallback()` removes all existing callbacks, including ones set internally by library authors, which may result in unintended behavior. This may change in the future. Please use `addBottomSheetCallback()` and `removeBottomSheetCallback()` instead to set your own callbacks.
03-29 21:57:05.467 30998 30998 W BottomSheetBehavior: BottomSheetBehavior now supports multiple callbacks. `setBottomSheetCallback()` removes all existing callbacks, including ones set internally by library authors, which may result in unintended behavior. This may change in the future. Please use `addBottomSheetCallback()` and `removeBottomSheetCallback()` instead to set your own callbacks.
03-29 21:57:05.484 30998 30998 W BottomSheetBehavior: BottomSheetBehavior now supports multiple callbacks. `setBottomSheetCallback()` removes all existing callbacks, including ones set internally by library authors, which may result in unintended behavior. This may change in the future. Please use `addBottomSheetCallback()` and `removeBottomSheetCallback()` instead to set your own callbacks.
03-29 21:57:05.484 30998 30998 W BottomSheetBehavior: BottomSheetBehavior now supports multiple callbacks. `setBottomSheetCallback()` removes all existing callbacks, including ones set internally by library authors, which may result in unintended behavior. This may change in the future. Please use `addBottomSheetCallback()` and `removeBottomSheetCallback()` instead to set your own callbacks.
03-29 21:57:05.521 30998 30998 W BottomSheetBehavior: BottomSheetBehavior now supports multiple callbacks. `setBottomSheetCallback()` removes all existing callbacks, including ones set internally by library authors, which may result in unintended behavior. This may change in the future. Please use `addBottomSheetCallback()` and `removeBottomSheetCallback()` instead to set your own callbacks.
03-29 21:57:05.521 30998 30998 W BottomSheetBehavior: BottomSheetBehavior now supports multiple callbacks. `setBottomSheetCallback()` removes all existing callbacks, including ones set internally by library authors, which may result in unintended behavior. This may change in the future. Please use `addBottomSheetCallback()` and `removeBottomSheetCallback()` instead to set your own callbacks.
03-29 21:57:05.578 30998 30998 E RecyclerView: No adapter attached; skipping layout
03-29 21:57:05.579 30998 30998 E RecyclerView: No adapter attached; skipping layout
03-29 21:57:05.580 30998 30998 E RecyclerView: No adapter attached; skipping layout
03-29 21:57:07.532 30998 31198 E SQLiteDatabase: Error inserting transferred=0 media_job_uuid=55a913d8-4fcd-4b1b-a2f2-c4b158b41ec6 transcoded=0 gif_attribution=0 first_scan_length=0 direct_path=/v/t62.7161- 24/30090320_1328462031160956_6933138683042453567_n.enc?ccb=11- 4&oh=01_ASC55mQDQ5viA-vUBp38l2huJQcidkE_rlqwjvtOqb-Bpg&oe=662E42C6&_nc_sid=5e03e0 thumbnail_height_width_ratio=1.8113208 is_animated_sticker=0 file_hash=UzIyHac3VQFVSxhu5J2lVP3pIH4u/yeGtovG+Y7wUuY= file_path=null file_size=0 partial_media_hash=null face_x=0 face_y=0 height=640 trim_to=0 media_key_timestamp=1711719103000 message_url=https://mmg.whatsapp.net/v/t62.7161- 24/30090320_1328462031160956_6933138683042453567_n.enc?ccb=11- 4&oh=01_ASC55mQDQ5viA-vUBp38l2huJQcidkE_rlqwjvtOqb- Bpg&oe=662E42C6&_nc_sid=5e03e0&mms3=true media_caption=null trim_from=0 mime_type=video/mp4 partial_media_enc_hash=null width=352 original_file_hash=null has_streaming_sidecar=1 autotransfer_retry_enabled=1 media_upload_handle=null message_row_id=12755 multicast_id=null enc_file_hash=0mKZz4IKTPyeTYcPKI/WTA5fkdcVkJXPwsGYi7/tFCM= mute_video=0 page_count=0 first_scan_sidecar=null suspicious_content=0 file_length=1354239 media_name=null media_duration=14 chat_row_id=19 media_key=[B@f3bdc51
03-29 21:57:07.532 30998 31198 E SQLiteDatabase: android.database.sqlite.SQLiteConstraintException: UNIQUE constraint failed: message_media.message_row_id (code 1555 SQLITE_CONSTRAINT_PRIMARYKEY)
03-29 21:57:07.532 30998 31198 E SQLiteDatabase: at android.database.sqlite.SQLiteConnection.nativeExecuteForLastInsertedRowId(Native Method)
03-29 21:57:07.532 30998 31198 E SQLiteDatabase: at android.database.sqlite.SQLiteConnection.executeForLastInsertedRowId(SQLiteConnecti on.java:967)
03-29 21:57:07.532 30998 31198 E SQLiteDatabase: at android.database.sqlite.SQLiteSession.executeForLastInsertedRowId(SQLiteSession.jav a:790)
03-29 21:57:07.532 30998 31198 E SQLiteDatabase: at android.database.sqlite.SQLiteStatement.executeInsert(SQLiteStatement.java:89)
03-29 21:57:07.532 30998 31198 E SQLiteDatabase: at android.database.sqlite.SQLiteDatabase.insertWithOnConflict(SQLiteDatabase.java:186 8)
03-29 21:57:07.532 30998 31198 E SQLiteDatabase: at android.database.sqlite.SQLiteDatabase.insert(SQLiteDatabase.java:1737)
03-29 21:57:07.532 30998 31198 E SQLiteDatabase: at X.2tm.A08(Unknown Source:6)
03-29 21:57:07.532 30998 31198 E SQLiteDatabase: at X.35Y.A07(Unknown Source:212)
03-29 21:57:07.532 30998 31198 E SQLiteDatabase: at X.3QF.A14(Unknown Source:470)
03-29 21:57:07.532 30998 31198 E SQLiteDatabase: at X.3gU.run(Unknown Source:982)
03-29 21:57:07.532 30998 31198 E SQLiteDatabase: at android.os.Handler.handleCallback(Handler.java:942)
03-29 21:57:07.532 30998 31198 E SQLiteDatabase: at android.os.Handler.dispatchMessage(Handler.java:99)
03-29 21:57:07.532 30998 31198 E SQLiteDatabase: at X.0zq.dispatchMessage(Unknown Source:4)
03-29 21:57:07.532 30998 31198 E SQLiteDatabase: at android.os.Looper.loopOnce(Looper.java:240)
03-29 21:57:07.532 30998 31198 E SQLiteDatabase: at android.os.Looper.loop(Looper.java:351)
03-29 21:57:07.532 30998 31198 E SQLiteDatabase: at android.os.HandlerThread.run(HandlerThread.java:67)
03-29 21:57:07.574 30998 30998 W pool-6-thread-1: type=1400 audit(0.0:1229653): avc: granted { execute } for path="/data/data/com.mbwhatsapp/files/decompressed/libs.spk.zst/libgifimage.so" dev="dm-75" ino=36840 scontext=u:r:untrusted_app:s0:c38,c257,c512,c768 tcontext=u:object_r:app_data_file:s0:c38,c257,c512,c768 tclass=file app=com.mbwhatsapp
03-29 21:57:09.001 30998 31198 E SQLiteDatabase: Error inserting transferred=0 media_job_uuid=7a09b090-24b4-42fb-82b6-e5f681cf83f2 transcoded=0 gif_attribution=0 first_scan_length=0 direct_path=/v/t62.7161- 24/41160928_401548845819881_3414414335195035649_n.enc?ccb=11- 4&oh=01_ASCjP74Pvh_m0PNknDIvKQMzOryZWSINSOc3dc7Z1jCpUA&oe=662E546D&_nc_sid=5e03e0 thumbnail_height_width_ratio=0.5520833 is_animated_sticker=0 file_hash=utI4D2mFy6Sps+VbWpNDKetPhevjNNbpdYEfuun/J/w= file_path=null file_size=0 partial_media_hash=null face_x=0 face_y=0 height=352 trim_to=0 media_key_timestamp=1711722367000 message_url=https://mmg.whatsapp.net/v/t62.7161- 24/41160928_401548845819881_3414414335195035649_n.enc?ccb=11- 4&oh=01_ASCjP74Pvh_m0PNknDIvKQMzOryZWSINSOc3dc7Z1jCpUA&oe=662E546D&_nc_sid=5e03e0&m ms3=true media_caption=null trim_from=0 mime_type=video/mp4 partial_media_enc_hash=null width=640 original_file_hash=null has_streaming_sidecar=1 autotransfer_retry_enabled=1 media_upload_handle=null message_row_id=12757 multicast_id=null enc_file_hash=Hg8bkkpwu4wKa5XZzg4huNMBpKI43SmJdQM1oR31aUU= mute_video=0 page_count=0 first_scan_sidecar=null suspicious_content=0 file_length=1181980 media_name=null media_duration=19 chat_row_id=19 media_key=[B@1d35181
03-29 21:57:09.001 30998 31198 E SQLiteDatabase: android.database.sqlite.SQLiteConstraintException: UNIQUE constraint failed: message_media.message_row_id (code 1555 SQLITE_CONSTRAINT_PRIMARYKEY)
03-29 21:57:09.001 30998 31198 E SQLiteDatabase: at android.database.sqlite.SQLiteConnection.nativeExecuteForLastInsertedRowId(Native Method)
03-29 21:57:09.001 30998 31198 E SQLiteDatabase: at android.database.sqlite.SQLiteConnection.executeForLastInsertedRowId(SQLiteConnecti on.java:967)
03-29 21:57:09.001 30998 31198 E SQLiteDatabase: at android.database.sqlite.SQLiteSession.executeForLastInsertedRowId(SQLiteSession.jav a:790)
03-29 21:57:09.001 30998 31198 E SQLiteDatabase: at android.database.sqlite.SQLiteStatement.executeInsert(SQLiteStatement.java:89)
03-29 21:57:09.001 30998 31198 E SQLiteDatabase: at android.database.sqlite.SQLiteDatabase.insertWithOnConflict(SQLiteDatabase.java:186 8)
03-29 21:57:09.001 30998 31198 E SQLiteDatabase: at android.database.sqlite.SQLiteDatabase.insert(SQLiteDatabase.java:1737)
03-29 21:57:09.001 30998 31198 E SQLiteDatabase: at X.2tm.A08(Unknown Source:6)
03-29 21:57:09.001 30998 31198 E SQLiteDatabase: at X.35Y.A07(Unknown Source:212)
03-29 21:57:09.001 30998 31198 E SQLiteDatabase: at X.3QF.A14(Unknown Source:470)
03-29 21:57:09.001 30998 31198 E SQLiteDatabase: at X.3gU.run(Unknown Source:982)
03-29 21:57:09.001 30998 31198 E SQLiteDatabase: at android.os.Handler.handleCallback(Handler.java:942)
03-29 21:57:09.001 30998 31198 E SQLiteDatabase: at android.os.Handler.dispatchMessage(Handler.java:99)
03-29 21:57:09.001 30998 31198 E SQLiteDatabase: at X.0zq.dispatchMessage(Unknown Source:4)
03-29 21:57:09.001 30998 31198 E SQLiteDatabase: at android.os.Looper.loopOnce(Looper.java:240)
03-29 21:57:09.001 30998 31198 E SQLiteDatabase: at android.os.Looper.loop(Looper.java:351)
03-29 21:57:09.001 30998 31198 E SQLiteDatabase: at android.os.HandlerThread.run(HandlerThread.java:67)
03-29 21:57:23.751 30998 30998 E ArmVmp : Match on catch block at 0x8d in for 0x1d9
03-29 21:57:23.758 30998 30998 E ArmVmp : Match on catch block at 0x8d in for 0x1c9
03-29 21:57:23.822 30998 30998 W BottomSheetBehavior: BottomSheetBehavior now supports multiple callbacks. `setBottomSheetCallback()` removes all existing callbacks, including ones set internally by library authors, which may result in unintended behavior. This may change in the future. Please use `addBottomSheetCallback()` and `removeBottomSheetCallback()` instead to set your own callbacks.
03-29 21:57:23.822 30998 30998 W BottomSheetBehavior: BottomSheetBehavior now supports multiple callbacks. `setBottomSheetCallback()` removes all existing callbacks, including ones set internally by library authors, which may result in unintended behavior. This may change in the future. Please use `addBottomSheetCallback()` and `removeBottomSheetCallback()` instead to set your own callbacks.
03-29 21:57:23.847 30998 30998 W BottomSheetBehavior: BottomSheetBehavior now supports multiple callbacks. `setBottomSheetCallback()` removes all existing callbacks, including ones set internally by library authors, which may result in unintended behavior. This may change in the future. Please use `addBottomSheetCallback()` and `removeBottomSheetCallback()` instead to set your own callbacks.
03-29 21:57:23.847 30998 30998 W BottomSheetBehavior: BottomSheetBehavior now supports multiple callbacks. `setBottomSheetCallback()` removes all existing callbacks, including ones set internally by library authors, which may result in unintended behavior. This may change in the future. Please use `addBottomSheetCallback()` and `removeBottomSheetCallback()` instead to set your own callbacks.
03-29 21:57:23.880 30998 30998 W BottomSheetBehavior: BottomSheetBehavior now supports multiple callbacks. `setBottomSheetCallback()` removes all existing callbacks, including ones set internally by library authors, which may result in unintended behavior. This may change in the future. Please use `addBottomSheetCallback()` and `removeBottomSheetCallback()` instead to set your own callbacks.
03-29 21:57:23.880 30998 30998 W BottomSheetBehavior: BottomSheetBehavior now supports multiple callbacks. `setBottomSheetCallback()` removes all existing callbacks, including ones set internally by library authors, which may result in unintended behavior. This may change in the future. Please use `addBottomSheetCallback()` and `removeBottomSheetCallback()` instead to set your own callbacks.
03-29 21:57:23.890 30998 30998 E RecyclerView: No adapter attached; skipping layout
03-29 21:57:24.728 30998 32171 W AudioCapabilities: Unsupported mime audio/x-adpcm- dvi-ima
03-29 21:57:24.728 30998 32171 W AudioCapabilities: Unsupported mime audio/x-adpcm- dvi-ima
03-29 21:57:24.728 30998 32171 W AudioCapabilities: Unsupported mime audio/x-adpcm- ms
03-29 21:57:24.729 30998 32171 W AudioCapabilities: Unsupported mime audio/x-adpcm- ms
03-29 21:57:24.729 30998 32171 W AudioCapabilities: Unsupported mime audio/alac
03-29 21:57:24.729 30998 32171 W AudioCapabilities: Unsupported mime audio/alac
03-29 21:57:24.729 30998 32171 W AudioCapabilities: Unsupported mime audio/ape
03-29 21:57:24.729 30998 32171 W AudioCapabilities: Unsupported mime audio/ape
03-29 21:57:24.736 30998 32171 W AudioCapabilities: Unsupported mime audio/ffmpeg
03-29 21:57:24.744 30998 32171 W VideoCapabilities: Unrecognized profile/level 32768/256 for video/mp4v-es
03-29 21:57:24.744 30998 32171 W VideoCapabilities: Unrecognized profile/level 32768/256 for video/mp4v-es
03-29 21:57:24.745 30998 32171 W VideoCapabilities: Unsupported mime video/x-ms-wmv
03-29 21:57:24.746 30998 32171 W VideoCapabilities: Unsupported mime video/x-ms-wmv
03-29 21:57:24.759 30998 32171 W VideoCapabilities: Unsupported mime video/ffmpeg
03-29 21:57:24.796 30998 32171 W libc : Access denied finding property "vendor.oplus.media.vpp.stutter"
03-29 21:57:24.874 30998 32175 W ColorUtils: expected specified color aspects (2:0:0:0)
03-29 21:57:24.881 30998 32174 W AString : ctor got NULL, using empty string instead
03-29 21:57:24.887 30998 32174 E ListServiceUtils: getListValueByTopActivity module:mtk-ext-param pid:30998 cost 1196us return 0
03-29 21:57:24.892 30998 32175 W Codec2Client: query -- param skipped: index = 1107298332.
03-29 21:57:24.892 30998 32175 W CCodec : This behavior is subject to change. It is recommended that app developers double check whether the requested max input size is in reasonable range.
03-29 21:57:24.899 30998 32175 W Codec2Client: query -- param skipped: index = 1342179345.
03-29 21:57:24.899 30998 32175 W Codec2Client: query -- param skipped: index = 2415921170.
03-29 21:57:24.899 30998 32175 W Codec2Client: query -- param skipped: index = 1610614798.
03-29 21:57:24.953 30998 32171 W libc : Access denied finding property "vendor.oplus.media.vpp.stutter"
03-29 21:57:25.055 30998 32188 W Codec2Client: query -- param skipped: index = 1107298332.
03-29 21:57:25.055 30998 32188 W CCodec : This behavior is subject to change. It is recommended that app developers double check whether the requested max input size is in reasonable range.
03-29 21:57:25.064 30998 32188 W Codec2Client: query -- param skipped: index = 1342179345.
03-29 21:57:25.065 30998 32188 W Codec2Client: query -- param skipped: index = 2415921170.
03-29 21:57:25.065 30998 32188 W Codec2Client: query -- param skipped: index = 1610614798.
03-29 21:57:25.093 30998 31198 E SQLiteDatabase: Error inserting transferred=1 media_job_uuid=55a913d8-4fcd-4b1b-a2f2-c4b158b41ec6 transcoded=0 gif_attribution=0 first_scan_length=0 direct_path=/v/t62.7161- 24/30090320_1328462031160956_6933138683042453567_n.enc?ccb=11- 4&oh=01_ASC55mQDQ5viA-vUBp38l2huJQcidkE_rlqwjvtOqb-Bpg&oe=662E42C6&_nc_sid=5e03e0 thumbnail_height_width_ratio=1.8113208 is_animated_sticker=0 file_hash=UzIyHac3VQFVSxhu5J2lVP3pIH4u/yeGtovG+Y7wUuY= file_path=Media/.Statuses/deb73147231641c698d35cdda23e839f.mp4 file_size=1354239 partial_media_hash=null face_x=0 face_y=0 height=640 trim_to=0 media_key_timestamp=1711719103000 message_url=https://mmg.whatsapp.net/v/t62.7161- 24/30090320_1328462031160956_6933138683042453567_n.enc?ccb=11- 4&oh=01_ASC55mQDQ5viA-vUBp38l2huJQcidkE_rlqwjvtOqb- Bpg&oe=662E42C6&_nc_sid=5e03e0&mms3=true media_caption=null trim_from=0 mime_type=video/mp4 partial_media_enc_hash=null width=352 original_file_hash=null has_streaming_sidecar=1 autotransfer_retry_enabled=1 media_upload_handle=null message_row_id=12755 multicast_id=null enc_file_hash=0mKZz4IKTPyeTYcPKI/WTA5fkdcVkJXPwsGYi7/tFCM= mute_video=0 page_count=0 first_scan_sidecar=null suspicious_content=0 file_length=1354239 media_name=null media_duration=14 chat_row_id=19 media_key=[B@f3bdc51
03-29 21:57:25.093 30998 31198 E SQLiteDatabase: android.database.sqlite.SQLiteConstraintException: UNIQUE constraint failed: message_media.message_row_id (code 1555 SQLITE_CONSTRAINT_PRIMARYKEY)
03-29 21:57:25.093 30998 31198 E SQLiteDatabase: at android.database.sqlite.SQLiteConnection.nativeExecuteForLastInsertedRowId(Native Method)
03-29 21:57:25.093 30998 31198 E SQLiteDatabase: at android.database.sqlite.SQLiteConnection.executeForLastInsertedRowId(SQLiteConnecti on.java:967)
03-29 21:57:25.093 30998 31198 E SQLiteDatabase: at android.database.sqlite.SQLiteSession.executeForLastInsertedRowId(SQLiteSession.jav a:790)
03-29 21:57:25.093 30998 31198 E SQLiteDatabase: at android.database.sqlite.SQLiteStatement.executeInsert(SQLiteStatement.java:89)
03-29 21:57:25.093 30998 31198 E SQLiteDatabase: at android.database.sqlite.SQLiteDatabase.insertWithOnConflict(SQLiteDatabase.java:186 8)
03-29 21:57:25.093 30998 31198 E SQLiteDatabase: at android.database.sqlite.SQLiteDatabase.insert(SQLiteDatabase.java:1737)
03-29 21:57:25.093 30998 31198 E SQLiteDatabase: at X.2tm.A08(Unknown Source:6)
03-29 21:57:25.093 30998 31198 E SQLiteDatabase: at X.35Y.A07(Unknown Source:212)
03-29 21:57:25.093 30998 31198 E SQLiteDatabase: at X.3QF.A14(Unknown Source:470)
03-29 21:57:25.093 30998 31198 E SQLiteDatabase: at X.3gU.run(Unknown Source:982)
03-29 21:57:25.093 30998 31198 E SQLiteDatabase: at android.os.Handler.handleCallback(Handler.java:942)
03-29 21:57:25.093 30998 31198 E SQLiteDatabase: at android.os.Handler.dispatchMessage(Handler.java:99)
03-29 21:57:25.093 30998 31198 E SQLiteDatabase: at X.0zq.dispatchMessage(Unknown Source:4)
03-29 21:57:25.093 30998 31198 E SQLiteDatabase: at android.os.Looper.loopOnce(Looper.java:240)
03-29 21:57:25.093 30998 31198 E SQLiteDatabase: at android.os.Looper.loop(Looper.java:351)
03-29 21:57:25.093 30998 31198 E SQLiteDatabase: at android.os.HandlerThread.run(HandlerThread.java:67)
03-29 21:57:29.019 30998 31198 E SQLiteDatabase: Error inserting transferred=0 media_job_uuid=741c42ce-2618-4a55-b29d-3b3dfeef3384 transcoded=0 gif_attribution=0 first_scan_length=0 direct_path=/v/t62.7161- 24/41200429_3369454773352230_6137601605438109462_n.enc?ccb=11- 4&oh=01_ASDDuDOgbFneBmvlt2k5yhhoPbZ6VodDtcvn77O0O6lVPg&oe=662E39AE&_nc_sid=5e03e0 thumbnail_height_width_ratio=1.7777778 is_animated_sticker=0 file_hash=V1Alk3UOgexwaa7NXW9XzxDA6Cs55NnORPDUMLHRqas= file_path=null file_size=0 partial_media_hash=null face_x=0 face_y=0 height=1024 trim_to=0 media_key_timestamp=1711719252000 message_url=https://mmg.whatsapp.net/v/t62.7161- 24/41200429_3369454773352230_6137601605438109462_n.enc?ccb=11- 4&oh=01_ASDDuDOgbFneBmvlt2k5yhhoPbZ6VodDtcvn77O0O6lVPg&oe=662E39AE&_nc_sid=5e03e0&m ms3=true media_caption=null trim_from=0 mime_type=video/mp4 partial_media_enc_hash=null width=576 original_file_hash=null has_streaming_sidecar=1 autotransfer_retry_enabled=1 media_upload_handle=null message_row_id=12754 multicast_id=null enc_file_hash=Zi2l+CJd963Y3m1w6Azssp1i9rAgRgOw112HAlJYjcU= mute_video=0 page_count=0 first_scan_sidecar=null suspicious_content=0 file_length=2498296 media_name=null media_duration=16 chat_row_id=19 media_key=[B@dc2261f
03-29 21:57:29.019 30998 31198 E SQLiteDatabase: android.database.sqlite.SQLiteConstraintException: UNIQUE constraint failed: message_media.message_row_id (code 1555 SQLITE_CONSTRAINT_PRIMARYKEY)
03-29 21:57:29.019 30998 31198 E SQLiteDatabase: at android.database.sqlite.SQLiteConnection.nativeExecuteForLastInsertedRowId(Native Method)
03-29 21:57:29.019 30998 31198 E SQLiteDatabase: at android.database.sqlite.SQLiteConnection.executeForLastInsertedRowId(SQLiteConnecti on.java:967)
03-29 21:57:29.019 30998 31198 E SQLiteDatabase: at android.database.sqlite.SQLiteSession.executeForLastInsertedRowId(SQLiteSession.jav a:790)
03-29 21:57:29.019 30998 31198 E SQLiteDatabase: at android.database.sqlite.SQLiteStatement.executeInsert(SQLiteStatement.java:89)
03-29 21:57:29.019 30998 31198 E SQLiteDatabase: at android.database.sqlite.SQLiteDatabase.insertWithOnConflict(SQLiteDatabase.java:186 8)
03-29 21:57:29.019 30998 31198 E SQLiteDatabase: at android.database.sqlite.SQLiteDatabase.insert(SQLiteDatabase.java:1737)
03-29 21:57:29.019 30998 31198 E SQLiteDatabase: at X.2tm.A08(Unknown Source:6)
03-29 21:57:29.019 30998 31198 E SQLiteDatabase: at X.35Y.A07(Unknown Source:212)
03-29 21:57:29.019 30998 31198 E SQLiteDatabase: at X.3QF.A14(Unknown Source:470)
03-29 21:57:29.019 30998 31198 E SQLiteDatabase: at X.3gU.run(Unknown Source:982)
03-29 21:57:29.019 30998 31198 E SQLiteDatabase: at android.os.Handler.handleCallback(Handler.java:942)
03-29 21:57:29.019 30998 31198 E SQLiteDatabase: at android.os.Handler.dispatchMessage(Handler.java:99)
03-29 21:57:29.019 30998 31198 E SQLiteDatabase: at X.0zq.dispatchMessage(Unknown Source:4)
03-29 21:57:29.019 30998 31198 E SQLiteDatabase: at android.os.Looper.loopOnce(Looper.java:240)
03-29 21:57:29.019 30998 31198 E SQLiteDatabase: at android.os.Looper.loop(Looper.java:351)
03-29 21:57:29.019 30998 31198 E SQLiteDatabase: at android.os.HandlerThread.run(HandlerThread.java:67)
03-29 21:57:32.175 30998 32174 W Codec2Client: query -- param skipped: index = 1342179345.
03-29 21:57:32.175 30998 32174 W Codec2Client: query -- param skipped: index = 2415921170.
03-29 21:57:32.175 30998 32174 W Codec2Client: query -- param skipped: index = 1610614798.
03-29 21:57:32.180 30998 32188 W Codec2Client: query -- param skipped: index = 1342179345.
03-29 21:57:32.180 30998 32188 W Codec2Client: query -- param skipped: index = 2415921170.
03-29 21:57:32.180 30998 32188 W Codec2Client: query -- param skipped: index = 1610614798.
03-29 21:57:32.189 30998 30998 E RecyclerView: No adapter attached; skipping layout
03-29 21:57:45.033 30998 30998 E OplusBracketLog: [OplusViewMirrorManager] updateHostViewRootIfNeeded, not support android.view.ViewRootImpl@470503c
03-29 21:57:45.045 30998 30998 E ArmVmp : Match on catch block at 0x8d in for 0x1cd
03-29 21:57:45.050 30998 30998 E ArmVmp : Match on catch block at 0x8d in for 0x1d9
03-29 21:57:45.063 30998 30998 E ArmVmp : Match on catch block at 0x8d in for 0x1c9
03-29 21:57:45.067 30998 30998 E ArmVmp : Match on catch block at 0x8d in for 0x1d5
03-29 21:57:45.085 30998 30998 E IPCThreadState: attemptIncStrongHandle(84): Not supported
03-29 21:57:45.085 30998 30998 E IPCThreadState: attemptIncStrongHandle(115): Not supported
03-29 21:57:45.097 30998 31307 W Parcel : Expecting binder but got null!
03-29 21:57:45.151 30998 30998 W BottomSheetBehavior: BottomSheetBehavior now supports multiple callbacks. `setBottomSheetCallback()` removes all existing callbacks, including ones set internally by library authors, which may result in unintended behavior. This may change in the future. Please use `addBottomSheetCallback()` and `removeBottomSheetCallback()` instead to set your own callbacks.
03-29 21:57:45.151 30998 30998 W BottomSheetBehavior: BottomSheetBehavior now supports multiple callbacks. `setBottomSheetCallback()` removes all existing callbacks, including ones set internally by library authors, which may result in unintended behavior. This may change in the future. Please use `addBottomSheetCallback()` and `removeBottomSheetCallback()` instead to set your own callbacks.
03-29 21:57:45.178 30998 30998 W BottomSheetBehavior: BottomSheetBehavior now supports multiple callbacks. `setBottomSheetCallback()` removes all existing callbacks, including ones set internally by library authors, which may result in unintended behavior. This may change in the future. Please use `addBottomSheetCallback()` and `removeBottomSheetCallback()` instead to set your own callbacks.
03-29 21:57:45.178 30998 30998 W BottomSheetBehavior: BottomSheetBehavior now supports multiple callbacks. `setBottomSheetCallback()` removes all existing callbacks, including ones set internally by library authors, which may result in unintended behavior. This may change in the future. Please use `addBottomSheetCallback()` and `removeBottomSheetCallback()` instead to set your own callbacks.
03-29 21:57:45.190 30998 30998 W BottomSheetBehavior: BottomSheetBehavior now supports multiple callbacks. `setBottomSheetCallback()` removes all existing callbacks, including ones set internally by library authors, which may result in unintended behavior. This may change in the future. Please use `addBottomSheetCallback()` and `removeBottomSheetCallback()` instead to set your own callbacks.
03-29 21:57:45.190 30998 30998 W BottomSheetBehavior: BottomSheetBehavior now supports multiple callbacks. `setBottomSheetCallback()` removes all existing callbacks, including ones set internally by library authors, which may result in unintended behavior. This may change in the future. Please use `addBottomSheetCallback()` and `removeBottomSheetCallback()` instead to set your own callbacks.
03-29 21:57:45.220 30998 30998 E RecyclerView: No adapter attached; skipping layout
03-29 21:57:45.221 30998 30998 E RecyclerView: No adapter attached; skipping layout
03-29 21:57:45.613 30998 32293 W libc : Access denied finding property "vendor.oplus.media.vpp.stutter"
03-29 21:57:45.643 30998 32296 W ColorUtils: expected specified color aspects (2:0:0:0)
03-29 21:57:45.647 30998 32295 W AString : ctor got NULL, using empty string instead
03-29 21:57:45.654 30998 32296 W Codec2Client: query -- param skipped: index = 1107298332.
03-29 21:57:45.654 30998 32296 W CCodec : This behavior is subject to change. It is recommended that app developers double check whether the requested max input size is in reasonable range.
03-29 21:57:45.658 30998 32296 W Codec2Client: query -- param skipped: index = 1342179345.
03-29 21:57:45.658 30998 32296 W Codec2Client: query -- param skipped: index = 2415921170.
03-29 21:57:45.658 30998 32296 W Codec2Client: query -- param skipped: index = 1610614798.
03-29 21:57:45.682 30998 32293 W libc : Access denied finding property "vendor.oplus.media.vpp.stutter"
03-29 21:57:45.715 30998 32305 W Codec2Client: query -- param skipped: index = 1107298332.
03-29 21:57:45.715 30998 32305 W CCodec : This behavior is subject to change. It is recommended that app developers double check whether the requested max input size is in reasonable range.
03-29 21:57:45.717 30998 32305 W Codec2Client: query -- param skipped: index = 1342179345.
03-29 21:57:45.717 30998 32305 W Codec2Client: query -- param skipped: index = 2415921170.
03-29 21:57:45.717 30998 32305 W Codec2Client: query -- param skipped: index = 1610614798.
