03-29 16:44:03.850 25107 27557 W Codec2Client: query -- param skipped: index = 2415921170.
03-29 16:44:03.850 25107 27557 W Codec2Client: query -- param skipped: index = 1610614798.
03-29 16:44:03.866 25107 25107 W BottomSheetBehavior: BottomSheetBehavior now supports multiple callbacks. `setBottomSheetCallback()` removes all existing callbacks, including ones set internally by library authors, which may result in unintended behavior. This may change in the future. Please use `addBottomSheetCallback()` and `removeBottomSheetCallback()` instead to set your own callbacks.
03-29 16:44:03.866 25107 25107 W BottomSheetBehavior: BottomSheetBehavior now supports multiple callbacks. `setBottomSheetCallback()` removes all existing callbacks, including ones set internally by library authors, which may result in unintended behavior. This may change in the future. Please use `addBottomSheetCallback()` and `removeBottomSheetCallback()` instead to set your own callbacks.
03-29 16:44:03.885 25107 25107 E RecyclerView: No adapter attached; skipping layout
03-29 16:44:04.472 25107 25152 E SQLiteDatabase: Error inserting transferred=0 media_job_uuid=d194a987-0441-493b-a6b4-159f5dae94e9 transcoded=0 gif_attribution=0 first_scan_length=0 direct_path=/v/t62.7161- 24/31984364_794185766097622_4903174947998167936_n.enc?ccb=11- 4&oh=01_ASAXUnBDnflDwhIvMPctLWPpxSLVrsAyoxiFvbIqejewEw&oe=662DF376&_nc_sid=5e03e0&_ nc_hot=1711700120 thumbnail_height_width_ratio=1.7777778 is_animated_sticker=0 file_hash=jRSHtwdRxR8ndae3CKQ4YnoIAtv8x/B0sr9QIfqNOxs= file_path=null file_size=0 partial_media_hash=null face_x=0 face_y=0 height=1280 trim_to=0 media_key_timestamp=1711700104000 message_url=https://mmg.whatsapp.net/v/t62.7161- 24/31984364_794185766097622_4903174947998167936_n.enc?ccb=11- 4&oh=01_ASAXUnBDnflDwhIvMPctLWPpxSLVrsAyoxiFvbIqejewEw&oe=662DF376&_nc_sid=5e03e0&m ms3=true media_caption=null trim_from=0 mime_type=video/mp4 partial_media_enc_hash=null width=720 original_file_hash=null has_streaming_sidecar=1 autotransfer_retry_enabled=1 media_upload_handle=null message_row_id=12697 multicast_id=null enc_file_hash=Ig83YVa7qqWaGO/tECfXRScCKy/YkrsSRTtF3qjswrU= mute_video=0 page_count=0 first_scan_sidecar=null suspicious_content=0 file_length=8593047 media_name=null media_duration=26 chat_row_id=19 media_key=[B@48e6c39
03-29 16:44:04.472 25107 25152 E SQLiteDatabase: android.database.sqlite.SQLiteConstraintException: UNIQUE constraint failed: message_media.message_row_id (code 1555 SQLITE_CONSTRAINT_PRIMARYKEY)
03-29 16:44:04.472 25107 25152 E SQLiteDatabase: at android.database.sqlite.SQLiteConnection.nativeExecuteForLastInsertedRowId(Native Method)
03-29 16:44:04.472 25107 25152 E SQLiteDatabase: at android.database.sqlite.SQLiteConnection.executeForLastInsertedRowId(SQLiteConnecti on.java:967)
03-29 16:44:04.472 25107 25152 E SQLiteDatabase: at android.database.sqlite.SQLiteSession.executeForLastInsertedRowId(SQLiteSession.jav a:790)
03-29 16:44:04.472 25107 25152 E SQLiteDatabase: at android.database.sqlite.SQLiteStatement.executeInsert(SQLiteStatement.java:89)
03-29 16:44:04.472 25107 25152 E SQLiteDatabase: at android.database.sqlite.SQLiteDatabase.insertWithOnConflict(SQLiteDatabase.java:186 8)
03-29 16:44:04.472 25107 25152 E SQLiteDatabase: at android.database.sqlite.SQLiteDatabase.insert(SQLiteDatabase.java:1737)
03-29 16:44:04.472 25107 25152 E SQLiteDatabase: at X.2tm.A08(Unknown Source:6)
03-29 16:44:04.472 25107 25152 E SQLiteDatabase: at X.35Y.A07(Unknown Source:212)
03-29 16:44:04.472 25107 25152 E SQLiteDatabase: at X.3QF.A14(Unknown Source:470)
03-29 16:44:04.472 25107 25152 E SQLiteDatabase: at X.3gU.run(Unknown Source:982)
03-29 16:44:04.472 25107 25152 E SQLiteDatabase: at android.os.Handler.handleCallback(Handler.java:942)
03-29 16:44:04.472 25107 25152 E SQLiteDatabase: at android.os.Handler.dispatchMessage(Handler.java:99)
03-29 16:44:04.472 25107 25152 E SQLiteDatabase: at X.0zq.dispatchMessage(Unknown Source:4)
03-29 16:44:04.472 25107 25152 E SQLiteDatabase: at android.os.Looper.loopOnce(Looper.java:240)
03-29 16:44:04.472 25107 25152 E SQLiteDatabase: at android.os.Looper.loop(Looper.java:351)
03-29 16:44:04.472 25107 25152 E SQLiteDatabase: at android.os.HandlerThread.run(HandlerThread.java:67)
03-29 16:44:04.482 25107 25251 E MediaMetadataRetrieverJNI: getFrameAtTime: videoFrame is a NULL pointer
03-29 16:44:04.879 25107 25251 E MediaMetadataRetrieverJNI: getFrameAtTime: videoFrame is a NULL pointer
03-29 16:44:04.880 25107 25251 E MediaMetadataRetrieverJNI: getEmbeddedPicture: Call to getEmbeddedPicture failed.
03-29 16:44:05.184 25107 25107 E ArmVmp : Match on catch block at 0x8d in for 0x1d5
03-29 16:44:05.195 25107 25107 E ArmVmp : Match on catch block at 0x8d in for 0x1c5
03-29 16:44:05.196 25107 27478 W libc : Access denied finding property "vendor.oplus.media.vpp.stutter"
03-29 16:44:05.229 25107 25107 W BottomSheetBehavior: BottomSheetBehavior now supports multiple callbacks. `setBottomSheetCallback()` removes all existing callbacks, including ones set internally by library authors, which may result in unintended behavior. This may change in the future. Please use `addBottomSheetCallback()` and `removeBottomSheetCallback()` instead to set your own callbacks.
03-29 16:44:05.229 25107 25107 W BottomSheetBehavior: BottomSheetBehavior now supports multiple callbacks. `setBottomSheetCallback()` removes all existing callbacks, including ones set internally by library authors, which may result in unintended behavior. This may change in the future. Please use `addBottomSheetCallback()` and `removeBottomSheetCallback()` instead to set your own callbacks.
03-29 16:44:05.235 25107 25107 E RecyclerView: No adapter attached; skipping layout
03-29 16:44:05.246 25107 27728 W ColorUtils: expected specified color aspects (2:0:0:0)
03-29 16:44:05.250 25107 27727 W AString : ctor got NULL, using empty string instead
03-29 16:44:05.260 25107 27728 W Codec2Client: query -- param skipped: index = 1107298332.
03-29 16:44:05.260 25107 27728 W CCodec : This behavior is subject to change. It is recommended that app developers double check whether the requested max input size is in reasonable range.
03-29 16:44:05.264 25107 27728 W Codec2Client: query -- param skipped: index = 1342179345.
03-29 16:44:05.264 25107 27728 W Codec2Client: query -- param skipped: index = 2415921170.
03-29 16:44:05.264 25107 27728 W Codec2Client: query -- param skipped: index = 1610614798.
03-29 16:44:05.297 25107 27478 W libc : Access denied finding property "vendor.oplus.media.vpp.stutter"
03-29 16:44:05.350 25107 27750 E ListServiceUtils: checkInListByUid module:sr-osie- whitelist uid:10294 cost 1529us return 0
03-29 16:44:05.356 25107 27750 W Codec2Client: query -- param skipped: index = 1107298332.
03-29 16:44:05.356 25107 27750 W CCodec : This behavior is subject to change. It is recommended that app developers double check whether the requested max input size is in reasonable range.
03-29 16:44:05.361 25107 27750 W Codec2Client: query -- param skipped: index = 1342179345.
03-29 16:44:05.361 25107 27750 W Codec2Client: query -- param skipped: index = 2415921170.
03-29 16:44:05.361 25107 27750 W Codec2Client: query -- param skipped: index = 1610614798.
03-29 16:44:05.485 25107 25251 E MediaMetadataRetrieverJNI: getFrameAtTime: videoFrame is a NULL pointer
03-29 16:44:05.877 25107 25251 E MediaMetadataRetrieverJNI: getFrameAtTime: videoFrame is a NULL pointer
03-29 16:44:05.878 25107 25251 E MediaMetadataRetrieverJNI: getEmbeddedPicture: Call to getEmbeddedPicture failed.
03-29 16:44:06.269 25107 25107 E ArmVmp : Match on catch block at 0x8d in for 0x1d9
03-29 16:44:06.275 25107 25107 E ArmVmp : Match on catch block at 0x8d in for 0x1c9
03-29 16:44:06.293 25107 27727 W Codec2Client: query -- param skipped: index = 1342179345.
03-29 16:44:06.294 25107 27727 W Codec2Client: query -- param skipped: index = 2415921170.
03-29 16:44:06.294 25107 27727 W Codec2Client: query -- param skipped: index = 1610614798.
03-29 16:44:06.298 25107 27750 W Codec2Client: query -- param skipped: index = 1342179345.
03-29 16:44:06.298 25107 27750 W Codec2Client: query -- param skipped: index = 2415921170.
03-29 16:44:06.298 25107 27750 W Codec2Client: query -- param skipped: index = 1610614798.
03-29 16:44:06.319 25107 25107 W BottomSheetBehavior: BottomSheetBehavior now supports multiple callbacks. `setBottomSheetCallback()` removes all existing callbacks, including ones set internally by library authors, which may result in unintended behavior. This may change in the future. Please use `addBottomSheetCallback()` and `removeBottomSheetCallback()` instead to set your own callbacks.
03-29 16:44:06.319 25107 25107 W BottomSheetBehavior: BottomSheetBehavior now supports multiple callbacks. `setBottomSheetCallback()` removes all existing callbacks, including ones set internally by library authors, which may result in unintended behavior. This may change in the future. Please use `addBottomSheetCallback()` and `removeBottomSheetCallback()` instead to set your own callbacks.
03-29 16:44:06.340 25107 25107 E RecyclerView: No adapter attached; skipping layout
03-29 16:44:06.911 25107 25152 E SQLiteDatabase: Error inserting transferred=0 media_job_uuid=d194a987-0441-493b-a6b4-159f5dae94e9 transcoded=0 gif_attribution=0 first_scan_length=0 direct_path=/v/t62.7161- 24/31984364_794185766097622_4903174947998167936_n.enc?ccb=11- 4&oh=01_ASAXUnBDnflDwhIvMPctLWPpxSLVrsAyoxiFvbIqejewEw&oe=662DF376&_nc_sid=5e03e0&_ nc_hot=1711700120 thumbnail_height_width_ratio=1.7777778 is_animated_sticker=0 file_hash=jRSHtwdRxR8ndae3CKQ4YnoIAtv8x/B0sr9QIfqNOxs= file_path=null file_size=0 partial_media_hash=null face_x=0 face_y=0 height=1280 trim_to=0 media_key_timestamp=1711700104000 message_url=https://mmg.whatsapp.net/v/t62.7161- 24/31984364_794185766097622_4903174947998167936_n.enc?ccb=11- 4&oh=01_ASAXUnBDnflDwhIvMPctLWPpxSLVrsAyoxiFvbIqejewEw&oe=662DF376&_nc_sid=5e03e0&m ms3=true media_caption=null trim_from=0 mime_type=video/mp4 partial_media_enc_hash=null width=720 original_file_hash=null has_streaming_sidecar=1 autotransfer_retry_enabled=1 media_upload_handle=null message_row_id=12697 multicast_id=null enc_file_hash=Ig83YVa7qqWaGO/tECfXRScCKy/YkrsSRTtF3qjswrU= mute_video=0 page_count=0 first_scan_sidecar=null suspicious_content=0 file_length=8593047 media_name=null media_duration=26 chat_row_id=19 media_key=[B@48e6c39
03-29 16:44:06.911 25107 25152 E SQLiteDatabase: android.database.sqlite.SQLiteConstraintException: UNIQUE constraint failed: message_media.message_row_id (code 1555 SQLITE_CONSTRAINT_PRIMARYKEY)
03-29 16:44:06.911 25107 25152 E SQLiteDatabase: at android.database.sqlite.SQLiteConnection.nativeExecuteForLastInsertedRowId(Native Method)
03-29 16:44:06.911 25107 25152 E SQLiteDatabase: at android.database.sqlite.SQLiteConnection.executeForLastInsertedRowId(SQLiteConnecti on.java:967)
03-29 16:44:06.911 25107 25152 E SQLiteDatabase: at android.database.sqlite.SQLiteSession.executeForLastInsertedRowId(SQLiteSession.jav a:790)
03-29 16:44:06.911 25107 25152 E SQLiteDatabase: at android.database.sqlite.SQLiteStatement.executeInsert(SQLiteStatement.java:89)
03-29 16:44:06.911 25107 25152 E SQLiteDatabase: at android.database.sqlite.SQLiteDatabase.insertWithOnConflict(SQLiteDatabase.java:186 8)
03-29 16:44:06.911 25107 25152 E SQLiteDatabase: at android.database.sqlite.SQLiteDatabase.insert(SQLiteDatabase.java:1737)
03-29 16:44:06.911 25107 25152 E SQLiteDatabase: at X.2tm.A08(Unknown Source:6)
03-29 16:44:06.911 25107 25152 E SQLiteDatabase: at X.35Y.A07(Unknown Source:212)
03-29 16:44:06.911 25107 25152 E SQLiteDatabase: at X.3QF.A14(Unknown Source:470)
03-29 16:44:06.911 25107 25152 E SQLiteDatabase: at X.3gU.run(Unknown Source:982)
03-29 16:44:06.911 25107 25152 E SQLiteDatabase: at android.os.Handler.handleCallback(Handler.java:942)
03-29 16:44:06.911 25107 25152 E SQLiteDatabase: at android.os.Handler.dispatchMessage(Handler.java:99)
03-29 16:44:06.911 25107 25152 E SQLiteDatabase: at X.0zq.dispatchMessage(Unknown Source:4)
03-29 16:44:06.911 25107 25152 E SQLiteDatabase: at android.os.Looper.loopOnce(Looper.java:240)
03-29 16:44:06.911 25107 25152 E SQLiteDatabase: at android.os.Looper.loop(Looper.java:351)
03-29 16:44:06.911 25107 25152 E SQLiteDatabase: at android.os.HandlerThread.run(HandlerThread.java:67)
03-29 16:44:06.946 25107 25251 E MediaMetadataRetrieverJNI: getFrameAtTime: videoFrame is a NULL pointer
03-29 16:44:07.339 25107 25251 E MediaMetadataRetrieverJNI: getFrameAtTime: videoFrame is a NULL pointer
03-29 16:44:07.342 25107 27478 W libc : Access denied finding property "vendor.oplus.media.vpp.stutter"
03-29 16:44:07.343 25107 25251 E MediaMetadataRetrieverJNI: getEmbeddedPicture: Call to getEmbeddedPicture failed.
03-29 16:44:07.395 25107 27878 W ColorUtils: expected specified color aspects (2:0:0:0)
03-29 16:44:07.398 25107 27877 W AString : ctor got NULL, using empty string instead
03-29 16:44:07.403 25107 27877 E ListServiceUtils: checkInListByUid module:mtkomx- color-convert uid:10294 cost 1739us return 0
03-29 16:44:07.409 25107 27878 W Codec2Client: query -- param skipped: index = 1107298332.
03-29 16:44:07.410 25107 27878 W CCodec : This behavior is subject to change. It is recommended that app developers double check whether the requested max input size is in reasonable range.
03-29 16:44:07.414 25107 27878 W Codec2Client: query -- param skipped: index = 1342179345.
03-29 16:44:07.414 25107 27878 W Codec2Client: query -- param skipped: index = 2415921170.
03-29 16:44:07.414 25107 27878 W Codec2Client: query -- param skipped: index = 1610614798.
03-29 16:44:07.456 25107 27478 W libc : Access denied finding property "vendor.oplus.media.vpp.stutter"
03-29 16:44:07.458 25107 27478 E ListServiceUtils: checkInListByUid module:video- setsurface-error uid:10294 cost 1218us return 0
03-29 16:44:07.524 25107 27889 E ListServiceUtils: checkInListByUid module:sr-osie- whitelist uid:10294 cost 1890us return 0
03-29 16:44:07.528 25107 27889 W Codec2Client: query -- param skipped: index = 1107298332.
03-29 16:44:07.528 25107 27889 W CCodec : This behavior is subject to change. It is recommended that app developers double check whether the requested max input size is in reasonable range.
03-29 16:44:07.529 25107 27889 W Codec2Client: query -- param skipped: index = 1342179345.
03-29 16:44:07.529 25107 27889 W Codec2Client: query -- param skipped: index = 2415921170.
03-29 16:44:07.529 25107 27889 W Codec2Client: query -- param skipped: index = 1610614798.
03-29 16:44:07.606 25107 27478 E ListServiceUtils: checkInListByUid module:control package:audioBoostEnable cost 4437us return 1
03-29 16:44:07.607 25107 27478 E ListServiceUtils: checkInListByUid module:audio- boost-blacklist uid:10294 cost 1739us return 0
03-29 16:44:07.623 25107 27478 E ListServiceUtils: checkInListByUid module:audio- boost-blacklist uid:10294 cost 2124us return 0
03-29 16:44:08.094 25107 25251 E MediaMetadataRetrieverJNI: getFrameAtTime: videoFrame is a NULL pointer
03-29 16:44:08.512 25107 25251 E MediaMetadataRetrieverJNI: getFrameAtTime: videoFrame is a NULL pointer
03-29 16:44:08.513 25107 25251 E MediaMetadataRetrieverJNI: getEmbeddedPicture: Call to getEmbeddedPicture failed.
03-29 16:44:11.385 25107 25152 E SQLiteDatabase: Error inserting transferred=1 media_job_uuid=b2c72dd8-ab50-487e-b961-53de4f9bcee9 transcoded=0 gif_attribution=0 first_scan_length=0 direct_path=/v/t62.7161- 24/31803441_946509430192717_766599494221818165_n.enc?ccb=11- 4&oh=01_ASCS7fD904xjpEZFr6TlI5SW1JPggk4AGma7y6xm8xN3Qw&oe=662E0ECC&_nc_sid=5e03e0 thumbnail_height_width_ratio=1.8113208 is_animated_sticker=0 file_hash=IP/cI9sJjbZLswdvMUhTj+KIBBL8Jw+vD1r0Svw3toE= file_path=Media/.Statuses/e8d73993e565448795f5c75c15d965af.mp4 file_size=2651843 partial_media_hash=null face_x=0 face_y=0 height=640 trim_to=0 media_key_timestamp=1711703191000 message_url=https://mmg.whatsapp.net/v/t62.7161- 24/31803441_946509430192717_766599494221818165_n.enc?ccb=11- 4&oh=01_ASCS7fD904xjpEZFr6TlI5SW1JPggk4AGma7y6xm8xN3Qw&oe=662E0ECC&_nc_sid=5e03e0&m ms3=true media_caption=null trim_from=0 mime_type=video/mp4 partial_media_enc_hash=null width=352 original_file_hash=null has_streaming_sidecar=1 autotransfer_retry_enabled=1 media_upload_handle=null message_row_id=12699 multicast_id=null enc_file_hash=S6bcySnxDYtF4DzoO8e0i/rjj9758zdzjyqNJWeXhKE= mute_video=0 page_count=0 first_scan_sidecar=null suspicious_content=0 file_length=2651843 media_name=null media_duration=20 chat_row_id=19 media_key=[B@a68511f
03-29 16:44:11.385 25107 25152 E SQLiteDatabase: android.database.sqlite.SQLiteConstraintException: UNIQUE constraint failed: message_media.message_row_id (code 1555 SQLITE_CONSTRAINT_PRIMARYKEY)
03-29 16:44:11.385 25107 25152 E SQLiteDatabase: at android.database.sqlite.SQLiteConnection.nativeExecuteForLastInsertedRowId(Native Method)
03-29 16:44:11.385 25107 25152 E SQLiteDatabase: at android.database.sqlite.SQLiteConnection.executeForLastInsertedRowId(SQLiteConnecti on.java:967)
03-29 16:44:11.385 25107 25152 E SQLiteDatabase: at android.database.sqlite.SQLiteSession.executeForLastInsertedRowId(SQLiteSession.jav a:790)
03-29 16:44:11.385 25107 25152 E SQLiteDatabase: at android.database.sqlite.SQLiteStatement.executeInsert(SQLiteStatement.java:89)
03-29 16:44:11.385 25107 25152 E SQLiteDatabase: at android.database.sqlite.SQLiteDatabase.insertWithOnConflict(SQLiteDatabase.java:186 8)
03-29 16:44:11.385 25107 25152 E SQLiteDatabase: at android.database.sqlite.SQLiteDatabase.insert(SQLiteDatabase.java:1737)
03-29 16:44:11.385 25107 25152 E SQLiteDatabase: at X.2tm.A08(Unknown Source:6)
03-29 16:44:11.385 25107 25152 E SQLiteDatabase: at X.35Y.A07(Unknown Source:212)
03-29 16:44:11.385 25107 25152 E SQLiteDatabase: at X.3QF.A14(Unknown Source:470)
03-29 16:44:11.385 25107 25152 E SQLiteDatabase: at X.3gU.run(Unknown Source:982)
03-29 16:44:11.385 25107 25152 E SQLiteDatabase: at android.os.Handler.handleCallback(Handler.java:942)
03-29 16:44:11.385 25107 25152 E SQLiteDatabase: at android.os.Handler.dispatchMessage(Handler.java:99)
03-29 16:44:11.385 25107 25152 E SQLiteDatabase: at X.0zq.dispatchMessage(Unknown Source:4)
03-29 16:44:11.385 25107 25152 E SQLiteDatabase: at android.os.Looper.loopOnce(Looper.java:240)
03-29 16:44:11.385 25107 25152 E SQLiteDatabase: at android.os.Looper.loop(Looper.java:351)
03-29 16:44:11.385 25107 25152 E SQLiteDatabase: at android.os.HandlerThread.run(HandlerThread.java:67)
03-29 16:44:14.953 25107 25107 E ArmVmp : Match on catch block at 0x8d in for 0x1d1
03-29 16:44:14.961 25107 25107 E ArmVmp : Match on catch block at 0x8d in for 0x1c1
03-29 16:44:15.014 25107 27877 W Codec2Client: query -- param skipped: index = 1342179345.
03-29 16:44:15.014 25107 27877 W Codec2Client: query -- param skipped: index = 2415921170.
03-29 16:44:15.014 25107 27877 W Codec2Client: query -- param skipped: index = 1610614798.
03-29 16:44:15.020 25107 27889 W Codec2Client: query -- param skipped: index = 1342179345.
03-29 16:44:15.020 25107 27889 W Codec2Client: query -- param skipped: index = 2415921170.
03-29 16:44:15.020 25107 27889 W Codec2Client: query -- param skipped: index = 1610614798.
03-29 16:44:15.025 25107 28337 E ListServiceUtils: checkInListByUid module:control package:audioBoostEnable cost 2344us return 1
03-29 16:44:15.080 25107 25107 W BottomSheetBehavior: BottomSheetBehavior now supports multiple callbacks. `setBottomSheetCallback()` removes all existing callbacks, including ones set internally by library authors, which may result in unintended behavior. This may change in the future. Please use `addBottomSheetCallback()` and `removeBottomSheetCallback()` instead to set your own callbacks.
03-29 16:44:15.080 25107 25107 W BottomSheetBehavior: BottomSheetBehavior now supports multiple callbacks. `setBottomSheetCallback()` removes all existing callbacks, including ones set internally by library authors, which may result in unintended behavior. This may change in the future. Please use `addBottomSheetCallback()` and `removeBottomSheetCallback()` instead to set your own callbacks.
03-29 16:44:15.240 25107 25107 E RecyclerView: No adapter attached; skipping layout
03-29 16:44:15.767 25107 27478 W libc : Access denied finding property "vendor.oplus.media.vpp.stutter"
03-29 16:44:15.813 25107 28359 W ColorUtils: expected specified color aspects (2:0:0:0)
03-29 16:44:15.821 25107 28358 W AString : ctor got NULL, using empty string instead
03-29 16:44:15.824 25107 28358 E ListServiceUtils: checkInListByUid module:video- statistics uid:10294 cost 1501us return 0
03-29 16:44:15.834 25107 28359 W Codec2Client: query -- param skipped: index = 1107298332.
03-29 16:44:15.834 25107 28359 W CCodec : This behavior is subject to change. It is recommended that app developers double check whether the requested max input size is in reasonable range.
03-29 16:44:15.844 25107 28359 W Codec2Client: query -- param skipped: index = 1342179345.
03-29 16:44:15.844 25107 28359 W Codec2Client: query -- param skipped: index = 2415921170.
03-29 16:44:15.844 25107 28359 W Codec2Client: query -- param skipped: index = 1610614798.
03-29 16:44:15.899 25107 27478 W libc : Access denied finding property "vendor.oplus.media.vpp.stutter"
03-29 16:44:16.028 25107 28368 W Codec2Client: query -- param skipped: index = 1107298332.
03-29 16:44:16.029 25107 28368 W CCodec : This behavior is subject to change. It is recommended that app developers double check whether the requested max input size is in reasonable range.
03-29 16:44:16.032 25107 28368 W Codec2Client: query -- param skipped: index = 1342179345.
03-29 16:44:16.032 25107 28368 W Codec2Client: query -- param skipped: index = 2415921170.
03-29 16:44:16.032 25107 28368 W Codec2Client: query -- param skipped: index = 1610614798.
03-29 16:44:17.846 25107 25107 E ArmVmp : Match on catch block at 0x8d in for 0x1c5
03-29 16:44:17.852 25107 25107 E ArmVmp : Match on catch block at 0x8d in for 0x1d1
03-29 16:44:17.879 25107 28358 W Codec2Client: query -- param skipped: index = 1342179345.
03-29 16:44:17.880 25107 28358 W Codec2Client: query -- param skipped: index = 2415921170.
03-29 16:44:17.880 25107 28358 W Codec2Client: query -- param skipped: index = 1610614798.
03-29 16:44:17.888 25107 28368 W Codec2Client: query -- param skipped: index = 1342179345.
03-29 16:44:17.888 25107 28368 W Codec2Client: query -- param skipped: index = 2415921170.
03-29 16:44:17.888 25107 28368 W Codec2Client: query -- param skipped: index = 1610614798.
03-29 16:44:17.909 25107 25107 W BottomSheetBehavior: BottomSheetBehavior now supports multiple callbacks. `setBottomSheetCallback()` removes all existing callbacks, including ones set internally by library authors, which may result in unintended behavior. This may change in the future. Please use `addBottomSheetCallback()` and `removeBottomSheetCallback()` instead to set your own callbacks.
03-29 16:44:17.909 25107 25107 W BottomSheetBehavior: BottomSheetBehavior now supports multiple callbacks. `setBottomSheetCallback()` removes all existing callbacks, including ones set internally by library authors, which may result in unintended behavior. This may change in the future. Please use `addBottomSheetCallback()` and `removeBottomSheetCallback()` instead to set your own callbacks.
03-29 16:44:17.948 25107 25107 W BottomSheetBehavior: BottomSheetBehavior now supports multiple callbacks. `setBottomSheetCallback()` removes all existing callbacks, including ones set internally by library authors, which may result in unintended behavior. This may change in the future. Please use `addBottomSheetCallback()` and `removeBottomSheetCallback()` instead to set your own callbacks.
03-29 16:44:17.949 25107 25107 W BottomSheetBehavior: BottomSheetBehavior now supports multiple callbacks. `setBottomSheetCallback()` removes all existing callbacks, including ones set internally by library authors, which may result in unintended behavior. This may change in the future. Please use `addBottomSheetCallback()` and `removeBottomSheetCallback()` instead to set your own callbacks.
03-29 16:44:17.994 25107 25107 E RecyclerView: No adapter attached; skipping layout
03-29 16:44:25.035 25107 25152 E SQLiteDatabase: Error inserting transferred=1 media_job_uuid=d194a987-0441-493b-a6b4-159f5dae94e9 transcoded=0 gif_attribution=0 first_scan_length=0 direct_path=/v/t62.7161- 24/31984364_794185766097622_4903174947998167936_n.enc?ccb=11- 4&oh=01_ASAXUnBDnflDwhIvMPctLWPpxSLVrsAyoxiFvbIqejewEw&oe=662DF376&_nc_sid=5e03e0&_ nc_hot=1711700120 thumbnail_height_width_ratio=1.7777778 is_animated_sticker=0 file_hash=jRSHtwdRxR8ndae3CKQ4YnoIAtv8x/B0sr9QIfqNOxs= file_path=Media/.Statuses/6abc53d344524e6682f09b34ea1c32a9.mp4 file_size=8593047 partial_media_hash=null face_x=0 face_y=0 height=1280 trim_to=0 media_key_timestamp=1711700104000 message_url=https://mmg.whatsapp.net/v/t62.7161- 24/31984364_794185766097622_4903174947998167936_n.enc?ccb=11- 4&oh=01_ASAXUnBDnflDwhIvMPctLWPpxSLVrsAyoxiFvbIqejewEw&oe=662DF376&_nc_sid=5e03e0&m ms3=true media_caption=null trim_from=0 mime_type=video/mp4 partial_media_enc_hash=null width=720 original_file_hash=null has_streaming_sidecar=1 autotransfer_retry_enabled=1 media_upload_handle=null message_row_id=12697 multicast_id=null enc_file_hash=Ig83YVa7qqWaGO/tECfXRScCKy/YkrsSRTtF3qjswrU= mute_video=0 page_count=0 first_scan_sidecar=null suspicious_content=0 file_length=8593047 media_name=null media_duration=26 chat_row_id=19 media_key=[B@48e6c39
03-29 16:44:25.035 25107 25152 E SQLiteDatabase: android.database.sqlite.SQLiteConstraintException: UNIQUE constraint failed: message_media.message_row_id (code 1555 SQLITE_CONSTRAINT_PRIMARYKEY)
03-29 16:44:25.035 25107 25152 E SQLiteDatabase: at android.database.sqlite.SQLiteConnection.nativeExecuteForLastInsertedRowId(Native Method)
03-29 16:44:25.035 25107 25152 E SQLiteDatabase: at android.database.sqlite.SQLiteConnection.executeForLastInsertedRowId(SQLiteConnecti on.java:967)
03-29 16:44:25.035 25107 25152 E SQLiteDatabase: at android.database.sqlite.SQLiteSession.executeForLastInsertedRowId(SQLiteSession.jav a:790)
03-29 16:44:25.035 25107 25152 E SQLiteDatabase: at android.database.sqlite.SQLiteStatement.executeInsert(SQLiteStatement.java:89)
03-29 16:44:25.035 25107 25152 E SQLiteDatabase: at android.database.sqlite.SQLiteDatabase.insertWithOnConflict(SQLiteDatabase.java:186 8)
03-29 16:44:25.035 25107 25152 E SQLiteDatabase: at android.database.sqlite.SQLiteDatabase.insert(SQLiteDatabase.java:1737)
03-29 16:44:25.035 25107 25152 E SQLiteDatabase: at X.2tm.A08(Unknown Source:6)
03-29 16:44:25.035 25107 25152 E SQLiteDatabase: at X.35Y.A07(Unknown Source:212)
03-29 16:44:25.035 25107 25152 E SQLiteDatabase: at X.3QF.A14(Unknown Source:470)
03-29 16:44:25.035 25107 25152 E SQLiteDatabase: at X.3gU.run(Unknown Source:982)
03-29 16:44:25.035 25107 25152 E SQLiteDatabase: at android.os.Handler.handleCallback(Handler.java:942)
03-29 16:44:25.035 25107 25152 E SQLiteDatabase: at android.os.Handler.dispatchMessage(Handler.java:99)
03-29 16:44:25.035 25107 25152 E SQLiteDatabase: at X.0zq.dispatchMessage(Unknown Source:4)
03-29 16:44:25.035 25107 25152 E SQLiteDatabase: at android.os.Looper.loopOnce(Looper.java:240)
03-29 16:44:25.035 25107 25152 E SQLiteDatabase: at android.os.Looper.loop(Looper.java:351)
03-29 16:44:25.035 25107 25152 E SQLiteDatabase: at android.os.HandlerThread.run(HandlerThread.java:67)
03-29 16:44:32.254 25107 25107 E ArmVmp : Match on catch block at 0x8d in for 0x1d5
03-29 16:44:32.261 25107 25107 E ArmVmp : Match on catch block at 0x8d in for 0x1c5
03-29 16:44:32.305 25107 25107 W BottomSheetBehavior: BottomSheetBehavior now supports multiple callbacks. `setBottomSheetCallback()` removes all existing callbacks, including ones set internally by library authors, which may result in unintended behavior. This may change in the future. Please use `addBottomSheetCallback()` and `removeBottomSheetCallback()` instead to set your own callbacks.
03-29 16:44:32.305 25107 25107 W BottomSheetBehavior: BottomSheetBehavior now supports multiple callbacks. `setBottomSheetCallback()` removes all existing callbacks, including ones set internally by library authors, which may result in unintended behavior. This may change in the future. Please use `addBottomSheetCallback()` and `removeBottomSheetCallback()` instead to set your own callbacks.
03-29 16:44:32.336 25107 25107 W BottomSheetBehavior: BottomSheetBehavior now supports multiple callbacks. `setBottomSheetCallback()` removes all existing callbacks, including ones set internally by library authors, which may result in unintended behavior. This may change in the future. Please use `addBottomSheetCallback()` and `removeBottomSheetCallback()` instead to set your own callbacks.
03-29 16:44:32.336 25107 25107 W BottomSheetBehavior: BottomSheetBehavior now supports multiple callbacks. `setBottomSheetCallback()` removes all existing callbacks, including ones set internally by library authors, which may result in unintended behavior. This may change in the future. Please use `addBottomSheetCallback()` and `removeBottomSheetCallback()` instead to set your own callbacks.
03-29 16:44:32.354 25107 25107 E RecyclerView: No adapter attached; skipping layout
03-29 16:44:32.777 25107 25152 E SQLiteDatabase: Error inserting transferred=0 media_job_uuid=fc2529be-6c72-4d03-85da-9289aabbacaa transcoded=0 gif_attribution=0 first_scan_length=0 direct_path=/v/t62.7161- 24/30514216_1058643198568522_2784877900033624403_n.enc?ccb=11- 4&oh=01_ASDlmWyhMrmmxsVlnThct-Q1Sdz2DhMz5t3m97tcodt2OA&oe=662DD08F&_nc_sid=5e03e0 thumbnail_height_width_ratio=1.3333334 is_animated_sticker=0 file_hash=H/sghW3Zr9xIUOVVNST5i5Kb2qYlbxcyz8yozzQOXUM= file_path=null file_size=0 partial_media_hash=null face_x=0 face_y=0 height=1024 trim_to=0 media_key_timestamp=1711697558000 message_url=https://mmg.whatsapp.net/v/t62.7161- 24/30514216_1058643198568522_2784877900033624403_n.enc?ccb=11- 4&oh=01_ASDlmWyhMrmmxsVlnThct- Q1Sdz2DhMz5t3m97tcodt2OA&oe=662DD08F&_nc_sid=5e03e0&mms3=true media_caption=null trim_from=0 mime_type=video/mp4 partial_media_enc_hash=null width=768 original_file_hash=null has_streaming_sidecar=1 autotransfer_retry_enabled=1 media_upload_handle=null message_row_id=12694 multicast_id=null enc_file_hash=4+bc1qNevt5DhXhjgA2scEmAgT0vMX08D1FyuXF/HZs= mute_video=0 page_count=0 first_scan_sidecar=null suspicious_content=0 file_length=596532 media_name=null media_duration=30 chat_row_id=19 media_key=[B@1e90215
03-29 16:44:32.777 25107 25152 E SQLiteDatabase: android.database.sqlite.SQLiteConstraintException: UNIQUE constraint failed: message_media.message_row_id (code 1555 SQLITE_CONSTRAINT_PRIMARYKEY)
03-29 16:44:32.777 25107 25152 E SQLiteDatabase: at android.database.sqlite.SQLiteConnection.nativeExecuteForLastInsertedRowId(Native Method)
03-29 16:44:32.777 25107 25152 E SQLiteDatabase: at android.database.sqlite.SQLiteConnection.executeForLastInsertedRowId(SQLiteConnecti on.java:967)
03-29 16:44:32.777 25107 25152 E SQLiteDatabase: at android.database.sqlite.SQLiteSession.executeForLastInsertedRowId(SQLiteSession.jav a:790)
03-29 16:44:32.777 25107 25152 E SQLiteDatabase: at android.database.sqlite.SQLiteStatement.executeInsert(SQLiteStatement.java:89)
03-29 16:44:32.777 25107 25152 E SQLiteDatabase: at android.database.sqlite.SQLiteDatabase.insertWithOnConflict(SQLiteDatabase.java:186 8)
03-29 16:44:32.777 25107 25152 E SQLiteDatabase: at android.database.sqlite.SQLiteDatabase.insert(SQLiteDatabase.java:1737)
03-29 16:44:32.777 25107 25152 E SQLiteDatabase: at X.2tm.A08(Unknown Source:6)
03-29 16:44:32.777 25107 25152 E SQLiteDatabase: at X.35Y.A07(Unknown Source:212)
03-29 16:44:32.777 25107 25152 E SQLiteDatabase: at X.3QF.A14(Unknown Source:470)
03-29 16:44:32.777 25107 25152 E SQLiteDatabase: at X.3gU.run(Unknown Source:982)
03-29 16:44:32.777 25107 25152 E SQLiteDatabase: at android.os.Handler.handleCallback(Handler.java:942)
03-29 16:44:32.777 25107 25152 E SQLiteDatabase: at android.os.Handler.dispatchMessage(Handler.java:99)
03-29 16:44:32.777 25107 25152 E SQLiteDatabase: at X.0zq.dispatchMessage(Unknown Source:4)
03-29 16:44:32.777 25107 25152 E SQLiteDatabase: at android.os.Looper.loopOnce(Looper.java:240)
03-29 16:44:32.777 25107 25152 E SQLiteDatabase: at android.os.Looper.loop(Looper.java:351)
03-29 16:44:32.777 25107 25152 E SQLiteDatabase: at android.os.HandlerThread.run(HandlerThread.java:67)
03-29 16:44:35.523 25107 25107 E ArmVmp : Match on catch block at 0x8d in for 0x1c5
03-29 16:44:35.529 25107 25107 E ArmVmp : Match on catch block at 0x8d in for 0x1d1
03-29 16:44:35.578 25107 25107 W BottomSheetBehavior: BottomSheetBehavior now supports multiple callbacks. `setBottomSheetCallback()` removes all existing callbacks, including ones set internally by library authors, which may result in unintended behavior. This may change in the future. Please use `addBottomSheetCallback()` and `removeBottomSheetCallback()` instead to set your own callbacks.
03-29 16:44:35.578 25107 25107 W BottomSheetBehavior: BottomSheetBehavior now supports multiple callbacks. `setBottomSheetCallback()` removes all existing callbacks, including ones set internally by library authors, which may result in unintended behavior. This may change in the future. Please use `addBottomSheetCallback()` and `removeBottomSheetCallback()` instead to set your own callbacks.
03-29 16:44:35.587 25107 25107 E RecyclerView: No adapter attached; skipping layout
03-29 16:44:36.304 25107 27478 W libc : Access denied finding property "vendor.oplus.media.vpp.stutter"
03-29 16:44:36.341 25107 28540 W ColorUtils: expected specified color aspects (2:0:0:0)
03-29 16:44:36.346 25107 28539 W AString : ctor got NULL, using empty string instead
03-29 16:44:36.355 25107 28540 W Codec2Client: query -- param skipped: index = 1107298332.
03-29 16:44:36.355 25107 28540 W CCodec : This behavior is subject to change. It is recommended that app developers double check whether the requested max input size is in reasonable range.
03-29 16:44:36.361 25107 28540 W Codec2Client: query -- param skipped: index = 1342179345.
03-29 16:44:36.361 25107 28540 W Codec2Client: query -- param skipped: index = 2415921170.
03-29 16:44:36.361 25107 28540 W Codec2Client: query -- param skipped: index = 1610614798.
03-29 16:44:36.398 25107 27478 W libc : Access denied finding property "vendor.oplus.media.vpp.stutter"
03-29 16:44:36.406 25107 25152 E SQLiteDatabase: Error inserting transferred=1 media_job_uuid=fc2529be-6c72-4d03-85da-9289aabbacaa transcoded=0 gif_attribution=0 first_scan_length=0 direct_path=/v/t62.7161- 24/30514216_1058643198568522_2784877900033624403_n.enc?ccb=11- 4&oh=01_ASDlmWyhMrmmxsVlnThct-Q1Sdz2DhMz5t3m97tcodt2OA&oe=662DD08F&_nc_sid=5e03e0 thumbnail_height_width_ratio=1.3333334 is_animated_sticker=0 file_hash=H/sghW3Zr9xIUOVVNST5i5Kb2qYlbxcyz8yozzQOXUM= file_path=Media/.Statuses/faa99ad2e1294439aed37b9de7cac62f.mp4 file_size=596532 partial_media_hash=null face_x=0 face_y=0 height=1024 trim_to=0 media_key_timestamp=1711697558000 message_url=https://mmg.whatsapp.net/v/t62.7161- 24/30514216_1058643198568522_2784877900033624403_n.enc?ccb=11- 4&oh=01_ASDlmWyhMrmmxsVlnThct- Q1Sdz2DhMz5t3m97tcodt2OA&oe=662DD08F&_nc_sid=5e03e0&mms3=true media_caption=null trim_from=0 mime_type=video/mp4 partial_media_enc_hash=null width=768 original_file_hash=null has_streaming_sidecar=1 autotransfer_retry_enabled=1 media_upload_handle=null message_row_id=12694 multicast_id=null enc_file_hash=4+bc1qNevt5DhXhjgA2scEmAgT0vMX08D1FyuXF/HZs= mute_video=0 page_count=0 first_scan_sidecar=null suspicious_content=0 file_length=596532 media_name=null media_duration=30 chat_row_id=19 media_key=[B@1e90215
03-29 16:44:36.406 25107 25152 E SQLiteDatabase: android.database.sqlite.SQLiteConstraintException: UNIQUE constraint failed: message_media.message_row_id (code 1555 SQLITE_CONSTRAINT_PRIMARYKEY)
03-29 16:44:36.406 25107 25152 E SQLiteDatabase: at android.database.sqlite.SQLiteConnection.nativeExecuteForLastInsertedRowId(Native Method)
03-29 16:44:36.406 25107 25152 E SQLiteDatabase: at android.database.sqlite.SQLiteConnection.executeForLastInsertedRowId(SQLiteConnecti on.java:967)
03-29 16:44:36.406 25107 25152 E SQLiteDatabase: at android.database.sqlite.SQLiteSession.executeForLastInsertedRowId(SQLiteSession.jav a:790)
03-29 16:44:36.406 25107 25152 E SQLiteDatabase: at android.database.sqlite.SQLiteStatement.executeInsert(SQLiteStatement.java:89)
03-29 16:44:36.406 25107 25152 E SQLiteDatabase: at android.database.sqlite.SQLiteDatabase.insertWithOnConflict(SQLiteDatabase.java:186 8)
03-29 16:44:36.406 25107 25152 E SQLiteDatabase: at android.database.sqlite.SQLiteDatabase.insert(SQLiteDatabase.java:1737)
03-29 16:44:36.406 25107 25152 E SQLiteDatabase: at X.2tm.A08(Unknown Source:6)
03-29 16:44:36.406 25107 25152 E SQLiteDatabase: at X.35Y.A07(Unknown Source:212)
03-29 16:44:36.406 25107 25152 E SQLiteDatabase: at X.3QF.A14(Unknown Source:470)
03-29 16:44:36.406 25107 25152 E SQLiteDatabase: at X.3gU.run(Unknown Source:982)
03-29 16:44:36.406 25107 25152 E SQLiteDatabase: at android.os.Handler.handleCallback(Handler.java:942)
03-29 16:44:36.406 25107 25152 E SQLiteDatabase: at android.os.Handler.dispatchMessage(Handler.java:99)
03-29 16:44:36.406 25107 25152 E SQLiteDatabase: at X.0zq.dispatchMessage(Unknown Source:4)
03-29 16:44:36.406 25107 25152 E SQLiteDatabase: at android.os.Looper.loopOnce(Looper.java:240)
03-29 16:44:36.406 25107 25152 E SQLiteDatabase: at android.os.Looper.loop(Looper.java:351)
03-29 16:44:36.406 25107 25152 E SQLiteDatabase: at android.os.HandlerThread.run(HandlerThread.java:67)
03-29 16:44:36.435 25107 28549 E ListServiceUtils: checkInListByUid module:sr-osie- whitelist uid:10294 cost 1515us return 0
03-29 16:44:36.443 25107 28549 W Codec2Client: query -- param skipped: index = 1107298332.
03-29 16:44:36.443 25107 28549 W CCodec : This behavior is subject to change. It is recommended that app developers double check whether the requested max input size is in reasonable range.
03-29 16:44:36.451 25107 28549 W Codec2Client: query -- param skipped: index = 1342179345.
03-29 16:44:36.451 25107 28549 W Codec2Client: query -- param skipped: index = 2415921170.
03-29 16:44:36.451 25107 28549 W Codec2Client: query -- param skipped: index = 1610614798.
03-29 16:44:36.542 25107 27478 E ListServiceUtils: checkInListByUid module:audio- boost-blacklist uid:10294 cost 2108us return 0
03-29 16:44:36.593 25107 27478 E ListServiceUtils: checkInListByUid module:audio- boost-blacklist uid:10294 cost 1456us return 0
03-29 16:44:37.132 25107 28539 W Codec2Client: query -- param skipped: index = 1342179345.
03-29 16:44:37.132 25107 28539 W Codec2Client: query -- param skipped: index = 2415921170.
03-29 16:44:37.132 25107 28539 W Codec2Client: query -- param skipped: index = 1610614798.
03-29 16:44:37.136 25107 28549 W Codec2Client: query -- param skipped: index = 1342179345.
03-29 16:44:37.136 25107 28549 W Codec2Client: query -- param skipped: index = 2415921170.
03-29 16:44:37.137 25107 28549 W Codec2Client: query -- param skipped: index = 1610614798.
03-29 16:44:37.137 25107 28570 E ListServiceUtils: checkInListByUid module:control package:audioBoostEnable cost 1263us return 1
03-29 16:44:37.263 25107 25107 E ArmVmp : Match on catch block at 0x8d in for 0x1c9
03-29 16:44:37.272 25107 25107 E ArmVmp : Match on catch block at 0x8d in for 0x1d5
03-29 16:44:37.302 25107 25107 W BottomSheetBehavior: BottomSheetBehavior now supports multiple callbacks. `setBottomSheetCallback()` removes all existing callbacks, including ones set internally by library authors, which may result in unintended behavior. This may change in the future. Please use `addBottomSheetCallback()` and `removeBottomSheetCallback()` instead to set your own callbacks.
03-29 16:44:37.302 25107 25107 W BottomSheetBehavior: BottomSheetBehavior now supports multiple callbacks. `setBottomSheetCallback()` removes all existing callbacks, including ones set internally by library authors, which may result in unintended behavior. This may change in the future. Please use `addBottomSheetCallback()` and `removeBottomSheetCallback()` instead to set your own callbacks.
03-29 16:44:37.309 25107 25107 E RecyclerView: No adapter attached; skipping layout
03-29 16:44:37.696 25107 25107 W BottomSheetBehavior: BottomSheetBehavior now supports multiple callbacks. `setBottomSheetCallback()` removes all existing callbacks, including ones set internally by library authors, which may result in unintended behavior. This may change in the future. Please use `addBottomSheetCallback()` and `removeBottomSheetCallback()` instead to set your own callbacks.
03-29 16:44:37.696 25107 25107 W BottomSheetBehavior: BottomSheetBehavior now supports multiple callbacks. `setBottomSheetCallback()` removes all existing callbacks, including ones set internally by library authors, which may result in unintended behavior. This may change in the future. Please use `addBottomSheetCallback()` and `removeBottomSheetCallback()` instead to set your own callbacks.
03-29 16:44:37.713 25107 25107 E RecyclerView: No adapter attached; skipping layout
03-29 16:44:38.449 25107 25107 W BottomSheetBehavior: BottomSheetBehavior now supports multiple callbacks. `setBottomSheetCallback()` removes all existing callbacks, including ones set internally by library authors, which may result in unintended behavior. This may change in the future. Please use `addBottomSheetCallback()` and `removeBottomSheetCallback()` instead to set your own callbacks.
03-29 16:44:38.449 25107 25107 W BottomSheetBehavior: BottomSheetBehavior now supports multiple callbacks. `setBottomSheetCallback()` removes all existing callbacks, including ones set internally by library authors, which may result in unintended behavior. This may change in the future. Please use `addBottomSheetCallback()` and `removeBottomSheetCallback()` instead to set your own callbacks.
03-29 16:44:38.455 25107 25107 E RecyclerView: No adapter attached; skipping layout
03-29 16:44:39.372 25107 25107 W BottomSheetBehavior: BottomSheetBehavior now supports multiple callbacks. `setBottomSheetCallback()` removes all existing callbacks, including ones set internally by library authors, which may result in unintended behavior. This may change in the future. Please use `addBottomSheetCallback()` and `removeBottomSheetCallback()` instead to set your own callbacks.
03-29 16:44:39.372 25107 25107 W BottomSheetBehavior: BottomSheetBehavior now supports multiple callbacks. `setBottomSheetCallback()` removes all existing callbacks, including ones set internally by library authors, which may result in unintended behavior. This may change in the future. Please use `addBottomSheetCallback()` and `removeBottomSheetCallback()` instead to set your own callbacks.
03-29 16:44:39.377 25107 25107 E RecyclerView: No adapter attached; skipping layout
03-29 16:44:40.300 25107 25107 W BottomSheetBehavior: BottomSheetBehavior now supports multiple callbacks. `setBottomSheetCallback()` removes all existing callbacks, including ones set internally by library authors, which may result in unintended behavior. This may change in the future. Please use `addBottomSheetCallback()` and `removeBottomSheetCallback()` instead to set your own callbacks.
03-29 16:44:40.300 25107 25107 W BottomSheetBehavior: BottomSheetBehavior now supports multiple callbacks. `setBottomSheetCallback()` removes all existing callbacks, including ones set internally by library authors, which may result in unintended behavior. This may change in the future. Please use `addBottomSheetCallback()` and `removeBottomSheetCallback()` instead to set your own callbacks.
03-29 16:44:40.306 25107 25107 E RecyclerView: No adapter attached; skipping layout
03-29 16:44:41.261 25107 25107 W BottomSheetBehavior: BottomSheetBehavior now supports multiple callbacks. `setBottomSheetCallback()` removes all existing callbacks, including ones set internally by library authors, which may result in unintended behavior. This may change in the future. Please use `addBottomSheetCallback()` and `removeBottomSheetCallback()` instead to set your own callbacks.
03-29 16:44:41.261 25107 25107 W BottomSheetBehavior: BottomSheetBehavior now supports multiple callbacks. `setBottomSheetCallback()` removes all existing callbacks, including ones set internally by library authors, which may result in unintended behavior. This may change in the future. Please use `addBottomSheetCallback()` and `removeBottomSheetCallback()` instead to set your own callbacks.
03-29 16:44:41.268 25107 25107 E RecyclerView: No adapter attached; skipping layout
03-29 16:44:42.256 25107 25107 W BottomSheetBehavior: BottomSheetBehavior now supports multiple callbacks. `setBottomSheetCallback()` removes all existing callbacks, including ones set internally by library authors, which may result in unintended behavior. This may change in the future. Please use `addBottomSheetCallback()` and `removeBottomSheetCallback()` instead to set your own callbacks.
03-29 16:44:42.256 25107 25107 W BottomSheetBehavior: BottomSheetBehavior now supports multiple callbacks. `setBottomSheetCallback()` removes all existing callbacks, including ones set internally by library authors, which may result in unintended behavior. This may change in the future. Please use `addBottomSheetCallback()` and `removeBottomSheetCallback()` instead to set your own callbacks.
03-29 16:44:42.262 25107 25107 E RecyclerView: No adapter attached; skipping layout
03-29 16:44:43.034 25107 25107 W BottomSheetBehavior: BottomSheetBehavior now supports multiple callbacks. `setBottomSheetCallback()` removes all existing callbacks, including ones set internally by library authors, which may result in unintended behavior. This may change in the future. Please use `addBottomSheetCallback()` and `removeBottomSheetCallback()` instead to set your own callbacks.
03-29 16:44:43.034 25107 25107 W BottomSheetBehavior: BottomSheetBehavior now supports multiple callbacks. `setBottomSheetCallback()` removes all existing callbacks, including ones set internally by library authors, which may result in unintended behavior. This may change in the future. Please use `addBottomSheetCallback()` and `removeBottomSheetCallback()` instead to set your own callbacks.
03-29 16:44:43.047 25107 25107 E RecyclerView: No adapter attached; skipping layout
03-29 16:45:08.490 25107 25107 E OplusBracketLog: [OplusViewMirrorManager] updateHostViewRootIfNeeded, not support android.view.ViewRootImpl@4d4245a
03-29 16:45:08.505 25107 25107 E ArmVmp : Match on catch block at 0x8d in for 0x1c5
03-29 16:45:08.510 25107 25107 E ArmVmp : Match on catch block at 0x8d in for 0x1d1
03-29 16:45:08.522 25107 25107 E ArmVmp : Match on catch block at 0x8d in for 0x1c1
03-29 16:45:08.527 25107 25107 E ArmVmp : Match on catch block at 0x8d in for 0x1cd
03-29 16:45:08.546 25107 25107 E IPCThreadState: attemptIncStrongHandle(91): Not supported
03-29 16:45:08.562 25107 25172 W Parcel : Expecting binder but got null!
03-29 16:45:08.599 25107 25107 W BottomSheetBehavior: BottomSheetBehavior now supports multiple callbacks. `setBottomSheetCallback()` removes all existing callbacks, including ones set internally by library authors, which may result in unintended behavior. This may change in the future. Please use `addBottomSheetCallback()` and `removeBottomSheetCallback()` instead to set your own callbacks.
03-29 16:45:08.599 25107 25107 W BottomSheetBehavior: BottomSheetBehavior now supports multiple callbacks. `setBottomSheetCallback()` removes all existing callbacks, including ones set internally by library authors, which may result in unintended behavior. This may change in the future. Please use `addBottomSheetCallback()` and `removeBottomSheetCallback()` instead to set your own callbacks.
03-29 16:45:08.613 25107 25107 W BottomSheetBehavior: BottomSheetBehavior now supports multiple callbacks. `setBottomSheetCallback()` removes all existing callbacks, including ones set internally by library authors, which may result in unintended behavior. This may change in the future. Please use `addBottomSheetCallback()` and `removeBottomSheetCallback()` instead to set your own callbacks.
03-29 16:45:08.613 25107 25107 W BottomSheetBehavior: BottomSheetBehavior now supports multiple callbacks. `setBottomSheetCallback()` removes all existing callbacks, including ones set internally by library authors, which may result in unintended behavior. This may change in the future. Please use `addBottomSheetCallback()` and `removeBottomSheetCallback()` instead to set your own callbacks.
03-29 16:45:08.627 25107 25107 W BottomSheetBehavior: BottomSheetBehavior now supports multiple callbacks. `setBottomSheetCallback()` removes all existing callbacks, including ones set internally by library authors, which may result in unintended behavior. This may change in the future. Please use `addBottomSheetCallback()` and `removeBottomSheetCallback()` instead to set your own callbacks.
03-29 16:45:08.627 25107 25107 W BottomSheetBehavior: BottomSheetBehavior now supports multiple callbacks. `setBottomSheetCallback()` removes all existing callbacks, including ones set internally by library authors, which may result in unintended behavior. This may change in the future. Please use `addBottomSheetCallback()` and `removeBottomSheetCallback()` instead to set your own callbacks.
03-29 16:45:08.648 25107 25107 E RecyclerView: No adapter attached; skipping layout
03-29 16:45:08.649 25107 25107 E RecyclerView: No adapter attached; skipping layout
