03-29 20:28:59.374 4868 4868 E IPCThreadState: attemptIncStrongHandle(88): Not supported
03-29 20:28:59.382 4868 5747 W Parcel : Expecting binder but got null!
03-29 20:28:59.402 24533 24533 W SIMPLE_WORKER8: type=1400 audit(0.0:1226858): avc: granted { execute } for path="/data/data/com.instagram.android/modules/pytorch_aeb87f03ed8bc7824adc3558a5ed ab34f218fac3a3979cd3e4e113550a08ba9a/lib-compressed/armeabi-v7a/ libtorchmerged_pytorch_1.so" dev="dm-75" ino=37256 scontext=u:r:untrusted_app:s0:c36,c257,c512,c768 tcontext=u:object_r:app_data_file:s0:c36,c257,c512,c768 tclass=file app=com.mbwhatsapp
03-29 20:28:59.406 24533 24533 W SIMPLE_WORKER8: type=1400 audit(0.0:1226859): avc: granted { execute } for path="/data/data/com.instagram.android/modules/pytorch_aeb87f03ed8bc7824adc3558a5ed ab34f218fac3a3979cd3e4e113550a08ba9a/lib-compressed/armeabi-v7a/libxplat_third- party_NNPACK_NNPACKAndroid.so" dev="dm-75" ino=37065 scontext=u:r:untrusted_app:s0:c36,c257,c512,c768 tcontext=u:object_r:app_data_file:s0:c36,c257,c512,c768 tclass=file app=com.mbwhatsapp
03-29 20:28:59.410 24533 24533 W SIMPLE_WORKER8: type=1400 audit(0.0:1226860): avc: granted { execute } for path="/data/data/com.instagram.android/lib-compressed/libdextricksmerged_1.so" dev="dm-75" ino=39949 scontext=u:r:untrusted_app:s0:c36,c257,c512,c768 tcontext=u:object_r:app_data_file:s0:c36,c257,c512,c768 tclass=file app=com.mbwhatsapp
03-29 20:28:59.418 24533 24533 W SIMPLE_WORKER8: type=1400 audit(0.0:1226861): avc: granted { execute } for path="/data/data/com.instagram.android/lib-compressed/libtorchmerged.so" dev="dm- 75" ino=39698 scontext=u:r:untrusted_app:s0:c36,c257,c512,c768 tcontext=u:object_r:app_data_file:s0:c36,c257,c512,c768 tclass=file app=com.mbwhatsapp
03-29 20:29:04.150 4868 4868 W RemoteInputConnectionImpl: requestCursorAnchorInfo on inactive InputConnection
03-29 20:29:04.207 4868 4868 E ImeBackDispatcher: Ime callback not found. Ignoring unregisterReceivedCallback. callbackId: 211505125
03-29 20:29:04.850 4868 4868 W ResourceType: Bad XML block: header size 18254 or total size 169478669 is larger than data size 650
03-29 20:29:04.882 4868 4868 W ResourceType: Bad XML block: header size 18254 or total size 169478669 is larger than data size 650
03-29 20:29:05.087 4868 4868 W ResourceType: Bad XML block: header size 18254 or total size 169478669 is larger than data size 650
03-29 20:29:05.230 4868 4868 W ResourceType: Bad XML block: header size 18254 or total size 169478669 is larger than data size 650
03-29 20:29:05.337 4868 4868 W ResourceType: Bad XML block: header size 18254 or total size 169478669 is larger than data size 650
03-29 20:29:06.912 4868 4868 E IPCThreadState: attemptIncStrongHandle(119): Not supported
03-29 20:29:06.913 4868 4868 E IPCThreadState: attemptIncStrongHandle(118): Not supported
03-29 20:29:10.693 4868 4868 E OplusBracketLog: [OplusViewMirrorManager] updateHostViewRootIfNeeded, not support android.view.ViewRootImpl@b7786e1
03-29 20:29:10.707 4868 4868 E IPCThreadState: attemptIncStrongHandle(108): Not supported
03-29 20:29:10.722 4868 5747 W Parcel : Expecting binder but got null!
03-29 20:29:11.740 4868 4868 E ArmVmp : Match on catch block at 0x4c in for 0x1c9
03-29 20:29:11.750 4868 4868 E ArmVmp : Match on catch block at 0x8d in for 0x1d9
03-29 20:29:11.758 4868 4868 E ArmVmp : Match on catch block at 0x8d in for 0x1d9
03-29 20:29:11.820 4868 4868 E ArmVmp : Match on catch block at 0x0a in for 0x191
03-29 20:29:11.827 4868 4868 E ArmVmp : Match on catch block at 0x0a in for 0x189
03-29 20:29:11.889 4868 4868 E OplusBracketLog: [OplusViewMirrorManager] updateHostViewRootIfNeeded, not support android.view.ViewRootImpl@387b820
03-29 20:29:11.926 4868 4868 E ArmVmp : Match on catch block at 0xc3 in for 0x169
03-29 20:29:11.938 4868 4868 E ArmVmp : Match on catch block at 0xc3 in for 0x161
03-29 20:29:11.961 4868 5747 W Parcel : Expecting binder but got null!
03-29 20:29:12.003 4868 4868 E ArmVmp : Match on catch block at 0xc3 in for 0x141
03-29 20:29:12.006 4868 4868 E ArmVmp : Match on catch block at 0xc3 in for 0x159
03-29 20:29:12.066 4868 4868 E ArmVmp : Match on catch block at 0xc3 in for 0x141
03-29 20:29:12.068 4868 4868 E ArmVmp : Match on catch block at 0xc3 in for 0x159
03-29 20:29:12.092 4868 4868 E ArmVmp : Match on catch block at 0xc3 in for 0x145
03-29 20:29:12.094 4868 4868 E ArmVmp : Match on catch block at 0xc3 in for 0x141
03-29 20:29:12.104 4868 4868 E ArmVmp : Match on catch block at 0xc3 in for 0x151
03-29 20:29:12.108 4868 4868 E ArmVmp : Match on catch block at 0xc3 in for 0x14d
03-29 20:29:12.120 4868 4868 E ArmVmp : Match on catch block at 0xc3 in for 0x155
03-29 20:29:12.123 4868 4868 E ArmVmp : Match on catch block at 0xc3 in for 0x151
03-29 20:29:12.136 4868 4868 E ArmVmp : Match on catch block at 0xc3 in for 0x159
03-29 20:29:12.139 4868 4868 E ArmVmp : Match on catch block at 0xc3 in for 0x155
03-29 20:29:12.153 4868 4868 E ArmVmp : Match on catch block at 0xc3 in for 0x14d
03-29 20:29:12.155 4868 4868 E ArmVmp : Match on catch block at 0xc3 in for 0x149
03-29 20:29:12.169 4868 4868 E ArmVmp : Match on catch block at 0xc3 in for 0x151
03-29 20:29:12.171 4868 4868 E ArmVmp : Match on catch block at 0xc3 in for 0x14d
03-29 20:29:12.409 4868 4868 E ArmVmp : Match on catch block at 0xc3 in for 0x151
03-29 20:29:12.413 4868 4868 E ArmVmp : Match on catch block at 0xc3 in for 0x14d
03-29 20:29:12.426 4868 4868 E ArmVmp : Match on catch block at 0xc3 in for 0x159
03-29 20:29:12.429 4868 4868 E ArmVmp : Match on catch block at 0xc3 in for 0x155
03-29 20:29:12.434 4868 4868 E ArmVmp : Match on catch block at 0xc3 in for 0x141
03-29 20:29:12.437 4868 4868 E ArmVmp : Match on catch block at 0xc3 in for 0x159
03-29 20:29:12.453 4868 4868 E ArmVmp : Match on catch block at 0xc3 in for 0x145
03-29 20:29:12.457 4868 4868 E ArmVmp : Match on catch block at 0xc3 in for 0x141
03-29 20:29:12.469 4868 4868 E ArmVmp : Match on catch block at 0xc3 in for 0x149
03-29 20:29:12.471 4868 4868 E ArmVmp : Match on catch block at 0xc3 in for 0x145
03-29 20:29:12.484 4868 4868 E ArmVmp : Match on catch block at 0xc3 in for 0x14d
03-29 20:29:12.487 4868 4868 E ArmVmp : Match on catch block at 0xc3 in for 0x149
03-29 20:29:12.501 4868 4868 E ArmVmp : Match on catch block at 0xc3 in for 0x151
03-29 20:29:12.503 4868 4868 E ArmVmp : Match on catch block at 0xc3 in for 0x14d
03-29 20:29:12.517 4868 4868 E ArmVmp : Match on catch block at 0xc3 in for 0x155
03-29 20:29:12.519 4868 4868 E ArmVmp : Match on catch block at 0xc3 in for 0x151
03-29 20:29:12.534 4868 4868 E ArmVmp : Match on catch block at 0xc3 in for 0x159
03-29 20:29:12.536 4868 4868 E ArmVmp : Match on catch block at 0xc3 in for 0x155
03-29 20:29:12.551 4868 4868 E ArmVmp : Match on catch block at 0xc3 in for 0x141
03-29 20:29:12.553 4868 4868 E ArmVmp : Match on catch block at 0xc3 in for 0x159
03-29 20:29:12.567 4868 4868 E ArmVmp : Match on catch block at 0xc3 in for 0x145
03-29 20:29:12.569 4868 4868 E ArmVmp : Match on catch block at 0xc3 in for 0x141
03-29 20:29:12.584 4868 4868 E ArmVmp : Match on catch block at 0xc3 in for 0x149
03-29 20:29:12.588 4868 4868 E ArmVmp : Match on catch block at 0xc3 in for 0x145
03-29 20:29:12.600 4868 4868 E ArmVmp : Match on catch block at 0xc3 in for 0x14d
03-29 20:29:12.603 4868 4868 E ArmVmp : Match on catch block at 0xc3 in for 0x149
03-29 20:29:12.617 4868 4868 E ArmVmp : Match on catch block at 0xc3 in for 0x151
03-29 20:29:12.619 4868 4868 E ArmVmp : Match on catch block at 0xc3 in for 0x14d
03-29 20:29:12.634 4868 4868 E ArmVmp : Match on catch block at 0xc3 in for 0x155
03-29 20:29:12.636 4868 4868 E ArmVmp : Match on catch block at 0xc3 in for 0x151
03-29 20:29:12.651 4868 4868 E ArmVmp : Match on catch block at 0xc3 in for 0x159
03-29 20:29:12.655 4868 4868 E ArmVmp : Match on catch block at 0xc3 in for 0x155
03-29 20:29:12.667 4868 4868 E ArmVmp : Match on catch block at 0xc3 in for 0x141
03-29 20:29:12.670 4868 4868 E ArmVmp : Match on catch block at 0xc3 in for 0x159
03-29 20:29:12.683 4868 4868 E ArmVmp : Match on catch block at 0xc3 in for 0x145
03-29 20:29:12.685 4868 4868 E ArmVmp : Match on catch block at 0xc3 in for 0x141
03-29 20:29:12.699 4868 4868 E ArmVmp : Match on catch block at 0xc3 in for 0x149
03-29 20:29:12.703 4868 4868 E ArmVmp : Match on catch block at 0xc3 in for 0x145
03-29 20:29:12.716 4868 4868 E ArmVmp : Match on catch block at 0xc3 in for 0x14d
03-29 20:29:12.719 4868 4868 E ArmVmp : Match on catch block at 0xc3 in for 0x149
03-29 20:29:12.734 4868 4868 E ArmVmp : Match on catch block at 0xc3 in for 0x159
03-29 20:29:12.738 4868 4868 E ArmVmp : Match on catch block at 0xc3 in for 0x155
03-29 20:29:13.065 4868 4868 E ArmVmp : Match on catch block at 0xc3 in for 0x155
03-29 20:29:13.068 4868 4868 E ArmVmp : Match on catch block at 0xc3 in for 0x151
03-29 20:29:13.561 4868 4868 E ArmVmp : Match on catch block at 0xc3 in for 0x159
03-29 20:29:13.565 4868 4868 E ArmVmp : Match on catch block at 0xc3 in for 0x155
03-29 20:29:14.060 4868 4868 E ArmVmp : Match on catch block at 0xc3 in for 0x141
03-29 20:29:14.063 4868 4868 E ArmVmp : Match on catch block at 0xc3 in for 0x159
03-29 20:29:14.356 4868 4868 E ArmVmp : Match on catch block at 0xc3 in for 0x159
03-29 20:29:14.359 4868 4868 E ArmVmp : Match on catch block at 0xc3 in for 0x155
03-29 20:29:14.464 4868 4868 E ArmVmp : Match on catch block at 0xc3 in for 0x159
03-29 20:29:14.467 4868 4868 E ArmVmp : Match on catch block at 0xc3 in for 0x155
03-29 20:29:14.471 4868 4868 E OplusBracketLog: [OplusViewMirrorManager] updateHostViewRootIfNeeded, not support android.view.ViewRootImpl@9536b20
03-29 20:29:14.483 4868 4868 E IPCThreadState: attemptIncStrongHandle(96): Not supported
03-29 20:29:14.483 4868 4868 E IPCThreadState: attemptIncStrongHandle(153): Not supported
03-29 20:29:14.502 4868 5747 W Parcel : Expecting binder but got null!
03-29 20:29:14.511 4868 4868 E ArmVmp : Match on catch block at 0xc3 in for 0x141
03-29 20:29:14.514 4868 4868 E ArmVmp : Match on catch block at 0xc3 in for 0x159
03-29 20:29:14.527 4868 4868 E ArmVmp : Match on catch block at 0xc3 in for 0x145
03-29 20:29:14.530 4868 4868 E ArmVmp : Match on catch block at 0xc3 in for 0x141
03-29 20:29:14.546 4868 4868 E ArmVmp : Match on catch block at 0xc3 in for 0x149
03-29 20:29:14.549 4868 4868 E ArmVmp : Match on catch block at 0xc3 in for 0x145
03-29 20:29:14.556 4868 4868 E ArmVmp : Match on catch block at 0xc3 in for 0x14d
03-29 20:29:14.559 4868 4868 E ArmVmp : Match on catch block at 0xc3 in for 0x149
03-29 20:29:14.573 4868 4868 E ArmVmp : Match on catch block at 0xc3 in for 0x151
03-29 20:29:14.575 4868 4868 E ArmVmp : Match on catch block at 0xc3 in for 0x14d
03-29 20:29:14.591 4868 4868 E ArmVmp : Match on catch block at 0xc3 in for 0x155
03-29 20:29:14.594 4868 4868 E ArmVmp : Match on catch block at 0xc3 in for 0x151
03-29 20:29:14.606 4868 4868 E ArmVmp : Match on catch block at 0xc3 in for 0x159
03-29 20:29:14.609 4868 4868 E ArmVmp : Match on catch block at 0xc3 in for 0x155
03-29 20:29:14.623 4868 4868 E ArmVmp : Match on catch block at 0xc3 in for 0x141
03-29 20:29:14.627 4868 4868 E ArmVmp : Match on catch block at 0xc3 in for 0x159
03-29 20:29:14.855 4868 4868 E ArmVmp : Match on catch block at 0xc3 in for 0x145
03-29 20:29:14.859 4868 4868 E ArmVmp : Match on catch block at 0xc3 in for 0x141
03-29 20:29:14.888 4868 4868 E ArmVmp : Match on catch block at 0xc3 in for 0x151
03-29 20:29:14.893 4868 4868 E ArmVmp : Match on catch block at 0xc3 in for 0x14d
03-29 20:29:15.071 4868 4868 E ArmVmp : Match on catch block at 0xc3 in for 0x155
03-29 20:29:15.076 4868 4868 E ArmVmp : Match on catch block at 0xc3 in for 0x151
03-29 20:29:15.635 4868 4868 W BottomSheetBehavior: BottomSheetBehavior now supports multiple callbacks. `setBottomSheetCallback()` removes all existing callbacks, including ones set internally by library authors, which may result in unintended behavior. This may change in the future. Please use `addBottomSheetCallback()` and `removeBottomSheetCallback()` instead to set your own callbacks.
03-29 20:29:15.706 4868 4868 E OplusBracketLog: [OplusViewMirrorManager] updateHostViewRootIfNeeded, not support android.view.ViewRootImpl@b6798f0
03-29 20:29:15.757 4868 5747 W Parcel : Expecting binder but got null!
03-29 20:29:15.774 4868 4868 E ArmVmp : Match on catch block at 0xc3 in for 0x149
03-29 20:29:15.779 4868 4868 E ArmVmp : Match on catch block at 0xc3 in for 0x145
03-29 20:29:15.797 4868 4868 E ArmVmp : Match on catch block at 0xc3 in for 0x151
03-29 20:29:15.801 4868 4868 E ArmVmp : Match on catch block at 0xc3 in for 0x14d
03-29 20:29:15.841 4868 4868 E ArmVmp : Match on catch block at 0xc3 in for 0x155
03-29 20:29:15.845 4868 4868 E ArmVmp : Match on catch block at 0xc3 in for 0x151
03-29 20:29:15.855 4868 4868 E ArmVmp : Match on catch block at 0xc3 in for 0x159
03-29 20:29:15.857 4868 4868 E ArmVmp : Match on catch block at 0xc3 in for 0x155
03-29 20:29:15.867 4868 4868 E ArmVmp : Match on catch block at 0xc3 in for 0x141
03-29 20:29:15.869 4868 4868 E ArmVmp : Match on catch block at 0xc3 in for 0x159
03-29 20:29:28.025 4868 4868 E OplusBracketLog: [OplusViewMirrorManager] updateHostViewRootIfNeeded, not support android.view.ViewRootImpl@5b67900
03-29 20:29:28.048 4868 5747 W Parcel : Expecting binder but got null!
03-29 20:29:28.049 4868 4868 E OplusBracketLog: [OplusViewMirrorManager] updateHostViewRootIfNeeded, not support android.view.ViewRootImpl@349edc4
03-29 20:29:28.061 4868 4868 E RecyclerView: No adapter attached; skipping layout
03-29 20:29:28.072 4868 5747 W Parcel : Expecting binder but got null!
03-29 20:29:31.571 4868 4868 E OplusBracketLog: [OplusViewMirrorManager] updateHostViewRootIfNeeded, not support android.view.ViewRootImpl@a459b96
03-29 20:29:31.582 4868 4868 E IPCThreadState: attemptIncStrongHandle(183): Not supported
03-29 20:29:31.582 4868 4868 E IPCThreadState: attemptIncStrongHandle(139): Not supported
03-29 20:29:31.582 4868 4868 E IPCThreadState: attemptIncStrongHandle(112): Not supported
03-29 20:29:31.583 4868 4868 E IPCThreadState: attemptIncStrongHandle(118): Not supported
03-29 20:29:31.592 4868 5747 W Parcel : Expecting binder but got null!
03-29 20:29:31.764 4868 4868 E ArmVmp : Match on catch block at 0x0a in for 0x199
03-29 20:29:31.772 4868 4868 E ArmVmp : Match on catch block at 0x0a in for 0x191
03-29 20:29:31.852 4868 4868 E IPCThreadState: attemptIncStrongHandle(180): Not supported
03-29 20:29:31.967 4868 4868 E ArmVmp : Match on catch block at 0xc3 in for 0x155
03-29 20:29:31.971 4868 4868 E ArmVmp : Match on catch block at 0xc3 in for 0x151
03-29 20:29:32.140 4868 4868 E ArmVmp : Match on catch block at 0xc3 in for 0x151
03-29 20:29:32.145 4868 4868 E ArmVmp : Match on catch block at 0xc3 in for 0x14d
03-29 20:29:32.200 4868 6325 E SQLiteLog: (1) no such table: messages_vcards in "INSERT INTO messages_vcards(vcard,message_row_id,sender_jid,chat_jid) VALUES (?,?,?,?)"
03-29 20:29:32.200 4868 6325 E SQLiteDatabase: Error inserting vcard=BEGIN:VCARD
03-29 20:29:32.200 4868 6325 E SQLiteDatabase: VERSION:3.0
03-29 20:29:32.200 4868 6325 E SQLiteDatabase: N:SUKABUL;Mbah;;;
03-29 20:29:32.200 4868 6325 E SQLiteDatabase: FN:Mbah SUKABUL
03-29 20:29:32.200 4868 6325 E SQLiteDatabase: item1.TEL;waid=6282269639815:+62 822-6963-9815
03-29 20:29:32.200 4868 6325 E SQLiteDatabase: item1.X-ABLabel:Ponsel
03-29 20:29:32.200 4868 6325 E SQLiteDatabase: END:VCARD message_row_id=12752 sender_jid=6283128685862@s.whatsapp.net chat_jid=6282176292023@s.whatsapp.net
03-29 20:29:32.200 4868 6325 E SQLiteDatabase: android.database.sqlite.SQLiteException: no such table: messages_vcards (code 1 SQLITE_ERROR): , while compiling: INSERT INTO messages_vcards(vcard,message_row_id,sender_jid,chat_jid) VALUES (?,?,?,?)
03-29 20:29:32.200 4868 6325 E SQLiteDatabase: at android.database.sqlite.SQLiteConnection.nativePrepareStatement(Native Method)
03-29 20:29:32.200 4868 6325 E SQLiteDatabase: at android.database.sqlite.SQLiteConnection.acquirePreparedStatement(SQLiteConnection. java:1074)
03-29 20:29:32.200 4868 6325 E SQLiteDatabase: at android.database.sqlite.SQLiteConnection.prepare(SQLiteConnection.java:679)
03-29 20:29:32.200 4868 6325 E SQLiteDatabase: at android.database.sqlite.SQLiteSession.prepare(SQLiteSession.java:590)
03-29 20:29:32.200 4868 6325 E SQLiteDatabase: at android.database.sqlite.SQLiteProgram.<init>(SQLiteProgram.java:62)
03-29 20:29:32.200 4868 6325 E SQLiteDatabase: at android.database.sqlite.SQLiteStatement.<init>(SQLiteStatement.java:34)
03-29 20:29:32.200 4868 6325 E SQLiteDatabase: at android.database.sqlite.SQLiteDatabase.insertWithOnConflict(SQLiteDatabase.java:186 6)
03-29 20:29:32.200 4868 6325 E SQLiteDatabase: at android.database.sqlite.SQLiteDatabase.insert(SQLiteDatabase.java:1737)
03-29 20:29:32.200 4868 6325 E SQLiteDatabase: at X.2tm.A08(Unknown Source:6)
03-29 20:29:32.200 4868 6325 E SQLiteDatabase: at com.mbwhatsapp.jobqueue.job.messagejob.AsyncMessageJob.A06(Unknown Source:300)
03-29 20:29:32.200 4868 6325 E SQLiteDatabase: at X.3e7.run(Unknown Source:1006)
03-29 20:29:32.200 4868 6325 E SQLiteDatabase: at java.util.concurrent.ThreadPoolExecutor.runWorker(ThreadPoolExecutor.java:1137)
03-29 20:29:32.200 4868 6325 E SQLiteDatabase: at java.util.concurrent.ThreadPoolExecutor$Worker.run(ThreadPoolExecutor.java:637)
03-29 20:29:32.200 4868 6325 E SQLiteDatabase: at X.3e7.run(Unknown Source:1130)
03-29 20:29:32.200 4868 6325 E SQLiteDatabase: at java.lang.Thread.run(Thread.java:1012)
03-29 20:29:32.201 4868 6325 E SQLiteLog: (1) no such table: messages_vcards_jids in "INSERT INTO messages_vcards_jids(vcard_row_id,message_row_id,vcard_jid) VALUES (?,?,?)"
03-29 20:29:32.202 4868 6325 E SQLiteDatabase: Error inserting vcard_row_id=-1 message_row_id=12752 vcard_jid=6282269639815@s.whatsapp.net
03-29 20:29:32.202 4868 6325 E SQLiteDatabase: android.database.sqlite.SQLiteException: no such table: messages_vcards_jids (code 1 SQLITE_ERROR): , while compiling: INSERT INTO messages_vcards_jids(vcard_row_id,message_row_id,vcard_jid) VALUES (?,?,?)
03-29 20:29:32.202 4868 6325 E SQLiteDatabase: at android.database.sqlite.SQLiteConnection.nativePrepareStatement(Native Method)
03-29 20:29:32.202 4868 6325 E SQLiteDatabase: at android.database.sqlite.SQLiteConnection.acquirePreparedStatement(SQLiteConnection. java:1074)
03-29 20:29:32.202 4868 6325 E SQLiteDatabase: at android.database.sqlite.SQLiteConnection.prepare(SQLiteConnection.java:679)
03-29 20:29:32.202 4868 6325 E SQLiteDatabase: at android.database.sqlite.SQLiteSession.prepare(SQLiteSession.java:590)
03-29 20:29:32.202 4868 6325 E SQLiteDatabase: at android.database.sqlite.SQLiteProgram.<init>(SQLiteProgram.java:62)
03-29 20:29:32.202 4868 6325 E SQLiteDatabase: at android.database.sqlite.SQLiteStatement.<init>(SQLiteStatement.java:34)
03-29 20:29:32.202 4868 6325 E SQLiteDatabase: at android.database.sqlite.SQLiteDatabase.insertWithOnConflict(SQLiteDatabase.java:186 6)
03-29 20:29:32.202 4868 6325 E SQLiteDatabase: at android.database.sqlite.SQLiteDatabase.insert(SQLiteDatabase.java:1737)
03-29 20:29:32.202 4868 6325 E SQLiteDatabase: at X.2tm.A08(Unknown Source:6)
03-29 20:29:32.202 4868 6325 E SQLiteDatabase: at com.mbwhatsapp.jobqueue.job.messagejob.AsyncMessageJob.A06(Unknown Source:355)
03-29 20:29:32.202 4868 6325 E SQLiteDatabase: at X.3e7.run(Unknown Source:1006)
03-29 20:29:32.202 4868 6325 E SQLiteDatabase: at java.util.concurrent.ThreadPoolExecutor.runWorker(ThreadPoolExecutor.java:1137)
03-29 20:29:32.202 4868 6325 E SQLiteDatabase: at java.util.concurrent.ThreadPoolExecutor$Worker.run(ThreadPoolExecutor.java:637)
03-29 20:29:32.202 4868 6325 E SQLiteDatabase: at X.3e7.run(Unknown Source:1130)
03-29 20:29:32.202 4868 6325 E SQLiteDatabase: at java.lang.Thread.run(Thread.java:1012)
03-29 20:29:32.270 4868 4868 E ArmVmp : Match on catch block at 0xc3 in for 0x155
03-29 20:29:32.273 4868 4868 E ArmVmp : Match on catch block at 0xc3 in for 0x151
03-29 20:29:32.370 4868 4868 E ArmVmp : Match on catch block at 0xc3 in for 0x155
03-29 20:29:32.374 4868 4868 E ArmVmp : Match on catch block at 0xc3 in for 0x151
03-29 20:29:32.398 4868 4868 E ArmVmp : Match on catch block at 0xc3 in for 0x149
03-29 20:29:32.401 4868 4868 E ArmVmp : Match on catch block at 0xc3 in for 0x145
03-29 20:29:32.422 4868 4868 E ArmVmp : Match on catch block at 0xc3 in for 0x141
03-29 20:29:32.425 4868 4868 E ArmVmp : Match on catch block at 0xc3 in for 0x159
03-29 20:29:32.437 4868 4868 E ArmVmp : Match on catch block at 0xc3 in for 0x151
03-29 20:29:32.439 4868 4868 E ArmVmp : Match on catch block at 0xc3 in for 0x14d
03-29 20:29:32.752 4868 4868 E ArmVmp : Match on catch block at 0xc3 in for 0x145
03-29 20:29:32.755 4868 4868 E ArmVmp : Match on catch block at 0xc3 in for 0x141
03-29 20:29:32.836 4868 4868 E ArmVmp : Match on catch block at 0xc3 in for 0x159
03-29 20:29:32.839 4868 4868 E ArmVmp : Match on catch block at 0xc3 in for 0x155
03-29 20:29:32.852 4868 4868 E ArmVmp : Match on catch block at 0xc3 in for 0x145
03-29 20:29:32.854 4868 4868 E ArmVmp : Match on catch block at 0xc3 in for 0x141
03-29 20:29:32.866 4868 24390 W MediaPlayer: Use of stream types is deprecated for operations other than volume control
03-29 20:29:32.866 4868 24390 W MediaPlayer: See the documentation of setAudioStreamType() for what to use instead with android.media.AudioAttributes to qualify your playback use case
03-29 20:29:33.249 4868 4868 E ArmVmp : Match on catch block at 0xc3 in for 0x159
03-29 20:29:33.251 4868 4868 E ArmVmp : Match on catch block at 0xc3 in for 0x155
03-29 20:29:33.746 4868 4868 E ArmVmp : Match on catch block at 0xc3 in for 0x141
03-29 20:29:33.749 4868 4868 E ArmVmp : Match on catch block at 0xc3 in for 0x159
03-29 20:29:34.062 4868 4868 E ArmVmp : Match on catch block at 0xc3 in for 0x145
03-29 20:29:34.065 4868 4868 E ArmVmp : Match on catch block at 0xc3 in for 0x141
03-29 20:29:34.260 4868 4868 E ArmVmp : Match on catch block at 0xc3 in for 0x149
03-29 20:29:34.263 4868 4868 E ArmVmp : Match on catch block at 0xc3 in for 0x145
03-29 20:29:34.626 4868 4868 E ArmVmp : Match on catch block at 0xc3 in for 0x151
03-29 20:29:34.629 4868 4868 E ArmVmp : Match on catch block at 0xc3 in for 0x14d
03-29 20:29:34.655 4868 4868 E ArmVmp : Match on catch block at 0xc3 in for 0x145
03-29 20:29:34.661 4868 4868 E ArmVmp : Match on catch block at 0xc3 in for 0x141
03-29 20:29:34.778 4868 4868 E IPCThreadState: attemptIncStrongHandle(179): Not supported
03-29 20:29:34.778 4868 4868 E IPCThreadState: attemptIncStrongHandle(177): Not supported
03-29 20:29:34.778 4868 4868 E IPCThreadState: attemptIncStrongHandle(184): Not supported
03-29 20:29:34.894 4868 4868 E ArmVmp : Match on catch block at 0xc3 in for 0x141
03-29 20:29:34.896 4868 4868 E ArmVmp : Match on catch block at 0xc3 in for 0x159
03-29 20:29:34.930 4868 4868 E ArmVmp : Match on catch block at 0xc3 in for 0x14d
03-29 20:29:34.933 4868 4868 E ArmVmp : Match on catch block at 0xc3 in for 0x149
03-29 20:29:34.984 4868 4868 E ArmVmp : Match on catch block at 0xc3 in for 0x155
03-29 20:29:34.987 4868 4868 E ArmVmp : Match on catch block at 0xc3 in for 0x151
03-29 20:29:35.023 4868 4868 E ArmVmp : Match on catch block at 0xc3 in for 0x151
03-29 20:29:35.026 4868 4868 E ArmVmp : Match on catch block at 0xc3 in for 0x14d
03-29 20:29:35.468 4868 4868 E ArmVmp : Match on catch block at 0xc3 in for 0x145
03-29 20:29:35.472 4868 4868 E ArmVmp : Match on catch block at 0xc3 in for 0x141
03-29 20:29:38.581 4868 4868 E OplusBracketLog: [OplusViewMirrorManager] updateHostViewRootIfNeeded, not support android.view.ViewRootImpl@c8e6fe2
03-29 20:29:38.593 4868 4868 E IPCThreadState: attemptIncStrongHandle(178): Not supported
03-29 20:29:38.602 4868 5747 W Parcel : Expecting binder but got null!
03-29 20:29:39.677 4868 4868 E OplusBracketLog: [OplusViewMirrorManager] updateHostViewRootIfNeeded, not support android.view.ViewRootImpl@6f40367
03-29 20:29:39.717 4868 4868 E ArmVmp : Match on catch block at 0x8d in for 0x1d1
03-29 20:29:39.724 4868 4868 E ArmVmp : Match on catch block at 0x8d in for 0x1c1
03-29 20:29:39.745 4868 4868 E ArmVmp : Match on catch block at 0x8d in for 0x1cd
03-29 20:29:39.750 4868 4868 E ArmVmp : Match on catch block at 0x8d in for 0x1d9
03-29 20:29:39.788 4868 5747 W Parcel : Expecting binder but got null!
03-29 20:29:39.842 4868 4868 W BottomSheetBehavior: BottomSheetBehavior now supports multiple callbacks. `setBottomSheetCallback()` removes all existing callbacks, including ones set internally by library authors, which may result in unintended behavior. This may change in the future. Please use `addBottomSheetCallback()` and `removeBottomSheetCallback()` instead to set your own callbacks.
03-29 20:29:39.845 4868 4868 W BottomSheetBehavior: BottomSheetBehavior now supports multiple callbacks. `setBottomSheetCallback()` removes all existing callbacks, including ones set internally by library authors, which may result in unintended behavior. This may change in the future. Please use `addBottomSheetCallback()` and `removeBottomSheetCallback()` instead to set your own callbacks.
03-29 20:29:39.932 4868 4868 W BottomSheetBehavior: BottomSheetBehavior now supports multiple callbacks. `setBottomSheetCallback()` removes all existing callbacks, including ones set internally by library authors, which may result in unintended behavior. This may change in the future. Please use `addBottomSheetCallback()` and `removeBottomSheetCallback()` instead to set your own callbacks.
03-29 20:29:39.932 4868 4868 W BottomSheetBehavior: BottomSheetBehavior now supports multiple callbacks. `setBottomSheetCallback()` removes all existing callbacks, including ones set internally by library authors, which may result in unintended behavior. This may change in the future. Please use `addBottomSheetCallback()` and `removeBottomSheetCallback()` instead to set your own callbacks.
03-29 20:29:39.982 4868 4868 W BottomSheetBehavior: BottomSheetBehavior now supports multiple callbacks. `setBottomSheetCallback()` removes all existing callbacks, including ones set internally by library authors, which may result in unintended behavior. This may change in the future. Please use `addBottomSheetCallback()` and `removeBottomSheetCallback()` instead to set your own callbacks.
03-29 20:29:39.982 4868 4868 W BottomSheetBehavior: BottomSheetBehavior now supports multiple callbacks. `setBottomSheetCallback()` removes all existing callbacks, including ones set internally by library authors, which may result in unintended behavior. This may change in the future. Please use `addBottomSheetCallback()` and `removeBottomSheetCallback()` instead to set your own callbacks.
03-29 20:29:40.022 4868 4868 W BottomSheetBehavior: BottomSheetBehavior now supports multiple callbacks. `setBottomSheetCallback()` removes all existing callbacks, including ones set internally by library authors, which may result in unintended behavior. This may change in the future. Please use `addBottomSheetCallback()` and `removeBottomSheetCallback()` instead to set your own callbacks.
03-29 20:29:40.022 4868 4868 W BottomSheetBehavior: BottomSheetBehavior now supports multiple callbacks. `setBottomSheetCallback()` removes all existing callbacks, including ones set internally by library authors, which may result in unintended behavior. This may change in the future. Please use `addBottomSheetCallback()` and `removeBottomSheetCallback()` instead to set your own callbacks.
03-29 20:29:40.050 4868 4868 E RecyclerView: No adapter attached; skipping layout
03-29 20:29:40.051 4868 4868 E RecyclerView: No adapter attached; skipping layout
03-29 20:29:41.266 4868 5677 E SQLiteDatabase: Error inserting transferred=0 media_job_uuid=f3071e0b-2fc3-4063-9198-c0d7870090b6 transcoded=0 gif_attribution=0 first_scan_length=0 direct_path=/v/t62.7161- 24/56477878_446039761107188_361093774104422807_n.enc?ccb=11- 4&oh=01_ASDRRdWPH3ERLBOu2LLGhfolKM4YTLEk1vup-iqrWTIPNA&oe=662E47DB&_nc_sid=5e03e0 thumbnail_height_width_ratio=1.0 is_animated_sticker=0 file_hash=IBUawm85SGCVJc7aPabKGr9N1Myn1FpBC08c+abbf1E= file_path=null file_size=0 partial_media_hash=null face_x=0 face_y=0 height=576 trim_to=0 media_key_timestamp=1711718250000 message_url=https://mmg.whatsapp.net/v/t62.7161- 24/56477878_446039761107188_361093774104422807_n.enc?ccb=11- 4&oh=01_ASDRRdWPH3ERLBOu2LLGhfolKM4YTLEk1vup- iqrWTIPNA&oe=662E47DB&_nc_sid=5e03e0&mms3=true media_caption=null trim_from=0 mime_type=video/mp4 partial_media_enc_hash=null width=576 original_file_hash=null has_streaming_sidecar=1 autotransfer_retry_enabled=1 media_upload_handle=null message_row_id=12746 multicast_id=null enc_file_hash=bntLiBVyLzRzYwMGkKYoVFNaP1l/M8Zw70DgKHhMd4g= mute_video=0 page_count=0 first_scan_sidecar=null suspicious_content=0 file_length=1033205 media_name=null media_duration=20 chat_row_id=19 media_key=[B@afb857c
03-29 20:29:41.266 4868 5677 E SQLiteDatabase: android.database.sqlite.SQLiteConstraintException: UNIQUE constraint failed: message_media.message_row_id (code 1555 SQLITE_CONSTRAINT_PRIMARYKEY)
03-29 20:29:41.266 4868 5677 E SQLiteDatabase: at android.database.sqlite.SQLiteConnection.nativeExecuteForLastInsertedRowId(Native Method)
03-29 20:29:41.266 4868 5677 E SQLiteDatabase: at android.database.sqlite.SQLiteConnection.executeForLastInsertedRowId(SQLiteConnecti on.java:967)
03-29 20:29:41.266 4868 5677 E SQLiteDatabase: at android.database.sqlite.SQLiteSession.executeForLastInsertedRowId(SQLiteSession.jav a:790)
03-29 20:29:41.266 4868 5677 E SQLiteDatabase: at android.database.sqlite.SQLiteStatement.executeInsert(SQLiteStatement.java:89)
03-29 20:29:41.266 4868 5677 E SQLiteDatabase: at android.database.sqlite.SQLiteDatabase.insertWithOnConflict(SQLiteDatabase.java:186 8)
03-29 20:29:41.266 4868 5677 E SQLiteDatabase: at android.database.sqlite.SQLiteDatabase.insert(SQLiteDatabase.java:1737)
03-29 20:29:41.266 4868 5677 E SQLiteDatabase: at X.2tm.A08(Unknown Source:6)
03-29 20:29:41.266 4868 5677 E SQLiteDatabase: at X.35Y.A07(Unknown Source:212)
03-29 20:29:41.266 4868 5677 E SQLiteDatabase: at X.3QF.A14(Unknown Source:470)
03-29 20:29:41.266 4868 5677 E SQLiteDatabase: at X.3gU.run(Unknown Source:982)
03-29 20:29:41.266 4868 5677 E SQLiteDatabase: at android.os.Handler.handleCallback(Handler.java:942)
03-29 20:29:41.266 4868 5677 E SQLiteDatabase: at android.os.Handler.dispatchMessage(Handler.java:99)
03-29 20:29:41.266 4868 5677 E SQLiteDatabase: at X.0zq.dispatchMessage(Unknown Source:4)
03-29 20:29:41.266 4868 5677 E SQLiteDatabase: at android.os.Looper.loopOnce(Looper.java:240)
03-29 20:29:41.266 4868 5677 E SQLiteDatabase: at android.os.Looper.loop(Looper.java:351)
03-29 20:29:41.266 4868 5677 E SQLiteDatabase: at android.os.HandlerThread.run(HandlerThread.java:67)
03-29 20:29:42.485 4868 5677 E SQLiteDatabase: Error inserting transferred=0 media_job_uuid=87fcad4e-aa16-4d3c-b2d6-07176cbfb303 transcoded=0 gif_attribution=0 first_scan_length=0 direct_path=/v/t62.7161- 24/11896589_935348188253461_4336308475228217256_n.enc?ccb=11- 4&oh=01_ASBz5XHQcNpWekbtPfdLL9028yIEW3LXB5GhGnSzYm-4zQ&oe=662E063C&_nc_sid=5e03e0 thumbnail_height_width_ratio=1.8113208 is_animated_sticker=0 file_hash=2Dyfi6iZNuf7xSOH1Xd2SSAmOYnnr4DZFM6/UpGbRZ4= file_path=null file_size=0 partial_media_hash=null face_x=0 face_y=0 height=640 trim_to=0 media_key_timestamp=1711714450000 message_url=https://mmg.whatsapp.net/v/t62.7161- 24/11896589_935348188253461_4336308475228217256_n.enc?ccb=11- 4&oh=01_ASBz5XHQcNpWekbtPfdLL9028yIEW3LXB5GhGnSzYm- 4zQ&oe=662E063C&_nc_sid=5e03e0&mms3=true media_caption=null trim_from=0 mime_type=video/mp4 partial_media_enc_hash=null width=352 original_file_hash=null has_streaming_sidecar=1 autotransfer_retry_enabled=1 media_upload_handle=null message_row_id=12739 multicast_id=null enc_file_hash=e5ndNCS15AKZaO8QENxXosWtNXiLXrpkAW3W479XLCc= mute_video=0 page_count=0 first_scan_sidecar=null suspicious_content=0 file_length=1599005 media_name=null media_duration=28 chat_row_id=19 media_key=[B@82c796
03-29 20:29:42.485 4868 5677 E SQLiteDatabase: android.database.sqlite.SQLiteConstraintException: UNIQUE constraint failed: message_media.message_row_id (code 1555 SQLITE_CONSTRAINT_PRIMARYKEY)
03-29 20:29:42.485 4868 5677 E SQLiteDatabase: at android.database.sqlite.SQLiteConnection.nativeExecuteForLastInsertedRowId(Native Method)
03-29 20:29:42.485 4868 5677 E SQLiteDatabase: at android.database.sqlite.SQLiteConnection.executeForLastInsertedRowId(SQLiteConnecti on.java:967)
03-29 20:29:42.485 4868 5677 E SQLiteDatabase: at android.database.sqlite.SQLiteSession.executeForLastInsertedRowId(SQLiteSession.jav a:790)
03-29 20:29:42.485 4868 5677 E SQLiteDatabase: at android.database.sqlite.SQLiteStatement.executeInsert(SQLiteStatement.java:89)
03-29 20:29:42.485 4868 5677 E SQLiteDatabase: at android.database.sqlite.SQLiteDatabase.insertWithOnConflict(SQLiteDatabase.java:186 8)
03-29 20:29:42.485 4868 5677 E SQLiteDatabase: at android.database.sqlite.SQLiteDatabase.insert(SQLiteDatabase.java:1737)
03-29 20:29:42.485 4868 5677 E SQLiteDatabase: at X.2tm.A08(Unknown Source:6)
03-29 20:29:42.485 4868 5677 E SQLiteDatabase: at X.35Y.A07(Unknown Source:212)
03-29 20:29:42.485 4868 5677 E SQLiteDatabase: at X.3QF.A14(Unknown Source:470)
03-29 20:29:42.485 4868 5677 E SQLiteDatabase: at X.3gU.run(Unknown Source:982)
03-29 20:29:42.485 4868 5677 E SQLiteDatabase: at android.os.Handler.handleCallback(Handler.java:942)
03-29 20:29:42.485 4868 5677 E SQLiteDatabase: at android.os.Handler.dispatchMessage(Handler.java:99)
03-29 20:29:42.485 4868 5677 E SQLiteDatabase: at X.0zq.dispatchMessage(Unknown Source:4)
03-29 20:29:42.485 4868 5677 E SQLiteDatabase: at android.os.Looper.loopOnce(Looper.java:240)
03-29 20:29:42.485 4868 5677 E SQLiteDatabase: at android.os.Looper.loop(Looper.java:351)
03-29 20:29:42.485 4868 5677 E SQLiteDatabase: at android.os.HandlerThread.run(HandlerThread.java:67)
03-29 20:29:42.866 4868 4868 E RecyclerView: No adapter attached; skipping layout
03-29 20:29:42.926 4868 26402 W libc : Access denied finding property "vendor.oplus.media.vpp.stutter"
03-29 20:29:43.007 4868 26405 W ColorUtils: expected specified color aspects (2:0:0:0)
03-29 20:29:43.012 4868 26404 W AString : ctor got NULL, using empty string instead
03-29 20:29:43.024 4868 26405 W Codec2Client: query -- param skipped: index = 1107298332.
03-29 20:29:43.024 4868 26405 W CCodec : This behavior is subject to change. It is recommended that app developers double check whether the requested max input size is in reasonable range.
03-29 20:29:43.031 4868 26405 W Codec2Client: query -- param skipped: index = 1342179345.
03-29 20:29:43.031 4868 26405 W Codec2Client: query -- param skipped: index = 2415921170.
03-29 20:29:43.031 4868 26405 W Codec2Client: query -- param skipped: index = 1610614798.
03-29 20:29:43.087 4868 26402 W libc : Access denied finding property "vendor.oplus.media.vpp.stutter"
03-29 20:29:43.128 4868 26415 W Codec2Client: query -- param skipped: index = 1107298332.
03-29 20:29:43.128 4868 26415 W CCodec : This behavior is subject to change. It is recommended that app developers double check whether the requested max input size is in reasonable range.
03-29 20:29:43.129 4868 26415 W Codec2Client: query -- param skipped: index = 1342179345.
03-29 20:29:43.129 4868 26415 W Codec2Client: query -- param skipped: index = 2415921170.
03-29 20:29:43.129 4868 26415 W Codec2Client: query -- param skipped: index = 1610614798.
03-29 20:29:44.437 4868 5677 E SQLiteDatabase: Error inserting transferred=1 media_job_uuid=f3071e0b-2fc3-4063-9198-c0d7870090b6 transcoded=0 gif_attribution=0 first_scan_length=0 direct_path=/v/t62.7161- 24/56477878_446039761107188_361093774104422807_n.enc?ccb=11- 4&oh=01_ASDRRdWPH3ERLBOu2LLGhfolKM4YTLEk1vup-iqrWTIPNA&oe=662E47DB&_nc_sid=5e03e0 thumbnail_height_width_ratio=1.0 is_animated_sticker=0 file_hash=IBUawm85SGCVJc7aPabKGr9N1Myn1FpBC08c+abbf1E= file_path=Media/.Statuses/43ce437a95af4ab28d079a76cc22a3b5.mp4 file_size=1033205 partial_media_hash=null face_x=0 face_y=0 height=576 trim_to=0 media_key_timestamp=1711718250000 message_url=https://mmg.whatsapp.net/v/t62.7161- 24/56477878_446039761107188_361093774104422807_n.enc?ccb=11- 4&oh=01_ASDRRdWPH3ERLBOu2LLGhfolKM4YTLEk1vup- iqrWTIPNA&oe=662E47DB&_nc_sid=5e03e0&mms3=true media_caption=null trim_from=0 mime_type=video/mp4 partial_media_enc_hash=null width=576 original_file_hash=null has_streaming_sidecar=1 autotransfer_retry_enabled=1 media_upload_handle=null message_row_id=12746 multicast_id=null enc_file_hash=bntLiBVyLzRzYwMGkKYoVFNaP1l/M8Zw70DgKHhMd4g= mute_video=0 page_count=0 first_scan_sidecar=null suspicious_content=0 file_length=1033205 media_name=null media_duration=20 chat_row_id=19 media_key=[B@afb857c
03-29 20:29:44.437 4868 5677 E SQLiteDatabase: android.database.sqlite.SQLiteConstraintException: UNIQUE constraint failed: message_media.message_row_id (code 1555 SQLITE_CONSTRAINT_PRIMARYKEY)
03-29 20:29:44.437 4868 5677 E SQLiteDatabase: at android.database.sqlite.SQLiteConnection.nativeExecuteForLastInsertedRowId(Native Method)
03-29 20:29:44.437 4868 5677 E SQLiteDatabase: at android.database.sqlite.SQLiteConnection.executeForLastInsertedRowId(SQLiteConnecti on.java:967)
03-29 20:29:44.437 4868 5677 E SQLiteDatabase: at android.database.sqlite.SQLiteSession.executeForLastInsertedRowId(SQLiteSession.jav a:790)
03-29 20:29:44.437 4868 5677 E SQLiteDatabase: at android.database.sqlite.SQLiteStatement.executeInsert(SQLiteStatement.java:89)
03-29 20:29:44.437 4868 5677 E SQLiteDatabase: at android.database.sqlite.SQLiteDatabase.insertWithOnConflict(SQLiteDatabase.java:186 8)
03-29 20:29:44.437 4868 5677 E SQLiteDatabase: at android.database.sqlite.SQLiteDatabase.insert(SQLiteDatabase.java:1737)
03-29 20:29:44.437 4868 5677 E SQLiteDatabase: at X.2tm.A08(Unknown Source:6)
03-29 20:29:44.437 4868 5677 E SQLiteDatabase: at X.35Y.A07(Unknown Source:212)
03-29 20:29:44.437 4868 5677 E SQLiteDatabase: at X.3QF.A14(Unknown Source:470)
03-29 20:29:44.437 4868 5677 E SQLiteDatabase: at X.3gU.run(Unknown Source:982)
03-29 20:29:44.437 4868 5677 E SQLiteDatabase: at android.os.Handler.handleCallback(Handler.java:942)
03-29 20:29:44.437 4868 5677 E SQLiteDatabase: at android.os.Handler.dispatchMessage(Handler.java:99)
03-29 20:29:44.437 4868 5677 E SQLiteDatabase: at X.0zq.dispatchMessage(Unknown Source:4)
03-29 20:29:44.437 4868 5677 E SQLiteDatabase: at android.os.Looper.loopOnce(Looper.java:240)
03-29 20:29:44.437 4868 5677 E SQLiteDatabase: at android.os.Looper.loop(Looper.java:351)
03-29 20:29:44.437 4868 5677 E SQLiteDatabase: at android.os.HandlerThread.run(HandlerThread.java:67)
03-29 20:29:45.511 4868 4868 E ArmVmp : Match on catch block at 0x8d in for 0x1c5
03-29 20:29:45.518 4868 4868 E ArmVmp : Match on catch block at 0x8d in for 0x1d1
03-29 20:29:45.545 4868 26404 W Codec2Client: query -- param skipped: index = 1342179345.
03-29 20:29:45.545 4868 26404 W Codec2Client: query -- param skipped: index = 2415921170.
03-29 20:29:45.545 4868 26404 W Codec2Client: query -- param skipped: index = 1610614798.
03-29 20:29:45.551 4868 26415 W Codec2Client: query -- param skipped: index = 1342179345.
03-29 20:29:45.551 4868 26415 W Codec2Client: query -- param skipped: index = 2415921170.
03-29 20:29:45.551 4868 26415 W Codec2Client: query -- param skipped: index = 1610614798.
03-29 20:29:45.556 4868 26422 E ListServiceUtils: checkInListByUid module:audio- boost-blacklist uid:-1 cost 3528us return 0
03-29 20:29:45.573 4868 4868 W BottomSheetBehavior: BottomSheetBehavior now supports multiple callbacks. `setBottomSheetCallback()` removes all existing callbacks, including ones set internally by library authors, which may result in unintended behavior. This may change in the future. Please use `addBottomSheetCallback()` and `removeBottomSheetCallback()` instead to set your own callbacks.
03-29 20:29:45.573 4868 4868 W BottomSheetBehavior: BottomSheetBehavior now supports multiple callbacks. `setBottomSheetCallback()` removes all existing callbacks, including ones set internally by library authors, which may result in unintended behavior. This may change in the future. Please use `addBottomSheetCallback()` and `removeBottomSheetCallback()` instead to set your own callbacks.
03-29 20:29:45.654 4868 4868 W BottomSheetBehavior: BottomSheetBehavior now supports multiple callbacks. `setBottomSheetCallback()` removes all existing callbacks, including ones set internally by library authors, which may result in unintended behavior. This may change in the future. Please use `addBottomSheetCallback()` and `removeBottomSheetCallback()` instead to set your own callbacks.
03-29 20:29:45.654 4868 4868 W BottomSheetBehavior: BottomSheetBehavior now supports multiple callbacks. `setBottomSheetCallback()` removes all existing callbacks, including ones set internally by library authors, which may result in unintended behavior. This may change in the future. Please use `addBottomSheetCallback()` and `removeBottomSheetCallback()` instead to set your own callbacks.
03-29 20:29:45.668 4868 4868 E RecyclerView: No adapter attached; skipping layout
03-29 20:29:46.291 4868 26402 W libc : Access denied finding property "vendor.oplus.media.vpp.stutter"
03-29 20:29:46.333 4868 26430 W ColorUtils: expected specified color aspects (2:0:0:0)
03-29 20:29:46.339 4868 26429 W AString : ctor got NULL, using empty string instead
03-29 20:29:46.352 4868 26430 W Codec2Client: query -- param skipped: index = 1107298332.
03-29 20:29:46.352 4868 26430 W CCodec : This behavior is subject to change. It is recommended that app developers double check whether the requested max input size is in reasonable range.
03-29 20:29:46.359 4868 26430 W Codec2Client: query -- param skipped: index = 1342179345.
03-29 20:29:46.359 4868 26430 W Codec2Client: query -- param skipped: index = 2415921170.
03-29 20:29:46.359 4868 26430 W Codec2Client: query -- param skipped: index = 1610614798.
03-29 20:29:46.396 4868 26402 W libc : Access denied finding property "vendor.oplus.media.vpp.stutter"
03-29 20:29:46.426 4868 26439 E ListServiceUtils: checkInListByUid module:sr-osie- whitelist uid:10294 cost 3045us return 0
03-29 20:29:46.428 4868 26439 E ListServiceUtils: checkInListByUid module:sr-osie- whitelist uid:10294 cost 1234us return 0
03-29 20:29:46.431 4868 26439 W Codec2Client: query -- param skipped: index = 1107298332.
03-29 20:29:46.431 4868 26439 W CCodec : This behavior is subject to change. It is recommended that app developers double check whether the requested max input size is in reasonable range.
03-29 20:29:46.434 4868 26439 W Codec2Client: query -- param skipped: index = 1342179345.
03-29 20:29:46.434 4868 26439 W Codec2Client: query -- param skipped: index = 2415921170.
03-29 20:29:46.434 4868 26439 W Codec2Client: query -- param skipped: index = 1610614798.
03-29 20:29:47.293 4868 26429 W Codec2Client: query -- param skipped: index = 1342179345.
03-29 20:29:47.293 4868 26429 W Codec2Client: query -- param skipped: index = 2415921170.
03-29 20:29:47.293 4868 26429 W Codec2Client: query -- param skipped: index = 1610614798.
03-29 20:29:47.296 4868 26439 W Codec2Client: query -- param skipped: index = 1342179345.
03-29 20:29:47.296 4868 26439 W Codec2Client: query -- param skipped: index = 2415921170.
03-29 20:29:47.296 4868 26439 W Codec2Client: query -- param skipped: index = 1610614798.
03-29 20:29:47.297 4868 26447 E ListServiceUtils: checkInListByUid module:control package:audioBoostEnable cost 1318us return 1
03-29 20:29:47.298 4868 26447 E ListServiceUtils: checkInListByUid module:audio- boost-blacklist uid:-1 cost 1061us return 0
03-29 20:29:47.299 4868 4868 W BottomSheetBehavior: BottomSheetBehavior now supports multiple callbacks. `setBottomSheetCallback()` removes all existing callbacks, including ones set internally by library authors, which may result in unintended behavior. This may change in the future. Please use `addBottomSheetCallback()` and `removeBottomSheetCallback()` instead to set your own callbacks.
03-29 20:29:47.299 4868 4868 W BottomSheetBehavior: BottomSheetBehavior now supports multiple callbacks. `setBottomSheetCallback()` removes all existing callbacks, including ones set internally by library authors, which may result in unintended behavior. This may change in the future. Please use `addBottomSheetCallback()` and `removeBottomSheetCallback()` instead to set your own callbacks.
03-29 20:29:47.317 4868 4868 E RecyclerView: No adapter attached; skipping layout
03-29 20:29:47.323 4868 5677 E SQLiteDatabase: Error inserting transferred=1 media_job_uuid=87fcad4e-aa16-4d3c-b2d6-07176cbfb303 transcoded=0 gif_attribution=0 first_scan_length=0 direct_path=/v/t62.7161- 24/11896589_935348188253461_4336308475228217256_n.enc?ccb=11- 4&oh=01_ASBz5XHQcNpWekbtPfdLL9028yIEW3LXB5GhGnSzYm-4zQ&oe=662E063C&_nc_sid=5e03e0 thumbnail_height_width_ratio=1.8113208 is_animated_sticker=0 file_hash=2Dyfi6iZNuf7xSOH1Xd2SSAmOYnnr4DZFM6/UpGbRZ4= file_path=Media/.Statuses/5e581e91f52d4f8bbca481018b413349.mp4 file_size=1599005 partial_media_hash=null face_x=0 face_y=0 height=640 trim_to=0 media_key_timestamp=1711714450000 message_url=https://mmg.whatsapp.net/v/t62.7161- 24/11896589_935348188253461_4336308475228217256_n.enc?ccb=11- 4&oh=01_ASBz5XHQcNpWekbtPfdLL9028yIEW3LXB5GhGnSzYm- 4zQ&oe=662E063C&_nc_sid=5e03e0&mms3=true media_caption=null trim_from=0 mime_type=video/mp4 partial_media_enc_hash=null width=352 original_file_hash=null has_streaming_sidecar=1 autotransfer_retry_enabled=1 media_upload_handle=null message_row_id=12739 multicast_id=null enc_file_hash=e5ndNCS15AKZaO8QENxXosWtNXiLXrpkAW3W479XLCc= mute_video=0 page_count=0 first_scan_sidecar=null suspicious_content=0 file_length=1599005 media_name=null media_duration=28 chat_row_id=19 media_key=[B@82c796
03-29 20:29:47.323 4868 5677 E SQLiteDatabase: android.database.sqlite.SQLiteConstraintException: UNIQUE constraint failed: message_media.message_row_id (code 1555 SQLITE_CONSTRAINT_PRIMARYKEY)
03-29 20:29:47.323 4868 5677 E SQLiteDatabase: at android.database.sqlite.SQLiteConnection.nativeExecuteForLastInsertedRowId(Native Method)
03-29 20:29:47.323 4868 5677 E SQLiteDatabase: at android.database.sqlite.SQLiteConnection.executeForLastInsertedRowId(SQLiteConnecti on.java:967)
03-29 20:29:47.323 4868 5677 E SQLiteDatabase: at android.database.sqlite.SQLiteSession.executeForLastInsertedRowId(SQLiteSession.jav a:790)
03-29 20:29:47.323 4868 5677 E SQLiteDatabase: at android.database.sqlite.SQLiteStatement.executeInsert(SQLiteStatement.java:89)
03-29 20:29:47.323 4868 5677 E SQLiteDatabase: at android.database.sqlite.SQLiteDatabase.insertWithOnConflict(SQLiteDatabase.java:186 8)
03-29 20:29:47.323 4868 5677 E SQLiteDatabase: at android.database.sqlite.SQLiteDatabase.insert(SQLiteDatabase.java:1737)
03-29 20:29:47.323 4868 5677 E SQLiteDatabase: at X.2tm.A08(Unknown Source:6)
03-29 20:29:47.323 4868 5677 E SQLiteDatabase: at X.35Y.A07(Unknown Source:212)
03-29 20:29:47.323 4868 5677 E SQLiteDatabase: at X.3QF.A14(Unknown Source:470)
03-29 20:29:47.323 4868 5677 E SQLiteDatabase: at X.3gU.run(Unknown Source:982)
03-29 20:29:47.323 4868 5677 E SQLiteDatabase: at android.os.Handler.handleCallback(Handler.java:942)
03-29 20:29:47.323 4868 5677 E SQLiteDatabase: at android.os.Handler.dispatchMessage(Handler.java:99)
03-29 20:29:47.323 4868 5677 E SQLiteDatabase: at X.0zq.dispatchMessage(Unknown Source:4)
03-29 20:29:47.323 4868 5677 E SQLiteDatabase: at android.os.Looper.loopOnce(Looper.java:240)
03-29 20:29:47.323 4868 5677 E SQLiteDatabase: at android.os.Looper.loop(Looper.java:351)
03-29 20:29:47.323 4868 5677 E SQLiteDatabase: at android.os.HandlerThread.run(HandlerThread.java:67)
03-29 20:29:48.001 4868 4868 E RecyclerView: No adapter attached; skipping layout
03-29 20:29:48.003 4868 26402 W libc : Access denied finding property "vendor.oplus.media.vpp.stutter"
03-29 20:29:48.041 4868 26469 W ColorUtils: expected specified color aspects (2:0:0:0)
03-29 20:29:48.045 4868 26468 W AString : ctor got NULL, using empty string instead
03-29 20:29:48.056 4868 26469 W Codec2Client: query -- param skipped: index = 1107298332.
03-29 20:29:48.056 4868 26469 W CCodec : This behavior is subject to change. It is recommended that app developers double check whether the requested max input size is in reasonable range.
03-29 20:29:48.060 4868 26469 W Codec2Client: query -- param skipped: index = 1342179345.
03-29 20:29:48.060 4868 26469 W Codec2Client: query -- param skipped: index = 2415921170.
03-29 20:29:48.060 4868 26469 W Codec2Client: query -- param skipped: index = 1610614798.
03-29 20:29:48.097 4868 26402 W libc : Access denied finding property "vendor.oplus.media.vpp.stutter"
03-29 20:29:48.148 4868 26480 W Codec2Client: query -- param skipped: index = 1107298332.
03-29 20:29:48.148 4868 26480 W CCodec : This behavior is subject to change. It is recommended that app developers double check whether the requested max input size is in reasonable range.
03-29 20:29:48.150 4868 26480 W Codec2Client: query -- param skipped: index = 1342179345.
03-29 20:29:48.150 4868 26480 W Codec2Client: query -- param skipped: index = 2415921170.
03-29 20:29:48.150 4868 26480 W Codec2Client: query -- param skipped: index = 1610614798.
03-29 20:29:49.569 4868 26468 W Codec2Client: query -- param skipped: index = 1342179345.
03-29 20:29:49.569 4868 26468 W Codec2Client: query -- param skipped: index = 2415921170.
03-29 20:29:49.569 4868 26468 W Codec2Client: query -- param skipped: index = 1610614798.
03-29 20:29:49.573 4868 26480 W Codec2Client: query -- param skipped: index = 1342179345.
03-29 20:29:49.573 4868 26480 W Codec2Client: query -- param skipped: index = 2415921170.
03-29 20:29:49.573 4868 26480 W Codec2Client: query -- param skipped: index = 1610614798.
