03-29 18:28:21.886 25709 25709 W System.err: at java.lang.Class.newInstance(Native Method)
03-29 18:28:21.886 25709 25709 W System.err: at android.app.AppComponentFactory.instantiateApplication(AppComponentFactory.java:76)
03-29 18:28:21.886 25709 25709 W System.err: at androidx.core.app.CoreComponentFactory.instantiateApplication(Unknown Source:0)
03-29 18:28:21.886 25709 25709 W System.err: at android.app.Instrumentation.newApplication(Instrumentation.java:1251)
03-29 18:28:21.886 25709 25709 W System.err: at android.app.LoadedApk.makeApplicationInner(LoadedApk.java:1507)
03-29 18:28:21.886 25709 25709 W System.err: at android.app.LoadedApk.makeApplicationInner(LoadedApk.java:1443)
03-29 18:28:21.886 25709 25709 W System.err: at android.app.ActivityThread.handleBindApplication(ActivityThread.java:7232)
03-29 18:28:21.887 25709 25709 W System.err: at android.app.ActivityThread.-$ $Nest$mhandleBindApplication(Unknown Source:0)
03-29 18:28:21.887 25709 25709 W System.err: at android.app.ActivityThread$H.handleMessage(ActivityThread.java:2307)
03-29 18:28:21.887 25709 25709 W System.err: at android.os.Handler.dispatchMessage(Handler.java:106)
03-29 18:28:21.887 25709 25709 W System.err: at android.os.Looper.loopOnce(Looper.java:240)
03-29 18:28:21.887 25709 25709 W System.err: at android.os.Looper.loop(Looper.java:351)
03-29 18:28:21.887 25709 25709 W System.err: at android.app.ActivityThread.main(ActivityThread.java:8436)
03-29 18:28:21.887 25709 25709 W System.err: at java.lang.reflect.Method.invoke(Native Method)
03-29 18:28:21.887 25709 25709 W System.err: at com.android.internal.os.RuntimeInit$MethodAndArgsCaller.run(RuntimeInit.java:568)
03-29 18:28:21.887 25709 25709 W System.err: at com.android.internal.os.ZygoteInit.main(ZygoteInit.java:1013)
03-29 18:28:21.965 25709 25709 E CustomActivityOnCrash: IMPORTANT WARNING! You already have an UncaughtExceptionHandler, are you sure this is correct? If you use a custom UncaughtExceptionHandler, you must initialize it AFTER CustomActivityOnCrash! Installing anyway, but your original handler will not be called.
03-29 18:28:23.042 25709 25709 W com.mbwhatsapp: Accessing hidden method Lcom/android/org/conscrypt/OpenSSLSocketImpl;->setUseSessionTickets(Z)V (max- target-q,core-platform-api, reflection, denied)
03-29 18:28:23.042 25709 25709 W com.mbwhatsapp: Accessing hidden method Lcom/android/org/conscrypt/AbstractConscryptSocket;->setUseSessionTickets(Z)V (max- target-q, reflection, denied)
03-29 18:28:23.130 25709 25709 W com.mbwhatsapp: type=1400 audit(0.0:1219997): avc: granted { execute } for path="/data/data/com.mbwhatsapp/files/decompressed/libs.spk.zst/libc++_shared.so" dev="dm-75" ino=34004 scontext=u:r:untrusted_app:s0:c38,c257,c512,c768 tcontext=u:object_r:app_data_file:s0:c38,c257,c512,c768 tclass=file app=com.mbwhatsapp
03-29 18:28:23.158 25709 25709 W com.mbwhatsapp: type=1400 audit(0.0:1219998): avc: granted { execute } for path="/data/data/com.mbwhatsapp/files/decompressed/libs.spk.zst/libvlc.so" dev="dm- 75" ino=37727 scontext=u:r:untrusted_app:s0:c38,c257,c512,c768 tcontext=u:object_r:app_data_file:s0:c38,c257,c512,c768 tclass=file app=com.mbwhatsapp
03-29 18:28:23.174 25709 25709 W com.mbwhatsapp: type=1400 audit(0.0:1219999): avc: granted { execute } for path="/data/data/com.mbwhatsapp/files/decompressed/libs.spk.zst/libwhatsapp.so" dev="dm-75" ino=36919 scontext=u:r:untrusted_app:s0:c38,c257,c512,c768 tcontext=u:object_r:app_data_file:s0:c38,c257,c512,c768 tclass=file app=com.mbwhatsapp
03-29 18:28:23.310 25709 25709 W com.mbwhatsapp: type=1400 audit(0.0:1220000): avc: granted { execute } for path="/data/data/com.mbwhatsapp/files/decompressed/libs.spk.zst/libcurve25519.so" dev="dm-75" ino=36986 scontext=u:r:untrusted_app:s0:c38,c257,c512,c768 tcontext=u:object_r:app_data_file:s0:c38,c257,c512,c768 tclass=file app=com.mbwhatsapp
03-29 18:28:23.547 25709 25709 E ANR_LOG : Blocked msg = { when=+2s119ms what=110 target=android.app.ActivityThread$H obj=AppBindData{appInfo=ApplicationInfo{5b0369e com.mbwhatsapp}} } , cost = 2119 ms
03-29 18:28:23.553 25709 25862 W com.mbwhatsapp: Method void X.2rL.A03(java.lang.Integer) failed lock verification and will run slower.
03-29 18:28:23.553 25709 25862 W com.mbwhatsapp: Common causes for lock verification issues are non-optimized dex code
03-29 18:28:23.553 25709 25862 W com.mbwhatsapp: and incorrect proguard optimizations.
03-29 18:28:23.574 25709 25709 W com.mbwhatsapp: Method void X.0eU.A0h(X.0tK, boolean) failed lock verification and will run slower.
03-29 18:28:23.851 25709 25709 W com.mbwhatsapp: Method void com.mbwhatsapp.HomeActivity.A6e() failed lock verification and will run slower.
03-29 18:28:23.870 25709 25879 E QT : [QT]file does not exist --------- beginning of system
03-29 18:28:23.924 25709 25709 E OplusCustomizeRestrictionManager: sInstance is null, start a new sInstance
03-29 18:28:23.930 25709 25709 E ArmVmp : Match on catch block at 0x8d in for 0x1c5
03-29 18:28:24.025 25709 25709 E ArmVmp : Match on catch block at 0x4c in for 0x1d1
03-29 18:28:24.051 25709 25709 E ArmVmp : Match on catch block at 0x8d in for 0x1d5
03-29 18:28:24.344 25709 25709 E ArmVmp : Match on catch block at 0x0a in for 0x181
03-29 18:28:24.373 25709 25709 E ArmVmp : Match on catch block at 0x0a in for 0x261
03-29 18:28:24.502 25709 25709 W Activity: Can request only one set of permissions at a time
03-29 18:28:24.586 25709 25884 W com.mbwhatsapp: Accessing hidden method Lcom/android/org/conscrypt/ConscryptEngineSocket;->setUseSessionTickets(Z)V (max- target-q,core-platform-api, reflection, denied)
03-29 18:28:24.586 25709 25884 W com.mbwhatsapp: Accessing hidden method Lcom/android/org/conscrypt/OpenSSLSocketImpl;->setUseSessionTickets(Z)V (max- target-q,core-platform-api, reflection, denied)
03-29 18:28:24.586 25709 25884 W com.mbwhatsapp: Accessing hidden method Lcom/android/org/conscrypt/AbstractConscryptSocket;->setUseSessionTickets(Z)V (max- target-q, reflection, denied)
03-29 18:28:24.587 25709 25884 W com.mbwhatsapp: Accessing hidden method Lcom/android/org/conscrypt/ConscryptEngineSocket;->setHostname(Ljava/lang/String;)V (max-target-q,core-platform-api, reflection, denied)
03-29 18:28:24.587 25709 25884 W com.mbwhatsapp: Accessing hidden method Lcom/android/org/conscrypt/OpenSSLSocketImpl;->setHostname(Ljava/lang/String;)V (max-target-q,core-platform-api, reflection, denied)
03-29 18:28:24.587 25709 25884 W com.mbwhatsapp: Accessing hidden method Lcom/android/org/conscrypt/AbstractConscryptSocket;->setHostname(Ljava/lang/ String;)V (max-target-q, reflection, denied)
03-29 18:28:24.587 25709 25884 W com.mbwhatsapp: Accessing hidden method Lcom/android/org/conscrypt/OpenSSLSocketImpl;->setAlpnProtocols([B)V (max-target- q,core-platform-api, reflection, denied)
03-29 18:28:24.587 25709 25884 W com.mbwhatsapp: Accessing hidden method Lcom/android/org/conscrypt/AbstractConscryptSocket;->setAlpnProtocols([B)V (max- target-q, reflection, denied)
03-29 18:28:24.628 25709 25709 E SchedAssist: ofbOpen failed with error=No such file or directory
03-29 18:28:24.628 25709 25709 E SchedAssist: sysOpen failed with error=No such file or directory
03-29 18:28:24.628 25709 25709 E SchedAssist: sharedImFd failed with error=Permission denied
03-29 18:28:24.776 25709 25709 E OplusBracketLog: [OplusViewMirrorManager] updateHostViewRootIfNeeded, not support android.view.ViewRootImpl@672c8c2
03-29 18:28:24.986 25709 25884 W com.mbwhatsapp: Accessing hidden method Lcom/android/org/conscrypt/OpenSSLSocketImpl;->getAlpnSelectedProtocol()[B (max- target-q,core-platform-api, reflection, denied)
03-29 18:28:24.986 25709 25884 W com.mbwhatsapp: Accessing hidden method Lcom/android/org/conscrypt/AbstractConscryptSocket;->getAlpnSelectedProtocol()[B (max-target-q, reflection, denied)
03-29 18:28:25.141 25709 25709 E ArmVmp : Match on catch block at 0x8d in for 0x1e5
03-29 18:28:25.297 25709 25709 E ArmVmp : Match on catch block at 0x8d in for 0x1f1
03-29 18:28:25.369 25709 25709 E ArmVmp : Match on catch block at 0x8d in for 0x1e9
03-29 18:28:25.443 25709 25709 E ArmVmp : Match on catch block at 0x8d in for 0x1f1
03-29 18:28:25.541 25709 25709 E ArmVmp : Match on catch block at 0x8d in for 0x1e9
03-29 18:28:25.607 25709 25709 E ArmVmp : Match on catch block at 0x8d in for 0x1f1
03-29 18:28:25.670 25709 25709 E ArmVmp : Match on catch block at 0x8d in for 0x1ed
03-29 18:28:25.730 25709 25709 E ArmVmp : Match on catch block at 0x8d in for 0x1e5
03-29 18:28:25.794 25709 25709 E ArmVmp : Match on catch block at 0x8d in for 0x1f9
03-29 18:28:25.867 25709 25709 E ArmVmp : Match on catch block at 0x8d in for 0x1f1
03-29 18:28:25.918 25709 25709 E RecyclerView: No adapter attached; skipping layout
03-29 18:28:25.942 25709 25709 E ArmVmp : Match on catch block at 0x0a in for 0x1a9
03-29 18:28:26.075 25709 25709 E RecyclerView: No adapter attached; skipping layout
03-29 18:28:26.121 25709 25878 E OpenGLRenderer: Device claims wide gamut support, cannot find matching config, error = EGL_SUCCESS
03-29 18:28:26.121 25709 25878 W OpenGLRenderer: Failed to initialize 101010-2 format, error = EGL_SUCCESS
03-29 18:28:26.599 25709 25878 W libc : Access denied finding property "ro.vendor.magt.mtk_magt_support"
03-29 18:28:26.699 25709 25878 W Parcel : Expecting binder but got null!
03-29 18:28:26.834 25709 25733 W LibraryVersion: Failed to get app version for libraryName: firebase-iid
03-29 18:28:26.853 25709 26245 W LOTTIE : Animation contains merge paths. Merge paths are only supported on KitKat+ and must be manually enabled by calling enableMergePathsForKitKatAndAbove().
03-29 18:28:26.995 25709 25709 E ArmVmp : Match on catch block at 0x8d in for 0x259
03-29 18:28:27.003 25709 25709 E ArmVmp : Match on catch block at 0x8d in for 0x249
03-29 18:28:27.012 25709 25709 E ArmVmp : Match on catch block at 0x8d in for 0x255
03-29 18:28:27.020 25709 25709 E ArmVmp : Match on catch block at 0x8d in for 0x245
03-29 18:28:27.121 25709 25709 W LOTTIE : Animation contains merge paths but they are disabled.
03-29 18:28:27.556 25709 25709 E ArmVmp : Match on catch block at 0x8d in for 0x1d1
03-29 18:28:27.568 25709 25709 E ArmVmp : Match on catch block at 0x8d in for 0x1d1
03-29 18:28:29.528 25709 26552 E RenderScript: Failed loading RS driver: dlopen failed: library "libRSDriver_mtk.so" not found
03-29 18:28:29.528 25709 26552 E RenderScript: Failed to load runtime libRSDriver_mtk.so, loading default
03-29 18:28:29.811 25709 25709 E ArmVmp : Match on catch block at 0x4c in for 0x1d9
03-29 18:28:29.821 25709 25709 E ArmVmp : Match on catch block at 0x8d in for 0x1c9
03-29 18:28:29.831 25709 25709 E ArmVmp : Match on catch block at 0x8d in for 0x1c9
03-29 18:28:29.907 25709 25709 E ArmVmp : Match on catch block at 0x0a in for 0x181
03-29 18:28:29.916 25709 25709 E ArmVmp : Match on catch block at 0x0a in for 0x199
03-29 18:28:29.985 25709 25709 E OplusBracketLog: [OplusViewMirrorManager] updateHostViewRootIfNeeded, not support android.view.ViewRootImpl@17e84fd
03-29 18:28:30.117 25709 25709 E ArmVmp : Match on catch block at 0xc3 in for 0x161
03-29 18:28:30.121 25709 25709 E ArmVmp : Match on catch block at 0xc3 in for 0x161
03-29 18:28:30.165 25709 25878 W Parcel : Expecting binder but got null!
03-29 18:28:30.208 25709 25709 E ArmVmp : Match on catch block at 0xc3 in for 0x159
03-29 18:28:30.210 25709 25709 E ArmVmp : Match on catch block at 0xc3 in for 0x159
03-29 18:28:30.245 25709 25709 E ArmVmp : Match on catch block at 0xc3 in for 0x145
03-29 18:28:30.248 25709 25709 E ArmVmp : Match on catch block at 0xc3 in for 0x141
03-29 18:28:30.261 25709 25709 E ArmVmp : Match on catch block at 0xc3 in for 0x141
03-29 18:28:30.264 25709 25709 E ArmVmp : Match on catch block at 0xc3 in for 0x159
03-29 18:28:30.277 25709 25709 E ArmVmp : Match on catch block at 0xc3 in for 0x159
03-29 18:28:30.280 25709 25709 E ArmVmp : Match on catch block at 0xc3 in for 0x155
03-29 18:28:30.293 25709 25709 E ArmVmp : Match on catch block at 0xc3 in for 0x155
03-29 18:28:30.296 25709 25709 E ArmVmp : Match on catch block at 0xc3 in for 0x151
03-29 18:28:30.308 25709 25709 E ArmVmp : Match on catch block at 0xc3 in for 0x151
03-29 18:28:30.310 25709 25709 E ArmVmp : Match on catch block at 0xc3 in for 0x14d
03-29 18:28:30.322 25709 25709 E ArmVmp : Match on catch block at 0xc3 in for 0x14d
03-29 18:28:30.325 25709 25709 E ArmVmp : Match on catch block at 0xc3 in for 0x149
03-29 18:28:30.364 25709 25709 E ArmVmp : Match on catch block at 0xc3 in for 0x145
03-29 18:28:30.367 25709 25709 E ArmVmp : Match on catch block at 0xc3 in for 0x141
03-29 18:28:30.378 25709 25709 E ArmVmp : Match on catch block at 0xc3 in for 0x149
03-29 18:28:30.381 25709 25709 E ArmVmp : Match on catch block at 0xc3 in for 0x145
03-29 18:28:30.396 25709 25709 E ArmVmp : Match on catch block at 0xc3 in for 0x14d
03-29 18:28:30.398 25709 25709 E ArmVmp : Match on catch block at 0xc3 in for 0x149
03-29 18:28:30.413 25709 25709 E ArmVmp : Match on catch block at 0xc3 in for 0x151
03-29 18:28:30.416 25709 25709 E ArmVmp : Match on catch block at 0xc3 in for 0x14d
03-29 18:28:30.428 25709 25709 E ArmVmp : Match on catch block at 0xc3 in for 0x155
03-29 18:28:30.430 25709 25709 E ArmVmp : Match on catch block at 0xc3 in for 0x151
03-29 18:28:30.445 25709 25709 E ArmVmp : Match on catch block at 0xc3 in for 0x159
03-29 18:28:30.447 25709 25709 E ArmVmp : Match on catch block at 0xc3 in for 0x155
03-29 18:28:30.461 25709 25709 E ArmVmp : Match on catch block at 0xc3 in for 0x141
03-29 18:28:30.464 25709 25709 E ArmVmp : Match on catch block at 0xc3 in for 0x159
03-29 18:28:30.859 25709 25709 E ArmVmp : Match on catch block at 0xc3 in for 0x149
03-29 18:28:30.862 25709 25709 E ArmVmp : Match on catch block at 0xc3 in for 0x145
03-29 18:28:31.356 25709 25709 E ArmVmp : Match on catch block at 0xc3 in for 0x14d
03-29 18:28:31.359 25709 25709 E ArmVmp : Match on catch block at 0xc3 in for 0x149
03-29 18:28:31.853 25709 25709 E ArmVmp : Match on catch block at 0xc3 in for 0x155
03-29 18:28:31.857 25709 25709 E ArmVmp : Match on catch block at 0xc3 in for 0x151
03-29 18:28:32.351 25709 25709 E ArmVmp : Match on catch block at 0xc3 in for 0x159
03-29 18:28:32.354 25709 25709 E ArmVmp : Match on catch block at 0xc3 in for 0x155
03-29 18:28:32.554 25709 25718 W com.mbwhatsapp: Cleared Reference was only reachable from finalizer (only reported once)
03-29 18:28:32.848 25709 25709 E ArmVmp : Match on catch block at 0xc3 in for 0x141
03-29 18:28:32.851 25709 25709 E ArmVmp : Match on catch block at 0xc3 in for 0x159
03-29 18:28:33.365 25709 25709 E ArmVmp : Match on catch block at 0xc3 in for 0x141
03-29 18:28:33.369 25709 25709 E ArmVmp : Match on catch block at 0xc3 in for 0x159
03-29 18:28:33.380 25709 25709 E ArmVmp : Match on catch block at 0xc3 in for 0x14d
03-29 18:28:33.384 25709 25709 E ArmVmp : Match on catch block at 0xc3 in for 0x149
03-29 18:28:33.396 25709 25709 E ArmVmp : Match on catch block at 0xc3 in for 0x151
03-29 18:28:33.399 25709 25709 E ArmVmp : Match on catch block at 0xc3 in for 0x14d
03-29 18:28:33.412 25709 25709 E ArmVmp : Match on catch block at 0xc3 in for 0x155
03-29 18:28:33.416 25709 25709 E ArmVmp : Match on catch block at 0xc3 in for 0x151
03-29 18:28:33.429 25709 25709 E ArmVmp : Match on catch block at 0xc3 in for 0x159
03-29 18:28:33.436 25709 25709 E ArmVmp : Match on catch block at 0xc3 in for 0x155
03-29 18:28:33.447 25709 25709 E ArmVmp : Match on catch block at 0xc3 in for 0x141
03-29 18:28:33.452 25709 25709 E ArmVmp : Match on catch block at 0xc3 in for 0x159
03-29 18:28:33.463 25709 25709 E ArmVmp : Match on catch block at 0xc3 in for 0x145
03-29 18:28:33.466 25709 25709 E ArmVmp : Match on catch block at 0xc3 in for 0x141
03-29 18:28:33.479 25709 25709 E ArmVmp : Match on catch block at 0xc3 in for 0x149
03-29 18:28:33.483 25709 25709 E ArmVmp : Match on catch block at 0xc3 in for 0x145
03-29 18:28:33.495 25709 25709 E ArmVmp : Match on catch block at 0xc3 in for 0x14d
03-29 18:28:33.498 25709 25709 E ArmVmp : Match on catch block at 0xc3 in for 0x149
03-29 18:28:33.511 25709 25709 E ArmVmp : Match on catch block at 0xc3 in for 0x151
03-29 18:28:33.514 25709 25709 E ArmVmp : Match on catch block at 0xc3 in for 0x14d
03-29 18:28:33.528 25709 25709 E ArmVmp : Match on catch block at 0xc3 in for 0x155
03-29 18:28:33.531 25709 25709 E ArmVmp : Match on catch block at 0xc3 in for 0x151
03-29 18:28:33.544 25709 25709 E ArmVmp : Match on catch block at 0xc3 in for 0x159
03-29 18:28:33.546 25709 25709 E ArmVmp : Match on catch block at 0xc3 in for 0x155
03-29 18:28:33.560 25709 25709 E ArmVmp : Match on catch block at 0xc3 in for 0x141
03-29 18:28:33.563 25709 25709 E ArmVmp : Match on catch block at 0xc3 in for 0x159
03-29 18:28:33.577 25709 25709 E ArmVmp : Match on catch block at 0xc3 in for 0x145
03-29 18:28:33.579 25709 25709 E ArmVmp : Match on catch block at 0xc3 in for 0x141
03-29 18:28:33.594 25709 25709 E ArmVmp : Match on catch block at 0xc3 in for 0x149
03-29 18:28:33.596 25709 25709 E ArmVmp : Match on catch block at 0xc3 in for 0x145
03-29 18:28:33.610 25709 25709 E ArmVmp : Match on catch block at 0xc3 in for 0x14d
03-29 18:28:33.613 25709 25709 E ArmVmp : Match on catch block at 0xc3 in for 0x149
03-29 18:28:33.627 25709 25709 E ArmVmp : Match on catch block at 0xc3 in for 0x151
03-29 18:28:33.630 25709 25709 E ArmVmp : Match on catch block at 0xc3 in for 0x14d
03-29 18:28:33.644 25709 25709 E ArmVmp : Match on catch block at 0xc3 in for 0x155
03-29 18:28:33.647 25709 25709 E ArmVmp : Match on catch block at 0xc3 in for 0x151
03-29 18:28:33.661 25709 25709 E ArmVmp : Match on catch block at 0xc3 in for 0x159
03-29 18:28:33.663 25709 25709 E ArmVmp : Match on catch block at 0xc3 in for 0x155
03-29 18:28:33.676 25709 25709 E ArmVmp : Match on catch block at 0xc3 in for 0x141
03-29 18:28:33.679 25709 25709 E ArmVmp : Match on catch block at 0xc3 in for 0x159
03-29 18:28:33.696 25709 25709 E ArmVmp : Match on catch block at 0xc3 in for 0x151
03-29 18:28:33.698 25709 25709 E ArmVmp : Match on catch block at 0xc3 in for 0x14d
03-29 18:28:33.875 25709 25709 E ArmVmp : Match on catch block at 0xc3 in for 0x151
03-29 18:28:33.878 25709 25709 E ArmVmp : Match on catch block at 0xc3 in for 0x14d
03-29 18:28:34.389 25709 25709 E ArmVmp : Match on catch block at 0xc3 in for 0x155
03-29 18:28:34.392 25709 25709 E ArmVmp : Match on catch block at 0xc3 in for 0x151
03-29 18:28:34.887 25709 25709 E ArmVmp : Match on catch block at 0xc3 in for 0x159
03-29 18:28:34.890 25709 25709 E ArmVmp : Match on catch block at 0xc3 in for 0x155
03-29 18:28:35.384 25709 25709 E ArmVmp : Match on catch block at 0xc3 in for 0x141
03-29 18:28:35.387 25709 25709 E ArmVmp : Match on catch block at 0xc3 in for 0x159
03-29 18:28:35.881 25709 25709 E ArmVmp : Match on catch block at 0xc3 in for 0x145
03-29 18:28:35.886 25709 25709 E ArmVmp : Match on catch block at 0xc3 in for 0x141
03-29 18:28:36.395 25709 25709 E ArmVmp : Match on catch block at 0xc3 in for 0x149
03-29 18:28:36.399 25709 25709 E ArmVmp : Match on catch block at 0xc3 in for 0x145
03-29 18:28:36.892 25709 25709 E ArmVmp : Match on catch block at 0xc3 in for 0x14d
03-29 18:28:36.899 25709 25709 E ArmVmp : Match on catch block at 0xc3 in for 0x149
03-29 18:28:37.389 25709 25709 E ArmVmp : Match on catch block at 0xc3 in for 0x151
03-29 18:28:37.394 25709 25709 E ArmVmp : Match on catch block at 0xc3 in for 0x14d
03-29 18:28:37.886 25709 25709 E ArmVmp : Match on catch block at 0xc3 in for 0x155
03-29 18:28:37.890 25709 25709 E ArmVmp : Match on catch block at 0xc3 in for 0x151
03-29 18:28:38.400 25709 25709 E ArmVmp : Match on catch block at 0xc3 in for 0x159
03-29 18:28:38.404 25709 25709 E ArmVmp : Match on catch block at 0xc3 in for 0x155
03-29 18:28:38.897 25709 25709 E ArmVmp : Match on catch block at 0xc3 in for 0x141
03-29 18:28:38.902 25709 25709 E ArmVmp : Match on catch block at 0xc3 in for 0x159
03-29 18:28:39.395 25709 25709 E ArmVmp : Match on catch block at 0xc3 in for 0x145
03-29 18:28:39.398 25709 25709 E ArmVmp : Match on catch block at 0xc3 in for 0x141
03-29 18:28:39.892 25709 25709 E ArmVmp : Match on catch block at 0xc3 in for 0x149
03-29 18:28:39.896 25709 25709 E ArmVmp : Match on catch block at 0xc3 in for 0x145
03-29 18:28:40.389 25709 25709 E ArmVmp : Match on catch block at 0xc3 in for 0x14d
03-29 18:28:40.393 25709 25709 E ArmVmp : Match on catch block at 0xc3 in for 0x149
03-29 18:28:40.904 25709 25709 E ArmVmp : Match on catch block at 0xc3 in for 0x151
03-29 18:28:40.909 25709 25709 E ArmVmp : Match on catch block at 0xc3 in for 0x14d
03-29 18:28:41.400 25709 25709 E ArmVmp : Match on catch block at 0xc3 in for 0x155
03-29 18:28:41.404 25709 25709 E ArmVmp : Match on catch block at 0xc3 in for 0x151
03-29 18:28:41.897 25709 25709 E ArmVmp : Match on catch block at 0xc3 in for 0x159
03-29 18:28:41.902 25709 25709 E ArmVmp : Match on catch block at 0xc3 in for 0x155
03-29 18:28:42.407 25709 25709 E ArmVmp : Match on catch block at 0xc3 in for 0x141
03-29 18:28:42.413 25709 25709 E ArmVmp : Match on catch block at 0xc3 in for 0x159
03-29 18:28:42.543 25709 25709 E ArmVmp : Match on catch block at 0xc3 in for 0x151
03-29 18:28:42.546 25709 25709 E ArmVmp : Match on catch block at 0xc3 in for 0x14d
03-29 18:28:42.908 25709 25709 E ArmVmp : Match on catch block at 0xc3 in for 0x155
03-29 18:28:42.911 25709 25709 E ArmVmp : Match on catch block at 0xc3 in for 0x151
03-29 18:28:43.020 25709 25709 W OnBackInvokedCallback: OnBackInvokedCallback is not enabled for the application.
03-29 18:28:43.020 25709 25709 W OnBackInvokedCallback: Set 'android:enableOnBackInvokedCallback="true"' in the application manifest.
03-29 18:28:43.174 25709 25709 E ArmVmp : Match on catch block at 0xc3 in for 0x141
03-29 18:28:43.177 25709 25709 E ArmVmp : Match on catch block at 0xc3 in for 0x159
03-29 18:28:43.405 25709 25709 E ArmVmp : Match on catch block at 0xc3 in for 0x145
03-29 18:28:43.408 25709 25709 E ArmVmp : Match on catch block at 0xc3 in for 0x141
03-29 18:28:43.903 25709 25709 E ArmVmp : Match on catch block at 0xc3 in for 0x149
03-29 18:28:43.906 25709 25709 E ArmVmp : Match on catch block at 0xc3 in for 0x145
03-29 18:28:44.400 25709 25709 E ArmVmp : Match on catch block at 0xc3 in for 0x14d
03-29 18:28:44.403 25709 25709 E ArmVmp : Match on catch block at 0xc3 in for 0x149
03-29 18:28:44.811 25709 25709 E ArmVmp : Match on catch block at 0xc3 in for 0x141
03-29 18:28:44.814 25709 25709 E ArmVmp : Match on catch block at 0xc3 in for 0x159
03-29 18:28:44.832 25709 25709 E ArmVmp : Match on catch block at 0xc3 in for 0x159
03-29 18:28:44.835 25709 25709 E ArmVmp : Match on catch block at 0xc3 in for 0x155
03-29 18:28:44.848 25709 25709 E ArmVmp : Match on catch block at 0xc3 in for 0x141
03-29 18:28:44.852 25709 25709 E ArmVmp : Match on catch block at 0xc3 in for 0x159
03-29 18:28:44.865 25709 25709 E ArmVmp : Match on catch block at 0xc3 in for 0x145
03-29 18:28:44.868 25709 25709 E ArmVmp : Match on catch block at 0xc3 in for 0x141
03-29 18:28:44.881 25709 25709 E ArmVmp : Match on catch block at 0xc3 in for 0x149
03-29 18:28:44.885 25709 25709 E ArmVmp : Match on catch block at 0xc3 in for 0x145
03-29 18:28:44.897 25709 25709 E ArmVmp : Match on catch block at 0xc3 in for 0x14d
03-29 18:28:44.901 25709 25709 E ArmVmp : Match on catch block at 0xc3 in for 0x149
03-29 18:28:44.914 25709 25709 E ArmVmp : Match on catch block at 0xc3 in for 0x151
03-29 18:28:44.919 25709 25709 E ArmVmp : Match on catch block at 0xc3 in for 0x14d
03-29 18:28:44.935 25709 25709 E ArmVmp : Match on catch block at 0xc3 in for 0x155
03-29 18:28:44.938 25709 25709 E ArmVmp : Match on catch block at 0xc3 in for 0x151
03-29 18:28:44.950 25709 25709 E ArmVmp : Match on catch block at 0xc3 in for 0x145
03-29 18:28:44.953 25709 25709 E ArmVmp : Match on catch block at 0xc3 in for 0x141
03-29 18:28:44.964 25709 25709 E ArmVmp : Match on catch block at 0xc3 in for 0x149
03-29 18:28:44.967 25709 25709 E ArmVmp : Match on catch block at 0xc3 in for 0x145
03-29 18:28:44.980 25709 25709 E ArmVmp : Match on catch block at 0xc3 in for 0x14d
03-29 18:28:44.984 25709 25709 E ArmVmp : Match on catch block at 0xc3 in for 0x149
03-29 18:28:44.997 25709 25709 E ArmVmp : Match on catch block at 0xc3 in for 0x151
03-29 18:28:45.001 25709 25709 E ArmVmp : Match on catch block at 0xc3 in for 0x14d
03-29 18:28:45.096 25709 25709 E ArmVmp : Match on catch block at 0xc3 in for 0x141
03-29 18:28:45.098 25709 25709 E ArmVmp : Match on catch block at 0xc3 in for 0x159
03-29 18:28:45.329 25709 25709 E ArmVmp : Match on catch block at 0xc3 in for 0x151
03-29 18:28:45.332 25709 25709 E ArmVmp : Match on catch block at 0xc3 in for 0x14d
03-29 18:28:45.825 25709 25709 E ArmVmp : Match on catch block at 0xc3 in for 0x141
03-29 18:28:45.828 25709 25709 E ArmVmp : Match on catch block at 0xc3 in for 0x159
03-29 18:28:45.863 25709 25709 E ArmVmp : Match on catch block at 0xc3 in for 0x159
03-29 18:28:45.866 25709 25709 E ArmVmp : Match on catch block at 0xc3 in for 0x155
03-29 18:28:45.891 25709 25709 E ArmVmp : Match on catch block at 0xc3 in for 0x145
03-29 18:28:45.893 25709 25709 E ArmVmp : Match on catch block at 0xc3 in for 0x141
03-29 18:28:45.904 25709 25709 E ArmVmp : Match on catch block at 0xc3 in for 0x149
03-29 18:28:45.907 25709 25709 E ArmVmp : Match on catch block at 0xc3 in for 0x145
03-29 18:28:45.926 25709 25709 E ArmVmp : Match on catch block at 0xc3 in for 0x14d
03-29 18:28:45.930 25709 25709 E ArmVmp : Match on catch block at 0xc3 in for 0x149
03-29 18:28:45.942 25709 25709 E ArmVmp : Match on catch block at 0xc3 in for 0x151
03-29 18:28:45.946 25709 25709 E ArmVmp : Match on catch block at 0xc3 in for 0x14d
03-29 18:28:45.958 25709 25709 E ArmVmp : Match on catch block at 0xc3 in for 0x155
03-29 18:28:45.962 25709 25709 E ArmVmp : Match on catch block at 0xc3 in for 0x151
03-29 18:28:45.975 25709 25709 E ArmVmp : Match on catch block at 0xc3 in for 0x159
03-29 18:28:45.979 25709 25709 E ArmVmp : Match on catch block at 0xc3 in for 0x155
03-29 18:28:45.991 25709 25709 E ArmVmp : Match on catch block at 0xc3 in for 0x141
03-29 18:28:45.995 25709 25709 E ArmVmp : Match on catch block at 0xc3 in for 0x159
03-29 18:28:46.008 25709 25709 E ArmVmp : Match on catch block at 0xc3 in for 0x145
03-29 18:28:46.013 25709 25709 E ArmVmp : Match on catch block at 0xc3 in for 0x141
03-29 18:28:46.024 25709 25709 E ArmVmp : Match on catch block at 0xc3 in for 0x149
03-29 18:28:46.028 25709 25709 E ArmVmp : Match on catch block at 0xc3 in for 0x145
03-29 18:28:46.040 25709 25709 E ArmVmp : Match on catch block at 0xc3 in for 0x14d
03-29 18:28:46.044 25709 25709 E ArmVmp : Match on catch block at 0xc3 in for 0x149
03-29 18:28:46.130 25709 25709 E ArmVmp : Match on catch block at 0xc3 in for 0x141
03-29 18:28:46.132 25709 25709 E ArmVmp : Match on catch block at 0xc3 in for 0x159
03-29 18:28:46.146 25709 25709 E ArmVmp : Match on catch block at 0xc3 in for 0x149
03-29 18:28:46.148 25709 25709 E ArmVmp : Match on catch block at 0xc3 in for 0x145
03-29 18:28:46.372 25709 25709 E ArmVmp : Match on catch block at 0xc3 in for 0x159
03-29 18:28:46.374 25709 25709 E ArmVmp : Match on catch block at 0xc3 in for 0x155
03-29 18:28:46.538 25709 25709 E ArmVmp : Match on catch block at 0xc3 in for 0x159
03-29 18:28:46.541 25709 25709 E ArmVmp : Match on catch block at 0xc3 in for 0x155
03-29 18:28:46.556 25709 25709 E ArmVmp : Match on catch block at 0xc3 in for 0x14d
03-29 18:28:46.559 25709 25709 E ArmVmp : Match on catch block at 0xc3 in for 0x149
03-29 18:28:46.598 25709 25893 W MediaPlayer: Use of stream types is deprecated for operations other than volume control
03-29 18:28:46.598 25709 25893 W MediaPlayer: See the documentation of setAudioStreamType() for what to use instead with android.media.AudioAttributes to qualify your playback use case
03-29 18:28:46.870 25709 25709 E ArmVmp : Match on catch block at 0xc3 in for 0x151
03-29 18:28:46.873 25709 25709 E ArmVmp : Match on catch block at 0xc3 in for 0x14d
03-29 18:28:47.366 25709 25709 E ArmVmp : Match on catch block at 0xc3 in for 0x155
03-29 18:28:47.369 25709 25709 E ArmVmp : Match on catch block at 0xc3 in for 0x151
03-29 18:28:47.622 25709 25709 E ArmVmp : Match on catch block at 0xc3 in for 0x149
03-29 18:28:47.624 25709 25709 E ArmVmp : Match on catch block at 0xc3 in for 0x145
03-29 18:28:47.704 25709 25709 E IPCThreadState: attemptIncStrongHandle(77): Not supported
03-29 18:28:47.808 25709 25709 E ArmVmp : Match on catch block at 0xc3 in for 0x145
03-29 18:28:47.812 25709 25709 E ArmVmp : Match on catch block at 0xc3 in for 0x141
03-29 18:28:47.847 25709 25709 E ArmVmp : Match on catch block at 0xc3 in for 0x149
03-29 18:28:47.852 25709 25709 E ArmVmp : Match on catch block at 0xc3 in for 0x145
03-29 18:28:47.878 25709 25709 E ArmVmp : Match on catch block at 0xc3 in for 0x149
03-29 18:28:47.881 25709 25709 E ArmVmp : Match on catch block at 0xc3 in for 0x145
03-29 18:28:47.910 25709 25709 E ArmVmp : Match on catch block at 0xc3 in for 0x14d
03-29 18:28:47.914 25709 25709 E ArmVmp : Match on catch block at 0xc3 in for 0x149
03-29 18:28:47.934 25709 25709 E ArmVmp : Match on catch block at 0xc3 in for 0x149
03-29 18:28:47.938 25709 25709 E ArmVmp : Match on catch block at 0xc3 in for 0x145
03-29 18:28:47.957 25709 25709 E ArmVmp : Match on catch block at 0xc3 in for 0x145
03-29 18:28:47.961 25709 25709 E ArmVmp : Match on catch block at 0xc3 in for 0x141
03-29 18:28:48.309 25709 25709 E ArmVmp : Match on catch block at 0xc3 in for 0x149
03-29 18:28:48.312 25709 25709 E ArmVmp : Match on catch block at 0xc3 in for 0x145
03-29 18:29:42.283 25709 25709 E IPCThreadState: attemptIncStrongHandle(116): Not supported
03-29 18:29:42.283 25709 25709 E IPCThreadState: attemptIncStrongHandle(123): Not supported
03-29 18:29:49.162 30891 30891 W Lacrima_startup: type=1400 audit(0.0:1220469): avc: granted { execute } for path="/data/data/com.instagram.android/lib- compressed/libdistractutil.so" dev="dm-75" ino=39890 scontext=u:r:untrusted_app:s0:c36,c257,c512,c768 tcontext=u:object_r:app_data_file:s0:c36,c257,c512,c768 tclass=file app=com.mbwhatsapp
03-29 18:29:49.162 30891 30891 W Lacrima_startup: type=1400 audit(0.0:1220470): avc: granted { execute } for path="/data/data/com.instagram.android/lib- compressed/libfssync.so" dev="dm-75" ino=39905 scontext=u:r:untrusted_app:s0:c36,c257,c512,c768 tcontext=u:object_r:app_data_file:s0:c36,c257,c512,c768 tclass=file app=com.mbwhatsapp
03-29 18:29:49.182 30891 30891 W Lacrima_startup: type=1400 audit(0.0:1220471): avc: granted { execute } for path="/data/data/com.instagram.android/lib- compressed/libredexsharedmerged.so" dev="dm-75" ino=39830 scontext=u:r:untrusted_app:s0:c36,c257,c512,c768 tcontext=u:object_r:app_data_file:s0:c36,c257,c512,c768 tclass=file app=com.mbwhatsapp
03-29 18:29:49.182 30891 30891 W Lacrima_startup: type=1400 audit(0.0:1220472): avc: granted { execute } for path="/data/data/com.instagram.android/lib- compressed/libdextricksmerged.so" dev="dm-75" ino=39613 scontext=u:r:untrusted_app:s0:c36,c257,c512,c768 tcontext=u:object_r:app_data_file:s0:c36,c257,c512,c768 tclass=file app=com.mbwhatsapp
03-29 18:29:49.190 30891 30891 W Lacrima_startup: type=1400 audit(0.0:1220473): avc: granted { execute } for path="/data/data/com.instagram.android/lib- compressed/libloommerged_1.so" dev="dm-75" ino=39760 scontext=u:r:untrusted_app:s0:c36,c257,c512,c768 tcontext=u:object_r:app_data_file:s0:c36,c257,c512,c768 tclass=file app=com.mbwhatsapp
03-29 18:29:50.734 30891 30891 W SIMPLE_WORKER5: type=1400 audit(0.0:1220527): avc: granted { execute } for path="/data/data/com.instagram.android/lib-compressed/libliger.so" dev="dm-75" ino=39608 scontext=u:r:untrusted_app:s0:c36,c257,c512,c768 tcontext=u:object_r:app_data_file:s0:c36,c257,c512,c768 tclass=file app=com.mbwhatsapp
03-29 18:29:50.742 30891 30891 W SIMPLE_WORKER5: type=1400 audit(0.0:1220528): avc: granted { execute } for path="/data/data/com.instagram.android/modules/pytorch_aeb87f03ed8bc7824adc3558a5ed ab34f218fac3a3979cd3e4e113550a08ba9a/lib-compressed/armeabi-v7a/ libtorchmerged_pytorch_1.so" dev="dm-75" ino=37256 scontext=u:r:untrusted_app:s0:c36,c257,c512,c768 tcontext=u:object_r:app_data_file:s0:c36,c257,c512,c768 tclass=file app=com.mbwhatsapp
03-29 18:29:50.742 30891 30891 W SIMPLE_WORKER5: type=1400 audit(0.0:1220529): avc: granted { execute } for path="/data/data/com.instagram.android/modules/pytorch_aeb87f03ed8bc7824adc3558a5ed ab34f218fac3a3979cd3e4e113550a08ba9a/lib-compressed/armeabi-v7a/libxplat_third- party_NNPACK_NNPACKAndroid.so" dev="dm-75" ino=37065 scontext=u:r:untrusted_app:s0:c36,c257,c512,c768 tcontext=u:object_r:app_data_file:s0:c36,c257,c512,c768 tclass=file app=com.mbwhatsapp
03-29 18:29:50.746 30891 30891 W SIMPLE_WORKER5: type=1400 audit(0.0:1220530): avc: granted { execute } for path="/data/data/com.instagram.android/lib-compressed/libdextricksmerged_1.so" dev="dm-75" ino=39949 scontext=u:r:untrusted_app:s0:c36,c257,c512,c768 tcontext=u:object_r:app_data_file:s0:c36,c257,c512,c768 tclass=file app=com.mbwhatsapp
03-29 18:29:50.750 30891 30891 W SIMPLE_WORKER5: type=1400 audit(0.0:1220531): avc: granted { execute } for path="/data/data/com.instagram.android/lib-compressed/libtorchmerged.so" dev="dm- 75" ino=39698 scontext=u:r:untrusted_app:s0:c36,c257,c512,c768 tcontext=u:object_r:app_data_file:s0:c36,c257,c512,c768 tclass=file app=com.mbwhatsapp
03-29 18:30:09.806 32054 32054 W Lacrima_startup: type=1400 audit(0.0:1220611): avc: granted { execute } for path="/data/data/com.instagram.android/lib- compressed/libdistractutil.so" dev="dm-75" ino=39890 scontext=u:r:untrusted_app:s0:c36,c257,c512,c768 tcontext=u:object_r:app_data_file:s0:c36,c257,c512,c768 tclass=file app=com.mbwhatsapp
03-29 18:30:09.810 32054 32054 W Lacrima_startup: type=1400 audit(0.0:1220612): avc: granted { execute } for path="/data/data/com.instagram.android/lib- compressed/libfssync.so" dev="dm-75" ino=39905 scontext=u:r:untrusted_app:s0:c36,c257,c512,c768 tcontext=u:object_r:app_data_file:s0:c36,c257,c512,c768 tclass=file app=com.mbwhatsapp
03-29 18:30:09.838 32054 32054 W Lacrima_startup: type=1400 audit(0.0:1220613): avc: granted { execute } for path="/data/data/com.instagram.android/lib- compressed/libredexsharedmerged.so" dev="dm-75" ino=39830 scontext=u:r:untrusted_app:s0:c36,c257,c512,c768 tcontext=u:object_r:app_data_file:s0:c36,c257,c512,c768 tclass=file app=com.mbwhatsapp
03-29 18:30:09.842 32054 32054 W Lacrima_startup: type=1400 audit(0.0:1220614): avc: granted { execute } for path="/data/data/com.instagram.android/lib- compressed/libdextricksmerged.so" dev="dm-75" ino=39613 scontext=u:r:untrusted_app:s0:c36,c257,c512,c768 tcontext=u:object_r:app_data_file:s0:c36,c257,c512,c768 tclass=file app=com.mbwhatsapp
03-29 18:30:09.862 32054 32054 W Lacrima_startup: type=1400 audit(0.0:1220615): avc: granted { execute } for path="/data/data/com.instagram.android/lib- compressed/libloommerged_1.so" dev="dm-75" ino=39760 scontext=u:r:untrusted_app:s0:c36,c257,c512,c768 tcontext=u:object_r:app_da--------- beginning of main
03-29 18:30:49.451 3950 3950 E com.mbwhatsapp: Unknown bits set in runtime_flags: 0x40000000
03-29 18:30:49.459 3950 3950 E com.mbwhatsapp: Not starting debugger since process cannot load the jdwp agent.
03-29 18:30:49.468 3950 3950 W ziparchive: Unable to open '/system/framework/mediatek-framework.dm': No such file or directory
03-29 18:30:49.468 3950 3950 W ziparchive: Unable to open '/system/framework/mediatek-framework.dm': No such file or directory
03-29 18:30:49.481 3950 3966 E com.mbwhatsapp: Could not write anonymous vdex /system/framework/oat/arm64/mediatek-framework.vdex: Could not open /system/framework/oat/arm64/mediatek-framework.vdex for writing
03-29 18:30:49.543 3950 3950 W libc : Access denied finding property "ro.odm.prev.product.name"
03-29 18:30:50.397 3950 3950 W System.err: java.lang.ClassNotFoundException: mbmodsd.mbmodsw.ui.views.btn.BtnBK
03-29 18:30:50.400 3950 3950 W System.err: at java.lang.Runtime.nativeLoad(Native Method)
03-29 18:30:50.400 3950 3950 W System.err: at java.lang.Runtime.nativeLoad(Runtime.java:1121)
03-29 18:30:50.401 3950 3950 W System.err: at java.lang.Runtime.loadLibrary0(Runtime.java:1075)
03-29 18:30:50.401 3950 3950 W System.err: at java.lang.Runtime.loadLibrary0(Runtime.java:998)
03-29 18:30:50.401 3950 3950 W System.err: at java.lang.System.loadLibrary(System.java:1661)
03-29 18:30:50.401 3950 3950 W System.err: at arm.EpicVm.<clinit>(Unknown Source:2)
03-29 18:30:50.401 3950 3950 W System.err: at java.lang.Class.newInstance(Native Method)
03-29 18:30:50.401 3950 3950 W System.err: at android.app.AppComponentFactory.instantiateApplication(AppComponentFactory.java:76)
03-29 18:30:50.401 3950 3950 W System.err: at androidx.core.app.CoreComponentFactory.instantiateApplication(Unknown Source:0)
03-29 18:30:50.401 3950 3950 W System.err: at android.app.Instrumentation.newApplication(Instrumentation.java:1251)
03-29 18:30:50.401 3950 3950 W System.err: at android.app.LoadedApk.makeApplicationInner(LoadedApk.java:1507)
03-29 18:30:50.401 3950 3950 W System.err: at android.app.LoadedApk.makeApplicationInner(LoadedApk.java:1443)
03-29 18:30:50.401 3950 3950 W System.err: at android.app.ActivityThread.handleBindApplication(ActivityThread.java:7232)
03-29 18:30:50.401 3950 3950 W System.err: at android.app.ActivityThread.-$ $Nest$mhandleBindApplication(Unknown Source:0)
03-29 18:30:50.401 3950 3950 W System.err: at android.app.ActivityThread$H.handleMessage(ActivityThread.java:2307)
03-29 18:30:50.401 3950 3950 W System.err: at android.os.Handler.dispatchMessage(Handler.java:106)
03-29 18:30:50.401 3950 3950 W System.err: at android.os.Looper.loopOnce(Looper.java:240)
03-29 18:30:50.401 3950 3950 W System.err: at android.os.Looper.loop(Looper.java:351)
03-29 18:30:50.401 3950 3950 W System.err: at android.app.ActivityThread.main(ActivityThread.java:8436)
03-29 18:30:50.401 3950 3950 W System.err: at java.lang.reflect.Method.invoke(Native Method)
03-29 18:30:50.401 3950 3950 W System.err: at com.android.internal.os.RuntimeInit$MethodAndArgsCaller.run(RuntimeInit.java:568)
03-29 18:30:50.401 3950 3950 W System.err: at com.android.internal.os.ZygoteInit.main(ZygoteInit.java:1013)
03-29 18:30:50.569 3950 3950 E CustomActivityOnCrash: IMPORTANT WARNING! You already have an UncaughtExceptionHandler, are you sure this is correct? If you use a custom UncaughtExceptionHandler, you must initialize it AFTER CustomActivityOnCrash! Installing anyway, but your original handler will not be called.
03-29 18:30:53.239 3950 3950 W com.mbwhatsapp: Accessing hidden method Lcom/android/org/conscrypt/OpenSSLSocketImpl;->setUseSessionTickets(Z)V (max- target-q,core-platform-api, reflection, denied)
03-29 18:30:53.239 3950 3950 W com.mbwhatsapp: Accessing hidden method Lcom/android/org/conscrypt/AbstractConscryptSocket;->setUseSessionTickets(Z)V (max- target-q, reflection, denied)
03-29 18:30:53.846 3950 3950 E ANR_LOG : Blocked msg = { when=+4s348ms what=110 target=android.app.ActivityThr--------- beginning of main
03-29 18:30:53.859 3950 4780 W com.mbwhatsapp: Method void X.2rL.A03(java.lang.Integer) failed lock verification and will run slower.
03-29 18:30:53.859 3950 4780 W com.mbwhatsapp: Common causes for lock verification issues are non-optimized dex code
03-29 18:30:53.859 3950 4780 W com.mbwhatsapp: and incorrect proguard optimizations.
03-29 18:31:12.926 5869 5869 E com.mbwhatsapp: Unknown bits set in runtime_flags: 0x40000000
03-29 18:31:12.936 5869 5869 E com.mbwhatsapp: Not starting debugger since process cannot load the jdwp agent.
03-29 18:31:12.948 5869 5869 W ziparchive: Unable to open '/system/framework/mediatek-framework.dm': No such file or directory
03-29 18:31:12.948 5869 5869 W ziparchive: Unable to open '/system/framework/mediatek-framework.dm': No such file or directory
03-29 18:31:12.972 5869 5901 E com.mbwhatsapp: Could not write anonymous vdex /system/framework/oat/arm64/mediatek-framework.vdex: Could not open /system/framework/oat/arm64/mediatek-framework.vdex for writing
03-29 18:31:13.014 5869 5869 W libc : Access denied finding property "ro.odm.prev.product.name"
03-29 18:31:13.543 5869 5869 W System.err: java.lang.ClassNotFoundException: mbmodsd.mbmodsw.ui.views.btn.BtnBK
03-29 18:31:13.547 5869 5869 W System.err: at java.lang.Runtime.nativeLoad(Native Method)
03-29 18:31:13.547 5869 5869 W System.err: at java.lang.Runtime.nativeLoad(Runtime.java:1121)
03-29 18:31:13.547 5869 5869 W System.err: at java.lang.Runtime.loadLibrary0(Runtime.java:1075)
03-29 18:31:13.547 5869 5869 W System.err: at java.lang.Runtime.loadLibrary0(Runtime.java:998)
03-29 18:31:13.547 5869 5869 W System.err: at java.lang.System.loadLibrary(System.java:1661)
03-29 18:31:13.547 5869 5869 W System.err: at arm.EpicVm.<clinit>(Unknown Source:2)
03-29 18:31:13.547 5869 5869 W System.err: at java.lang.Class.newInstance(Native Method)
03-29 18:31:13.547 5869 5869 W System.err: at android.app.AppComponentFactory.instantiateApplication(AppComponentFactory.java:76)
03-29 18:31:13.547 5869 5869 W System.err: at androidx.core.app.CoreComponentFactory.instantiateApplication(Unknown Source:0)
03-29 18:31:13.547 5869 5869 W System.err: at android.app.Instrumentation.newApplication(Instrumentation.java:1251)
03-29 18:31:13.547 5869 5869 W System.err: at android.app.LoadedApk.makeApplicationInner(LoadedApk.java:1507)
03-29 18:31:13.547 5869 5869 W System.err: at android.app.LoadedApk.makeApplicationInner(LoadedApk.java:1443)
03-29 18:31:13.547 5869 5869 W System.err: at android.app.ActivityThread.handleBindApplication(ActivityThread.java:7232)
03-29 18:31:13.547 5869 5869 W System.err: at android.app.ActivityThread.-$ $Nest$mhandleBindApplication(Unknown Source:0)
03-29 18:31:13.547 5869 5869 W System.err: at android.app.ActivityThread$H.handleMessage(ActivityThread.java:2307)
03-29 18:31:13.547 5869 5869 W System.err: at android.os.Handler.dispatchMessage(Handler.java:106)
03-29 18:31:13.547 5869 5869 W System.err: at android.os.Looper.loopOnce(Looper.java:240)
03-29 18:31:13.547 5869 5869 W System.err: at android.os.Looper.loop(Looper.java:351)
03-29 18:31:13.548 5869 5869 W System.err: at android.app.ActivityThread.main(ActivityThread.java:8436)
03-29 18:31:13.548 5869 5869 W System.err: at java.lang.reflect.Method.invoke(Native Method)
03-29 18:31:13.548 5869 5869 W System.err: at com.android.internal.os.RuntimeInit$MethodAndArgsCaller.run(RuntimeInit.java:568)
03-29 18:31:13.548 5869 5869 W System.err: at com.android.internal.os.ZygoteInit.main(ZygoteInit.java:1013)
03-29 18:31:13.651 5869 5869 E CustomActivityOnCrash: IMPORTANT WARNING! You already have an UncaughtExceptionHandler, are you sure this is correct? If you use a custom UncaughtExceptionHandler, you must initialize it AFTER CustomActivityOnCrash! Installing anyway, but your original handler will not be called.
03-29 18:31:14.927 5869 5869 W com.mbwhatsapp: Accessing hidden method Lcom/android/org/conscrypt/OpenSSLSocketImpl;->setUseSessionTickets(Z)V (max- targ--------- beginning of main
03-29 18:31:14.928 5869 5869 W com.mbwhatsapp: Accessing hidden method Lcom/android/org/conscrypt/AbstractConscryptSocket;->setUseSessionTickets(Z)V (max- target-q, reflection, denied)
03-29 18:31:15.014 5869 5869 W com.mbwhatsapp: type=1400 audit(0.0:1220873): avc: granted { execute } for path="/data/data/com.mbwhatsapp/files/decompressed/libs.spk.zst/libc++_shared.so" dev="dm-75" ino=34004 scontext=u:r:untrusted_app:s0:c38,c257,c512,c768 tcontext=u:object_r:app_data_file:s0:c38,c257,c512,c768 tclass=file app=com.mbwhatsapp
03-29 18:31:15.034 5869 5869 W com.mbwhatsapp: type=1400 audit(0.0:1220874): avc: granted { execute } for path="/data/data/com.mbwhatsapp/files/decompressed/libs.spk.zst/libvlc.so" dev="dm- 75" ino=37727 scontext=u:r:untrusted_app:s0:c38,c257,c512,c768 tcontext=u:object_r:app_data_file:s0:c38,c257,c512,c768 tclass=file app=com.mbwhatsapp
03-29 18:31:15.054 5869 5869 W com.mbwhatsapp: type=1400 audit(0.0:1220875): avc: granted { execute } for path="/data/data/com.mbwhatsapp/files/decompressed/libs.spk.zst/libwhatsapp.so" dev="dm-75" ino=36919 scontext=u:r:untrusted_app:s0:c38,c257,c512,c768 tcontext=u:object_r:app_data_file:s0:c38,c257,c512,c768 tclass=file app=com.mbwhatsapp
03-29 18:31:15.166 5869 5869 W com.mbwhatsapp: type=1400 audit(0.0:1220876): avc: granted { execute } for path="/data/data/com.mbwhatsapp/files/decompressed/libs.spk.zst/libcurve25519.so" dev="dm-75" ino=36986 scontext=u:r:untrusted_app:s0:c38,c257,c512,c768 tcontext=u:object_r:app_data_file:s0:c38,c257,c512,c768 tclass=file app=com.mbwhatsapp
03-29 18:31:15.194 5869 5869 W com.mbwhatsapp: type=1400 audit(0.0:1220877): avc: granted { execute } for path="/data/data/com.mbwhatsapp/files/decompressed/libs.spk.zst/libwhatsapp.so" dev="dm-75" ino=36919 scontext=u:r:untrusted_app:s0:c38,c257,c512,c768 tcontext=u:object_r:app_data_file:s0:c38,c257,c512,c768 tclass=file app=com.mbwhatsapp
03-29 18:31:15.421 5869 6034 W com.mbwhatsapp: Method void X.2rL.A03(java.lang.Integer) failed lock verification and will run slower.
03-29 18:31:15.421 5869 6034 W com.mbwhatsapp: Common causes for lock verification issues are non-optimized dex code
03-29 18:31:15.421 5869 6034 W com.mbwhatsapp: and incorrect proguard optimizations.
03-29 18:31:15.422 5869 5869 E ANR_LOG : Blocked msg = { when=+2s443ms what=110 target=android.app.ActivityThread$H obj=AppBindData{appInfo=ApplicationInfo{94e3cd9 com.mbwhatsapp}} } , cost = 2443 ms
03-29 18:31:34.540 6587 6587 E com.mbwhatsapp: Unknown bits set in runtime_flags: 0x40000000
03-29 18:31:34.548 6587 6587 E com.mbwhatsapp: Not starting debugger since process cannot load the jdwp agent.
03-29 18:31:34.557 6587 6587 W ziparchive: Unable to open '/system/framework/mediatek-framework.dm': No such file or directory
03-29 18:31:34.557 6587 6587 W ziparchive: Unable to open '/system/framework/mediatek-framework.dm': No such file or directory
03-29 18:31:34.567 6587 6608 E com.mbwhatsapp: Could not write anonymous vdex /system/framework/oat/arm64/mediatek-framework.vdex: Could not open /system/framework/oat/arm64/mediatek-framework.vdex for writing
03-29 18:31:34.629 6587 6587 W libc : Access denied finding property "ro.odm.prev.product.name"
03-29 18:31:35.203 6587 6587 W System.err: java.lang.ClassNotFoundException: mbmodsd.mbmodsw.ui.views.btn.BtnBK
03-29 18:31:35.206 6587 6587 W System.err: at java.lang.Runtime.nativeLoad(Native Method)
03-29 18:31:35.206 6587 6587 W System.err: at java.lang.Runtime.nativeLoad(Runtime.java:1121)
03-29 18:31:35.206 6587 6587 W System.err: at java.lang.Runtime.loadLibrary0(Runtime.java:1075)
03-29 18:31:35.206 6587 6587 W System.err: at java.lang.Runtime.loadLibrary0(Runtime.java:998)
03-29 18:31:35.206 6587 6587 W System.err: at java.lang.System.loadLibrary(System.java:1661)
03-29 18:31:35.206 6587 6587 W System.err: at arm.EpicVm.<clinit>(Unknown Source:2)
03-29 18:31:35.206 6587 6587 W System.err: at java.lang.Class.newInstance(Native Method)
03-29 18:31:35.206 6587 6587 W System.err: at andr--------- beginning of main
03-29 18:32:53.898 10252 10252 W Lacrima_startup: type=1400 audit(0.0:1221187): avc: granted { execute } for path="/data/data/com.instagram.android/lib- compressed/libdistractutil.so" dev="dm-75" ino=39890 scontext=u:r:untrusted_app:s0:c36,c257,c512,c768 tcontext=u:object_r:app_data_file:s0:c36,c257,c512,c768 tclass=file app=com.mbwhatsapp
03-29 18:32:53.914 10252 10252 W Lacrima_startup: type=1400 audit(0.0:1221188): avc: granted { execute } for path="/data/data/com.instagram.android/lib- compressed/libfssync.so" dev="dm-75" ino=39905 scontext=u:r:untrusted_app:s0:c36,c257,c512,c768 tcontext=u:object_r:app_data_file:s0:c36,c257,c512,c768 tclass=file app=com.mbwhatsapp
03-29 18:32:54.094 10252 10252 W stagram.android: type=1400 audit(0.0:1221189): avc: granted { execute } for path="/data/data/com.instagram.android/lib- compressed/libredexsharedmerged.so" dev="dm-75" ino=39830 scontext=u:r:untrusted_app:s0:c36,c257,c512,c768 tcontext=u:object_r:app_data_file:s0:c36,c257,c512,c768 tclass=file app=com.mbwhatsapp
03-29 18:32:54.138 10252 10252 W stagram.android: type=1400 audit(0.0:1221190): avc: granted { execute } for path="/data/data/com.instagram.android/lib- compressed/libdextricksmerged.so" dev="dm-75" ino=39613 scontext=u:r:untrusted_app:s0:c36,c257,c512,c768 tcontext=u:object_r:app_data_file:s0:c36,c257,c512,c768 tclass=file app=com.mbwhatsapp
03-29 18:32:54.198 10252 10252 W Lacrima_startup: type=1400 audit(0.0:1221191): avc: granted { execute } for path="/data/data/com.instagram.android/lib- compressed/libloommerged_1.so" dev="dm-75" ino=39760 scontext=u:r:untrusted_app:s0:c36,c257,c512,c768 tcontext=u:object_r:app_data_file:s0:c36,c257,c512,c768 tclass=file app=com.mbwhatsapp
03-29 18:32:54.258 10252 10252 W Lacrima_startup: type=1400 audit(0.0:1221192): avc: granted { execute } for path="/data/data/com.instagram.android/lib- compressed/libloommerged.so" dev="dm-75" ino=39614 scontext=u:r:untrusted_app:s0:c36,c257,c512,c768 tcontext=u:object_r:app_data_file:s0:c36,c257,c512,c768 tclass=file app=com.mbwhatsapp
03-29 18:32:54.278 10252 10252 W Lacrima_startup: type=1400 audit(0.0:1221193): avc: granted { execute } for path="/data/data/com.instagram.android/lib- compressed/libpthread_interceptor.so" dev="dm-75" ino=39805 scontext=u:r:untrusted_app:s0:c36,c257,c512,c768 tcontext=u:object_r:app_data_file:s0:c36,c257,c512,c768 tclass=file app=com.mbwhatsapp
03-29 18:32:54.298 10252 10252 W Lacrima_startup: type=1400 audit(0.0:1221194): avc: granted { execute } for path="/data/data/com.instagram.android/lib- compressed/libappstatelogger2.so" dev="dm-75" ino=39729 scontext=u:r:untrusted_app:s0:c36,c257,c512,c768 tcontext=u:object_r:app_data_file:s0:c36,c257,c512,c768 tclass=file app=com.mbwhatsapp
