03-29 21:57:54.491 30998 31198 E SQLiteDatabase: Error inserting transferred=1 media_job_uuid=dcf32b21-c16c-426d-9d98-b9a72aa7000b transcoded=0 gif_attribution=0 first_scan_length=0 direct_path=/v/t62.7161- 24/27344053_2166016817070369_7987462469528337087_n.enc?ccb=11-4&oh=01_ASCt- nZavdgugYnQlZbnniy8__E_1fC3OCR36IHI9NkaKw&oe=662E6302&_nc_sid=5e03e0 thumbnail_height_width_ratio=1.7777778 is_animated_sticker=0 file_hash=mj0VVTOmhoi3mqnl5oo3CaK3sFSjsccv8w6C3lRJfiA= file_path=Media/.Statuses/5711cc4ddfda415faf1f5ace255032e7.mp4 file_size=2811497 partial_media_hash=null face_x=0 face_y=0 height=640 trim_to=0 media_key_timestamp=1711723828000 message_url=https://mmg.whatsapp.net/v/t62.7161- 24/27344053_2166016817070369_7987462469528337087_n.enc?ccb=11-4&oh=01_ASCt- nZavdgugYnQlZbnniy8__E_1fC3OCR36IHI9NkaKw&oe=662E6302&_nc_sid=5e03e0&mms3=true media_caption=null trim_from=0 mime_type=video/mp4 partial_media_enc_hash=null width=360 original_file_hash=null has_streaming_sidecar=1 autotransfer_retry_enabled=1 media_upload_handle=null message_row_id=12763 multicast_id=null enc_file_hash=e2rrg3Yu9P9YIMkwhGu/luzy0sEhs0nMgYBBTVJ8k/c= mute_video=0 page_count=0 first_scan_sidecar=null suspicious_content=0 file_length=2811497 media_name=null media_duration=30 chat_row_id=19 media_key=[B@2af9727
03-29 21:57:54.491 30998 31198 E SQLiteDatabase: android.database.sqlite.SQLiteConstraintException: UNIQUE constraint failed: message_media.message_row_id (code 1555 SQLITE_CONSTRAINT_PRIMARYKEY)
03-29 21:57:54.491 30998 31198 E SQLiteDatabase: at android.database.sqlite.SQLiteConnection.nativeExecuteForLastInsertedRowId(Native Method)
03-29 21:57:54.491 30998 31198 E SQLiteDatabase: at android.database.sqlite.SQLiteConnection.executeForLastInsertedRowId(SQLiteConnecti on.java:967)
03-29 21:57:54.491 30998 31198 E SQLiteDatabase: at android.database.sqlite.SQLiteSession.executeForLastInsertedRowId(SQLiteSession.jav a:790)
03-29 21:57:54.491 30998 31198 E SQLiteDatabase: at android.database.sqlite.SQLiteStatement.executeInsert(SQLiteStatement.java:89)
03-29 21:57:54.491 30998 31198 E SQLiteDatabase: at android.database.sqlite.SQLiteDatabase.insertWithOnConflict(SQLiteDatabase.java:186 8)
03-29 21:57:54.491 30998 31198 E SQLiteDatabase: at android.database.sqlite.SQLiteDatabase.insert(SQLiteDatabase.java:1737)
03-29 21:57:54.491 30998 31198 E SQLiteDatabase: at X.2tm.A08(Unknown Source:6)
03-29 21:57:54.491 30998 31198 E SQLiteDatabase: at X.35Y.A07(Unknown Source:212)
03-29 21:57:54.491 30998 31198 E SQLiteDatabase: at X.3QF.A14(Unknown Source:470)
03-29 21:57:54.491 30998 31198 E SQLiteDatabase: at X.3gU.run(Unknown Source:982)
03-29 21:57:54.491 30998 31198 E SQLiteDatabase: at android.os.Handler.handleCallback(Handler.java:942)
03-29 21:57:54.491 30998 31198 E SQLiteDatabase: at android.os.Handler.dispatchMessage(Handler.java:99)
03-29 21:57:54.491 30998 31198 E SQLiteDatabase: at X.0zq.dispatchMessage(Unknown Source:4)
03-29 21:57:54.491 30998 31198 E SQLiteDatabase: at android.os.Looper.loopOnce(Looper.java:240)
03-29 21:57:54.491 30998 31198 E SQLiteDatabase: at android.os.Looper.loop(Looper.java:351)
03-29 21:57:54.491 30998 31198 E SQLiteDatabase: at android.os.HandlerThread.run(HandlerThread.java:67)
03-29 21:57:56.579 30998 31198 E SQLiteDatabase: Error inserting transferred=0 media_job_uuid=f6a61a2d-a229-4a7a-a105-7400ef941bfc transcoded=0 gif_attribution=0 first_scan_length=0 direct_path=/v/t62.7161- 24/12514847_1474750330059679_4768979053008939109_n.enc?ccb=11- 4&oh=01_ASCnanSSWOHWLgs-0S1GLC5N52Kuv9_XcqL9seKGGGV3EA&oe=662E5235&_nc_sid=5e03e0 thumbnail_height_width_ratio=1.8113208 is_animated_sticker=0 file_hash=+lo4fNONgFA+mTZAV8Plomuv9ML4KKA9ie14yONB/10= file_path=null file_size=0 partial_media_hash=null face_x=0 face_y=0 height=640 trim_to=0 media_key_timestamp=1711723386000 message_url=https://mmg.whatsapp.net/v/t62.7161- 24/12514847_1474750330059679_4768979053008939109_n.enc?ccb=11- 4&oh=01_ASCnanSSWOHWLgs- 0S1GLC5N52Kuv9_XcqL9seKGGGV3EA&oe=662E5235&_nc_sid=5e03e0&mms3=true media_caption=null trim_from=0 mime_type=video/mp4 partial_media_enc_hash=null width=352 original_file_hash=null has_streaming_sidecar=1 autotransfer_retry_enabled=1 media_upload_handle=null message_row_id=12762 multicast_id=null enc_file_hash=EO20xQM+1V4HyH44hYbCpcRjmV9ccLK6TpAmPxUbN+I= mute_video=0 page_count=0 first_scan_sidecar=null suspicious_content=0 file_length=2220050 media_name=null media_duration=19 chat_row_id=19 media_key=[B@d832bde
03-29 21:57:56.579 30998 31198 E SQLiteDatabase: android.database.sqlite.SQLiteConstraintException: UNIQUE constraint failed: message_media.message_row_id (code 1555 SQLITE_CONSTRAINT_PRIMARYKEY)
03-29 21:57:56.579 30998 31198 E SQLiteDatabase: at android.database.sqlite.SQLiteConnection.nativeExecuteForLastInsertedRowId(Native Method)
03-29 21:57:56.579 30998 31198 E SQLiteDatabase: at android.database.sqlite.SQLiteConnection.executeForLastInsertedRowId(SQLiteConnecti on.java:967)
03-29 21:57:56.579 30998 31198 E SQLiteDatabase: at android.database.sqlite.SQLiteSession.executeForLastInsertedRowId(SQLiteSession.jav a:790)
03-29 21:57:56.579 30998 31198 E SQLiteDatabase: at android.database.sqlite.SQLiteStatement.executeInsert(SQLiteStatement.java:89)
03-29 21:57:56.579 30998 31198 E SQLiteDatabase: at android.database.sqlite.SQLiteDatabase.insertWithOnConflict(SQLiteDatabase.java:186 8)
03-29 21:57:56.579 30998 31198 E SQLiteDatabase: at android.database.sqlite.SQLiteDatabase.insert(SQLiteDatabase.java:1737)
03-29 21:57:56.579 30998 31198 E SQLiteDatabase: at X.2tm.A08(Unknown Source:6)
03-29 21:57:56.579 30998 31198 E SQLiteDatabase: at X.35Y.A07(Unknown Source:212)
03-29 21:57:56.579 30998 31198 E SQLiteDatabase: at X.3QF.A14(Unknown Source:470)
03-29 21:57:56.579 30998 31198 E SQLiteDatabase: at X.3gU.run(Unknown Source:982)
03-29 21:57:56.579 30998 31198 E SQLiteDatabase: at android.os.Handler.handleCallback(Handler.java:942)
03-29 21:57:56.579 30998 31198 E SQLiteDatabase: at android.os.Handler.dispatchMessage(Handler.java:99)
03-29 21:57:56.579 30998 31198 E SQLiteDatabase: at X.0zq.dispatchMessage(Unknown Source:4)
03-29 21:57:56.579 30998 31198 E SQLiteDatabase: at android.os.Looper.loopOnce(Looper.java:240)
03-29 21:57:56.579 30998 31198 E SQLiteDatabase: at android.os.Looper.loop(Looper.java:351)
03-29 21:57:56.579 30998 31198 E SQLiteDatabase: at android.os.HandlerThread.run(HandlerThread.java:67)
03-29 21:58:04.711 30998 30998 E ArmVmp : Match on catch block at 0x8d in for 0x1c1
03-29 21:58:04.719 30998 30998 E ArmVmp : Match on catch block at 0x8d in for 0x1cd
03-29 21:58:04.749 30998 32295 W Codec2Client: query -- param skipped: index = 1342179345.
03-29 21:58:04.750 30998 32295 W Codec2Client: query -- param skipped: index = 2415921170.
03-29 21:58:04.750 30998 32295 W Codec2Client: query -- param skipped: index = 1610614798.
03-29 21:58:04.756 30998 32305 W Codec2Client: query -- param skipped: index = 1342179345.
03-29 21:58:04.756 30998 32305 W Codec2Client: query -- param skipped: index = 2415921170.
03-29 21:58:04.757 30998 32305 W Codec2Client: query -- param skipped: index = 1610614798.
03-29 21:58:04.774 30998 30998 W BottomSheetBehavior: BottomSheetBehavior now supports multiple callbacks. `setBottomSheetCallback()` removes all existing callbacks, including ones set internally by library authors, which may result in unintended behavior. This may change in the future. Please use `addBottomSheetCallback()` and `removeBottomSheetCallback()` instead to set your own callbacks.
03-29 21:58:04.774 30998 30998 W BottomSheetBehavior: BottomSheetBehavior now supports multiple callbacks. `setBottomSheetCallback()` removes all existing callbacks, including ones set internally by library authors, which may result in unintended behavior. This may change in the future. Please use `addBottomSheetCallback()` and `removeBottomSheetCallback()` instead to set your own callbacks.
03-29 21:58:04.811 30998 30998 W BottomSheetBehavior: BottomSheetBehavior now supports multiple callbacks. `setBottomSheetCallback()` removes all existing callbacks, including ones set internally by library authors, which may result in unintended behavior. This may change in the future. Please use `addBottomSheetCallback()` and `removeBottomSheetCallback()` instead to set your own callbacks.
03-29 21:58:04.811 30998 30998 W BottomSheetBehavior: BottomSheetBehavior now supports multiple callbacks. `setBottomSheetCallback()` removes all existing callbacks, including ones set internally by library authors, which may result in unintended behavior. This may change in the future. Please use `addBottomSheetCallback()` and `removeBottomSheetCallback()` instead to set your own callbacks.
03-29 21:58:04.824 30998 30998 E RecyclerView: No adapter attached; skipping layout
03-29 21:58:05.515 30998 32293 W libc : Access denied finding property "vendor.oplus.media.vpp.stutter"
03-29 21:58:05.549 30998 32367 W ColorUtils: expected specified color aspects (2:0:0:0)
03-29 21:58:05.553 30998 32366 W AString : ctor got NULL, using empty string instead
03-29 21:58:05.562 30998 32367 W Codec2Client: query -- param skipped: index = 1107298332.
03-29 21:58:05.562 30998 32367 W CCodec : This behavior is subject to change. It is recommended that app developers double check whether the requested max input size is in reasonable range.
03-29 21:58:05.569 30998 32367 W Codec2Client: query -- param skipped: index = 1342179345.
03-29 21:58:05.569 30998 32367 W Codec2Client: query -- param skipped: index = 2415921170.
03-29 21:58:05.569 30998 32367 W Codec2Client: query -- param skipped: index = 1610614798.
03-29 21:58:11.026 30998 32366 W Codec2Client: query -- param skipped: index = 1342179345.
03-29 21:58:11.026 30998 32366 W Codec2Client: query -- param skipped: index = 2415921170.
03-29 21:58:11.026 30998 32366 W Codec2Client: query -- param skipped: index = 1610614798.
03-29 21:58:11.325 30998 31198 E SQLiteDatabase: Error inserting transferred=1 media_job_uuid=f6a61a2d-a229-4a7a-a105-7400ef941bfc transcoded=0 gif_attribution=0 first_scan_length=0 direct_path=/v/t62.7161- 24/12514847_1474750330059679_4768979053008939109_n.enc?ccb=11- 4&oh=01_ASCnanSSWOHWLgs-0S1GLC5N52Kuv9_XcqL9seKGGGV3EA&oe=662E5235&_nc_sid=5e03e0 thumbnail_height_width_ratio=1.8113208 is_animated_sticker=0 file_hash=+lo4fNONgFA+mTZAV8Plomuv9ML4KKA9ie14yONB/10= file_path=Media/.Statuses/6ab6c6217bfc4949b3c1e34e19e6f30d.mp4 file_size=2220050 partial_media_hash=null face_x=0 face_y=0 height=640 trim_to=0 media_key_timestamp=1711723386000 message_url=https://mmg.whatsapp.net/v/t62.7161- 24/12514847_1474750330059679_4768979053008939109_n.enc?ccb=11- 4&oh=01_ASCnanSSWOHWLgs- 0S1GLC5N52Kuv9_XcqL9seKGGGV3EA&oe=662E5235&_nc_sid=5e03e0&mms3=true media_caption=null trim_from=0 mime_type=video/mp4 partial_media_enc_hash=null width=352 original_file_hash=null has_streaming_sidecar=1 autotransfer_retry_enabled=1 media_upload_handle=null message_row_id=12762 multicast_id=null enc_file_hash=EO20xQM+1V4HyH44hYbCpcRjmV9ccLK6TpAmPxUbN+I= mute_video=0 page_count=0 first_scan_sidecar=null suspicious_content=0 file_length=2220050 media_name=null media_duration=19 chat_row_id=19 media_key=[B@d832bde
03-29 21:58:11.325 30998 31198 E SQLiteDatabase: android.database.sqlite.SQLiteConstraintException: UNIQUE constraint failed: message_media.message_row_id (code 1555 SQLITE_CONSTRAINT_PRIMARYKEY)
03-29 21:58:11.325 30998 31198 E SQLiteDatabase: at android.database.sqlite.SQLiteConnection.nativeExecuteForLastInsertedRowId(Native Method)
03-29 21:58:11.325 30998 31198 E SQLiteDatabase: at android.database.sqlite.SQLiteConnection.executeForLastInsertedRowId(SQLiteConnecti on.java:967)
03-29 21:58:11.325 30998 31198 E SQLiteDatabase: at android.database.sqlite.SQLiteSession.executeForLastInsertedRowId(SQLiteSession.jav a:790)
03-29 21:58:11.325 30998 31198 E SQLiteDatabase: at android.database.sqlite.SQLiteStatement.executeInsert(SQLiteStatement.java:89)
03-29 21:58:11.325 30998 31198 E SQLiteDatabase: at android.database.sqlite.SQLiteDatabase.insertWithOnConflict(SQLiteDatabase.java:186 8)
03-29 21:58:11.325 30998 31198 E SQLiteDatabase: at android.database.sqlite.SQLiteDatabase.insert(SQLiteDatabase.java:1737)
03-29 21:58:11.325 30998 31198 E SQLiteDatabase: at X.2tm.A08(Unknown Source:6)
03-29 21:58:11.325 30998 31198 E SQLiteDatabase: at X.35Y.A07(Unknown Source:212)
03-29 21:58:11.325 30998 31198 E SQLiteDatabase: at X.3QF.A14(Unknown Source:470)
03-29 21:58:11.325 30998 31198 E SQLiteDatabase: at X.3gU.run(Unknown Source:982)
03-29 21:58:11.325 30998 31198 E SQLiteDatabase: at android.os.Handler.handleCallback(Handler.java:942)
03-29 21:58:11.325 30998 31198 E SQLiteDatabase: at android.os.Handler.dispatchMessage(Handler.java:99)
03-29 21:58:11.325 30998 31198 E SQLiteDatabase: at X.0zq.dispatchMessage(Unknown Source:4)
03-29 21:58:11.325 30998 31198 E SQLiteDatabase: at android.os.Looper.loopOnce(Looper.java:240)
03-29 21:58:11.325 30998 31198 E SQLiteDatabase: at android.os.Looper.loop(Looper.java:351)
03-29 21:58:11.325 30998 31198 E SQLiteDatabase: at android.os.HandlerThread.run(HandlerThread.java:67)
03-29 21:58:11.672 30998 31198 E SQLiteDatabase: Error inserting transferred=0 media_job_uuid=7a09b090-24b4-42fb-82b6-e5f681cf83f2 transcoded=0 gif_attribution=0 first_scan_length=0 direct_path=/v/t62.7161- 24/41160928_401548845819881_3414414335195035649_n.enc?ccb=11- 4&oh=01_ASCjP74Pvh_m0PNknDIvKQMzOryZWSINSOc3dc7Z1jCpUA&oe=662E546D&_nc_sid=5e03e0 thumbnail_height_width_ratio=0.5520833 is_animated_sticker=0 file_hash=utI4D2mFy6Sps+VbWpNDKetPhevjNNbpdYEfuun/J/w= file_path=null file_size=0 partial_media_hash=null face_x=0 face_y=0 height=352 trim_to=0 media_key_timestamp=1711722367000 message_url=https://mmg.whatsapp.net/v/t62.7161- 24/41160928_401548845819881_3414414335195035649_n.enc?ccb=11- 4&oh=01_ASCjP74Pvh_m0PNknDIvKQMzOryZWSINSOc3dc7Z1jCpUA&oe=662E546D&_nc_sid=5e03e0&m ms3=true media_caption=null trim_from=0 mime_type=video/mp4 partial_media_enc_hash=null width=640 original_file_hash=null has_streaming_sidecar=1 autotransfer_retry_enabled=1 media_upload_handle=null message_row_id=12757 multicast_id=null enc_file_hash=Hg8bkkpwu4wKa5XZzg4huNMBpKI43SmJdQM1oR31aUU= mute_video=0 page_count=0 first_scan_sidecar=null suspicious_content=0 file_length=1181980 media_name=null media_duration=19 chat_row_id=19 media_key=[B@1d35181
03-29 21:58:11.672 30998 31198 E SQLiteDatabase: android.database.sqlite.SQLiteConstraintException: UNIQUE constraint failed: message_media.message_row_id (code 1555 SQLITE_CONSTRAINT_PRIMARYKEY)
03-29 21:58:11.672 30998 31198 E SQLiteDatabase: at android.database.sqlite.SQLiteConnection.nativeExecuteForLastInsertedRowId(Native Method)
03-29 21:58:11.672 30998 31198 E SQLiteDatabase: at android.database.sqlite.SQLiteConnection.executeForLastInsertedRowId(SQLiteConnecti on.java:967)
03-29 21:58:11.672 30998 31198 E SQLiteDatabase: at android.database.sqlite.SQLiteSession.executeForLastInsertedRowId(SQLiteSession.jav a:790)
03-29 21:58:11.672 30998 31198 E SQLiteDatabase: at android.database.sqlite.SQLiteStatement.executeInsert(SQLiteStatement.java:89)
03-29 21:58:11.672 30998 31198 E SQLiteDatabase: at android.database.sqlite.SQLiteDatabase.insertWithOnConflict(SQLiteDatabase.java:186 8)
03-29 21:58:11.672 30998 31198 E SQLiteDatabase: at android.database.sqlite.SQLiteDatabase.insert(SQLiteDatabase.java:1737)
03-29 21:58:11.672 30998 31198 E SQLiteDatabase: at X.2tm.A08(Unknown Source:6)
03-29 21:58:11.672 30998 31198 E SQLiteDatabase: at X.35Y.A07(Unknown Source:212)
03-29 21:58:11.672 30998 31198 E SQLiteDatabase: at X.3QF.A14(Unknown Source:470)
03-29 21:58:11.672 30998 31198 E SQLiteDatabase: at X.3gU.run(Unknown Source:982)
03-29 21:58:11.672 30998 31198 E SQLiteDatabase: at android.os.Handler.handleCallback(Handler.java:942)
03-29 21:58:11.672 30998 31198 E SQLiteDatabase: at android.os.Handler.dispatchMessage(Handler.java:99)
03-29 21:58:11.672 30998 31198 E SQLiteDatabase: at X.0zq.dispatchMessage(Unknown Source:4)
03-29 21:58:11.672 30998 31198 E SQLiteDatabase: at android.os.Looper.loopOnce(Looper.java:240)
03-29 21:58:11.672 30998 31198 E SQLiteDatabase: at android.os.Looper.loop(Looper.java:351)
03-29 21:58:11.672 30998 31198 E SQLiteDatabase: at android.os.HandlerThread.run(HandlerThread.java:67)
03-29 21:58:13.259 30998 30998 W TabLayout: MODE_SCROLLABLE + GRAVITY_FILL is not supported, GRAVITY_START will be used instead
03-29 21:58:13.364 30998 30998 W BottomSheetBehavior: BottomSheetBehavior now supports multiple callbacks. `setBottomSheetCallback()` removes all existing callbacks, including ones set internally by library authors, which may result in unintended behavior. This may change in the future. Please use `addBottomSheetCallback()` and `removeBottomSheetCallback()` instead to set your own callbacks.
03-29 21:58:13.441 30998 30998 E OplusBracketLog: [OplusViewMirrorManager] updateHostViewRootIfNeeded, not support android.view.ViewRootImpl@298acb1
03-29 21:58:13.539 30998 30998 E IPCThreadState: attemptIncStrongHandle(104): Not supported
03-29 21:58:13.550 30998 30998 W View : requestLayout() improperly called by com.mbwhatsapp.WaImageView{8e082cf VF.D..CL. ......ID 0,0-109,109 #7f0b1814 app:id/shutter viewInfo = } during layout: running second layout pass
03-29 21:58:13.550 30998 30998 W View : requestLayout() improperly called by com.mbwhatsapp.CircularProgressBar{a8cf45c V.ED..... ......ID 0,0-109,109 #7f0b14fc app:id/recording_progress viewInfo = } during layout: running second layout pass
03-29 21:58:13.550 30998 30998 W View : requestLayout() improperly called by com.mbwhatsapp.WaImageView{ba04365 VF.D..C.. ......ID 0,0-82,82 #7f0b1976 app:id/switch_camera_btn viewInfo = } during layout: running second layout pass
03-29 21:58:13.551 30998 30998 W View : requestLayout() improperly called by com.mbwhatsapp.WaImageView{ce3a83a VFED..C.. ......ID 0,0-82,82 #7f0b0b0d app:id/gallery_btn viewInfo = } during layout: running second layout pass
03-29 21:58:13.551 30998 30998 W View : requestLayout() improperly called by com.mbwhatsapp.WaImageView{10c7ceb VF.D..C.. ......ID 0,0-82,82 #7f0b0a9c app:id/flash_btn viewInfo = } during layout: running second layout pass
03-29 21:58:13.551 30998 30998 W View : requestLayout() improperly called by com.mbwhatsapp.WaImageView{922fa48 VFED..C.. ......ID 0,0-82,82 #7f0b057f app:id/close_camera_btn viewInfo = } during layout: running second layout pass
03-29 21:58:13.551 30998 30998 W View : requestLayout() improperly called by X.4Ki{7d6b0e1 V.ED..... ......ID 0,3-720,85 viewInfo = } during layout: running second layout pass
03-29 21:58:13.551 30998 30998 W View : requestLayout() improperly called by androidx.appcompat.view.menu.ActionMenuItemView{f540e06 VFED..CL. ......ID 0,6- 82,88 #7f0b0fe8 app:id/more viewInfo = } during layout: running second layout pass
03-29 21:58:13.551 30998 30998 W View : requestLayout() improperly called by androidx.appcompat.widget.ActionMenuView{1b3fcc7 V.E...... ......ID 638,0-720,95 viewInfo = } during layout: running second layout pass
03-29 21:58:13.572 30998 31307 W Parcel : Expecting binder but got null!
03-29 21:58:13.593 30998 30998 W View : requestLayout() improperly called by com.mbwhatsapp.WaImageView{8e082cf VF.D..CL. ......ID 305,1147-414,1256 #7f0b1814 app:id/shutter viewInfo = } during layout: running second layout pass
03-29 21:58:13.594 30998 30998 W View : requestLayout() improperly called by com.mbwhatsapp.CircularProgressBar{a8cf45c V.ED..... ......ID 305,1147-414,1256 #7f0b14fc app:id/recording_progress viewInfo = } during layout: running second layout pass
03-29 21:58:13.594 30998 30998 W View : requestLayout() improperly called by com.mbwhatsapp.WaImageView{ba04365 VF.D..C.. ......ID 626,1162-708,1244 #7f0b1976 app:id/switch_camera_btn viewInfo = } during layout: running second layout pass
03-29 21:58:13.594 30998 30998 W View : requestLayout() improperly called by com.mbwhatsapp.WaImageView{ce3a83a VFED..C.. ......ID 12,1162-94,1244 #7f0b0b0d app:id/gallery_btn viewInfo = } during layout: running second layout pass
03-29 21:58:13.594 30998 30998 W View : requestLayout() improperly called by com.mbwhatsapp.WaImageView{10c7ceb VF.D..C.. ......ID 626,12-708,94 #7f0b0a9c app:id/flash_btn viewInfo = } during layout: running second layout pass
03-29 21:58:13.594 30998 30998 W View : requestLayout() improperly called by com.mbwhatsapp.WaImageView{922fa48 VFED..C.. ......I. 12,12-94,94 #7f0b057f app:id/close_camera_btn viewInfo = } during layout: running second layout pass
03-29 21:58:14.155 30998 31008 W System : A resource failed to call CursorWrapperInner.close.
03-29 21:58:15.607 30998 31307 E FrameEvents: updateAcquireFence: Did not find frame.
03-29 21:58:15.832 30998 30998 E OplusBracketLog: [OplusViewMirrorManager] updateHostViewRootIfNeeded, not support android.view.ViewRootImpl@e882997
03-29 21:58:15.860 30998 30998 E IPCThreadState: attemptIncStrongHandle(76): Not supported
03-29 21:58:15.935 30998 30998 W BottomSheetBehavior: BottomSheetBehavior now supports multiple callbacks. `setBottomSheetCallback()` removes all existing callbacks, including ones set internally by library authors, which may result in unintended behavior. This may change in the future. Please use `addBottomSheetCallback()` and `removeBottomSheetCallback()` instead to set your own callbacks.
03-29 21:58:15.951 30998 30998 E RecyclerView: No adapter attached; skipping layout
03-29 21:58:15.967 30998 30998 E RecyclerView: No adapter attached; skipping layout
03-29 21:58:16.095 30998 31307 W Parcel : Expecting binder but got null!
03-29 21:58:17.214 30998 31008 W System : A resource failed to call HardwareBuffer.close.
03-29 21:58:17.993 30998 30998 E IPCThreadState: attemptIncStrongHandle(345): Not supported
03-29 21:58:18.010 30998 31307 E FrameEvents: updateAcquireFence: Did not find frame.
03-29 21:58:18.575 30998 30998 W BottomSheetBehavior: BottomSheetBehavior now supports multiple callbacks. `setBottomSheetCallback()` removes all existing callbacks, including ones set internally by library authors, which may result in unintended behavior. This may change in the future. Please use `addBottomSheetCallback()` and `removeBottomSheetCallback()` instead to set your own callbacks.
03-29 21:58:18.910 30998 31307 E FrameEvents: updateAcquireFence: Did not find frame.
03-29 21:58:19.002 30998 30998 E OplusBracketLog: [OplusViewMirrorManager] updateHostViewRootIfNeeded, not support android.view.ViewRootImpl@58f0751
03-29 21:58:19.025 30998 30998 E IPCThreadState: attemptIncStrongHandle(112): Not supported
03-29 21:58:19.059 30998 30998 W BottomSheetBehavior: BottomSheetBehavior now supports multiple callbacks. `setBottomSheetCallback()` removes all existing callbacks, including ones set internally by library authors, which may result in unintended behavior. This may change in the future. Please use `addBottomSheetCallback()` and `removeBottomSheetCallback()` instead to set your own callbacks.
03-29 21:58:19.071 30998 30998 E RecyclerView: No adapter attached; skipping layout
03-29 21:58:19.081 30998 30998 E RecyclerView: No adapter attached; skipping layout
03-29 21:58:19.216 30998 31307 W Parcel : Expecting binder but got null!
03-29 21:58:19.340 30998 31008 W System : A resource failed to call HardwareBuffer.close.
03-29 21:58:21.660 30998 30998 E IPCThreadState: attemptIncStrongHandle(104): Not supported
03-29 21:58:21.679 30998 31307 E FrameEvents: updateAcquireFence: Did not find frame.
03-29 21:58:22.274 30998 30998 W BottomSheetBehavior: BottomSheetBehavior now supports multiple callbacks. `setBottomSheetCallback()` removes all existing callbacks, including ones set internally by library authors, which may result in unintended behavior. This may change in the future. Please use `addBottomSheetCallback()` and `removeBottomSheetCallback()` instead to set your own callbacks.
03-29 21:58:23.648 30998 32409 E ActivityThread: Failed to find provider info for com.oplus.statistics.provider
03-29 21:58:23.649 30998 32409 E OplusStatistics--: IllegalArgumentException:java.lang.IllegalArgumentException: Unknown URL content://com.oplus.statistics.provider/track_event
03-29 21:58:23.872 30998 31307 E FrameEvents: updateAcquireFence: Did not find frame.
03-29 21:58:24.042 30998 30998 E OplusBracketLog: [OplusViewMirrorManager] updateHostViewRootIfNeeded, not support android.view.ViewRootImpl@2daf1ff
03-29 21:58:24.062 30998 30998 E IPCThreadState: attemptIncStrongHandle(353): Not supported
03-29 21:58:24.126 30998 30998 W BottomSheetBehavior: BottomSheetBehavior now supports multiple callbacks. `setBottomSheetCallback()` removes all existing callbacks, including ones set internally by library authors, which may result in unintended behavior. This may change in the future. Please use `addBottomSheetCallback()` and `removeBottomSheetCallback()` instead to set your own callbacks.
03-29 21:58:24.141 30998 30998 E RecyclerView: No adapter attached; skipping layout
03-29 21:58:24.152 30998 30998 E RecyclerView: No adapter attached; skipping layout
03-29 21:58:24.311 30998 31307 W Parcel : Expecting binder but got null!
03-29 21:58:24.319 30998 31008 W System : A resource failed to call HardwareBuffer.close.
03-29 21:58:25.440 30998 30998 E OplusBracketLog: [OplusViewMirrorManager] updateHostViewRootIfNeeded, not support android.view.ViewRootImpl@af2aac5
03-29 21:58:25.457 30998 30998 E IPCThreadState: attemptIncStrongHandle(76): Not supported
03-29 21:58:25.506 30998 31307 W Parcel : Expecting binder but got null!
03-29 21:58:26.240 30998 30998 W OnBackInvokedCallback: OnBackInvokedCallback is not enabled for the application.
03-29 21:58:26.240 30998 30998 W OnBackInvokedCallback: Set 'android:enableOnBackInvokedCallback="true"' in the application manifest.
03-29 21:58:28.141 30998 30998 E OplusBracketLog: [OplusViewMirrorManager] updateHostViewRootIfNeeded, not support android.view.ViewRootImpl@be615e4
03-29 21:58:28.165 30998 30998 E IPCThreadState: attemptIncStrongHandle(115): Not supported
03-29 21:58:28.185 30998 31307 W Parcel : Expecting binder but got null!
03-29 21:58:28.186 30998 30998 E OplusBracketLog: [OplusViewMirrorManager] updateHostViewRootIfNeeded, not support android.view.ViewRootImpl@8ecc014
03-29 21:58:28.216 30998 31307 W Parcel : Expecting binder but got null!
03-29 21:58:28.217 30998 30998 W RemoteInputConnectionImpl: requestCursorAnchorInfo on inactive InputConnection
03-29 21:58:28.218 30998 30998 E ImeBackDispatcher: Ime callback not found. Ignoring unregisterReceivedCallback. callbackId: 211505125
03-29 21:58:28.689 30998 31008 W System : A resource failed to call HardwareBuffer.close.
03-29 21:58:28.694 30998 31008 W System : A resource failed to call HardwareBuffer.close.
03-29 21:58:29.659 30998 30998 E OplusBracketLog: [OplusViewMirrorManager] updateHostViewRootIfNeeded, not support android.view.ViewRootImpl@9537b3d
03-29 21:58:29.686 30998 30998 E IPCThreadState: attemptIncStrongHandle(358): Not supported
03-29 21:58:29.718 30998 31307 W Parcel : Expecting binder but got null!
03-29 21:58:29.736 30998 30998 W View : requestLayout() improperly called by androidx.appcompat.view.menu.ActionMenuItemView{3f568db VFED..C.. ......ID 0,6- 82,88 #7f0b0f8a app:id/menuitem_search viewInfo = } during layout: running second layout pass
03-29 21:58:29.736 30998 30998 W View : requestLayout() improperly called by androidx.appcompat.view.menu.ActionMenuItemView{9d28f78 VFED..C.. ......ID 82,6- 164,88 #7f0b0f8b app:id/menuitem_select_all viewInfo = } during layout: running second layout pass
03-29 21:58:29.736 30998 30998 W View : requestLayout() improperly called by androidx.appcompat.widget.ActionMenuView{52dd651 V.E...... ......ID 556,0-720,95 viewInfo = } during layout: running second layout pass
03-29 21:58:31.611 30998 30998 E OplusBracketLog: [OplusViewMirrorManager] updateHostViewRootIfNeeded, not support android.view.ViewRootImpl@f2fad86
03-29 21:58:31.625 30998 30998 E IPCThreadState: attemptIncStrongHandle(115): Not supported
03-29 21:58:31.625 30998 30998 E IPCThreadState: attemptIncStrongHandle(136): Not supported
03-29 21:58:31.644 30998 31307 W Parcel : Expecting binder but got null!
03-29 21:58:33.988 30998 32409 E ActivityThread: Failed to find provider info for com.oplus.statistics.provider
03-29 21:58:33.988 30998 32409 E OplusStatistics--: IllegalArgumentException:java.lang.IllegalArgumentException: Unknown URL content://com.oplus.statistics.provider/track_event
03-29 21:58:36.411 30998 30998 E IPCThreadState: attemptIncStrongHandle(137): Not supported
03-29 21:58:36.411 30998 30998 E IPCThreadState: attemptIncStrongHandle(113): Not supported
03-29 21:58:36.411 30998 30998 E IPCThreadState: attemptIncStrongHandle(132): Not supported
03-29 21:58:37.420 30998 30998 E OplusBracketLog: [OplusViewMirrorManager] updateHostViewRootIfNeeded, not support android.view.ViewRootImpl@8924fd8
03-29 21:58:37.434 30998 30998 E IPCThreadState: attemptIncStrongHandle(115): Not supported
03-29 21:58:37.449 30998 31307 W Parcel : Expecting binder but got null!
03-29 21:58:37.615 30998 30998 W OnBackInvokedCallback: OnBackInvokedCallback is not enabled for the application.
03-29 21:58:37.615 30998 30998 W OnBackInvokedCallback: Set 'android:enableOnBackInvokedCallback="true"' in the application manifest.
03-29 21:58:47.527 30998 30998 E OplusBracketLog: [OplusViewMirrorManager] updateHostViewRootIfNeeded, not support android.view.ViewRootImpl@c63e282
03-29 21:58:47.575 30998 31307 W Parcel : Expecting binder but got null!
03-29 21:58:49.520 30998 30998 E OplusBracketLog: [OplusViewMirrorManager] updateHostViewRootIfNeeded, not support android.view.ViewRootImpl@27e3de8
03-29 21:58:49.537 30998 30998 E IPCThreadState: attemptIncStrongHandle(95): Not supported
03-29 21:58:49.537 30998 30998 E IPCThreadState: attemptIncStrongHandle(137): Not supported
03-29 21:58:49.559 30998 31307 W Parcel : Expecting binder but got null!
03-29 21:58:49.728 30998 30998 W OnBackInvokedCallback: OnBackInvokedCallback is not enabled for the application.
03-29 21:58:49.728 30998 30998 W OnBackInvokedCallback: Set 'android:enableOnBackInvokedCallback="true"' in the application manifest.
03-29 21:58:52.913 30998 30998 E OplusBracketLog: [OplusViewMirrorManager] updateHostViewRootIfNeeded, not support android.view.ViewRootImpl@b4c1784
03-29 21:58:52.953 30998 31307 W Parcel : Expecting binder but got null!
03-29 21:59:04.219 30998 30998 W InputEventReceiver: Attempted to finish an input event but the input event receiver has already been disposed.
03-29 21:59:04.307 30998 30998 W OnBackInvokedCallback: OnBackInvokedCallback is not enabled for the application.
03-29 21:59:04.307 30998 30998 W OnBackInvokedCallback: Set 'android:enableOnBackInvokedCallback="true"' in the application manifest.
03-29 21:59:05.840 30998 30998 E OplusBracketLog: [OplusViewMirrorManager] updateHostViewRootIfNeeded, not support android.view.ViewRootImpl@f4c8e40
03-29 21:59:05.858 30998 30998 E IPCThreadState: attemptIncStrongHandle(129): Not supported
03-29 21:59:05.882 30998 31307 W Parcel : Expecting binder but got null!
03-29 21:59:10.665 30998 30998 E ArmVmp : Match on catch block at 0x8d in for 0x261
03-29 21:59:10.775 30998 30998 E OplusBracketLog: [OplusViewMirrorManager] updateHostViewRootIfNeeded, not support android.view.ViewRootImpl@c63ae8c
03-29 21:59:10.795 30998 30998 E IPCThreadState: attemptIncStrongHandle(138): Not supported
03-29 21:59:10.795 30998 30998 E IPCThreadState: attemptIncStrongHandle(123): Not supported
03-29 21:59:10.813 30998 31307 W Parcel : Expecting binder but got null!
03-29 21:59:12.404 30998 31275 E ListServiceUtils: checkInListByUid module:custom- icc uid:10294 cost 4220us return 0
03-29 21:59:12.570 30998 30998 E IPCThreadState: attemptIncStrongHandle(135): Not supported
03-29 21:59:13.296 30998 31198 E SQLiteDatabase: Error inserting transferred=0 media_job_uuid=ef452029-b6ad-4a67-927b-6d59df2492c9 transcoded=1 gif_attribution=0 first_scan_length=0 direct_path=null thumbnail_height_width_ratio=2.2857144 is_animated_sticker=0 file_hash=null file_path=/data/user/0/com.mbwhatsapp/files/.Shared/2ceba8ee-af6f-4233-83fc- 455c30eb1357.jpg file_size=275386 partial_media_hash=null face_x=0 face_y=0 height=3264 trim_to=0 media_key_timestamp=0 message_url=null media_caption=null trim_from=0 mime_type=null partial_media_enc_hash=null width=1458 original_file_hash=0kIpag5WlXNIZsisyx969H6oHnWhtqzCsas6rN94LrY= has_streaming_sidecar=0 autotransfer_retry_enabled=1 media_upload_handle=null message_row_id=12764 multicast_id=null enc_file_hash=null mute_video=0 page_count=0 first_scan_sidecar=null suspicious_content=0 file_length=275386 media_name=2ceba8ee-af6f-4233-83fc-455c30eb1357.jpg media_duration=0 chat_row_id=19 media_key=null
03-29 21:59:13.296 30998 31198 E SQLiteDatabase: android.database.sqlite.SQLiteConstraintException: UNIQUE constraint failed: message_media.message_row_id (code 1555 SQLITE_CONSTRAINT_PRIMARYKEY)
03-29 21:59:13.296 30998 31198 E SQLiteDatabase: at android.database.sqlite.SQLiteConnection.nativeExecuteForLastInsertedRowId(Native Method)
03-29 21:59:13.296 30998 31198 E SQLiteDatabase: at android.database.sqlite.SQLiteConnection.executeForLastInsertedRowId(SQLiteConnecti on.java:967)
03-29 21:59:13.296 30998 31198 E SQLiteDatabase: at android.database.sqlite.SQLiteSession.executeForLastInsertedRowId(SQLiteSession.jav a:790)
03-29 21:59:13.296 30998 31198 E SQLiteDatabase: at android.database.sqlite.SQLiteStatement.executeInsert(SQLiteStatement.java:89)
03-29 21:59:13.296 30998 31198 E SQLiteDatabase: at android.database.sqlite.SQLiteDatabase.insertWithOnConflict(SQLiteDatabase.java:186 8)
03-29 21:59:13.296 30998 31198 E SQLiteDatabase: at android.database.sqlite.SQLiteDatabase.insert(SQLiteDatabase.java:1737)
03-29 21:59:13.296 30998 31198 E SQLiteDatabase: at X.2tm.A08(Unknown Source:6)
03-29 21:59:13.296 30998 31198 E SQLiteDatabase: at X.35Y.A07(Unknown Source:212)
03-29 21:59:13.296 30998 31198 E SQLiteDatabase: at X.3QF.A14(Unknown Source:470)
03-29 21:59:13.296 30998 31198 E SQLiteDatabase: at X.3gU.run(Unknown Source:982)
03-29 21:59:13.296 30998 31198 E SQLiteDatabase: at android.os.Handler.handleCallback(Handler.java:942)
03-29 21:59:13.296 30998 31198 E SQLiteDatabase: at android.os.Handler.dispatchMessage(Handler.java:99)
03-29 21:59:13.296 30998 31198 E SQLiteDatabase: at X.0zq.dispatchMessage(Unknown Source:4)
03-29 21:59:13.296 30998 31198 E SQLiteDatabase: at android.os.Looper.loopOnce(Looper.java:240)
03-29 21:59:13.296 30998 31198 E SQLiteDatabase: at android.os.Looper.loop(Looper.java:351)
03-29 21:59:13.296 30998 31198 E SQLiteDatabase: at android.os.HandlerThread.run(HandlerThread.java:67)
03-29 21:59:13.452 30998 30998 W BottomSheetBehavior: BottomSheetBehavior now supports multiple callbacks. `setBottomSheetCallback()` removes all existing callbacks, including ones set internally by library authors, which may result in unintended behavior. This may change in the future. Please use `addBottomSheetCallback()` and `removeBottomSheetCallback()` instead to set your own callbacks.
03-29 21:59:14.431 30998 30998 E OplusBracketLog: [OplusViewMirrorManager] updateHostViewRootIfNeeded, not support android.view.ViewRootImpl@fa8e5f1
03-29 21:59:14.446 30998 30998 E ArmVmp : Match on catch block at 0x8d in for 0x1d5
03-29 21:59:14.451 30998 30998 E ArmVmp : Match on catch block at 0x8d in for 0x1c5
03-29 21:59:14.463 30998 30998 E ArmVmp : Match on catch block at 0x8d in for 0x1d1
03-29 21:59:14.468 30998 30998 E ArmVmp : Match on catch block at 0x8d in for 0x1c1
03-29 21:59:14.488 30998 30998 E IPCThreadState: attemptIncStrongHandle(129): Not supported
03-29 21:59:14.488 30998 30998 E IPCThreadState: attemptIncStrongHandle(133): Not supported
03-29 21:59:14.500 30998 31307 W Parcel : Expecting binder but got null!
03-29 21:59:14.530 30998 30998 W BottomSheetBehavior: BottomSheetBehavior now supports multiple callbacks. `setBottomSheetCallback()` removes all existing callbacks, including ones set internally by library authors, which may result in unintended behavior. This may change in the future. Please use `addBottomSheetCallback()` and `removeBottomSheetCallback()` instead to set your own callbacks.
03-29 21:59:14.530 30998 30998 W BottomSheetBehavior: BottomSheetBehavior now supports multiple callbacks. `setBottomSheetCallback()` removes all existing callbacks, including ones set internally by library authors, which may result in unintended behavior. This may change in the future. Please use `addBottomSheetCallback()` and `removeBottomSheetCallback()` instead to set your own callbacks.
03-29 21:59:14.576 30998 30998 W BottomSheetBehavior: BottomSheetBehavior now supports multiple callbacks. `setBottomSheetCallback()` removes all existing callbacks, including ones set internally by library authors, which may result in unintended behavior. This may change in the future. Please use `addBottomSheetCallback()` and `removeBottomSheetCallback()` instead to set your own callbacks.
03-29 21:59:14.576 30998 30998 W BottomSheetBehavior: BottomSheetBehavior now supports multiple callbacks. `setBottomSheetCallback()` removes all existing callbacks, including ones set internally by library authors, which may result in unintended behavior. This may change in the future. Please use `addBottomSheetCallback()` and `removeBottomSheetCallback()` instead to set your own callbacks.
03-29 21:59:14.591 30998 30998 W BottomSheetBehavior: BottomSheetBehavior now supports multiple callbacks. `setBottomSheetCallback()` removes all existing callbacks, including ones set internally by library authors, which may result in unintended behavior. This may change in the future. Please use `addBottomSheetCallback()` and `removeBottomSheetCallback()` instead to set your own callbacks.
03-29 21:59:14.591 30998 30998 W BottomSheetBehavior: BottomSheetBehavior now supports multiple callbacks. `setBottomSheetCallback()` removes all existing callbacks, including ones set internally by library authors, which may result in unintended behavior. This may change in the future. Please use `addBottomSheetCallback()` and `removeBottomSheetCallback()` instead to set your own callbacks.
03-29 21:59:14.599 30998 1733 W libc : Access denied finding property "vendor.oplus.media.vpp.stutter"
03-29 21:59:14.603 30998 30998 W BottomSheetBehavior: BottomSheetBehavior now supports multiple callbacks. `setBottomSheetCallback()` removes all existing callbacks, including ones set internally by library authors, which may result in unintended behavior. This may change in the future. Please use `addBottomSheetCallback()` and `removeBottomSheetCallback()` instead to set your own callbacks.
03-29 21:59:14.603 30998 30998 W BottomSheetBehavior: BottomSheetBehavior now supports multiple callbacks. `setBottomSheetCallback()` removes all existing callbacks, including ones set internally by library authors, which may result in unintended behavior. This may change in the future. Please use `addBottomSheetCallback()` and `removeBottomSheetCallback()` instead to set your own callbacks.
03-29 21:59:14.625 30998 30998 E RecyclerView: No adapter attached; skipping layout
03-29 21:59:14.627 30998 30998 E RecyclerView: No adapter attached; skipping layout
03-29 21:59:14.753 30998 1736 W ColorUtils: expected specified color aspects (2:0:0:0)
03-29 21:59:14.765 30998 1735 W AString : ctor got NULL, using empty string instead
03-29 21:59:14.774 30998 1735 E ListServiceUtils: checkInListByUid module:check- first-IRAP uid:10294 cost 1278us return 0
03-29 21:59:14.782 30998 1736 W Codec2Client: query -- param skipped: index = 1107298332.
03-29 21:59:14.783 30998 1736 W CCodec : This behavior is subject to change. It is recommended that app developers double check whether the requested max input size is in reasonable range.
03-29 21:59:14.809 30998 1736 W Codec2Client: query -- param skipped: index = 1342179345.
03-29 21:59:14.810 30998 1736 W Codec2Client: query -- param skipped: index = 2415921170.
03-29 21:59:14.810 30998 1736 W Codec2Client: query -- param skipped: index = 1610614798.
03-29 21:59:14.908 30998 1733 W libc : Access denied finding property "vendor.oplus.media.vpp.stutter"
03-29 21:59:15.045 30998 1756 W Codec2Client: query -- param skipped: index = 1107298332.
03-29 21:59:15.045 30998 1756 W CCodec : This behavior is subject to change. It is recommended that app developers double check whether the requested max input size is in reasonable range.
03-29 21:59:15.055 30998 1756 W Codec2Client: query -- param skipped: index = 1342179345.
03-29 21:59:15.056 30998 1756 W Codec2Client: query -- param skipped: index = 2415921170.
03-29 21:59:15.056 30998 1756 W Codec2Client: query -- param skipped: index = 1610614798.
03-29 21:59:15.548 30998 31198 E SQLiteDatabase: Error inserting transferred=1 media_job_uuid=ef452029-b6ad-4a67-927b-6d59df2492c9 transcoded=1 gif_attribution=0 first_scan_length=0 direct_path=/o1/v/t62.7118-24/f1/m234/up-oil-image-8b728732- 90b3-4dff-ac9a-b999c521cc72?ccb=9- 4&oh=01_ASD_s45I5B8vkfUbOBPj1RxW5Js6uBrOCvguWDqV40CVeg&oe=662E5701&_nc_sid=000000 thumbnail_height_width_ratio=2.2857144 is_animated_sticker=0 file_hash=m5bVdNamd7DHdgKOmFKwQsI3K5JjiQ8TcJH3XH42L7Q= file_path=Media/MBWhatsApp Images/Sent/IMG-20240329-WA0007.jpg file_size=275386 partial_media_hash=OlMXrc90+cyB8jo/HJ9bi9kb24GPbwfZuBJWWinXTrU= face_x=0 face_y=0 height=3264 trim_to=0 media_key_timestamp=1711724354619 message_url=https://mmg.whatsapp.net/o1/v/t62.7118-24/f1/m234/up-oil-image- 8b728732-90b3-4dff-ac9a-b999c521cc72?ccb=9- 4&oh=01_ASD_s45I5B8vkfUbOBPj1RxW5Js6uBrOCvguWDqV40CVeg&oe=662E5701&_nc_sid=000000&m ms3=true media_caption=null trim_from=0 mime_type=null partial_media_enc_hash=null width=1458 original_file_hash=0kIpag5WlXNIZsisyx969H6oHnWhtqzCsas6rN94LrY= has_streaming_sidecar=1 autotransfer_retry_enabled=0 media_upload_handle=null message_row_id=12764 multicast_id=null enc_file_hash=R+3WJt9Ai+PRveZd5r3F1ytN4Zbw5dr0UmxD/d9J17c= mute_video=0 page_count=0 first_scan_sidecar=null suspicious_content=0 file_length=275386 media_name=2ceba8ee-af6f-4233-83fc-455c30eb1357.jpg media_duration=0 chat_row_id=19 media_key=[B@9f8e74e
03-29 21:59:15.548 30998 31198 E SQLiteDatabase: android.database.sqlite.SQLiteConstraintException: UNIQUE constraint failed: message_media.message_row_id (code 1555 SQLITE_CONSTRAINT_PRIMARYKEY)
03-29 21:59:15.548 30998 31198 E SQLiteDatabase: at android.database.sqlite.SQLiteConnection.nativeExecuteForLastInsertedRowId(Native Method)
03-29 21:59:15.548 30998 31198 E SQLiteDatabase: at android.database.sqlite.SQLiteConnection.executeForLastInsertedRowId(SQLiteConnecti on.java:967)
03-29 21:59:15.548 30998 31198 E SQLiteDatabase: at android.database.sqlite.SQLiteSession.executeForLastInsertedRowId(SQLiteSession.jav a:790)
03-29 21:59:15.548 30998 31198 E SQLiteDatabase: at android.database.sqlite.SQLiteStatement.executeInsert(SQLiteStatement.java:89)
03-29 21:59:15.548 30998 31198 E SQLiteDatabase: at android.database.sqlite.SQLiteDatabase.insertWithOnConflict(SQLiteDatabase.java:186 8)
03-29 21:59:15.548 30998 31198 E SQLiteDatabase: at android.database.sqlite.SQLiteDatabase.insert(SQLiteDatabase.java:1737)
03-29 21:59:15.548 30998 31198 E SQLiteDatabase: at X.2tm.A08(Unknown Source:6)
03-29 21:59:15.548 30998 31198 E SQLiteDatabase: at X.35Y.A07(Unknown Source:212)
03-29 21:59:15.548 30998 31198 E SQLiteDatabase: at X.3QF.A14(Unknown Source:470)
03-29 21:59:15.548 30998 31198 E SQLiteDatabase: at X.3gU.run(Unknown Source:982)
03-29 21:59:15.548 30998 31198 E SQLiteDatabase: at android.os.Handler.handleCallback(Handler.java:942)
03-29 21:59:15.548 30998 31198 E SQLiteDatabase: at android.os.Handler.dispatchMessage(Handler.java:99)
03-29 21:59:15.548 30998 31198 E SQLiteDatabase: at X.0zq.dispatchMessage(Unknown Source:4)
03-29 21:59:15.548 30998 31198 E SQLiteDatabase: at android.os.Looper.loopOnce(Looper.java:240)
03-29 21:59:15.548 30998 31198 E SQLiteDatabase: at android.os.Looper.loop(Looper.java:351)
03-29 21:59:15.548 30998 31198 E SQLiteDatabase: at android.os.HandlerThread.run(HandlerThread.java:67)
03-29 21:59:17.971 30998 1735 W Codec2Client: query -- param skipped: index = 1342179345.
03-29 21:59:17.971 30998 1735 W Codec2Client: query -- param skipped: index = 2415921170.
03-29 21:59:17.971 30998 1735 W Codec2Client: query -- param skipped: index = 1610614798.
03-29 21:59:17.975 30998 1756 W Codec2Client: query -- param skipped: index = 1342179345.
03-29 21:59:17.975 30998 1756 W Codec2Client: query -- param skipped: index = 2415921170.
03-29 21:59:17.975 30998 1756 W Codec2Client: query -- param skipped: index = 1610614798.
03-29 21:59:17.983 30998 30998 E RecyclerView: No adapter attached; skipping layout
03-29 21:59:17.989 30998 31198 E SQLiteDatabase: Error inserting transferred=0 media_job_uuid=7a09b090-24b4-42fb-82b6-e5f681cf83f2 transcoded=0 gif_attribution=0 first_scan_length=0 direct_path=/v/t62.7161- 24/41160928_401548845819881_3414414335195035649_n.enc?ccb=11- 4&oh=01_ASCjP74Pvh_m0PNknDIvKQMzOryZWSINSOc3dc7Z1jCpUA&oe=662E546D&_nc_sid=5e03e0 thumbnail_height_width_ratio=0.5520833 is_animated_sticker=0 file_hash=utI4D2mFy6Sps+VbWpNDKetPhevjNNbpdYEfuun/J/w= file_path=null file_size=0 partial_media_hash=null face_x=0 face_y=0 height=352 trim_to=0 media_key_timestamp=1711722367000 message_url=https://mmg.whatsapp.net/v/t62.7161- 24/41160928_401548845819881_3414414335195035649_n.enc?ccb=11- 4&oh=01_ASCjP74Pvh_m0PNknDIvKQMzOryZWSINSOc3dc7Z1jCpUA&oe=662E546D&_nc_sid=5e03e0&m ms3=true media_caption=null trim_from=0 mime_type=video/mp4 partial_media_enc_hash=null width=640 original_file_hash=null has_streaming_sidecar=1 autotransfer_retry_enabled=0 media_upload_handle=null message_row_id=12757 multicast_id=null enc_file_hash=Hg8bkkpwu4wKa5XZzg4huNMBpKI43SmJdQM1oR31aUU= mute_video=0 page_count=0 first_scan_sidecar=null suspicious_content=0 file_length=1181980 media_name=null media_duration=19 chat_row_id=19 media_key=[B@1d35181
03-29 21:59:17.989 30998 31198 E SQLiteDatabase: android.database.sqlite.SQLiteConstraintException: UNIQUE constraint failed: message_media.message_row_id (code 1555 SQLITE_CONSTRAINT_PRIMARYKEY)
03-29 21:59:17.989 30998 31198 E SQLiteDatabase: at android.database.sqlite.SQLiteConnection.nativeExecuteForLastInsertedRowId(Native Method)
03-29 21:59:17.989 30998 31198 E SQLiteDatabase: at android.database.sqlite.SQLiteConnection.executeForLastInsertedRowId(SQLiteConnecti on.java:967)
03-29 21:59:17.989 30998 31198 E SQLiteDatabase: at android.database.sqlite.SQLiteSession.executeForLastInsertedRowId(SQLiteSession.jav a:790)
03-29 21:59:17.989 30998 31198 E SQLiteDatabase: at android.database.sqlite.SQLiteStatement.executeInsert(SQLiteStatement.java:89)
03-29 21:59:17.989 30998 31198 E SQLiteDatabase: at android.database.sqlite.SQLiteDatabase.insertWithOnConflict(SQLiteDatabase.java:186 8)
03-29 21:59:17.989 30998 31198 E SQLiteDatabase: at android.database.sqlite.SQLiteDatabase.insert(SQLiteDatabase.java:1737)
03-29 21:59:17.989 30998 31198 E SQLiteDatabase: at X.2tm.A08(Unknown Source:6)
03-29 21:59:17.989 30998 31198 E SQLiteDatabase: at X.35Y.A07(Unknown Source:212)
03-29 21:59:17.989 30998 31198 E SQLiteDatabase: at X.3QF.A14(Unknown Source:470)
03-29 21:59:17.989 30998 31198 E SQLiteDatabase: at X.3gU.run(Unknown Source:982)
03-29 21:59:17.989 30998 31198 E SQLiteDatabase: at android.os.Handler.handleCallback(Handler.java:942)
03-29 21:59:17.989 30998 31198 E SQLiteDatabase: at android.os.Handler.dispatchMessage(Handler.java:99)
03-29 21:59:17.989 30998 31198 E SQLiteDatabase: at X.0zq.dispatchMessage(Unknown Source:4)
03-29 21:59:17.989 30998 31198 E SQLiteDatabase: at android.os.Looper.loopOnce(Looper.java:240)
03-29 21:59:17.989 30998 31198 E SQLiteDatabase: at android.os.Looper.loop(Looper.java:351)
03-29 21:59:17.989 30998 31198 E SQLiteDatabase: at android.os.HandlerThread.run(HandlerThread.java:67)
03-29 21:59:18.005 30998 31198 E SQLiteDatabase: Error inserting transferred=0 media_job_uuid=7a09b090-24b4-42fb-82b6-e5f681cf83f2 transcoded=0 gif_attribution=0 first_scan_length=0 direct_path=/v/t62.7161- 24/41160928_401548845819881_3414414335195035649_n.enc?ccb=11- 4&oh=01_ASCjP74Pvh_m0PNknDIvKQMzOryZWSINSOc3dc7Z1jCpUA&oe=662E546D&_nc_sid=5e03e0 thumbnail_height_width_ratio=0.5520833 is_animated_sticker=0 file_hash=utI4D2mFy6Sps+VbWpNDKetPhevjNNbpdYEfuun/J/w= file_path=null file_size=0 partial_media_hash=null face_x=0 face_y=0 height=352 trim_to=0 media_key_timestamp=1711722367000 message_url=https://mmg.whatsapp.net/v/t62.7161- 24/41160928_401548845819881_3414414335195035649_n.enc?ccb=11- 4&oh=01_ASCjP74Pvh_m0PNknDIvKQMzOryZWSINSOc3dc7Z1jCpUA&oe=662E546D&_nc_sid=5e03e0&m ms3=true media_caption=null trim_from=0 mime_type=video/mp4 partial_media_enc_hash=null width=640 original_file_hash=null has_streaming_sidecar=1 autotransfer_retry_enabled=0 media_upload_handle=null message_row_id=12757 multicast_id=null enc_file_hash=Hg8bkkpwu4wKa5XZzg4huNMBpKI43SmJdQM1oR31aUU= mute_video=0 page_count=0 first_scan_sidecar=null suspicious_content=0 file_length=1181980 media_name=null media_duration=19 chat_row_id=19 media_key=[B@1d35181
03-29 21:59:18.005 30998 31198 E SQLiteDatabase: android.database.sqlite.SQLiteConstraintException: UNIQUE constraint failed: message_media.message_row_id (code 1555 SQLITE_CONSTRAINT_PRIMARYKEY)
03-29 21:59:18.005 30998 31198 E SQLiteDatabase: at android.database.sqlite.SQLiteConnection.nativeExecuteForLastInsertedRowId(Native Method)
03-29 21:59:18.005 30998 31198 E SQLiteDatabase: at android.database.sqlite.SQLiteConnection.executeForLastInsertedRowId(SQLiteConnecti on.java:967)
03-29 21:59:18.005 30998 31198 E SQLiteDatabase: at android.database.sqlite.SQLiteSession.executeForLastInsertedRowId(SQLiteSession.jav a:790)
