03-29 16:42:09.577 25107 25107 E ArmVmp : Match on catch block at 0xc3 in for 0x149
03-29 16:42:09.579 25107 25107 E ArmVmp : Match on catch block at 0xc3 in for 0x14d
03-29 16:42:09.590 25107 25107 E ArmVmp : Match on catch block at 0xc3 in for 0x14d
03-29 16:42:09.593 25107 25107 E ArmVmp : Match on catch block at 0xc3 in for 0x149
03-29 16:42:09.596 25107 25107 E ArmVmp : Match on catch block at 0xc3 in for 0x14d
03-29 16:42:09.606 25107 25107 E ArmVmp : Match on catch block at 0xc3 in for 0x14d
03-29 16:42:09.612 25107 25107 E ArmVmp : Match on catch block at 0xc3 in for 0x149
03-29 16:42:09.614 25107 25107 E ArmVmp : Match on catch block at 0xc3 in for 0x14d
03-29 16:42:09.624 25107 25107 E ArmVmp : Match on catch block at 0xc3 in for 0x14d
03-29 16:42:09.628 25107 25107 E ArmVmp : Match on catch block at 0xc3 in for 0x149
03-29 16:42:09.630 25107 25107 E ArmVmp : Match on catch block at 0xc3 in for 0x14d
03-29 16:42:09.640 25107 25107 E ArmVmp : Match on catch block at 0xc3 in for 0x14d
03-29 16:42:09.643 25107 25107 E ArmVmp : Match on catch block at 0xc3 in for 0x149
03-29 16:42:09.646 25107 25107 E ArmVmp : Match on catch block at 0xc3 in for 0x14d
03-29 16:42:09.656 25107 25107 E ArmVmp : Match on catch block at 0xc3 in for 0x14d
03-29 16:42:09.659 25107 25107 E ArmVmp : Match on catch block at 0xc3 in for 0x149
03-29 16:42:09.662 25107 25107 E ArmVmp : Match on catch block at 0xc3 in for 0x14d
03-29 16:42:09.673 25107 25107 E ArmVmp : Match on catch block at 0xc3 in for 0x14d
03-29 16:42:09.677 25107 25107 E ArmVmp : Match on catch block at 0xc3 in for 0x149
03-29 16:42:09.679 25107 25107 E ArmVmp : Match on catch block at 0xc3 in for 0x14d
03-29 16:42:09.689 25107 25107 E ArmVmp : Match on catch block at 0xc3 in for 0x14d
03-29 16:42:09.692 25107 25107 E ArmVmp : Match on catch block at 0xc3 in for 0x149
03-29 16:42:09.694 25107 25107 E ArmVmp : Match on catch block at 0xc3 in for 0x14d
03-29 16:42:09.706 25107 25107 E ArmVmp : Match on catch block at 0xc3 in for 0x14d
03-29 16:42:09.708 25107 25107 E ArmVmp : Match on catch block at 0xc3 in for 0x149
03-29 16:42:09.711 25107 25107 E ArmVmp : Match on catch block at 0xc3 in for 0x14d
03-29 16:42:09.722 25107 25107 E ArmVmp : Match on catch block at 0xc3 in for 0x14d
03-29 16:42:09.725 25107 25107 E ArmVmp : Match on catch block at 0xc3 in for 0x149
03-29 16:42:09.727 25107 25107 E ArmVmp : Match on catch block at 0xc3 in for 0x14d
03-29 16:42:09.739 25107 25107 E ArmVmp : Match on catch block at 0xc3 in for 0x14d
03-29 16:42:09.742 25107 25107 E ArmVmp : Match on catch block at 0xc3 in for 0x149
03-29 16:42:09.745 25107 25107 E ArmVmp : Match on catch block at 0xc3 in for 0x14d
03-29 16:42:09.792 25107 25107 E ArmVmp : Match on catch block at 0xc3 in for 0x141
03-29 16:42:09.795 25107 25107 E ArmVmp : Match on catch block at 0xc3 in for 0x159
03-29 16:42:09.797 25107 25107 E ArmVmp : Match on catch block at 0xc3 in for 0x141
03-29 16:42:10.020 25107 25107 E ArmVmp : Match on catch block at 0xc3 in for 0x14d
03-29 16:42:10.023 25107 25107 E ArmVmp : Match on catch block at 0xc3 in for 0x149
03-29 16:42:10.026 25107 25107 E ArmVmp : Match on catch block at 0xc3 in for 0x14d
03-29 16:42:10.385 25107 25107 E ArmVmp : Match on catch block at 0xc3 in for 0x155
03-29 16:42:10.389 25107 25107 E ArmVmp : Match on catch block at 0xc3 in for 0x151
03-29 16:42:10.392 25107 25107 E ArmVmp : Match on catch block at 0xc3 in for 0x155
03-29 16:42:10.882 25107 25107 E ArmVmp : Match on catch block at 0xc3 in for 0x155
03-29 16:42:10.885 25107 25107 E ArmVmp : Match on catch block at 0xc3 in for 0x151
03-29 16:42:10.888 25107 25107 E ArmVmp : Match on catch block at 0xc3 in for 0x155
03-29 16:42:11.396 25107 25107 E ArmVmp : Match on catch block at 0xc3 in for 0x155
03-29 16:42:11.399 25107 25107 E ArmVmp : Match on catch block at 0xc3 in for 0x151
03-29 16:42:11.402 25107 25107 E ArmVmp : Match on catch block at 0xc3 in for 0x155
03-29 16:42:11.812 25107 25107 E ArmVmp : Match on catch block at 0xc3 in for 0x141
03-29 16:42:11.817 25107 25107 E ArmVmp : Match on catch block at 0xc3 in for 0x159
03-29 16:42:11.822 25107 25107 E ArmVmp : Match on catch block at 0xc3 in for 0x141
03-29 16:42:12.309 25107 25107 E ArmVmp : Match on catch block at 0xc3 in for 0x141
03-29 16:42:12.315 25107 25107 E ArmVmp : Match on catch block at 0xc3 in for 0x159
03-29 16:42:12.320 25107 25107 E ArmVmp : Match on catch block at 0xc3 in for 0x141
03-29 16:42:12.623 25107 25107 E ArmVmp : Match on catch block at 0xc3 in for 0x149
03-29 16:42:12.626 25107 25107 E ArmVmp : Match on catch block at 0xc3 in for 0x145
03-29 16:42:12.628 25107 25107 E ArmVmp : Match on catch block at 0xc3 in for 0x149
03-29 16:42:13.121 25107 25107 E ArmVmp : Match on catch block at 0xc3 in for 0x149
03-29 16:42:13.128 25107 25107 E ArmVmp : Match on catch block at 0xc3 in for 0x145
03-29 16:42:13.133 25107 25107 E ArmVmp : Match on catch block at 0xc3 in for 0x149
03-29 16:42:13.254 25107 25107 E ArmVmp : Match on catch block at 0xc3 in for 0x151
03-29 16:42:13.262 25107 25107 E ArmVmp : Match on catch block at 0xc3 in for 0x14d
03-29 16:42:13.268 25107 25107 E ArmVmp : Match on catch block at 0xc3 in for 0x151
03-29 16:42:13.304 25107 25107 E ArmVmp : Match on catch block at 0xc3 in for 0x149
03-29 16:42:13.307 25107 25107 E ArmVmp : Match on catch block at 0xc3 in for 0x145
03-29 16:42:13.310 25107 25107 E ArmVmp : Match on catch block at 0xc3 in for 0x149
03-29 16:42:13.468 25107 25107 E ArmVmp : Match on catch block at 0xc3 in for 0x14d
03-29 16:42:13.473 25107 25107 E ArmVmp : Match on catch block at 0xc3 in for 0x149
03-29 16:42:13.564 25107 25107 E ArmVmp : Match on catch block at 0xc3 in for 0x155
03-29 16:42:13.568 25107 25107 E ArmVmp : Match on catch block at 0xc3 in for 0x151
03-29 16:42:13.608 25107 25107 E ArmVmp : Match on catch block at 0xc3 in for 0x159
03-29 16:42:13.611 25107 25107 E ArmVmp : Match on catch block at 0xc3 in for 0x155
03-29 16:42:13.633 25107 25107 E ArmVmp : Match on catch block at 0xc3 in for 0x159
03-29 16:42:13.636 25107 25107 E ArmVmp : Match on catch block at 0xc3 in for 0x155
03-29 16:42:13.799 25107 25107 E ArmVmp : Match on catch block at 0xc3 in for 0x149
03-29 16:42:13.802 25107 25107 E ArmVmp : Match on catch block at 0xc3 in for 0x145
03-29 16:42:13.968 25107 25107 E ArmVmp : Match on catch block at 0xc3 in for 0x155
03-29 16:42:13.972 25107 25107 E ArmVmp : Match on catch block at 0xc3 in for 0x151
03-29 16:42:14.005 25107 25189 W MediaPlayer: Use of stream types is deprecated for operations other than volume control
03-29 16:42:14.005 25107 25189 W MediaPlayer: See the documentation of setAudioStreamType() for what to use instead with android.media.AudioAttributes to qualify your playback use case
03-29 16:42:14.296 25107 25107 E ArmVmp : Match on catch block at 0xc3 in for 0x159
03-29 16:42:14.300 25107 25107 E ArmVmp : Match on catch block at 0xc3 in for 0x155
03-29 16:42:14.810 25107 25107 E ArmVmp : Match on catch block at 0xc3 in for 0x149
03-29 16:42:14.813 25107 25107 E ArmVmp : Match on catch block at 0xc3 in for 0x145
03-29 16:42:15.307 25107 25107 E ArmVmp : Match on catch block at 0xc3 in for 0x159
03-29 16:42:15.310 25107 25107 E ArmVmp : Match on catch block at 0xc3 in for 0x155
03-29 16:42:15.804 25107 25107 E ArmVmp : Match on catch block at 0xc3 in for 0x149
03-29 16:42:15.808 25107 25107 E ArmVmp : Match on catch block at 0xc3 in for 0x145
03-29 16:42:16.302 25107 25107 E ArmVmp : Match on catch block at 0xc3 in for 0x155
03-29 16:42:16.305 25107 25107 E ArmVmp : Match on catch block at 0xc3 in for 0x151
03-29 16:42:16.815 25107 25107 E ArmVmp : Match on catch block at 0xc3 in for 0x145
03-29 16:42:16.820 25107 25107 E ArmVmp : Match on catch block at 0xc3 in for 0x141
03-29 16:42:17.313 25107 25107 E ArmVmp : Match on catch block at 0xc3 in for 0x151
03-29 16:42:17.318 25107 25107 E ArmVmp : Match on catch block at 0xc3 in for 0x14d
03-29 16:42:17.811 25107 25107 E ArmVmp : Match on catch block at 0xc3 in for 0x141
03-29 16:42:17.816 25107 25107 E ArmVmp : Match on catch block at 0xc3 in for 0x159
03-29 16:42:18.307 25107 25107 E ArmVmp : Match on catch block at 0xc3 in for 0x14d
03-29 16:42:18.310 25107 25107 E ArmVmp : Match on catch block at 0xc3 in for 0x149
03-29 16:42:18.805 25107 25107 E ArmVmp : Match on catch block at 0xc3 in for 0x159
03-29 16:42:18.809 25107 25107 E ArmVmp : Match on catch block at 0xc3 in for 0x155
03-29 16:42:19.318 25107 25107 E ArmVmp : Match on catch block at 0xc3 in for 0x149
03-29 16:42:19.324 25107 25107 E ArmVmp : Match on catch block at 0xc3 in for 0x145
03-29 16:42:19.816 25107 25107 E ArmVmp : Match on catch block at 0xc3 in for 0x155
03-29 16:42:19.821 25107 25107 E ArmVmp : Match on catch block at 0xc3 in for 0x151
03-29 16:42:20.313 25107 25107 E ArmVmp : Match on catch block at 0xc3 in for 0x145
03-29 16:42:20.317 25107 25107 E ArmVmp : Match on catch block at 0xc3 in for 0x141
03-29 16:42:20.809 25107 25107 E ArmVmp : Match on catch block at 0xc3 in for 0x151
03-29 16:42:20.812 25107 25107 E ArmVmp : Match on catch block at 0xc3 in for 0x14d
03-29 16:42:21.323 25107 25107 E ArmVmp : Match on catch block at 0xc3 in for 0x141
03-29 16:42:21.329 25107 25107 E ArmVmp : Match on catch block at 0xc3 in for 0x159
03-29 16:42:21.821 25107 25107 E ArmVmp : Match on catch block at 0xc3 in for 0x14d
03-29 16:42:21.826 25107 25107 E ArmVmp : Match on catch block at 0xc3 in for 0x149
03-29 16:42:22.254 25107 25107 E ArmVmp : Match on catch block at 0xc3 in for 0x155
03-29 16:42:22.257 25107 25107 E ArmVmp : Match on catch block at 0xc3 in for 0x151
03-29 16:42:22.277 25107 25107 E ArmVmp : Match on catch block at 0xc3 in for 0x141
03-29 16:42:22.282 25107 25107 E ArmVmp : Match on catch block at 0xc3 in for 0x159
03-29 16:42:22.289 25107 25107 E ArmVmp : Match on catch block at 0xc3 in for 0x14d
03-29 16:42:22.294 25107 25107 E ArmVmp : Match on catch block at 0xc3 in for 0x149
03-29 16:42:22.302 25107 25107 E ArmVmp : Match on catch block at 0xc3 in for 0x159
03-29 16:42:22.307 25107 25107 E ArmVmp : Match on catch block at 0xc3 in for 0x155
03-29 16:42:22.318 25107 25107 E ArmVmp : Match on catch block at 0xc3 in for 0x149
03-29 16:42:22.323 25107 25107 E ArmVmp : Match on catch block at 0xc3 in for 0x145
03-29 16:42:22.334 25107 25107 E ArmVmp : Match on catch block at 0xc3 in for 0x155
03-29 16:42:22.339 25107 25107 E ArmVmp : Match on catch block at 0xc3 in for 0x151
03-29 16:42:22.351 25107 25107 E ArmVmp : Match on catch block at 0xc3 in for 0x145
03-29 16:42:22.356 25107 25107 E ArmVmp : Match on catch block at 0xc3 in for 0x141
03-29 16:42:22.369 25107 25107 E ArmVmp : Match on catch block at 0xc3 in for 0x151
03-29 16:42:22.372 25107 25107 E ArmVmp : Match on catch block at 0xc3 in for 0x14d
03-29 16:42:22.384 25107 25107 E ArmVmp : Match on catch block at 0xc3 in for 0x141
03-29 16:42:22.386 25107 25107 E ArmVmp : Match on catch block at 0xc3 in for 0x159
03-29 16:42:22.400 25107 25107 E ArmVmp : Match on catch block at 0xc3 in for 0x14d
03-29 16:42:22.403 25107 25107 E ArmVmp : Match on catch block at 0xc3 in for 0x149
03-29 16:42:22.416 25107 25107 E ArmVmp : Match on catch block at 0xc3 in for 0x159
03-29 16:42:22.420 25107 25107 E ArmVmp : Match on catch block at 0xc3 in for 0x155
03-29 16:42:22.433 25107 25107 E ArmVmp : Match on catch block at 0xc3 in for 0x149
03-29 16:42:22.436 25107 25107 E ArmVmp : Match on catch block at 0xc3 in for 0x145
03-29 16:42:22.450 25107 25107 E ArmVmp : Match on catch block at 0xc3 in for 0x155
03-29 16:42:22.452 25107 25107 E ArmVmp : Match on catch block at 0xc3 in for 0x151
03-29 16:42:22.748 25107 25107 E ArmVmp : Match on catch block at 0xc3 in for 0x145
03-29 16:42:22.751 25107 25107 E ArmVmp : Match on catch block at 0xc3 in for 0x141
03-29 16:42:22.898 25107 25107 E ArmVmp : Match on catch block at 0xc3 in for 0x159
03-29 16:42:22.904 25107 25107 E ArmVmp : Match on catch block at 0xc3 in for 0x155
03-29 16:42:23.394 25107 25107 E ArmVmp : Match on catch block at 0xc3 in for 0x149
03-29 16:42:23.397 25107 25107 E ArmVmp : Match on catch block at 0xc3 in for 0x145
03-29 16:42:23.477 25107 25107 E ArmVmp : Match on catch block at 0xc3 in for 0x141
03-29 16:42:23.481 25107 25107 E ArmVmp : Match on catch block at 0xc3 in for 0x159
03-29 16:42:23.842 25107 25107 E ArmVmp : Match on catch block at 0xc3 in for 0x155
03-29 16:42:23.845 25107 25107 E ArmVmp : Match on catch block at 0xc3 in for 0x151
03-29 16:42:24.094 25803 25803 W com.whatsapp: type=1400 audit(0.0:1210040): avc: granted { execute } for path="/data/data/com.whatsapp/files/decompressed/libs.spo/libc++_shared.so" dev="dm-75" ino=91597 scontext=u:r:untrusted_app:s0:c47,c257,c512,c768 tcontext=u:object_r:app_data_file:s0:c47,c257,c512,c768 tclass=file app=com.mbwhatsapp
03-29 16:42:24.094 25803 25803 W com.whatsapp: type=1400 audit(0.0:1210041): avc: granted { execute } for path="/data/data/com.whatsapp/files/decompressed/libs.spo/libvlc.so" dev="dm-75" ino=98477 scontext=u:r:untrusted_app:s0:c47,c257,c512,c768 tcontext=u:object_r:app_data_file:s0:c47,c257,c512,c768 tclass=file app=com.mbwhatsapp
03-29 16:42:24.106 25803 25803 W com.whatsapp: type=1400 audit(0.0:1210042): avc: granted { execute } for path="/data/data/com.whatsapp/files/decompressed/libs.spo/libaom.so" dev="dm-75" ino=22820 scontext=u:r:untrusted_app:s0:c47,c257,c512,c768 tcontext=u:object_r:app_data_file:s0:c47,c257,c512,c768 tclass=file app=com.mbwhatsapp
03-29 16:42:24.114 25803 25803 W com.whatsapp: type=1400 audit(0.0:1210043): avc: granted { execute } for path="/data/data/com.whatsapp/files/decompressed/libs.spo/libwhatsapp.so" dev="dm- 75" ino=87019 scontext=u:r:untrusted_app:s0:c47,c257,c512,c768 tcontext=u:object_r:app_data_file:s0:c47,c257,c512,c768 tclass=file app=com.mbwhatsapp
03-29 16:42:24.158 25803 25803 W com.whatsapp: type=1400 audit(0.0:1210044): avc: granted { execute } for path="/data/data/com.whatsapp/files/decompressed/libs.spo/libcurve25519.so" dev="dm-75" ino=31474 scontext=u:r:untrusted_app:s0:c47,c257,c512,c768 tcontext=u:object_r:app_data_file:s0:c47,c257,c512,c768 tclass=file app=com.mbwhatsapp
03-29 16:42:24.173 25107 25107 E ArmVmp : Match on catch block at 0xc3 in for 0x14d
03-29 16:42:24.177 25107 25107 E ArmVmp : Match on catch block at 0xc3 in for 0x149
03-29 16:42:24.455 25107 25107 E ArmVmp : Match on catch block at 0xc3 in for 0x145
03-29 16:42:24.459 25107 25107 E ArmVmp : Match on catch block at 0xc3 in for 0x141
03-29 16:42:24.770 25107 25107 E ArmVmp : Match on catch block at 0xc3 in for 0x159
03-29 16:42:24.775 25107 25107 E ArmVmp : Match on catch block at 0xc3 in for 0x155
03-29 16:42:25.151 25107 25107 E ArmVmp : Match on catch block at 0xc3 in for 0x151
03-29 16:42:25.156 25107 25107 E ArmVmp : Match on catch block at 0xc3 in for 0x14d
03-29 16:42:25.350 25107 25107 E ArmVmp : Match on catch block at 0xc3 in for 0x149
03-29 16:42:25.354 25107 25107 E ArmVmp : Match on catch block at 0xc3 in for 0x145
03-29 16:42:25.599 25107 25107 E ArmVmp : Match on catch block at 0xc3 in for 0x141
03-29 16:42:25.603 25107 25107 E ArmVmp : Match on catch block at 0xc3 in for 0x159
03-29 16:42:25.864 25107 25107 E ArmVmp : Match on catch block at 0xc3 in for 0x155
03-29 16:42:25.867 25107 25107 E ArmVmp : Match on catch block at 0xc3 in for 0x151
03-29 16:42:26.362 25107 25107 E ArmVmp : Match on catch block at 0xc3 in for 0x145
03-29 16:42:26.368 25107 25107 E ArmVmp : Match on catch block at 0xc3 in for 0x141
03-29 16:42:26.876 25107 25107 E ArmVmp : Match on catch block at 0xc3 in for 0x151
03-29 16:42:26.883 25107 25107 E ArmVmp : Match on catch block at 0xc3 in for 0x14d
03-29 16:42:27.189 25107 25107 E ArmVmp : Match on catch block at 0xc3 in for 0x149
03-29 16:42:27.194 25107 25107 E ArmVmp : Match on catch block at 0xc3 in for 0x145
03-29 16:42:27.688 25107 25107 E ArmVmp : Match on catch block at 0xc3 in for 0x141
03-29 16:42:27.693 25107 25107 E ArmVmp : Match on catch block at 0xc3 in for 0x159
03-29 16:42:28.001 25107 25107 E ArmVmp : Match on catch block at 0xc3 in for 0x155
03-29 16:42:28.006 25107 25107 E ArmVmp : Match on catch block at 0xc3 in for 0x151
03-29 16:42:28.316 25107 25107 E ArmVmp : Match on catch block at 0xc3 in for 0x14d
03-29 16:42:28.320 25107 25107 E ArmVmp : Match on catch block at 0xc3 in for 0x149
03-29 16:42:28.814 25107 25107 E ArmVmp : Match on catch block at 0xc3 in for 0x159
03-29 16:42:28.818 25107 25107 E ArmVmp : Match on catch block at 0xc3 in for 0x155
03-29 16:42:29.329 25107 25107 E ArmVmp : Match on catch block at 0xc3 in for 0x149
03-29 16:42:29.335 25107 25107 E ArmVmp : Match on catch block at 0xc3 in for 0x145
03-29 16:42:29.825 25107 25107 E ArmVmp : Match on catch block at 0xc3 in for 0x155
03-29 16:42:29.829 25107 25107 E ArmVmp : Match on catch block at 0xc3 in for 0x151
03-29 16:42:29.924 25107 25107 E ArmVmp : Match on catch block at 0xc3 in for 0x14d
03-29 16:42:29.929 25107 25107 E ArmVmp : Match on catch block at 0xc3 in for 0x149
03-29 16:42:29.974 25107 25107 E ArmVmp : Match on catch block at 0xc3 in for 0x145
03-29 16:42:29.978 25107 25107 E ArmVmp : Match on catch block at 0xc3 in for 0x141
03-29 16:42:30.025 25107 25107 E ArmVmp : Match on catch block at 0xc3 in for 0x159
03-29 16:42:30.032 25107 25107 E ArmVmp : Match on catch block at 0xc3 in for 0x155
03-29 16:42:30.456 25107 25107 E ArmVmp : Match on catch block at 0xc3 in for 0x151
03-29 16:42:30.462 25107 25107 E ArmVmp : Match on catch block at 0xc3 in for 0x14d
03-29 16:42:30.687 25107 25107 E ArmVmp : Match on catch block at 0xc3 in for 0x149
03-29 16:42:30.691 25107 25107 E ArmVmp : Match on catch block at 0xc3 in for 0x145
03-29 16:42:30.869 25107 25107 E ArmVmp : Match on catch block at 0xc3 in for 0x141
03-29 16:42:30.875 25107 25107 E ArmVmp : Match on catch block at 0xc3 in for 0x159
03-29 16:42:31.084 25107 25107 E ArmVmp : Match on catch block at 0xc3 in for 0x155
03-29 16:42:31.090 25107 25107 E ArmVmp : Match on catch block at 0xc3 in for 0x151
03-29 16:42:31.582 25107 25107 E ArmVmp : Match on catch block at 0xc3 in for 0x145
03-29 16:42:31.587 25107 25107 E ArmVmp : Match on catch block at 0xc3 in for 0x141
03-29 16:42:31.863 25107 25107 E ArmVmp : Match on catch block at 0xc3 in for 0x159
03-29 16:42:31.867 25107 25107 E ArmVmp : Match on catch block at 0xc3 in for 0x155
03-29 16:42:32.277 25107 25107 E ArmVmp : Match on catch block at 0xc3 in for 0x151
03-29 16:42:32.281 25107 25107 E ArmVmp : Match on catch block at 0xc3 in for 0x14d
03-29 16:42:32.493 25107 25107 E ArmVmp : Match on catch block at 0xc3 in for 0x141
03-29 16:42:32.497 25107 25107 E ArmVmp : Match on catch block at 0xc3 in for 0x159
03-29 16:42:32.642 25107 25107 E ArmVmp : Match on catch block at 0xc3 in for 0x155
03-29 16:42:32.647 25107 25107 E ArmVmp : Match on catch block at 0xc3 in for 0x151
03-29 16:42:32.841 25107 25107 E ArmVmp : Match on catch block at 0xc3 in for 0x14d
03-29 16:42:32.846 25107 25107 E ArmVmp : Match on catch block at 0xc3 in for 0x149
03-29 16:42:32.990 25107 25107 E ArmVmp : Match on catch block at 0xc3 in for 0x145
03-29 16:42:32.995 25107 25107 E ArmVmp : Match on catch block at 0xc3 in for 0x141
03-29 16:42:33.488 25107 25107 E ArmVmp : Match on catch block at 0xc3 in for 0x151
03-29 16:42:33.492 25107 25107 E ArmVmp : Match on catch block at 0xc3 in for 0x14d
03-29 16:42:33.669 25107 25107 E ArmVmp : Match on catch block at 0xc3 in for 0x149
03-29 16:42:33.672 25107 25107 E ArmVmp : Match on catch block at 0xc3 in for 0x145
03-29 16:42:33.691 25107 25107 E ArmVmp : Match on catch block at 0xc3 in for 0x145
03-29 16:42:33.694 25107 25107 E ArmVmp : Match on catch block at 0xc3 in for 0x141
03-29 16:42:33.726 25107 25107 E ArmVmp : Match on catch block at 0xc3 in for 0x155
03-29 16:42:33.729 25107 25107 E ArmVmp : Match on catch block at 0xc3 in for 0x151
03-29 16:42:33.789 25107 25107 E ArmVmp : Match on catch block at 0xc3 in for 0x141
03-29 16:42:33.793 25107 25107 E ArmVmp : Match on catch block at 0xc3 in for 0x159
03-29 16:42:33.824 25107 25107 E ArmVmp : Match on catch block at 0xc3 in for 0x151
03-29 16:42:33.830 25107 25107 E ArmVmp : Match on catch block at 0xc3 in for 0x14d
03-29 16:42:33.853 25107 25107 E ArmVmp : Match on catch block at 0xc3 in for 0x159
03-29 16:42:33.857 25107 25107 E ArmVmp : Match on catch block at 0xc3 in for 0x155
03-29 16:42:33.869 25107 25107 E ArmVmp : Match on catch block at 0xc3 in for 0x149
03-29 16:42:33.877 25107 25107 E ArmVmp : Match on catch block at 0xc3 in for 0x145
03-29 16:42:33.886 25107 25107 E ArmVmp : Match on catch block at 0xc3 in for 0x155
03-29 16:42:33.893 25107 25107 E ArmVmp : Match on catch block at 0xc3 in for 0x151
03-29 16:42:34.186 25107 25107 E ArmVmp : Match on catch block at 0xc3 in for 0x149
03-29 16:42:34.190 25107 25107 E ArmVmp : Match on catch block at 0xc3 in for 0x145
03-29 16:42:34.199 25107 25189 W MediaPlayer: Use of stream types is deprecated for operations other than volume control
03-29 16:42:34.200 25107 25189 W MediaPlayer: See the documentation of setAudioStreamType() for what to use instead with android.media.AudioAttributes to qualify your playback use case
03-29 16:42:34.216 25107 25107 E ArmVmp : Match on catch block at 0xc3 in for 0x151
03-29 16:42:34.220 25107 25107 E ArmVmp : Match on catch block at 0xc3 in for 0x14d
03-29 16:42:34.713 25107 25107 E ArmVmp : Match on catch block at 0xc3 in for 0x155
03-29 16:42:34.717 25107 25107 E ArmVmp : Match on catch block at 0xc3 in for 0x151
03-29 16:42:35.210 25107 25107 E ArmVmp : Match on catch block at 0xc3 in for 0x145
03-29 16:42:35.214 25107 25107 E ArmVmp : Match on catch block at 0xc3 in for 0x141
03-29 16:42:35.709 25107 25107 E ArmVmp : Match on catch block at 0xc3 in for 0x155
03-29 16:42:35.712 25107 25107 E ArmVmp : Match on catch block at 0xc3 in for 0x151
03-29 16:42:36.204 25107 25107 E ArmVmp : Match on catch block at 0xc3 in for 0x149
03-29 16:42:36.208 25107 25107 E ArmVmp : Match on catch block at 0xc3 in for 0x145
03-29 16:42:36.719 25107 25107 E ArmVmp : Match on catch block at 0xc3 in for 0x155
03-29 16:42:36.722 25107 25107 E ArmVmp : Match on catch block at 0xc3 in for 0x151
03-29 16:42:37.088 25107 25107 E ArmVmp : Match on catch block at 0xc3 in for 0x141
03-29 16:42:37.093 25107 25107 E ArmVmp : Match on catch block at 0xc3 in for 0x159
03-29 16:42:37.111 25107 25107 E ArmVmp : Match on catch block at 0xc3 in for 0x149
03-29 16:42:37.116 25107 25107 E ArmVmp : Match on catch block at 0xc3 in for 0x145
03-29 16:42:37.122 25107 25107 E ArmVmp : Match on catch block at 0xc3 in for 0x155
03-29 16:42:37.127 25107 25107 E ArmVmp : Match on catch block at 0xc3 in for 0x151
03-29 16:42:37.133 25107 25107 E ArmVmp : Match on catch block at 0xc3 in for 0x145
03-29 16:42:37.136 25107 25107 E ArmVmp : Match on catch block at 0xc3 in for 0x141
03-29 16:42:37.151 25107 25107 E ArmVmp : Match on catch block at 0xc3 in for 0x151
03-29 16:42:37.158 25107 25107 E ArmVmp : Match on catch block at 0xc3 in for 0x14d
03-29 16:42:37.168 25107 25107 E ArmVmp : Match on catch block at 0xc3 in for 0x141
03-29 16:42:37.173 25107 25107 E ArmVmp : Match on catch block at 0xc3 in for 0x159
03-29 16:42:37.183 25107 25107 E ArmVmp : Match on catch block at 0xc3 in for 0x14d
03-29 16:42:37.189 25107 25107 E ArmVmp : Match on catch block at 0xc3 in for 0x149
03-29 16:42:37.200 25107 25107 E ArmVmp : Match on catch block at 0xc3 in for 0x159
03-29 16:42:37.204 25107 25107 E ArmVmp : Match on catch block at 0xc3 in for 0x155
03-29 16:42:37.218 25107 25107 E ArmVmp : Match on catch block at 0xc3 in for 0x149
03-29 16:42:37.223 25107 25107 E ArmVmp : Match on catch block at 0xc3 in for 0x145
03-29 16:42:37.233 25107 25107 E ArmVmp : Match on catch block at 0xc3 in for 0x155
03-29 16:42:37.249 25107 25107 E ArmVmp : Match on catch block at 0xc3 in for 0x151
03-29 16:42:37.265 25107 25107 E ArmVmp : Match on catch block at 0xc3 in for 0x145
03-29 16:42:37.271 25107 25107 E ArmVmp : Match on catch block at 0xc3 in for 0x141
03-29 16:42:37.283 25107 25107 E ArmVmp : Match on catch block at 0xc3 in for 0x151
03-29 16:42:37.287 25107 25107 E ArmVmp : Match on catch block at 0xc3 in for 0x14d
03-29 16:42:37.299 25107 25107 E ArmVmp : Match on catch block at 0xc3 in for 0x141
03-29 16:42:37.311 25107 25107 E ArmVmp : Match on catch block at 0xc3 in for 0x159
03-29 16:42:37.332 25107 25107 E ArmVmp : Match on catch block at 0xc3 in for 0x155
03-29 16:42:37.340 25107 25107 E ArmVmp : Match on catch block at 0xc3 in for 0x151
03-29 16:42:37.602 25107 25107 E ArmVmp : Match on catch block at 0xc3 in for 0x151
03-29 16:42:37.608 25107 25107 E ArmVmp : Match on catch block at 0xc3 in for 0x14d
03-29 16:42:37.633 25107 25107 E ArmVmp : Match on catch block at 0xc3 in for 0x159
03-29 16:42:37.637 25107 25107 E ArmVmp : Match on catch block at 0xc3 in for 0x155
03-29 16:42:37.647 25107 25107 E ArmVmp : Match on catch block at 0xc3 in for 0x149
03-29 16:42:37.650 25107 25107 E ArmVmp : Match on catch block at 0xc3 in for 0x145
03-29 16:42:37.663 25107 25107 E ArmVmp : Match on catch block at 0xc3 in for 0x155
03-29 16:42:37.667 25107 25107 E ArmVmp : Match on catch block at 0xc3 in for 0x151
03-29 16:42:37.681 25107 25107 E ArmVmp : Match on catch block at 0xc3 in for 0x145
03-29 16:42:37.685 25107 25107 E ArmVmp : Match on catch block at 0xc3 in for 0x141
03-29 16:42:37.697 25107 25107 E ArmVmp : Match on catch block at 0xc3 in for 0x151
03-29 16:42:37.702 25107 25107 E ArmVmp : Match on catch block at 0xc3 in for 0x14d
03-29 16:42:37.713 25107 25107 E ArmVmp : Match on catch block at 0xc3 in for 0x141
03-29 16:42:37.718 25107 25107 E ArmVmp : Match on catch block at 0xc3 in for 0x159
03-29 16:42:37.730 25107 25107 E ArmVmp : Match on catch block at 0xc3 in for 0x14d
03-29 16:42:37.734 25107 25107 E ArmVmp : Match on catch block at 0xc3 in for 0x149
03-29 16:42:37.748 25107 25107 E ArmVmp : Match on catch block at 0xc3 in for 0x159
03-29 16:42:37.752 25107 25107 E ArmVmp : Match on catch block at 0xc3 in for 0x155
03-29 16:42:37.763 25107 25107 E ArmVmp : Match on catch block at 0xc3 in for 0x149
03-29 16:42:37.768 25107 25107 E ArmVmp : Match on catch block at 0xc3 in for 0x145
03-29 16:42:37.780 25107 25107 E ArmVmp : Match on catch block at 0xc3 in for 0x155
03-29 16:42:37.784 25107 25107 E ArmVmp : Match on catch block at 0xc3 in for 0x151
03-29 16:42:37.796 25107 25107 E ArmVmp : Match on catch block at 0xc3 in for 0x145
03-29 16:42:37.801 25107 25107 E ArmVmp : Match on catch block at 0xc3 in for 0x141
03-29 16:42:37.812 25107 25107 E ArmVmp : Match on catch block at 0xc3 in for 0x151
03-29 16:42:37.817 25107 25107 E ArmVmp : Match on catch block at 0xc3 in for 0x14d
03-29 16:42:37.829 25107 25107 E ArmVmp : Match on catch block at 0xc3 in for 0x141
03-29 16:42:37.833 25107 25107 E ArmVmp : Match on catch block at 0xc3 in for 0x159
03-29 16:42:37.846 25107 25107 E ArmVmp : Match on catch block at 0xc3 in for 0x14d
03-29 16:42:37.851 25107 25107 E ArmVmp : Match on catch block at 0xc3 in for 0x149
03-29 16:42:37.862 25107 25107 E ArmVmp : Match on catch block at 0xc3 in for 0x159
03-29 16:42:37.866 25107 25107 E ArmVmp : Match on catch block at 0xc3 in for 0x155
03-29 16:42:37.879 25107 25107 E ArmVmp : Match on catch block at 0xc3 in for 0x149
03-29 16:42:37.884 25107 25107 E ArmVmp : Match on catch block at 0xc3 in for 0x145
03-29 16:42:37.895 25107 25107 E ArmVmp : Match on catch block at 0xc3 in for 0x155
03-29 16:42:37.898 25107 25107 E ArmVmp : Match on catch block at 0xc3 in for 0x151
03-29 16:42:37.912 25107 25107 E ArmVmp : Match on catch block at 0xc3 in for 0x145
03-29 16:42:37.915 25107 25107 E ArmVmp : Match on catch block at 0xc3 in for 0x141
03-29 16:42:37.928 25107 25107 E ArmVmp : Match on catch block at 0xc3 in for 0x151
03-29 16:42:37.933 25107 25107 E ArmVmp : Match on catch block at 0xc3 in for 0x14d
03-29 16:42:37.945 25107 25107 E ArmVmp : Match on catch block at 0xc3 in for 0x141
03-29 16:42:37.949 25107 25107 E ArmVmp : Match on catch block at 0xc3 in for 0x159
03-29 16:42:37.962 25107 25107 E ArmVmp : Match on catch block at 0xc3 in for 0x14d
03-29 16:42:37.966 25107 25107 E ArmVmp : Match on catch block at 0xc3 in for 0x149
03-29 16:42:37.978 25107 25107 E ArmVmp : Match on catch block at 0xc3 in for 0x145
03-29 16:42:37.982 25107 25107 E ArmVmp : Match on catch block at 0xc3 in for 0x141
03-29 16:42:37.995 25107 25107 E ArmVmp : Match on catch block at 0xc3 in for 0x151
03-29 16:42:38.000 25107 25107 E ArmVmp : Match on catch block at 0xc3 in for 0x14d
03-29 16:42:38.011 25107 25107 E ArmVmp : Match on catch block at 0xc3 in for 0x141
03-29 16:42:38.014 25107 25107 E ArmVmp : Match on catch block at 0xc3 in for 0x159
03-29 16:42:38.294 25107 25107 E ArmVmp : Match on catch block at 0xc3 in for 0x155
03-29 16:42:38.298 25107 25107 E ArmVmp : Match on catch block at 0xc3 in for 0x151
03-29 16:42:38.492 25107 25107 E ArmVmp : Match on catch block at 0xc3 in for 0x14d
03-29 16:42:38.498 25107 25107 E ArmVmp : Match on catch block at 0xc3 in for 0x149
03-29 16:42:38.674 25107 25107 E ArmVmp : Match on catch block at 0xc3 in for 0x145
03-29 16:42:38.680 25107 25107 E ArmVmp : Match on catch block at 0xc3 in for 0x141
03-29 16:42:38.940 25107 25107 E ArmVmp : Match on catch block at 0xc3 in for 0x159
03-29 16:42:38.945 25107 25107 E ArmVmp : Match on catch block at 0xc3 in for 0x155
03-29 16:42:39.172 25107 25107 E ArmVmp : Match on catch block at 0xc3 in for 0x151
03-29 16:42:39.177 25107 25107 E ArmVmp : Match on catch block at 0xc3 in for 0x14d
03-29 16:42:39.404 25107 25107 E ArmVmp : Match on catch block at 0xc3 in for 0x149
03-29 16:42:39.408 25107 25107 E ArmVmp : Match on catch block at 0xc3 in for 0x145
03-29 16:42:39.685 25107 25107 E ArmVmp : Match on catch block at 0xc3 in for 0x141
03-29 16:42:39.691 25107 25107 E ArmVmp : Match on catch block at 0xc3 in for 0x159
03-29 16:42:39.967 25107 25107 E ArmVmp : Match on catch block at 0xc3 in for 0x155
03-29 16:42:39.972 25107 25107 E ArmVmp : Match on catch block at 0xc3 in for 0x151
03-29 16:42:40.466 25107 25107 E ArmVmp : Match on catch block at 0xc3 in for 0x14d
03-29 16:42:40.476 25107 25107 E ArmVmp : Match on catch block at 0xc3 in for 0x149
03-29 16:42:40.698 25107 25107 E ArmVmp : Match on catch block at 0xc3 in for 0x159
03-29 16:42:40.705 25107 25107 E ArmVmp : Match on catch block at 0xc3 in for 0x155
03-29 16:42:40.729 25107 25107 E ArmVmp : Match on catch block at 0xc3 in for 0x151
03-29 16:42:40.733 25107 25107 E ArmVmp : Match on catch block at 0xc3 in for 0x14d
03-29 16:42:40.861 25107 25107 E ArmVmp : Match on catch block at 0xc3 in for 0x149
03-29 16:42:40.866 25107 25107 E ArmVmp : Match on catch block at 0xc3 in for 0x145
03-29 16:42:41.010 25107 25107 E ArmVmp : Match on catch block at 0xc3 in for 0x155
03-29 16:42:41.014 25107 25107 E ArmVmp : Match on catch block at 0xc3 in for 0x151
03-29 16:42:41.358 25107 25107 E ArmVmp : Match on catch block at 0xc3 in for 0x149
03-29 16:42:41.362 25107 25107 E ArmVmp : Match on catch block at 0xc3 in for 0x145
03-29 16:42:41.773 25107 25107 E ArmVmp : Match on catch block at 0xc3 in for 0x141
03-29 16:42:41.777 25107 25107 E ArmVmp : Match on catch block at 0xc3 in for 0x159
03-29 16:42:42.270 25107 25107 E ArmVmp : Match on catch block at 0xc3 in for 0x14d
03-29 16:42:42.273 25107 25107 E ArmVmp : Match on catch block at 0xc3 in for 0x149
03-29 16:42:42.437 25107 25107 E ArmVmp : Match on catch block at 0xc3 in for 0x145
03-29 16:42:42.442 25107 25107 E ArmVmp : Match on catch block at 0xc3 in for 0x141
03-29 16:42:42.834 25107 25107 E ArmVmp : Match on catch block at 0xc3 in for 0x159
03-29 16:42:42.840 25107 25107 E ArmVmp : Match on catch block at 0xc3 in for 0x155
03-29 16:42:43.333 25107 25107 E ArmVmp : Match on catch block at 0xc3 in for 0x149
03-29 16:42:43.339 25107 25107 E ArmVmp : Match on catch block at 0xc3 in for 0x145
03-29 16:42:43.546 25107 25107 E ArmVmp : Match on catch block at 0xc3 in for 0x141
03-29 16:42:43.550 25107 25107 E ArmVmp : Match on catch block at 0xc3 in for 0x159
03-29 16:42:43.763 25107 25107 E ArmVmp : Match on catch block at 0xc3 in for 0x155
03-29 16:42:43.769 25107 25107 E ArmVmp : Match on catch block at 0xc3 in for 0x151
03-29 16:42:44.061 25107 25107 E ArmVmp : Match on catch block at 0xc3 in for 0x14d
03-29 16:42:44.066 25107 25107 E ArmVmp : Match on catch block at 0xc3 in for 0x149
03-29 16:42:44.127 25107 25107 E ArmVmp : Match on catch block at 0xc3 in for 0x159
03-29 16:42:44.132 25107 25107 E ArmVmp : Match on catch block at 0xc3 in for 0x155
03-29 16:42:44.342 25107 25107 E ArmVmp : Match on catch block at 0xc3 in for 0x151
03-29 16:42:44.347 25107 25107 E ArmVmp : Match on catch block at 0xc3 in for 0x14d
03-29 16:42:44.558 25107 25107 E ArmVmp : Match on catch block at 0xc3 in for 0x149
03-29 16:42:44.564 25107 25107 E ArmVmp : Match on catch block at 0xc3 in for 0x145
03-29 16:42:44.740 25107 25107 E ArmVmp : Match on catch block at 0xc3 in for 0x141
03-29 16:42:44.745 25107 25107 E ArmVmp : Match on catch block at 0xc3 in for 0x159
03-29 16:42:45.055 25107 25107 E ArmVmp : Match on catch block at 0xc3 in for 0x155
03-29 16:42:45.061 25107 25107 E ArmVmp : Match on catch block at 0xc3 in for 0x151
03-29 16:42:45.071 25107 25107 E ArmVmp : Match on catch block at 0xc3 in for 0x145
03-29 16:42:45.076 25107 25107 E ArmVmp : Match on catch block at 0xc3 in for 0x141
03-29 16:42:45.370 25107 25107 E ArmVmp : Match on catch block at 0xc3 in for 0x159
03-29 16:42:45.376 25107 25107 E ArmVmp : Match on catch block at 0xc3 in for 0x155
03-29 16:42:45.685 25107 25107 E ArmVmp : Match on catch block at 0xc3 in for 0x151
03-29 16:42:45.690 25107 25107 E ArmVmp : Match on catch block at 0xc3 in for 0x14d
03-29 16:42:45.949 25107 25107 E ArmVmp : Match on catch block at 0xc3 in for 0x149
03-29 16:42:45.955 25107 25107 E ArmVmp : Match on catch block at 0xc3 in for 0x145
03-29 16:42:46.165 25107 25107 E ArmVmp : Match on catch block at 0xc3 in for 0x141
03-29 16:42:46.170 25107 25107 E ArmVmp : Match on catch block at 0xc3 in for 0x159
03-29 16:42:46.182 25107 25107 E ArmVmp : Match on catch block at 0xc3 in for 0x14d
03-29 16:42:46.187 25107 25107 E ArmVmp : Match on catch block at 0xc3 in for 0x149
03-29 16:42:46.430 25107 25107 E ArmVmp : Match on catch block at 0xc3 in for 0x149
03-29 16:42:46.434 25107 25107 E ArmVmp : Match on catch block at 0xc3 in for 0x145
03-29 16:42:46.778 25107 25107 E ArmVmp : Match on catch block at 0xc3 in for 0x141
03-29 16:42:46.781 25107 25107 E ArmVmp : Match on catch block at 0xc3 in for 0x159
03-29 16:42:47.027 25107 25107 E ArmVmp : Match on catch block at 0xc3 in for 0x155
03-29 16:42:47.037 25107 25107 E ArmVmp : Match on catch block at 0xc3 in for 0x151
03-29 16:42:47.060 25107 25107 E ArmVmp : Match on catch block at 0xc3 in for 0x145
03-29 16:42:47.067 25107 25107 E ArmVmp : Match on catch block at 0xc3 in for 0x141
03-29 16:42:47.528 25107 25107 E ArmVmp : Match on catch block at 0xc3 in for 0x151
03-29 16:42:47.531 25107 25107 E ArmVmp : Match on catch block at 0xc3 in for 0x14d
03-29 16:42:47.858 25107 25107 E ArmVmp : Match on catch block at 0xc3 in for 0x149
03-29 16:42:47.865 25107 25107 E ArmVmp : Match on catch block at 0xc3 in for 0x145
03-29 16:42:47.890 25107 25107 E ArmVmp : Match on catch block at 0xc3 in for 0x155
03-29 16:42:47.893 25107 25107 E ArmVmp : Match on catch block at 0xc3 in for 0x151
03-29 16:42:48.070 27088 27088 W ip : type=1400 audit(0.0:1210245): avc: denied { bind } for scontext=u:r:untrusted_app:s0:c17,c257,c512,c768 tcontext=u:r:untrusted_app:s0:c17,c257,c512,c768 tclass=netlink_route_socket permissive=0 bug=b/155595000 app=com.mbwhatsapp
03-29 16:42:48.118 27091 27091 W ip : type=1400 audit(0.0:1210246): avc: denied { bind } for scontext=u:r:untrusted_app:s0:c17,c257,c512,c768 tcontext=u:r:untrusted_app:s0:c17,c257,c512,c768 tclass=netlink_route_socket permissive=0 bug=b/155595000 app=com.mbwhatsapp
03-29 16:42:48.269 25107 25107 E ArmVmp : Match on catch block at 0xc3 in for 0x14d
03-29 16:42:48.275 25107 25107 E ArmVmp : Match on catch block at 0xc3 in for 0x149
03-29 16:42:48.506 25107 25107 E ArmVmp : Match on catch block at 0xc3 in for 0x145
03-29 16:42:48.510 25107 25107 E ArmVmp : Match on catch block at 0xc3 in for 0x141
03-29 16:42:48.817 25107 25107 E ArmVmp : Match on catch block at 0xc3 in for 0x145
03-29 16:42:48.823 25107 25107 E ArmVmp : Match on catch block at 0xc3 in for 0x141
03-29 16:42:48.833 25107 25107 E ArmVmp : Match on catch block at 0xc3 in for 0x151
03-29 16:42:48.839 25107 25107 E ArmVmp : Match on catch block at 0xc3 in for 0x14d
03-29 16:42:49.082 25107 25107 E ArmVmp : Match on catch block at 0xc3 in for 0x149
03-29 16:42:49.087 25107 25107 E ArmVmp : Match on catch block at 0xc3 in for 0x145
03-29 16:42:49.314 25107 25107 E ArmVmp : Match on catch block at 0xc3 in for 0x141
03-29 16:42:49.320 25107 25107 E ArmVmp : Match on catch block at 0xc3 in for 0x159
03-29 16:42:49.330 25107 25107 E ArmVmp : Match on catch block at 0xc3 in for 0x14d
03-29 16:42:49.336 25107 25107 E ArmVmp : Match on catch block at 0xc3 in for 0x149
03-29 16:42:49.812 25107 25107 E ArmVmp : Match on catch block at 0xc3 in for 0x159
03-29 16:42:49.817 25107 25107 E ArmVmp : Match on catch block at 0xc3 in for 0x155
03-29 16:42:50.325 25107 25107 E ArmVmp : Match on catch block at 0xc3 in for 0x149
03-29 16:42:50.331 25107 25107 E ArmVmp : Match on catch block at 0xc3 in for 0x145
03-29 16:42:50.822 25107 25107 E ArmVmp : Match on catch block at 0xc3 in for 0x155
03-29 16:42:50.828 25107 25107 E ArmVmp : Match on catch block at 0xc3 in for 0x151
03-29 16:42:51.321 25107 25107 E ArmVmp : Match on catch block at 0xc3 in for 0x145
03-29 16:42:51.328 25107 25107 E ArmVmp : Match on catch block at 0xc3 in for 0x141
03-29 16:42:51.667 25107 25107 E ArmVmp : Match on catch block at 0xc3 in for 0x159
03-29 16:42:51.670 25107 25107 E ArmVmp : Match on catch block at 0xc3 in for 0x155
03-29 16:42:51.719 25107 25107 E ArmVmp : Match on catch block at 0xc3 in for 0x159
03-29 16:42:51.723 25107 25107 E ArmVmp : Match on catch block at 0xc3 in for 0x155
03-29 16:42:51.765 25107 25107 E ArmVmp : Match on catch block at 0xc3 in for 0x149
03-29 16:42:51.771 25107 25107 E ArmVmp : Match on catch block at 0xc3 in for 0x145
03-29 16:42:51.799 25107 25107 E ArmVmp : Match on catch block at 0xc3 in for 0x155
03-29 16:42:51.803 25107 25107 E ArmVmp : Match on catch block at 0xc3 in for 0x151
03-29 16:42:51.810 25107 25107 E ArmVmp : Match on catch block at 0xc3 in for 0x145
03-29 16:42:51.814 25107 25107 E ArmVmp : Match on catch block at 0xc3 in for 0x141
03-29 16:42:51.832 25107 25107 E ArmVmp : Match on catch block at 0xc3 in for 0x151
03-29 16:42:51.840 25107 25107 E ArmVmp : Match on catch block at 0xc3 in for 0x14d
03-29 16:42:52.097 25107 25107 E ArmVmp : Match on catch block at 0xc3 in for 0x149
03-29 16:42:52.112 25107 25107 E ArmVmp : Match on catch block at 0xc3 in for 0x145
03-29 16:42:52.189 25107 25107 E ArmVmp : Match on catch block at 0xc3 in for 0x159
03-29 16:42:52.194 25107 25107 E ArmVmp : Match on catch block at 0xc3 in for 0x155
03-29 16:42:52.247 25107 25107 E ArmVmp : Match on catch block at 0xc3 in for 0x145
03-29 16:42:52.256 25107 25107 E ArmVmp : Match on catch block at 0xc3 in for 0x141
03-29 16:42:52.437 25107 25107 E ArmVmp : Match on catch block at 0xc3 in for 0x159
03-29 16:42:52.441 25107 25107 E ArmVmp : Match on catch block at 0xc3 in for 0x155
03-29 16:42:52.458 25107 25189 W MediaPlayer: Use of stream types is deprecated for operations other than volume control
03-29 16:42:52.458 25107 25189 W MediaPlayer: See the documentation of setAudioStreamType() for what to use instead with android.media.AudioAttributes to qualify your playback use case
03-29 16:42:52.513 25107 25107 E ArmVmp : Match on catch block at 0xc3 in for 0x149
03-29 16:42:52.520 25107 25107 E ArmVmp : Match on catch block at 0xc3 in for 0x145
03-29 16:42:52.761 25107 25107 E ArmVmp : Match on catch block at 0xc3 in for 0x149
03-29 16:42:52.767 25107 25107 E ArmVmp : Match on catch block at 0xc3 in for 0x145
03-29 16:42:53.174 25107 25107 E ArmVmp : Match on catch block at 0xc3 in for 0x149
03-29 16:42:53.178 25107 25107 E ArmVmp : Match on catch block at 0xc3 in for 0x145
03-29 16:42:53.204 25107 25107 E ArmVmp : Match on catch block at 0xc3 in for 0x149
03-29 16:42:53.207 25107 25107 E ArmVmp : Match on catch block at 0xc3 in for 0x145
03-29 16:42:53.382 25107 25107 E ArmVmp : Match on catch block at 0xc3 in for 0x155
03-29 16:42:53.385 25107 25107 E ArmVmp : Match on catch block at 0xc3 in for 0x151
03-29 16:42:53.417 25107 25107 E IPCThreadState: attemptIncStrongHandle(136): Not supported
03-29 16:42:53.626 25107 25107 E ArmVmp : Match on catch block at 0xc3 in for 0x145
03-29 16:42:53.630 25107 25107 E ArmVmp : Match on catch block at 0xc3 in for 0x141
03-29 16:42:53.688 25107 25107 E ArmVmp : Match on catch block at 0xc3 in for 0x151
03-29 16:42:53.691 25107 25107 E ArmVmp : Match on catch block at 0xc3 in for 0x14d
03-29 16:42:53.708 25107 25107 E ArmVmp : Match on catch block at 0xc3 in for 0x149
03-29 16:42:53.713 25107 25107 E ArmVmp : Match on catch block at 0xc3 in for 0x145
03-29 16:42:53.724 25107 25107 E ArmVmp : Match on catch block at 0xc3 in for 0x155
03-29 16:42:53.727 25107 25107 E ArmVmp : Match on catch block at 0xc3 in for 0x151
03-29 16:42:54.213 25107 25107 E ArmVmp : Match on catch block at 0xc3 in for 0x141
03-29 16:42:54.221 25107 25107 E ArmVmp : Match on catch block at 0xc3 in for 0x159
03-29 16:42:59.113 25107 25107 E OplusBracketLog: [OplusViewMirrorManager] updateHostViewRootIfNeeded, not support android.view.ViewRootImpl@e1dfe69
03-29 16:42:59.145 25107 25107 E IPCThreadState: attemptIncStrongHandle(79): Not supported
03-29 16:42:59.191 25107 25172 W Parcel : Expecting binder but got null!
03-29 16:43:00.310 25107 25107 E OplusBracketLog: [OplusViewMirrorManager] updateHostViewRootIfNeeded, not support android.view.ViewRootImpl@f1deb7a
03-29 16:43:00.331 25107 25107 E IPCThreadState: attemptIncStrongHandle(115): Not supported
03-29 16:43:00.370 25107 25172 W Parcel : Expecting binder but got null!
03-29 16:43:02.047 25107 25107 E ArmVmp : Match on catch block at 0x4c in for 0x1c1
03-29 16:43:02.062 25107 25107 E ArmVmp : Match on catch block at 0x8d in for 0x1c5
03-29 16:43:02.071 25107 25107 E ArmVmp : Match on catch block at 0x8d in for 0x1c5
03-29 16:43:02.111 25107 25107 E ArmVmp : Match on catch block at 0x0a in for 0x199
03-29 16:43:02.116 25107 25107 E ArmVmp : Match on catch block at 0x0a in for 0x191
03-29 16:43:02.183 25107 25107 E OplusBracketLog: [OplusViewMirrorManager] updateHostViewRootIfNeeded, not support android.view.ViewRootImpl@e3459a5
03-29 16:43:02.206 25107 25107 E IPCThreadState: attemptIncStrongHandle(74): Not supported
03-29 16:43:02.568 25107 25107 W View : requestLayout() improperly called by X.4rh{58e16a1 V.E....L. ......ID 0,925-720,1461 viewInfo = } during layout: running second layout pass
03-29 16:43:02.568 25107 25107 W View : requestLayout() improperly called by android.widget.LinearLayout{9eae0c6 V.E...... ......ID 177,9-695,527 #7f0b0e50 app:id/main_layout viewInfo = } during layout: running second layout pass
03-29 16:43:02.568 25107 25107 W View : requestLayout() improperly called by com.mbwhatsapp.WaImageView{8a23887 VFED..CL. ......ID 0,0-248,248 #7f0b19fb app:id/thumb viewInfo = } during layout: running second layout pass
03-29 16:43:02.568 25107 25107 W View : requestLayout() improperly called by com.mbwhatsapp.WaImageView{9b563b4 VFED..CL. ......ID 0,0-248,248 #7f0b19fb app:id/thumb viewInfo = } during layout: running second layout pass
03-29 16:43:02.569 25107 25107 W View : requestLayout() improperly called by com.mbwhatsapp.WaImageView{7d47bdd VFED..CL. ......ID 0,0-248,248 #7f0b19fb app:id/thumb viewInfo = } during layout: running second layout pass
03-29 16:43:02.581 25107 25107 E ArmVmp : Match on catch block at 0xc3 in for 0x165
03-29 16:43:02.587 25107 25107 E ArmVmp : Match on catch block at 0xc3 in for 0x179
03-29 16:43:02.688 25107 25172 W Parcel : Expecting binder but got null!
03-29 16:43:02.736 25107 25107 E ArmVmp : Match on catch block at 0xc3 in for 0x155
03-29 16:43:02.740 25107 25107 E ArmVmp : Match on catch block at 0xc3 in for 0x151
03-29 16:43:02.782 25107 25107 W View : requestLayout() improperly called by X.4rh{58e16a1 V.E....L. ........ 0,925-720,1461 viewInfo = } during second layout pass: posting in next frame
03-29 16:43:02.782 25107 25107 W View : requestLayout() improperly called by android.widget.LinearLayout{9eae0c6 V.E...... ........ 177,9-695,527 #7f0b0e50 app:id/main_layout viewInfo = } during second layout pass: posting in next frame
03-29 16:43:02.791 25107 25107 E ArmVmp : Match on catch block at 0xc3 in for 0x141
03-29 16:43:02.794 25107 25107 E ArmVmp : Match on catch block at 0xc3 in for 0x159
03-29 16:43:02.821 25107 25107 E ArmVmp : Match on catch block at 0xc3 in for 0x159
03-29 16:43:02.825 25107 25107 E ArmVmp : Match on catch block at 0xc3 in for 0x155
03-29 16:43:02.839 25107 25107 E ArmVmp : Match on catch block at 0xc3 in for 0x155
03-29 16:43:02.842 25107 25107 E ArmVmp : Match on catch block at 0xc3 in for 0x151
03-29 16:43:02.875 25107 25107 E ArmVmp : Match on catch block at 0xc3 in for 0x14d
03-29 16:43:02.878 25107 25107 E ArmVmp : Match on catch block at 0xc3 in for 0x149
03-29 16:43:02.893 25107 25107 E ArmVmp : Match on catch block at 0xc3 in for 0x149
03-29 16:43:02.896 25107 25107 E ArmVmp : Match on catch block at 0xc3 in for 0x145
03-29 16:43:02.904 25107 25107 E ArmVmp : Match on catch block at 0xc3 in for 0x14d
03-29 16:43:02.908 25107 25107 E ArmVmp : Match on catch block at 0xc3 in for 0x149
03-29 16:43:02.920 25107 25107 E ArmVmp : Match on catch block at 0xc3 in for 0x151
03-29 16:43:02.923 25107 25107 E ArmVmp : Match on catch block at 0xc3 in for 0x14d
03-29 16:43:02.936 25107 25107 E ArmVmp : Match on catch block at 0xc3 in for 0x155
03-29 16:43:02.940 25107 25107 E ArmVmp : Match on catch block at 0xc3 in for 0x151
03-29 16:43:02.952 25107 25107 E ArmVmp : Match on catch block at 0xc3 in for 0x159
03-29 16:43:02.955 25107 25107 E ArmVmp : Match on catch block at 0xc3 in for 0x155
03-29 16:43:02.969 25107 25107 E ArmVmp : Match on catch block at 0xc3 in for 0x141
03-29 16:43:02.972 25107 25107 E ArmVmp : Match on catch block at 0xc3 in for 0x159
03-29 16:43:03.366 25107 25107 E ArmVmp : Match on catch block at 0xc3 in for 0x151
03-29 16:43:03.370 25107 25107 E ArmVmp : Match on catch block at 0xc3 in for 0x14d
03-29 16:43:03.837 25107 25107 E ArmVmp : Match on catch block at 0xc3 in for 0x149
03-29 16:43:03.840 25107 25107 E ArmVmp : Match on catch block at 0xc3 in for 0x145
03-29 16:43:03.864 25107 25172 E FrameEvents: updateAcquireFence: Did not find frame.
03-29 16:43:03.871 25107 25172 E FrameEvents: updateAcquireFence: Did not find frame.
03-29 16:43:03.973 25107 25107 E OplusBracketLog: [OplusViewMirrorManager] updateHostViewRootIfNeeded, not support android.view.ViewRootImpl@ee898a
03-29 16:43:03.987 25107 25107 E IPCThreadState: attemptIncStrongHandle(112): Not supported
03-29 16:43:04.048 25107 25107 E ArmVmp : Match on catch block at 0xc3 in for 0x149
03-29 16:43:04.050 25107 25107 E ArmVmp : Match on catch block at 0xc3 in for 0x145
03-29 16:43:04.063 25107 25107 E ArmVmp : Match on catch block at 0xc3 in for 0x14d
03-29 16:43:04.066 25107 25107 E ArmVmp : Match on catch block at 0xc3 in for 0x149
03-29 16:43:04.099 25107 25172 W Parcel : Expecting binder but got null!
03-29 16:43:04.100 25107 25107 E ArmVmp : Match on catch block at 0xc3 in for 0x151
03-29 16:43:04.102 25107 25107 E ArmVmp : Match on catch block at 0xc3 in for 0x14d
03-29 16:43:04.118 25107 25107 E ArmVmp : Match on catch block at 0xc3 in for 0x155
03-29 16:43:04.121 25107 25107 E ArmVmp : Match on catch block at 0xc3 in for 0x151
03-29 16:43:04.128 25107 25107 E ArmVmp : Match on catch block at 0xc3 in for 0x159
03-29 16:43:04.130 25107 25107 E ArmVmp : Match on catch block at 0xc3 in for 0x155
03-29 16:43:04.142 25107 25107 E ArmVmp : Match on catch block at 0xc3 in for 0x141
03-29 16:43:04.145 25107 25107 E ArmVmp : Match on catch block at 0xc3 in for 0x159
03-29 16:43:06.118 25107 25107 E ArmVmp : Match on catch block at 0xc3 in for 0x145
03-29 16:43:06.120 25107 25107 E ArmVmp : Match on catch block at 0xc3 in for 0x141
03-29 16:43:06.135 25107 25107 E ArmVmp : Match on catch block at 0xc3 in for 0x149
03-29 16:43:06.140 25107 25107 E ArmVmp : Match on catch block at 0xc3 in for 0x145
03-29 16:43:06.434 25107 25107 E ArmVmp : Match on catch block at 0xc3 in for 0x155
03-29 16:43:06.439 25107 25107 E ArmVmp : Match on catch block at 0xc3 in for 0x151
03-29 16:43:06.470 25107 25107 E ArmVmp : Match on catch block at 0xc3 in for 0x145
03-29 16:43:06.475 25107 25107 E ArmVmp : Match on catch block at 0xc3 in for 0x141
03-29 16:43:06.526 25107 25107 E ArmVmp : Match on catch block at 0xc3 in for 0x149
03-29 16:43:06.532 25107 25107 E ArmVmp : Match on catch block at 0xc3 in for 0x145
03-29 16:43:06.670 25107 25107 E ArmVmp : Match on catch block at 0xc3 in for 0x159
03-29 16:43:06.674 25107 25107 E ArmVmp : Match on catch block at 0xc3 in for 0x155
03-29 16:43:06.707 25107 25107 E ArmVmp : Match on catch block at 0xc3 in for 0x159
03-29 16:43:06.711 25107 25107 E ArmVmp : Match on catch block at 0xc3 in for 0x155
03-29 16:43:06.731 25107 25107 E ArmVmp : Match on catch block at 0xc3 in for 0x141
03-29 16:43:06.736 25107 25107 E ArmVmp : Match on catch block at 0xc3 in for 0x159
03-29 16:43:06.749 25107 25107 E ArmVmp : Match on catch block at 0xc3 in for 0x145
03-29 16:43:06.753 25107 25107 E ArmVmp : Match on catch block at 0xc3 in for 0x141
03-29 16:43:06.764 25107 25107 E ArmVmp : Match on catch block at 0xc3 in for 0x149
03-29 16:43:06.768 25107 25107 E ArmVmp : Match on catch block at 0xc3 in for 0x145
