03-29 16:53:11.417 6007 6007 W SIMPLE_WORKER0: type=1400 audit(0.0:1211030): avc: granted { execute } for path="/data/data/com.instagram.android/lib-compressed/libpapaya-log.so" dev="dm-75" ino=39835 scontext=u:r:untrusted_app:s0:c36,c257,c512,c768 tcontext=u:object_r:app_data_file:s0:c36,c257,c512,c768 tclass=file app=com.mbwhatsapp
03-29 16:53:11.469 6007 6007 W SIMPLE_WORKER0: type=1400 audit(0.0:1211031): avc: granted { execute } for path="/data/data/com.instagram.android/lib-compressed/libxplat_papaya_store_sqlite_ sqliteAndroid.so" dev="dm-75" ino=39629 scontext=u:r:untrusted_app:s0:c36,c257,c512,c768 tcontext=u:object_r:app_data_file:s0:c36,c257,c512,c768 tclass=file app=com.mbwhatsapp
03-29 16:53:11.589 6007 6007 W SIMPLE_WORKER0: type=1400 audit(0.0:1211035): avc: granted { execute } for path="/data/data/com.instagram.android/lib-compressed/libpapaya-store.so" dev="dm- 75" ino=39628 scontext=u:r:untrusted_app:s0:c36,c257,c512,c768 tcontext=u:object_r:app_data_file:s0:c36,c257,c512,c768 tclass=file app=com.mbwhatsapp
03-29 16:53:11.681 6007 6007 W pool-13-thread-: type=1400 audit(0.0:1211036): avc: granted { execute } for path="/data/data/com.instagram.android/lib- compressed/libxplat_timeinappcore_timeinappcore-nonnativesqliteAndroid.so" dev="dm- 75" ino=39654 scontext=u:r:untrusted_app:s0:c36,c257,c512,c768 tcontext=u:object_r:app_data_file:s0:c36,c257,c512,c768 tclass=file app=com.mbwhatsapp
03-29 16:53:11.761 6007 6007 W pool-13-thread-: type=1400 audit(0.0:1211037): avc: granted { execute } for path="/data/data/com.instagram.android/lib- compressed/libtimeinapp-jni.so" dev="dm-75" ino=39716 scontext=u:r:untrusted_app:s0:c36,c257,c512,c768 tcontext=u:object_r:app_data_file:s0:c36,c257,c512,c768 tclass=file app=com.mbwhatsapp
03-29 16:53:11.773 6007 6007 W SIMPLE_WORKER9: type=1400 audit(0.0:1211038): avc: granted { execute } for path="/data/data/com.instagram.android/lib-compressed/librtg--------- beginning of main
03-29 17:03:07.093 10542 10542 E com.mbwhatsapp: Unknown bits set in runtime_flags: 0x40000000
03-29 17:03:07.099 10542 10542 E com.mbwhatsapp: Not starting debugger since process cannot load the jdwp agent.
03-29 17:03:07.107 10542 10542 W ziparchive: Unable to open '/system/framework/mediatek-framework.dm': No such file or directory
03-29 17:03:07.107 10542 10542 W ziparchive: Unable to open '/system/framework/mediatek-framework.dm': No such file or directory
03-29 17:03:07.121 10542 10557 E com.mbwhatsapp: Could not write anonymous vdex /system/framework/oat/arm64/mediatek-framework.vdex: Could not open /system/framework/oat/arm64/mediatek-framework.vdex for writing
03-29 17:03:07.186 10542 10542 W libc : Access denied finding property "ro.odm.prev.product.name"
03-29 17:03:07.609 10542 10542 W System.err: java.lang.ClassNotFoundException: mbmodsd.mbmodsw.ui.views.btn.BtnBK
03-29 17:03:07.611 10542 10542 W System.err: at java.lang.Runtime.nativeLoad(Native Method)
03-29 17:03:07.611 10542 10542 W System.err: at java.lang.Runtime.nativeLoad(Runtime.java:1121)
03-29 17:03:07.611 10542 10542 W System.err: at java.lang.Runtime.loadLibrary0(Runtime.java:1075)
03-29 17:03:07.611 10542 10542 W System.err: at java.lang.Runtime.loadLibrary0(Runtime.java:998)
03-29 17:03:07.611 10542 10542 W System.err: at java.lang.System.loadLibrary(System.java:1661)
03-29 17:03:07.611 10542 10542 W System.err: at arm.EpicVm.<clinit>(Unknown Source:2)
03-29 17:03:07.611 10542 10542 W System.err: at java.lang.Class.newInstance(Native Method)
03-29 17:03:07.611 10542 10542 W System.err: at android.app.AppComponentFactory.instantiateApplication(AppComponentFactory.java:76)
03-29 17:03:07.611 10542 10542 W System.err: at androidx.core.app.CoreComponentFactory.instantiateApplication(Unknown Source:0)
03-29 17:03:07.612 10542 10542 W System.err: at android.app.Instrumentation.newApplication(Instrumentation.java:1251)
03-29 17:03:07.612 10542 10542 W System.err: at android.app.LoadedApk.makeApplicationInner(LoadedApk.java:1507)
03-29 17:03:07.612 10542 10542 W System.err: at android.app.LoadedApk.makeApplicationInner(LoadedApk.java:1443)
03-29 17:03:07.612 10542 10542 W System.err: at android.app.ActivityThread.handleBindApplication(ActivityThread.java:7232)
03-29 17:03:07.612 10542 10542 W System.err: at android.app.ActivityThread.-$ $Nest$mhandleBindApplication(Unknown Source:0)
03-29 17:03:07.612 10542 10542 W System.err: at android.app.ActivityThread$H.handleMessage(ActivityThread.java:2307)
03-29 17:03:07.612 10542 10542 W System.err: at android.os.Handler.dispatchMessage(Handler.java:106)
03-29 17:03:07.612 10542 10542 W System.err: at android.os.Looper.loopOnce(Looper.java:240)
03-29 17:03:07.612 10542 10542 W System.err: at android.os.Looper.loop(Looper.java:351)
03-29 17:03:07.612 10542 10542 W System.err: at android.app.ActivityThread.main(ActivityThread.java:8436)
03-29 17:03:07.612 10542 10542 W System.err: at java.lang.reflect.Method.invoke(Native Method)
03-29 17:03:07.612 10542 10542 W System.err: at com.android.internal.os.RuntimeInit$MethodAndArgsCaller.run(RuntimeInit.java:568)
03-29 17:03:07.612 10542 10542 W System.err: at com.android.internal.os.ZygoteInit.main(ZygoteInit.java:1013)
03-29 17:03:07.677 10542 10542 E CustomActivityOnCrash: IMPORTANT WARNING! You already have an UncaughtExceptionHandler, are you sure this is correct? If you use a custom UncaughtExceptionHandler, you must initialize it AFTER CustomActivityOnCrash! Installing anyway, but your original handler will not be called.
03-29 17:03:08.758 10542 10542 W com.mbwhatsapp: Accessing hidden method Lcom/android/org/conscrypt/OpenSSLSocketImpl;->setUseSessionTickets(Z)V (max- target-q,core-platform-api, reflection, denied)
03-29 17:03:08.759 10542 10542 W com.mbwhatsapp: Accessing hidden method Lcom/android/org/conscrypt/AbstractConscryptSocket;->setUseSessionTickets(Z)V (max- target-q, reflection, denied)
03-29 17:03:09.179 10542 10542 E ANR_LOG : Blocked msg = { when=+2s43ms what=110 target=android.app.ActivityThre--------- beginning of main
03-29 17:03:09.183 10542 10590 W com.mbwhatsapp: Method void X.2rL.A03(java.lang.Integer) failed lock verification and will run slower.
03-29 17:03:09.183 10542 10590 W com.mbwhatsapp: Common causes for lock verification issues are non-optimized dex code
03-29 17:03:09.183 10542 10590 W com.mbwhatsapp: and incorrect proguard optimizations.
03-29 17:03:30.562 11483 11483 E com.mbwhatsapp: Unknown bits set in runtime_flags: 0x40000000
03-29 17:03:30.570 11483 11483 E com.mbwhatsapp: Not starting debugger since process cannot load the jdwp agent.
03-29 17:03:30.585 11483 11483 W ziparchive: Unable to open '/system/framework/mediatek-framework.dm': No such file or directory
03-29 17:03:30.585 11483 11483 W ziparchive: Unable to open '/system/framework/mediatek-framework.dm': No such file or directory
03-29 17:03:30.597 11483 11499 E com.mbwhatsapp: Could not write anonymous vdex /system/framework/oat/arm64/mediatek-framework.vdex: Could not open /system/framework/oat/arm64/mediatek-framework.vdex for writing
03-29 17:03:30.657 11483 11483 W libc : Access denied finding property "ro.odm.prev.product.name"
03-29 17:03:31.207 11483 11483 W System.err: java.lang.ClassNotFoundException: mbmodsd.mbmodsw.ui.views.btn.BtnBK
03-29 17:03:31.212 11483 11483 W System.err: at java.lang.Runtime.nativeLoad(Native Method)
03-29 17:03:31.212 11483 11483 W System.err: at java.lang.Runtime.nativeLoad(Runtime.java:1121)
03-29 17:03:31.212 11483 11483 W System.err: at java.lang.Runtime.loadLibrary0(Runtime.java:1075)
03-29 17:03:31.212 11483 11483 W System.err: at java.lang.Runtime.loadLibrary0(Runtime.java:998)
03-29 17:03:31.212 11483 11483 W System.err: at java.lang.System.loadLibrary(System.java:1661)
03-29 17:03:31.212 11483 11483 W System.err: at arm.EpicVm.<clinit>(Unknown Source:2)
03-29 17:03:31.212 11483 11483 W System.err: at java.lang.Class.newInstance(Native Method)
03-29 17:03:31.212 11483 11483 W System.err: at android.app.AppComponentFactory.instantiateApplication(AppComponentFactory.java:76)
03-29 17:03:31.212 11483 11483 W System.err: at androidx.core.app.CoreComponentFactory.instantiateApplication(Unknown Source:0)
03-29 17:03:31.212 11483 11483 W System.err: at android.app.Instrumentation.newApplication(Instrumentation.java:1251)
03-29 17:03:31.212 11483 11483 W System.err: at android.app.LoadedApk.makeApplicationInner(LoadedApk.java:1507)
03-29 17:03:31.212 11483 11483 W System.err: at android.app.LoadedApk.makeApplicationInner(LoadedApk.java:1443)
03-29 17:03:31.212 11483 11483 W System.err: at android.app.ActivityThread.handleBindApplication(ActivityThread.java:7232)
03-29 17:03:31.212 11483 11483 W System.err: at android.app.ActivityThread.-$ $Nest$mhandleBindApplication(Unknown Source:0)
03-29 17:03:31.212 11483 11483 W System.err: at android.app.ActivityThread$H.handleMessage(ActivityThread.java:2307)
03-29 17:03:31.212 11483 11483 W System.err: at android.os.Handler.dispatchMessage(Handler.java:106)
03-29 17:03:31.212 11483 11483 W System.err: at android.os.Looper.loopOnce(Looper.java:240)
03-29 17:03:31.212 11483 11483 W System.err: at android.os.Looper.loop(Looper.java:351)
03-29 17:03:31.212 11483 11483 W System.err: at android.app.ActivityThread.main(ActivityThread.java:8436)
03-29 17:03:31.212 11483 11483 W System.err: at java.lang.reflect.Method.invoke(Native Method)
03-29 17:03:31.212 11483 11483 W System.err: at com.android.internal.os.RuntimeInit$MethodAndArgsCaller.run(RuntimeInit.java:568)
03-29 17:03:31.212 11483 11483 W System.err: at com.android.internal.os.ZygoteInit.main(ZygoteInit.java:1013)
03-29 17:03:31.330 11483 11483 E CustomActivityOnCrash: IMPORTANT WARNING! You already have an UncaughtExceptionHandler, are you sure this is correct? If you use a custom UncaughtExceptionHandler, you must initialize it AFTER CustomActivityOnCrash! Installing anyway, but your original handler will not be called.
03-29 17:03:33.177 11483 11483 W com.mbwhatsapp: Accessing hidden method Lcom/android/org/conscrypt/OpenSSLSocketImpl;->setUseSessionTickets(Z)V (max- targ--------- beginning of main
03-29 17:03:33.939 11483 11483 E ANR_LOG : Blocked msg = { when=+3s326ms what=110 target=android.app.ActivityThread$H obj=AppBindData{appInfo=ApplicationInfo{94e3cd9 com.mbwhatsapp}} } , cost = 3326 ms
03-29 17:03:33.958 11483 11773 W com.mbwhatsapp: Method void X.2rL.A03(java.lang.Integer) failed lock verification and will run slower.
03-29 17:03:33.958 11483 11773 W com.mbwhatsapp: Common causes for lock verification issues are non-optimized dex code
03-29 17:03:33.958 11483 11773 W com.mbwhatsapp: and incorrect proguard optimizations.
03-29 17:03:54.767 12943 12943 E com.mbwhatsapp: Unknown bits set in runtime_flags: 0x40000000
03-29 17:03:54.777 12943 12943 E com.mbwhatsapp: Not starting debugger since process cannot load the jdwp agent.
03-29 17:03:54.786 12943 12943 W ziparchive: Unable to open '/system/framework/mediatek-framework.dm': No such file or directory
03-29 17:03:54.786 12943 12943 W ziparchive: Unable to open '/system/framework/mediatek-framework.dm': No such file or directory
03-29 17:03:54.804 12943 12957 E com.mbwhatsapp: Could not write anonymous vdex /system/framework/oat/arm64/mediatek-framework.vdex: Could not open /system/framework/oat/arm64/mediatek-framework.vdex for writing
03-29 17:03:54.868 12943 12943 W libc : Access denied finding property "ro.odm.prev.product.name"
03-29 17:03:55.337 12943 12943 W System.err: java.lang.ClassNotFoundException: mbmodsd.mbmodsw.ui.views.btn.BtnBK
03-29 17:03:55.339 12943 12943 W System.err: at java.lang.Runtime.nativeLoad(Native Method)
03-29 17:03:55.339 12943 12943 W System.err: at java.lang.Runtime.nativeLoad(Runtime.java:1121)
03-29 17:03:55.339 12943 12943 W System.err: at java.lang.Runtime.loadLibrary0(Runtime.java:1075)
03-29 17:03:55.339 12943 12943 W System.err: at java.lang.Runtime.loadLibrary0(Runtime.java:998)
03-29 17:03:55.339 12943 12943 W System.err: at java.lang.System.loadLibrary(System.java:1661)
03-29 17:03:55.339 12943 12943 W System.err: at arm.EpicVm.<clinit>(Unknown Source:2)
03-29 17:03:55.339 12943 12943 W System.err: at java.lang.Class.newInstance(Native Method)
03-29 17:03:55.339 12943 12943 W System.err: at android.app.AppComponentFactory.instantiateApplication(AppComponentFactory.java:76)
03-29 17:03:55.339 12943 12943 W System.err: at androidx.core.app.CoreComponentFactory.instantiateApplication(Unknown Source:0)
03-29 17:03:55.339 12943 12943 W System.err: at android.app.Instrumentation.newApplication(Instrumentation.java:1251)
03-29 17:03:55.339 12943 12943 W System.err: at android.app.LoadedApk.makeApplicationInner(LoadedApk.java:1507)
03-29 17:03:55.339 12943 12943 W System.err: at android.app.LoadedApk.makeApplicationInner(LoadedApk.java:1443)
03-29 17:03:55.340 12943 12943 W System.err: at android.app.ActivityThread.handleBindApplication(ActivityThread.java:7232)
03-29 17:03:55.340 12943 12943 W System.err: at android.app.ActivityThread.-$ $Nest$mhandleBindApplication(Unknown Source:0)
03-29 17:03:55.340 12943 12943 W System.err: at android.app.ActivityThread$H.handleMessage(ActivityThread.java:2307)
03-29 17:03:55.340 12943 12943 W System.err: at android.os.Handler.dispatchMessage(Handler.java:106)
03-29 17:03:55.340 12943 12943 W System.err: at android.os.Looper.loopOnce(Looper.java:240)
03-29 17:03:55.340 12943 12943 W System.err: at android.os.Looper.loop(Looper.java:351)
03-29 17:03:55.340 12943 12943 W System.err: at android.app.ActivityThread.main(ActivityThread.java:8436)
03-29 17:03:55.340 12943 12943 W System.err: at java.lang.reflect.Method.invoke(Native Method)
03-29 17:03:55.340 12943 12943 W System.err: at com.android.internal.os.RuntimeInit$MethodAndArgsCaller.run(RuntimeInit.java:568)
03-29 17:03:55.340 12943 12943 W System.err: at com.android.internal.os.ZygoteInit.main(ZygoteInit.java:1013)
03-29 17:03:55.420 12943 12943 E CustomActivityOnCrash: IMPORTANT WARNING! You already have an UncaughtExceptionHandler, are you sure this is correct? If you use a custom UncaughtExceptionHandler, you must initialize it AFTER CustomActivityOnCrash! Installing anywa--------- beginning of main
03-29 17:03:56.653 12943 12943 W com.mbwhatsapp: Accessing hidden method Lcom/android/org/conscrypt/OpenSSLSocketImpl;->setUseSessionTickets(Z)V (max- target-q,core-platform-api, reflection, denied)
03-29 17:03:56.653 12943 12943 W com.mbwhatsapp: Accessing hidden method Lcom/android/org/conscrypt/AbstractConscryptSocket;->setUseSessionTickets(Z)V (max- target-q, reflection, denied)
03-29 17:03:56.865 12943 12943 W com.mbwhatsapp: type=1400 audit(0.0:1211417): avc: granted { execute } for path="/data/data/com.mbwhatsapp/files/decompressed/libs.spk.zst/libc++_shared.so" dev="dm-75" ino=34004 scontext=u:r:untrusted_app:s0:c38,c257,c512,c768 tcontext=u:object_r:app_data_file:s0:c38,c257,c512,c768 tclass=file app=com.mbwhatsapp
03-29 17:03:56.901 12943 12943 W com.mbwhatsapp: type=1400 audit(0.0:1211418): avc: granted { execute } for path="/data/data/com.mbwhatsapp/files/decompressed/libs.spk.zst/libvlc.so" dev="dm- 75" ino=37727 scontext=u:r:untrusted_app:s0:c38,c257,c512,c768 tcontext=u:object_r:app_data_file:s0:c38,c257,c512,c768 tclass=file app=com.mbwhatsapp
03-29 17:03:56.921 12943 12943 W com.mbwhatsapp: type=1400 audit(0.0:1211419): avc: granted { execute } for path="/data/data/com.mbwhatsapp/files/decompressed/libs.spk.zst/libwhatsapp.so" dev="dm-75" ino=36919 scontext=u:r:untrusted_app:s0:c38,c257,c512,c768 tcontext=u:object_r:app_data_file:s0:c38,c257,c512,c768 tclass=file app=com.mbwhatsapp
03-29 17:03:57.061 12943 12943 W com.mbwhatsapp: type=1400 audit(0.0:1211420): avc: granted { execute } for path="/data/data/com.mbwhatsapp/files/decompressed/libs.spk.zst/libcurve25519.so" dev="dm-75" ino=36986 scontext=u:r:untrusted_app:s0:c38,c257,c512,c768 tcontext=u:object_r:app_data_file:s0:c38,c257,c512,c768 tclass=file app=com.mbwhatsapp
03-29 17:03:57.097 12943 12943 W com.mbwhatsapp: type=1400 audit(0.0:1211421): avc: granted { execute } for path="/data/data/com.mbwhatsapp/files/decompressed/libs.spk.zst/libwhatsapp.so" dev="dm-75" ino=36919 scontext=u:r:untrusted_app:s0:c38,c257,c512,c768 tcontext=u:object_r:app_data_file:s0:c38,c257,c512,c768 tclass=file app=com.mbwhatsapp
03-29 17:03:57.317 12943 12943 E ANR_LOG : Blocked msg = { when=+2s495ms what=110 target=android.app.ActivityThread$H obj=AppBindData{appInfo=ApplicationInfo{94e3cd9 com.mbwhatsapp}} } , cost = 2495 ms
03-29 17:03:57.343 12943 13016 W com.mbwhatsapp: Method void X.2rL.A03(java.lang.Integer) failed lock verification and will run slower.
03-29 17:03:57.343 12943 13016 W com.mbwhatsapp: Common causes for lock verification issues are non-optimized dex code
03-29 17:03:57.343 12943 13016 W com.mbwhatsapp: and incorrect proguard optimizations.
03-29 17:04:20.189 14105 14105 E com.mbwhatsapp: Unknown bits set in runtime_flags: 0x40000000
03-29 17:04:20.199 14105 14105 E com.mbwhatsapp: Not starting debugger since process cannot load the jdwp agent.
03-29 17:04:20.210 14105 14105 W ziparchive: Unable to open '/system/framework/mediatek-framework.dm': No such file or directory
03-29 17:04:20.210 14105 14105 W ziparchive: Unable to open '/system/framework/mediatek-framework.dm': No such file or directory
03-29 17:04:20.219 14105 14119 E com.mbwhatsapp: Could not write anonymous vdex /system/framework/oat/arm64/mediatek-framework.vdex: Could not open /system/framework/oat/arm64/mediatek-framework.vdex for writing
03-29 17:04:20.265 14105 14105 W libc : Access denied finding property "ro.odm.prev.product.name"
03-29 17:04:20.723 14105 14105 W System.err: java.lang.ClassNotFoundException: mbmodsd.mbmodsw.ui.views.btn.BtnBK
03-29 17:04:20.725 14105 14105 W System.err: at java.lang.Runtime.nativeLoad(Native Method)
03-29 17:04:20.725 14105 14105 W System.err: at java.lang.Runtime.nativeLoad(Runtime.java:1121)
03-29 17:04:20.725 14105 14105 W System.err: at java.lang.Runtime.loadLibrary0(Runtime.java:1075)
03-29 17:04:20.725 14105 14105 W System.err: at java.lang.Runtime.loadLibrary0(Runtime.java:998)
03-29 17:04:20.725 14105 14105 W System.err: at java.lang.System.loadLibrary(System.java:1661)
03-29 17:04:20.725 14105 14105 W S--------- beginning of main
03-29 17:04:20.726 14105 14105 W System.err: at android.app.Instrumentation.newApplication(Instrumentation.java:1251)
03-29 17:04:20.726 14105 14105 W System.err: at android.app.LoadedApk.makeApplicationInner(LoadedApk.java:1507)
03-29 17:04:20.726 14105 14105 W System.err: at android.app.LoadedApk.makeApplicationInner(LoadedApk.java:1443)
03-29 17:04:20.726 14105 14105 W System.err: at android.app.ActivityThread.handleBindApplication(ActivityThread.java:7232)
03-29 17:04:20.726 14105 14105 W System.err: at android.app.ActivityThread.-$ $Nest$mhandleBindApplication(Unknown Source:0)
03-29 17:04:20.726 14105 14105 W System.err: at android.app.ActivityThread$H.handleMessage(ActivityThread.java:2307)
03-29 17:04:20.726 14105 14105 W System.err: at android.os.Handler.dispatchMessage(Handler.java:106)
03-29 17:04:20.726 14105 14105 W System.err: at android.os.Looper.loopOnce(Looper.java:240)
03-29 17:04:20.726 14105 14105 W System.err: at android.os.Looper.loop(Looper.java:351)
03-29 17:04:20.726 14105 14105 W System.err: at android.app.ActivityThread.main(ActivityThread.java:8436)
03-29 17:04:20.726 14105 14105 W System.err: at java.lang.reflect.Method.invoke(Native Method)
03-29 17:04:20.726 14105 14105 W System.err: at com.android.internal.os.RuntimeInit$MethodAndArgsCaller.run(RuntimeInit.java:568)
03-29 17:04:20.726 14105 14105 W System.err: at com.android.internal.os.ZygoteInit.main(ZygoteInit.java:1013)
03-29 17:04:20.799 14105 14105 E CustomActivityOnCrash: IMPORTANT WARNING! You already have an UncaughtExceptionHandler, are you sure this is correct? If you use a custom UncaughtExceptionHandler, you must initialize it AFTER CustomActivityOnCrash! Installing anyway, but your original handler will not be called.
03-29 17:04:21.700 14105 14105 W com.mbwhatsapp: Accessing hidden method Lcom/android/org/conscrypt/OpenSSLSocketImpl;->setUseSessionTickets(Z)V (max- target-q,core-platform-api, reflection, denied)
03-29 17:04:21.700 14105 14105 W com.mbwhatsapp: Accessing hidden method Lcom/android/org/conscrypt/AbstractConscryptSocket;->setUseSessionTickets(Z)V (max- target-q, reflection, denied)
03-29 17:04:22.229 14105 14105 E ANR_LOG : Blocked msg = { when=+1s993ms what=110 target=android.app.ActivityThread$H obj=AppBindData{appInfo=ApplicationInfo{5b0369e com.mbwhatsapp}} } , cost = 1993 ms
03-29 17:04:22.231 14105 14160 W com.mbwhatsapp: Method void X.2rL.A03(java.lang.Integer) failed lock verification and will run slower.
03-29 17:04:22.231 14105 14160 W com.mbwhatsapp: Common causes for lock verification issues are non-optimized dex code
03-29 17:04:22.231 14105 14160 W com.mbwhatsapp: and incorrect proguard optimizations. --------- beginning of system
03-29 17:04:23.488 14105 14105 E OplusCustomizeRestrictionManager: sInstance is null, start a new sInstance
03-29 17:04:23.560 14105 14105 E SchedAssist: ofbOpen failed with error=No such file or directory
03-29 17:04:23.560 14105 14105 E SchedAssist: sysOpen failed with error=No such file or directory
03-29 17:04:23.560 14105 14105 E SchedAssist: sharedImFd failed with error=Permission denied
03-29 17:04:39.134 14643 14643 E com.mbwhatsapp: Unknown bits set in runtime_flags: 0x40000000
03-29 17:04:39.140 14643 14643 E com.mbwhatsapp: Not starting debugger since process cannot load the jdwp agent.
03-29 17:04:39.160 14643 14643 W ziparchive: Unable to open '/system/framework/mediatek-framework.dm': No such file or directory
03-29 17:04:39.161 14643 14643 W ziparchive: Unable to open '/system/framework/mediatek-framework.dm': No such file or directory
03-29 17:04:39.178 14643 14658 E com.mbwhatsapp: Could not write anonymous vdex /system/framework/oat/arm64/mediatek-framework.vdex: Could not open /system/framework/oat/arm64/mediatek-framework.vdex for writing
03-29 17:04:39.244 14643 14643 W libc : Access denied finding property "ro.odm.prev.product.name"
03-29 17:04:39.576 14643 14643 W System.err: java.lang.ClassNotFoundException: mbmodsd.mbmodsw.ui.views.btn.BtnBK
03-29 17:04:39.577 14643 14643 W System.err: at java.lang.Runti--------- beginning of main
03-29 17:04:39.578 14643 14643 W System.err: at android.app.AppComponentFactory.instantiateApplication(AppComponentFactory.java:76)
03-29 17:04:39.578 14643 14643 W System.err: at androidx.core.app.CoreComponentFactory.instantiateApplication(Unknown Source:0)
03-29 17:04:39.578 14643 14643 W System.err: at android.app.Instrumentation.newApplication(Instrumentation.java:1251)
03-29 17:04:39.578 14643 14643 W System.err: at android.app.LoadedApk.makeApplicationInner(LoadedApk.java:1507)
03-29 17:04:39.578 14643 14643 W System.err: at android.app.LoadedApk.makeApplicationInner(LoadedApk.java:1443)
03-29 17:04:39.578 14643 14643 W System.err: at android.app.ActivityThread.handleBindApplication(ActivityThread.java:7232)
03-29 17:04:39.578 14643 14643 W System.err: at android.app.ActivityThread.-$ $Nest$mhandleBindApplication(Unknown Source:0)
03-29 17:04:39.578 14643 14643 W System.err: at android.app.ActivityThread$H.handleMessage(ActivityThread.java:2307)
03-29 17:04:39.578 14643 14643 W System.err: at android.os.Handler.dispatchMessage(Handler.java:106)
03-29 17:04:39.578 14643 14643 W System.err: at android.os.Looper.loopOnce(Looper.java:240)
03-29 17:04:39.578 14643 14643 W System.err: at android.os.Looper.loop(Looper.java:351)
03-29 17:04:39.578 14643 14643 W System.err: at android.app.ActivityThread.main(ActivityThread.java:8436)
03-29 17:04:39.578 14643 14643 W System.err: at java.lang.reflect.Method.invoke(Native Method)
03-29 17:04:39.578 14643 14643 W System.err: at com.android.internal.os.RuntimeInit$MethodAndArgsCaller.run(RuntimeInit.java:568)
03-29 17:04:39.578 14643 14643 W System.err: at com.android.internal.os.ZygoteInit.main(ZygoteInit.java:1013)
03-29 17:04:39.650 14643 14643 E CustomActivityOnCrash: IMPORTANT WARNING! You already have an UncaughtExceptionHandler, are you sure this is correct? If you use a custom UncaughtExceptionHandler, you must initialize it AFTER CustomActivityOnCrash! Installing anyway, but your original handler will not be called.
03-29 17:04:41.779 14643 14643 W com.mbwhatsapp: Accessing hidden method Lcom/android/org/conscrypt/OpenSSLSocketImpl;->setUseSessionTickets(Z)V (max- target-q,core-platform-api, reflection, denied)
03-29 17:04:41.779 14643 14643 W com.mbwhatsapp: Accessing hidden method Lcom/android/org/conscrypt/AbstractConscryptSocket;->setUseSessionTickets(Z)V (max- target-q, reflection, denied)
03-29 17:04:42.012 14643 14643 E ANR_LOG : Blocked msg = { when=+2s819ms what=110 target=android.app.ActivityThread$H obj=AppBindData{appInfo=ApplicationInfo{94e3cd9 com.mbwhatsapp}} } , cost = 2819 ms
03-29 17:04:42.026 14643 14697 W com.mbwhatsapp: Method void X.2rL.A03(java.lang.Integer) failed lock verification and will run slower.
03-29 17:04:42.026 14643 14697 W com.mbwhatsapp: Common causes for lock verification issues are non-optimized dex code
03-29 17:04:42.026 14643 14697 W com.mbwhatsapp: and incorrect proguard optimizations.
03-29 17:05:27.269 15227 15227 W ip : type=1400 audit(0.0:1211629): avc: denied { bind } for scontext=u:r:untrusted_app:s0:c17,c257,c512,c768 tcontext=u:r:untrusted_app:s0:c17,c257,c512,c768 tclass=netlink_route_socket permissive=0 bug=b/155595000 app=com.mbwhatsapp
03-29 17:05:30.552 15363 15363 E com.mbwhatsapp: Unknown bits set in runtime_flags: 0x40000000
03-29 17:05:30.559 15363 15363 E com.mbwhatsapp: Not starting debugger since process cannot load the jdwp agent.
03-29 17:05:30.567 15363 15363 W ziparchive: Unable to open '/system/framework/mediatek-framework.dm': No such file or directory
03-29 17:05:30.567 15363 15363 W ziparchive: Unable to open '/system/framework/mediatek-framework.dm': No such file or directory
03-29 17:05:30.577 15363 15378 E com.mbwhatsapp: Could not write anonymous vdex /system/framework/oat/arm64/mediatek-framework.vdex: Could not open /system/framework/oat/arm64/mediatek-framework.vdex for writing
03-29 17:05:30.676 15363 15363 W libc : Access denied finding property "ro.odm.prev.product.name"
03-29 17:05:31.143 15363 15363 W System.err: java.lang.ClassNotFoundExc--------- beginning of main
03-29 17:05:31.145 15363 15363 W System.err: at java.lang.Runtime.nativeLoad(Native Method)
03-29 17:05:31.145 15363 15363 W System.err: at java.lang.Runtime.nativeLoad(Runtime.java:1121)
03-29 17:05:31.145 15363 15363 W System.err: at java.lang.Runtime.loadLibrary0(Runtime.java:1075)
03-29 17:05:31.145 15363 15363 W System.err: at java.lang.Runtime.loadLibrary0(Runtime.java:998)
03-29 17:05:31.145 15363 15363 W System.err: at java.lang.System.loadLibrary(System.java:1661)
03-29 17:05:31.145 15363 15363 W System.err: at arm.EpicVm.<clinit>(Unknown Source:2)
03-29 17:05:31.145 15363 15363 W System.err: at java.lang.Class.newInstance(Native Method)
03-29 17:05:31.145 15363 15363 W System.err: at android.app.AppComponentFactory.instantiateApplication(AppComponentFactory.java:76)
03-29 17:05:31.145 15363 15363 W System.err: at androidx.core.app.CoreComponentFactory.instantiateApplication(Unknown Source:0)
03-29 17:05:31.145 15363 15363 W System.err: at android.app.Instrumentation.newApplication(Instrumentation.java:1251)
03-29 17:05:31.145 15363 15363 W System.err: at android.app.LoadedApk.makeApplicationInner(LoadedApk.java:1507)
03-29 17:05:31.145 15363 15363 W System.err: at android.app.LoadedApk.makeApplicationInner(LoadedApk.java:1443)
03-29 17:05:31.145 15363 15363 W System.err: at android.app.ActivityThread.handleBindApplication(ActivityThread.java:7232)
03-29 17:05:31.145 15363 15363 W System.err: at android.app.ActivityThread.-$ $Nest$mhandleBindApplication(Unknown Source:0)
03-29 17:05:31.145 15363 15363 W System.err: at android.app.ActivityThread$H.handleMessage(ActivityThread.java:2307)
03-29 17:05:31.145 15363 15363 W System.err: at android.os.Handler.dispatchMessage(Handler.java:106)
03-29 17:05:31.145 15363 15363 W System.err: at android.os.Looper.loopOnce(Looper.java:240)
03-29 17:05:31.146 15363 15363 W System.err: at android.os.Looper.loop(Looper.java:351)
03-29 17:05:31.146 15363 15363 W System.err: at android.app.ActivityThread.main(ActivityThread.java:8436)
03-29 17:05:31.146 15363 15363 W System.err: at java.lang.reflect.Method.invoke(Native Method)
03-29 17:05:31.146 15363 15363 W System.err: at com.android.internal.os.RuntimeInit$MethodAndArgsCaller.run(RuntimeInit.java:568)
03-29 17:05:31.146 15363 15363 W System.err: at com.android.internal.os.ZygoteInit.main(ZygoteInit.java:1013)
03-29 17:05:31.216 15363 15363 E CustomActivityOnCrash: IMPORTANT WARNING! You already have an UncaughtExceptionHandler, are you sure this is correct? If you use a custom UncaughtExceptionHandler, you must initialize it AFTER CustomActivityOnCrash! Installing anyway, but your original handler will not be called.
03-29 17:05:31.879 15363 15363 W com.mbwhatsapp: Accessing hidden method Lcom/android/org/conscrypt/OpenSSLSocketImpl;->setUseSessionTickets(Z)V (max- target-q,core-platform-api, reflection, denied)
03-29 17:05:31.879 15363 15363 W com.mbwhatsapp: Accessing hidden method Lcom/android/org/conscrypt/AbstractConscryptSocket;->setUseSessionTickets(Z)V (max- target-q, reflection, denied)
03-29 17:05:32.401 15363 15363 E ANR_LOG : Blocked msg = { when=+1s806ms what=110 target=android.app.ActivityThread$H obj=AppBindData{appInfo=ApplicationInfo{94e3cd9 com.mbwhatsapp}} } , cost = 1806 ms
03-29 17:05:32.432 15363 15542 W com.mbwhatsapp: Method void X.2rL.A03(java.lang.Integer) failed lock verification and will run slower.
03-29 17:05:32.432 15363 15542 W com.mbwhatsapp: Common causes for lock verification issues are non-optimized dex code
03-29 17:05:32.432 15363 15542 W com.mbwhatsapp: and incorrect proguard optimizations.
03-29 17:06:30.560 16039 16039 E com.mbwhatsapp: Unknown bits set in runtime_flags: 0x40000000
03-29 17:06:30.567 16039 16039 E com.mbwhatsapp: Not starting debugger since process cannot load the jdwp agent.
03-29 17:06:30.578 16039 16039 W ziparchive: Unable to open '/system/framework/mediatek-framework.dm': No such file or directory
03-29 17:06:30.578 16039 16039 W ziparchive: Unable to open '/system/framework/mediatek-framework.dm': No such file or dire--------- beginning of main
03-29 17:06:50.351 16603 16603 E com.mbwhatsapp: Unknown bits set in runtime_flags: 0x40000000
03-29 17:06:50.383 16603 16603 E com.mbwhatsapp: Not starting debugger since process cannot load the jdwp agent.
03-29 17:06:50.489 16603 16603 W ziparchive: Unable to open '/system/framework/mediatek-framework.dm': No such file or directory
03-29 17:06:50.489 16603 16603 W ziparchive: Unable to open '/system/framework/mediatek-framework.dm': No such file or directory
03-29 17:06:50.545 16603 16632 E com.mbwhatsapp: Could not write anonymous vdex /system/framework/oat/arm64/mediatek-framework.vdex: Could not open /system/framework/oat/arm64/mediatek-framework.vdex for writing
03-29 17:06:50.731 16603 16603 W libc : Access denied finding property "ro.odm.prev.product.name"
03-29 17:06:51.499 16677 16677 E com.mbwhatsapp: Unknown bits set in runtime_flags: 0x40000000
03-29 17:06:51.530 16677 16677 E com.mbwhatsapp: Not starting debugger since process cannot load the jdwp agent.
03-29 17:06:51.586 16677 16677 W ziparchive: Unable to open '/system/framework/mediatek-framework.dm': No such file or directory
03-29 17:06:51.587 16677 16677 W ziparchive: Unable to open '/system/framework/mediatek-framework.dm': No such file or directory
03-29 17:06:51.603 16677 16701 E com.mbwhatsapp: Could not write anonymous vdex /system/framework/oat/arm64/mediatek-framework.vdex: Could not open /system/framework/oat/arm64/mediatek-framework.vdex for writing
03-29 17:06:51.661 16677 16677 W libc : Access denied finding property "ro.odm.prev.product.name"
03-29 17:06:52.402 16677 16677 W System.err: java.lang.ClassNotFoundException: mbmodsd.mbmodsw.ui.views.btn.BtnBK
03-29 17:06:52.405 16677 16677 W System.err: at java.lang.Runtime.nativeLoad(Native Method)
03-29 17:06:52.405 16677 16677 W System.err: at java.lang.Runtime.nativeLoad(Runtime.java:1121)
03-29 17:06:52.405 16677 16677 W System.err: at java.lang.Runtime.loadLibrary0(Runtime.java:1075)
03-29 17:06:52.405 16677 16677 W System.err: at java.lang.Runtime.loadLibrary0(Runtime.java:998)
03-29 17:06:52.405 16677 16677 W System.err: at java.lang.System.loadLibrary(System.java:1661)
03-29 17:06:52.405 16677 16677 W System.err: at arm.EpicVm.<clinit>(Unknown Source:2)
03-29 17:06:52.405 16677 16677 W System.err: at java.lang.Class.newInstance(Native Method)
03-29 17:06:52.405 16677 16677 W System.err: at android.app.AppComponentFactory.instantiateApplication(AppComponentFactory.java:76)
03-29 17:06:52.405 16677 16677 W System.err: at androidx.core.app.CoreComponentFactory.instantiateApplication(Unknown Source:0)
03-29 17:06:52.405 16677 16677 W System.err: at android.app.Instrumentation.newApplication(Instrumentation.java:1251)
03-29 17:06:52.405 16677 16677 W System.err: at android.app.LoadedApk.makeApplicationInner(LoadedApk.java:1507)
03-29 17:06:52.405 16677 16677 W System.err: at android.app.LoadedApk.makeApplicationInner(LoadedApk.java:1443)
03-29 17:06:52.405 16677 16677 W System.err: at android.app.ActivityThread.handleBindApplication(ActivityThread.java:7232)
03-29 17:06:52.405 16677 16677 W System.err: at android.app.ActivityThread.-$ $Nest$mhandleBindApplication(Unknown Source:0)
03-29 17:06:52.405 16677 16677 W System.err: at android.app.ActivityThread$H.handleMessage(ActivityThread.java:2307)
03-29 17:06:52.405 16677 16677 W System.err: at android.os.Handler.dispatchMessage(Handler.java:106)
03-29 17:06:52.405 16677 16677 W System.err: at android.os.Looper.loopOnce(Looper.java:240)
03-29 17:06:52.405 16677 16677 W System.err: at android.os.Looper.loop(Looper.java:351)
03-29 17:06:52.405 16677 16677 W System.err: at android.app.ActivityThread.main(ActivityThread.java:8436)
03-29 17:06:52.405 16677 16677 W System.err: at java.lang.reflect.Method.invoke(Native Method)
03-29 17:06:52.405 16677 16677 W System.err: at com.android.internal.os.RuntimeInit$MethodAndArgsCaller.run(RuntimeInit.java:568)
03-29 17:06:52.405 16677 16677 W System.err: at com.android.internal.os.ZygoteInit.main(ZygoteInit.java:1013)
03-29 17:06:52.516 16677 16677 E CustomActivityOnCrash: IMPORTANT WARNING! You already have an UncaughtExceptionHandler, are you sure this is correct? If you use a custom UncaughtExceptionHandler, you must initialize it AFTER CustomActivityOnCrash! Installing anyway, but your original handler will not be called.
03-29 17:06:53.694 16677 16677 W com.mbwhatsapp: Accessing hidden method Lcom/android/org/conscrypt/OpenSSLSocketImpl;->setUseSessionTickets(Z)V (max- target-q,core-platform-api, reflection, denied)
03-29 17:06:53.694 16677 16677 W com.mbwhatsapp: Accessing hidden method Lcom/android/org/conscrypt/AbstractConscryptSocket;->setUseSessionTickets(Z)V (max- target-q, reflection, denied)
03-29 17:06:54.210 16677 16677 E ANR_LOG : Blocked msg = { when=+2s572ms what=110 target=android.app.ActivityThread$H obj=AppBindData{appInfo=ApplicationInfo{5b0369e com.mbwhatsapp}} } , cost = 2572 ms
03-29 17:06:54.268 16677 16677 W com.mbwhatsapp: Method void X.0eU.A0h(X.0tK, boolean) failed lock verification and will run slower.
03-29 17:06:54.268 16677 16677 W com.mbwhatsapp: Common causes for lock verification issues are non-optimized dex code
03-29 17:06:54.268 16677 16677 W com.mbwhatsapp: and incorrect proguard optimizations.
03-29 17:06:54.273 16677 16931 E QT : [QT]file does not exist
03-29 17:06:54.278 16677 16910 W com.mbwhatsapp: Method void X.2rL.A03(java.lang.Integer) failed lock verification and will run slower.
03-29 17:06:55.109 16677 17027 E RenderScript: Failed loading RS driver: dlopen failed: library "libRSDriver_mtk.so" not found
03-29 17:06:55.109 16677 17027 E RenderScript: Failed to load runtime libRSDriver_mtk.so, loading default --------- beginning of system
03-29 17:06:55.167 16677 16677 E OplusCustomizeRestrictionManager: sInstance is null, start a new sInstance
03-29 17:06:55.552 16677 16677 E ArmVmp : Match on catch block at 0x4c in for 0x1c5
03-29 17:06:55.577 16677 16677 E ArmVmp : Match on catch block at 0x8d in for 0x1d1
03-29 17:06:55.590 16677 16677 E ArmVmp : Match on catch block at 0x8d in for 0x1d1
03-29 17:06:55.704 16677 16677 E ArmVmp : Match on catch block at 0x0a in for 0x185
03-29 17:06:55.715 16677 16677 E ArmVmp : Match on catch block at 0x0a in for 0x189
03-29 17:06:55.774 16677 16677 E SchedAssist: ofbOpen failed with error=No such file or directory
03-29 17:06:55.774 16677 16677 E SchedAssist: sysOpen failed with error=No such file or directory
03-29 17:06:55.774 16677 16677 E SchedAssist: sharedImFd failed with error=Permission denied
03-29 17:06:55.831 16677 16677 E ANR_LOG : Blocked msg = { when=+1s619ms what=159 target=android.app.ActivityThread$H obj=android.app.servertransaction.ClientTransaction@9c7011c8 } , cost = 1619 ms
03-29 17:06:55.848 16677 16677 E OplusBracketLog: [OplusViewMirrorManager] updateHostViewRootIfNeeded, not support android.view.ViewRootImpl@cdc6e0b
03-29 17:06:55.943 16677 16928 E OpenGLRenderer: Device claims wide gamut support, cannot find matching config, error = EGL_SUCCESS
03-29 17:06:55.944 16677 16928 W OpenGLRenderer: Failed to initialize 101010-2 format, error = EGL_SUCCESS
03-29 17:06:56.090 16677 16677 E ArmVmp : Match on catch block at 0xc3 in for 0x171
03-29 17:06:56.093 16677 16677 E ArmVmp : Match on catch block at 0xc3 in for 0x175
03-29 17:06:56.097 16677 16677 E ArmVmp : Match on catch block at 0xc3 in for 0x16d
03-29 17:06:56.349 16677 16928 W libc : Access denied finding property "ro.vendor.magt.mtk_magt_support"
03-29 17:06:56.406 16677 16928 W Parcel : Expecting binder but got null!
03-29 17:06:56.477 16677 16677 E ArmVmp : Match on catch block at 0xc3 in for 0x155
03-29 17:06:56.484 16677 16677 E ArmVmp : Match on catch block at 0xc3 in for 0x155
03-29 17:06:56.489 16677 16677 E ArmVmp : Match on catch block at 0xc3 in for 0x159
03-29 17:06:56.551 16677 16677 E ArmVmp : Match on catch block at 0xc3 in for 0x151
03-29 17:06:56.556 16677 16677 E ArmVmp : Match on catch block at 0xc3 in for 0x14d
03-29 17:06:56.559 16677 16677 E ArmVmp : Match on catch block at 0xc3 in for 0x151
03-29 17:06:56.581 16677 16677 E ArmVmp : Match on catch block at 0xc3 in for 0x14d
03-29 17:06:56.585 16677 16677 E ArmVmp : Match on catch block at 0xc3 in for 0x149
03-29 17:06:56.590 16677 16677 E ArmVmp : Match on catch block at 0xc3 in for 0x14d
03-29 17:06:56.603 16677 16677 E ArmVmp : Match on catch block at 0xc3 in for 0x14d
03-29 17:06:56.608 16677 16677 E ArmVmp : Match on catch block at 0xc3 in for 0x149
03-29 17:06:56.610 16677 16677 E ArmVmp : Match on catch block at 0xc3 in for 0x14d
03-29 17:06:56.630 16677 16677 E ArmVmp : Match on catch block at 0xc3 in for 0x149
03-29 17:06:56.634 16677 16677 E ArmVmp : Match on catch block at 0xc3 in for 0x145
03-29 17:06:56.639 16677 16677 E ArmVmp : Match on catch block at 0xc3 in for 0x149
03-29 17:06:56.646 16677 16677 E ArmVmp : Match on catch block at 0xc3 in for 0x141
03-29 17:06:56.648 16677 16677 E ArmVmp : Match on catch block at 0xc3 in for 0x159
03-29 17:06:56.653 16677 16677 E ArmVmp : Match on catch block at 0xc3 in for 0x141
03-29 17:06:56.662 16677 16677 E ArmVmp : Match on catch block at 0xc3 in for 0x141
03-29 17:06:56.665 16677 16677 E ArmVmp : Match on catch block at 0xc3 in for 0x159
03-29 17:06:56.668 16677 16677 E ArmVmp : Match on catch block at 0xc3 in for 0x141
03-29 17:06:56.675 16677 16677 E ArmVmp : Match on catch block at 0xc3 in for 0x141
03-29 17:06:56.679 16677 16677 E ArmVmp : Match on catch block at 0xc3 in for 0x159
03-29 17:06:56.682 16677 16677 E ArmVmp : Match on catch block at 0xc3 in for 0x141
03-29 17:06:57.045 16677 16677 E ArmVmp : Match on catch block at 0xc3 in for 0x151
03-29 17:06:57.047 16677 16677 E ArmVmp : Match on catch block at 0xc3 in for 0x14d
03-29 17:06:57.049 16677 16677 E ArmVmp : Match on catch block at 0xc3 in for 0x151
03-29 17:06:57.543 16677 16677 E ArmVmp : Match on catch block at 0xc3 in for 0x14d
03-29 17:06:57.546 16677 16677 E ArmVmp : Match on catch block at 0xc3 in for 0x149
03-29 17:06:57.549 16677 16677 E ArmVmp : Match on catch block at 0xc3 in for 0x14d
03-29 17:06:58.057 16677 16677 E ArmVmp : Match on catch block at 0xc3 in for 0x14d
03-29 17:06:58.060 16677 16677 E ArmVmp : Match on catch block at 0xc3 in for 0x149
03-29 17:06:58.062 16677 16677 E ArmVmp : Match on catch block at 0xc3 in for 0x14d
03-29 17:06:58.554 16677 16677 E ArmVmp : Match on catch block at 0xc3 in for 0x14d
03-29 17:06:58.558 16677 16677 E ArmVmp : Match on catch block at 0xc3 in for 0x149
03-29 17:06:58.561 16677 16677 E ArmVmp : Match on catch block at 0xc3 in for 0x14d
03-29 17:06:59.053 16677 16677 E ArmVmp : Match on catch block at 0xc3 in for 0x159
03-29 17:06:59.058 16677 16677 E ArmVmp : Match on catch block at 0xc3 in for 0x155
03-29 17:06:59.061 16677 16677 E ArmVmp : Match on catch block at 0xc3 in for 0x159
03-29 17:06:59.159 16677 16677 E ArmVmp : Match on catch block at 0xc3 in for 0x155
03-29 17:06:59.163 16677 16677 E ArmVmp : Match on catch block at 0xc3 in for 0x151
03-29 17:06:59.166 16677 16677 E ArmVmp : Match on catch block at 0xc3 in for 0x155
03-29 17:06:59.183 16677 16677 E ArmVmp : Match on catch block at 0xc3 in for 0x151
03-29 17:06:59.189 16677 16677 E ArmVmp : Match on catch block at 0xc3 in for 0x14d
03-29 17:06:59.193 16677 16677 E ArmVmp : Match on catch block at 0xc3 in for 0x151
03-29 17:06:59.201 16677 16677 E ArmVmp : Match on catch block at 0xc3 in for 0x151
03-29 17:06:59.205 16677 16677 E ArmVmp : Match on catch block at 0xc3 in for 0x14d
03-29 17:06:59.209 16677 16677 E ArmVmp : Match on catch block at 0xc3 in for 0x151
03-29 17:06:59.219 16677 16677 E ArmVmp : Match on catch block at 0xc3 in for 0x151
03-29 17:06:59.225 16677 16677 E ArmVmp : Match on catch block at 0xc3 in for 0x14d
03-29 17:06:59.231 16677 16677 E ArmVmp : Match on catch block at 0xc3 in for 0x151
03-29 17:06:59.241 16677 16677 E ArmVmp : Match on catch block at 0xc3 in for 0x151
03-29 17:06:59.246 16677 16677 E ArmVmp : Match on catch block at 0xc3 in for 0x14d
03-29 17:06:59.249 16677 16677 E ArmVmp : Match on catch block at 0xc3 in for 0x151
03-29 17:06:59.259 16677 16677 E ArmVmp : Match on catch block at 0xc3 in for 0x151
03-29 17:06:59.263 16677 16677 E ArmVmp : Match on catch block at 0xc3 in for 0x14d
03-29 17:06:59.268 16677 16677 E ArmVmp : Match on catch block at 0xc3 in for 0x151
03-29 17:06:59.275 16677 16677 E ArmVmp : Match on catch block at 0xc3 in for 0x151
03-29 17:06:59.279 16677 16677 E ArmVmp : Match on catch block at 0xc3 in for 0x14d
03-29 17:06:59.284 16677 16677 E ArmVmp : Match on catch block at 0xc3 in for 0x151
03-29 17:06:59.294 16677 16677 E ArmVmp : Match on catch block at 0xc3 in for 0x151
03-29 17:06:59.301 16677 16677 E ArmVmp : Match on catch block at 0xc3 in for 0x14d
03-29 17:06:59.304 16677 16677 E ArmVmp : Match on catch block at 0xc3 in for 0x151
03-29 17:06:59.309 16677 16677 E ArmVmp : Match on catch block at 0xc3 in for 0x151
03-29 17:06:59.312 16677 16677 E ArmVmp : Match on catch block at 0xc3 in for 0x14d
03-29 17:06:59.314 16677 16677 E ArmVmp : Match on catch block at 0xc3 in for 0x151
03-29 17:06:59.327 16677 16677 E ArmVmp : Match on catch block at 0xc3 in for 0x151
03-29 17:06:59.329 16677 16677 E ArmVmp : Match on catch block at 0xc3 in for 0x14d
03-29 17:06:59.333 16677 16677 E ArmVmp : Match on catch block at 0xc3 in for 0x151
03-29 17:06:59.339 16677 16677 E ArmVmp : Match on catch block at 0xc3 in for 0x151
03-29 17:06:59.342 16677 16677 E ArmVmp : Match on catch block at 0xc3 in for 0x14d
03-29 17:06:59.348 16677 16677 E ArmVmp : Match on catch block at 0xc3 in for 0x151
03-29 17:06:59.356 16677 16677 E ArmVmp : Match on catch block at 0xc3 in for 0x151
03-29 17:06:59.360 16677 16677 E ArmVmp : Match on catch block at 0xc3 in for 0x14d
03-29 17:06:59.364 16677 16677 E ArmVmp : Match on catch block at 0xc3 in for 0x151
03-29 17:06:59.373 16677 16677 E ArmVmp : Match on catch block at 0xc3 in for 0x151
03-29 17:06:59.378 16677 16677 E ArmVmp : Match on catch block at 0xc3 in for 0x14d
03-29 17:06:59.382 16677 16677 E ArmVmp : Match on catch block at 0xc3 in for 0x151
03-29 17:06:59.387 16677 16677 E ArmVmp : Match on catch block at 0xc3 in for 0x151
03-29 17:06:59.391 16677 16677 E ArmVmp : Match on catch block at 0xc3 in for 0x14d
03-29 17:06:59.395 16677 16677 E ArmVmp : Match on catch block at 0xc3 in for 0x151
03-29 17:06:59.403 16677 16677 E ArmVmp : Match on catch block at 0xc3 in for 0x151
03-29 17:06:59.407 16677 16677 E ArmVmp : Match on catch block at 0xc3 in for 0x14d
03-29 17:06:59.411 16677 16677 E ArmVmp : Match on catch block at 0xc3 in for 0x151
03-29 17:06:59.420 16677 16677 E ArmVmp : Match on catch block at 0xc3 in for 0x151
03-29 17:06:59.423 16677 16677 E ArmVmp : Match on catch block at 0xc3 in for 0x14d
03-29 17:06:59.428 16677 16677 E ArmVmp : Match on catch block at 0xc3 in for 0x151
03-29 17:06:59.436 16677 16677 E ArmVmp : Match on catch block at 0xc3 in for 0x151
03-29 17:06:59.442 16677 16677 E ArmVmp : Match on catch block at 0xc3 in for 0x14d
03-29 17:06:59.446 16677 16677 E ArmVmp : Match on catch block at 0xc3 in for 0x151
03-29 17:06:59.454 16677 16677 E ArmVmp : Match on catch block at 0xc3 in for 0x151
03-29 17:06:59.457 16677 16677 E ArmVmp : Match on catch block at 0xc3 in for 0x14d
03-29 17:06:59.461 16677 16677 E ArmVmp : Match on catch block at 0xc3 in for 0x151
03-29 17:06:59.469 16677 16677 E ArmVmp : Match on catch block at 0xc3 in for 0x151
03-29 17:06:59.473 16677 16677 E ArmVmp : Match on catch block at 0xc3 in for 0x14d
03-29 17:06:59.476 16677 16677 E ArmVmp : Match on catch block at 0xc3 in for 0x151
03-29 17:06:59.497 16677 16677 E ArmVmp : Match on catch block at 0xc3 in for 0x159
03-29 17:06:59.499 16677 16677 E ArmVmp : Match on catch block at 0xc3 in for 0x155
03-29 17:06:59.501 16677 16677 E ArmVmp : Match on catch block at 0xc3 in for 0x159
03-29 17:06:59.548 16677 16677 E ArmVmp : Match on catch block at 0xc3 in for 0x149
03-29 17:06:59.550 16677 16677 E ArmVmp : Match on catch block at 0xc3 in for 0x145
03-29 17:06:59.552 16677 16677 E ArmVmp : Match on catch block at 0xc3 in for 0x149
03-29 17:06:59.586 16677 16677 E ArmVmp : Match on catch block at 0xc3 in for 0x145
03-29 17:06:59.588 16677 16677 E ArmVmp : Match on catch block at 0xc3 in for 0x141
03-29 17:06:59.590 16677 16677 E ArmVmp : Match on catch block at 0xc3 in for 0x145
03-29 17:06:59.848 16677 16677 W OnBackInvokedCallback: OnBackInvokedCallback is not enabled for the application.
03-29 17:06:59.848 16677 16677 W OnBackInvokedCallback: Set 'android:enableOnBackInvokedCallback="true"' in the application manifest.
03-29 17:06:59.897 16677 16677 E ArmVmp : Match on catch block at 0xc3 in for 0x145
03-29 17:06:59.900 16677 16677 E ArmVmp : Match on catch block at 0xc3 in for 0x141
03-29 17:06:59.907 16677 16677 E ArmVmp : Match on catch block at 0xc3 in for 0x145
03-29 17:07:00.045 16677 16677 E ArmVmp : Match on catch block at 0xc3 in for 0x145
03-29 17:07:00.048 16677 16677 E ArmVmp : Match on catch block at 0xc3 in for 0x141
03-29 17:07:00.051 16677 16677 E ArmVmp : Match on catch block at 0xc3 in for 0x145
03-29 17:07:00.559 16677 16677 E ArmVmp : Match on catch block at 0xc3 in for 0x145
03-29 17:07:00.562 16677 16677 E ArmVmp : Match on catch block at 0xc3 in for 0x141
03-29 17:07:00.564 16677 16677 E ArmVmp : Match on catch block at 0xc3 in for 0x145
03-29 17:07:01.056 16677 16677 E ArmVmp : Match on catch block at 0xc3 in for 0x145
03-29 17:07:01.060 16677 16677 E ArmVmp : Match on catch block at 0xc3 in for 0x141
03-29 17:07:01.063 16677 16677 E ArmVmp : Match on catch block at 0xc3 in for 0x145
03-29 17:07:01.555 16677 16677 E ArmVmp : Match on catch block at 0xc3 in for 0x145
03-29 17:07:01.559 16677 16677 E ArmVmp : Match on catch block at 0xc3 in for 0x141
03-29 17:07:01.564 16677 16677 E ArmVmp : Match on catch block at 0xc3 in for 0x145
03-29 17:07:02.052 16677 16677 E ArmVmp : Match on catch block at 0xc3 in for 0x145
03-29 17:07:02.057 16677 16677 E ArmVmp : Match on catch block at 0xc3 in for 0x141
03-29 17:07:02.061 16677 16677 E ArmVmp : Match on catch block at 0xc3 in for 0x145
03-29 17:07:02.564 16677 16677 E ArmVmp : Match on catch block at 0xc3 in for 0x145
03-29 17:07:02.567 16677 16677 E ArmVmp : Match on catch block at 0xc3 in for 0x141
03-29 17:07:02.570 16677 16677 E ArmVmp : Match on catch block at 0xc3 in for 0x145
03-29 17:07:03.067 16677 16677 E ArmVmp : Match on catch block at 0xc3 in for 0x145
03-29 17:07:03.071 16677 16677 E ArmVmp : Match on catch block at 0xc3 in for 0x141
03-29 17:07:03.075 16677 16677 E ArmVmp : Match on catch block at 0xc3 in for 0x145
03-29 17:07:03.561 16677 16677 E ArmVmp : Match on catch block at 0xc3 in for 0x145
03-29 17:07:03.565 16677 16677 E ArmVmp : Match on catch block at 0xc3 in for 0x141
03-29 17:07:03.570 16677 16677 E ArmVmp : Match on catch block at 0xc3 in for 0x145
03-29 17:07:04.057 16677 16677 E ArmVmp : Match on catch block at 0xc3 in for 0x145
03-29 17:07:04.062 16677 16677 E ArmVmp : Match on catch block at 0xc3 in for 0x141
03-29 17:07:04.068 16677 16677 E ArmVmp : Match on catch block at 0xc3 in for 0x145
03-29 17:07:04.571 16677 16677 E ArmVmp : Match on catch block at 0xc3 in for 0x145
03-29 17:07:04.577 16677 16677 E ArmVmp : Match on catch block at 0xc3 in for 0x141
03-29 17:07:04.581 16677 16677 E ArmVmp : Match on catch block at 0xc3 in for 0x145
03-29 17:07:05.070 16677 16677 E ArmVmp : Match on catch block at 0xc3 in for 0x145
