03-29 16:43:06.781 25107 25107 E ArmVmp : Match on catch block at 0xc3 in for 0x14d
03-29 16:43:06.786 25107 25107 E ArmVmp : Match on catch block at 0xc3 in for 0x149
03-29 16:43:06.798 25107 25107 E ArmVmp : Match on catch block at 0xc3 in for 0x151
03-29 16:43:06.803 25107 25107 E ArmVmp : Match on catch block at 0xc3 in for 0x14d
03-29 16:43:06.815 25107 25107 E ArmVmp : Match on catch block at 0xc3 in for 0x155
03-29 16:43:06.820 25107 25107 E ArmVmp : Match on catch block at 0xc3 in for 0x151
03-29 16:43:07.195 25107 25107 E ArmVmp : Match on catch block at 0xc3 in for 0x141
03-29 16:43:07.200 25107 25107 E ArmVmp : Match on catch block at 0xc3 in for 0x159
03-29 16:43:07.693 25107 25107 E ArmVmp : Match on catch block at 0xc3 in for 0x141
03-29 16:43:07.698 25107 25107 E ArmVmp : Match on catch block at 0xc3 in for 0x159
03-29 16:43:08.165 25107 25107 E ArmVmp : Match on catch block at 0xc3 in for 0x149
03-29 16:43:08.168 25107 25107 E ArmVmp : Match on catch block at 0xc3 in for 0x145
03-29 16:43:08.183 25107 25107 E ArmVmp : Match on catch block at 0xc3 in for 0x14d
03-29 16:43:08.186 25107 25107 E ArmVmp : Match on catch block at 0xc3 in for 0x149
03-29 16:43:08.197 25107 25107 E ArmVmp : Match on catch block at 0xc3 in for 0x151
03-29 16:43:08.199 25107 25107 E ArmVmp : Match on catch block at 0xc3 in for 0x14d
03-29 16:43:08.206 25107 25107 E ArmVmp : Match on catch block at 0xc3 in for 0x155
03-29 16:43:08.209 25107 25107 E ArmVmp : Match on catch block at 0xc3 in for 0x151
03-29 16:43:08.224 25107 25107 E ArmVmp : Match on catch block at 0xc3 in for 0x159
03-29 16:43:08.227 25107 25107 E ArmVmp : Match on catch block at 0xc3 in for 0x155
03-29 16:43:08.240 25107 25107 E ArmVmp : Match on catch block at 0xc3 in for 0x151
03-29 16:43:08.244 25107 25107 E ArmVmp : Match on catch block at 0xc3 in for 0x14d
03-29 16:43:08.264 25107 25107 E ArmVmp : Match on catch block at 0xc3 in for 0x151
03-29 16:43:08.267 25107 25107 E ArmVmp : Match on catch block at 0xc3 in for 0x14d
03-29 16:43:08.274 25107 25107 E ArmVmp : Match on catch block at 0xc3 in for 0x155
03-29 16:43:08.278 25107 25107 E ArmVmp : Match on catch block at 0xc3 in for 0x151
03-29 16:43:08.289 25107 25107 E ArmVmp : Match on catch block at 0xc3 in for 0x159
03-29 16:43:08.293 25107 25107 E ArmVmp : Match on catch block at 0xc3 in for 0x155
03-29 16:43:08.306 25107 25107 E ArmVmp : Match on catch block at 0xc3 in for 0x141
03-29 16:43:08.309 25107 25107 E ArmVmp : Match on catch block at 0xc3 in for 0x159
03-29 16:43:08.322 25107 25107 E ArmVmp : Match on catch block at 0xc3 in for 0x145
03-29 16:43:08.326 25107 25107 E ArmVmp : Match on catch block at 0xc3 in for 0x141
03-29 16:43:08.339 25107 25107 E ArmVmp : Match on catch block at 0xc3 in for 0x149
03-29 16:43:08.342 25107 25107 E ArmVmp : Match on catch block at 0xc3 in for 0x145
03-29 16:43:08.355 25107 25107 E ArmVmp : Match on catch block at 0xc3 in for 0x14d
03-29 16:43:08.359 25107 25107 E ArmVmp : Match on catch block at 0xc3 in for 0x149
03-29 16:43:08.372 25107 25107 E ArmVmp : Match on catch block at 0xc3 in for 0x151
03-29 16:43:08.376 25107 25107 E ArmVmp : Match on catch block at 0xc3 in for 0x14d
03-29 16:43:08.388 25107 25107 E ArmVmp : Match on catch block at 0xc3 in for 0x155
03-29 16:43:08.392 25107 25107 E ArmVmp : Match on catch block at 0xc3 in for 0x151
03-29 16:43:08.405 25107 25107 E ArmVmp : Match on catch block at 0xc3 in for 0x159
03-29 16:43:08.409 25107 25107 E ArmVmp : Match on catch block at 0xc3 in for 0x155
03-29 16:43:08.421 25107 25107 E ArmVmp : Match on catch block at 0xc3 in for 0x141
03-29 16:43:08.425 25107 25107 E ArmVmp : Match on catch block at 0xc3 in for 0x159
03-29 16:43:08.438 25107 25107 E ArmVmp : Match on catch block at 0xc3 in for 0x145
03-29 16:43:08.442 25107 25107 E ArmVmp : Match on catch block at 0xc3 in for 0x141
03-29 16:43:08.455 25107 25107 E ArmVmp : Match on catch block at 0xc3 in for 0x149
03-29 16:43:08.458 25107 25107 E ArmVmp : Match on catch block at 0xc3 in for 0x145
03-29 16:43:08.472 25107 25107 E ArmVmp : Match on catch block at 0xc3 in for 0x14d
03-29 16:43:08.476 25107 25107 E ArmVmp : Match on catch block at 0xc3 in for 0x149
03-29 16:43:08.488 25107 25107 E ArmVmp : Match on catch block at 0xc3 in for 0x151
03-29 16:43:08.492 25107 25107 E ArmVmp : Match on catch block at 0xc3 in for 0x14d
03-29 16:43:08.592 25107 25107 E ArmVmp : Match on catch block at 0xc3 in for 0x149
03-29 16:43:08.597 25107 25107 E ArmVmp : Match on catch block at 0xc3 in for 0x145
03-29 16:43:08.608 25107 25107 E ArmVmp : Match on catch block at 0xc3 in for 0x151
03-29 16:43:08.612 25107 25107 E ArmVmp : Match on catch block at 0xc3 in for 0x14d
03-29 16:43:08.626 25107 25107 E ArmVmp : Match on catch block at 0xc3 in for 0x159
03-29 16:43:08.629 25107 25107 E ArmVmp : Match on catch block at 0xc3 in for 0x155
03-29 16:43:08.638 25107 25107 E ArmVmp : Match on catch block at 0xc3 in for 0x141
03-29 16:43:08.642 25107 25107 E ArmVmp : Match on catch block at 0xc3 in for 0x159
03-29 16:43:08.655 25107 25107 E ArmVmp : Match on catch block at 0xc3 in for 0x145
03-29 16:43:08.658 25107 25107 E ArmVmp : Match on catch block at 0xc3 in for 0x141
03-29 16:43:08.686 25107 25107 E ArmVmp : Match on catch block at 0xc3 in for 0x155
03-29 16:43:08.690 25107 25107 E ArmVmp : Match on catch block at 0xc3 in for 0x151
03-29 16:43:08.697 25107 25107 E ArmVmp : Match on catch block at 0xc3 in for 0x159
03-29 16:43:08.700 25107 25107 E ArmVmp : Match on catch block at 0xc3 in for 0x155
03-29 16:43:08.736 25107 25107 E ArmVmp : Match on catch block at 0xc3 in for 0x151
03-29 16:43:08.740 25107 25107 E ArmVmp : Match on catch block at 0xc3 in for 0x14d
03-29 16:43:08.779 25107 25107 E ArmVmp : Match on catch block at 0x4c in for 0x22d
03-29 16:43:08.782 25107 25107 E ArmVmp : Match on catch block at 0xc3 in for 0x151
03-29 16:43:08.785 25107 25107 E ArmVmp : Match on catch block at 0xc3 in for 0x14d
03-29 16:43:08.815 25107 25107 E ArmVmp : Match on catch block at 0xc3 in for 0x151
03-29 16:43:08.819 25107 25107 E ArmVmp : Match on catch block at 0xc3 in for 0x14d
03-29 16:43:08.830 25107 25107 E ArmVmp : Match on catch block at 0xc3 in for 0x159
03-29 16:43:08.833 25107 25107 E ArmVmp : Match on catch block at 0xc3 in for 0x155
03-29 16:43:08.840 25107 25107 E ArmVmp : Match on catch block at 0xc3 in for 0x145
03-29 16:43:08.842 25107 25107 E ArmVmp : Match on catch block at 0xc3 in for 0x141
03-29 16:43:08.852 25107 25107 E ArmVmp : Match on catch block at 0xc3 in for 0x149
03-29 16:43:08.855 25107 25107 E ArmVmp : Match on catch block at 0xc3 in for 0x145
03-29 16:43:08.868 25107 25107 E ArmVmp : Match on catch block at 0xc3 in for 0x14d
03-29 16:43:08.872 25107 25107 E ArmVmp : Match on catch block at 0xc3 in for 0x149
03-29 16:43:08.887 25107 25107 E ArmVmp : Match on catch block at 0xc3 in for 0x151
03-29 16:43:08.890 25107 25107 E ArmVmp : Match on catch block at 0xc3 in for 0x14d
03-29 16:43:08.920 25107 25107 E ArmVmp : Match on catch block at 0xc3 in for 0x141
03-29 16:43:08.924 25107 25107 E ArmVmp : Match on catch block at 0xc3 in for 0x159
03-29 16:43:08.968 25107 25107 E ArmVmp : Match on catch block at 0xc3 in for 0x141
03-29 16:43:08.973 25107 25107 E ArmVmp : Match on catch block at 0xc3 in for 0x159
03-29 16:43:09.250 25107 25107 E ArmVmp : Match on catch block at 0xc3 in for 0x145
03-29 16:43:09.256 25107 25107 E ArmVmp : Match on catch block at 0xc3 in for 0x141
03-29 16:43:09.333 25107 25107 E ArmVmp : Match on catch block at 0xc3 in for 0x159
03-29 16:43:09.338 25107 25107 E ArmVmp : Match on catch block at 0xc3 in for 0x155
03-29 16:43:09.350 25107 25107 E ArmVmp : Match on catch block at 0xc3 in for 0x141
03-29 16:43:09.355 25107 25107 E ArmVmp : Match on catch block at 0xc3 in for 0x159
03-29 16:43:09.366 25107 25107 E ArmVmp : Match on catch block at 0xc3 in for 0x145
03-29 16:43:09.372 25107 25107 E ArmVmp : Match on catch block at 0xc3 in for 0x141
03-29 16:43:09.383 25107 25107 E ArmVmp : Match on catch block at 0xc3 in for 0x149
03-29 16:43:09.388 25107 25107 E ArmVmp : Match on catch block at 0xc3 in for 0x145
03-29 16:43:09.399 25107 25107 E ArmVmp : Match on catch block at 0xc3 in for 0x149
03-29 16:43:09.404 25107 25107 E ArmVmp : Match on catch block at 0xc3 in for 0x145
03-29 16:43:09.460 25107 25107 E ArmVmp : Match on catch block at 0xc3 in for 0x14d
03-29 16:43:09.464 25107 25107 E ArmVmp : Match on catch block at 0xc3 in for 0x149
03-29 16:43:09.482 25107 25107 E ArmVmp : Match on catch block at 0xc3 in for 0x151
03-29 16:43:09.486 25107 25107 E ArmVmp : Match on catch block at 0xc3 in for 0x14d
03-29 16:43:09.498 25107 25107 E ArmVmp : Match on catch block at 0xc3 in for 0x155
03-29 16:43:09.503 25107 25107 E ArmVmp : Match on catch block at 0xc3 in for 0x151
03-29 16:43:09.515 25107 25107 E ArmVmp : Match on catch block at 0xc3 in for 0x159
03-29 16:43:09.520 25107 25107 E ArmVmp : Match on catch block at 0xc3 in for 0x155
03-29 16:43:09.532 25107 25107 E ArmVmp : Match on catch block at 0xc3 in for 0x141
03-29 16:43:09.537 25107 25107 E ArmVmp : Match on catch block at 0xc3 in for 0x159
03-29 16:43:09.548 25107 25107 E ArmVmp : Match on catch block at 0xc3 in for 0x145
03-29 16:43:09.554 25107 25107 E ArmVmp : Match on catch block at 0xc3 in for 0x141
03-29 16:43:09.565 25107 25107 E ArmVmp : Match on catch block at 0xc3 in for 0x149
03-29 16:43:09.570 25107 25107 E ArmVmp : Match on catch block at 0xc3 in for 0x145
03-29 16:43:09.582 25107 25107 E ArmVmp : Match on catch block at 0xc3 in for 0x14d
03-29 16:43:09.587 25107 25107 E ArmVmp : Match on catch block at 0xc3 in for 0x149
03-29 16:43:09.748 25107 25107 E ArmVmp : Match on catch block at 0xc3 in for 0x151
03-29 16:43:09.753 25107 25107 E ArmVmp : Match on catch block at 0xc3 in for 0x14d
03-29 16:43:09.800 25107 25107 E ArmVmp : Match on catch block at 0xc3 in for 0x155
03-29 16:43:09.805 25107 25107 E ArmVmp : Match on catch block at 0xc3 in for 0x151
03-29 16:43:09.840 25107 25107 E ArmVmp : Match on catch block at 0xc3 in for 0x141
03-29 16:43:09.844 25107 25107 E ArmVmp : Match on catch block at 0xc3 in for 0x159
03-29 16:43:09.852 25107 25107 E ArmVmp : Match on catch block at 0xc3 in for 0x145
03-29 16:43:09.856 25107 25107 E ArmVmp : Match on catch block at 0xc3 in for 0x141
03-29 16:43:09.865 25107 25107 E ArmVmp : Match on catch block at 0xc3 in for 0x149
03-29 16:43:09.869 25107 25107 E ArmVmp : Match on catch block at 0xc3 in for 0x145
03-29 16:43:09.882 25107 25107 E ArmVmp : Match on catch block at 0xc3 in for 0x14d
03-29 16:43:09.886 25107 25107 E ArmVmp : Match on catch block at 0xc3 in for 0x149
03-29 16:43:09.898 25107 25107 E ArmVmp : Match on catch block at 0xc3 in for 0x151
03-29 16:43:09.902 25107 25107 E ArmVmp : Match on catch block at 0xc3 in for 0x14d
03-29 16:43:09.915 25107 25107 E ArmVmp : Match on catch block at 0xc3 in for 0x159
03-29 16:43:09.918 25107 25107 E ArmVmp : Match on catch block at 0xc3 in for 0x155
03-29 16:43:09.931 25107 25107 E ArmVmp : Match on catch block at 0xc3 in for 0x141
03-29 16:43:09.934 25107 25107 E ArmVmp : Match on catch block at 0xc3 in for 0x159
03-29 16:43:09.948 25107 25107 E ArmVmp : Match on catch block at 0xc3 in for 0x145
03-29 16:43:09.951 25107 25107 E ArmVmp : Match on catch block at 0xc3 in for 0x141
03-29 16:43:09.969 25107 25107 E ArmVmp : Match on catch block at 0xc3 in for 0x141
03-29 16:43:09.972 25107 25107 E ArmVmp : Match on catch block at 0xc3 in for 0x159
03-29 16:43:09.981 25107 25107 E ArmVmp : Match on catch block at 0xc3 in for 0x145
03-29 16:43:09.984 25107 25107 E ArmVmp : Match on catch block at 0xc3 in for 0x141
03-29 16:43:09.997 25107 25107 E ArmVmp : Match on catch block at 0xc3 in for 0x151
03-29 16:43:10.000 25107 25107 E ArmVmp : Match on catch block at 0xc3 in for 0x14d
03-29 16:43:10.013 25107 25107 E ArmVmp : Match on catch block at 0xc3 in for 0x159
03-29 16:43:10.016 25107 25107 E ArmVmp : Match on catch block at 0xc3 in for 0x155
03-29 16:43:10.029 25107 25107 E ArmVmp : Match on catch block at 0xc3 in for 0x151
03-29 16:43:10.031 25107 25107 E ArmVmp : Match on catch block at 0xc3 in for 0x14d
03-29 16:43:10.045 25107 25107 E ArmVmp : Match on catch block at 0xc3 in for 0x159
03-29 16:43:10.047 25107 25107 E ArmVmp : Match on catch block at 0xc3 in for 0x155
03-29 16:43:10.061 25107 25107 E ArmVmp : Match on catch block at 0xc3 in for 0x145
03-29 16:43:10.063 25107 25107 E ArmVmp : Match on catch block at 0xc3 in for 0x141
03-29 16:43:10.078 25107 25107 E ArmVmp : Match on catch block at 0xc3 in for 0x14d
03-29 16:43:10.080 25107 25107 E ArmVmp : Match on catch block at 0xc3 in for 0x149
03-29 16:43:10.095 25107 25107 E ArmVmp : Match on catch block at 0xc3 in for 0x155
03-29 16:43:10.097 25107 25107 E ArmVmp : Match on catch block at 0xc3 in for 0x151
03-29 16:43:10.111 25107 25107 E ArmVmp : Match on catch block at 0xc3 in for 0x141
03-29 16:43:10.113 25107 25107 E ArmVmp : Match on catch block at 0xc3 in for 0x159
03-29 16:43:10.128 25107 25107 E ArmVmp : Match on catch block at 0xc3 in for 0x149
03-29 16:43:10.131 25107 25107 E ArmVmp : Match on catch block at 0xc3 in for 0x145
03-29 16:43:10.144 25107 25107 E ArmVmp : Match on catch block at 0xc3 in for 0x151
03-29 16:43:10.146 25107 25107 E ArmVmp : Match on catch block at 0xc3 in for 0x14d
03-29 16:43:10.161 25107 25107 E ArmVmp : Match on catch block at 0xc3 in for 0x159
03-29 16:43:10.163 25107 25107 E ArmVmp : Match on catch block at 0xc3 in for 0x155
03-29 16:43:10.177 25107 25107 E ArmVmp : Match on catch block at 0xc3 in for 0x145
03-29 16:43:10.179 25107 25107 E ArmVmp : Match on catch block at 0xc3 in for 0x141
03-29 16:43:10.194 25107 25107 E ArmVmp : Match on catch block at 0xc3 in for 0x14d
03-29 16:43:10.197 25107 25107 E ArmVmp : Match on catch block at 0xc3 in for 0x149
03-29 16:43:10.211 25107 25107 E ArmVmp : Match on catch block at 0xc3 in for 0x155
03-29 16:43:10.213 25107 25107 E ArmVmp : Match on catch block at 0xc3 in for 0x151
03-29 16:43:10.227 25107 25107 E ArmVmp : Match on catch block at 0xc3 in for 0x141
03-29 16:43:10.229 25107 25107 E ArmVmp : Match on catch block at 0xc3 in for 0x159
03-29 16:43:10.244 25107 25107 E ArmVmp : Match on catch block at 0xc3 in for 0x14d
03-29 16:43:10.246 25107 25107 E ArmVmp : Match on catch block at 0xc3 in for 0x149
03-29 16:43:10.260 25107 25107 E ArmVmp : Match on catch block at 0xc3 in for 0x151
03-29 16:43:10.263 25107 25107 E ArmVmp : Match on catch block at 0xc3 in for 0x14d
03-29 16:43:10.377 25107 25107 E ArmVmp : Match on catch block at 0xc3 in for 0x155
03-29 16:43:10.382 25107 25107 E ArmVmp : Match on catch block at 0xc3 in for 0x151
03-29 16:43:10.394 25107 25107 E ArmVmp : Match on catch block at 0xc3 in for 0x159
03-29 16:43:10.398 25107 25107 E ArmVmp : Match on catch block at 0xc3 in for 0x155
03-29 16:43:10.410 25107 25107 E ArmVmp : Match on catch block at 0xc3 in for 0x141
03-29 16:43:10.413 25107 25107 E ArmVmp : Match on catch block at 0xc3 in for 0x159
03-29 16:43:10.427 25107 25107 E ArmVmp : Match on catch block at 0xc3 in for 0x145
03-29 16:43:10.429 25107 25107 E ArmVmp : Match on catch block at 0xc3 in for 0x141
03-29 16:43:10.443 25107 25107 E ArmVmp : Match on catch block at 0xc3 in for 0x149
03-29 16:43:10.446 25107 25107 E ArmVmp : Match on catch block at 0xc3 in for 0x145
03-29 16:43:10.460 25107 25107 E ArmVmp : Match on catch block at 0xc3 in for 0x14d
03-29 16:43:10.462 25107 25107 E ArmVmp : Match on catch block at 0xc3 in for 0x149
03-29 16:43:10.476 25107 25107 E ArmVmp : Match on catch block at 0xc3 in for 0x151
03-29 16:43:10.479 25107 25107 E ArmVmp : Match on catch block at 0xc3 in for 0x14d
03-29 16:43:10.493 25107 25107 E ArmVmp : Match on catch block at 0xc3 in for 0x155
03-29 16:43:10.497 25107 25107 E ArmVmp : Match on catch block at 0xc3 in for 0x151
03-29 16:43:10.509 25107 25107 E ArmVmp : Match on catch block at 0xc3 in for 0x159
03-29 16:43:10.512 25107 25107 E ArmVmp : Match on catch block at 0xc3 in for 0x155
03-29 16:43:10.526 25107 25107 E ArmVmp : Match on catch block at 0xc3 in for 0x141
03-29 16:43:10.530 25107 25107 E ArmVmp : Match on catch block at 0xc3 in for 0x159
03-29 16:43:10.542 25107 25107 E ArmVmp : Match on catch block at 0xc3 in for 0x145
03-29 16:43:10.546 25107 25107 E ArmVmp : Match on catch block at 0xc3 in for 0x141
03-29 16:43:10.559 25107 25107 E ArmVmp : Match on catch block at 0xc3 in for 0x149
03-29 16:43:10.562 25107 25107 E ArmVmp : Match on catch block at 0xc3 in for 0x145
03-29 16:43:10.576 25107 25107 E ArmVmp : Match on catch block at 0xc3 in for 0x14d
03-29 16:43:10.579 25107 25107 E ArmVmp : Match on catch block at 0xc3 in for 0x149
03-29 16:43:10.592 25107 25107 E ArmVmp : Match on catch block at 0xc3 in for 0x151
03-29 16:43:10.595 25107 25107 E ArmVmp : Match on catch block at 0xc3 in for 0x14d
03-29 16:43:10.609 25107 25107 E ArmVmp : Match on catch block at 0xc3 in for 0x155
03-29 16:43:10.611 25107 25107 E ArmVmp : Match on catch block at 0xc3 in for 0x151
03-29 16:43:10.625 25107 25107 E ArmVmp : Match on catch block at 0xc3 in for 0x159
03-29 16:43:10.628 25107 25107 E ArmVmp : Match on catch block at 0xc3 in for 0x155
03-29 16:43:10.758 25107 25107 E ArmVmp : Match on catch block at 0xc3 in for 0x141
03-29 16:43:10.762 25107 25107 E ArmVmp : Match on catch block at 0xc3 in for 0x159
03-29 16:43:11.041 25107 25107 E ArmVmp : Match on catch block at 0xc3 in for 0x155
03-29 16:43:11.043 25107 25107 E ArmVmp : Match on catch block at 0xc3 in for 0x151
03-29 16:43:11.058 25107 25107 E ArmVmp : Match on catch block at 0xc3 in for 0x155
03-29 16:43:11.060 25107 25107 E ArmVmp : Match on catch block at 0xc3 in for 0x151
03-29 16:43:11.073 25107 25107 E ArmVmp : Match on catch block at 0xc3 in for 0x159
03-29 16:43:11.075 25107 25107 E ArmVmp : Match on catch block at 0xc3 in for 0x155
03-29 16:43:11.091 25107 25107 E ArmVmp : Match on catch block at 0xc3 in for 0x159
03-29 16:43:11.093 25107 25107 E ArmVmp : Match on catch block at 0xc3 in for 0x155
03-29 16:43:11.106 25107 25107 E ArmVmp : Match on catch block at 0xc3 in for 0x141
03-29 16:43:11.108 25107 25107 E ArmVmp : Match on catch block at 0xc3 in for 0x159
03-29 16:43:11.122 25107 25107 E ArmVmp : Match on catch block at 0xc3 in for 0x145
03-29 16:43:11.125 25107 25107 E ArmVmp : Match on catch block at 0xc3 in for 0x141
03-29 16:43:11.202 25107 25107 E OplusBracketLog: [OplusViewMirrorManager] updateHostViewRootIfNeeded, not support android.view.ViewRootImpl@9907751
03-29 16:43:11.220 25107 25107 E IPCThreadState: attemptIncStrongHandle(90): Not supported
03-29 16:43:11.246 25107 25172 W Parcel : Expecting binder but got null!
03-29 16:43:11.248 25107 25107 E ArmVmp : Match on catch block at 0xc3 in for 0x14d
03-29 16:43:11.250 25107 25107 E ArmVmp : Match on catch block at 0xc3 in for 0x149
03-29 16:43:11.263 25107 25107 E ArmVmp : Match on catch block at 0xc3 in for 0x151
03-29 16:43:11.266 25107 25107 E ArmVmp : Match on catch block at 0xc3 in for 0x14d
03-29 16:43:11.273 25107 25107 E ArmVmp : Match on catch block at 0xc3 in for 0x141
03-29 16:43:11.276 25107 25107 E ArmVmp : Match on catch block at 0xc3 in for 0x159
03-29 16:43:11.290 25107 25107 E ArmVmp : Match on catch block at 0xc3 in for 0x145
03-29 16:43:11.293 25107 25107 E ArmVmp : Match on catch block at 0xc3 in for 0x141
03-29 16:43:11.306 25107 25107 E ArmVmp : Match on catch block at 0xc3 in for 0x149
03-29 16:43:11.309 25107 25107 E ArmVmp : Match on catch block at 0xc3 in for 0x145
03-29 16:43:11.322 25107 25107 E ArmVmp : Match on catch block at 0xc3 in for 0x14d
03-29 16:43:11.325 25107 25107 E ArmVmp : Match on catch block at 0xc3 in for 0x149
03-29 16:43:11.340 25107 25107 E ArmVmp : Match on catch block at 0xc3 in for 0x151
03-29 16:43:11.343 25107 25107 E ArmVmp : Match on catch block at 0xc3 in for 0x14d
03-29 16:43:11.355 25107 25107 E ArmVmp : Match on catch block at 0xc3 in for 0x155
03-29 16:43:11.357 25107 25107 E ArmVmp : Match on catch block at 0xc3 in for 0x151
03-29 16:43:11.371 25107 25107 E ArmVmp : Match on catch block at 0xc3 in for 0x159
03-29 16:43:11.373 25107 25107 E ArmVmp : Match on catch block at 0xc3 in for 0x155
03-29 16:43:11.604 25107 25107 E ArmVmp : Match on catch block at 0xc3 in for 0x151
03-29 16:43:11.609 25107 25107 E ArmVmp : Match on catch block at 0xc3 in for 0x14d
03-29 16:43:11.621 25107 25107 E ArmVmp : Match on catch block at 0xc3 in for 0x155
03-29 16:43:11.627 25107 25107 E ArmVmp : Match on catch block at 0xc3 in for 0x151
03-29 16:43:12.346 25107 25107 E ArmVmp : Match on catch block at 0xc3 in for 0x155
03-29 16:43:12.348 25107 25107 E ArmVmp : Match on catch block at 0xc3 in for 0x151
03-29 16:43:12.356 25107 25107 E ArmVmp : Match on catch block at 0xc3 in for 0x159
03-29 16:43:12.359 25107 25107 E ArmVmp : Match on catch block at 0xc3 in for 0x155
03-29 16:43:12.424 25107 25107 E ArmVmp : Match on catch block at 0xc3 in for 0x155
03-29 16:43:12.427 25107 25107 E ArmVmp : Match on catch block at 0xc3 in for 0x151
03-29 16:43:12.528 25107 25107 E ArmVmp : Match on catch block at 0xc3 in for 0x149
03-29 16:43:12.532 25107 25107 E ArmVmp : Match on catch block at 0xc3 in for 0x145
03-29 16:43:12.610 25107 25107 E ArmVmp : Match on catch block at 0xc3 in for 0x149
03-29 16:43:12.612 25107 25107 E ArmVmp : Match on catch block at 0xc3 in for 0x145
03-29 16:43:12.698 25107 25107 E ArmVmp : Match on catch block at 0xc3 in for 0x149
03-29 16:43:12.701 25107 25107 E ArmVmp : Match on catch block at 0xc3 in for 0x145
03-29 16:43:12.759 25107 25107 E ArmVmp : Match on catch block at 0xc3 in for 0x155
03-29 16:43:12.762 25107 25107 E ArmVmp : Match on catch block at 0xc3 in for 0x151
03-29 16:43:12.801 25107 25107 E ArmVmp : Match on catch block at 0xc3 in for 0x141
03-29 16:43:12.803 25107 25107 E ArmVmp : Match on catch block at 0xc3 in for 0x159
03-29 16:43:12.811 25107 25107 E ArmVmp : Match on catch block at 0xc3 in for 0x149
03-29 16:43:12.812 25107 25189 W MediaPlayer: Use of stream types is deprecated for operations other than volume control
03-29 16:43:12.812 25107 25189 W MediaPlayer: See the documentation of setAudioStreamType() for what to use instead with android.media.AudioAttributes to qualify your playback use case
03-29 16:43:12.814 25107 25107 E ArmVmp : Match on catch block at 0xc3 in for 0x145
03-29 16:43:12.879 25107 25107 E ArmVmp : Match on catch block at 0xc3 in for 0x149
03-29 16:43:12.881 25107 25107 E ArmVmp : Match on catch block at 0xc3 in for 0x145
03-29 16:43:13.151 25107 25107 E ArmVmp : Match on catch block at 0xc3 in for 0x159
03-29 16:43:13.155 25107 25107 E ArmVmp : Match on catch block at 0xc3 in for 0x155
03-29 16:43:13.166 25107 25189 W MediaPlayer: Use of stream types is deprecated for operations other than volume control
03-29 16:43:13.166 25107 25189 W MediaPlayer: See the documentation of setAudioStreamType() for what to use instead with android.media.AudioAttributes to qualify your playback use case
03-29 16:43:13.179 25107 25107 E ArmVmp : Match on catch block at 0xc3 in for 0x155
03-29 16:43:13.183 25107 25107 E ArmVmp : Match on catch block at 0xc3 in for 0x151
03-29 16:43:13.195 25107 25107 E ArmVmp : Match on catch block at 0xc3 in for 0x159
03-29 16:43:13.200 25107 25107 E ArmVmp : Match on catch block at 0xc3 in for 0x155
03-29 16:43:13.211 25107 25107 E ArmVmp : Match on catch block at 0xc3 in for 0x141
03-29 16:43:13.215 25107 25107 E ArmVmp : Match on catch block at 0xc3 in for 0x159
03-29 16:43:13.230 25107 25107 E ArmVmp : Match on catch block at 0xc3 in for 0x145
03-29 16:43:13.234 25107 25107 E ArmVmp : Match on catch block at 0xc3 in for 0x141
03-29 16:43:13.258 25107 25107 E ArmVmp : Match on catch block at 0xc3 in for 0x149
03-29 16:43:13.262 25107 25107 E ArmVmp : Match on catch block at 0xc3 in for 0x145
03-29 16:43:13.278 25107 25107 E ArmVmp : Match on catch block at 0xc3 in for 0x14d
03-29 16:43:13.281 25107 25107 E ArmVmp : Match on catch block at 0xc3 in for 0x149
03-29 16:43:13.294 25107 25107 E ArmVmp : Match on catch block at 0xc3 in for 0x151
03-29 16:43:13.299 25107 25107 E ArmVmp : Match on catch block at 0xc3 in for 0x14d
03-29 16:43:13.311 25107 25107 E ArmVmp : Match on catch block at 0xc3 in for 0x155
03-29 16:43:13.315 25107 25107 E ArmVmp : Match on catch block at 0xc3 in for 0x151
03-29 16:43:13.327 25107 25107 E ArmVmp : Match on catch block at 0xc3 in for 0x159
03-29 16:43:13.332 25107 25107 E ArmVmp : Match on catch block at 0xc3 in for 0x155
03-29 16:43:13.343 25107 25107 E ArmVmp : Match on catch block at 0xc3 in for 0x141
03-29 16:43:13.348 25107 25107 E ArmVmp : Match on catch block at 0xc3 in for 0x159
03-29 16:43:13.360 25107 25107 E ArmVmp : Match on catch block at 0xc3 in for 0x145
03-29 16:43:13.366 25107 25107 E ArmVmp : Match on catch block at 0xc3 in for 0x141
03-29 16:43:13.377 25107 25107 E ArmVmp : Match on catch block at 0xc3 in for 0x149
03-29 16:43:13.381 25107 25107 E ArmVmp : Match on catch block at 0xc3 in for 0x145
03-29 16:43:13.393 25107 25107 E ArmVmp : Match on catch block at 0xc3 in for 0x14d
03-29 16:43:13.397 25107 25107 E ArmVmp : Match on catch block at 0xc3 in for 0x149
03-29 16:43:13.410 25107 25107 E ArmVmp : Match on catch block at 0xc3 in for 0x151
03-29 16:43:13.414 25107 25107 E ArmVmp : Match on catch block at 0xc3 in for 0x14d
03-29 16:43:13.427 25107 25107 E ArmVmp : Match on catch block at 0xc3 in for 0x149
03-29 16:43:13.430 25107 25107 E ArmVmp : Match on catch block at 0xc3 in for 0x145
03-29 16:43:13.462 25107 25107 E ArmVmp : Match on catch block at 0xc3 in for 0x14d
03-29 16:43:13.467 25107 25107 E ArmVmp : Match on catch block at 0xc3 in for 0x149
03-29 16:43:13.494 25107 25107 E ArmVmp : Match on catch block at 0xc3 in for 0x14d
03-29 16:43:13.497 25107 25107 E ArmVmp : Match on catch block at 0xc3 in for 0x149
03-29 16:43:13.507 25107 25107 E ArmVmp : Match on catch block at 0xc3 in for 0x151
03-29 16:43:13.512 25107 25107 E ArmVmp : Match on catch block at 0xc3 in for 0x14d
03-29 16:43:13.526 25107 25107 E ArmVmp : Match on catch block at 0xc3 in for 0x155
03-29 16:43:13.529 25107 25107 E ArmVmp : Match on catch block at 0xc3 in for 0x151
03-29 16:43:13.541 25107 25107 E ArmVmp : Match on catch block at 0xc3 in for 0x159
03-29 16:43:13.544 25107 25107 E ArmVmp : Match on catch block at 0xc3 in for 0x155
03-29 16:43:13.561 25107 25107 E ArmVmp : Match on catch block at 0xc3 in for 0x159
03-29 16:43:13.564 25107 25107 E ArmVmp : Match on catch block at 0xc3 in for 0x155
03-29 16:43:13.570 25107 25189 W MediaPlayer: Use of stream types is deprecated for operations other than volume control
03-29 16:43:13.570 25107 25189 W MediaPlayer: See the documentation of setAudioStreamType() for what to use instead with android.media.AudioAttributes to qualify your playback use case
03-29 16:43:13.575 25107 25107 E ArmVmp : Match on catch block at 0xc3 in for 0x145
03-29 16:43:13.577 25107 25107 E ArmVmp : Match on catch block at 0xc3 in for 0x141
03-29 16:43:13.591 25107 25107 E ArmVmp : Match on catch block at 0xc3 in for 0x159
03-29 16:43:13.594 25107 25107 E ArmVmp : Match on catch block at 0xc3 in for 0x155
03-29 16:43:13.608 25107 25107 E ArmVmp : Match on catch block at 0xc3 in for 0x141
03-29 16:43:13.611 25107 25107 E ArmVmp : Match on catch block at 0xc3 in for 0x159
03-29 16:43:13.624 25107 25107 E ArmVmp : Match on catch block at 0xc3 in for 0x145
03-29 16:43:13.627 25107 25107 E ArmVmp : Match on catch block at 0xc3 in for 0x141
03-29 16:43:13.890 25107 25107 E ArmVmp : Match on catch block at 0xc3 in for 0x159
03-29 16:43:13.895 25107 25107 E ArmVmp : Match on catch block at 0xc3 in for 0x155
03-29 16:43:13.907 25107 25107 E ArmVmp : Match on catch block at 0xc3 in for 0x141
03-29 16:43:13.912 25107 25107 E ArmVmp : Match on catch block at 0xc3 in for 0x159
03-29 16:43:13.922 25107 25107 E ArmVmp : Match on catch block at 0xc3 in for 0x145
03-29 16:43:13.925 25107 25107 E ArmVmp : Match on catch block at 0xc3 in for 0x141
03-29 16:43:13.941 25107 25107 E ArmVmp : Match on catch block at 0xc3 in for 0x145
03-29 16:43:13.944 25107 25107 E ArmVmp : Match on catch block at 0xc3 in for 0x141
03-29 16:43:13.950 25107 25189 W MediaPlayer: Use of stream types is deprecated for operations other than volume control
03-29 16:43:13.950 25107 25189 W MediaPlayer: See the documentation of setAudioStreamType() for what to use instead with android.media.AudioAttributes to qualify your playback use case
03-29 16:43:13.956 25107 25107 E ArmVmp : Match on catch block at 0xc3 in for 0x14d
03-29 16:43:13.958 25107 25107 E ArmVmp : Match on catch block at 0xc3 in for 0x149
03-29 16:43:13.972 25107 25107 E ArmVmp : Match on catch block at 0xc3 in for 0x145
03-29 16:43:13.975 25107 25107 E ArmVmp : Match on catch block at 0xc3 in for 0x141
03-29 16:43:13.989 25107 25107 E ArmVmp : Match on catch block at 0xc3 in for 0x149
03-29 16:43:13.992 25107 25107 E ArmVmp : Match on catch block at 0xc3 in for 0x145
03-29 16:43:14.005 25107 25107 E ArmVmp : Match on catch block at 0xc3 in for 0x14d
03-29 16:43:14.008 25107 25107 E ArmVmp : Match on catch block at 0xc3 in for 0x149
03-29 16:43:14.022 25107 25107 E ArmVmp : Match on catch block at 0xc3 in for 0x151
03-29 16:43:14.025 25107 25107 E ArmVmp : Match on catch block at 0xc3 in for 0x14d
03-29 16:43:14.039 25107 25107 E ArmVmp : Match on catch block at 0xc3 in for 0x155
03-29 16:43:14.042 25107 25107 E ArmVmp : Match on catch block at 0xc3 in for 0x151
03-29 16:43:14.062 25107 25107 E ArmVmp : Match on catch block at 0xc3 in for 0x159
03-29 16:43:14.066 25107 25107 E ArmVmp : Match on catch block at 0xc3 in for 0x155
03-29 16:43:14.072 25107 25107 E ArmVmp : Match on catch block at 0xc3 in for 0x141
03-29 16:43:14.075 25107 25107 E ArmVmp : Match on catch block at 0xc3 in for 0x159
03-29 16:43:14.088 25107 25107 E ArmVmp : Match on catch block at 0xc3 in for 0x145
03-29 16:43:14.091 25107 25107 E ArmVmp : Match on catch block at 0xc3 in for 0x141
03-29 16:43:14.105 25107 25107 E ArmVmp : Match on catch block at 0xc3 in for 0x149
03-29 16:43:14.108 25107 25107 E ArmVmp : Match on catch block at 0xc3 in for 0x145
03-29 16:43:14.121 25107 25107 E ArmVmp : Match on catch block at 0xc3 in for 0x14d
03-29 16:43:14.124 25107 25107 E ArmVmp : Match on catch block at 0xc3 in for 0x149
03-29 16:43:14.138 25107 25107 E ArmVmp : Match on catch block at 0xc3 in for 0x151
03-29 16:43:14.141 25107 25107 E ArmVmp : Match on catch block at 0xc3 in for 0x14d
03-29 16:43:14.155 25107 25107 E ArmVmp : Match on catch block at 0xc3 in for 0x155
03-29 16:43:14.157 25107 25107 E ArmVmp : Match on catch block at 0xc3 in for 0x151
03-29 16:43:14.171 25107 25107 E ArmVmp : Match on catch block at 0xc3 in for 0x159
03-29 16:43:14.174 25107 25107 E ArmVmp : Match on catch block at 0xc3 in for 0x155
03-29 16:43:14.324 25107 25107 E ArmVmp : Match on catch block at 0xc3 in for 0x14d
03-29 16:43:14.329 25107 25107 E ArmVmp : Match on catch block at 0xc3 in for 0x149
03-29 16:43:14.338 25107 25189 W MediaPlayer: Use of stream types is deprecated for operations other than volume control
03-29 16:43:14.338 25107 25189 W MediaPlayer: See the documentation of setAudioStreamType() for what to use instead with android.media.AudioAttributes to qualify your playback use case
03-29 16:43:14.404 25107 25107 E ArmVmp : Match on catch block at 0xc3 in for 0x151
03-29 16:43:14.408 25107 25107 E ArmVmp : Match on catch block at 0xc3 in for 0x14d
03-29 16:43:14.726 25107 25107 E ArmVmp : Match on catch block at 0xc3 in for 0x145
03-29 16:43:14.732 25107 25107 E ArmVmp : Match on catch block at 0xc3 in for 0x141
03-29 16:43:14.744 25107 25189 W MediaPlayer: Use of stream types is deprecated for operations other than volume control
03-29 16:43:14.744 25107 25189 W MediaPlayer: See the documentation of setAudioStreamType() for what to use instead with android.media.AudioAttributes to qualify your playback use case
03-29 16:43:14.901 25107 25107 E ArmVmp : Match on catch block at 0xc3 in for 0x149
03-29 16:43:14.906 25107 25107 E ArmVmp : Match on catch block at 0xc3 in for 0x145
03-29 16:43:15.400 25107 25107 E ArmVmp : Match on catch block at 0xc3 in for 0x141
03-29 16:43:15.407 25107 25107 E ArmVmp : Match on catch block at 0xc3 in for 0x159
03-29 16:43:15.521 25107 25107 E ArmVmp : Match on catch block at 0xc3 in for 0x151
03-29 16:43:15.528 25107 25107 E ArmVmp : Match on catch block at 0xc3 in for 0x14d
03-29 16:43:15.538 25107 25107 E ArmVmp : Match on catch block at 0xc3 in for 0x159
03-29 16:43:15.543 25107 25107 E ArmVmp : Match on catch block at 0xc3 in for 0x155
03-29 16:43:15.549 25107 25107 E ArmVmp : Match on catch block at 0xc3 in for 0x141
03-29 16:43:15.552 25107 25107 E ArmVmp : Match on catch block at 0xc3 in for 0x159
03-29 16:43:15.566 25107 25107 E ArmVmp : Match on catch block at 0xc3 in for 0x145
03-29 16:43:15.570 25107 25107 E ArmVmp : Match on catch block at 0xc3 in for 0x141
03-29 16:43:15.583 25107 25107 E ArmVmp : Match on catch block at 0xc3 in for 0x155
03-29 16:43:15.586 25107 25107 E ArmVmp : Match on catch block at 0xc3 in for 0x151
03-29 16:43:15.598 25107 25107 E ArmVmp : Match on catch block at 0xc3 in for 0x14d
03-29 16:43:15.600 25107 25107 E ArmVmp : Match on catch block at 0xc3 in for 0x149
03-29 16:43:15.614 25107 25107 E ArmVmp : Match on catch block at 0xc3 in for 0x159
03-29 16:43:15.616 25107 25107 E ArmVmp : Match on catch block at 0xc3 in for 0x155
03-29 16:43:15.631 25107 25107 E ArmVmp : Match on catch block at 0xc3 in for 0x149
03-29 16:43:15.633 25107 25107 E ArmVmp : Match on catch block at 0xc3 in for 0x145
03-29 16:43:15.647 25107 25107 E ArmVmp : Match on catch block at 0xc3 in for 0x141
03-29 16:43:15.651 25107 25107 E ArmVmp : Match on catch block at 0xc3 in for 0x159
03-29 16:43:15.664 25107 25107 E ArmVmp : Match on catch block at 0xc3 in for 0x155
03-29 16:43:15.666 25107 25107 E ArmVmp : Match on catch block at 0xc3 in for 0x151
03-29 16:43:15.680 25107 25107 E ArmVmp : Match on catch block at 0xc3 in for 0x14d
03-29 16:43:15.682 25107 25107 E ArmVmp : Match on catch block at 0xc3 in for 0x149
03-29 16:43:15.697 25107 25107 E ArmVmp : Match on catch block at 0xc3 in for 0x145
03-29 16:43:15.699 25107 25107 E ArmVmp : Match on catch block at 0xc3 in for 0x141
03-29 16:43:15.713 25107 25107 E ArmVmp : Match on catch block at 0xc3 in for 0x151
03-29 16:43:15.715 25107 25107 E ArmVmp : Match on catch block at 0xc3 in for 0x14d
03-29 16:43:15.730 25107 25107 E ArmVmp : Match on catch block at 0xc3 in for 0x155
03-29 16:43:15.732 25107 25107 E ArmVmp : Match on catch block at 0xc3 in for 0x151
03-29 16:43:15.896 25107 25107 E ArmVmp : Match on catch block at 0xc3 in for 0x141
03-29 16:43:15.900 25107 25107 E ArmVmp : Match on catch block at 0xc3 in for 0x159
03-29 16:43:16.129 25107 25107 E ArmVmp : Match on catch block at 0xc3 in for 0x145
03-29 16:43:16.136 25107 25107 E ArmVmp : Match on catch block at 0xc3 in for 0x141
03-29 16:43:16.147 25107 25107 E ArmVmp : Match on catch block at 0xc3 in for 0x149
03-29 16:43:16.153 25107 25107 E ArmVmp : Match on catch block at 0xc3 in for 0x145
03-29 16:43:16.162 25107 25107 E ArmVmp : Match on catch block at 0xc3 in for 0x14d
03-29 16:43:16.166 25107 25107 E ArmVmp : Match on catch block at 0xc3 in for 0x149
03-29 16:43:16.177 25107 25107 E ArmVmp : Match on catch block at 0xc3 in for 0x151
03-29 16:43:16.180 25107 25107 E ArmVmp : Match on catch block at 0xc3 in for 0x14d
03-29 16:43:16.193 25107 25107 E ArmVmp : Match on catch block at 0xc3 in for 0x155
03-29 16:43:16.197 25107 25107 E ArmVmp : Match on catch block at 0xc3 in for 0x151
03-29 16:43:16.210 25107 25107 E ArmVmp : Match on catch block at 0xc3 in for 0x159
03-29 16:43:16.213 25107 25107 E ArmVmp : Match on catch block at 0xc3 in for 0x155
03-29 16:43:16.349 25107 25107 E ArmVmp : Match on catch block at 0xc3 in for 0x141
03-29 16:43:16.354 25107 25107 E ArmVmp : Match on catch block at 0xc3 in for 0x159
03-29 16:43:16.380 25107 25107 E IPCThreadState: attemptIncStrongHandle(112): Not supported
03-29 16:43:20.040 25107 25107 E OplusBracketLog: [OplusViewMirrorManager] updateHostViewRootIfNeeded, not support android.view.ViewRootImpl@c38c054
03-29 16:43:20.053 25107 25107 E IPCThreadState: attemptIncStrongHandle(116): Not supported
03-29 16:43:20.077 25107 25172 W Parcel : Expecting binder but got null!
03-29 16:43:21.409 25107 25107 E ArmVmp : Match on catch block at 0x8d in for 0x251
03-29 16:43:25.053 25107 25118 W System : A resource failed to call CursorWindow.close.
03-29 16:43:25.053 25107 25118 W System : A resource failed to call AbstractCursor.close.
03-29 16:43:25.053 25107 25118 W System : A resource failed to call CursorWindow.close.
03-29 16:43:25.053 25107 25118 W System : A resource failed to call AbstractCursor.close.
03-29 16:43:29.742 25107 25107 E OplusBracketLog: [OplusViewMirrorManager] updateHostViewRootIfNeeded, not support android.view.ViewRootImpl@3f0d351
03-29 16:43:29.759 25107 25107 E IPCThreadState: attemptIncStrongHandle(94): Not supported
03-29 16:43:29.773 25107 25172 W Parcel : Expecting binder but got null!
03-29 16:43:30.374 25107 25107 E OplusBracketLog: [OplusViewMirrorManager] updateHostViewRootIfNeeded, not support android.view.ViewRootImpl@d16abbd
03-29 16:43:30.390 25107 25107 E IPCThreadState: attemptIncStrongHandle(92): Not supported
03-29 16:43:30.400 25107 25172 W Parcel : Expecting binder but got null!
03-29 16:43:34.148 25107 25107 E OplusBracketLog: [OplusViewMirrorManager] updateHostViewRootIfNeeded, not support android.view.ViewRootImpl@3d920de
03-29 16:43:34.165 25107 25107 E ArmVmp : Match on catch block at 0x8d in for 0x1d1
03-29 16:43:34.170 25107 25107 E ArmVmp : Match on catch block at 0x8d in for 0x1c1
03-29 16:43:34.186 25107 25107 E ArmVmp : Match on catch block at 0x8d in for 0x1cd
03-29 16:43:34.191 25107 25107 E ArmVmp : Match on catch block at 0x8d in for 0x1d9
03-29 16:43:34.206 25107 25107 E IPCThreadState: attemptIncStrongHandle(102): Not supported
03-29 16:43:34.221 25107 25172 W Parcel : Expecting binder but got null!
03-29 16:43:34.256 25107 25107 W BottomSheetBehavior: BottomSheetBehavior now supports multiple callbacks. `setBottomSheetCallback()` removes all existing callbacks, including ones set internally by library authors, which may result in unintended behavior. This may change in the future. Please use `addBottomSheetCallback()` and `removeBottomSheetCallback()` instead to set your own callbacks.
03-29 16:43:34.257 25107 25107 W BottomSheetBehavior: BottomSheetBehavior now supports multiple callbacks. `setBottomSheetCallback()` removes all existing callbacks, including ones set internally by library authors, which may result in unintended behavior. This may change in the future. Please use `addBottomSheetCallback()` and `removeBottomSheetCallback()` instead to set your own callbacks.
03-29 16:43:34.284 25107 25107 W BottomSheetBehavior: BottomSheetBehavior now supports multiple callbacks. `setBottomSheetCallback()` removes all existing callbacks, including ones set internally by library authors, which may result in unintended behavior. This may change in the future. Please use `addBottomSheetCallback()` and `removeBottomSheetCallback()` instead to set your own callbacks.
03-29 16:43:34.284 25107 25107 W BottomSheetBehavior: BottomSheetBehavior now supports multiple callbacks. `setBottomSheetCallback()` removes all existing callbacks, including ones set internally by library authors, which may result in unintended behavior. This may change in the future. Please use `addBottomSheetCallback()` and `removeBottomSheetCallback()` instead to set your own callbacks.
03-29 16:43:34.296 25107 25107 W BottomSheetBehavior: BottomSheetBehavior now supports multiple callbacks. `setBottomSheetCallback()` removes all existing callbacks, including ones set internally by library authors, which may result in unintended behavior. This may change in the future. Please use `addBottomSheetCallback()` and `removeBottomSheetCallback()` instead to set your own callbacks.
03-29 16:43:34.296 25107 25107 W BottomSheetBehavior: BottomSheetBehavior now supports multiple callbacks. `setBottomSheetCallback()` removes all existing callbacks, including ones set internally by library authors, which may result in unintended behavior. This may change in the future. Please use `addBottomSheetCallback()` and `removeBottomSheetCallback()` instead to set your own callbacks.
03-29 16:43:34.322 25107 25107 W BottomSheetBehavior: BottomSheetBehavior now supports multiple callbacks. `setBottomSheetCallback()` removes all existing callbacks, including ones set internally by library authors, which may result in unintended behavior. This may change in the future. Please use `addBottomSheetCallback()` and `removeBottomSheetCallback()` instead to set your own callbacks.
03-29 16:43:34.322 25107 25107 W BottomSheetBehavior: BottomSheetBehavior now supports multiple callbacks. `setBottomSheetCallback()` removes all existing callbacks, including ones set internally by library authors, which may result in unintended behavior. This may change in the future. Please use `addBottomSheetCallback()` and `removeBottomSheetCallback()` instead to set your own callbacks.
03-29 16:43:34.341 25107 25107 E RecyclerView: No adapter attached; skipping layout
03-29 16:43:34.342 25107 25107 E RecyclerView: No adapter attached; skipping layout
03-29 16:43:34.354 25107 25107 W pool-8-thread-1: type=1400 audit(0.0:1210253): avc: granted { execute } for path="/data/data/com.mbwhatsapp/files/decompressed/libs.spk.zst/libgifimage.so" dev="dm-75" ino=36840 scontext=u:r:untrusted_app:s0:c38,c257,c512,c768 tcontext=u:object_r:app_data_file:s0:c38,c257,c512,c768 tclass=file app=com.mbwhatsapp
03-29 16:43:34.462 25107 25152 E SQLiteDatabase: Error inserting transferred=0 media_job_uuid=b3660a26-aca5-49cf-af71-9f8258e92deb transcoded=0 gif_attribution=0 first_scan_length=0 direct_path=/v/t62.7161- 24/11978136_958450242427378_919516668148273563_n.enc?ccb=11- 4&oh=01_ASDOpAtA8L5L7OU5zh-kJegLN7B-8adJsEl7hcekxqchhg&oe=662D8BAF&_nc_sid=5e03e0 thumbnail_height_width_ratio=1.3333334 is_animated_sticker=0 file_hash=WoZdJ6JgvHQ8GKaiOGwOLmN1z1pwTgxzqFNFSIPBqn8= file_path=null file_size=0 partial_media_hash=null face_x=0 face_y=0 height=960 trim_to=0 media_key_timestamp=1711681707000 message_url=https://mmg.whatsapp.net/v/t62.7161- 24/11978136_958450242427378_919516668148273563_n.enc?ccb=11- 4&oh=01_ASDOpAtA8L5L7OU5zh-kJegLN7B- 8adJsEl7hcekxqchhg&oe=662D8BAF&_nc_sid=5e03e0&mms3=true media_caption=null trim_from=0 mime_type=video/mp4 partial_media_enc_hash=null width=720 original_file_hash=null has_streaming_sidecar=1 autotransfer_retry_enabled=1 media_upload_handle=null message_row_id=12652 multicast_id=null enc_file_hash=Rby84kLF25WZ/AkjFq5gJdigo7vKuOqDLyRx8Pjq+Vo= mute_video=0 page_count=0 first_scan_sidecar=null suspicious_content=0 file_length=3655936 media_name=null media_duration=22 chat_row_id=19 media_key=[B@4841f9c
03-29 16:43:34.462 25107 25152 E SQLiteDatabase: android.database.sqlite.SQLiteConstraintException: UNIQUE constraint failed: message_media.message_row_id (code 1555 SQLITE_CONSTRAINT_PRIMARYKEY)
03-29 16:43:34.462 25107 25152 E SQLiteDatabase: at android.database.sqlite.SQLiteConnection.nativeExecuteForLastInsertedRowId(Native Method)
03-29 16:43:34.462 25107 25152 E SQLiteDatabase: at android.database.sqlite.SQLiteConnection.executeForLastInsertedRowId(SQLiteConnecti on.java:967)
03-29 16:43:34.462 25107 25152 E SQLiteDatabase: at android.database.sqlite.SQLiteSession.executeForLastInsertedRowId(SQLiteSession.jav a:790)
03-29 16:43:34.462 25107 25152 E SQLiteDatabase: at android.database.sqlite.SQLiteStatement.executeInsert(SQLiteStatement.java:89)
03-29 16:43:34.462 25107 25152 E SQLiteDatabase: at android.database.sqlite.SQLiteDatabase.insertWithOnConflict(SQLiteDatabase.java:186 8)
03-29 16:43:34.462 25107 25152 E SQLiteDatabase: at android.database.sqlite.SQLiteDatabase.insert(SQLiteDatabase.java:1737)
03-29 16:43:34.462 25107 25152 E SQLiteDatabase: at X.2tm.A08(Unknown Source:6)
03-29 16:43:34.462 25107 25152 E SQLiteDatabase: at X.35Y.A07(Unknown Source:212)
03-29 16:43:34.462 25107 25152 E SQLiteDatabase: at X.3QF.A14(Unknown Source:470)
03-29 16:43:34.462 25107 25152 E SQLiteDatabase: at X.3gU.run(Unknown Source:982)
03-29 16:43:34.462 25107 25152 E SQLiteDatabase: at android.os.Handler.handleCallback(Handler.java:942)
03-29 16:43:34.462 25107 25152 E SQLiteDatabase: at android.os.Handler.dispatchMessage(Handler.java:99)
03-29 16:43:34.462 25107 25152 E SQLiteDatabase: at X.0zq.dispatchMessage(Unknown Source:4)
03-29 16:43:34.462 25107 25152 E SQLiteDatabase: at android.os.Looper.loopOnce(Looper.java:240)
03-29 16:43:34.462 25107 25152 E SQLiteDatabase: at android.os.Looper.loop(Looper.java:351)
03-29 16:43:34.462 25107 25152 E SQLiteDatabase: at android.os.HandlerThread.run(HandlerThread.java:67)
03-29 16:43:36.066 25107 25152 E SQLiteDatabase: Error inserting transferred=0 media_job_uuid=8b232772-3779-4534-82d6-046c94b908ea transcoded=0 gif_attribution=0 first_scan_length=0 direct_path=/v/t62.7161- 24/40961131_730695785767342_4263157270808152555_n.enc?ccb=11- 4&oh=01_ASCRNLuaOqXkG0hIIy-QbLswGusofdZOgPSgYx2dg2_1cA&oe=662DDEF0&_nc_sid=5e03e0 thumbnail_height_width_ratio=1.8113208 is_animated_sticker=0 file_hash=wsse/3b04SFXRdJmU6V/uO9H0E5AoYXO6SJvNrvVVgU= file_path=null file_size=0 partial_media_hash=null face_x=0 face_y=0 height=640 trim_to=0 media_key_timestamp=1711703708000 message_url=https://mmg.whatsapp.net/v/t62.7161- 24/40961131_730695785767342_4263157270808152555_n.enc?ccb=11- 4&oh=01_ASCRNLuaOqXkG0hIIy- QbLswGusofdZOgPSgYx2dg2_1cA&oe=662DDEF0&_nc_sid=5e03e0&mms3=true media_caption=null trim_from=0 mime_type=video/mp4 partial_media_enc_hash=null width=352 original_file_hash=null has_streaming_sidecar=1 autotransfer_retry_enabled=1 media_upload_handle=null message_row_id=12700 multicast_id=null enc_file_hash=Uk9W3ZATJKd98XpowzZAiimZfoeRfHJvfUE7Uljl52U= mute_video=0 page_count=0 first_scan_sidecar=null suspicious_content=0 file_length=2855894 media_name=null media_duration=27 chat_row_id=19 media_key=[B@5fc62bb
03-29 16:43:36.066 25107 25152 E SQLiteDatabase: android.database.sqlite.SQLiteConstraintException: UNIQUE constraint failed: message_media.message_row_id (code 1555 SQLITE_CONSTRAINT_PRIMARYKEY)
03-29 16:43:36.066 25107 25152 E SQLiteDatabase: at android.database.sqlite.SQLiteConnection.nativeExecuteForLastInsertedRowId(Native Method)
03-29 16:43:36.066 25107 25152 E SQLiteDatabase: at android.database.sqlite.SQLiteConnection.executeForLastInsertedRowId(SQLiteConnecti on.java:967)
03-29 16:43:36.066 25107 25152 E SQLiteDatabase: at android.database.sqlite.SQLiteSession.executeForLastInsertedRowId(SQLiteSession.jav a:790)
03-29 16:43:36.066 25107 25152 E SQLiteDatabase: at android.database.sqlite.SQLiteStatement.executeInsert(SQLiteStatement.java:89)
03-29 16:43:36.066 25107 25152 E SQLiteDatabase: at android.database.sqlite.SQLiteDatabase.insertWithOnConflict(SQLiteDatabase.java:186 8)
03-29 16:43:36.066 25107 25152 E SQLiteDatabase: at android.database.sqlite.SQLiteDatabase.insert(SQLiteDatabase.java:1737)
03-29 16:43:36.066 25107 25152 E SQLiteDatabase: at X.2tm.A08(Unknown Source:6)
03-29 16:43:36.066 25107 25152 E SQLiteDatabase: at X.35Y.A07(Unknown Source:212)
03-29 16:43:36.066 25107 25152 E SQLiteDatabase: at X.3QF.A14(Unknown Source:470)
03-29 16:43:36.066 25107 25152 E SQLiteDatabase: at X.3gU.run(Unknown Source:982)
03-29 16:43:36.066 25107 25152 E SQLiteDatabase: at android.os.Handler.handleCallback(Handler.java:942)
03-29 16:43:36.066 25107 25152 E SQLiteDatabase: at android.os.Handler.dispatchMessage(Handler.java:99)
03-29 16:43:36.066 25107 25152 E SQLiteDatabase: at X.0zq.dispatchMessage(Unknown Source:4)
03-29 16:43:36.066 25107 25152 E SQLiteDatabase: at android.os.Looper.loopOnce(Looper.java:240)
03-29 16:43:36.066 25107 25152 E SQLiteDatabase: at android.os.Looper.loop(Looper.java:351)
03-29 16:43:36.066 25107 25152 E SQLiteDatabase: at android.os.HandlerThread.run(HandlerThread.java:67)
03-29 16:43:36.778 25107 25107 W BottomSheetBehavior: BottomSheetBehavior now supports multiple callbacks. `setBottomSheetCallback()` removes all existing callbacks, including ones set internally by library authors, which may result in unintended behavior. This may change in the future. Please use `addBottomSheetCallback()` and `removeBottomSheetCallback()` instead to set your own callbacks.
03-29 16:43:36.778 25107 25107 W BottomSheetBehavior: BottomSheetBehavior now supports multiple callbacks. `setBottomSheetCallback()` removes all existing callbacks, including ones set internally by library authors, which may result in unintended behavior. This may change in the future. Please use `addBottomSheetCallback()` and `removeBottomSheetCallback()` instead to set your own callbacks.
03-29 16:43:36.789 25107 25107 E RecyclerView: No adapter attached; skipping layout
03-29 16:43:37.509 25107 25107 W BottomSheetBehavior: BottomSheetBehavior now supports multiple callbacks. `setBottomSheetCallback()` removes all existing callbacks, including ones set internally by library authors, which may result in unintended behavior. This may change in the future. Please use `addBottomSheetCallback()` and `removeBottomSheetCallback()` instead to set your own callbacks.
03-29 16:43:37.510 25107 25107 W BottomSheetBehavior: BottomSheetBehavior now supports multiple callbacks. `setBottomSheetCallback()` removes all existing callbacks, including ones set internally by library authors, which may result in unintended behavior. This may change in the future. Please use `addBottomSheetCallback()` and `removeBottomSheetCallback()` instead to set your own callbacks.
03-29 16:43:37.516 25107 25107 E RecyclerView: No adapter attached; skipping layout
