03-29 20:06:11.485 4868 7741 W Codec2Client: query -- param skipped: index = 1107298332.
03-29 20:06:11.488 4868 7741 W Codec2Client: query -- param skipped: index = 1342179345.
03-29 20:06:11.488 4868 7741 W Codec2Client: query -- param skipped: index = 2415921170.
03-29 20:06:11.583 4868 7722 W libc : Access denied finding property "vendor.oplus.media.vpp.stutter"
03-29 20:06:11.611 4868 7746 W Codec2Client: query -- param skipped: index = 1107298332.
03-29 20:06:11.614 4868 7746 W Codec2Client: query -- param skipped: index = 1342179345.
03-29 20:06:11.614 4868 7746 W Codec2Client: query -- param skipped: index = 2415921170.
03-29 20:06:11.982 4868 4868 E OplusBracketLog: [OplusViewMirrorManager] updateHostViewRootIfNeeded, not support android.view.ViewRootImpl@7408377
03-29 20:06:11.992 4868 4868 E IPCThreadState: attemptIncStrongHandle(120): Not supported
03-29 20:06:12.004 4868 5747 W Parcel : Expecting binder but got null!
03-29 20:06:12.005 4868 4868 E OplusBracketLog: [OplusViewMirrorManager] updateHostViewRootIfNeeded, not support android.view.ViewRootImpl@2f967a
03-29 20:06:12.109 4868 5747 W Parcel : Expecting binder but got null!
03-29 20:06:12.370 4868 7733 E AudioSystem: invalid attributes { Content type: AUDIO_CONTENT_TYPE_UNKNOWN Usage: AUDIO_USAGE_UNKNOWN Source: AUDIO_SOURCE_DEFAULT Flags: 0x0 Tags: } when converting to stream
03-29 20:06:12.391 4868 7733 E ListServiceUtils: checkInListByUid module:control package:audioBoostEnable cost 2513us return 1
03-29 20:06:12.393 4868 7733 E ListServiceUtils: checkInListByUid module:audio- boost-blacklist uid:10294 cost 1322us return 0
03-29 20:06:12.397 4868 7733 W libOpenSLES: Conversion from OpenSL ES positional channel mask 0x4 to Android mask 0 loses channels
03-29 20:06:12.728 4868 4868 W BottomSheetBehavior: BottomSheetBehavior now supports multiple callbacks. `setBottomSheetCallback()` removes all existing callbacks, including ones set internally by library authors, which may result in unintended behavior. This may change in the future. Please use `addBottomSheetCallback()` and `removeBottomSheetCallback()` instead to set your own callbacks.
03-29 20:06:12.923 4868 4868 E IPCThreadState: attemptIncStrongHandle(114): Not supported
03-29 20:06:13.855 4868 7792 E ion : ioctl c0044901 failed with code -1: Invalid argument
03-29 20:06:22.690 4868 7758 W libc : Access denied finding property "ro.hardware.chipname"
03-29 20:06:22.786 4868 4868 W View : requestLayout() improperly called by android.view.SurfaceView{f1aa1f3 I.E...... ......I. 0,0-0,0 #7f0b196b app:id/surface_view viewInfo = } during layout: running second layout pass
03-29 20:06:23.534 4868 7831 E ActivityThread: Failed to find provider info for com.oplus.statistics.provider
03-29 20:06:23.534 4868 7831 E OplusStatistics--: IllegalArgumentException:java.lang.IllegalArgumentException: Unknown URL content://com.oplus.statistics.provider/track_event
03-29 20:20:31.558 16799 16799 W Lacrima_startup: type=1400 audit(0.0:1225969): avc: granted { execute } for path="/data/data/com.instagram.android/lib- compressed/libdistractutil.so" dev="dm-75" ino=39890 scontext=u:r:untrusted_app:s0:c36,c257,c512,c768 tcontext=u:object_r:app_data_file:s0:c36,c257,c512,c768 tclass=file app=com.mbwhatsapp
03-29 20:20:31.562 16799 16799 W Lacrima_startup: type=1400 audit(0.0:1225970): avc: granted { execute } for path="/data/data/com.instagram.android/lib- compressed/libfssync.so" dev="dm-75" ino=39905 scontext=u:r:untrusted_app:s0:c36,c257,c512,c768 tcontext=u:object_r:app_data_file:s0:c36,c257,c512,c768 tclass=file app=com.mbwhatsapp
03-29 20:20:31.598 16799 16799 W Lacrima_startup: type=1400 audit(0.0:1225971): avc: granted { execute } for path="/data/data/com.instagram.android/lib- compressed/libredexsharedmerged.so" dev="dm-75" ino=39830 scontext=u:r:untrusted_app:s0:c36,c257,c512,c768 tcontext=u:object_r:app_data_file:s0:c36,c257,c512,c768 tclass=file app=com.mbwhatsapp
03-29 20:20:31.606 16799 16799 W Lacrima_startup: type=1400 audit(0.0:1225972): avc: granted { execute } for path="/data/data/com.instagram.android/lib- compressed/libdextricksmerged.so" dev="dm-75" ino=39613 scontext=u:r:untrusted_app:s0:c36,c257,c512,c768 tcontext=u:object_r:app_data_file:s0:c36,c257,c512,c768 tclass=file app=com.mbwhatsapp
03-29 20:20:32.714 16799 16799 W stagram.android: type=1400 audit(0.0:1226003): avc: granted { execute } for path="/data/data/com.instagram.android/lib- compressed/libxplat_perflogger_xanalytics_xanalyticsAndroid.so" dev="dm-75" ino=39940 scontext=u:r:untrusted_app:s0:c36,c257,c512,c768 tcontext=u:object_r:app_data_file:s0:c36,c257,c512,c768 tclass=file app=com.mbwhatsapp
03-29 20:20:32.718 16799 16799 W stagram.android: type=1400 audit(0.0:1226004): avc: granted { execute } for path="/data/data/com.instagram.android/lib- compressed/libperfloggerxplat_init.so" dev="dm-75" ino=39794 scontext=u:r:untrusted_app:s0:c36,c257,c512,c768 tcontext=u:object_r:app_data_file:s0:c36,c257,c512,c768 tclass=file app=com.mbwhatsapp
03-29 20:20:32.762 16799 16799 W SIMPLE_WORKER8: type=1400 audit(0.0:1226005): avc: granted { execute } for path="/data/data/com.instagram.android/lib-compressed/liblimitstack.so" dev="dm-75" ino=39898 scontext=u:r:untrusted_app:s0:c36,c257,c512,c768 tcontext=u:object_r:app_data_file:s0:c36,c257,c512,c768 tclass=file app=com.mbwhatsapp
03-29 20:20:32.774 16799 16799 W Fixie : type=1400 audit(0.0:1226006): avc: granted { execute } for path="/data/data/com.instagram.android/lib-compressed/libmediacodechooks_jni.so" dev="dm-75" ino=39808 scontext=u:r:untrusted_app:s0:c36,c257,c512,c768 tcontext=u:object_r:app_data_file:s0:c36,c257,c512,c768 tclass=file app=com.mbwhatsapp
03-29 20:20:33.170 16799 16799 W SIMPLE_WORKER1: type=1400 audit(0.0:1226007): avc: granted { execute } for path="/data/data/com.instagram.android/lib-compressed/libxplat_papaya_log_logImplAn droid.so" dev="dm-75" ino=39766 scontext=u:r:untrusted_app:s0:c36,c257,c512,c768 tcontext=u:object_r:app_data_file:s0:c36,c257,c512,c768 tclass=file app=com.mbwhatsapp
03-29 20:20:33.810 16799 16799 W SIMPLE_WORKER8: type=1400 audit(0.0:1226019): avc: granted { execute } for path="/data/data/com.instagram.android/lib-compressed/libgraphqlsubscriptions-sdk- provider-jni-instagram.so" dev="dm-75" ino=39763 scontext=u:r:untrusted_app:s0:c36,c257,c512,c768 tcontext=u:object_r:app_data_file:s0:c36,c257,c512,c768 tclass=file app=com.mbwhatsapp
03-29 20:20:33.822 16799 16799 W SIMPLE_WORKER8: type=1400 audit(0.0:1226020): avc: granted { execute } for path="/data/data/com.instagram.android/lib-compressed/libpando-graphql- subscriptions-jni.so" dev="dm-75" ino=39739 scontext=u:r:untrusted_app:s0:c36,c257,c512,c768 tcontext=u:object_r:app_data_file:s0:c36,c257,c512,c768 tclass=file app=com.mbwhatsapp
03-29 20:20:34.194 16799 16799 W SIMPLE_WORKER8: type=1400 audit(0.0:1226021): avc: granted { execute } for path="/data/data/com.instagram.android/lib-compressed/libfb_mboost.so" dev="dm-75" ino=39865 scontext=u:r:untrusted_app:s0:c36,c257,c512,c768 tcontext=u:object_r:app_data_file:s0:c36,c257,c512,c768 tclass=file app=com.mbwhatsapp
03-29 20:20:54.949 4868 16781 E ListServiceUtils: checkInListByUid module:control package:audioBoostEnable cost 26812us return 1
03-29 20:20:54.977 4868 16781 E ListServiceUtils: checkInListByUid module:audio- boost-blacklist uid:10294 cost 27835us return 0
03-29 20:20:55.229 4868 16781 E ListServiceUtils: checkInListByUid module:control package:audioBoostEnable cost 1325us return 1
03-29 20:20:55.248 4868 16781 E ListServiceUtils: checkInListByUid module:audio- boost-blacklist uid:10294 cost 18669us return 0
03-29 20:21:05.350 18344 18344 W Lacrima_startup: type=1400 audit(0.0:1226151): avc: granted { execute } for path="/data/data/com.instagram.android/lib- compressed/libdistractutil.so" dev="dm-75" ino=39890 scontext=u:r:untrusted_app:s0:c36,c257,c512,c768 tcontext=u:object_r:app_data_file:s0:c36,c257,c512,c768 tclass=file app=com.mbwhatsapp
03-29 20:21:05.354 18344 18344 W Lacrima_startup: type=1400 audit(0.0:1226152): avc: granted { execute } for path="/data/data/com.instagram.android/lib- compressed/libfssync.so" dev="dm-75" ino=39905 scontext=u:r:untrusted_app:s0:c36,c257,c512,c768 tcontext=u:object_r:app_data_file:s0:c36,c257,c512,c768 tclass=file app=com.mbwhatsapp
03-29 20:21:05.354 18344 18344 W stagram.android: type=1400 audit(0.0:1226153): avc: granted { execute } for path="/data/data/com.instagram.android/lib- compressed/libredexsharedmerged.so" dev="dm-75" ino=39830 scontext=u:r:untrusted_app:s0:c36,c257,c512,c768 tcontext=u:object_r:app_data_file:s0:c36,c257,c512,c768 tclass=file app=com.mbwhatsapp
03-29 20:21:05.366 18344 18344 W stagram.android: type=1400 audit(0.0:1226154): avc: granted { execute } for path="/data/data/com.instagram.android/lib- compressed/libdextricksmerged.so" dev="dm-75" ino=39613 scontext=u:r:untrusted_app:s0:c36,c257,c512,c768 tcontext=u:object_r:app_data_file:s0:c36,c257,c512,c768 tclass=file app=com.mbwhatsapp
03-29 20:21:05.386 18344 18344 W Lacrima_startup: type=1400 audit(0.0:1226155): avc: granted { execute } for path="/data/data/com.instagram.android/lib- compressed/libloommerged_1.so" dev="dm-75" ino=39760 scontext=u:r:untrusted_app:s0:c36,c257,c512,c768 tcontext=u:object_r:app_data_file:s0:c36,c257,c512,c768 tclass=file app=com.mbwhatsapp
03-29 20:21:06.362 18344 18344 W Fixie : type=1400 audit(0.0:1226186): avc: granted { execute } for path="/data/data/com.instagram.android/lib-compressed/libmediacodechooks_jni.so" dev="dm-75" ino=39808 scontext=u:r:untrusted_app:s0:c36,c257,c512,c768 tcontext=u:object_r:app_data_file:s0:c36,c257,c512,c768 tclass=file app=com.mbwhatsapp
03-29 20:21:06.366 18344 18344 W stagram.android: type=1400 audit(0.0:1226187): avc: granted { execute } for path="/data/data/com.instagram.android/lib- compressed/libxplat_perflogger_xanalytics_xanalyticsAndroid.so" dev="dm-75" ino=39940 scontext=u:r:untrusted_app:s0:c36,c257,c512,c768 tcontext=u:object_r:app_data_file:s0:c36,c257,c512,c768 tclass=file app=com.mbwhatsapp
03-29 20:21:06.370 18344 18344 W stagram.android: type=1400 audit(0.0:1226188): avc: granted { execute } for path="/data/data/com.instagram.android/lib- compressed/libperfloggerxplat_init.so" dev="dm-75" ino=39794 scontext=u:r:untrusted_app:s0:c36,c257,c512,c768 tcontext=u:object_r:app_data_file:s0:c36,c257,c512,c768 tclass=file app=com.mbwhatsapp
03-29 20:21:06.658 18344 18344 W SIMPLE_WORKER1: type=1400 audit(0.0:1226189): avc: granted { execute } for path="/data/data/com.instagram.android/lib-compressed/libxplat_papaya_log_logImplAn droid.so" dev="dm-75" ino=39766 scontext=u:r:untrusted_app:s0:c36,c257,c512,c768 tcontext=u:object_r:app_data_file:s0:c36,c257,c512,c768 tclass=file app=com.mbwhatsapp
03-29 20:21:06.662 18344 18344 W SIMPLE_WORKER1: type=1400 audit(0.0:1226190): avc: granted { execute } for path="/data/data/com.instagram.android/lib-compressed/libpapaya-log.so" dev="dm-75" ino=39835 scontext=u:r:untrusted_app:s0:c36,c257,c512,c768 tcontext=u:object_r:app_data_file:s0:c36,c257,c512,c768 tclass=file app=com.mbwhatsapp
03-29 20:21:07.466 18344 18344 W SIMPLE_WORKER5: type=1400 audit(0.0:1226201): avc: granted { execute } for path="/data/data/com.instagram.android/lib-compressed/libgraphqlsubscriptions-sdk- provider-jni-instagram.so" dev="dm-75" ino=39763 scontext=u:r:untrusted_app:s0:c36,c257,c512,c768 tcontext=u:object_r:app_data_file:s0:c36,c257,c512,c768 tclass=file app=com.mbwhatsapp
03-29 20:21:07.482 18344 18344 W SIMPLE_WORKER5: type=1400 audit(0.0:1226202): avc: granted { execute } for path="/data/data/com.instagram.android/lib-compressed/libpando-graphql- subscriptions-jni.so" dev="dm-75" ino=39739 scontext=u:r:untrusted_app:s0:c36,c257,c512,c768 tcontext=u:object_r:app_data_file:s0:c36,c257,c512,c768 tclass=file app=com.mbwhatsapp
03-29 20:21:07.674 18344 18344 W SIMPLE_WORKER5: type=1400 audit(0.0:1226203): avc: granted { execute } for path="/data/data/com.instagram.android/lib-compressed/libfb_mboost.so" dev="dm-75" ino=39865 scontext=u:r:untrusted_app:s0:c36,c257,c512,c768 tcontext=u:object_r:app_data_file:s0:c36,c257,c512,c768 tclass=file app=com.mbwhatsapp
03-29 20:21:07.742 18344 18344 W SIMPLE_WORKER5: type=1400 audit(0.0:1226204): avc: granted { execute } for path="/data/data/com.instagram.android/lib-compressed/libxplat_ReliableMedia_Reliab leMediaAndroid.so" dev="dm-75" ino=39724 scontext=u:r:untrusted_app:s0:c36,c257,c512,c768 tcontext=u:object_r:app_data_file:s0:c36,c257,c512,c768 tclass=file app=com.mbwhatsapp
03-29 20:21:07.746 18344 18344 W SIMPLE_WORKER5: type=1400 audit(0.0:1226205): avc: granted { execute } for path="/data/data/com.instagram.android/lib-compressed/libxplat_ReliableMedia_UrlMap Parser_UrlMapParserAndroid.so" dev="dm-75" ino=39730 scontext=u:r:untrusted_app:s0:c36,c257,c512,c768 tcontext=u:object_r:app_data_file:s0:c36,c257,c512,c768 tclass=file app=com.mbwhatsapp
03-29 20:21:08.474 18344 18344 W SIMPLE_WORKER5: type=1400 audit(0.0:1226209): avc: granted { execute } for path="/data/data/com.instagram.android/lib-compressed/libliger.so" dev="dm-75" ino=39608 scontext=u:r:untrusted_app:s0:c36,c257,c512,c768 tcontext=u:object_r:app_data_file:s0:c36,c257,c512,c768 tclass=file app=com.mbwhatsapp
03-29 20:21:08.510 18344 18344 W SIMPLE_WORKER5: type=1400 audit(0.0:1226210): avc: granted { execute } for path="/data/data/com.instagram.android/modules/pytorch_aeb87f03ed8bc7824adc3558a5ed ab34f218fac3a3979cd3e4e113550a08ba9a/lib-compressed/armeabi-v7a/ libtorchmerged_pytorch_1.so" dev="dm-75" ino=37256 scontext=u:r:untrusted_app:s0:c36,c257,c512,c768 tcontext=u:object_r:app_data_file:s0:c36,c257,c512,c768 tclass=file app=com.mbwhatsapp
03-29 20:21:08.514 18344 18344 W SIMPLE_WORKER5: type=1400 audit(0.0:1226211): avc: granted { execute } for path="/data/data/com.instagram.android/modules/pytorch_aeb87f03ed8bc7824adc3558a5ed ab34f218fac3a3979cd3e4e113550a08ba9a/lib-compressed/armeabi-v7a/libxplat_third- party_NNPACK_NNPACKAndroid.so" dev="dm-75" ino=37065 scontext=u:r:untrusted_app:s0:c36,c257,c512,c768 tcontext=u:object_r:app_data_file:s0:c36,c257,c512,c768 tclass=file app=com.mbwhatsapp
03-29 20:21:08.526 18344 18344 W SIMPLE_WORKER5: type=1400 audit(0.0:1226212): avc: granted { execute } for path="/data/data/com.instagram.android/lib-compressed/libdextricksmerged_1.so" dev="dm-75" ino=39949 scontext=u:r:untrusted_app:s0:c36,c257,c512,c768 tcontext=u:object_r:app_data_file:s0:c36,c257,c512,c768 tclass=file app=com.mbwhatsapp
03-29 20:21:08.534 18344 18344 W SIMPLE_WORKER5: type=1400 audit(0.0:1226213): avc: granted { execute } for path="/data/data/com.instagram.android/lib-compressed/libtorchmerged.so" dev="dm- 75" ino=39698 scontext=u:r:untrusted_app:s0:c36,c257,c512,c768 tcontext=u:object_r:app_data_file:s0:c36,c257,c512,c768 tclass=file app=com.mbwhatsapp
03-29 20:21:10.015 4868 4914 E BufferQueueProducer: [SurfaceTexture-4-4868-0] (id:13040000000b,api:4,p:1108,c:4868) cancelBuffer: BufferQueue has been abandoned
03-29 20:21:10.015 4868 4914 E BufferQueueProducer: [ImageReader-640x480f23m3- 4868-0](id:13040000000a,api:4,p:1108,c:4868) cancelBuffer: BufferQueue has been abandoned
03-29 20:21:10.029 4868 7015 E BufferQueueProducer: [SurfaceTexture-4-4868-0] (id:13040000000b,api:4,p:1108,c:4868) cancelBuffer: BufferQueue has been abandoned
03-29 20:21:10.029 4868 7015 E BufferQueueProducer: [ImageReader-640x480f23m3- 4868-0](id:13040000000a,api:4,p:1108,c:4868) cancelBuffer: BufferQueue has been abandoned
03-29 20:21:10.030 4868 7015 E BufferQueueProducer: [SurfaceTexture-4-4868-0] (id:13040000000b,api:4,p:1108,c:4868) cancelBuffer: BufferQueue has been abandoned
03-29 20:21:10.030 4868 7015 E BufferQueueProducer: [ImageReader-640x480f23m3- 4868-0](id:13040000000a,api:4,p:1108,c:4868) cancelBuffer: BufferQueue has been abandoned
03-29 20:21:10.031 4868 7015 E BufferQueueProducer: [SurfaceTexture-4-4868-0] (id:13040000000b,api:4,p:1108,c:4868) cancelBuffer: BufferQueue has been abandoned
03-29 20:21:10.031 4868 7015 E BufferQueueProducer: [ImageReader-640x480f23m3- 4868-0](id:13040000000a,api:4,p:1108,c:4868) cancelBuffer: BufferQueue has been abandoned
03-29 20:21:10.336 4868 16781 W MessageQueue: Handler (X.6OH) {ee862a0} sending message to a Handler on a dead thread
03-29 20:21:10.336 4868 16781 W MessageQueue: java.lang.IllegalStateException: Handler (X.6OH) {ee862a0} sending message to a Handler on a dead thread
03-29 20:21:10.336 4868 16781 W MessageQueue: at android.os.MessageQueue.enqueueMessage(MessageQueue.java:592)
03-29 20:21:10.336 4868 16781 W MessageQueue: at android.os.Handler.enqueueMessage(Handler.java:778)
03-29 20:21:10.336 4868 16781 W MessageQueue: at android.os.Handler.sendMessageAtTime(Handler.java:727)
03-29 20:21:10.336 4868 16781 W MessageQueue: at android.os.Handler.sendMessageDelayed(Handler.java:697)
03-29 20:21:10.336 4868 16781 W MessageQueue: at android.os.Handler.post(Handler.java:427)
03-29 20:21:10.336 4868 16781 W MessageQueue: at android.hardware.camera2.impl.CameraDeviceImpl$CameraHandlerExecutor.execute(Camera DeviceImpl.java:2449)
03-29 20:21:10.336 4868 16781 W MessageQueue: at android.hardware.camera2.impl.CameraDeviceImpl.close(CameraDeviceImpl.java:1478)
03-29 20:21:10.336 4868 16781 W MessageQueue: at com.whatsapp.voipcalling.camera.VoipCameraApi2$StopCameraRunnable.run(Unknown Source:2)
03-29 20:21:10.336 4868 16781 W MessageQueue: at java.util.concurrent.ThreadPoolExecutor.runWorker(ThreadPoolExecutor.java:1137)
03-29 20:21:10.336 4868 16781 W MessageQueue: at java.util.concurrent.ThreadPoolExecutor$Worker.run(ThreadPoolExecutor.java:637)
03-29 20:21:10.336 4868 16781 W MessageQueue: at X.3gH.run(Unknown Source:1548)
03-29 20:21:10.336 4868 16781 W MessageQueue: at java.lang.Thread.run(Thread.java:1012)
03-29 20:21:10.489 4868 9545 E CameraManagerGlobal: Camera 3 is not available. Ignore physical camera status change
03-29 20:21:17.088 4868 4914 E BufferQueueProducer: [SurfaceTexture-4-4868-2] (id:13040000000f,api:4,p:1108,c:4868) queueBuffer: BufferQueue has been abandoned
03-29 20:21:17.088 4868 4894 E BufferQueueProducer: [ImageReader-640x480f23m3- 4868-1](id:13040000000e,api:4,p:1108,c:4868) queueBuffer: BufferQueue has been abandoned
03-29 20:21:17.096 4868 4894 E BufferQueueProducer: [SurfaceTexture-4-4868-2] (id:13040000000f,api:4,p:1108,c:4868) cancelBuffer: BufferQueue has been abandoned
03-29 20:21:17.105 4868 4894 E BufferQueueProducer: [ImageReader-640x480f23m3- 4868-1](id:13040000000e,api:4,p:1108,c:4868) cancelBuffer: BufferQueue has been abandoned
03-29 20:21:17.114 4868 4914 E BufferQueueProducer: [SurfaceTexture-4-4868-2] (id:13040000000f,api:4,p:1108,c:4868) cancelBuffer: BufferQueue has been abandoned
03-29 20:21:17.116 4868 4914 E BufferQueueProducer: [ImageReader-640x480f23m3- 4868-1](id:13040000000e,api:4,p:1108,c:4868) cancelBuffer: BufferQueue has been abandoned
03-29 20:21:17.122 4868 4914 E BufferQueueProducer: [SurfaceTexture-4-4868-2] (id:13040000000f,api:4,p:1108,c:4868) cancelBuffer: BufferQueue has been abandoned
03-29 20:21:17.125 4868 4914 E BufferQueueProducer: [ImageReader-640x480f23m3- 4868-1](id:13040000000e,api:4,p:1108,c:4868) cancelBuffer: BufferQueue has been abandoned
03-29 20:21:17.126 4868 4914 E BufferQueueProducer: [SurfaceTexture-4-4868-2] (id:13040000000f,api:4,p:1108,c:4868) cancelBuffer: BufferQueue has been abandoned
03-29 20:21:17.129 4868 4914 E BufferQueueProducer: [ImageReader-640x480f23m3- 4868-1](id:13040000000e,api:4,p:1108,c:4868) cancelBuffer: BufferQueue has been abandoned
03-29 20:21:17.372 4868 4914 E CameraManagerGlobal: Camera 3 is not available. Ignore physical camera status change
03-29 20:21:17.388 4868 16782 W MessageQueue: Handler (X.6OH) {559d0f2} sending message to a Handler on a dead thread
03-29 20:21:17.388 4868 16782 W MessageQueue: java.lang.IllegalStateException: Handler (X.6OH) {559d0f2} sending message to a Handler on a dead thread
03-29 20:21:17.388 4868 16782 W MessageQueue: at android.os.MessageQueue.enqueueMessage(MessageQueue.java:592)
03-29 20:21:17.388 4868 16782 W MessageQueue: at android.os.Handler.enqueueMessage(Handler.java:778)
03-29 20:21:17.388 4868 16782 W MessageQueue: at android.os.Handler.sendMessageAtTime(Handler.java:727)
03-29 20:21:17.388 4868 16782 W MessageQueue: at android.os.Handler.sendMessageDelayed(Handler.java:697)
03-29 20:21:17.388 4868 16782 W MessageQueue: at android.os.Handler.post(Handler.java:427)
03-29 20:21:17.388 4868 16782 W MessageQueue: at android.hardware.camera2.impl.CameraDeviceImpl$CameraHandlerExecutor.execute(Camera DeviceImpl.java:2449)
03-29 20:21:17.388 4868 16782 W MessageQueue: at android.hardware.camera2.impl.CameraDeviceImpl.close(CameraDeviceImpl.java:1478)
03-29 20:21:17.388 4868 16782 W MessageQueue: at com.whatsapp.voipcalling.camera.VoipCameraApi2$StopCameraRunnable.run(Unknown Source:2)
03-29 20:21:17.388 4868 16782 W MessageQueue: at java.util.concurrent.ThreadPoolExecutor.runWorker(ThreadPoolExecutor.java:1137)
03-29 20:21:17.388 4868 16782 W MessageQueue: at java.util.concurrent.ThreadPoolExecutor$Worker.run(ThreadPoolExecutor.java:637)
03-29 20:21:17.388 4868 16782 W MessageQueue: at X.3gH.run(Unknown Source:1548)
03-29 20:21:17.388 4868 16782 W MessageQueue: at java.lang.Thread.run(Thread.java:1012)
03-29 20:21:20.803 4868 7831 E ActivityThread: Failed to find provider info for com.oplus.statistics.provider
03-29 20:21:20.804 4868 7831 E OplusStatistics--: IllegalArgumentException:java.lang.IllegalArgumentException: Unknown URL content://com.oplus.statistics.provider/track_event
03-29 20:23:45.348 4868 4888 W MessageQueue: Handler (X.6OH) {ee862a0} sending message to a Handler on a dead thread
03-29 20:23:45.348 4868 4888 W MessageQueue: java.lang.IllegalStateException: Handler (X.6OH) {ee862a0} sending message to a Handler on a dead thread
03-29 20:23:45.348 4868 4888 W MessageQueue: at android.os.MessageQueue.enqueueMessage(MessageQueue.java:592)
03-29 20:23:45.348 4868 4888 W MessageQueue: at android.os.Handler.enqueueMessage(Handler.java:778)
03-29 20:23:45.348 4868 4888 W MessageQueue: at android.os.Handler.sendMessageAtTime(Handler.java:727)
03-29 20:23:45.348 4868 4888 W MessageQueue: at android.os.Handler.sendMessageDelayed(Handler.java:697)
03-29 20:23:45.348 4868 4888 W MessageQueue: at android.os.Handler.post(Handler.java:427)
03-29 20:23:45.348 4868 4888 W MessageQueue: at android.hardware.camera2.impl.CameraDeviceImpl$CameraHandlerExecutor.execute(Camera DeviceImpl.java:2449)
03-29 20:23:45.348 4868 4888 W MessageQueue: at android.hardware.camera2.impl.CallbackProxies$SessionStateCallbackProxy.onClosed(Ca llbackProxies.java:104)
03-29 20:23:45.348 4868 4888 W MessageQueue: at android.hardware.camera2.impl.CameraCaptureSessionImpl.close(CameraCaptureSessionIm pl.java:594)
03-29 20:23:45.348 4868 4888 W MessageQueue: at android.hardware.camera2.impl.CameraCaptureSessionImpl.finalize(CameraCaptureSessio nImpl.java:885)
03-29 20:23:45.348 4868 4888 W MessageQueue: at java.lang.Daemons$FinalizerDaemon.doFinalize(Daemons.java:319)
03-29 20:23:45.348 4868 4888 W MessageQueue: at java.lang.Daemons$FinalizerDaemon.runInternal(Daemons.java:306)
03-29 20:23:45.348 4868 4888 W MessageQueue: at java.lang.Daemons$Daemon.run(Daemons.java:140)
03-29 20:23:45.348 4868 4888 W MessageQueue: at java.lang.Thread.run(Thread.java:1012)
03-29 20:23:45.366 4868 4888 W MessageQueue: Handler (X.6OH) {559d0f2} sending message to a Handler on a dead thread
03-29 20:23:45.366 4868 4888 W MessageQueue: java.lang.IllegalStateException: Handler (X.6OH) {559d0f2} sending message to a Handler on a dead thread
03-29 20:23:45.366 4868 4888 W MessageQueue: at android.os.MessageQueue.enqueueMessage(MessageQueue.java:592)
03-29 20:23:45.366 4868 4888 W MessageQueue: at android.os.Handler.enqueueMessage(Handler.java:778)
03-29 20:23:45.366 4868 4888 W MessageQueue: at android.os.Handler.sendMessageAtTime(Handler.java:727)
03-29 20:23:45.366 4868 4888 W MessageQueue: at android.os.Handler.sendMessageDelayed(Handler.java:697)
03-29 20:23:45.366 4868 4888 W MessageQueue: at android.os.Handler.post(Handler.java:427)
03-29 20:23:45.366 4868 4888 W MessageQueue: at android.hardware.camera2.impl.CameraDeviceImpl$CameraHandlerExecutor.execute(Camera DeviceImpl.java:2449)
03-29 20:23:45.366 4868 4888 W MessageQueue: at android.hardware.camera2.impl.CallbackProxies$SessionStateCallbackProxy.onClosed(Ca llbackProxies.java:104)
03-29 20:23:45.366 4868 4888 W MessageQueue: at android.hardware.camera2.impl.CameraCaptureSessionImpl.close(CameraCaptureSessionIm pl.java:594)
03-29 20:23:45.366 4868 4888 W MessageQueue: at android.hardware.camera2.impl.CameraCaptureSessionImpl.finalize(CameraCaptureSessio nImpl.java:885)
03-29 20:23:45.366 4868 4888 W MessageQueue: at java.lang.Daemons$FinalizerDaemon.doFinalize(Daemons.java:319)
03-29 20:23:45.366 4868 4888 W MessageQueue: at java.lang.Daemons$FinalizerDaemon.runInternal(Daemons.java:306)
03-29 20:23:45.366 4868 4888 W MessageQueue: at java.lang.Daemons$Daemon.run(Daemons.java:140)
03-29 20:23:45.366 4868 4888 W MessageQueue: at java.lang.Thread.run(Thread.java:1012)
03-29 20:27:18.769 4868 4868 E IPCThreadState: attemptIncStrongHandle(40): Not supported
03-29 20:27:19.492 4868 4868 E SurfaceSyncer: Failed to find sync for id=0
03-29 20:27:19.492 4868 4868 E SurfaceSyncer: Failed to find sync for id=1
03-29 20:27:19.519 4868 4868 E SurfaceSyncer: Failed to find sync for id=0
03-29 20:27:19.519 4868 4868 E SurfaceSyncer: Failed to find sync for id=1
03-29 20:27:20.682 4868 4868 E IPCThreadState: attemptIncStrongHandle(57): Not supported
03-29 20:27:24.051 4868 4868 E SurfaceSyncer: Failed to find sync for id=0
03-29 20:27:24.051 4868 4868 E SurfaceSyncer: Failed to find sync for id=1
03-29 20:27:25.429 4868 4868 E ArmVmp : Match on catch block at 0x4c in for 0x1c5
03-29 20:27:25.444 4868 4868 E ArmVmp : Match on catch block at 0x8d in for 0x1cd
03-29 20:27:25.454 4868 4868 E ArmVmp : Match on catch block at 0x8d in for 0x1cd
03-29 20:27:25.633 4868 4868 E ArmVmp : Match on catch block at 0x0a in for 0x181
03-29 20:27:25.649 4868 4868 E ArmVmp : Match on catch block at 0x0a in for 0x199
03-29 20:27:25.877 4868 4868 E OplusBracketLog: [OplusViewMirrorManager] updateHostViewRootIfNeeded, not support android.view.ViewRootImpl@fcccd87
03-29 20:27:25.925 4868 4868 E IPCThreadState: attemptIncStrongHandle(77): Not supported
03-29 20:27:26.713 4868 4868 E ArmVmp : Match on catch block at 0xc3 in for 0x179
03-29 20:27:26.765 4868 4868 E ArmVmp : Match on catch block at 0xc3 in for 0x171
03-29 20:27:26.775 4868 4868 E ArmVmp : Match on catch block at 0xc3 in for 0x169
03-29 20:27:27.642 4868 5747 W Parcel : Expecting binder but got null!
03-29 20:27:27.642 4868 4868 E ANR_LOG : Blocked msg = { when=+1s806ms what=0 target=android.view.Choreographer$FrameHandler callback=android.view.Choreographer$FrameDisplayEventReceiver } , cost = 1806 ms
03-29 20:27:27.679 4868 4868 E ArmVmp : Match on catch block at 0xc3 in for 0x141
03-29 20:27:27.708 4868 4868 E ArmVmp : Match on catch block at 0xc3 in for 0x159
03-29 20:27:27.718 4868 4868 E ArmVmp : Match on catch block at 0xc3 in for 0x141
03-29 20:27:27.988 4868 4868 E ArmVmp : Match on catch block at 0xc3 in for 0x14d
03-29 20:27:28.012 4868 4868 E ArmVmp : Match on catch block at 0xc3 in for 0x149
03-29 20:27:28.028 4868 4868 E ArmVmp : Match on catch block at 0xc3 in for 0x14d
03-29 20:27:28.905 4868 4868 E ArmVmp : Match on catch block at 0xc3 in for 0x149
03-29 20:27:28.916 4868 4868 E ArmVmp : Match on catch block at 0xc3 in for 0x145
03-29 20:27:28.938 4868 4868 E ArmVmp : Match on catch block at 0xc3 in for 0x149
03-29 20:27:29.121 4868 4868 E ArmVmp : Match on catch block at 0xc3 in for 0x151
03-29 20:27:29.133 4868 4868 E ArmVmp : Match on catch block at 0xc3 in for 0x14d
03-29 20:27:29.143 4868 4868 E ArmVmp : Match on catch block at 0xc3 in for 0x151
03-29 20:27:29.224 4868 4868 E ArmVmp : Match on catch block at 0xc3 in for 0x151
03-29 20:27:29.260 4868 4868 E ArmVmp : Match on catch block at 0xc3 in for 0x14d
03-29 20:27:29.267 4868 4868 E ArmVmp : Match on catch block at 0xc3 in for 0x151
03-29 20:27:29.316 4868 4868 E ArmVmp : Match on catch block at 0xc3 in for 0x151
03-29 20:27:29.337 4868 4868 E ArmVmp : Match on catch block at 0xc3 in for 0x14d
03-29 20:27:29.342 4868 4868 E ArmVmp : Match on catch block at 0xc3 in for 0x151
03-29 20:27:29.574 4868 4868 E ArmVmp : Match on catch block at 0xc3 in for 0x149
03-29 20:27:29.593 4868 4868 E ArmVmp : Match on catch block at 0xc3 in for 0x145
03-29 20:27:29.608 4868 4868 E ArmVmp : Match on catch block at 0xc3 in for 0x149
03-29 20:27:30.072 4868 4868 E ArmVmp : Match on catch block at 0xc3 in for 0x141
03-29 20:27:30.080 4868 4868 E ArmVmp : Match on catch block at 0xc3 in for 0x159
03-29 20:27:30.085 4868 4868 E ArmVmp : Match on catch block at 0xc3 in for 0x141
03-29 20:27:30.103 4868 4868 E ArmVmp : Match on catch block at 0xc3 in for 0x141
03-29 20:27:30.114 4868 4868 E ArmVmp : Match on catch block at 0xc3 in for 0x159
03-29 20:27:30.119 4868 4868 E ArmVmp : Match on catch block at 0xc3 in for 0x141
03-29 20:27:30.619 4868 4868 E ArmVmp : Match on catch block at 0xc3 in for 0x149
03-29 20:27:30.629 4868 4868 E ArmVmp : Match on catch block at 0xc3 in for 0x145
03-29 20:27:30.638 4868 4868 E ArmVmp : Match on catch block at 0xc3 in for 0x149
03-29 20:27:30.683 4868 4868 E ArmVmp : Match on catch block at 0xc3 in for 0x145
03-29 20:27:30.692 4868 4868 E ArmVmp : Match on catch block at 0xc3 in for 0x141
03-29 20:27:30.704 4868 4868 E ArmVmp : Match on catch block at 0xc3 in for 0x145
03-29 20:27:30.755 4868 4868 E ArmVmp : Match on catch block at 0xc3 in for 0x149
03-29 20:27:30.788 4868 4868 E ArmVmp : Match on catch block at 0xc3 in for 0x145
03-29 20:27:30.809 4868 4868 E ArmVmp : Match on catch block at 0xc3 in for 0x149
03-29 20:27:30.997 4868 4868 E ArmVmp : Match on catch block at 0xc3 in for 0x149
03-29 20:27:31.039 4868 4868 E ArmVmp : Match on catch block at 0xc3 in for 0x145
03-29 20:27:31.051 4868 4868 E ArmVmp : Match on catch block at 0xc3 in for 0x149
03-29 20:27:31.225 4868 4868 E ArmVmp : Match on catch block at 0xc3 in for 0x159
03-29 20:27:31.236 4868 4868 E ArmVmp : Match on catch block at 0xc3 in for 0x155
03-29 20:27:31.256 4868 4868 E ArmVmp : Match on catch block at 0xc3 in for 0x159
03-29 20:27:31.368 4868 4868 E IPCThreadState: attemptIncStrongHandle(40): Not supported
03-29 20:27:31.488 4868 4868 E ArmVmp : Match on catch block at 0xc3 in for 0x151
03-29 20:27:31.504 4868 4868 E ArmVmp : Match on catch block at 0xc3 in for 0x14d
03-29 20:27:31.530 4868 4868 E ArmVmp : Match on catch block at 0xc3 in for 0x151
03-29 20:27:31.665 4868 4868 E ArmVmp : Match on catch block at 0xc3 in for 0x141
03-29 20:27:31.673 4868 4868 E ArmVmp : Match on catch block at 0xc3 in for 0x159
03-29 20:27:31.692 4868 4868 E ArmVmp : Match on catch block at 0xc3 in for 0x141
03-29 20:27:31.759 4868 4868 E ArmVmp : Match on catch block at 0xc3 in for 0x151
03-29 20:27:31.770 4868 4868 E ArmVmp : Match on catch block at 0xc3 in for 0x14d
03-29 20:27:31.787 4868 4868 E ArmVmp : Match on catch block at 0xc3 in for 0x151
03-29 20:27:31.885 4868 4868 E ArmVmp : Match on catch block at 0xc3 in for 0x159
03-29 20:27:31.924 4868 4868 E ArmVmp : Match on catch block at 0xc3 in for 0x155
03-29 20:27:31.951 4868 4868 E ArmVmp : Match on catch block at 0xc3 in for 0x159
03-29 20:27:32.126 4868 4868 E ArmVmp : Match on catch block at 0xc3 in for 0x141
03-29 20:27:32.147 4868 4868 E ArmVmp : Match on catch block at 0xc3 in for 0x159
03-29 20:27:32.165 4868 4868 E ArmVmp : Match on catch block at 0xc3 in for 0x141
03-29 20:27:37.062 4868 4868 E SurfaceSyncer: Failed to find sync for id=0
03-29 20:27:37.062 4868 4868 E SurfaceSyncer: Failed to find sync for id=1
03-29 20:27:37.062 4868 4868 E SurfaceSyncer: Failed to find sync for id=2
03-29 20:27:37.084 4868 4868 E OplusBracketLog: [OplusViewMirrorManager] updateHostViewRootIfNeeded, not support android.view.ViewRootImpl@abc7dcb
03-29 20:27:37.100 4868 4868 E IPCThreadState: attemptIncStrongHandle(57): Not supported
03-29 20:27:37.125 4868 5747 W Parcel : Expecting binder but got null!
03-29 20:27:37.152 4868 4868 W BottomSheetBehavior: BottomSheetBehavior now supports multiple callbacks. `setBottomSheetCallback()` removes all existing callbacks, including ones set internally by library authors, which may result in unintended behavior. This may change in the future. Please use `addBottomSheetCallback()` and `removeBottomSheetCallback()` instead to set your own callbacks.
03-29 20:27:37.916 4868 4868 E SurfaceSyncer: Failed to find sync for id=0
03-29 20:27:37.916 4868 4868 E SurfaceSyncer: Failed to find sync for id=1
03-29 20:27:37.916 4868 4868 E SurfaceSyncer: Failed to find sync for id=2
03-29 20:27:45.481 4868 7733 E ListServiceUtils: checkInListByUid module:audio- boost-blacklist uid:-1 cost 1119us return 0
03-29 20:27:45.544 4868 9544 E BufferQueueProducer: [SurfaceTexture-4-4868-3] (id:130400000011,api:4,p:1108,c:4868) dequeueBuffer: BufferQueue has been abandoned
03-29 20:27:45.574 4868 5417 E BufferQueueProducer: [SurfaceTexture-4-4868-3] (id:130400000011,api:4,p:1108,c:4868) queueBuffer: BufferQueue has been abandoned
03-29 20:27:45.574 4868 7015 E BufferQueueProducer: [ImageReader-640x480f23m3- 4868-2](id:130400000010,api:4,p:1108,c:4868) queueBuffer: BufferQueue has been abandoned
03-29 20:27:45.642 4868 7015 E BufferQueueProducer: [SurfaceTexture-4-4868-3] (id:130400000011,api:4,p:1108,c:4868) cancelBuffer: BufferQueue has been abandoned
03-29 20:27:45.642 4868 7015 E BufferQueueProducer: [ImageReader-640x480f23m3- 4868-2](id:130400000010,api:4,p:1108,c:4868) cancelBuffer: BufferQueue has been abandoned
03-29 20:27:45.646 4868 7015 E BufferQueueProducer: [SurfaceTexture-4-4868-3] (id:130400000011,api:4,p:1108,c:4868) cancelBuffer: BufferQueue has been abandoned
03-29 20:27:45.648 4868 7015 E BufferQueueProducer: [ImageReader-640x480f23m3- 4868-2](id:130400000010,api:4,p:1108,c:4868) cancelBuffer: BufferQueue has been abandoned
03-29 20:27:45.650 4868 7015 E BufferQueueProducer: [SurfaceTexture-4-4868-3] (id:130400000011,api:4,p:1108,c:4868) cancelBuffer: BufferQueue has been abandoned
03-29 20:27:45.650 4868 7015 E BufferQueueProducer: [ImageReader-640x480f23m3- 4868-2](id:130400000010,api:4,p:1108,c:4868) cancelBuffer: BufferQueue has been abandoned
03-29 20:27:45.805 4868 4868 W View : requestLayout() improperly called by android.view.SurfaceView{6888bf5 I.E...... ......I. 0,0-720,1612 #7f0b196b app:id/surface_view viewInfo = } during layout: running second layout pass
03-29 20:27:45.808 4868 22732 E ListServiceUtils: checkInListByUid module:audio- boost-blacklist uid:10294 cost 1219us return 0
03-29 20:27:45.816 4868 22732 E ListServiceUtils: checkInListByUid module:control package:audioBoostEnable cost 1086us return 1
03-29 20:27:45.869 4868 4868 E IPCThreadState: attemptIncStrongHandle(77): Not supported
03-29 20:27:45.912 4868 21752 W MessageQueue: Handler (X.6OH) {6777981} sending message to a Handler on a dead thread
03-29 20:27:45.912 4868 21752 W MessageQueue: java.lang.IllegalStateException: Handler (X.6OH) {6777981} sending message to a Handler on a dead thread
03-29 20:27:45.912 4868 21752 W MessageQueue: at android.os.MessageQueue.enqueueMessage(MessageQueue.java:592)
03-29 20:27:45.912 4868 21752 W MessageQueue: at android.os.Handler.enqueueMessage(Handler.java:778)
03-29 20:27:45.912 4868 21752 W MessageQueue: at android.os.Handler.sendMessageAtTime(Handler.java:727)
03-29 20:27:45.912 4868 21752 W MessageQueue: at android.os.Handler.sendMessageDelayed(Handler.java:697)
03-29 20:27:45.912 4868 21752 W MessageQueue: at android.os.Handler.post(Handler.java:427)
03-29 20:27:45.912 4868 21752 W MessageQueue: at android.hardware.camera2.impl.CameraDeviceImpl$CameraHandlerExecutor.execute(Camera DeviceImpl.java:2449)
03-29 20:27:45.912 4868 21752 W MessageQueue: at android.hardware.camera2.impl.CameraDeviceImpl.close(CameraDeviceImpl.java:1478)
03-29 20:27:45.912 4868 21752 W MessageQueue: at com.whatsapp.voipcalling.camera.VoipCameraApi2$StopCameraRunnable.run(Unknown Source:2)
03-29 20:27:45.912 4868 21752 W MessageQueue: at java.util.concurrent.ThreadPoolExecutor.runWorker(ThreadPoolExecutor.java:1137)
03-29 20:27:45.912 4868 21752 W MessageQueue: at java.util.concurrent.ThreadPoolExecutor$Worker.run(ThreadPoolExecutor.java:637)
03-29 20:27:45.912 4868 21752 W MessageQueue: at X.3gH.run(Unknown Source:1548)
03-29 20:27:45.912 4868 21752 W MessageQueue: at java.lang.Thread.run(Thread.java:1012)
03-29 20:27:45.939 4868 4868 E IPCThreadState: attemptIncStrongHandle(369): Not supported
03-29 20:28:47.204 4868 4868 E IPCThreadState: attemptIncStrongHandle(77): Not supported
03-29 20:28:47.204 4868 4868 E IPCThreadState: attemptIncStrongHandle(53): Not supported
03-29 20:28:47.204 4868 4868 E IPCThreadState: attemptIncStrongHandle(110): Not supported
03-29 20:28:47.205 4868 4868 E IPCThreadState: attemptIncStrongHandle(63): Not supported
03-29 20:28:50.005 4868 4868 E OplusBracketLog: [OplusViewMirrorManager] updateHostViewRootIfNeeded, not support android.view.ViewRootImpl@e4aeeed
03-29 20:28:50.033 4868 5747 W Parcel : Expecting binder but got null!
03-29 20:28:51.596 4868 4868 W ResourceType: Bad XML block: header size 18254 or total size 169478669 is larger than data size 380
03-29 20:28:51.608 4868 4868 W ResourceType: Bad XML block: header size 18254 or total size 169478669 is larger than data size 431
03-29 20:28:51.631 4868 4868 W ResourceType: Bad XML block: header size 18254 or total size 169478669 is larger than data size 677
03-29 20:28:51.641 4868 4868 W ResourceType: Bad XML block: header size 18254 or total size 169478669 is larger than data size 248
03-29 20:28:51.655 4868 4868 W ResourceType: Bad XML block: header size 18254 or total size 169478669 is larger than data size 571
03-29 20:28:51.668 4868 4868 W ResourceType: Bad XML block: header size 18254 or total size 169478669 is larger than data size 333
03-29 20:28:51.676 4868 4868 W ResourceType: Bad XML block: header size 18254 or total size 169478669 is larger than data size 650
03-29 20:28:51.685 4868 4868 W ResourceType: Bad XML block: header size 18254 or total size 169478669 is larger than data size 1150
03-29 20:28:51.691 4868 4868 W ResourceType: Bad XML block: header size 18254 or total size 169478669 is larger than data size 491
03-29 20:28:51.697 4868 4868 W ResourceType: Bad XML block: header size 18254 or total size 169478669 is larger than data size 1150
03-29 20:28:51.704 4868 4868 W ResourceType: Bad XML block: header size 18254 or total size 169478669 is larger than data size 659
03-29 20:28:51.711 4868 4868 W ResourceType: Bad XML block: header size 18254 or total size 169478669 is larger than data size 593
03-29 20:28:51.727 4868 4868 W ResourceType: Bad XML block: header size 18254 or total size 169478669 is larger than data size 1171
03-29 20:28:51.732 4868 4868 W ResourceType: Bad XML block: header size 18254 or total size 169478669 is larger than data size 510
03-29 20:28:51.797 4868 4868 W ResourceType: Bad XML block: header size 18254 or total size 169478669 is larger than data size 853
03-29 20:28:51.893 4868 4868 W ResourceType: Bad XML block: header size 18254 or total size 169478669 is larger than data size 650
03-29 20:28:51.910 4868 4868 E OplusBracketLog: [OplusViewMirrorManager] updateHostViewRootIfNeeded, not support android.view.ViewRootImpl@dc34800
03-29 20:28:51.959 4868 4868 W View : requestLayout() improperly called by android.widget.Space{288248a I.ED..... ......I. 20,61-27,68 #7f0b00ba app:id/action_tile_spacing viewInfo = } during layout: running second layout pass
03-29 20:28:51.959 4868 4868 W View : requestLayout() improperly called by android.widget.Space{bd5cafb I.ED..... ......I. 20,61-27,68 #7f0b00ba app:id/action_tile_spacing viewInfo = } during layout: running second layout pass
03-29 20:28:51.959 4868 4868 W View : requestLayout() improperly called by android.widget.Space{7021718 I.ED..... ......I. 20,61-27,68 #7f0b00ba app:id/action_tile_spacing viewInfo = } during layout: running second layout pass
03-29 20:28:51.959 4868 4868 W View : requestLayout() improperly called by android.widget.Space{37d5571 I.ED..... ......I. 20,61-27,68 #7f0b00ba app:id/action_tile_spacing viewInfo = } during layout: running second layout pass
03-29 20:28:52.034 4868 5747 W Parcel : Expecting binder but got null!
03-29 20:28:52.767 4868 4868 E OplusBracketLog: [OplusViewMirrorManager] updateHostViewRootIfNeeded, not support android.view.ViewRootImpl@e3d41dc
03-29 20:28:52.778 4868 4868 E IPCThreadState: attemptIncStrongHandle(64): Not supported
03-29 20:28:52.778 4868 4868 E IPCThreadState: attemptIncStrongHandle(88): Not supported
03-29 20:28:52.807 4868 5747 W Parcel : Expecting binder but got null!
03-29 20:28:54.058 4868 4868 E OplusBracketLog: [OplusViewMirrorManager] updateHostViewRootIfNeeded, not support android.view.ViewRootImpl@91a9b7c
03-29 20:28:54.140 4868 5747 W Parcel : Expecting binder but got null!
03-29 20:28:54.154 4868 4868 W BottomSheetBehavior: BottomSheetBehavior now supports multiple callbacks. `setBottomSheetCallback()` removes all existing callbacks, including ones set internally by library authors, which may result in unintended behavior. This may change in the future. Please use `addBottomSheetCallback()` and `removeBottomSheetCallback()` instead to set your own callbacks.
03-29 20:28:55.306 4868 4868 W ResourceType: Bad XML block: header size 18254 or total size 169478669 is larger than data size 853
03-29 20:28:55.412 4868 4868 E OplusBracketLog: [OplusViewMirrorManager] updateHostViewRootIfNeeded, not support android.view.ViewRootImpl@42c81e1
03-29 20:28:55.425 4868 4868 E IPCThreadState: attemptIncStrongHandle(114): Not supported
03-29 20:28:55.438 4868 5747 W Parcel : Expecting binder but got null!
03-29 20:28:56.058 24533 24533 W Lacrima_startup: type=1400 audit(0.0:1226799): avc: granted { execute } for path="/data/data/com.instagram.android/lib- compressed/libdistractutil.so" dev="dm-75" ino=39890 scontext=u:r:untrusted_app:s0:c36,c257,c512,c768 tcontext=u:object_r:app_data_file:s0:c36,c257,c512,c768 tclass=file app=com.mbwhatsapp
03-29 20:28:56.066 24533 24533 W Lacrima_startup: type=1400 audit(0.0:1226800): avc: granted { execute } for path="/data/data/com.instagram.android/lib- compressed/libfssync.so" dev="dm-75" ino=39905 scontext=u:r:untrusted_app:s0:c36,c257,c512,c768 tcontext=u:object_r:app_data_file:s0:c36,c257,c512,c768 tclass=file app=com.mbwhatsapp
03-29 20:28:56.134 24533 24533 W Lacrima_startup: type=1400 audit(0.0:1226802): avc: granted { execute } for path="/data/data/com.instagram.android/lib- compressed/libdextricksmerged.so" dev="dm-75" ino=39613 scontext=u:r:untrusted_app:s0:c36,c257,c512,c768 tcontext=u:object_r:app_data_file:s0:c36,c257,c512,c768 tclass=file app=com.mbwhatsapp
03-29 20:28:56.176 4868 4868 E OplusBracketLog: [OplusViewMirrorManager] updateHostViewRootIfNeeded, not support android.view.ViewRootImpl@f895db5
03-29 20:28:56.195 4868 5747 W Parcel : Expecting binder but got null!
03-29 20:28:56.198 24533 24533 W Lacrima_startup: type=1400 audit(0.0:1226803): avc: granted { execute } for path="/data/data/com.instagram.android/lib- compressed/libloommerged_1.so" dev="dm-75" ino=39760 scontext=u:r:untrusted_app:s0:c36,c257,c512,c768 tcontext=u:object_r:app_data_file:s0:c36,c257,c512,c768 tclass=file app=com.mbwhatsapp
03-29 20:28:56.463 4868 4888 W MessageQueue: Handler (X.6OH) {6777981} sending message to a Handler on a dead thread
03-29 20:28:56.463 4868 4888 W MessageQueue: java.lang.IllegalStateException: Handler (X.6OH) {6777981} sending message to a Handler on a dead thread
03-29 20:28:56.463 4868 4888 W MessageQueue: at android.os.MessageQueue.enqueueMessage(MessageQueue.java:592)
03-29 20:28:56.463 4868 4888 W MessageQueue: at android.os.Handler.enqueueMessage(Handler.java:778)
03-29 20:28:56.463 4868 4888 W MessageQueue: at android.os.Handler.sendMessageAtTime(Handler.java:727)
03-29 20:28:56.463 4868 4888 W MessageQueue: at android.os.Handler.sendMessageDelayed(Handler.java:697)
03-29 20:28:56.463 4868 4888 W MessageQueue: at android.os.Handler.post(Handler.java:427)
03-29 20:28:56.463 4868 4888 W MessageQueue: at android.hardware.camera2.impl.CameraDeviceImpl$CameraHandlerExecutor.execute(Camera DeviceImpl.java:2449)
03-29 20:28:56.463 4868 4888 W MessageQueue: at android.hardware.camera2.impl.CallbackProxies$SessionStateCallbackProxy.onClosed(Ca llbackProxies.java:104)
03-29 20:28:56.463 4868 4888 W MessageQueue: at android.hardware.camera2.impl.CameraCaptureSessionImpl.close(CameraCaptureSessionIm pl.java:594)
03-29 20:28:56.463 4868 4888 W MessageQueue: at android.hardware.camera2.impl.CameraCaptureSessionImpl.finalize(CameraCaptureSessio nImpl.java:885)
03-29 20:28:56.463 4868 4888 W MessageQueue: at java.lang.Daemons$FinalizerDaemon.doFinalize(Daemons.java:319)
03-29 20:28:56.463 4868 4888 W MessageQueue: at java.lang.Daemons$FinalizerDaemon.runInternal(Daemons.java:306)
03-29 20:28:56.463 4868 4888 W MessageQueue: at java.lang.Daemons$Daemon.run(Daemons.java:140)
03-29 20:28:56.463 4868 4888 W MessageQueue: at java.lang.Thread.run(Thread.java:1012)
03-29 20:28:56.727 4868 4868 W OnBackInvokedCallback: OnBackInvokedCallback is not enabled for the application.
03-29 20:28:56.727 4868 4868 W OnBackInvokedCallback: Set 'android:enableOnBackInvokedCallback="true"' in the application manifest.
03-29 20:28:57.126 24533 24533 W SIMPLE_WORKER4: type=1400 audit(0.0:1226824): avc: granted { execute } for path="/data/data/com.instagram.android/lib-compressed/libtigon.so" dev="dm-75" ino=39618 scontext=u:r:untrusted_app:s0:c36,c257,c512,c768 tcontext=u:object_r:app_data_file:s0:c36,c257,c512,c768 tclass=file app=com.mbwhatsapp
03-29 20:28:57.154 24533 24533 W SIMPLE_WORKER4: type=1400 audit(0.0:1226825): avc: granted { execute } for path="/data/data/com.instagram.android/lib-compressed/libmsysxplatmerged_1.so" dev="dm-75" ino=39649 scontext=u:r:untrusted_app:s0:c36,c257,c512,c768 tcontext=u:object_r:app_data_file:s0:c36,c257,c512,c768 tclass=file app=com.mbwhatsapp
03-29 20:28:57.170 24533 24533 W SIMPLE_WORKER4: type=1400 audit(0.0:1226826): avc: granted { execute } for path="/data/data/com.instagram.android/lib-compressed/libmsysxplatmerged.so" dev="dm-75" ino=39589 scontext=u:r:untrusted_app:s0:c36,c257,c512,c768 tcontext=u:object_r:app_data_file:s0:c36,c257,c512,c768 tclass=file app=com.mbwhatsapp
03-29 20:28:57.302 24533 24533 W stagram.android: type=1400 audit(0.0:1226827): avc: granted { execute } for path="/data/data/com.instagram.android/lib- compressed/libfbaudiomerged.so" dev="dm-75" ino=39606 scontext=u:r:untrusted_app:s0:c36,c257,c512,c768 tcontext=u:object_r:app_data_file:s0:c36,c257,c512,c768 tclass=file app=com.mbwhatsapp
03-29 20:28:57.342 24533 24533 W stagram.android: type=1400 audit(0.0:1226828): avc: granted { execute } for path="/data/data/com.instagram.android/lib- compressed/librtc.so" dev="dm-75" ino=39610 scontext=u:r:untrusted_app:s0:c36,c257,c512,c768 tcontext=u:object_r:app_data_file:s0:c36,c257,c512,c768 tclass=file app=com.mbwhatsapp
03-29 20:28:57.796 4868 4868 E OplusBracketLog: [OplusViewMirrorManager] updateHostViewRootIfNeeded, not support android.view.ViewRootImpl@753a7aa
03-29 20:28:57.808 4868 4868 E IPCThreadState: attemptIncStrongHandle(137): Not supported
03-29 20:28:57.808 4868 4868 E IPCThreadState: attemptIncStrongHandle(130): Not supported
03-29 20:28:57.819 4868 5747 W Parcel : Expecting binder but got null!
03-29 20:28:58.134 24533 24533 W SIMPLE_WORKER1: type=1400 audit(0.0:1226843): avc: granted { execute } for path="/data/data/com.instagram.android/lib-compressed/libpapaya-store.so" dev="dm- 75" ino=39628 scontext=u:r:untrusted_app:s0:c36,c257,c512,c768 tcontext=u:object_r:app_data_file:s0:c36,c257,c512,c768 tclass=file app=com.mbwhatsapp
03-29 20:28:58.206 24533 24533 W pool-13-thread-: type=1400 audit(0.0:1226844): avc: granted { execute } for path="/data/data/com.instagram.android/lib- compressed/libxplat_timeinappcore_timeinappcore-nonnativesqliteAndroid.so" dev="dm- 75" ino=39654 scontext=u:r:untrusted_app:s0:c36,c257,c512,c768 tcontext=u:object_r:app_data_file:s0:c36,c257,c512,c768 tclass=file app=com.mbwhatsapp
03-29 20:28:58.214 24533 24533 W stagram.android: type=1400 audit(0.0:1226845): avc: granted { execute } for path="/data/data/com.instagram.android/lib- compressed/libnative_memdump.so" dev="dm-75" ino=39767 scontext=u:r:untrusted_app:s0:c36,c257,c512,c768 tcontext=u:object_r:app_data_file:s0:c36,c257,c512,c768 tclass=file app=com.mbwhatsapp
03-29 20:28:58.222 24533 24533 W pool-13-thread-: type=1400 audit(0.0:1226846): avc: granted { execute } for path="/data/data/com.instagram.android/lib- compressed/libtimeinapp-jni.so" dev="dm-75" ino=39716 scontext=u:r:untrusted_app:s0:c36,c257,c512,c768 tcontext=u:object_r:app_data_file:s0:c36,c257,c512,c768 tclass=file app=com.mbwhatsapp
03-29 20:28:58.226 24533 24533 W SIMPLE_WORKER8: type=1400 audit(0.0:1226847): avc: granted { execute } for path="/data/data/com.instagram.android/lib-compressed/librtgqlsdk-lite.so" dev="dm- 75" ino=39831 scontext=u:r:untrusted_app:s0:c36,c257,c512,c768 tcontext=u:object_r:app_data_file:s0:c36,c257,c512,c768 tclass=file app=com.mbwhatsapp
03-29 20:28:59.363 4868 4868 E OplusBracketLog: [OplusViewMirrorManager] updateHostViewRootIfNeeded, not support android.view.ViewRootImpl@bd55a81
03-29 20:28:59.370 24533 24533 W SIMPLE_WORKER8: type=1400 audit(0.0:1226857): avc: granted { execute } for path="/data/data/com.instagram.android/lib-compressed/libliger.so" dev="dm-75" ino=39608 scontext=u:r:untrusted_app:s0:c36,c257,c512,c768 tcontext=u:object_r:app_data_file:s0:c36,c257,c512,c768 tclass=file app=com.mbwhatsapp
