03-29 17:43:30.015 15465 15465 E ArmVmp : Match on catch block at 0xc3 in for 0x14d
03-29 17:43:30.026 15465 15465 E ArmVmp : Match on catch block at 0xc3 in for 0x149
03-29 17:43:30.529 15465 15465 E ArmVmp : Match on catch block at 0xc3 in for 0x151
03-29 17:43:30.543 15465 15465 E ArmVmp : Match on catch block at 0xc3 in for 0x14d
03-29 17:43:31.027 15465 15465 E ArmVmp : Match on catch block at 0xc3 in for 0x155
03-29 17:43:31.049 15465 15465 E ArmVmp : Match on catch block at 0xc3 in for 0x151
03-29 17:43:31.542 15465 15465 E ArmVmp : Match on catch block at 0xc3 in for 0x159
03-29 17:43:31.568 15465 15465 E ArmVmp : Match on catch block at 0xc3 in for 0x155
03-29 17:43:32.038 15465 15465 E ArmVmp : Match on catch block at 0xc3 in for 0x145
03-29 17:43:32.045 15465 15465 E ArmVmp : Match on catch block at 0xc3 in for 0x141
03-29 17:43:32.534 15465 15465 E ArmVmp : Match on catch block at 0xc3 in for 0x149
03-29 17:43:32.545 15465 15465 E ArmVmp : Match on catch block at 0xc3 in for 0x145
03-29 17:43:33.032 15465 15465 E ArmVmp : Match on catch block at 0xc3 in for 0x14d
03-29 17:43:33.049 15465 15465 E ArmVmp : Match on catch block at 0xc3 in for 0x149
03-29 17:43:33.546 15465 15465 E ArmVmp : Match on catch block at 0xc3 in for 0x151
03-29 17:43:33.564 15465 15465 E ArmVmp : Match on catch block at 0xc3 in for 0x14d
03-29 17:43:34.061 15465 15465 E ArmVmp : Match on catch block at 0xc3 in for 0x155
03-29 17:43:34.077 15465 15465 E ArmVmp : Match on catch block at 0xc3 in for 0x151
03-29 17:43:34.523 15465 15465 E ArmVmp : Match on catch block at 0xc3 in for 0x159
03-29 17:43:34.550 15465 15465 E ArmVmp : Match on catch block at 0xc3 in for 0x155
03-29 17:43:34.623 15465 15465 E ArmVmp : Match on catch block at 0xc3 in for 0x149
03-29 17:43:34.647 15465 15465 E ArmVmp : Match on catch block at 0xc3 in for 0x145
03-29 17:43:34.856 15465 15465 E ArmVmp : Match on catch block at 0xc3 in for 0x155
03-29 17:43:34.883 15465 15465 E ArmVmp : Match on catch block at 0xc3 in for 0x151
03-29 17:43:35.186 15465 15465 E ArmVmp : Match on catch block at 0xc3 in for 0x145
03-29 17:43:35.212 15465 15465 E ArmVmp : Match on catch block at 0xc3 in for 0x141
03-29 17:43:35.235 15465 15465 E ArmVmp : Match on catch block at 0xc3 in for 0x151
03-29 17:43:35.299 15465 15465 E ArmVmp : Match on catch block at 0xc3 in for 0x14d
03-29 17:43:35.339 15465 15465 E ArmVmp : Match on catch block at 0xc3 in for 0x155
03-29 17:43:35.367 15465 15465 E ArmVmp : Match on catch block at 0xc3 in for 0x151
03-29 17:43:35.437 15465 15465 E ArmVmp : Match on catch block at 0xc3 in for 0x159
03-29 17:43:35.455 15465 15465 E ArmVmp : Match on catch block at 0xc3 in for 0x155
03-29 17:43:35.475 15465 15465 E ArmVmp : Match on catch block at 0xc3 in for 0x141
03-29 17:43:35.500 15465 15465 E ArmVmp : Match on catch block at 0xc3 in for 0x159
03-29 17:43:35.594 15465 15465 E ArmVmp : Match on catch block at 0xc3 in for 0x14d
03-29 17:43:35.625 15465 15465 E ArmVmp : Match on catch block at 0xc3 in for 0x149
03-29 17:43:35.651 15465 15465 E ArmVmp : Match on catch block at 0xc3 in for 0x151
03-29 17:43:35.671 15465 15465 E ArmVmp : Match on catch block at 0xc3 in for 0x14d
03-29 17:43:36.099 15465 15465 E ArmVmp : Match on catch block at 0xc3 in for 0x155
03-29 17:43:36.140 15465 15465 E ArmVmp : Match on catch block at 0xc3 in for 0x151
03-29 17:43:36.611 15465 15465 E ArmVmp : Match on catch block at 0xc3 in for 0x159
03-29 17:43:36.643 15465 15465 E ArmVmp : Match on catch block at 0xc3 in for 0x155
03-29 17:43:36.844 15465 15465 E ArmVmp : Match on catch block at 0xc3 in for 0x149
03-29 17:43:36.885 15465 15465 E ArmVmp : Match on catch block at 0xc3 in for 0x145
03-29 17:43:36.926 15465 15465 E ArmVmp : Match on catch block at 0xc3 in for 0x155
03-29 17:43:37.009 15465 15465 E ArmVmp : Match on catch block at 0xc3 in for 0x151
03-29 17:43:37.042 15465 15465 E ArmVmp : Match on catch block at 0xc3 in for 0x14d
03-29 17:43:37.099 15465 15465 E ArmVmp : Match on catch block at 0xc3 in for 0x149
03-29 17:43:37.558 15465 15465 E ArmVmp : Match on catch block at 0xc3 in for 0x151
03-29 17:43:37.590 15465 15465 E ArmVmp : Match on catch block at 0xc3 in for 0x14d
03-29 17:43:38.054 15465 15465 E ArmVmp : Match on catch block at 0xc3 in for 0x155
03-29 17:43:38.067 15465 15465 E ArmVmp : Match on catch block at 0xc3 in for 0x151
03-29 17:43:38.302 15465 15465 E ArmVmp : Match on catch block at 0xc3 in for 0x145
03-29 17:43:38.330 15465 15465 E ArmVmp : Match on catch block at 0xc3 in for 0x141
03-29 17:43:38.533 15465 15465 E ArmVmp : Match on catch block at 0xc3 in for 0x151
03-29 17:43:38.539 15465 15465 E ArmVmp : Match on catch block at 0xc3 in for 0x14d
03-29 17:43:38.832 15465 15465 E ArmVmp : Match on catch block at 0xc3 in for 0x141
03-29 17:43:38.846 15465 15465 E ArmVmp : Match on catch block at 0xc3 in for 0x159
03-29 17:43:39.329 15465 15465 E ArmVmp : Match on catch block at 0xc3 in for 0x149
03-29 17:43:39.345 15465 15465 E ArmVmp : Match on catch block at 0xc3 in for 0x145
03-29 17:43:39.478 15465 15465 E ArmVmp : Match on catch block at 0xc3 in for 0x155
03-29 17:43:39.492 15465 15465 E ArmVmp : Match on catch block at 0xc3 in for 0x151
03-29 17:43:39.977 15465 15465 E ArmVmp : Match on catch block at 0xc3 in for 0x141
03-29 17:43:39.982 15465 15465 E ArmVmp : Match on catch block at 0xc3 in for 0x159
03-29 17:43:40.274 15465 15465 E ArmVmp : Match on catch block at 0xc3 in for 0x14d
03-29 17:43:40.311 15465 15465 E ArmVmp : Match on catch block at 0xc3 in for 0x149
03-29 17:43:40.773 15465 15465 E ArmVmp : Match on catch block at 0xc3 in for 0x159
03-29 17:43:40.798 15465 15465 E ArmVmp : Match on catch block at 0xc3 in for 0x155
03-29 17:43:41.285 15465 15465 E ArmVmp : Match on catch block at 0xc3 in for 0x141
03-29 17:43:41.309 15465 15465 E ArmVmp : Match on catch block at 0xc3 in for 0x159
03-29 17:43:41.467 15465 15465 E ArmVmp : Match on catch block at 0xc3 in for 0x14d
03-29 17:43:41.485 15465 15465 E ArmVmp : Match on catch block at 0xc3 in for 0x149
03-29 17:43:41.767 15465 15465 E ArmVmp : Match on catch block at 0xc3 in for 0x159
03-29 17:43:41.788 15465 15465 E ArmVmp : Match on catch block at 0xc3 in for 0x155
03-29 17:43:41.931 15465 15465 E ArmVmp : Match on catch block at 0xc3 in for 0x149
03-29 17:43:41.946 15465 15465 E ArmVmp : Match on catch block at 0xc3 in for 0x145
03-29 17:43:42.097 15465 15465 E ArmVmp : Match on catch block at 0xc3 in for 0x155
03-29 17:43:42.119 15465 15465 E ArmVmp : Match on catch block at 0xc3 in for 0x151
03-29 17:43:42.412 15465 15465 E ArmVmp : Match on catch block at 0xc3 in for 0x145
03-29 17:43:42.433 15465 15465 E ArmVmp : Match on catch block at 0xc3 in for 0x141
03-29 17:43:42.611 15465 15465 E ArmVmp : Match on catch block at 0xc3 in for 0x151
03-29 17:43:42.621 15465 15465 E ArmVmp : Match on catch block at 0xc3 in for 0x14d
03-29 17:43:42.809 15465 15465 E ArmVmp : Match on catch block at 0xc3 in for 0x141
03-29 17:43:42.826 15465 15465 E ArmVmp : Match on catch block at 0xc3 in for 0x159
03-29 17:43:42.975 15465 15465 E ArmVmp : Match on catch block at 0xc3 in for 0x14d
03-29 17:43:42.989 15465 15465 E ArmVmp : Match on catch block at 0xc3 in for 0x149
03-29 17:43:43.223 15465 15465 E ArmVmp : Match on catch block at 0xc3 in for 0x159
03-29 17:43:43.261 15465 15465 E ArmVmp : Match on catch block at 0xc3 in for 0x155
03-29 17:43:43.721 15465 15465 E ArmVmp : Match on catch block at 0xc3 in for 0x141
03-29 17:43:43.754 15465 15465 E ArmVmp : Match on catch block at 0xc3 in for 0x159
03-29 17:43:43.804 15465 15465 E ArmVmp : Match on catch block at 0xc3 in for 0x14d
03-29 17:43:43.831 15465 15465 E ArmVmp : Match on catch block at 0xc3 in for 0x149
03-29 17:43:43.987 15465 15465 E ArmVmp : Match on catch block at 0xc3 in for 0x159
03-29 17:43:44.002 15465 15465 E ArmVmp : Match on catch block at 0xc3 in for 0x155
03-29 17:43:44.238 15465 15465 E ArmVmp : Match on catch block at 0xc3 in for 0x141
03-29 17:43:44.249 15465 15465 E ArmVmp : Match on catch block at 0xc3 in for 0x159
03-29 17:43:44.286 15465 15465 E ArmVmp : Match on catch block at 0xc3 in for 0x14d
03-29 17:43:44.304 15465 15465 E ArmVmp : Match on catch block at 0xc3 in for 0x149
03-29 17:43:44.341 15465 15465 E ArmVmp : Match on catch block at 0xc3 in for 0x151
03-29 17:43:44.355 15465 15465 E ArmVmp : Match on catch block at 0xc3 in for 0x14d
03-29 17:43:44.373 15465 15465 E ArmVmp : Match on catch block at 0xc3 in for 0x155
03-29 17:43:44.392 15465 15465 E ArmVmp : Match on catch block at 0xc3 in for 0x151
03-29 17:43:44.441 15465 15465 E ArmVmp : Match on catch block at 0xc3 in for 0x145
03-29 17:43:44.457 15465 15465 E ArmVmp : Match on catch block at 0xc3 in for 0x141
03-29 17:43:44.501 15465 15465 E ArmVmp : Match on catch block at 0xc3 in for 0x149
03-29 17:43:44.516 15465 15465 E ArmVmp : Match on catch block at 0xc3 in for 0x145
03-29 17:43:44.537 15465 15465 E ArmVmp : Match on catch block at 0xc3 in for 0x14d
03-29 17:43:44.552 15465 15465 E ArmVmp : Match on catch block at 0xc3 in for 0x149
03-29 17:43:44.576 15465 15465 E ArmVmp : Match on catch block at 0xc3 in for 0x159
03-29 17:43:44.603 15465 15465 E ArmVmp : Match on catch block at 0xc3 in for 0x155
03-29 17:43:44.632 15465 15465 E ArmVmp : Match on catch block at 0xc3 in for 0x141
03-29 17:43:44.667 15465 15465 E ArmVmp : Match on catch block at 0xc3 in for 0x159
03-29 17:43:44.703 15465 15465 E ArmVmp : Match on catch block at 0xc3 in for 0x149
03-29 17:43:44.724 15465 15465 E ArmVmp : Match on catch block at 0xc3 in for 0x145
03-29 17:43:44.798 15465 15465 E ArmVmp : Match on catch block at 0xc3 in for 0x155
03-29 17:43:44.812 15465 15465 E ArmVmp : Match on catch block at 0xc3 in for 0x151
03-29 17:43:44.980 15465 15465 E ArmVmp : Match on catch block at 0xc3 in for 0x145
03-29 17:43:44.991 15465 15465 E ArmVmp : Match on catch block at 0xc3 in for 0x141
03-29 17:43:45.245 15465 15465 E ArmVmp : Match on catch block at 0xc3 in for 0x151
03-29 17:43:45.275 15465 15465 E ArmVmp : Match on catch block at 0xc3 in for 0x14d
03-29 17:43:45.444 15465 15465 E ArmVmp : Match on catch block at 0xc3 in for 0x141
03-29 17:43:45.473 15465 15465 E ArmVmp : Match on catch block at 0xc3 in for 0x159
03-29 17:43:45.941 15465 15465 E ArmVmp : Match on catch block at 0xc3 in for 0x145
03-29 17:43:45.967 15465 15465 E ArmVmp : Match on catch block at 0xc3 in for 0x141
03-29 17:43:46.438 15465 15465 E ArmVmp : Match on catch block at 0xc3 in for 0x149
03-29 17:43:46.446 15465 15465 E ArmVmp : Match on catch block at 0xc3 in for 0x145
03-29 17:43:46.936 15465 15465 E ArmVmp : Match on catch block at 0xc3 in for 0x14d
03-29 17:43:46.949 15465 15465 E ArmVmp : Match on catch block at 0xc3 in for 0x149
03-29 17:43:47.450 15465 15465 E ArmVmp : Match on catch block at 0xc3 in for 0x151
03-29 17:43:47.457 15465 15465 E ArmVmp : Match on catch block at 0xc3 in for 0x14d
03-29 17:43:47.963 15465 15465 E ArmVmp : Match on catch block at 0xc3 in for 0x155
03-29 17:43:47.975 15465 15465 E ArmVmp : Match on catch block at 0xc3 in for 0x151
03-29 17:43:48.029 15465 15465 E ArmVmp : Match on catch block at 0xc3 in for 0x141
03-29 17:43:48.059 15465 15465 E ArmVmp : Match on catch block at 0xc3 in for 0x159
03-29 17:43:48.527 15465 15465 E ArmVmp : Match on catch block at 0xc3 in for 0x145
03-29 17:43:48.537 15465 15465 E ArmVmp : Match on catch block at 0xc3 in for 0x141
03-29 17:43:49.024 15465 15465 E ArmVmp : Match on catch block at 0xc3 in for 0x149
03-29 17:43:49.035 15465 15465 E ArmVmp : Match on catch block at 0xc3 in for 0x145
03-29 17:43:49.257 15465 15465 E ArmVmp : Match on catch block at 0xc3 in for 0x155
03-29 17:43:49.278 15465 15465 E ArmVmp : Match on catch block at 0xc3 in for 0x151
03-29 17:43:49.670 15465 15465 E ArmVmp : Match on catch block at 0xc3 in for 0x145
03-29 17:43:49.701 15465 15465 E ArmVmp : Match on catch block at 0xc3 in for 0x141
03-29 17:43:50.184 15465 15465 E ArmVmp : Match on catch block at 0xc3 in for 0x149
03-29 17:43:50.200 15465 15465 E ArmVmp : Match on catch block at 0xc3 in for 0x145
03-29 17:43:50.446 15465 15465 E ArmVmp : Match on catch block at 0xc3 in for 0x155
03-29 17:43:50.496 15465 15465 E ArmVmp : Match on catch block at 0xc3 in for 0x151
03-29 17:43:50.648 15465 15465 E ArmVmp : Match on catch block at 0xc3 in for 0x145
03-29 17:43:50.670 15465 15465 E ArmVmp : Match on catch block at 0xc3 in for 0x141
03-29 17:43:50.946 15465 15465 E ArmVmp : Match on catch block at 0xc3 in for 0x149
03-29 17:43:50.956 15465 15465 E ArmVmp : Match on catch block at 0xc3 in for 0x145
03-29 17:43:51.211 15465 15465 E ArmVmp : Match on catch block at 0xc3 in for 0x141
03-29 17:43:51.222 15465 15465 E ArmVmp : Match on catch block at 0xc3 in for 0x159
03-29 17:43:52.426 15465 15465 E ArmVmp : Match on catch block at 0xc3 in for 0x145
03-29 17:43:52.443 15465 15465 E ArmVmp : Match on catch block at 0xc3 in for 0x141
03-29 17:43:52.488 15465 15465 E ArmVmp : Match on catch block at 0xc3 in for 0x151
03-29 17:43:52.501 15465 15465 E ArmVmp : Match on catch block at 0xc3 in for 0x14d
03-29 17:43:52.985 15465 15465 E ArmVmp : Match on catch block at 0xc3 in for 0x155
03-29 17:43:52.991 15465 15465 E ArmVmp : Match on catch block at 0xc3 in for 0x151
03-29 17:43:53.266 15465 15465 E ArmVmp : Match on catch block at 0xc3 in for 0x145
03-29 17:43:53.279 15465 15465 E ArmVmp : Match on catch block at 0xc3 in for 0x141
03-29 17:43:53.748 15465 15465 E ArmVmp : Match on catch block at 0xc3 in for 0x151
03-29 17:43:53.773 15465 15465 E ArmVmp : Match on catch block at 0xc3 in for 0x14d
03-29 17:43:54.244 15465 15465 E ArmVmp : Match on catch block at 0xc3 in for 0x159
03-29 17:43:54.257 15465 15465 E ArmVmp : Match on catch block at 0xc3 in for 0x155
03-29 17:43:54.327 15465 15465 E ArmVmp : Match on catch block at 0xc3 in for 0x149
03-29 17:43:54.352 15465 15465 E ArmVmp : Match on catch block at 0xc3 in for 0x145
03-29 17:43:54.824 15465 15465 E ArmVmp : Match on catch block at 0xc3 in for 0x14d
03-29 17:43:54.859 15465 15465 E ArmVmp : Match on catch block at 0xc3 in for 0x149
03-29 17:43:54.992 15465 15465 E ArmVmp : Match on catch block at 0xc3 in for 0x145
03-29 17:43:55.003 15465 15465 E ArmVmp : Match on catch block at 0xc3 in for 0x141
03-29 17:43:55.046 15465 15465 E ArmVmp : Match on catch block at 0xc3 in for 0x159
03-29 17:43:55.058 15465 15465 E ArmVmp : Match on catch block at 0xc3 in for 0x155
03-29 17:43:55.090 15465 15465 E ArmVmp : Match on catch block at 0xc3 in for 0x141
03-29 17:43:55.102 15465 15465 E ArmVmp : Match on catch block at 0xc3 in for 0x159
03-29 17:43:55.123 15465 15465 E ArmVmp : Match on catch block at 0xc3 in for 0x145
03-29 17:43:55.135 15465 15465 E ArmVmp : Match on catch block at 0xc3 in for 0x141
03-29 17:43:55.150 15465 15465 E ArmVmp : Match on catch block at 0xc3 in for 0x149
03-29 17:43:55.168 15465 15465 E ArmVmp : Match on catch block at 0xc3 in for 0x145
03-29 17:43:55.189 15465 15465 E ArmVmp : Match on catch block at 0xc3 in for 0x14d
03-29 17:43:55.198 15465 15465 E ArmVmp : Match on catch block at 0xc3 in for 0x149
03-29 17:43:55.210 15465 15465 E ArmVmp : Match on catch block at 0xc3 in for 0x151
03-29 17:43:55.225 15465 15465 E ArmVmp : Match on catch block at 0xc3 in for 0x14d
03-29 17:43:55.237 15465 15465 E ArmVmp : Match on catch block at 0xc3 in for 0x155
03-29 17:43:55.251 15465 15465 E ArmVmp : Match on catch block at 0xc3 in for 0x151
03-29 17:43:55.264 15465 15465 E ArmVmp : Match on catch block at 0xc3 in for 0x159
03-29 17:43:55.275 15465 15465 E ArmVmp : Match on catch block at 0xc3 in for 0x155
03-29 17:43:55.287 15465 15465 E ArmVmp : Match on catch block at 0xc3 in for 0x141
03-29 17:43:55.291 15465 15465 E ArmVmp : Match on catch block at 0xc3 in for 0x159
03-29 17:43:55.311 15465 15465 E ArmVmp : Match on catch block at 0xc3 in for 0x145
03-29 17:43:55.321 15465 15465 E ArmVmp : Match on catch block at 0xc3 in for 0x141
03-29 17:43:55.336 15465 15465 E ArmVmp : Match on catch block at 0xc3 in for 0x149
03-29 17:43:55.352 15465 15465 E ArmVmp : Match on catch block at 0xc3 in for 0x145
03-29 17:43:55.363 15465 15465 E ArmVmp : Match on catch block at 0xc3 in for 0x14d
03-29 17:43:55.388 15465 15465 E ArmVmp : Match on catch block at 0xc3 in for 0x149
03-29 17:43:55.405 15465 15465 E ArmVmp : Match on catch block at 0xc3 in for 0x151
03-29 17:43:55.419 15465 15465 E ArmVmp : Match on catch block at 0xc3 in for 0x14d
03-29 17:43:55.437 15465 15465 E ArmVmp : Match on catch block at 0xc3 in for 0x159
03-29 17:43:55.442 15465 15465 E ArmVmp : Match on catch block at 0xc3 in for 0x155
03-29 17:43:55.537 15465 15465 E ArmVmp : Match on catch block at 0xc3 in for 0x141
03-29 17:43:55.550 15465 15465 E ArmVmp : Match on catch block at 0xc3 in for 0x159
03-29 17:43:56.035 15465 15465 E ArmVmp : Match on catch block at 0xc3 in for 0x145
03-29 17:43:56.046 15465 15465 E ArmVmp : Match on catch block at 0xc3 in for 0x141
03-29 17:43:56.531 15465 15465 E ArmVmp : Match on catch block at 0xc3 in for 0x149
03-29 17:43:56.543 15465 15465 E ArmVmp : Match on catch block at 0xc3 in for 0x145
03-29 17:43:57.028 15465 15465 E ArmVmp : Match on catch block at 0xc3 in for 0x14d
03-29 17:43:57.037 15465 15465 E ArmVmp : Match on catch block at 0xc3 in for 0x149
03-29 17:43:57.542 15465 15465 E ArmVmp : Match on catch block at 0xc3 in for 0x151
03-29 17:43:57.548 15465 15465 E ArmVmp : Match on catch block at 0xc3 in for 0x14d
03-29 17:43:58.040 15465 15465 E ArmVmp : Match on catch block at 0xc3 in for 0x155
03-29 17:43:58.054 15465 15465 E ArmVmp : Match on catch block at 0xc3 in for 0x151
03-29 17:43:58.536 15465 15465 E ArmVmp : Match on catch block at 0xc3 in for 0x159
03-29 17:43:58.548 15465 15465 E ArmVmp : Match on catch block at 0xc3 in for 0x155
03-29 17:43:59.033 15465 15465 E ArmVmp : Match on catch block at 0xc3 in for 0x141
03-29 17:43:59.050 15465 15465 E ArmVmp : Match on catch block at 0xc3 in for 0x159
03-29 17:43:59.547 15465 15465 E ArmVmp : Match on catch block at 0xc3 in for 0x145
03-29 17:43:59.579 15465 15465 E ArmVmp : Match on catch block at 0xc3 in for 0x141
03-29 17:44:00.045 15465 15465 E ArmVmp : Match on catch block at 0xc3 in for 0x149
03-29 17:44:00.067 15465 15465 E ArmVmp : Match on catch block at 0xc3 in for 0x145
03-29 17:44:00.543 15465 15465 E ArmVmp : Match on catch block at 0xc3 in for 0x14d
03-29 17:44:00.556 15465 15465 E ArmVmp : Match on catch block at 0xc3 in for 0x149
03-29 17:44:01.039 15465 15465 E ArmVmp : Match on catch block at 0xc3 in for 0x151
03-29 17:44:01.046 15465 15465 E ArmVmp : Match on catch block at 0xc3 in for 0x14d
03-29 17:44:01.554 15465 15465 E ArmVmp : Match on catch block at 0xc3 in for 0x155
03-29 17:44:01.565 15465 15465 E ArmVmp : Match on catch block at 0xc3 in for 0x151
03-29 17:44:02.049 15465 15465 E ArmVmp : Match on catch block at 0xc3 in for 0x159
03-29 17:44:02.056 15465 15465 E ArmVmp : Match on catch block at 0xc3 in for 0x155
03-29 17:44:02.546 15465 15465 E ArmVmp : Match on catch block at 0xc3 in for 0x141
03-29 17:44:02.550 15465 15465 E ArmVmp : Match on catch block at 0xc3 in for 0x159
03-29 17:44:03.044 15465 15465 E ArmVmp : Match on catch block at 0xc3 in for 0x145
03-29 17:44:03.050 15465 15465 E ArmVmp : Match on catch block at 0xc3 in for 0x141
03-29 17:44:03.558 15465 15465 E ArmVmp : Match on catch block at 0xc3 in for 0x149
03-29 17:44:03.563 15465 15465 E ArmVmp : Match on catch block at 0xc3 in for 0x145
03-29 17:44:04.055 15465 15465 E ArmVmp : Match on catch block at 0xc3 in for 0x14d
03-29 17:44:04.062 15465 15465 E ArmVmp : Match on catch block at 0xc3 in for 0x149
03-29 17:44:04.552 15465 15465 E ArmVmp : Match on catch block at 0xc3 in for 0x151
03-29 17:44:04.559 15465 15465 E ArmVmp : Match on catch block at 0xc3 in for 0x14d
03-29 17:44:04.850 15465 15465 E ArmVmp : Match on catch block at 0xc3 in for 0x141
03-29 17:44:04.859 15465 15465 E ArmVmp : Match on catch block at 0xc3 in for 0x159
03-29 17:44:05.288 15465 15465 E ArmVmp : Match on catch block at 0xc3 in for 0x141
03-29 17:44:05.304 15465 15465 E ArmVmp : Match on catch block at 0xc3 in for 0x159
03-29 17:44:05.426 15465 15465 E ArmVmp : Match on catch block at 0xc3 in for 0x145
03-29 17:44:05.444 15465 15465 E ArmVmp : Match on catch block at 0xc3 in for 0x141
03-29 17:44:06.128 15465 15465 E ArmVmp : Match on catch block at 0xc3 in for 0x151
03-29 17:44:06.143 15465 15465 E ArmVmp : Match on catch block at 0xc3 in for 0x14d
03-29 17:44:06.179 15465 15465 E ArmVmp : Match on catch block at 0xc3 in for 0x155
03-29 17:44:06.210 15465 15465 E ArmVmp : Match on catch block at 0xc3 in for 0x151
03-29 17:44:06.444 15465 15465 E ArmVmp : Match on catch block at 0xc3 in for 0x149
03-29 17:44:06.472 15465 15465 E ArmVmp : Match on catch block at 0xc3 in for 0x145
03-29 17:44:06.569 15465 15465 E ArmVmp : Match on catch block at 0xc3 in for 0x14d
03-29 17:44:06.580 15465 15465 E ArmVmp : Match on catch block at 0xc3 in for 0x149
03-29 17:44:06.905 15465 15465 E ArmVmp : Match on catch block at 0xc3 in for 0x145
03-29 17:44:06.943 15465 15465 E ArmVmp : Match on catch block at 0xc3 in for 0x141
03-29 17:44:07.007 15465 15465 E ArmVmp : Match on catch block at 0xc3 in for 0x155
03-29 17:44:07.052 15465 15465 E ArmVmp : Match on catch block at 0xc3 in for 0x151
03-29 17:44:07.403 15465 15465 E ArmVmp : Match on catch block at 0xc3 in for 0x151
03-29 17:44:07.424 15465 15465 E ArmVmp : Match on catch block at 0xc3 in for 0x14d
03-29 17:44:07.457 15465 15465 E ArmVmp : Match on catch block at 0xc3 in for 0x151
03-29 17:44:07.486 15465 15465 E ArmVmp : Match on catch block at 0xc3 in for 0x14d
03-29 17:44:07.522 15465 15465 E ArmVmp : Match on catch block at 0xc3 in for 0x14d
03-29 17:44:07.535 15465 15465 E ArmVmp : Match on catch block at 0xc3 in for 0x149
03-29 17:44:07.570 15465 15465 E ArmVmp : Match on catch block at 0xc3 in for 0x151
03-29 17:44:07.586 15465 15465 E ArmVmp : Match on catch block at 0xc3 in for 0x14d
03-29 17:44:07.616 15465 15465 E ArmVmp : Match on catch block at 0xc3 in for 0x155
03-29 17:44:07.640 15465 15465 E ArmVmp : Match on catch block at 0xc3 in for 0x151
03-29 17:44:07.671 15465 15465 E ArmVmp : Match on catch block at 0xc3 in for 0x159
03-29 17:44:07.689 15465 15465 E ArmVmp : Match on catch block at 0xc3 in for 0x155
03-29 17:44:07.758 15465 15465 E ArmVmp : Match on catch block at 0xc3 in for 0x149
03-29 17:44:07.859 15465 15465 E ArmVmp : Match on catch block at 0xc3 in for 0x145
03-29 17:44:07.915 15465 15465 E ArmVmp : Match on catch block at 0xc3 in for 0x155
03-29 17:44:07.925 15465 15465 E ArmVmp : Match on catch block at 0xc3 in for 0x151
03-29 17:44:08.067 15465 15465 E ArmVmp : Match on catch block at 0xc3 in for 0x145
03-29 17:44:08.077 15465 15465 E ArmVmp : Match on catch block at 0xc3 in for 0x141
03-29 17:44:08.580 15465 15465 E ArmVmp : Match on catch block at 0xc3 in for 0x149
03-29 17:44:08.598 15465 15465 E ArmVmp : Match on catch block at 0xc3 in for 0x145
03-29 17:44:08.651 15465 15465 E ArmVmp : Match on catch block at 0xc3 in for 0x155
03-29 17:44:08.664 15465 15465 E ArmVmp : Match on catch block at 0xc3 in for 0x151
03-29 17:44:09.077 15465 15465 E ArmVmp : Match on catch block at 0xc3 in for 0x145
03-29 17:44:09.088 15465 19461 W MediaPlayer: Use of stream types is deprecated for operations other than volume control
03-29 17:44:09.088 15465 19461 W MediaPlayer: See the documentation of setAudioStreamType() for what to use instead with android.media.AudioAttributes to qualify your playback use case
03-29 17:44:09.091 15465 15465 E ArmVmp : Match on catch block at 0xc3 in for 0x141
03-29 17:44:09.259 15465 15465 E ArmVmp : Match on catch block at 0xc3 in for 0x151
03-29 17:44:09.271 15465 15465 E ArmVmp : Match on catch block at 0xc3 in for 0x14d
03-29 17:44:09.308 15465 15465 E ArmVmp : Match on catch block at 0xc3 in for 0x141
03-29 17:44:09.313 15465 15465 E ArmVmp : Match on catch block at 0xc3 in for 0x159
03-29 17:44:09.375 15465 15465 E ArmVmp : Match on catch block at 0xc3 in for 0x14d
03-29 17:44:09.396 15465 15465 E ArmVmp : Match on catch block at 0xc3 in for 0x149
03-29 17:44:09.429 15465 15465 E ArmVmp : Match on catch block at 0xc3 in for 0x141
03-29 17:44:09.520 15465 15465 E ArmVmp : Match on catch block at 0xc3 in for 0x159
03-29 17:44:09.671 15465 15465 E ArmVmp : Match on catch block at 0xc3 in for 0x145
03-29 17:44:09.730 15465 15465 E ArmVmp : Match on catch block at 0xc3 in for 0x141
03-29 17:44:09.856 15465 15465 E ArmVmp : Match on catch block at 0xc3 in for 0x145
03-29 17:44:09.951 15465 15465 E ArmVmp : Match on catch block at 0xc3 in for 0x141
03-29 17:44:09.989 15465 15465 E ArmVmp : Match on catch block at 0xc3 in for 0x149
03-29 17:44:10.041 15465 15465 E ArmVmp : Match on catch block at 0xc3 in for 0x145
03-29 17:44:10.066 15465 15465 E ArmVmp : Match on catch block at 0xc3 in for 0x14d
03-29 17:44:10.139 15465 15465 E ArmVmp : Match on catch block at 0xc3 in for 0x149
03-29 17:44:10.168 15465 15465 E ArmVmp : Match on catch block at 0xc3 in for 0x151
03-29 17:44:10.223 15465 15465 E ArmVmp : Match on catch block at 0xc3 in for 0x14d
03-29 17:44:10.253 15465 15465 E ArmVmp : Match on catch block at 0xc3 in for 0x155
03-29 17:44:10.274 15465 15465 E ArmVmp : Match on catch block at 0xc3 in for 0x151
03-29 17:44:10.326 15465 15465 E ArmVmp : Match on catch block at 0xc3 in for 0x159
03-29 17:44:10.355 15465 15465 E ArmVmp : Match on catch block at 0xc3 in for 0x155
03-29 17:44:10.379 15465 15465 E ArmVmp : Match on catch block at 0xc3 in for 0x159
03-29 17:44:10.432 15465 15465 E ArmVmp : Match on catch block at 0xc3 in for 0x155
03-29 17:44:10.451 15465 15465 E ArmVmp : Match on catch block at 0xc3 in for 0x155
03-29 17:44:10.473 15465 15465 E ArmVmp : Match on catch block at 0xc3 in for 0x151
03-29 17:44:10.504 15465 15465 E ArmVmp : Match on catch block at 0xc3 in for 0x159
03-29 17:44:10.541 15465 15465 E ArmVmp : Match on catch block at 0xc3 in for 0x155
03-29 17:44:10.564 15465 15465 E ArmVmp : Match on catch block at 0xc3 in for 0x141
03-29 17:44:10.625 15465 15465 E ArmVmp : Match on catch block at 0xc3 in for 0x159
03-29 17:44:10.676 15465 15465 E ArmVmp : Match on catch block at 0xc3 in for 0x149
03-29 17:44:10.814 15465 15465 E ArmVmp : Match on catch block at 0xc3 in for 0x145
03-29 17:44:10.938 15465 15465 E ArmVmp : Match on catch block at 0xc3 in for 0x159
03-29 17:44:10.992 15465 15465 E ArmVmp : Match on catch block at 0xc3 in for 0x155
03-29 17:44:11.331 15465 15465 E ArmVmp : Match on catch block at 0xc3 in for 0x151
03-29 17:44:11.348 15465 15465 E ArmVmp : Match on catch block at 0xc3 in for 0x14d
03-29 17:44:11.679 15465 15465 E ArmVmp : Match on catch block at 0xc3 in for 0x151
03-29 17:44:11.692 15465 15465 E ArmVmp : Match on catch block at 0xc3 in for 0x14d
03-29 17:44:11.880 15465 15465 E ArmVmp : Match on catch block at 0xc3 in for 0x155
03-29 17:44:11.891 15465 15465 E ArmVmp : Match on catch block at 0xc3 in for 0x151
03-29 17:44:12.064 15465 15465 E ArmVmp : Match on catch block at 0xc3 in for 0x145
03-29 17:44:12.076 15465 15465 E ArmVmp : Match on catch block at 0xc3 in for 0x141
03-29 17:44:12.556 15465 15465 E ArmVmp : Match on catch block at 0xc3 in for 0x149
03-29 17:44:12.572 15465 15465 E ArmVmp : Match on catch block at 0xc3 in for 0x145
03-29 17:44:12.722 15465 15465 E ArmVmp : Match on catch block at 0xc3 in for 0x155
03-29 17:44:12.735 15465 15465 E ArmVmp : Match on catch block at 0xc3 in for 0x151
03-29 17:44:13.221 15465 15465 E ArmVmp : Match on catch block at 0xc3 in for 0x159
03-29 17:44:13.229 15465 15465 E ArmVmp : Match on catch block at 0xc3 in for 0x155
03-29 17:44:13.380 15465 15465 E MediaPlayerNative: internal/external state mismatch corrected
03-29 17:44:13.716 15465 15465 E ArmVmp : Match on catch block at 0xc3 in for 0x141
03-29 17:44:13.723 15465 15465 E ArmVmp : Match on catch block at 0xc3 in for 0x159
03-29 17:44:14.213 15465 15465 E ArmVmp : Match on catch block at 0xc3 in for 0x145
03-29 17:44:14.219 15465 15465 E ArmVmp : Match on catch block at 0xc3 in for 0x141
03-29 17:44:14.727 15465 15465 E ArmVmp : Match on catch block at 0xc3 in for 0x149
03-29 17:44:14.731 15465 15465 E ArmVmp : Match on catch block at 0xc3 in for 0x145
03-29 17:44:15.224 15465 15465 E ArmVmp : Match on catch block at 0xc3 in for 0x14d
03-29 17:44:15.229 15465 15465 E ArmVmp : Match on catch block at 0xc3 in for 0x149
03-29 17:44:15.723 15465 15465 E ArmVmp : Match on catch block at 0xc3 in for 0x14d
03-29 17:44:15.731 15465 15465 E ArmVmp : Match on catch block at 0xc3 in for 0x149
03-29 17:44:15.790 15465 15465 E ArmVmp : Match on catch block at 0xc3 in for 0x159
03-29 17:44:15.804 15465 15465 E ArmVmp : Match on catch block at 0xc3 in for 0x155
03-29 17:44:15.855 15465 15465 E ArmVmp : Match on catch block at 0xc3 in for 0x14d
03-29 17:44:15.873 15465 15465 E ArmVmp : Match on catch block at 0xc3 in for 0x149
03-29 17:44:15.965 15465 15465 E ArmVmp : Match on catch block at 0xc3 in for 0x151
03-29 17:44:15.985 15465 15465 E ArmVmp : Match on catch block at 0xc3 in for 0x14d
03-29 17:44:16.009 15465 15465 E ArmVmp : Match on catch block at 0xc3 in for 0x155
03-29 17:44:16.050 15465 15465 E ArmVmp : Match on catch block at 0xc3 in for 0x151
03-29 17:44:16.070 15465 15465 E ArmVmp : Match on catch block at 0xc3 in for 0x159
03-29 17:44:16.108 15465 15465 E ArmVmp : Match on catch block at 0xc3 in for 0x155
03-29 17:44:16.137 15465 15465 E ArmVmp : Match on catch block at 0xc3 in for 0x141
03-29 17:44:16.154 15465 15465 E ArmVmp : Match on catch block at 0xc3 in for 0x159
03-29 17:44:16.243 15465 15465 E ArmVmp : Match on catch block at 0xc3 in for 0x141
03-29 17:44:16.271 15465 15465 E ArmVmp : Match on catch block at 0xc3 in for 0x159
03-29 17:44:16.335 15465 15465 E ArmVmp : Match on catch block at 0xc3 in for 0x159
03-29 17:44:16.341 15465 15465 E ArmVmp : Match on catch block at 0xc3 in for 0x155
03-29 17:44:16.786 15465 15465 E ArmVmp : Match on catch block at 0xc3 in for 0x14d
03-29 17:44:16.792 15465 15465 E ArmVmp : Match on catch block at 0xc3 in for 0x149
03-29 17:44:16.810 15465 19461 W MediaPlayer: Use of stream types is deprecated for operations other than volume control
03-29 17:44:16.810 15465 19461 W MediaPlayer: See the documentation of setAudioStreamType() for what to use instead with android.media.AudioAttributes to qualify your playback use case
03-29 17:44:16.848 15465 15465 E ArmVmp : Match on catch block at 0xc3 in for 0x149
03-29 17:44:16.861 15465 15465 E ArmVmp : Match on catch block at 0xc3 in for 0x145
03-29 17:44:17.335 15465 15465 E ArmVmp : Match on catch block at 0xc3 in for 0x151
03-29 17:44:17.345 15465 15465 E ArmVmp : Match on catch block at 0xc3 in for 0x14d
03-29 17:44:17.400 15465 15465 E ArmVmp : Match on catch block at 0xc3 in for 0x145
03-29 17:44:17.423 15465 15465 E ArmVmp : Match on catch block at 0xc3 in for 0x141
03-29 17:44:17.893 15465 15465 E ArmVmp : Match on catch block at 0xc3 in for 0x141
03-29 17:44:17.904 15465 15465 E ArmVmp : Match on catch block at 0xc3 in for 0x159
03-29 17:44:18.390 15465 15465 E ArmVmp : Match on catch block at 0xc3 in for 0x145
03-29 17:44:18.398 15465 15465 E ArmVmp : Match on catch block at 0xc3 in for 0x141
03-29 17:44:18.887 15465 15465 E ArmVmp : Match on catch block at 0xc3 in for 0x149
03-29 17:44:18.900 15465 15465 E ArmVmp : Match on catch block at 0xc3 in for 0x145
03-29 17:44:19.401 15465 15465 E ArmVmp : Match on catch block at 0xc3 in for 0x14d
03-29 17:44:19.410 15465 15465 E ArmVmp : Match on catch block at 0xc3 in for 0x149
03-29 17:44:19.898 15465 15465 E ArmVmp : Match on catch block at 0xc3 in for 0x151
03-29 17:44:19.917 15465 15465 E ArmVmp : Match on catch block at 0xc3 in for 0x14d
03-29 17:44:20.395 15465 15465 E ArmVmp : Match on catch block at 0xc3 in for 0x155
03-29 17:44:20.412 15465 15465 E ArmVmp : Match on catch block at 0xc3 in for 0x151
03-29 17:44:20.895 15465 15465 E ArmVmp : Match on catch block at 0xc3 in for 0x159
03-29 17:44:20.910 15465 15465 E ArmVmp : Match on catch block at 0xc3 in for 0x155
03-29 17:44:21.407 15465 15465 E ArmVmp : Match on catch block at 0xc3 in for 0x141
03-29 17:44:21.476 15465 15465 E ArmVmp : Match on catch block at 0xc3 in for 0x159
03-29 17:44:21.903 15465 15465 E ArmVmp : Match on catch block at 0xc3 in for 0x145
03-29 17:44:21.922 15465 15465 E ArmVmp : Match on catch block at 0xc3 in for 0x141
03-29 17:44:22.401 15465 15465 E ArmVmp : Match on catch block at 0xc3 in for 0x149
03-29 17:44:22.414 15465 15465 E ArmVmp : Match on catch block at 0xc3 in for 0x145
03-29 17:44:22.898 15465 15465 E ArmVmp : Match on catch block at 0xc3 in for 0x14d
03-29 17:44:22.907 15465 15465 E ArmVmp : Match on catch block at 0xc3 in for 0x149
03-29 17:44:23.411 15465 15465 E ArmVmp : Match on catch block at 0xc3 in for 0x151
03-29 17:44:23.417 15465 15465 E ArmVmp : Match on catch block at 0xc3 in for 0x14d
03-29 17:44:23.909 15465 15465 E ArmVmp : Match on catch block at 0xc3 in for 0x155
03-29 17:44:23.920 15465 15465 E ArmVmp : Match on catch block at 0xc3 in for 0x151
03-29 17:44:25.075 15465 15465 E ArmVmp : Match on catch block at 0xc3 in for 0x145
03-29 17:44:25.103 15465 15465 E ArmVmp : Match on catch block at 0xc3 in for 0x141
03-29 17:44:25.174 15465 15465 E ArmVmp : Match on catch block at 0xc3 in for 0x149
03-29 17:44:25.226 15465 15465 E ArmVmp : Match on catch block at 0xc3 in for 0x145
03-29 17:44:25.321 15465 15465 E ArmVmp : Match on catch block at 0xc3 in for 0x14d
03-29 17:44:25.328 15465 15465 E ArmVmp : Match on catch block at 0xc3 in for 0x149
03-29 17:44:25.520 15465 15465 E ArmVmp : Match on catch block at 0xc3 in for 0x155
03-29 17:44:25.526 15465 15465 E ArmVmp : Match on catch block at 0xc3 in for 0x151
03-29 17:44:31.603 15465 17133 W com.mbwhatsapp: Cleared Reference was only reachable from finalizer (only reported once)
03-29 17:48:26.616 15465 15465 E ArmVmp : Match on catch block at 0x0a in for 0x199
03-29 17:48:26.627 15465 15465 E ArmVmp : Match on catch block at 0x0a in for 0x191
03-29 17:48:26.809 15465 15465 E IPCThreadState: attemptIncStrongHandle(110): Not supported
03-29 17:48:26.809 15465 15465 E IPCThreadState: attemptIncStrongHandle(89): Not supported
03-29 17:48:26.809 15465 15465 E IPCThreadState: attemptIncStrongHandle(99): Not supported
03-29 17:48:26.819 15465 15710 E OpenGLRenderer: Device claims wide gamut support, cannot find matching config, error = EGL_SUCCESS
03-29 17:48:26.820 15465 15710 W OpenGLRenderer: Failed to initialize 101010-2 format, error = EGL_SUCCESS
03-29 17:48:26.871 15465 15465 E ArmVmp : Match on catch block at 0xc3 in for 0x145
03-29 17:48:26.901 15465 15465 E ArmVmp : Match on catch block at 0xc3 in for 0x141
03-29 17:48:27.106 15465 15465 E ArmVmp : Match on catch block at 0xc3 in for 0x159
03-29 17:48:27.109 15465 15465 E ArmVmp : Match on catch block at 0xc3 in for 0x155
03-29 17:48:27.163 15465 15465 E ArmVmp : Match on catch block at 0xc3 in for 0x159
03-29 17:48:27.177 15465 15465 E ArmVmp : Match on catch block at 0xc3 in for 0x155
03-29 17:48:27.193 15465 15465 E ArmVmp : Match on catch block at 0xc3 in for 0x141
03-29 17:48:27.202 15465 15465 E ArmVmp : Match on catch block at 0xc3 in for 0x159
03-29 17:48:27.221 15465 15465 E ArmVmp : Match on catch block at 0xc3 in for 0x151
03-29 17:48:27.227 15465 15465 E ArmVmp : Match on catch block at 0xc3 in for 0x14d
03-29 17:48:27.239 15465 15465 E ArmVmp : Match on catch block at 0xc3 in for 0x155
03-29 17:48:27.245 15465 15465 E ArmVmp : Match on catch block at 0xc3 in for 0x151
03-29 17:48:27.255 15465 15465 E ArmVmp : Match on catch block at 0xc3 in for 0x159
03-29 17:48:27.265 15465 15465 E ArmVmp : Match on catch block at 0xc3 in for 0x155
03-29 17:48:27.290 15465 15465 E ArmVmp : Match on catch block at 0xc3 in for 0x141
03-29 17:48:27.299 15465 15465 E ArmVmp : Match on catch block at 0xc3 in for 0x159
03-29 17:48:27.312 15465 15465 E ArmVmp : Match on catch block at 0xc3 in for 0x145
03-29 17:48:27.326 15465 15465 E ArmVmp : Match on catch block at 0xc3 in for 0x141
03-29 17:48:27.642 15465 15465 E ArmVmp : Match on catch block at 0xc3 in for 0x14d
03-29 17:48:27.645 15465 15465 E ArmVmp : Match on catch block at 0xc3 in for 0x149
03-29 17:48:28.156 15465 15465 E ArmVmp : Match on catch block at 0xc3 in for 0x151
03-29 17:48:28.164 15465 15465 E ArmVmp : Match on catch block at 0xc3 in for 0x14d
03-29 17:48:28.653 15465 15465 E ArmVmp : Match on catch block at 0xc3 in for 0x155
03-29 17:48:28.657 15465 15465 E ArmVmp : Match on catch block at 0xc3 in for 0x151
03-29 17:48:28.819 15465 15465 E ArmVmp : Match on catch block at 0xc3 in for 0x155
03-29 17:48:28.823 15465 15465 E ArmVmp : Match on catch block at 0xc3 in for 0x151
03-29 17:48:28.846 15465 15465 E ArmVmp : Match on catch block at 0xc3 in for 0x149
03-29 17:48:28.849 15465 15465 E ArmVmp : Match on catch block at 0xc3 in for 0x145
03-29 17:48:29.460 15465 15465 E ArmVmp : Match on catch block at 0x8d in for 0x1f1
03-29 17:48:29.585 15465 15465 E ArmVmp : Match on catch block at 0x8d in for 0x1e9
03-29 17:48:29.893 15465 15465 E ArmVmp : Match on catch block at 0xc3 in for 0x149
03-29 17:48:29.897 15465 15465 E ArmVmp : Match on catch block at 0xc3 in for 0x145
03-29 17:48:29.958 15465 15465 E ArmVmp : Match on catch block at 0xc3 in for 0x151
03-29 17:48:29.965 15465 15465 E ArmVmp : Match on catch block at 0xc3 in for 0x14d
03-29 17:48:30.017 15465 15465 E ArmVmp : Match on catch block at 0xc3 in for 0x14d
03-29 17:48:30.021 15465 15465 E ArmVmp : Match on catch block at 0xc3 in for 0x149
03-29 17:48:30.049 15465 15465 E ArmVmp : Match on catch block at 0xc3 in for 0x151
03-29 17:48:30.055 15465 15465 E ArmVmp : Match on catch block at 0xc3 in for 0x14d
03-29 17:48:30.483 15465 15465 E ArmVmp : Match on catch block at 0xc3 in for 0x155
03-29 17:48:30.492 15465 15465 E ArmVmp : Match on catch block at 0xc3 in for 0x151
03-29 17:48:45.121 25740 25740 W Lacrima_startup: type=1400 audit(0.0:1217950): avc: granted { execute } for path="/data/data/com.instagram.android/lib- compressed/libdistractutil.so" dev="dm-75" ino=39890 scontext=u:r:untrusted_app:s0:c36,c257,c512,c768 tcontext=u:object_r:app_data_file:s0:c36,c257,c512,c768 tclass=file app=com.mbwhatsapp
03-29 17:48:45.125 25740 25740 W Lacrima_startup: type=1400 audit(0.0:1217951): avc: granted { execute } for path="/data/data/com.instagram.android/lib- compressed/libfssync.so" dev="dm-75" ino=39905 scontext=u:r:untrusted_app:s0:c36,c257,c512,c768 tcontext=u:object_r:app_data_file:s0:c36,c257,c512,c768 tclass=file app=com.mbwhatsapp
03-29 17:48:45.173 25740 25740 W Lacrima_startup: type=1400 audit(0.0:1217952): avc: granted { execute } for path="/data/data/com.instagram.android/lib- compressed/libredexsharedmerged.so" dev="dm-75" ino=39830 scontext=u:r:untrusted_app:s0:c36,c257,c512,c768 tcontext=u:object_r:app_data_file:s0:c36,c257,c512,c768 tclass=file app=com.mbwhatsapp
03-29 17:48:45.209 25740 25740 W Lacrima_startup: type=1400 audit(0.0:1217953): avc: granted { execute } for path="/data/data/com.instagram.android/lib- compressed/libdextricksmerged.so" dev="dm-75" ino=39613 scontext=u:r:untrusted_app:s0:c36,c257,c512,c768 tcontext=u:object_r:app_data_file:s0:c36,c257,c512,c768 tclass=file app=com.mbwhatsapp
03-29 17:48:45.237 25740 25740 W Lacrima_startup: type=1400 audit(0.0:1217954): avc: granted { execute } for path="/data/data/com.instagram.android/lib- compressed/libloommerged_1.so" dev="dm-75" ino=39760 scontext=u:r:untrusted_app:s0:c36,c257,c512,c768 tcontext=u:object_r:app_data_file:s0:c36,c257,c512,c768 tclass=file app=com.mbwhatsapp
03-29 17:48:45.261 25740 25740 W Lacrima_startup: type=1400 audit(0.0:1217955): avc: granted { execute } for path="/data/data/com.instagram.android/lib- compressed/libloommerged.so" dev="dm-75" ino=39614 scontext=u:r:untrusted_app:s0:c36,c257,c512,c768 tcontext=u:object_r:app_data_file:s0:c36,c257,c512,c768 tclass=file app=com.mbwhatsapp
03-29 17:48:45.273 25740 25740 W Lacrima_startup: type=1400 audit(0.0:1217956): avc: granted { execute } for path="/data/data/com.instagram.android/lib- compressed/libpthread_interceptor.so" dev="dm-75" ino=39805 scontext=u:r:untrusted_app:s0:c36,c257,c512,c768 tcontext=u:object_r:app_data_file:s0:c36,c257,c512,c768 tclass=file app=com.mbwhatsapp
03-29 17:48:45.277 25740 25740 W Lacrima_startup: type=1400 audit(0.0:1217957): avc: granted { execute } for path="/data/data/com.instagram.android/lib- compressed/libappstatelogger2.so" dev="dm-75" ino=39729 scontext=u:r:untrusted_app:s0:c36,c257,c512,c768 tcontext=u:object_r:app_data_file:s0:c36,c257,c512,c768 tclass=file app=com.mbwhatsapp
03-29 17:48:46.281 25740 25740 W stagram.android: type=1400 audit(0.0:1217984): avc: granted { execute } for path="/data/data/com.instagram.android/lib- compressed/libxplat_perflogger_xanalytics_xanalyticsAndroid.so" dev="dm-75" ino=39940 scontext=u:r:untrusted_app:s0:c36,c257,c512,c768 tcontext=u:object_r:app_data_file:s0:c36,c257,c512,c768 tclass=file app=com.mbwhatsapp
03-29 17:48:46.293 25740 25740 W stagram.android: type=1400 audit(0.0:1217985): avc: granted { execute } for path="/data/data/com.instagram.android/lib- compressed/libperfloggerxplat_init.so" dev="dm-75" ino=39794 scontext=u:r:untrusted_app:s0:c36,c257,c512,c768 tcontext=u:object_r:app_data_file:s0:c36,c257,c512,c768 tclass=file app=com.mbwhatsapp
03-29 17:48:46.385 25740 25740 W SIMPLE_WORKER8: type=1400 audit(0.0:1217986): avc: granted { execute } for path="/data/data/com.instagram.android/lib-compressed/liblimitstack.so" dev="dm-75" ino=39898 scontext=u:r:untrusted_app:s0:c36,c257,c512,c768 tcontext=u:object_r:app_data_file:s0:c36,c257,c512,c768 tclass=file app=com.mbwhatsapp
03-29 17:48:46.397 25740 25740 W Fixie : type=1400 audit(0.0:1217987): avc: granted { execute } for path="/data/data/com.instagram.android/lib-compressed/libmediacodechooks_jni.so" dev="dm-75" ino=39808 scontext=u:r:untrusted_app:s0:c36,c257,c512,c768 tcontext=u:object_r:app_data_file:s0:c36,c257,c512,c768 tclass=file app=com.mbwhatsapp
03-29 17:48:46.581 25740 25740 W SIMPLE_WORKER1: type=1400 audit(0.0:1217988): avc: granted { execute } for path="/data/data/com.instagram.android/lib-compressed/libxplat_papaya_log_logImplAn droid.so" dev="dm-75" ino=39766 scontext=u:r:untrusted_app:s0:c36,c257,c512,c768 tcontext=u:object_r:app_data_file:s0:c36,c257,c512,c768 tclass=file app=com.mbwhatsapp
03-29 17:48:47.365 25740 25740 W SIMPLE_WORKER8: type=1400 audit(0.0:1218002): avc: granted { execute } for path="/data/data/com.instagram.android/lib-compressed/libfb_mboost.so" dev="dm-75" ino=39865 scontext=u:r:untrusted_app:s0:c36,c257,c512,c768 tcontext=u:object_r:app_data_file:s0:c36,c257,c512,c768 tclass=file app=com.mbwhatsapp
03-29 17:48:47.453 25740 25740 W SIMPLE_WORKER8: type=1400 audit(0.0:1218003): avc: granted { execute } for path="/data/data/com.instagram.android/lib-compressed/libxplat_ReliableMedia_Reliab leMediaAndroid.so" dev="dm-75" ino=39724 scontext=u:r:untrusted_app:s0:c36,c257,c512,c768 tcontext=u:object_r:app_data_file:s0:c36,c257,c512,c768 tclass=file app=com.mbwhatsapp
03-29 17:48:47.457 25740 25740 W SIMPLE_WORKER8: type=1400 audit(0.0:1218004): avc: granted { execute } for path="/data/data/com.instagram.android/lib-compressed/libxplat_ReliableMedia_UrlMap Parser_UrlMapParserAndroid.so" dev="dm-75" ino=39730 scontext=u:r:untrusted_app:s0:c36,c257,c512,c768 tcontext=u:object_r:app_data_file:s0:c36,c257,c512,c768 tclass=file app=com.mbwhatsapp
03-29 17:48:47.461 25740 25740 W SIMPLE_WORKER8: type=1400 audit(0.0:1218005): avc: granted { execute } for path="/data/data/com.instagram.android/lib-compressed/libxplat_ReliableMedia_TigonU rlMapFetcher_TigonUrlMapFetcherAndroid.so" dev="dm-75" ino=39741 scontext=u:r:untrusted_app:s0:c36,c257,c512,c768 tcontext=u:object_r:app_data_file:s0:c36,c257,c512,c768 tclass=file app=com.mbwhatsapp
03-29 17:48:47.473 25740 25740 W SIMPLE_WORKER8: type=1400 audit(0.0:1218006): avc: granted { execute } for path="/data/data/com.instagram.android/lib-compressed/libxplat_ReliableMedia_TigonH ostHealthChecker_TigonHostHealthCheckerAndroid.so" dev="dm-75" ino=39858 scontext=u:r:untrusted_app:s0:c36,c257,c512,c768 tcontext=u:object_r:app_data_file:s0:c36,c257,c512,c768 tclass=file app=com.mbwhatsapp
03-29 17:50:00.901 28076 28076 W Lacrima_startup: type=1400 audit(0.0:1218136): avc: granted { execute } for path="/data/data/com.instagram.android/lib- compressed/libdistractutil.so" dev="dm-75" ino=39890 scontext=u:r:untrusted_app:s0:c36,c257,c512,c768 tcontext=u:object_r:app_data_file:s0:c36,c257,c512,c768 tclass=file app=com.mbwhatsapp
03-29 17:50:00.905 28076 28076 W Lacrima_startup: type=1400 audit(0.0:1218137): avc: granted { execute } for path="/data/data/com.instagram.android/lib- compressed/libfssync.so" dev="dm-75" ino=39905 scontext=u:r:untrusted_app:s0:c36,c257,c512,c768 tcontext=u:object_r:app_data_file:s0:c36,c257,c512,c768 tclass=file app=com.mbwhatsapp
03-29 17:50:00.957 28076 28076 W Lacrima_startup: type=1400 audit(0.0:1218138): avc: granted { execute } for path="/data/data/com.instagram.android/lib- compressed/libredexsharedmerged.so" dev="dm-75" ino=39830 scontext=u:r:untrusted_app:s0:c36,c257,c512,c768 tcontext=u:object_r:app_data_file:s0:c36,c257,c512,c768 tclass=file app=com.mbwhatsapp
03-29 17:50:00.961 28076 28076 W Lacrima_startup: type=1400 audit(0.0:1218139): avc: granted { execute } for path="/data/data/com.instagram.android/lib- compressed/libdextricksmerged.so" dev="dm-75" ino=39613 scontext=u:r:untrusted_app:s0:c36,c257,c512,c768 tcontext=u:object_r:app_data_file:s0:c36,c257,c512,c768 tclass=file app=com.mbwhatsapp
03-29 17:50:00.993 28076 28076 W Lacrima_startup: type=1400 audit(0.0:1218140): avc: granted { execute } for path="/data/data/com.instagram.android/lib- compressed/libloommerged_1.so" dev="dm-75" ino=39760 scontext=u:r:untrusted_app:s0:c36,c257,c512,c768 tcontext=u:object_r:app_data_file:s0:c36,c257,c512,c768 tclass=file app=com.mbwhatsapp
03-29 17:50:02.049 28076 28076 W stagram.android: type=1400 audit(0.0:1218170): avc: granted { execute } for path="/data/data/com.instagram.android/lib- compressed/libxplat_perflogger_xanalytics_xanalyticsAndroid.so" dev="dm-75" ino=39940 scontext=u:r:untrusted_app:s0:c36,c257,c512,c768 tcontext=u:object_r:app_data_file:s0:c36,c257,c512,c768 tclass=file app=com.mbwhatsapp
03-29 17:50:02.053 28076 28076 W stagram.android: type=1400 audit(0.0:1218171): avc: granted { execute } for path="/data/data/com.instagram.android/lib- compressed/libperfloggerxplat_init.so" dev="dm-75" ino=39794 scontext=u:r:untrusted_app:s0:c36,c257,c512,c768 tcontext=u:object_r:app_data_file:s0:c36,c257,c512,c768 tclass=file app=com.mbwhatsapp
03-29 17:50:02.241 28076 28076 W SIMPLE_WORKER5: type=1400 audit(0.0:1218172): avc: granted { execute } for path="/data/data/com.instagram.android/lib-compressed/liblimitstack.so" dev="dm-75" ino=39898 scontext=u:r:untrusted_app:s0:c36,c257,c512,c768 tcontext=u:object_r:app_data_file:s0:c36,c257,c512,c768 tclass=file app=com.mbwhatsapp
03-29 17:50:02.253 28076 28076 W Fixie : type=1400 audit(0.0:1218173): avc: granted { execute } for path="/data/data/com.instagram.android/lib-compressed/libmediacodechooks_jni.so" dev="dm-75" ino=39808 scontext=u:r:untrusted_app:s0:c36,c257,c512,c768 tcontext=u:object_r:app_data_file:s0:c36,c257,c512,c768 tclass=file app=com.mbwhatsapp
03-29 17:50:02.393 28076 28076 W SIMPLE_WORKER2: type=1400 audit(0.0:1218174): avc: granted { execute } for path="/data/data/com.instagram.android/lib-compressed/libxplat_papaya_log_logImplAn droid.so" dev="dm-75" ino=39766 scontext=u:r:untrusted_app:s0:c36,c257,c512,c768 tcontext=u:object_r:app_data_file:s0:c36,c257,c512,c768 tclass=file app=com.mbwhatsapp
03-29 17:50:03.057 28076 28076 W SIMPLE_WORKER5: type=1400 audit(0.0:1218187): avc: granted { execute } for path="/data/data/com.instagram.android/lib-compressed/libpando-graphql- subscriptions-jni.so" dev="dm-75" ino=39739 scontext=u:r:untrusted_app:s0:c36,c257,c512,c768 tcontext=u:object_r:app_data_file:s0:c36,c257,c512,c768 tclass=file app=com.mbwhatsapp
03-29 17:50:03.341 28076 28076 W SIMPLE_WORKER5: type=1400 audit(0.0:1218188): avc: granted { execute } for path="/data/data/com.instagram.android/lib-compressed/libfb_mboost.so" dev="dm-75" ino=39865 scontext=u:r:untrusted_app:s0:c36,c257,c512,c768 tcontext=u:object_r:app_data_file:s0:c36,c257,c512,c768 tclass=file app=com.mbwhatsapp
03-29 17:54:37.641 15465 15465 E IPCThreadState: attemptIncStrongHandle(95): Not supported
03-29 17:54:37.642 15465 15465 E IPCThreadState: attemptIncStrongHandle(78): Not supported
03-29 17:54:37.695 15465 15710 E OpenGLRenderer: Device claims wide gamut support, cannot find matching config, error = EGL_SUCCESS
03-29 17:54:37.695 15465 15710 W OpenGLRenderer: Failed to initialize 101010-2 format, error = EGL_SUCCESS
03-29 17:54:43.762 15465 15465 E OplusBracketLog: [OplusViewMirrorManager] updateHostViewRootIfNeeded, not support android.view.ViewRootImpl@4a4997c
03-29 17:54:43.797 15465 15465 E ArmVmp : Match on catch block at 0x8d in for 0x1cd
03-29 17:54:43.807 15465 15465 E ArmVmp : Match on catch block at 0x8d in for 0x1d9
03-29 17:54:43.883 15465 15710 W Parcel : Expecting binder but got null!
03-29 17:54:43.965 15465 15465 W BottomSheetBehavior: BottomSheetBehavior now supports multiple callbacks. `setBottomSheetCallback()` removes all existing callbacks, including ones set internally by library authors, which may result in unintended behavior. This may change in the future. Please use `addBottomSheetCallback()` and `removeBottomSheetCallback()` instead to set your own callbacks.
