03-29 18:44:56.371 17977 17977 E ArmVmp : Match on catch block at 0xc3 in for 0x151
03-29 18:44:56.375 17977 17977 E ArmVmp : Match on catch block at 0xc3 in for 0x14d
03-29 18:44:56.669 17977 17977 E ArmVmp : Match on catch block at 0xc3 in for 0x141
03-29 18:44:56.675 17977 17977 E ArmVmp : Match on catch block at 0xc3 in for 0x159
03-29 18:44:56.736 17977 17977 E ArmVmp : Match on catch block at 0xc3 in for 0x155
03-29 18:44:56.742 17977 17977 E ArmVmp : Match on catch block at 0xc3 in for 0x151
03-29 18:44:57.217 17977 17977 E ArmVmp : Match on catch block at 0xc3 in for 0x14d
03-29 18:44:57.224 17977 17977 E ArmVmp : Match on catch block at 0xc3 in for 0x149
03-29 18:44:57.548 17977 17977 E ArmVmp : Match on catch block at 0xc3 in for 0x145
03-29 18:44:57.554 17977 17977 E ArmVmp : Match on catch block at 0xc3 in for 0x141
03-29 18:44:58.062 17977 17977 E ArmVmp : Match on catch block at 0xc3 in for 0x151
03-29 18:44:58.067 17977 17977 E ArmVmp : Match on catch block at 0xc3 in for 0x14d
03-29 18:44:58.559 17977 17977 E ArmVmp : Match on catch block at 0xc3 in for 0x141
03-29 18:44:58.564 17977 17977 E ArmVmp : Match on catch block at 0xc3 in for 0x159
03-29 18:44:59.056 17977 17977 E ArmVmp : Match on catch block at 0xc3 in for 0x14d
03-29 18:44:59.060 17977 17977 E ArmVmp : Match on catch block at 0xc3 in for 0x149
03-29 18:44:59.552 17977 17977 E ArmVmp : Match on catch block at 0xc3 in for 0x159
03-29 18:44:59.555 17977 17977 E ArmVmp : Match on catch block at 0xc3 in for 0x155
03-29 18:45:00.049 17977 17977 E ArmVmp : Match on catch block at 0xc3 in for 0x149
03-29 18:45:00.052 17977 17977 E ArmVmp : Match on catch block at 0xc3 in for 0x145
03-29 18:45:00.314 17977 17977 E ArmVmp : Match on catch block at 0xc3 in for 0x155
03-29 18:45:00.318 17977 17977 E ArmVmp : Match on catch block at 0xc3 in for 0x151
03-29 18:45:00.330 17977 17977 E ArmVmp : Match on catch block at 0xc3 in for 0x145
03-29 18:45:00.334 17977 17977 E ArmVmp : Match on catch block at 0xc3 in for 0x141
03-29 18:45:00.845 17977 17977 E ArmVmp : Match on catch block at 0xc3 in for 0x151
03-29 18:45:00.848 17977 17977 E ArmVmp : Match on catch block at 0xc3 in for 0x14d
03-29 18:45:01.128 17977 17977 E ArmVmp : Match on catch block at 0xc3 in for 0x149
03-29 18:45:01.134 17977 17977 E ArmVmp : Match on catch block at 0xc3 in for 0x145
03-29 18:45:01.410 17977 17977 E ArmVmp : Match on catch block at 0xc3 in for 0x141
03-29 18:45:01.416 17977 17977 E ArmVmp : Match on catch block at 0xc3 in for 0x159
03-29 18:45:01.674 17977 17977 E ArmVmp : Match on catch block at 0xc3 in for 0x155
03-29 18:45:01.678 17977 17977 E ArmVmp : Match on catch block at 0xc3 in for 0x151
03-29 18:45:01.922 17977 17977 E ArmVmp : Match on catch block at 0xc3 in for 0x14d
03-29 18:45:01.925 17977 17977 E ArmVmp : Match on catch block at 0xc3 in for 0x149
03-29 18:45:02.154 17977 17977 E ArmVmp : Match on catch block at 0xc3 in for 0x145
03-29 18:45:02.159 17977 17977 E ArmVmp : Match on catch block at 0xc3 in for 0x141
03-29 18:45:02.419 17977 17977 E ArmVmp : Match on catch block at 0xc3 in for 0x159
03-29 18:45:02.424 17977 17977 E ArmVmp : Match on catch block at 0xc3 in for 0x155
03-29 18:45:02.667 17977 17977 E ArmVmp : Match on catch block at 0xc3 in for 0x151
03-29 18:45:02.669 17977 17977 E ArmVmp : Match on catch block at 0xc3 in for 0x14d
03-29 18:45:02.866 17977 17977 E ArmVmp : Match on catch block at 0xc3 in for 0x149
03-29 18:45:02.869 17977 17977 E ArmVmp : Match on catch block at 0xc3 in for 0x145
03-29 18:45:03.364 17977 17977 E ArmVmp : Match on catch block at 0xc3 in for 0x155
03-29 18:45:03.369 17977 17977 E ArmVmp : Match on catch block at 0xc3 in for 0x151
03-29 18:45:03.498 17977 17977 E ArmVmp : Match on catch block at 0xc3 in for 0x14d
03-29 18:45:03.504 17977 17977 E ArmVmp : Match on catch block at 0xc3 in for 0x149
03-29 18:45:03.544 17977 17977 E ArmVmp : Match on catch block at 0xc3 in for 0x149
03-29 18:45:03.550 17977 17977 E ArmVmp : Match on catch block at 0xc3 in for 0x145
03-29 18:45:03.601 17977 17977 E ArmVmp : Match on catch block at 0xc3 in for 0x159
03-29 18:45:03.607 17977 17977 E ArmVmp : Match on catch block at 0xc3 in for 0x155
03-29 18:45:03.750 17977 17977 E ArmVmp : Match on catch block at 0xc3 in for 0x159
03-29 18:45:03.755 17977 17977 E ArmVmp : Match on catch block at 0xc3 in for 0x155
03-29 18:45:03.791 17977 17977 E ArmVmp : Match on catch block at 0xc3 in for 0x14d
03-29 18:45:03.796 17977 17977 E ArmVmp : Match on catch block at 0xc3 in for 0x149
03-29 18:45:03.815 17977 17977 E ArmVmp : Match on catch block at 0xc3 in for 0x141
03-29 18:45:03.821 17977 17977 E ArmVmp : Match on catch block at 0xc3 in for 0x159
03-29 18:45:03.832 17977 17977 E ArmVmp : Match on catch block at 0xc3 in for 0x14d
03-29 18:45:03.838 17977 17977 E ArmVmp : Match on catch block at 0xc3 in for 0x149
03-29 18:45:04.045 17977 17977 E ArmVmp : Match on catch block at 0xc3 in for 0x159
03-29 18:45:04.051 17977 17977 E ArmVmp : Match on catch block at 0xc3 in for 0x155
03-29 18:45:04.085 17977 17977 E ArmVmp : Match on catch block at 0xc3 in for 0x155
03-29 18:45:04.092 17977 17977 E ArmVmp : Match on catch block at 0xc3 in for 0x151
03-29 18:45:04.109 17977 21604 W MediaPlayer: Use of stream types is deprecated for operations other than volume control
03-29 18:45:04.109 17977 21604 W MediaPlayer: See the documentation of setAudioStreamType() for what to use instead with android.media.AudioAttributes to qualify your playback use case
03-29 18:45:04.500 17977 17977 E ArmVmp : Match on catch block at 0xc3 in for 0x159
03-29 18:45:04.505 17977 17977 E ArmVmp : Match on catch block at 0xc3 in for 0x155
03-29 18:45:04.545 17977 17977 E ArmVmp : Match on catch block at 0xc3 in for 0x145
03-29 18:45:04.551 17977 17977 E ArmVmp : Match on catch block at 0xc3 in for 0x141
03-29 18:45:04.567 17977 17977 E ArmVmp : Match on catch block at 0xc3 in for 0x155
03-29 18:45:04.572 17977 17977 E ArmVmp : Match on catch block at 0xc3 in for 0x151
03-29 18:45:05.073 17977 17977 E ArmVmp : Match on catch block at 0xc3 in for 0x141
03-29 18:45:05.078 17977 17977 E ArmVmp : Match on catch block at 0xc3 in for 0x159
03-29 18:45:05.538 17977 17977 E ArmVmp : Match on catch block at 0xc3 in for 0x149
03-29 18:45:05.542 17977 17977 E ArmVmp : Match on catch block at 0xc3 in for 0x145
03-29 18:45:05.554 17977 17977 E ArmVmp : Match on catch block at 0xc3 in for 0x151
03-29 18:45:05.557 17977 17977 E ArmVmp : Match on catch block at 0xc3 in for 0x14d
03-29 18:45:05.568 17977 17977 E ArmVmp : Match on catch block at 0xc3 in for 0x141
03-29 18:45:05.571 17977 17977 E ArmVmp : Match on catch block at 0xc3 in for 0x159
03-29 18:45:05.584 17977 17977 E ArmVmp : Match on catch block at 0xc3 in for 0x14d
03-29 18:45:05.588 17977 17977 E ArmVmp : Match on catch block at 0xc3 in for 0x149
03-29 18:45:05.601 17977 17977 E ArmVmp : Match on catch block at 0xc3 in for 0x159
03-29 18:45:05.604 17977 17977 E ArmVmp : Match on catch block at 0xc3 in for 0x155
03-29 18:45:05.617 17977 17977 E ArmVmp : Match on catch block at 0xc3 in for 0x149
03-29 18:45:05.621 17977 17977 E ArmVmp : Match on catch block at 0xc3 in for 0x145
03-29 18:45:05.634 17977 17977 E ArmVmp : Match on catch block at 0xc3 in for 0x155
03-29 18:45:05.638 17977 17977 E ArmVmp : Match on catch block at 0xc3 in for 0x151
03-29 18:45:05.650 17977 17977 E ArmVmp : Match on catch block at 0xc3 in for 0x145
03-29 18:45:05.654 17977 17977 E ArmVmp : Match on catch block at 0xc3 in for 0x141
03-29 18:45:05.670 17977 17977 E ArmVmp : Match on catch block at 0xc3 in for 0x151
03-29 18:45:05.674 17977 17977 E ArmVmp : Match on catch block at 0xc3 in for 0x14d
03-29 18:45:05.683 17977 17977 E ArmVmp : Match on catch block at 0xc3 in for 0x141
03-29 18:45:05.687 17977 17977 E ArmVmp : Match on catch block at 0xc3 in for 0x159
03-29 18:45:05.700 17977 17977 E ArmVmp : Match on catch block at 0xc3 in for 0x14d
03-29 18:45:05.704 17977 17977 E ArmVmp : Match on catch block at 0xc3 in for 0x149
03-29 18:45:05.716 17977 17977 E ArmVmp : Match on catch block at 0xc3 in for 0x159
03-29 18:45:05.720 17977 17977 E ArmVmp : Match on catch block at 0xc3 in for 0x155
03-29 18:45:05.733 17977 17977 E ArmVmp : Match on catch block at 0xc3 in for 0x149
03-29 18:45:05.736 17977 17977 E ArmVmp : Match on catch block at 0xc3 in for 0x145
03-29 18:45:06.032 17977 17977 E ArmVmp : Match on catch block at 0xc3 in for 0x155
03-29 18:45:06.037 17977 17977 E ArmVmp : Match on catch block at 0xc3 in for 0x151
03-29 18:45:06.065 17977 17977 E ArmVmp : Match on catch block at 0xc3 in for 0x14d
03-29 18:45:06.068 17977 17977 E ArmVmp : Match on catch block at 0xc3 in for 0x149
03-29 18:45:06.563 17977 17977 E ArmVmp : Match on catch block at 0xc3 in for 0x159
03-29 18:45:06.568 17977 17977 E ArmVmp : Match on catch block at 0xc3 in for 0x155
03-29 18:45:07.061 17977 17977 E ArmVmp : Match on catch block at 0xc3 in for 0x149
03-29 18:45:07.066 17977 17977 E ArmVmp : Match on catch block at 0xc3 in for 0x145
03-29 18:45:07.127 17977 17977 E ArmVmp : Match on catch block at 0xc3 in for 0x141
03-29 18:45:07.131 17977 17977 E ArmVmp : Match on catch block at 0xc3 in for 0x159
03-29 18:45:07.624 17977 17977 E ArmVmp : Match on catch block at 0xc3 in for 0x14d
03-29 18:45:07.630 17977 17977 E ArmVmp : Match on catch block at 0xc3 in for 0x149
03-29 18:45:07.691 17977 17977 E ArmVmp : Match on catch block at 0xc3 in for 0x145
03-29 18:45:07.695 17977 17977 E ArmVmp : Match on catch block at 0xc3 in for 0x141
03-29 18:45:07.873 17977 17977 E ArmVmp : Match on catch block at 0xc3 in for 0x159
03-29 18:45:07.878 17977 17977 E ArmVmp : Match on catch block at 0xc3 in for 0x155
03-29 18:45:08.386 17977 17977 E ArmVmp : Match on catch block at 0xc3 in for 0x149
03-29 18:45:08.391 17977 17977 E ArmVmp : Match on catch block at 0xc3 in for 0x145
03-29 18:45:08.635 17977 17977 E ArmVmp : Match on catch block at 0xc3 in for 0x141
03-29 18:45:08.641 17977 17977 E ArmVmp : Match on catch block at 0xc3 in for 0x159
03-29 18:45:08.867 17977 17977 E ArmVmp : Match on catch block at 0xc3 in for 0x155
03-29 18:45:08.874 17977 17977 E ArmVmp : Match on catch block at 0xc3 in for 0x151
03-29 18:45:09.116 17977 17977 E ArmVmp : Match on catch block at 0xc3 in for 0x14d
03-29 18:45:09.120 17977 17977 E ArmVmp : Match on catch block at 0xc3 in for 0x149
03-29 18:45:09.364 17977 17977 E ArmVmp : Match on catch block at 0xc3 in for 0x145
03-29 18:45:09.369 17977 17977 E ArmVmp : Match on catch block at 0xc3 in for 0x141
03-29 18:45:09.547 17977 17977 E ArmVmp : Match on catch block at 0xc3 in for 0x159
03-29 18:45:09.552 17977 17977 E ArmVmp : Match on catch block at 0xc3 in for 0x155
03-29 18:45:09.760 17977 17977 E ArmVmp : Match on catch block at 0xc3 in for 0x151
03-29 18:45:09.763 17977 17977 E ArmVmp : Match on catch block at 0xc3 in for 0x14d
03-29 18:45:09.994 17977 17977 E ArmVmp : Match on catch block at 0xc3 in for 0x149
03-29 18:45:09.999 17977 17977 E ArmVmp : Match on catch block at 0xc3 in for 0x145
03-29 18:45:10.276 17977 17977 E ArmVmp : Match on catch block at 0xc3 in for 0x141
03-29 18:45:10.282 17977 17977 E ArmVmp : Match on catch block at 0xc3 in for 0x159
03-29 18:45:10.490 17977 17977 E ArmVmp : Match on catch block at 0xc3 in for 0x155
03-29 18:45:10.496 17977 17977 E ArmVmp : Match on catch block at 0xc3 in for 0x151
03-29 18:45:10.524 17977 17977 E ArmVmp : Match on catch block at 0xc3 in for 0x145
03-29 18:45:10.531 17977 17977 E ArmVmp : Match on catch block at 0xc3 in for 0x141
03-29 18:45:10.740 17977 17977 E ArmVmp : Match on catch block at 0xc3 in for 0x159
03-29 18:45:10.746 17977 17977 E ArmVmp : Match on catch block at 0xc3 in for 0x155
03-29 18:45:11.254 17977 17977 E ArmVmp : Match on catch block at 0xc3 in for 0x149
03-29 18:45:11.260 17977 17977 E ArmVmp : Match on catch block at 0xc3 in for 0x145
03-29 18:45:11.466 17977 17977 E ArmVmp : Match on catch block at 0xc3 in for 0x141
03-29 18:45:11.468 17977 17977 E ArmVmp : Match on catch block at 0xc3 in for 0x159
03-29 18:45:11.486 17977 17977 E ArmVmp : Match on catch block at 0xc3 in for 0x141
03-29 18:45:11.489 17977 17977 E ArmVmp : Match on catch block at 0xc3 in for 0x159
03-29 18:45:11.506 17977 17977 E ArmVmp : Match on catch block at 0xc3 in for 0x14d
03-29 18:45:11.508 17977 17977 E ArmVmp : Match on catch block at 0xc3 in for 0x149
03-29 18:45:11.629 17977 17977 E ArmVmp : Match on catch block at 0xc3 in for 0x159
03-29 18:45:11.633 17977 17977 E ArmVmp : Match on catch block at 0xc3 in for 0x155
03-29 18:45:11.666 17977 17977 E ArmVmp : Match on catch block at 0xc3 in for 0x14d
03-29 18:45:11.668 17977 17977 E ArmVmp : Match on catch block at 0xc3 in for 0x149
03-29 18:45:11.697 17977 17977 E ArmVmp : Match on catch block at 0xc3 in for 0x141
03-29 18:45:11.699 17977 17977 E ArmVmp : Match on catch block at 0xc3 in for 0x159
03-29 18:45:11.706 17977 17977 E ArmVmp : Match on catch block at 0xc3 in for 0x14d
03-29 18:45:11.710 17977 17977 E ArmVmp : Match on catch block at 0xc3 in for 0x149
03-29 18:45:11.935 17977 17977 E ArmVmp : Match on catch block at 0xc3 in for 0x151
03-29 18:45:11.938 17977 17977 E ArmVmp : Match on catch block at 0xc3 in for 0x14d
03-29 18:45:11.947 17977 21604 W MediaPlayer: Use of stream types is deprecated for operations other than volume control
03-29 18:45:11.947 17977 21604 W MediaPlayer: See the documentation of setAudioStreamType() for what to use instead with android.media.AudioAttributes to qualify your playback use case
03-29 18:45:11.983 17977 17977 E ArmVmp : Match on catch block at 0xc3 in for 0x149
03-29 18:45:11.989 17977 17977 E ArmVmp : Match on catch block at 0xc3 in for 0x145
03-29 18:45:12.282 17977 17977 E ArmVmp : Match on catch block at 0xc3 in for 0x14d
03-29 18:45:12.285 17977 17977 E ArmVmp : Match on catch block at 0xc3 in for 0x149
03-29 18:45:12.340 17977 17977 E ArmVmp : Match on catch block at 0xc3 in for 0x145
03-29 18:45:12.346 17977 17977 E ArmVmp : Match on catch block at 0xc3 in for 0x141
03-29 18:45:12.374 17977 17977 E ArmVmp : Match on catch block at 0xc3 in for 0x145
03-29 18:45:12.380 17977 17977 E ArmVmp : Match on catch block at 0xc3 in for 0x141
03-29 18:45:12.495 17977 17977 E ArmVmp : Match on catch block at 0xc3 in for 0x141
03-29 18:45:12.500 17977 17977 E ArmVmp : Match on catch block at 0xc3 in for 0x159
03-29 18:45:12.856 17977 17977 E ArmVmp : Match on catch block at 0xc3 in for 0x149
03-29 18:45:12.862 17977 17977 E ArmVmp : Match on catch block at 0xc3 in for 0x145
03-29 18:45:13.137 17977 17977 E ArmVmp : Match on catch block at 0xc3 in for 0x155
03-29 18:45:13.140 17977 17977 E ArmVmp : Match on catch block at 0xc3 in for 0x151
03-29 18:45:13.180 17977 17977 E IPCThreadState: attemptIncStrongHandle(115): Not supported
03-29 18:45:13.321 17977 17977 E ArmVmp : Match on catch block at 0xc3 in for 0x155
03-29 18:45:13.325 17977 17977 E ArmVmp : Match on catch block at 0xc3 in for 0x151
03-29 18:45:13.389 17977 17977 E ArmVmp : Match on catch block at 0xc3 in for 0x145
03-29 18:45:13.391 17977 17977 E ArmVmp : Match on catch block at 0xc3 in for 0x141
03-29 18:45:13.411 17977 17977 E ArmVmp : Match on catch block at 0xc3 in for 0x151
03-29 18:45:13.416 17977 17977 E ArmVmp : Match on catch block at 0xc3 in for 0x14d
03-29 18:45:13.878 17977 17977 E ArmVmp : Match on catch block at 0xc3 in for 0x145
03-29 18:45:13.883 17977 17977 E ArmVmp : Match on catch block at 0xc3 in for 0x141
03-29 18:46:31.035 17977 17977 E IPCThreadState: attemptIncStrongHandle(102): Not supported
03-29 18:46:31.035 17977 17977 E IPCThreadState: attemptIncStrongHandle(70): Not supported
03-29 18:46:32.572 17977 17977 E ArmVmp : Match on catch block at 0x4c in for 0x1c1
03-29 18:46:32.587 17977 17977 E ArmVmp : Match on catch block at 0x8d in for 0x1d5
03-29 18:46:32.598 17977 17977 E ArmVmp : Match on catch block at 0x8d in for 0x1d5
03-29 18:46:32.642 17977 17977 E ArmVmp : Match on catch block at 0x0a in for 0x191
03-29 18:46:32.647 17977 17977 E ArmVmp : Match on catch block at 0x0a in for 0x189
03-29 18:46:32.757 17977 17977 E OplusBracketLog: [OplusViewMirrorManager] updateHostViewRootIfNeeded, not support android.view.ViewRootImpl@185ee7e
03-29 18:46:33.102 17977 17977 E ArmVmp : Match on catch block at 0xc3 in for 0x161
03-29 18:46:33.105 17977 17977 E ArmVmp : Match on catch block at 0xc3 in for 0x175
03-29 18:46:33.108 17977 17977 E ArmVmp : Match on catch block at 0xc3 in for 0x16d
03-29 18:46:33.142 17977 18055 W Parcel : Expecting binder but got null!
03-29 18:46:33.160 17977 17977 E ArmVmp : Match on catch block at 0xc3 in for 0x155
03-29 18:46:33.164 17977 17977 E ArmVmp : Match on catch block at 0xc3 in for 0x151
03-29 18:46:33.167 17977 17977 E ArmVmp : Match on catch block at 0xc3 in for 0x155
03-29 18:46:33.210 17977 17977 E ArmVmp : Match on catch block at 0xc3 in for 0x155
03-29 18:46:33.212 17977 17977 E ArmVmp : Match on catch block at 0xc3 in for 0x151
03-29 18:46:33.214 17977 17977 E ArmVmp : Match on catch block at 0xc3 in for 0x155
03-29 18:46:33.234 17977 17977 E ArmVmp : Match on catch block at 0xc3 in for 0x159
03-29 18:46:33.236 17977 17977 E ArmVmp : Match on catch block at 0xc3 in for 0x155
03-29 18:46:33.238 17977 17977 E ArmVmp : Match on catch block at 0xc3 in for 0x159
03-29 18:46:33.254 17977 17977 E ArmVmp : Match on catch block at 0xc3 in for 0x149
03-29 18:46:33.256 17977 17977 E ArmVmp : Match on catch block at 0xc3 in for 0x145
03-29 18:46:33.258 17977 17977 E ArmVmp : Match on catch block at 0xc3 in for 0x149
03-29 18:46:33.268 17977 17977 E ArmVmp : Match on catch block at 0xc3 in for 0x141
03-29 18:46:33.270 17977 17977 E ArmVmp : Match on catch block at 0xc3 in for 0x159
03-29 18:46:33.272 17977 17977 E ArmVmp : Match on catch block at 0xc3 in for 0x141
03-29 18:46:33.321 17977 17977 E ArmVmp : Match on catch block at 0xc3 in for 0x151
03-29 18:46:33.323 17977 17977 E ArmVmp : Match on catch block at 0xc3 in for 0x14d
03-29 18:46:33.325 17977 17977 E ArmVmp : Match on catch block at 0xc3 in for 0x151
03-29 18:46:33.396 17977 17977 E ArmVmp : Match on catch block at 0xc3 in for 0x141
03-29 18:46:33.398 17977 17977 E ArmVmp : Match on catch block at 0xc3 in for 0x159
03-29 18:46:33.401 17977 17977 E ArmVmp : Match on catch block at 0xc3 in for 0x141
03-29 18:46:33.405 17977 17977 E OplusBracketLog: [OplusViewMirrorManager] updateHostViewRootIfNeeded, not support android.view.ViewRootImpl@758b5d
03-29 18:46:33.421 17977 18055 W Parcel : Expecting binder but got null!
03-29 18:46:33.435 17977 17977 E ArmVmp : Match on catch block at 0xc3 in for 0x145
03-29 18:46:33.438 17977 17977 E ArmVmp : Match on catch block at 0xc3 in for 0x141
03-29 18:46:33.441 17977 17977 E ArmVmp : Match on catch block at 0xc3 in for 0x145
03-29 18:46:33.478 17977 17977 E ArmVmp : Match on catch block at 0xc3 in for 0x155
03-29 18:46:33.481 17977 17977 E ArmVmp : Match on catch block at 0xc3 in for 0x151
03-29 18:46:33.483 17977 17977 E ArmVmp : Match on catch block at 0xc3 in for 0x155
03-29 18:46:33.506 17977 17977 E ArmVmp : Match on catch block at 0xc3 in for 0x14d
03-29 18:46:33.508 17977 17977 E ArmVmp : Match on catch block at 0xc3 in for 0x149
03-29 18:46:33.510 17977 17977 E ArmVmp : Match on catch block at 0xc3 in for 0x14d
03-29 18:46:33.523 17977 17977 E ArmVmp : Match on catch block at 0xc3 in for 0x14d
03-29 18:46:33.524 17977 17977 E ArmVmp : Match on catch block at 0xc3 in for 0x149
03-29 18:46:33.526 17977 17977 E ArmVmp : Match on catch block at 0xc3 in for 0x14d
03-29 18:46:33.892 17977 17977 E ArmVmp : Match on catch block at 0xc3 in for 0x159
03-29 18:46:33.894 17977 17977 E ArmVmp : Match on catch block at 0xc3 in for 0x155
03-29 18:46:33.897 17977 17977 E ArmVmp : Match on catch block at 0xc3 in for 0x159
03-29 18:46:34.107 17977 17977 E ArmVmp : Match on catch block at 0xc3 in for 0x151
03-29 18:46:34.111 17977 17977 E ArmVmp : Match on catch block at 0xc3 in for 0x14d
03-29 18:46:34.114 17977 17977 E ArmVmp : Match on catch block at 0xc3 in for 0x151
03-29 18:46:34.387 17977 17977 E ArmVmp : Match on catch block at 0xc3 in for 0x151
03-29 18:46:34.389 17977 17977 E ArmVmp : Match on catch block at 0xc3 in for 0x14d
03-29 18:46:34.391 17977 17977 E ArmVmp : Match on catch block at 0xc3 in for 0x151
03-29 18:46:34.407 17977 17977 W OnBackInvokedCallback: OnBackInvokedCallback is not enabled for the application.
03-29 18:46:34.407 17977 17977 W OnBackInvokedCallback: Set 'android:enableOnBackInvokedCallback="true"' in the application manifest.
03-29 18:46:34.488 17977 17977 E ArmVmp : Match on catch block at 0xc3 in for 0x151
03-29 18:46:34.492 17977 17977 E ArmVmp : Match on catch block at 0xc3 in for 0x14d
03-29 18:46:34.496 17977 17977 E ArmVmp : Match on catch block at 0xc3 in for 0x151
03-29 18:46:34.884 17977 17977 E ArmVmp : Match on catch block at 0xc3 in for 0x151
03-29 18:46:34.886 17977 17977 E ArmVmp : Match on catch block at 0xc3 in for 0x14d
03-29 18:46:34.888 17977 17977 E ArmVmp : Match on catch block at 0xc3 in for 0x151
03-29 18:46:35.382 17977 17977 E ArmVmp : Match on catch block at 0xc3 in for 0x155
03-29 18:46:35.384 17977 17977 E ArmVmp : Match on catch block at 0xc3 in for 0x151
03-29 18:46:35.386 17977 17977 E ArmVmp : Match on catch block at 0xc3 in for 0x155
03-29 18:46:35.401 17977 17977 E ArmVmp : Match on catch block at 0xc3 in for 0x151
03-29 18:46:35.403 17977 17977 E ArmVmp : Match on catch block at 0xc3 in for 0x14d
03-29 18:46:35.406 17977 17977 E ArmVmp : Match on catch block at 0xc3 in for 0x151
03-29 18:46:35.415 17977 17977 E ArmVmp : Match on catch block at 0xc3 in for 0x14d
03-29 18:46:35.417 17977 17977 E ArmVmp : Match on catch block at 0xc3 in for 0x149
03-29 18:46:35.420 17977 17977 E ArmVmp : Match on catch block at 0xc3 in for 0x14d
03-29 18:46:35.432 17977 17977 E ArmVmp : Match on catch block at 0xc3 in for 0x14d
03-29 18:46:35.435 17977 17977 E ArmVmp : Match on catch block at 0xc3 in for 0x149
03-29 18:46:35.438 17977 17977 E ArmVmp : Match on catch block at 0xc3 in for 0x14d
03-29 18:46:35.449 17977 17977 E ArmVmp : Match on catch block at 0xc3 in for 0x14d
03-29 18:46:35.452 17977 17977 E ArmVmp : Match on catch block at 0xc3 in for 0x149
03-29 18:46:35.455 17977 17977 E ArmVmp : Match on catch block at 0xc3 in for 0x14d
03-29 18:46:35.465 17977 17977 E ArmVmp : Match on catch block at 0xc3 in for 0x14d
03-29 18:46:35.468 17977 17977 E ArmVmp : Match on catch block at 0xc3 in for 0x149
03-29 18:46:35.471 17977 17977 E ArmVmp : Match on catch block at 0xc3 in for 0x14d
03-29 18:46:35.481 17977 17977 E ArmVmp : Match on catch block at 0xc3 in for 0x14d
03-29 18:46:35.485 17977 17977 E ArmVmp : Match on catch block at 0xc3 in for 0x149
03-29 18:46:35.488 17977 17977 E ArmVmp : Match on catch block at 0xc3 in for 0x14d
03-29 18:46:35.498 17977 17977 E ArmVmp : Match on catch block at 0xc3 in for 0x14d
03-29 18:46:35.503 17977 17977 E ArmVmp : Match on catch block at 0xc3 in for 0x149
03-29 18:46:35.507 17977 17977 E ArmVmp : Match on catch block at 0xc3 in for 0x14d
03-29 18:46:35.516 17977 17977 E ArmVmp : Match on catch block at 0xc3 in for 0x14d
03-29 18:46:35.519 17977 17977 E ArmVmp : Match on catch block at 0xc3 in for 0x149
03-29 18:46:35.523 17977 17977 E ArmVmp : Match on catch block at 0xc3 in for 0x14d
03-29 18:46:35.531 17977 17977 E ArmVmp : Match on catch block at 0xc3 in for 0x14d
03-29 18:46:35.535 17977 17977 E ArmVmp : Match on catch block at 0xc3 in for 0x149
03-29 18:46:35.538 17977 17977 E ArmVmp : Match on catch block at 0xc3 in for 0x14d
03-29 18:46:35.548 17977 17977 E ArmVmp : Match on catch block at 0xc3 in for 0x14d
03-29 18:46:35.551 17977 17977 E ArmVmp : Match on catch block at 0xc3 in for 0x149
03-29 18:46:35.553 17977 17977 E ArmVmp : Match on catch block at 0xc3 in for 0x14d
03-29 18:46:35.563 17977 17977 E ArmVmp : Match on catch block at 0xc3 in for 0x14d
03-29 18:46:35.565 17977 17977 E ArmVmp : Match on catch block at 0xc3 in for 0x149
03-29 18:46:35.567 17977 17977 E ArmVmp : Match on catch block at 0xc3 in for 0x14d
03-29 18:46:35.580 17977 17977 E ArmVmp : Match on catch block at 0xc3 in for 0x14d
03-29 18:46:35.583 17977 17977 E ArmVmp : Match on catch block at 0xc3 in for 0x149
03-29 18:46:35.586 17977 17977 E ArmVmp : Match on catch block at 0xc3 in for 0x14d
03-29 18:46:35.597 17977 17977 E ArmVmp : Match on catch block at 0xc3 in for 0x14d
03-29 18:46:35.599 17977 17977 E ArmVmp : Match on catch block at 0xc3 in for 0x149
03-29 18:46:35.602 17977 17977 E ArmVmp : Match on catch block at 0xc3 in for 0x14d
03-29 18:46:35.763 17977 17977 E ArmVmp : Match on catch block at 0xc3 in for 0x141
03-29 18:46:35.765 17977 17977 E ArmVmp : Match on catch block at 0xc3 in for 0x159
03-29 18:46:35.768 17977 17977 E ArmVmp : Match on catch block at 0xc3 in for 0x141
03-29 18:46:35.945 17977 17977 E ArmVmp : Match on catch block at 0xc3 in for 0x149
03-29 18:46:35.948 17977 17977 E ArmVmp : Match on catch block at 0xc3 in for 0x145
03-29 18:46:35.950 17977 17977 E ArmVmp : Match on catch block at 0xc3 in for 0x149
03-29 18:46:36.028 17977 17977 E ArmVmp : Match on catch block at 0xc3 in for 0x151
03-29 18:46:36.030 17977 17977 E ArmVmp : Match on catch block at 0xc3 in for 0x14d
03-29 18:46:36.033 17977 17977 E ArmVmp : Match on catch block at 0xc3 in for 0x151
03-29 18:46:36.243 17977 17977 E ArmVmp : Match on catch block at 0xc3 in for 0x159
03-29 18:46:36.246 17977 17977 E ArmVmp : Match on catch block at 0xc3 in for 0x155
03-29 18:46:36.248 17977 17977 E ArmVmp : Match on catch block at 0xc3 in for 0x159
03-29 18:46:36.475 17977 17977 E ArmVmp : Match on catch block at 0xc3 in for 0x145
03-29 18:46:36.478 17977 17977 E ArmVmp : Match on catch block at 0xc3 in for 0x141
03-29 18:46:36.480 17977 17977 E ArmVmp : Match on catch block at 0xc3 in for 0x145
03-29 18:46:36.675 17977 17977 E ArmVmp : Match on catch block at 0xc3 in for 0x14d
03-29 18:46:36.677 17977 17977 E ArmVmp : Match on catch block at 0xc3 in for 0x149
03-29 18:46:36.680 17977 17977 E ArmVmp : Match on catch block at 0xc3 in for 0x14d
03-29 18:46:36.890 17977 17977 E ArmVmp : Match on catch block at 0xc3 in for 0x155
03-29 18:46:36.892 17977 17977 E ArmVmp : Match on catch block at 0xc3 in for 0x151
03-29 18:46:36.895 17977 17977 E ArmVmp : Match on catch block at 0xc3 in for 0x155
03-29 18:46:37.089 17977 17977 E ArmVmp : Match on catch block at 0xc3 in for 0x141
03-29 18:46:37.091 17977 17977 E ArmVmp : Match on catch block at 0xc3 in for 0x159
03-29 18:46:37.093 17977 17977 E ArmVmp : Match on catch block at 0xc3 in for 0x141
03-29 18:46:37.206 17977 17977 E ArmVmp : Match on catch block at 0xc3 in for 0x149
03-29 18:46:37.209 17977 17977 E ArmVmp : Match on catch block at 0xc3 in for 0x145
03-29 18:46:37.212 17977 17977 E ArmVmp : Match on catch block at 0xc3 in for 0x149
03-29 18:46:37.388 17977 17977 E ArmVmp : Match on catch block at 0xc3 in for 0x151
03-29 18:46:37.392 17977 17977 E ArmVmp : Match on catch block at 0xc3 in for 0x14d
03-29 18:46:37.396 17977 17977 E ArmVmp : Match on catch block at 0xc3 in for 0x151
03-29 18:46:37.586 17977 17977 E ArmVmp : Match on catch block at 0xc3 in for 0x159
03-29 18:46:37.590 17977 17977 E ArmVmp : Match on catch block at 0xc3 in for 0x155
03-29 18:46:37.594 17977 17977 E ArmVmp : Match on catch block at 0xc3 in for 0x159
03-29 18:46:38.083 17977 17977 E ArmVmp : Match on catch block at 0xc3 in for 0x14d
03-29 18:46:38.085 17977 17977 E ArmVmp : Match on catch block at 0xc3 in for 0x149
03-29 18:46:38.088 17977 17977 E ArmVmp : Match on catch block at 0xc3 in for 0x14d
03-29 18:46:38.099 17977 17977 E ArmVmp : Match on catch block at 0xc3 in for 0x149
03-29 18:46:38.102 17977 17977 E ArmVmp : Match on catch block at 0xc3 in for 0x145
03-29 18:46:38.105 17977 17977 E ArmVmp : Match on catch block at 0xc3 in for 0x149
03-29 18:46:38.125 17977 17977 E ArmVmp : Match on catch block at 0xc3 in for 0x159
03-29 18:46:38.127 17977 17977 E ArmVmp : Match on catch block at 0xc3 in for 0x155
03-29 18:46:38.130 17977 17977 E ArmVmp : Match on catch block at 0xc3 in for 0x159
03-29 18:46:38.161 17977 17977 E ArmVmp : Match on catch block at 0xc3 in for 0x159
03-29 18:46:38.163 17977 17977 E ArmVmp : Match on catch block at 0xc3 in for 0x155
03-29 18:46:38.172 17977 17977 E ArmVmp : Match on catch block at 0xc3 in for 0x149
03-29 18:46:38.177 17977 17977 E ArmVmp : Match on catch block at 0xc3 in for 0x145
03-29 18:46:38.190 17977 17977 E ArmVmp : Match on catch block at 0xc3 in for 0x155
03-29 18:46:38.195 17977 17977 E ArmVmp : Match on catch block at 0xc3 in for 0x151
03-29 18:46:38.206 17977 17977 E ArmVmp : Match on catch block at 0xc3 in for 0x145
03-29 18:46:38.211 17977 17977 E ArmVmp : Match on catch block at 0xc3 in for 0x141
03-29 18:46:38.220 17977 17977 E ArmVmp : Match on catch block at 0xc3 in for 0x151
03-29 18:46:38.224 17977 17977 E ArmVmp : Match on catch block at 0xc3 in for 0x14d
03-29 18:46:38.316 17977 17977 E ArmVmp : Match on catch block at 0xc3 in for 0x151
03-29 18:46:38.321 17977 17977 E ArmVmp : Match on catch block at 0xc3 in for 0x14d
03-29 18:46:38.343 17977 17977 E ArmVmp : Match on catch block at 0xc3 in for 0x145
03-29 18:46:38.345 17977 17977 E ArmVmp : Match on catch block at 0xc3 in for 0x141
03-29 18:46:38.364 17977 17977 E ArmVmp : Match on catch block at 0xc3 in for 0x155
03-29 18:46:38.367 17977 17977 E ArmVmp : Match on catch block at 0xc3 in for 0x151
03-29 18:46:38.381 17977 17977 E ArmVmp : Match on catch block at 0xc3 in for 0x145
03-29 18:46:38.383 17977 17977 E ArmVmp : Match on catch block at 0xc3 in for 0x141
03-29 18:46:38.514 17977 17977 E ArmVmp : Match on catch block at 0xc3 in for 0x141
03-29 18:46:38.517 17977 17977 E ArmVmp : Match on catch block at 0xc3 in for 0x159
03-29 18:46:38.534 17977 17977 E ArmVmp : Match on catch block at 0xc3 in for 0x149
03-29 18:46:38.536 17977 17977 E ArmVmp : Match on catch block at 0xc3 in for 0x145
03-29 18:46:38.548 17977 17977 E ArmVmp : Match on catch block at 0xc3 in for 0x155
03-29 18:46:38.550 17977 17977 E ArmVmp : Match on catch block at 0xc3 in for 0x151
03-29 18:46:38.564 17977 17977 E ArmVmp : Match on catch block at 0xc3 in for 0x145
03-29 18:46:38.566 17977 17977 E ArmVmp : Match on catch block at 0xc3 in for 0x141
03-29 18:46:38.580 17977 17977 E ArmVmp : Match on catch block at 0xc3 in for 0x151
03-29 18:46:38.582 17977 17977 E ArmVmp : Match on catch block at 0xc3 in for 0x14d
03-29 18:46:38.597 17977 17977 E ArmVmp : Match on catch block at 0xc3 in for 0x151
03-29 18:46:38.599 17977 17977 E ArmVmp : Match on catch block at 0xc3 in for 0x14d
03-29 18:46:38.613 17977 17977 E ArmVmp : Match on catch block at 0xc3 in for 0x141
03-29 18:46:38.616 17977 17977 E ArmVmp : Match on catch block at 0xc3 in for 0x159
03-29 18:46:38.630 17977 17977 E ArmVmp : Match on catch block at 0xc3 in for 0x14d
03-29 18:46:38.632 17977 17977 E ArmVmp : Match on catch block at 0xc3 in for 0x149
03-29 18:46:38.647 17977 17977 E ArmVmp : Match on catch block at 0xc3 in for 0x159
03-29 18:46:38.652 17977 17977 E ArmVmp : Match on catch block at 0xc3 in for 0x155
03-29 18:46:38.665 17977 17977 E ArmVmp : Match on catch block at 0xc3 in for 0x149
03-29 18:46:38.669 17977 17977 E ArmVmp : Match on catch block at 0xc3 in for 0x145
03-29 18:46:38.680 17977 17977 E ArmVmp : Match on catch block at 0xc3 in for 0x155
03-29 18:46:38.683 17977 17977 E ArmVmp : Match on catch block at 0xc3 in for 0x151
03-29 18:46:38.697 17977 17977 E ArmVmp : Match on catch block at 0xc3 in for 0x145
03-29 18:46:38.700 17977 17977 E ArmVmp : Match on catch block at 0xc3 in for 0x141
03-29 18:46:38.723 17977 17977 E ArmVmp : Match on catch block at 0xc3 in for 0x145
03-29 18:46:38.725 17977 17977 E ArmVmp : Match on catch block at 0xc3 in for 0x141
03-29 18:46:38.735 17977 17977 E ArmVmp : Match on catch block at 0xc3 in for 0x155
03-29 18:46:38.739 17977 17977 E ArmVmp : Match on catch block at 0xc3 in for 0x151
03-29 18:46:38.749 17977 17977 E ArmVmp : Match on catch block at 0xc3 in for 0x145
03-29 18:46:38.751 17977 17977 E ArmVmp : Match on catch block at 0xc3 in for 0x141
03-29 18:46:38.762 17977 17977 E ArmVmp : Match on catch block at 0xc3 in for 0x151
03-29 18:46:38.764 17977 24497 W MediaPlayer: Use of stream types is deprecated for operations other than volume control
03-29 18:46:38.764 17977 24497 W MediaPlayer: See the documentation of setAudioStreamType() for what to use instead with android.media.AudioAttributes to qualify your playback use case
03-29 18:46:38.767 17977 17977 E ArmVmp : Match on catch block at 0xc3 in for 0x14d
03-29 18:46:38.779 17977 17977 E ArmVmp : Match on catch block at 0xc3 in for 0x141
03-29 18:46:38.785 17977 17977 E ArmVmp : Match on catch block at 0xc3 in for 0x159
03-29 18:46:38.795 17977 17977 E ArmVmp : Match on catch block at 0xc3 in for 0x14d
03-29 18:46:38.800 17977 17977 E ArmVmp : Match on catch block at 0xc3 in for 0x149
03-29 18:46:38.814 17977 17977 E ArmVmp : Match o--------- beginning of main
03-29 18:47:12.567 26229 26229 E com.mbwhatsapp: Unknown bits set in runtime_flags: 0x40000000
03-29 18:47:12.574 26229 26229 E com.mbwhatsapp: Not starting debugger since process cannot load the jdwp agent.
03-29 18:47:12.582 26229 26229 W ziparchive: Unable to open '/system/framework/mediatek-framework.dm': No such file or directory
03-29 18:47:12.582 26229 26229 W ziparchive: Unable to open '/system/framework/mediatek-framework.dm': No such file or directory
03-29 18:47:12.590 26229 26243 E com.mbwhatsapp: Could not write anonymous vdex /system/framework/oat/arm64/mediatek-framework.vdex: Could not open /system/framework/oat/arm64/mediatek-framework.vdex for writing
03-29 18:47:12.629 26229 26229 W libc : Access denied finding property "ro.odm.prev.product.name"
03-29 18:47:12.996 26229 26229 W System.err: java.lang.ClassNotFoundException: mbmodsd.mbmodsw.ui.views.btn.BtnBK
03-29 18:47:12.996 26229 26229 W System.err: at java.lang.Runtime.nativeLoad(Native Method)
03-29 18:47:12.996 26229 26229 W System.err: at java.lang.Runtime.nativeLoad(Runtime.java:1121)
03-29 18:47:12.997 26229 26229 W System.err: at java.lang.Runtime.loadLibrary0(Runtime.java:1075)
03-29 18:47:12.997 26229 26229 W System.err: at java.lang.Runtime.loadLibrary0(Runtime.java:998)
03-29 18:47:12.997 26229 26229 W System.err: at java.lang.System.loadLibrary(System.java:1661)
03-29 18:47:12.997 26229 26229 W System.err: at arm.EpicVm.<clinit>(Unknown Source:2)
03-29 18:47:12.997 26229 26229 W System.err: at java.lang.Class.newInstance(Native Method)
03-29 18:47:12.997 26229 26229 W System.err: at android.app.AppComponentFactory.instantiateApplication(AppComponentFactory.java:76)
03-29 18:47:12.997 26229 26229 W System.err: at androidx.core.app.CoreComponentFactory.instantiateApplication(Unknown Source:0)
03-29 18:47:12.997 26229 26229 W System.err: at android.app.Instrumentation.newApplication(Instrumentation.java:1251)
03-29 18:47:12.997 26229 26229 W System.err: at android.app.LoadedApk.makeApplicationInner(LoadedApk.java:1507)
03-29 18:47:12.997 26229 26229 W System.err: at android.app.LoadedApk.makeApplicationInner(LoadedApk.java:1443)
03-29 18:47:12.997 26229 26229 W System.err: at android.app.ActivityThread.handleBindApplication(ActivityThread.java:7232)
03-29 18:47:12.997 26229 26229 W System.err: at android.app.ActivityThread.-$ $Nest$mhandleBindApplication(Unknown Source:0)
03-29 18:47:12.997 26229 26229 W System.err: at android.app.ActivityThread$H.handleMessage(ActivityThread.java:2307)
03-29 18:47:12.997 26229 26229 W System.err: at android.os.Handler.dispatchMessage(Handler.java:106)
03-29 18:47:12.997 26229 26229 W System.err: at android.os.Looper.loopOnce(Looper.java:240)
03-29 18:47:12.997 26229 26229 W System.err: at android.os.Looper.loop(Looper.java:351)
03-29 18:47:12.997 26229 26229 W System.err: at android.app.ActivityThread.main(ActivityThread.java:8436)
03-29 18:47:12.997 26229 26229 W System.err: at java.lang.reflect.Method.invoke(Native Method)
03-29 18:47:12.997 26229 26229 W System.err: at com.android.internal.os.RuntimeInit$MethodAndArgsCaller.run(RuntimeInit.java:568)
03-29 18:47:12.997 26229 26229 W System.err: at com.android.internal.os.ZygoteInit.main(ZygoteInit.java:1013)
03-29 18:47:13.049 26229 26229 E CustomActivityOnCrash: IMPORTANT WARNING! You already have an UncaughtExceptionHandler, are you sure this is correct? If you use a custom UncaughtExceptionHandler, you must initialize it AFTER CustomActivityOnCrash! Installing anyway, but your original handler will not be called.
03-29 18:47:14.394 26229 26229 W com.mbwhatsapp: Accessing hidden method Lcom/android/org/conscrypt/OpenSSLSocketImpl;->setUseSessionTickets(Z)V (max- target-q,core-platform-api, reflection, denied)
03-29 18:47:14.394 26229 26229 W com.mbwhatsapp: Accessing hidden method Lcom/android/org/conscrypt/AbstractConscryptSocket;->setUseSessionTickets(Z)V (max- target-q, reflection, denied)
03-29 18:47:14.770 26229 26229 E ANR_LOG : Blocked msg = { when=+2s155ms what=110 target=android.app.ActivityThr--------- beginning of main
03-29 18:47:35.968 27125 27125 E com.mbwhatsapp: Unknown bits set in runtime_flags: 0x40000000
03-29 18:47:35.975 27125 27125 E com.mbwhatsapp: Not starting debugger since process cannot load the jdwp agent.
03-29 18:47:36.000 27125 27125 W ziparchive: Unable to open '/system/framework/mediatek-framework.dm': No such file or directory
03-29 18:47:36.000 27125 27125 W ziparchive: Unable to open '/system/framework/mediatek-framework.dm': No such file or directory
03-29 18:47:36.012 27125 27139 E com.mbwhatsapp: Could not write anonymous vdex /system/framework/oat/arm64/mediatek-framework.vdex: Could not open /system/framework/oat/arm64/mediatek-framework.vdex for writing
03-29 18:47:36.077 27125 27125 W libc : Access denied finding property "ro.odm.prev.product.name"
03-29 18:47:36.493 27125 27125 W System.err: java.lang.ClassNotFoundException: mbmodsd.mbmodsw.ui.views.btn.BtnBK
03-29 18:47:36.495 27125 27125 W System.err: at java.lang.Runtime.nativeLoad(Native Method)
03-29 18:47:36.495 27125 27125 W System.err: at java.lang.Runtime.nativeLoad(Runtime.java:1121)
03-29 18:47:36.495 27125 27125 W System.err: at java.lang.Runtime.loadLibrary0(Runtime.java:1075)
03-29 18:47:36.495 27125 27125 W System.err: at java.lang.Runtime.loadLibrary0(Runtime.java:998)
03-29 18:47:36.496 27125 27125 W System.err: at java.lang.System.loadLibrary(System.java:1661)
03-29 18:47:36.496 27125 27125 W System.err: at arm.EpicVm.<clinit>(Unknown Source:2)
03-29 18:47:36.496 27125 27125 W System.err: at java.lang.Class.newInstance(Native Method)
03-29 18:47:36.497 27125 27125 W System.err: at android.app.AppComponentFactory.instantiateApplication(AppComponentFactory.java:76)
03-29 18:47:36.497 27125 27125 W System.err: at androidx.core.app.CoreComponentFactory.instantiateApplication(Unknown Source:0)
03-29 18:47:36.497 27125 27125 W System.err: at android.app.Instrumentation.newApplication(Instrumentation.java:1251)
03-29 18:47:36.497 27125 27125 W System.err: at android.app.LoadedApk.makeApplicationInner(LoadedApk.java:1507)
03-29 18:47:36.497 27125 27125 W System.err: at android.app.LoadedApk.makeApplicationInner(LoadedApk.java:1443)
03-29 18:47:36.497 27125 27125 W System.err: at android.app.ActivityThread.handleBindApplication(ActivityThread.java:7232)
03-29 18:47:36.497 27125 27125 W System.err: at android.app.ActivityThread.-$ $Nest$mhandleBindApplication(Unknown Source:0)
03-29 18:47:36.497 27125 27125 W System.err: at android.app.ActivityThread$H.handleMessage(ActivityThread.java:2307)
03-29 18:47:36.497 27125 27125 W System.err: at android.os.Handler.dispatchMessage(Handler.java:106)
03-29 18:47:36.497 27125 27125 W System.err: at android.os.Looper.loopOnce(Looper.java:240)
03-29 18:47:36.497 27125 27125 W System.err: at android.os.Looper.loop(Looper.java:351)
03-29 18:47:36.497 27125 27125 W System.err: at android.app.ActivityThread.main(ActivityThread.java:8436)
03-29 18:47:36.497 27125 27125 W System.err: at java.lang.reflect.Method.invoke(Native Method)
03-29 18:47:36.497 27125 27125 W System.err: at com.android.internal.os.RuntimeInit$MethodAndArgsCaller.run(RuntimeInit.java:568)
03-29 18:47:36.497 27125 27125 W System.err: at com.android.internal.os.ZygoteInit.main(ZygoteInit.java:1013)
03-29 18:47:36.580 27125 27125 E CustomActivityOnCrash: IMPORTANT WARNING! You already have an UncaughtExceptionHandler, are you sure this is correct? If you use a custom UncaughtExceptionHandler, you must initialize it AFTER CustomActivityOnCrash! Installing anyway, but your original handler will not be called.
03-29 18:47:39.087 27125 27125 W com.mbwhatsapp: Accessing hidden method Lcom/android/org/conscrypt/OpenSSLSocketImpl;->setUseSessionTickets(Z)V (max- target-q,core-platform-api, reflection, denied)
03-29 18:47:39.087 27125 27125 W com.mbwhatsapp: Accessing hidden method Lcom/android/org/conscrypt/AbstractConscryptSocket;->setUseSessionTickets(Z)V (max- target-q, reflection, denied)
03-29 18:47:39.320 27125 27125 W com.mbwhatsapp: type=1400 audit(0.0:1222363): avc: granted { execute } for path--------- beginning of main
03-29 18:48:14.658 29224 29224 E com.mbwhatsapp: Unknown bits set in runtime_flags: 0x40000000
03-29 18:48:14.670 29224 29224 E com.mbwhatsapp: Not starting debugger since process cannot load the jdwp agent.
03-29 18:48:14.683 29224 29224 W ziparchive: Unable to open '/system/framework/mediatek-framework.dm': No such file or directory
03-29 18:48:14.683 29224 29224 W ziparchive: Unable to open '/system/framework/mediatek-framework.dm': No such file or directory
03-29 18:48:14.694 29224 29247 E com.mbwhatsapp: Could not write anonymous vdex /system/framework/oat/arm64/mediatek-framework.vdex: Could not open /system/framework/oat/arm64/mediatek-framework.vdex for writing
03-29 18:48:14.729 29224 29224 W libc : Access denied finding property "ro.odm.prev.product.name"
03-29 18:48:15.441 29224 29224 W System.err: java.lang.ClassNotFoundException: mbmodsd.mbmodsw.ui.views.btn.BtnBK
03-29 18:48:15.444 29224 29224 W System.err: at java.lang.Runtime.nativeLoad(Native Method)
03-29 18:48:15.444 29224 29224 W System.err: at java.lang.Runtime.nativeLoad(Runtime.java:1121)
03-29 18:48:15.444 29224 29224 W System.err: at java.lang.Runtime.loadLibrary0(Runtime.java:1075)
03-29 18:48:15.444 29224 29224 W System.err: at java.lang.Runtime.loadLibrary0(Runtime.java:998)
03-29 18:48:15.444 29224 29224 W System.err: at java.lang.System.loadLibrary(System.java:1661)
03-29 18:48:15.444 29224 29224 W System.err: at arm.EpicVm.<clinit>(Unknown Source:2)
03-29 18:48:15.444 29224 29224 W System.err: at java.lang.Class.newInstance(Native Method)
03-29 18:48:15.444 29224 29224 W System.err: at android.app.AppComponentFactory.instantiateApplication(AppComponentFactory.java:76)
03-29 18:48:15.444 29224 29224 W System.err: at androidx.core.app.CoreComponentFactory.instantiateApplication(Unknown Source:0)
03-29 18:48:15.444 29224 29224 W System.err: at android.app.Instrumentation.newApplication(Instrumentation.java:1251)
03-29 18:48:15.444 29224 29224 W System.err: at android.app.LoadedApk.makeApplicationInner(LoadedApk.java:1507)
03-29 18:48:15.444 29224 29224 W System.err: at android.app.LoadedApk.makeApplicationInner(LoadedApk.java:1443)
03-29 18:48:15.444 29224 29224 W System.err: at android.app.ActivityThread.handleBindApplication(ActivityThread.java:7232)
03-29 18:48:15.444 29224 29224 W System.err: at android.app.ActivityThread.-$ $Nest$mhandleBindApplication(Unknown Source:0)
03-29 18:48:15.444 29224 29224 W System.err: at android.app.ActivityThread$H.handleMessage(ActivityThread.java:2307)
03-29 18:48:15.444 29224 29224 W System.err: at android.os.Handler.dispatchMessage(Handler.java:106)
03-29 18:48:15.444 29224 29224 W System.err: at android.os.Looper.loopOnce(Looper.java:240)
03-29 18:48:15.444 29224 29224 W System.err: at android.os.Looper.loop(Looper.java:351)
03-29 18:48:15.444 29224 29224 W System.err: at android.app.ActivityThread.main(ActivityThread.java:8436)
03-29 18:48:15.444 29224 29224 W System.err: at java.lang.reflect.Method.invoke(Native Method)
03-29 18:48:15.444 29224 29224 W System.err: at com.android.internal.os.RuntimeInit$MethodAndArgsCaller.run(RuntimeInit.java:568)
03-29 18:48:15.444 29224 29224 W System.err: at com.android.internal.os.ZygoteInit.main(ZygoteInit.java:1013)
03-29 18:48:15.557 29224 29224 E CustomActivityOnCrash: IMPORTANT WARNING! You already have an UncaughtExceptionHandler, are you sure this is correct? If you use a custom UncaughtExceptionHandler, you must initialize it AFTER CustomActivityOnCrash! Installing anyway, but your original handler will not be called.
03-29 18:48:16.832 29216 29216 W com.whatsapp: type=1400 audit(0.0:1222374): avc: granted { execute } for path="/data/data/com.whatsapp/files/decompressed/libs.spo/libc++_shared.so" dev="dm-75" ino=91597 scontext=u:r:untrusted_app:s0:c47,c257,c512,c768 tcontext=u:object_r:app_data_file:s0:c47,c257,c512,c768 tclass=file app=com.mbwhatsapp
03-29 18:48:16.852 29216 29216 W com.whatsapp: type=1400 audit(0.0:1222375): avc: granted { execute } for path="/data/data/com.whatsapp/files/decompressed/l--------- beginning of main
03-29 18:49:50.356 31404 31404 E com.mbwhatsapp: Unknown bits set in runtime_flags: 0x40000000
03-29 18:49:50.365 31404 31404 E com.mbwhatsapp: Not starting debugger since process cannot load the jdwp agent.
03-29 18:49:50.375 31404 31404 W ziparchive: Unable to open '/system/framework/mediatek-framework.dm': No such file or directory
03-29 18:49:50.375 31404 31404 W ziparchive: Unable to open '/system/framework/mediatek-framework.dm': No such file or directory
03-29 18:49:50.390 31404 31424 E com.mbwhatsapp: Could not write anonymous vdex /system/framework/oat/arm64/mediatek-framework.vdex: Could not open /system/framework/oat/arm64/mediatek-framework.vdex for writing
03-29 18:49:50.428 31404 31404 W libc : Access denied finding property "ro.odm.prev.product.name"
03-29 18:49:50.874 31404 31404 W System.err: java.lang.ClassNotFoundException: mbmodsd.mbmodsw.ui.views.btn.BtnBK
03-29 18:49:50.878 31404 31404 W System.err: at java.lang.Runtime.nativeLoad(Native Method)
03-29 18:49:50.878 31404 31404 W System.err: at java.lang.Runtime.nativeLoad(Runtime.java:1121)
03-29 18:49:50.878 31404 31404 W System.err: at java.lang.Runtime.loadLibrary0(Runtime.java:1075)
03-29 18:49:50.878 31404 31404 W System.err: at java.lang.Runtime.loadLibrary0(Runtime.java:998)
03-29 18:49:50.878 31404 31404 W System.err: at java.lang.System.loadLibrary(System.java:1661)
03-29 18:49:50.878 31404 31404 W System.err: at arm.EpicVm.<clinit>(Unknown Source:2)
03-29 18:49:50.878 31404 31404 W System.err: at java.lang.Class.newInstance(Native Method)
03-29 18:49:50.878 31404 31404 W System.err: at android.app.AppComponentFactory.instantiateApplication(AppComponentFactory.java:76)
03-29 18:49:50.878 31404 31404 W System.err: at androidx.core.app.CoreComponentFactory.instantiateApplication(Unknown Source:0)
03-29 18:49:50.878 31404 31404 W System.err: at android.app.Instrumentation.newApplication(Instrumentation.java:1251)
03-29 18:49:50.878 31404 31404 W System.err: at android.app.LoadedApk.makeApplicationInner(LoadedApk.java:1507)
03-29 18:49:50.878 31404 31404 W System.err: at android.app.LoadedApk.makeApplicationInner(LoadedApk.java:1443)
03-29 18:49:50.878 31404 31404 W System.err: at android.app.ActivityThread.handleBindApplication(ActivityThread.java:7232)
03-29 18:49:50.878 31404 31404 W System.err: at android.app.ActivityThread.-$ $Nest$mhandleBindApplication(Unknown Source:0)
03-29 18:49:50.878 31404 31404 W System.err: at android.app.ActivityThread$H.handleMessage(ActivityThread.java:2307)
03-29 18:49:50.878 31404 31404 W System.err: at android.os.Handler.dispatchMessage(Handler.java:106)
03-29 18:49:50.878 31404 31404 W System.err: at android.os.Looper.loopOnce(Looper.java:240)
03-29 18:49:50.878 31404 31404 W System.err: at android.os.Looper.loop(Looper.java:351)
03-29 18:49:50.878 31404 31404 W System.err: at android.app.ActivityThread.main(ActivityThread.java:8436)
03-29 18:49:50.878 31404 31404 W System.err: at java.lang.reflect.Method.invoke(Native Method)
03-29 18:49:50.878 31404 31404 W System.err: at com.android.internal.os.RuntimeInit$MethodAndArgsCaller.run(RuntimeInit.java:568)
03-29 18:49:50.878 31404 31404 W System.err: at com.android.internal.os.ZygoteInit.main(ZygoteInit.java:1013)
03-29 18:49:50.952 31404 31404 E CustomActivityOnCrash: IMPORTANT WARNING! You already have an UncaughtExceptionHandler, are you sure this is correct? If you use a custom UncaughtExceptionHandler, you must initialize it AFTER CustomActivityOnCrash! Installing anyway, but your original handler will not be called.
03-29 18:49:52.121 31404 31404 W com.mbwhatsapp: Accessing hidden method Lcom/android/org/conscrypt/OpenSSLSocketImpl;->setUseSessionTickets(Z)V (max- target-q,core-platform-api, reflection, denied)
03-29 18:49:52.121 31404 31404 W com.mbwhatsapp: Accessing hidden method Lcom/android/org/conscrypt/AbstractConscryptSocket;->setUseSessionTickets(Z)V (max- target-q, reflection, denied)
03-29 18:49:52.518 31404 31404 E ANR_LOG : Blocked msg = { when=+2s113ms what=110 target=android.app.ActivityThr--------- beginning of main
03-29 19:04:22.253 9739 9739 E com.mbwhatsapp: Unknown bits set in runtime_flags: 0x40000000
03-29 19:04:22.262 9739 9739 E com.mbwhatsapp: Not starting debugger since process cannot load the jdwp agent.
03-29 19:04:22.274 9739 9739 W ziparchive: Unable to open '/system/framework/mediatek-framework.dm': No such file or directory
03-29 19:04:22.274 9739 9739 W ziparchive: Unable to open '/system/framework/mediatek-framework.dm': No such file or directory
