03-29 22:17:44.529 24592 24592 W System.err: at android.app.ActivityThread.main(ActivityThread.java:8436)
03-29 22:17:44.529 24592 24592 W System.err: at java.lang.reflect.Method.invoke(Native Method)
03-29 22:17:44.529 24592 24592 W System.err: at com.android.internal.os.RuntimeInit$MethodAndArgsCaller.run(RuntimeInit.java:568)
03-29 22:17:44.529 24592 24592 W System.err: at com.android.internal.os.ZygoteInit.main(ZygoteInit.java:1013)
03-29 22:17:44.542 24592 24592 E CustomActivityOnCrash: IMPORTANT WARNING! You already have an UncaughtExceptionHandler, are you sure this is correct? If you use a custom UncaughtExceptionHandler, you must initialize it AFTER CustomActivityOnCrash! Installing anyway, but your original handler will not be called.
03-29 22:17:44.952 24592 24592 W com.mbwhatsapp: Accessing hidden method Lcom/android/org/conscrypt/OpenSSLSocketImpl;->setUseSessionTickets(Z)V (max- target-q,core-platform-api, reflection, denied)
03-29 22:17:44.952 24592 24592 W com.mbwhatsapp: Accessing hidden method Lcom/android/org/conscrypt/AbstractConscryptSocket;->setUseSessionTickets(Z)V (max- target-q, reflection, denied)
03-29 22:17:44.992 24592 24592 W com.mbwhatsapp: type=1400 audit(0.0:1230607): avc: granted { execute } for path="/data/data/com.mbwhatsapp/files/decompressed/libs.spk.zst/libc++_shared.so" dev="dm-75" ino=34004 scontext=u:r:untrusted_app:s0:c38,c257,c512,c768 tcontext=u:object_r:app_data_file:s0:c38,c257,c512,c768 tclass=file app=com.mbwhatsapp
03-29 22:17:45.028 24592 24592 W com.mbwhatsapp: type=1400 audit(0.0:1230608): avc: granted { execute } for path="/data/data/com.mbwhatsapp/files/decompressed/libs.spk.zst/libvlc.so" dev="dm- 75" ino=37727 scontext=u:r:untrusted_app:s0:c38,c257,c512,c768 tcontext=u:object_r:app_data_file:s0:c38,c257,c512,c768 tclass=file app=com.mbwhatsapp
03-29 22:17:45.044 24592 24592 W com.mbwhatsapp: type=1400 audit(0.0:1230609): avc: granted { execute } for path="/data/data/com.mbwhatsapp/files/decompressed/libs.spk.zst/libwhatsapp.so" dev="dm-75" ino=36919 scontext=u:r:untrusted_app:s0:c38,c257,c512,c768 tcontext=u:object_r:app_data_file:s0:c38,c257,c512,c768 tclass=file app=com.mbwhatsapp
03-29 22:17:45.176 24592 24592 W com.mbwhatsapp: type=1400 audit(0.0:1230610): avc: granted { execute } for path="/data/data/com.mbwhatsapp/files/decompressed/libs.spk.zst/libcurve25519.so" dev="dm-75" ino=36986 scontext=u:r:untrusted_app:s0:c38,c257,c512,c768 tcontext=u:object_r:app_data_file:s0:c38,c257,c512,c768 tclass=file app=com.mbwhatsapp
03-29 22:17:45.212 24592 24592 W com.mbwhatsapp: type=1400 audit(0.0:1230611): avc: granted { execute } for path="/data/data/com.mbwhatsapp/files/decompressed/libs.spk.zst/libwhatsapp.so" dev="dm-75" ino=36919 scontext=u:r:untrusted_app:s0:c38,c257,c512,c768 tcontext=u:object_r:app_data_file:s0:c38,c257,c512,c768 tclass=file app=com.mbwhatsapp
03-29 22:17:45.399 24592 24742 W com.mbwhatsapp: Method void X.2rL.A03(java.lang.Integer) failed lock verification and will run slower.
03-29 22:17:45.399 24592 24742 W com.mbwhatsapp: Common causes for lock verification issues are non-optimized dex code
03-29 22:17:45.399 24592 24742 W com.mbwhatsapp: and incorrect proguard optimizations.
03-29 22:17:45.478 24592 24592 W com.mbwhatsapp: Method void X.0eU.A0h(X.0tK, boolean) failed lock verification and will run slower.
03-29 22:17:46.183 24592 24592 W com.mbwhatsapp: Method void com.mbwhatsapp.HomeActivity.A6e() failed lock verification and will run slower. --------- beginning of system
03-29 22:17:46.360 24592 24592 E OplusCustomizeRestrictionManager: sInstance is null, start a new sInstance
03-29 22:17:46.382 24592 24592 E ArmVmp : Match on catch block at 0x8d in for 0x1d1
03-29 22:17:46.419 24592 24780 E QT : [QT]file does not exist
03-29 22:17:46.525 24592 24592 E ArmVmp : Match on catch block at 0x4c in for 0x1c1
03-29 22:17:46.572 24592 24592 E ArmVmp : Match on catch block at 0x8d in for 0x1c5
03-29 22:17:47.158 24592 24592 E ArmVmp : Match on catch block at 0x0a in for 0x185
03-29 22:17:47.216 24592 24592 E ArmVmp : Match on catch block at 0x0a in for 0x26d
03-29 22:17:47.303 24592 24592 W Activity: Can request only one set of permissions at a time
03-29 22:17:47.374 24592 24805 W com.mbwhatsapp: Accessing hidden method Lcom/android/org/conscrypt/ConscryptEngineSocket;->setUseSessionTickets(Z)V (max- target-q,core-platform-api, reflection, denied)
03-29 22:17:47.374 24592 24805 W com.mbwhatsapp: Accessing hidden method Lcom/android/org/conscrypt/OpenSSLSocketImpl;->setUseSessionTickets(Z)V (max- target-q,core-platform-api, reflection, denied)
03-29 22:17:47.374 24592 24805 W com.mbwhatsapp: Accessing hidden method Lcom/android/org/conscrypt/AbstractConscryptSocket;->setUseSessionTickets(Z)V (max- target-q, reflection, denied)
03-29 22:17:47.375 24592 24805 W com.mbwhatsapp: Accessing hidden method Lcom/android/org/conscrypt/ConscryptEngineSocket;->setHostname(Ljava/lang/String;)V (max-target-q,core-platform-api, reflection, denied)
03-29 22:17:47.375 24592 24805 W com.mbwhatsapp: Accessing hidden method Lcom/android/org/conscrypt/OpenSSLSocketImpl;->setHostname(Ljava/lang/String;)V (max-target-q,core-platform-api, reflection, denied)
03-29 22:17:47.375 24592 24805 W com.mbwhatsapp: Accessing hidden method Lcom/android/org/conscrypt/AbstractConscryptSocket;->setHostname(Ljava/lang/ String;)V (max-target-q, reflection, denied)
03-29 22:17:47.375 24592 24805 W com.mbwhatsapp: Accessing hidden method Lcom/android/org/conscrypt/OpenSSLSocketImpl;->setAlpnProtocols([B)V (max-target- q,core-platform-api, reflection, denied)
03-29 22:17:47.375 24592 24805 W com.mbwhatsapp: Accessing hidden method Lcom/android/org/conscrypt/AbstractConscryptSocket;->setAlpnProtocols([B)V (max- target-q, reflection, denied)
03-29 22:17:47.595 24592 24592 E SchedAssist: ofbOpen failed with error=No such file or directory
03-29 22:17:47.595 24592 24592 E SchedAssist: sysOpen failed with error=No such file or directory
03-29 22:17:47.596 24592 24592 E SchedAssist: sharedImFd failed with error=Permission denied
03-29 22:17:47.661 24592 24592 E ANR_LOG : Blocked msg = { when=+1s510ms what=159 target=android.app.ActivityThread$H obj=android.app.servertransaction.ClientTransaction@4e330a6b } , cost = 1510 ms
03-29 22:17:47.763 24592 24592 E OplusBracketLog: [OplusViewMirrorManager] updateHostViewRootIfNeeded, not support android.view.ViewRootImpl@9d481b
03-29 22:17:47.854 24592 24805 W com.mbwhatsapp: Accessing hidden method Lcom/android/org/conscrypt/OpenSSLSocketImpl;->getAlpnSelectedProtocol()[B (max- target-q,core-platform-api, reflection, denied)
03-29 22:17:47.891 24592 24805 W com.mbwhatsapp: Accessing hidden method Lcom/android/org/conscrypt/AbstractConscryptSocket;->getAlpnSelectedProtocol()[B (max-target-q, reflection, denied)
03-29 22:17:48.417 24592 24779 E OpenGLRenderer: Device claims wide gamut support, cannot find matching config, error = EGL_SUCCESS
03-29 22:17:48.417 24592 24779 W OpenGLRenderer: Failed to initialize 101010-2 format, error = EGL_SUCCESS
03-29 22:17:48.543 24592 24592 E ArmVmp : Match on catch block at 0x8d in for 0x1f1
03-29 22:17:48.858 24592 24592 E ArmVmp : Match on catch block at 0x8d in for 0x1f5
03-29 22:17:48.972 24592 24592 E ArmVmp : Match on catch block at 0x8d in for 0x1ed
03-29 22:17:49.107 24592 24592 E ArmVmp : Match on catch block at 0x8d in for 0x1e1
03-29 22:17:49.205 24592 24592 E ArmVmp : Match on catch block at 0x8d in for 0x1f5
03-29 22:17:49.306 24592 24592 E ArmVmp : Match on catch block at 0x8d in for 0x1ed
03-29 22:17:49.415 24592 24592 E ArmVmp : Match on catch block at 0x8d in for 0x1f5
03-29 22:17:49.562 24592 24592 E ArmVmp : Match on catch block at 0x8d in for 0x1ed
03-29 22:17:49.661 24592 24592 E ArmVmp : Match on catch block at 0x8d in for 0x1f5
03-29 22:17:49.756 24592 24592 E ArmVmp : Match on catch block at 0x8d in for 0x1f1
03-29 22:17:49.828 24592 24592 E RecyclerView: No adapter attached; skipping layout
03-29 22:17:50.063 24592 24779 W libc : Access denied finding property "ro.vendor.magt.mtk_magt_support"
03-29 22:17:50.200 24592 24779 W Parcel : Expecting binder but got null!
03-29 22:17:50.201 24592 24592 E ANR_LOG : Blocked msg = { when=+2s439ms what=0 target=android.view.Choreographer$FrameHandler callback=android.view.Choreographer$FrameDisplayEventReceiver } , cost = 2439 ms
03-29 22:17:50.233 24592 24592 E ArmVmp : Match on catch block at 0x0a in for 0x1a1
03-29 22:17:50.382 24592 24592 E RecyclerView: No adapter attached; skipping layout
03-29 22:17:50.842 24592 24665 W LibraryVersion: Failed to get app version for libraryName: firebase-iid
03-29 22:17:51.290 24592 24969 W LOTTIE : Animation contains merge paths. Merge paths are only supported on KitKat+ and must be manually enabled by calling enableMergePathsForKitKatAndAbove().
03-29 22:17:51.412 24592 24592 E ArmVmp : Match on catch block at 0x8d in for 0x249
03-29 22:17:51.428 24592 24592 E ArmVmp : Match on catch block at 0x8d in for 0x255
03-29 22:17:51.448 24592 24592 E ArmVmp : Match on catch block at 0x8d in for 0x245
03-29 22:17:51.469 24592 24592 E ArmVmp : Match on catch block at 0x8d in for 0x251
03-29 22:17:51.710 24592 24592 W LOTTIE : Animation contains merge paths but they are disabled.
03-29 22:17:52.133 24592 24592 E ArmVmp : Match on catch block at 0x8d in for 0x1d1
03-29 22:17:52.155 24592 24592 E ArmVmp : Match on catch block at 0x8d in for 0x1d1
03-29 22:17:52.747 24592 24994 E ion : ioctl c0044901 failed with code -1: Invalid argument
03-29 22:17:54.514 24592 24610 W com.mbwhatsapp: Cleared Reference was only reachable from finalizer (only reported once)
03-29 22:24:20.469 24592 24592 E OplusBracketLog: [OplusViewMirrorManager] updateHostViewRootIfNeeded, not support android.view.ViewRootImpl@983965c
03-29 22:24:20.515 24592 24779 W Parcel : Expecting binder but got null!
03-29 22:25:58.478 24592 24592 E OplusBracketLog: [OplusViewMirrorManager] updateHostViewRootIfNeeded, not support android.view.ViewRootImpl@ea4414a
03-29 22:25:58.491 24592 24592 E IPCThreadState: attemptIncStrongHandle(108): Not supported
03-29 22:25:58.507 24592 24779 W Parcel : Expecting binder but got null!
03-29 22:26:37.282 24592 24592 E OplusBracketLog: [OplusViewMirrorManager] updateHostViewRootIfNeeded, not support android.view.ViewRootImpl@7f4674c
03-29 22:26:37.298 24592 24592 E IPCThreadState: attemptIncStrongHandle(67): Not supported
03-29 22:26:37.311 24592 24779 W Parcel : Expecting binder but got null!
03-29 22:26:49.741 24592 24592 E OplusBracketLog: [OplusViewMirrorManager] updateHostViewRootIfNeeded, not support android.view.ViewRootImpl@7a7468b
03-29 22:26:49.756 24592 24592 E IPCThreadState: attemptIncStrongHandle(77): Not supported
03-29 22:26:49.769 24592 24779 W Parcel : Expecting binder but got null!
03-29 22:32:04.856 27904 27904 W Lacrima_startup: type=1400 audit(0.0:1231002): avc: granted { execute } for path="/data/data/com.facebook.lite/lib-compressed/libforce_dlopen.so" dev="dm-75" ino=89127 scontext=u:r:untrusted_app:s0:c53,c257,c512,c768 tcontext=u:object_r:app_data_file:s0:c53,c257,c512,c768 tclass=file app=com.mbwhatsapp
03-29 22:32:04.860 27904 27904 W Lacrima_startup: type=1400 audit(0.0:1231003): avc: granted { execute } for path="/data/data/com.facebook.lite/lib-compressed/libandroid_aware_dlopen.so" dev="dm-75" ino=88737 scontext=u:r:untrusted_app:s0:c53,c257,c512,c768 tcontext=u:object_r:app_data_file:s0:c53,c257,c512,c768 tclass=file app=com.mbwhatsapp
03-29 22:32:04.888 27904 27904 W Lacrima_startup: type=1400 audit(0.0:1231004): avc: granted { execute } for path="/data/data/com.facebook.lite/lib-compressed/libbreakpad.so" dev="dm-75" ino=107197 scontext=u:r:untrusted_app:s0:c53,c257,c512,c768 tcontext=u:object_r:app_data_file:s0:c53,c257,c512,c768 tclass=file app=com.mbwhatsapp
03-29 22:32:05.772 27904 27904 W Thread-5: type=1400 audit(0.0:1231005): avc: granted { execute } for path="/data/data/com.facebook.lite/lib-compressed/lib_everything_merged_1.so" dev="dm-75" ino=120202 scontext=u:r:untrusted_app:s0:c53,c257,c512,c768 tcontext=u:object_r:app_data_file:s0:c53,c257,c512,c768 tclass=file app=com.mbwhatsapp
03-29 22:32:05.788 27904 27904 W Thread-6: type=1400 audit(0.0:1231006): avc: granted { execute } for path="/data/data/com.facebook.lite/app_modules/shared_fizz_ms_profilo_bde00e87ed63e fd8aa3c453a6ceb73605cc4f00aa51958fa24fa6707a05d548f/download/libs/armeabi-v7a/ lib_everything_merged_shared_fizz_ms_profilo.so" dev="dm-75" ino=125547 scontext=u:r:untrusted_app:s0:c53,c257,c512,c768 tcontext=u:object_r:app_data_file:s0:c53,c257,c512,c768 tclass=file app=com.mbwhatsapp
03-29 22:32:05.876 27904 27904 W m.facebook.lite: type=1400 audit(0.0:1231011): avc: granted { execute } for path="/data/data/com.facebook.lite/app_modules/shared_fizz_ms_profilo_bde00e87ed63e fd8aa3c453a6ceb73605cc4f00aa51958fa24fa6707a05d548f/download/libs/armeabi-v7a/ libfbsofterror.so" dev="dm-75" ino=119798 scontext=u:r:untrusted_app:s0:c53,c257,c512,c768 tcontext=u:object_r:app_data_file:s0:c53,c257,c512,c768 tclass=file app=com.mbwhatsapp
03-29 22:32:05.880 27904 27904 W m.facebook.lite: type=1400 audit(0.0:1231012): avc: granted { execute } for path="/data/data/com.facebook.lite/app_modules/shared_fizz_ms_profilo_bde00e87ed63e fd8aa3c453a6ceb73605cc4f00aa51958fa24fa6707a05d548f/download/libs/armeabi-v7a/ libfb.so" dev="dm-75" ino=125531 scontext=u:r:untrusted_app:s0:c53,c257,c512,c768 tcontext=u:object_r:app_data_file:s0:c53,c257,c512,c768 tclass=file app=com.mbwhatsapp
03-29 22:32:05.908 27904 27904 W m.facebook.lite: type=1400 audit(0.0:1231013): avc: granted { execute } for path="/data/data/com.facebook.lite/lib-compressed/liblinkerutils.so" dev="dm-75" ino=125182 scontext=u:r:untrusted_app:s0:c53,c257,c512,c768 tcontext=u:object_r:app_data_file:s0:c53,c257,c512,c768 tclass=file app=com.mbwhatsapp
03-29 22:32:05.924 27904 27904 W m.facebook.lite: type=1400 audit(0.0:1231014): avc: granted { execute } for path="/data/data/com.facebook.lite/app_modules/s_libunwindstack_profilo_c2314217ecd 49cb6a76d420052e415c11cef48e75f7b7cf8142c415dfd3679a7/download/libs/armeabi-v7a/ libfbunwindstack.so" dev="dm-75" ino=113594 scontext=u:r:untrusted_app:s0:c53,c257,c512,c768 tcontext=u:object_r:app_data_file:s0:c53,c257,c512,c768 tclass=file app=com.mbwhatsapp
03-29 22:32:05.944 27904 27904 W m.facebook.lite: type=1400 audit(0.0:1231015): avc: granted { execute } for path="/data/data/com.facebook.lite/app_modules/profilo_5860ea52389560712ef9acdb786a 0595e0e0ed8b3b820297502f936cdd68a09c/download/libs/armeabi-v7a/ lib_everything_merged_profilo.so" dev="dm-75" ino=42482 scontext=u:r:untrusted_app:s0:c53,c257,c512,c768 tcontext=u:object_r:app_data_file:s0:c53,c257,c512,c768 tclass=file app=com.mbwhatsapp
03-29 22:33:43.384 24592 24728 E SQLiteDatabase: Error inserting transferred=1 media_job_uuid=cbd23197-5860-404e-8a8c-f22f79aa7482 transcoded=0 gif_attribution=0 first_scan_length=9885 direct_path=/o1/v/t62.7118-24/f1/m231/up-oil-image-0d0754fd- d06d-4609-952a-fc93221b9ed1?ccb=9-4&oh=01_ASANdMXBvVpRfoYJTJzdErHp8yW8NNLvdT5F9Fq- iF05_g&oe=662E4798&_nc_sid=000000 thumbnail_height_width_ratio=1.1594203 is_animated_sticker=0 file_hash=CKfbce+QC1e7Gi6e9u7cijuPdESXm0BTX9Pr0HhetQI= file_path=Media/.Statuses/c496ed3248d64ad8be50950f0403606c.jpg file_size=80196 partial_media_hash=HPbFwUQVS9AyLMCc4PBCOTwY01h8LTs93BHdBmWMH0A= face_x=88 face_y=488 height=1080 trim_to=0 media_key_timestamp=1711726393000 message_url=https://mmg.whatsapp.net/o1/v/t62.7118-24/f1/m231/up-oil-image- 0d0754fd-d06d-4609-952a-fc93221b9ed1?ccb=9- 4&oh=01_ASANdMXBvVpRfoYJTJzdErHp8yW8NNLvdT5F9Fq- iF05_g&oe=662E4798&_nc_sid=000000&mms3=true media_caption=null trim_from=0 mime_type=image/jpeg partial_media_enc_hash=null width=933 original_file_hash=null has_streaming_sidecar=1 autotransfer_retry_enabled=1 media_upload_handle=null message_row_id=12770 multicast_id=null enc_file_hash=wJKgJuSepTPBAcjPk1/GDyl8+2SfWKQXYoJlhjAv8AI= mute_video=0 page_count=0 first_scan_sidecar=[B@7d2db27 suspicious_content=0 file_length=80196 media_name=null media_duration=0 chat_row_id=19 media_key=[B@ab761d4
03-29 22:33:43.384 24592 24728 E SQLiteDatabase: android.database.sqlite.SQLiteConstraintException: UNIQUE constraint failed: message_media.message_row_id (code 1555 SQLITE_CONSTRAINT_PRIMARYKEY)
03-29 22:33:43.384 24592 24728 E SQLiteDatabase: at android.database.sqlite.SQLiteConnection.nativeExecuteForLastInsertedRowId(Native Method)
03-29 22:33:43.384 24592 24728 E SQLiteDatabase: at android.database.sqlite.SQLiteConnection.executeForLastInsertedRowId(SQLiteConnecti on.java:967)
03-29 22:33:43.384 24592 24728 E SQLiteDatabase: at android.database.sqlite.SQLiteSession.executeForLastInsertedRowId(SQLiteSession.jav a:790)
03-29 22:33:43.384 24592 24728 E SQLiteDatabase: at android.database.sqlite.SQLiteStatement.executeInsert(SQLiteStatement.java:89)
03-29 22:33:43.384 24592 24728 E SQLiteDatabase: at android.database.sqlite.SQLiteDatabase.insertWithOnConflict(SQLiteDatabase.java:186 8)
03-29 22:33:43.384 24592 24728 E SQLiteDatabase: at android.database.sqlite.SQLiteDatabase.insert(SQLiteDatabase.java:1737)
03-29 22:33:43.384 24592 24728 E SQLiteDatabase: at X.2tm.A08(Unknown Source:6)
03-29 22:33:43.384 24592 24728 E SQLiteDatabase: at X.35Y.A07(Unknown Source:212)
03-29 22:33:43.384 24592 24728 E SQLiteDatabase: at X.3QF.A14(Unknown Source:470)
03-29 22:33:43.384 24592 24728 E SQLiteDatabase: at X.3gU.run(Unknown Source:982)
03-29 22:33:43.384 24592 24728 E SQLiteDatabase: at android.os.Handler.handleCallback(Handler.java:942)
03-29 22:33:43.384 24592 24728 E SQLiteDatabase: at android.os.Handler.dispatchMessage(Handler.java:99)
03-29 22:33:43.384 24592 24728 E SQLiteDatabase: at X.0zq.dispatchMessage(Unknown Source:4)
03-29 22:33:43.384 24592 24728 E SQLiteDatabase: at android.os.Looper.loopOnce(Looper.java:240)
03-29 22:33:43.384 24592 24728 E SQLiteDatabase: at android.os.Looper.loop(Looper.java:351)
03-29 22:33:43.384 24592 24728 E SQLiteDatabase: at android.os.HandlerThread.run(HandlerThread.java:67)
03-29 22:35:01.676 24592 24592 E OplusBracketLog: [OplusViewMirrorManager] updateHostViewRootIfNeeded, not support android.view.ViewRootImpl@bd3f8e1
03-29 22:35:01.702 24592 24592 E IPCThreadState: attemptIncStrongHandle(80): Not supported
03-29 22:35:01.729 24592 24779 W Parcel : Expecting binder but got null!
03-29 22:35:40.104 28769 28769 W Lacrima_startup: type=1400 audit(0.0:1231121): avc: granted { execute } for path="/data/data/com.instagram.android/lib- compressed/libdistractutil.so" dev="dm-75" ino=39890 scontext=u:r:untrusted_app:s0:c36,c257,c512,c768 tcontext=u:object_r:app_data_file:s0:c36,c257,c512,c768 tclass=file app=com.mbwhatsapp
03-29 22:35:40.112 28769 28769 W Lacrima_startup: type=1400 audit(0.0:1231122): avc: granted { execute } for path="/data/data/com.instagram.android/lib- compressed/libfssync.so" dev="dm-75" ino=39905 scontext=u:r:untrusted_app:s0:c36,c257,c512,c768 tcontext=u:object_r:app_data_file:s0:c36,c257,c512,c768 tclass=file app=com.mbwhatsapp
03-29 22:35:40.148 28769 28769 W Lacrima_startup: type=1400 audit(0.0:1231123): avc: granted { execute } for path="/data/data/com.instagram.android/lib- compressed/libredexsharedmerged.so" dev="dm-75" ino=39830 scontext=u:r:untrusted_app:s0:c36,c257,c512,c768 tcontext=u:object_r:app_data_file:s0:c36,c257,c512,c768 tclass=file app=com.mbwhatsapp
03-29 22:35:40.160 28769 28769 W Lacrima_startup: type=1400 audit(0.0:1231124): avc: granted { execute } for path="/data/data/com.instagram.android/lib- compressed/libdextricksmerged.so" dev="dm-75" ino=39613 scontext=u:r:untrusted_app:s0:c36,c257,c512,c768 tcontext=u:object_r:app_data_file:s0:c36,c257,c512,c768 tclass=file app=com.mbwhatsapp
03-29 22:35:40.188 28769 28769 W Lacrima_startup: type=1400 audit(0.0:1231125): avc: granted { execute } for path="/data/data/com.instagram.android/lib- compressed/libloommerged_1.so" dev="dm-75" ino=39760 scontext=u:r:untrusted_app:s0:c36,c257,c512,c768 tcontext=u:object_r:app_data_file:s0:c36,c257,c512,c768 tclass=file app=com.mbwhatsapp
03-29 22:35:41.184 28769 28769 W SIMPLE_WORKER0: type=1400 audit(0.0:1231157): avc: granted { execute } for path="/data/data/com.instagram.android/lib-compressed/libxplat_papaya_log_logImplAn droid.so" dev="dm-75" ino=39766 scontext=u:r:untrusted_app:s0:c36,c257,c512,c768 tcontext=u:object_r:app_data_file:s0:c36,c257,c512,c768 tclass=file app=com.mbwhatsapp
03-29 22:35:41.188 28769 28769 W SIMPLE_WORKER0: type=1400 audit(0.0:1231158): avc: granted { execute } for path="/data/data/com.instagram.android/lib-compressed/libpapaya-log.so" dev="dm-75" ino=39835 scontext=u:r:untrusted_app:s0:c36,c257,c512,c768 tcontext=u:object_r:app_data_file:s0:c36,c257,c512,c768 tclass=file app=com.mbwhatsapp
03-29 22:35:41.212 28769 28769 W SIMPLE_WORKER2: type=1400 audit(0.0:1231159): avc: granted { execute } for path="/data/data/com.instagram.android/lib-compressed/libmediacodechooks_jni.so" dev="dm-75" ino=39808 scontext=u:r:untrusted_app:s0:c36,c257,c512,c768 tcontext=u:object_r:app_data_file:s0:c36,c257,c512,c768 tclass=file app=com.mbwhatsapp
03-29 22:35:41.220 28769 28769 W SIMPLE_WORKER0: type=1400 audit(0.0:1231160): avc: granted { execute } for path="/data/data/com.instagram.android/lib-compressed/libxplat_papaya_store_sqlite_ sqliteAndroid.so" dev="dm-75" ino=39629 scontext=u:r:untrusted_app:s0:c36,c257,c512,c768 tcontext=u:object_r:app_data_file:s0:c36,c257,c512,c768 tclass=file app=com.mbwhatsapp
03-29 22:35:41.232 28769 28769 W SIMPLE_WORKER0: type=1400 audit(0.0:1231161): avc: granted { execute } for path="/data/data/com.instagram.android/lib-compressed/libxplat_papaya_fb_store_mana ger_managerAndroid.so" dev="dm-75" ino=39655 scontext=u:r:untrusted_app:s0:c36,c257,c512,c768 tcontext=u:object_r:app_data_file:s0:c36,c257,c512,c768 tclass=file app=com.mbwhatsapp
03-29 22:35:42.236 28769 28769 W SIMPLE_WORKER5: type=1400 audit(0.0:1231174): avc: granted { execute } for path="/data/data/com.instagram.android/lib-compressed/libxplat_ReliableMedia_Reliab leMediaAndroid.so" dev="dm-75" ino=39724 scontext=u:r:untrusted_app:s0:c36,c257,c512,c768 tcontext=u:object_r:app_data_file:s0:c36,c257,c512,c768 tclass=file app=com.mbwhatsapp
03-29 22:35:42.244 28769 28769 W SIMPLE_WORKER5: type=1400 audit(0.0:1231175): avc: granted { execute } for path="/data/data/com.instagram.android/lib-compressed/libxplat_ReliableMedia_UrlMap Parser_UrlMapParserAndroid.so" dev="dm-75" ino=39730 scontext=u:r:untrusted_app:s0:c36,c257,c512,c768 tcontext=u:object_r:app_data_file:s0:c36,c257,c512,c768 tclass=file app=com.mbwhatsapp
03-29 22:35:42.244 28769 28769 W SIMPLE_WORKER5: type=1400 audit(0.0:1231176): avc: granted { execute } for path="/data/data/com.instagram.android/lib-compressed/libxplat_ReliableMedia_TigonU rlMapFetcher_TigonUrlMapFetcherAndroid.so" dev="dm-75" ino=39741 scontext=u:r:untrusted_app:s0:c36,c257,c512,c768 tcontext=u:object_r:app_data_file:s0:c36,c257,c512,c768 tclass=file app=com.mbwhatsapp
03-29 22:35:42.252 28769 28769 W SIMPLE_WORKER5: type=1400 audit(0.0:1231177): avc: granted { execute } for path="/data/data/com.instagram.android/lib-compressed/libxplat_ReliableMedia_TigonH ostHealthChecker_TigonHostHealthCheckerAndroid.so" dev="dm-75" ino=39858 scontext=u:r:untrusted_app:s0:c36,c257,c512,c768 tcontext=u:object_r:app_data_file:s0:c36,c257,c512,c768 tclass=file app=com.mbwhatsapp
03-29 22:35:42.256 28769 28769 W SIMPLE_WORKER5: type=1400 audit(0.0:1231178): avc: granted { execute } for path="/data/data/com.instagram.android/lib-compressed/libreliablemedia.so" dev="dm- 75" ino=39725 scontext=u:r:untrusted_app:s0:c36,c257,c512,c768 tcontext=u:object_r:app_data_file:s0:c36,c257,c512,c768 tclass=file app=com.mbwhatsapp
03-29 22:35:49.124 29386 29386 W Lacrima_startup: type=1400 audit(0.0:1231186): avc: granted { execute } for path="/data/data/com.instagram.android/lib- compressed/libdistractutil.so" dev="dm-75" ino=39890 scontext=u:r:untrusted_app:s0:c36,c257,c512,c768 tcontext=u:object_r:app_data_file:s0:c36,c257,c512,c768 tclass=file app=com.mbwhatsapp
03-29 22:35:49.128 29386 29386 W Lacrima_startup: type=1400 audit(0.0:1231187): avc: granted { execute } for path="/data/data/com.instagram.android/lib- compressed/libfssync.so" dev="dm-75" ino=39905 scontext=u:r:untrusted_app:s0:c36,c257,c512,c768 tcontext=u:object_r:app_data_file:s0:c36,c257,c512,c768 tclass=file app=com.mbwhatsapp
03-29 22:35:49.128 29386 29386 W stagram.android: type=1400 audit(0.0:1231188): avc: granted { execute } for path="/data/data/com.instagram.android/lib- compressed/libredexsharedmerged.so" dev="dm-75" ino=39830 scontext=u:r:untrusted_app:s0:c36,c257,c512,c768 tcontext=u:object_r:app_data_file:s0:c36,c257,c512,c768 tclass=file app=com.mbwhatsapp
03-29 22:35:49.136 29386 29386 W stagram.android: type=1400 audit(0.0:1231189): avc: granted { execute } for path="/data/data/com.instagram.android/lib- compressed/libdextricksmerged.so" dev="dm-75" ino=39613 scontext=u:r:untrusted_app:s0:c36,c257,c512,c768 tcontext=u:object_r:app_data_file:s0:c36,c257,c512,c768 tclass=file app=com.mbwhatsapp
03-29 22:35:49.152 29386 29386 W Lacrima_startup: type=1400 audit(0.0:1231190): avc: granted { execute } for path="/data/data/com.instagram.android/lib- compressed/libloommerged_1.so" dev="dm-75" ino=39760 scontext=u:r:untrusted_app:s0:c36,c257,c512,c768 tcontext=u:object_r:app_data_file:s0:c36,c257,c512,c768 tclass=file app=com.mbwhatsapp
03-29 22:35:50.160 29386 29386 W SIMPLE_WORKER5: type=1400 audit(0.0:1231238): avc: granted { execute } for path="/data/data/com.instagram.android/lib-compressed/libfb_mboost.so" dev="dm-75" ino=39865 scontext=u:r:untrusted_app:s0:c36,c257,c512,c768 tcontext=u:object_r:app_data_file:s0:c36,c257,c512,c768 tclass=file app=com.mbwhatsapp
03-29 22:35:50.208 29386 29386 W SIMPLE_WORKER5: type=1400 audit(0.0:1231239): avc: granted { execute } for path="/data/data/com.instagram.android/lib-compressed/libxplat_ReliableMedia_Reliab leMediaAndroid.so" dev="dm-75" ino=39724 scontext=u:r:untrusted_app:s0:c36,c257,c512,c768 tcontext=u:object_r:app_data_file:s0:c36,c257,c512,c768 tclass=file app=com.mbwhatsapp
03-29 22:35:50.212 29386 29386 W SIMPLE_WORKER5: type=1400 audit(0.0:1231240): avc: granted { execute } for path="/data/data/com.instagram.android/lib-compressed/libxplat_ReliableMedia_UrlMap Parser_UrlMapParserAndroid.so" dev="dm-75" ino=39730 scontext=u:r:untrusted_app:s0:c36,c257,c512,c768 tcontext=u:object_r:app_data_file:s0:c36,c257,c512,c768 tclass=file app=com.mbwhatsapp
03-29 22:35:50.212 29386 29386 W SIMPLE_WORKER5: type=1400 audit(0.0:1231241): avc: granted { execute } for path="/data/data/com.instagram.android/lib-compressed/libxplat_ReliableMedia_TigonU rlMapFetcher_TigonUrlMapFetcherAndroid.so" dev="dm-75" ino=39741 scontext=u:r:untrusted_app:s0:c36,c257,c512,c768 tcontext=u:object_r:app_data_file:s0:c36,c257,c512,c768 tclass=file app=com.mbwhatsapp
03-29 22:35:50.216 29386 29386 W SIMPLE_WORKER5: type=1400 audit(0.0:1231242): avc: granted { execute } for path="/data/data/com.instagram.android/lib-compressed/libxplat_ReliableMedia_TigonH ostHealthChecker_TigonHostHealthCheckerAndroid.so" dev="dm-75" ino=39858 scontext=u:r:untrusted_app:s0:c36,c257,c512,c768 tcontext=u:object_r:app_data_file:s0:c36,c257,c512,c768 tclass=file app=com.mbwhatsapp
03-29 22:35:51.252 29386 29386 W SIMPLE_WORKER5: type=1400 audit(0.0:1231244): avc: granted { execute } for path="/data/data/com.instagram.android/lib-compressed/libliger.so" dev="dm-75" ino=39608 scontext=u:r:untrusted_app:s0:c36,c257,c512,c768 tcontext=u:object_r:app_data_file:s0:c36,c257,c512,c768 tclass=file app=com.mbwhatsapp
03-29 22:35:51.300 29386 29386 W SIMPLE_WORKER5: type=1400 audit(0.0:1231245): avc: granted { execute } for path="/data/data/com.instagram.android/modules/pytorch_aeb87f03ed8bc7824adc3558a5ed ab34f218fac3a3979cd3e4e113550a08ba9a/lib-compressed/armeabi-v7a/ libtorchmerged_pytorch_1.so" dev="dm-75" ino=37256 scontext=u:r:untrusted_app:s0:c36,c257,c512,c768 tcontext=u:object_r:app_data_file:s0:c36,c257,c512,c768 tclass=file app=com.mbwhatsapp
03-29 22:35:51.304 29386 29386 W SIMPLE_WORKER5: type=1400 audit(0.0:1231246): avc: granted { execute } for path="/data/data/com.instagram.android/modules/pytorch_aeb87f03ed8bc7824adc3558a5ed ab34f218fac3a3979cd3e4e113550a08ba9a/lib-compressed/armeabi-v7a/libxplat_third- party_NNPACK_NNPACKAndroid.so" dev="dm-75" ino=37065 scontext=u:r:untrusted_app:s0:c36,c257,c512,c768 tcontext=u:object_r:app_data_file:s0:c36,c257,c512,c768 tclass=file app=com.mbwhatsapp
03-29 22:35:51.312 29386 29386 W SIMPLE_WORKER5: type=1400 audit(0.0:1231247): avc: granted { execute } for path="/data/data/com.instagram.android/lib-compressed/libdextricksmerged_1.so" dev="dm-75" ino=39949 scontext=u:r:untrusted_app:s0:c36,c257,c512,c768 tcontext=u:object_r:app_data_file:s0:c36,c257,c512,c768 tclass=file app=com.mbwhatsapp
03-29 22:35:51.320 29386 29386 W SIMPLE_WORKER5: type=1400 audit(0.0:1231248): avc: granted { execute } for path="/data/data/com.instagram.android/lib-compressed/libtorchmerged.so" dev="dm- 75" ino=39698 scontext=u:r:untrusted_app:s0:c36,c257,c512,c768 tcontext=u:object_r:app_data_file:s0:c36,c257,c512,c768 tclass=file app=com.mbwhatsapp
03-29 22:40:19.096 24592 24592 E OplusBracketLog: [OplusViewMirrorManager] updateHostViewRootIfNeeded, not support android.view.ViewRootImpl@bcec211
03-29 22:40:19.133 24592 24592 E IPCThreadState: attemptIncStrongHandle(84): Not supported
03-29 22:40:19.167 24592 24779 W Parcel : Expecting binder but got null!
03-29 22:40:51.880 30115 30115 W Lacrima_startup: type=1400 audit(0.0:1231333): avc: granted { execute } for path="/data/data/com.instagram.android/lib- compressed/libdistractutil.so" dev="dm-75" ino=39890 scontext=u:r:untrusted_app:s0:c36,c257,c512,c768 tcontext=u:object_r:app_data_file:s0:c36,c257,c512,c768 tclass=file app=com.mbwhatsapp
03-29 22:40:51.912 30115 30115 W Lacrima_startup: type=1400 audit(0.0:1231334): avc: granted { execute } for path="/data/data/com.instagram.android/lib- compressed/libfssync.so" dev="dm-75" ino=39905 scontext=u:r:untrusted_app:s0:c36,c257,c512,c768 tcontext=u:object_r:app_data_file:s0:c36,c257,c512,c768 tclass=file app=com.mbwhatsapp
03-29 22:40:51.964 30115 30115 W Lacrima_startup: type=1400 audit(0.0:1231335): avc: granted { execute } for path="/data/data/com.instagram.android/lib- compressed/libredexsharedmerged.so" dev="dm-75" ino=39830 scontext=u:r:untrusted_app:s0:c36,c257,c512,c768 tcontext=u:object_r:app_data_file:s0:c36,c257,c512,c768 tclass=file app=com.mbwhatsapp
03-29 22:40:51.980 30115 30115 W Lacrima_startup: type=1400 audit(0.0:1231336): avc: granted { execute } for path="/data/data/com.instagram.android/lib- compressed/libdextricksmerged.so" dev="dm-75" ino=39613 scontext=u:r:untrusted_app:s0:c36,c257,c512,c768 tcontext=u:object_r:app_data_file:s0:c36,c257,c512,c768 tclass=file app=com.mbwhatsapp
03-29 22:40:52.024 30115 30115 W Lacrima_startup: type=1400 audit(0.0:1231337): avc: granted { execute } for path="/data/data/com.instagram.android/lib- compressed/libloommerged_1.so" dev="dm-75" ino=39760 scontext=u:r:untrusted_app:s0:c36,c257,c512,c768 tcontext=u:object_r:app_data_file:s0:c36,c257,c512,c768 tclass=file app=com.mbwhatsapp
03-29 22:40:53.108 30115 30115 W SIMPLE_WORKER0: type=1400 audit(0.0:1231369): avc: granted { execute } for path="/data/data/com.instagram.android/lib-compressed/libxplat_papaya_log_logImplAn droid.so" dev="dm-75" ino=39766 scontext=u:r:untrusted_app:s0:c36,c257,c512,c768 tcontext=u:object_r:app_data_file:s0:c36,c257,c512,c768 tclass=file app=com.mbwhatsapp
03-29 22:40:53.116 30115 30115 W SIMPLE_WORKER0: type=1400 audit(0.0:1231370): avc: granted { execute } for path="/data/data/com.instagram.android/lib-compressed/libpapaya-log.so" dev="dm-75" ino=39835 scontext=u:r:untrusted_app:s0:c36,c257,c512,c768 tcontext=u:object_r:app_data_file:s0:c36,c257,c512,c768 tclass=file app=com.mbwhatsapp
03-29 22:40:53.136 30115 30115 W SIMPLE_WORKER0: type=1400 audit(0.0:1231371): avc: granted { execute } for path="/data/data/com.instagram.android/lib-compressed/libxplat_papaya_store_sqlite_ sqliteAndroid.so" dev="dm-75" ino=39629 scontext=u:r:untrusted_app:s0:c36,c257,c512,c768 tcontext=u:object_r:app_data_file:s0:c36,c257,c512,c768 tclass=file app=com.mbwhatsapp
03-29 22:40:53.144 30115 30115 W SIMPLE_WORKER1: type=1400 audit(0.0:1231372): avc: granted { execute } for path="/data/data/com.instagram.android/lib-compressed/libmediacodechooks_jni.so" dev="dm-75" ino=39808 scontext=u:r:untrusted_app:s0:c36,c257,c512,c768 tcontext=u:object_r:app_data_file:s0:c36,c257,c512,c768 tclass=file app=com.mbwhatsapp
03-29 22:40:53.152 30115 30115 W SIMPLE_WORKER0: type=1400 audit(0.0:1231373): avc: granted { execute } for path="/data/data/com.instagram.android/lib-compressed/libxplat_papaya_fb_store_mana ger_managerAndroid.so" dev="dm-75" ino=39655 scontext=u:r:untrusted_app:s0:c36,c257,c512,c768 tcontext=u:object_r:app_data_file:s0:c36,c257,c512,c768 tclass=file app=com.mbwhatsapp
03-29 22:41:34.596 30975 30975 W Thread-18: type=1400 audit(0.0:1231455): avc: denied { ioctl } for path="socket:[343750983]" dev="sockfs" ino=343750983 ioctlcmd=0x8927 scontext=u:r:untrusted_app:s0:c17,c257,c512,c768 tcontext=u:r:untrusted_app:s0:c17,c257,c512,c768 tclass=udp_socket permissive=0 app=com.mbwhatsapp
03-29 22:41:34.656 30975 30975 W Thread-18: type=1400 audit(0.0:1231457): avc: denied { ioctl } for path="socket:[343745951]" dev="sockfs" ino=343745951 ioctlcmd=0x8927 scontext=u:r:untrusted_app:s0:c17,c257,c512,c768 tcontext=u:r:untrusted_app:s0:c17,c257,c512,c768 tclass=udp_socket permissive=0 app=com.mbwhatsapp
03-29 22:41:35.792 31349 31349 W ip : type=1400 audit(0.0:1231469): avc: denied { bind } for scontext=u:r:untrusted_app:s0:c17,c257,c512,c768 tcontext=u:r:untrusted_app:s0:c17,c257,c512,c768 tclass=netlink_route_socket permissive=0 bug=b/155595000 app=com.mbwhatsapp
03-29 22:42:41.300 1887 1887 W Lacrima_startup: type=1400 audit(0.0:1231677): avc: granted { execute } for path="/data/data/com.instagram.android/lib- compressed/libdistractutil.so" dev="dm-75" ino=39890 scontext=u:r:untrusted_app:s0:c36,c257,c512,c768 tcontext=u:object_r:app_data_file:s0:c36,c257,c512,c768 tclass=file app=com.mbwhatsapp
03-29 22:42:41.300 1887 1887 W Lacrima_startup: type=1400 audit(0.0:1231678): avc: granted { execute } for path="/data/data/com.instagram.android/lib- compressed/libfssync.so" dev="dm-75" ino=39905 scontext=u:r:untrusted_app:s0:c36,c257,c512,c768 tcontext=u:object_r:app_data_file:s0:c36,c257,c512,c768 tclass=file app=com.mbwhatsapp
03-29 22:42:41.312 1887 1887 W stagram.android: type=1400 audit(0.0:1231679): avc: granted { execute } for path="/data/data/com.instagram.android/lib- compressed/libredexsharedmerged.so" dev="dm-75" ino=39830 scontext=u:r:untrusted_app:s0:c36,c257,c512,c768 tcontext=u:object_r:app_data_file:s0:c36,c257,c512,c768 tclass=file app=com.mbwhatsapp
03-29 22:42:41.312 1887 1887 W stagram.android: type=1400 audit(0.0:1231680): avc: granted { execute } for path="/data/data/com.instagram.android/lib- compressed/libdextricksmerged.so" dev="dm-75" ino=39613 scontext=u:r:untrusted_app:s0:c36,c257,c512,c768 tcontext=u:object_r:app_data_file:s0:c36,c257,c512,c768 tclass=file app=com.mbwhatsapp
03-29 22:42:41.328 1887 1887 W Lacrima_startup: type=1400 audit(0.0:1231681): avc: granted { execute } for path="/data/data/com.instagram.android/lib- compressed/libloommerged_1.so" dev="dm-75" ino=39760 scontext=u:r:untrusted_app:s0:c36,c257,c512,c768 tcontext=u:object_r:app_data_file:s0:c36,c257,c512,c768 tclass=file app=com.mbwhatsapp
03-29 22:42:42.404 1887 1887 W SIMPLE_WORKER5: type=1400 audit(0.0:1231729): avc: granted { execute } for path="/data/data/com.instagram.android/lib-compressed/libfb_mboost.so" dev="dm-75" ino=39865 scontext=u:r:untrusted_app:s0:c36,c257,c512,c768 tcontext=u:object_r:app_data_file:s0:c36,c257,c512,c768 tclass=file app=com.mbwhatsapp
03-29 22:42:42.512 1887 1887 W SIMPLE_WORKER5: type=1400 audit(0.0:1231730): avc: granted { execute } for path="/data/data/com.instagram.android/lib-compressed/libxplat_ReliableMedia_Reliab leMediaAndroid.so" dev="dm-75" ino=39724 scontext=u:r:untrusted_app:s0:c36,c257,c512,c768 tcontext=u:object_r:app_data_file:s0:c36,c257,c512,c768 tclass=file app=com.mbwhatsapp
03-29 22:42:42.520 1887 1887 W SIMPLE_WORKER5: type=1400 audit(0.0:1231731): avc: granted { execute } for path="/data/data/com.instagram.android/lib-compressed/libxplat_ReliableMedia_UrlMap Parser_UrlMapParserAndroid.so" dev="dm-75" ino=39730 scontext=u:r:untrusted_app:s0:c36,c257,c512,c768 tcontext=u:object_r:app_data_file:s0:c36,c257,c512,c768 tclass=file app=com.mbwhatsapp
03-29 22:42:42.524 1887 1887 W SIMPLE_WORKER5: type=1400 audit(0.0:1231732): avc: granted { execute } for path="/data/data/com.instagram.android/lib-compressed/libxplat_ReliableMedia_TigonU rlMapFetcher_TigonUrlMapFetcherAndroid.so" dev="dm-75" ino=39741 scontext=u:r:untrusted_app:s0:c36,c257,c512,c768 tcontext=u:object_r:app_data_file:s0:c36,c257,c512,c768 tclass=file app=com.mbwhatsapp
03-29 22:42:42.532 1887 1887 W SIMPLE_WORKER5: type=1400 audit(0.0:1231733): avc: granted { execute } for path="/data/data/com.instagram.android/lib-compressed/libxplat_ReliableMedia_TigonH ostHealthChecker_TigonHostHealthCheckerAndroid.so" dev="dm-75" ino=39858 scontext=u:r:untrusted_app:s0:c36,c257,c512,c768 tcontext=u:object_r:app_data_file:s0:c36,c257,c512,c768 tclass=file app=com.mbwhatsapp
03-29 22:42:43.424 1887 1887 W SIMPLE_WORKER5: type=1400 audit(0.0:1231736): avc: granted { execute } for path="/data/data/com.instagram.android/modules/pytorch_aeb87f03ed8bc7824adc3558a5ed ab34f218fac3a3979cd3e4e113550a08ba9a/lib-compressed/armeabi-v7a/ libtorchmerged_pytorch_1.so" dev="dm-75" ino=37256 scontext=u:r:untrusted_app:s0:c36,c257,c512,c768 tcontext=u:object_r:app_data_file:s0:c36,c257,c512,c768 tclass=file app=com.mbwhatsapp
03-29 22:42:43.428 1887 1887 W SIMPLE_WORKER5: type=1400 audit(0.0:1231737): avc: granted { execute } for path="/data/data/com.instagram.android/modules/pytorch_aeb87f03ed8bc7824adc3558a5ed ab34f218fac3a3979cd3e4e113550a08ba9a/lib-compressed/armeabi-v7a/libxplat_third- party_NNPACK_NNPACKAndroid.so" dev="dm-75" ino=37065 scontext=u:r:untrusted_app:s0:c36,c257,c512,c768 tcontext=u:object_r:app_data_file:s0:c36,c257,c512,c768 tclass=file app=com.mbwhatsapp
03-29 22:42:43.432 1887 1887 W SIMPLE_WORKER5: type=1400 audit(0.0:1231738): avc: granted { execute } for path="/data/data/com.instagram.android/lib-compressed/libdextricksmerged_1.so" dev="dm-75" ino=39949 scontext=u:r:untrusted_app:s0:c36,c257,c512,c768 tcontext=u:object_r:app_data_file:s0:c36,c257,c512,c768 tclass=file app=com.mbwhatsapp
03-29 22:42:43.444 1887 1887 W SIMPLE_WORKER5: type=1400 audit(0.0:1231739): avc: granted { execute } for path="/data/data/com.instagram.android/lib-compressed/libtorchmerged.so" dev="dm- 75" ino=39698 scontext=u:r:untrusted_app:s0:c36,c257,c512,c768 tcontext=u:object_r:app_data_file:s0:c36,c257,c512,c768 tclass=file app=com.mbwhatsapp
03-29 22:42:43.448 1887 1887 W SIMPLE_WORKER5: type=1400 audit(0.0:1231740): avc: granted { execute } for path="/data/data/com.instagram.android/modules/pytorch_aeb87f03ed8bc7824adc3558a5ed ab34f218fac3a3979cd3e4e113550a08ba9a/lib-compressed/armeabi-v7a/ libtorchmerged_pytorch.so" dev="dm-75" ino=16933 scontext=u:r:untrusted_app:s0:c36,c257,c512,c768 tcontext=u:object_r:app_data_file:s0:c36,c257,c512,c768 tclass=file app=com.mbwhatsapp
03-29 22:45:40.560 3231 3231 W Lacrima_startup: type=1400 audit(0.0:1231783): avc: granted { execute } for path="/data/data/com.instagram.android/lib- compressed/libdistractutil.so" dev="dm-75" ino=39890 scontext=u:r:untrusted_app:s0:c36,c257,c512,c768 tcontext=u:object_r:app_data_file:s0:c36,c257,c512,c768 tclass=file app=com.mbwhatsapp
03-29 22:45:40.564 3231 3231 W Lacrima_startup: type=1400 audit(0.0:1231784): avc: granted { execute } for path="/data/data/com.instagram.android/lib- compressed/libfssync.so" dev="dm-75" ino=39905 scontext=u:r:untrusted_app:s0:c36,c257,c512,c768 tcontext=u:object_r:app_data_file:s0:c36,c257,c512,c768 tclass=file app=com.mbwhatsapp
03-29 22:45:40.620 3231 3231 W Lacrima_startup: type=1400 audit(0.0:1231785): avc: granted { execute } for path="/data/data/com.instagram.android/lib- compressed/libredexsharedmerged.so" dev="dm-75" ino=39830 scontext=u:r:untrusted_app:s0:c36,c257,c512,c768 tcontext=u:object_r:app_data_file:s0:c36,c257,c512,c768 tclass=file app=com.mbwhatsapp
03-29 22:45:40.628 3231 3231 W Lacrima_startup: type=1400 audit(0.0:1231786): avc: granted { execute } for path="/data/data/com.instagram.android/lib- compressed/libdextricksmerged.so" dev="dm-75" ino=39613 scontext=u:r:untrusted_app:s0:c36,c257,c512,c768 tcontext=u:object_r:app_data_file:s0:c36,c257,c512,c768 tclass=file app=com.mbwhatsapp
03-29 22:45:40.656 3231 3231 W Lacrima_startup: type=1400 audit(0.0:1231787): avc: granted { execute } for path="/data/data/com.instagram.android/lib- compressed/libloommerged_1.so" dev="dm-75" ino=39760 scontext=u:r:untrusted_app:s0:c36,c257,c512,c768 tcontext=u:object_r:app_data_file:s0:c36,c257,c512,c768 tclass=file app=com.mbwhatsapp
03-29 22:45:41.584 3231 3231 W SIMPLE_WORKER3: type=1400 audit(0.0:1231808): avc: granted { execute } for path="/data/data/com.instagram.android/lib-compressed/libtigon.so" dev="dm-75" ino=39618 scontext=u:r:untrusted_app:s0:c36,c257,c512,c768 tcontext=u:object_r:app_data_file:s0:c36,c257,c512,c768 tclass=file app=com.mbwhatsapp
03-29 22:45:41.604 3231 3231 W SIMPLE_WORKER3: type=1400 audit(0.0:1231809): avc: granted { execute } for path="/data/data/com.instagram.android/lib-compressed/libmsysxplatmerged_1.so" dev="dm-75" ino=39649 scontext=u:r:untrusted_app:s0:c36,c257,c512,c768 tcontext=u:object_r:app_data_file:s0:c36,c257,c512,c768 tclass=file app=com.mbwhatsapp
03-29 22:45:41.628 3231 3231 W SIMPLE_WORKER3: type=1400 audit(0.0:1231810): avc: granted { execute } for path="/data/data/com.instagram.android/lib-compressed/libmsysxplatmerged.so" dev="dm-75" ino=39589 scontext=u:r:untrusted_app:s0:c36,c257,c512,c768 tcontext=u:object_r:app_data_file:s0:c36,c257,c512,c768 tclass=file app=com.mbwhatsapp
03-29 22:45:41.752 3231 3231 W stagram.android: type=1400 audit(0.0:1231811): avc: granted { execute } for path="/data/data/com.instagram.android/lib- compressed/libfbaudiomerged.so" dev="dm-75" ino=39606 scontext=u:r:untrusted_app:s0:c36,c257,c512,c768 tcontext=u:object_r:app_data_file:s0:c36,c257,c512,c768 tclass=file app=com.mbwhatsapp
03-29 22:45:41.876 3231 3231 W stagram.android: type=1400 audit(0.0:1231812): avc: granted { execute } for path="/data/data/com.instagram.android/lib- compressed/librtc.so" dev="dm-75" ino=39610 scontext=u:r:untrusted_app:s0:c36,c257,c512,c768 tcontext=u:object_r:app_data_file:s0:c36,c257,c512,c768 tclass=file app=com.mbwhatsapp
03-29 22:45:42.604 3231 3231 W SIMPLE_WORKER0: type=1400 audit(0.0:1231823): avc: granted { execute } for path="/data/data/com.instagram.android/lib-compressed/libxplat_papaya_store_sqlite_ sqliteAndroid.so" dev="dm-75" ino=39629 scontext=u:r:untrusted_app:s0:c36,c257,c512,c768 tcontext=u:object_r:app_data_file:s0:c36,c257,c512,c768 tclass=file app=com.mbwhatsapp
03-29 22:45:42.616 3231 3231 W SIMPLE_WORKER0: type=1400 audit(0.0:1231824): avc: granted { execute } for path="/data/data/com.instagram.android/lib-compressed/libxplat_papaya_fb_store_mana ger_managerAndroid.so" dev="dm-75" ino=39655 scontext=u:r:untrusted_app:s0:c36,c257,c512,c768 tcontext=u:object_r:app_data_file:s0:c36,c257,c512,c768 tclass=file app=com.mbwhatsapp
03-29 22:45:42.628 3231 3231 W SIMPLE_WORKER0: type=1400 audit(0.0:1231825): avc: granted { execute } for path="/data/data/com.instagram.android/lib-compressed/libpapaya-store-encryptor- otp.so" dev="dm-75" ino=39726 scontext=u:r:untrusted_app:s0:c36,c257,c512,c768 tcontext=u:object_r:app_data_file:s0:c36,c257,c512,c768 tclass=file app=com.mbwhatsapp
03-29 22:45:42.644 3231 3231 W SIMPLE_WORKER0: type=1400 audit(0.0:1231826): avc: granted { execute } for path="/data/data/com.instagram.android/lib-compressed/libpapaya-store-interface.so" dev="dm-75" ino=39648 scontext=u:r:untrusted_app:s0:c36,c257,c512,c768 tcontext=u:object_r:app_data_file:s0:c36,c257,c512,c768 tclass=file app=com.mbwhatsapp
03-29 22:45:42.652 3231 3231 W SIMPLE_WORKER0: type=1400 audit(0.0:1231827): avc: granted { execute } for path="/data/data/com.instagram.android/lib-compressed/libpapaya-store.so" dev="dm- 75" ino=39628 scontext=u:r:untrusted_app:s0:c36,c257,c512,c768 tcontext=u:object_r:app_data_file:s0:c36,c257,c512,c768 tclass=file app=com.mbwhatsapp
03-29 22:45:44.348 3231 3231 W SIMPLE_WORKER8: type=1400 audit(0.0:1231841): avc: granted { execute } for path="/data/data/com.instagram.android/lib-compressed/libliger.so" dev="dm-75" ino=39608 scontext=u:r:untrusted_app:s0:c36,c257,c512,c768 tcontext=u:object_r:app_data_file:s0:c36,c257,c512,c768 tclass=file app=com.mbwhatsapp
03-29 22:45:44.408 3231 3231 W SIMPLE_WORKER8: type=1400 audit(0.0:1231842): avc: granted { execute } for path="/data/data/com.instagram.android/modules/pytorch_aeb87f03ed8bc7824adc3558a5ed ab34f218fac3a3979cd3e4e113550a08ba9a/lib-compressed/armeabi-v7a/ libtorchmerged_pytorch_1.so" dev="dm-75" ino=37256 scontext=u:r:untrusted_app:s0:c36,c257,c512,c768 tcontext=u:object_r:app_data_file:s0:c36,c257,c512,c768 tclass=file app=com.mbwhatsapp
03-29 22:45:44.416 3231 3231 W SIMPLE_WORKER8: type=1400 audit(0.0:1231843): avc: granted { execute } for path="/data/data/com.instagram.android/modules/pytorch_aeb87f03ed8bc7824adc3558a5ed ab34f218fac3a3979cd3e4e113550a08ba9a/lib-compressed/armeabi-v7a/libxplat_third- party_NNPACK_NNPACKAndroid.so" dev="dm-75" ino=37065 scontext=u:r:untrusted_app:s0:c36,c257,c512,c768 tcontext=u:object_r:app_data_file:s0:c36,c257,c512,c768 tclass=file app=com.mbwhatsapp
03-29 22:45:44.424 3231 3231 W SIMPLE_WORKER8: type=1400 audit(0.0:1231844): avc: granted { execute } for path="/data/data/com.instagram.android/lib-compressed/libdextricksmerged_1.so" dev="dm-75" ino=39949 scontext=u:r:untrusted_app:s0:c36,c257,c512,c768 tcontext=u:object_r:app_data_file:s0:c36,c257,c512,c768 tclass=file app=com.mbwhatsapp
03-29 22:45:44.436 3231 3231 W SIMPLE_WORKER8: type=1400 audit(0.0:1231845): avc: granted { execute } for path="/data/data/com.instagram.android/lib-compressed/libtorchmerged.so" dev="dm- 75" ino=39698 scontext=u:r:untrusted_app:s0:c36,c257,c512,c768 tcontext=u:object_r:app_data_file:s0:c36,c257,c512,c768 tclass=file app=com.mbwhatsapp
03-29 22:51:12.726 24592 24592 E OplusBracketLog: [OplusViewMirrorManager] updateHostViewRootIfNeeded, not support android.view.ViewRootImpl@9a7363d
03-29 22:51:12.766 24592 24592 E IPCThreadState: attemptIncStrongHandle(95): Not supported
03-29 22:51:12.814 24592 24779 W Parcel : Expecting binder but got null!
03-29 23:00:56.160 16031 16031 W ip : type=1400 audit(0.0:1232562): avc: denied { bind } for scontext=u:r:untrusted_app:s0:c17,c257,c512,c768 tcontext=u:r:untrusted_app:s0:c17,c257,c512,c768 tclass=netlink_route_socket permissive=0 bug=b/155595000 app=com.mbwhatsapp
03-29 23:01:03.332 16657 16657 W ip : type=1400 audit(0.0:1232567): avc: denied { bind } for scontext=u:r:untrusted_app:s0:c17,c257,c512,c768 tcontext=u:r:untrusted_app:s0:c17,c257,c512,c768 tclass=netlink_route_socket permissive=0 bug=b/155595000 app=com.mbwhatsapp
03-29 23:02:23.152 17758 17758 W Lacrima_startup: type=1400 audit(0.0:1232689): avc: granted { execute } for path="/data/data/com.instagram.android/lib- compressed/libdistractutil.so" dev="dm-75" ino=39890 scontext=u:r:untrusted_app:s0:c36,c257,c512,c768 tcontext=u:object_r:app_data_file:s0:c36,c257,c512,c768 tclass=file app=com.mbwhatsapp
03-29 23:02:23.156 17758 17758 W Lacrima_startup: type=1400 audit(0.0:1232690): avc: granted { execute } for path="/data/data/com.instagram.android/lib- compressed/libfssync.so" dev="dm-75" ino=39905 scontext=u:r:untrusted_app:s0:c36,c257,c512,c768 tcontext=u:object_r:app_data_file:s0:c36,c257,c512,c768 tclass=file app=com.mbwhatsapp
03-29 23:02:23.240 17758 17758 W Lacrima_startup: type=1400 audit(0.0:1232691): avc: granted { execute } for path="/data/data/com.instagram.android/lib- compressed/libredexsharedmerged.so" dev="dm-75" ino=39830 scontext=u:r:untrusted_app:s0:c36,c257,c512,c768 tcontext=u:object_r:app_data_file:s0:c36,c257,c512,c768 tclass=file app=com.mbwhatsapp
03-29 23:02:23.252 17758 17758 W Lacrima_startup: type=1400 audit(0.0:1232692): avc: granted { execute } for path="/data/data/com.instagram.android/lib- compressed/libdextricksmerged.so" dev="dm-75" ino=39613 scontext=u:r:untrusted_app:s0:c36,c257,c512,c768 tcontext=u:object_r:app_data_file:s0:c36,c257,c512,c768 tclass=file app=com.mbwhatsapp
03-29 23:02:23.268 17758 17758 W Lacrima_startup: type=1400 audit(0.0:1232693): avc: granted { execute } for path="/data/data/com.instagram.android/lib- compressed/libloommerged_1.so" dev="dm-75" ino=39760 scontext=u:r:untrusted_app:s0:c36,c257,c512,c768 tcontext=u:object_r:app_data_file:s0:c36,c257,c512,c768 tclass=file app=com.mbwhatsapp
03-29 23:02:24.252 17758 17758 W SIMPLE_WORKER2: type=1400 audit(0.0:1232725): avc: granted { execute } for path="/data/data/com.instagram.android/lib-compressed/libxplat_papaya_log_logImplAn droid.so" dev="dm-75" ino=39766 scontext=u:r:untrusted_app:s0:c36,c257,c512,c768 tcontext=u:object_r:app_data_file:s0:c36,c257,c512,c768 tclass=file app=com.mbwhatsapp
03-29 23:02:24.260 17758 17758 W SIMPLE_WORKER2: type=1400 audit(0.0:1232726): avc: granted { execute } for path="/data/data/com.instagram.android/lib-compressed/libpapaya-log.so" dev="dm-75" ino=39835 scontext=u:r:untrusted_app:s0:c36,c257,c512,c768 tcontext=u:object_r:app_data_file:s0:c36,c257,c512,c768 tclass=file app=com.mbwhatsapp
