03-29 22:05:08.128 30998 30998 E ArmVmp : Match on catch block at 0xc3 in for 0x145
03-29 22:05:08.618 30998 30998 E ArmVmp : Match on catch block at 0xc3 in for 0x145
03-29 22:05:08.622 30998 30998 E ArmVmp : Match on catch block at 0xc3 in for 0x141
03-29 22:05:08.625 30998 30998 E ArmVmp : Match on catch block at 0xc3 in for 0x145
03-29 22:05:08.652 30998 30998 E ArmVmp : Match on catch block at 0xc3 in for 0x14d
03-29 22:05:08.654 30998 30998 E ArmVmp : Match on catch block at 0xc3 in for 0x149
03-29 22:05:08.658 30998 30998 E ArmVmp : Match on catch block at 0xc3 in for 0x14d
03-29 22:05:09.150 30998 30998 E ArmVmp : Match on catch block at 0xc3 in for 0x14d
03-29 22:05:09.154 30998 30998 E ArmVmp : Match on catch block at 0xc3 in for 0x149
03-29 22:05:09.158 30998 30998 E ArmVmp : Match on catch block at 0xc3 in for 0x14d
03-29 22:05:09.414 30998 30998 E ArmVmp : Match on catch block at 0xc3 in for 0x155
03-29 22:05:09.418 30998 30998 E ArmVmp : Match on catch block at 0xc3 in for 0x151
03-29 22:05:09.421 30998 30998 E ArmVmp : Match on catch block at 0xc3 in for 0x155
03-29 22:05:09.812 30998 30998 E ArmVmp : Match on catch block at 0xc3 in for 0x141
03-29 22:05:09.816 30998 30998 E ArmVmp : Match on catch block at 0xc3 in for 0x159
03-29 22:05:09.820 30998 30998 E ArmVmp : Match on catch block at 0xc3 in for 0x141
03-29 22:05:10.159 30998 30998 E ArmVmp : Match on catch block at 0xc3 in for 0x149
03-29 22:05:10.162 30998 30998 E ArmVmp : Match on catch block at 0xc3 in for 0x145
03-29 22:05:10.165 30998 30998 E ArmVmp : Match on catch block at 0xc3 in for 0x149
03-29 22:05:10.658 30998 30998 E ArmVmp : Match on catch block at 0xc3 in for 0x149
03-29 22:05:10.662 30998 30998 E ArmVmp : Match on catch block at 0xc3 in for 0x145
03-29 22:05:10.667 30998 30998 E ArmVmp : Match on catch block at 0xc3 in for 0x149
03-29 22:05:11.137 30998 30998 E ArmVmp : Match on catch block at 0xc3 in for 0x151
03-29 22:05:11.139 30998 30998 E ArmVmp : Match on catch block at 0xc3 in for 0x14d
03-29 22:05:11.141 30998 30998 E ArmVmp : Match on catch block at 0xc3 in for 0x151
03-29 22:05:11.158 30998 30998 E ArmVmp : Match on catch block at 0xc3 in for 0x141
03-29 22:05:11.160 30998 30998 E ArmVmp : Match on catch block at 0xc3 in for 0x159
03-29 22:05:11.163 30998 30998 E ArmVmp : Match on catch block at 0xc3 in for 0x141
03-29 22:05:11.190 30998 30998 E ArmVmp : Match on catch block at 0xc3 in for 0x145
03-29 22:05:11.194 30998 30998 E ArmVmp : Match on catch block at 0xc3 in for 0x141
03-29 22:05:11.202 30998 30998 E ArmVmp : Match on catch block at 0xc3 in for 0x151
03-29 22:05:11.204 30998 30998 E ArmVmp : Match on catch block at 0xc3 in for 0x14d
03-29 22:05:11.221 30998 30998 E ArmVmp : Match on catch block at 0xc3 in for 0x141
03-29 22:05:11.223 30998 30998 E ArmVmp : Match on catch block at 0xc3 in for 0x159
03-29 22:05:11.295 30998 30998 E ArmVmp : Match on catch block at 0xc3 in for 0x145
03-29 22:05:11.297 30998 30998 E ArmVmp : Match on catch block at 0xc3 in for 0x141
03-29 22:05:11.334 30998 30998 E ArmVmp : Match on catch block at 0xc3 in for 0x149
03-29 22:05:11.337 30998 30998 E ArmVmp : Match on catch block at 0xc3 in for 0x145
03-29 22:05:11.360 30998 30998 E ArmVmp : Match on catch block at 0xc3 in for 0x14d
03-29 22:05:11.364 30998 30998 E ArmVmp : Match on catch block at 0xc3 in for 0x149
03-29 22:05:11.371 30998 30998 E ArmVmp : Match on catch block at 0xc3 in for 0x159
03-29 22:05:11.375 30998 30998 E ArmVmp : Match on catch block at 0xc3 in for 0x155
03-29 22:05:11.668 30998 30998 E ArmVmp : Match on catch block at 0xc3 in for 0x159
03-29 22:05:11.671 30998 30998 E ArmVmp : Match on catch block at 0xc3 in for 0x155
03-29 22:05:11.703 30998 30998 E ArmVmp : Match on catch block at 0xc3 in for 0x151
03-29 22:05:11.705 30998 30998 E ArmVmp : Match on catch block at 0xc3 in for 0x14d
03-29 22:05:11.733 30998 5371 W MediaPlayer: Use of stream types is deprecated for operations other than volume control
03-29 22:05:11.733 30998 5371 W MediaPlayer: See the documentation of setAudioStreamType() for what to use instead with android.media.AudioAttributes to qualify your playback use case
03-29 22:05:12.164 30998 30998 E ArmVmp : Match on catch block at 0xc3 in for 0x14d
03-29 22:05:12.167 30998 30998 E ArmVmp : Match on catch block at 0xc3 in for 0x149
03-29 22:05:12.662 30998 30998 E ArmVmp : Match on catch block at 0xc3 in for 0x159
03-29 22:05:12.664 30998 30998 E ArmVmp : Match on catch block at 0xc3 in for 0x155
03-29 22:05:13.160 30998 30998 E ArmVmp : Match on catch block at 0xc3 in for 0x149
03-29 22:05:13.163 30998 30998 E ArmVmp : Match on catch block at 0xc3 in for 0x145
03-29 22:05:13.673 30998 30998 E ArmVmp : Match on catch block at 0xc3 in for 0x155
03-29 22:05:13.674 30998 30998 E ArmVmp : Match on catch block at 0xc3 in for 0x151
03-29 22:05:14.170 30998 30998 E ArmVmp : Match on catch block at 0xc3 in for 0x145
03-29 22:05:14.173 30998 30998 E ArmVmp : Match on catch block at 0xc3 in for 0x141
03-29 22:05:14.667 30998 30998 E ArmVmp : Match on catch block at 0xc3 in for 0x151
03-29 22:05:14.670 30998 30998 E ArmVmp : Match on catch block at 0xc3 in for 0x14d
03-29 22:05:15.164 30998 30998 E ArmVmp : Match on catch block at 0xc3 in for 0x141
03-29 22:05:15.167 30998 30998 E ArmVmp : Match on catch block at 0xc3 in for 0x159
03-29 22:05:15.199 30998 30998 E ArmVmp : Match on catch block at 0xc3 in for 0x155
03-29 22:05:15.203 30998 30998 E ArmVmp : Match on catch block at 0xc3 in for 0x151
03-29 22:05:15.412 30998 30998 E OplusBracketLog: [OplusViewMirrorManager] updateHostViewRootIfNeeded, not support android.view.ViewRootImpl@7ce068e
03-29 22:05:15.421 30998 30998 E IPCThreadState: attemptIncStrongHandle(60): Not supported
03-29 22:05:15.429 30998 31307 W Parcel : Expecting binder but got null!
03-29 22:05:15.679 30998 30998 E ArmVmp : Match on catch block at 0xc3 in for 0x141
03-29 22:05:15.683 30998 30998 E ArmVmp : Match on catch block at 0xc3 in for 0x159
03-29 22:05:16.203 30998 30998 E ArmVmp : Match on catch block at 0xc3 in for 0x149
03-29 22:05:16.205 30998 30998 E ArmVmp : Match on catch block at 0xc3 in for 0x145
03-29 22:05:16.707 30998 30998 E ArmVmp : Match on catch block at 0xc3 in for 0x159
03-29 22:05:16.710 30998 30998 E ArmVmp : Match on catch block at 0xc3 in for 0x155
03-29 22:05:16.905 30998 30998 E ArmVmp : Match on catch block at 0xc3 in for 0x151
03-29 22:05:16.906 30998 30998 E ArmVmp : Match on catch block at 0xc3 in for 0x14d
03-29 22:05:17.202 30998 30998 E ArmVmp : Match on catch block at 0xc3 in for 0x141
03-29 22:05:17.205 30998 30998 E ArmVmp : Match on catch block at 0xc3 in for 0x159
03-29 22:05:17.701 30998 30998 E ArmVmp : Match on catch block at 0xc3 in for 0x151
03-29 22:05:17.704 30998 30998 E ArmVmp : Match on catch block at 0xc3 in for 0x14d
03-29 22:05:17.968 30998 30998 E ArmVmp : Match on catch block at 0xc3 in for 0x149
03-29 22:05:17.971 30998 30998 E ArmVmp : Match on catch block at 0xc3 in for 0x145
03-29 22:05:18.030 30998 30998 E IPCThreadState: attemptIncStrongHandle(144): Not supported
03-29 22:05:18.128 30998 30998 E ArmVmp : Match on catch block at 0xc3 in for 0x145
03-29 22:05:18.130 30998 30998 E ArmVmp : Match on catch block at 0xc3 in for 0x141
03-29 22:05:18.161 30998 30998 E ArmVmp : Match on catch block at 0xc3 in for 0x141
03-29 22:05:18.163 30998 30998 E ArmVmp : Match on catch block at 0xc3 in for 0x159
03-29 22:05:18.204 30998 30998 E ArmVmp : Match on catch block at 0xc3 in for 0x14d
03-29 22:05:18.206 30998 30998 E ArmVmp : Match on catch block at 0xc3 in for 0x149
03-29 22:05:18.221 30998 30998 E ArmVmp : Match on catch block at 0xc3 in for 0x159
03-29 22:05:18.224 30998 30998 E ArmVmp : Match on catch block at 0xc3 in for 0x155
03-29 22:05:18.677 30998 30998 E ArmVmp : Match on catch block at 0xc3 in for 0x151
03-29 22:05:18.681 30998 30998 E ArmVmp : Match on catch block at 0xc3 in for 0x14d
03-29 22:05:30.469 30998 30998 E OplusBracketLog: [OplusViewMirrorManager] updateHostViewRootIfNeeded, not support android.view.ViewRootImpl@5bbb39a
03-29 22:05:30.485 30998 30998 E IPCThreadState: attemptIncStrongHandle(100): Not supported
03-29 22:05:30.498 30998 31307 W Parcel : Expecting binder but got null!
03-29 22:05:31.709 30998 30998 E OplusBracketLog: [OplusViewMirrorManager] updateHostViewRootIfNeeded, not support android.view.ViewRootImpl@f660f7
03-29 22:05:31.731 30998 30998 E ArmVmp : Match on c--------- beginning of main
03-29 22:10:26.164 12407 12407 E com.mbwhatsapp: Unknown bits set in runtime_flags: 0x40000000
03-29 22:10:26.181 12407 12407 E com.mbwhatsapp: Not starting debugger since process cannot load the jdwp agent.
03-29 22:10:26.197 12407 12407 W ziparchive: Unable to open '/system/framework/mediatek-framework.dm': No such file or directory
03-29 22:10:26.197 12407 12407 W ziparchive: Unable to open '/system/framework/mediatek-framework.dm': No such file or directory
03-29 22:10:26.213 12407 12438 E com.mbwhatsapp: Could not write anonymous vdex /system/framework/oat/arm64/mediatek-framework.vdex: Could not open /system/framework/oat/arm64/mediatek-framework.vdex for writing
03-29 22:10:26.379 12407 12407 W libc : Access denied finding property "ro.odm.prev.product.name"
03-29 22:10:27.228 12407 12407 W System.err: java.lang.ClassNotFoundException: mbmodsd.mbmodsw.ui.views.btn.BtnBK
03-29 22:10:27.231 12407 12407 W System.err: at java.lang.Runtime.nativeLoad(Native Method)
03-29 22:10:27.231 12407 12407 W System.err: at java.lang.Runtime.nativeLoad(Runtime.java:1121)
03-29 22:10:27.231 12407 12407 W System.err: at java.lang.Runtime.loadLibrary0(Runtime.java:1075)
03-29 22:10:27.231 12407 12407 W System.err: at java.lang.Runtime.loadLibrary0(Runtime.java:998)
03-29 22:10:27.231 12407 12407 W System.err: at java.lang.System.loadLibrary(System.java:1661)
03-29 22:10:27.231 12407 12407 W System.err: at arm.EpicVm.<clinit>(Unknown Source:2)
03-29 22:10:27.231 12407 12407 W System.err: at java.lang.Class.newInstance(Native Method)
03-29 22:10:27.232 12407 12407 W System.err: at android.app.AppComponentFactory.instantiateApplication(AppComponentFactory.java:76)
03-29 22:10:27.232 12407 12407 W System.err: at androidx.core.app.CoreComponentFactory.instantiateApplication(Unknown Source:0)
03-29 22:10:27.232 12407 12407 W System.err: at android.app.Instrumentation.newApplication(Instrumentation.java:1251)
03-29 22:10:27.232 12407 12407 W System.err: at android.app.LoadedApk.makeApplicationInner(LoadedApk.java:1507)
03-29 22:10:27.232 12407 12407 W System.err: at android.app.LoadedApk.makeApplicationInner(LoadedApk.java:1443)
03-29 22:10:27.232 12407 12407 W System.err: at android.app.ActivityThread.handleBindApplication(ActivityThread.java:7232)
03-29 22:10:27.232 12407 12407 W System.err: at android.app.ActivityThread.-$ $Nest$mhandleBindApplication(Unknown Source:0)
03-29 22:10:27.232 12407 12407 W System.err: at android.app.ActivityThread$H.handleMessage(ActivityThread.java:2307)
03-29 22:10:27.232 12407 12407 W System.err: at android.os.Handler.dispatchMessage(Handler.java:106)
03-29 22:10:27.232 12407 12407 W System.err: at android.os.Looper.loopOnce(Looper.java:240)
03-29 22:10:27.232 12407 12407 W System.err: at android.os.Looper.loop(Looper.java:351)
03-29 22:10:27.232 12407 12407 W System.err: at android.app.ActivityThread.main(ActivityThread.java:8436)
03-29 22:10:27.232 12407 12407 W System.err: at java.lang.reflect.Method.invoke(Native Method)
03-29 22:10:27.232 12407 12407 W System.err: at com.android.internal.os.RuntimeInit$MethodAndArgsCaller.run(RuntimeInit.java:568)
03-29 22:10:27.232 12407 12407 W System.err: at com.android.internal.os.ZygoteInit.main(ZygoteInit.java:1013)
03-29 22:10:27.310 12407 12407 E CustomActivityOnCrash: IMPORTANT WARNING! You already have an UncaughtExceptionHandler, are you sure this is correct? If you use a custom UncaughtExceptionHandler, you must initialize it AFTER CustomActivityOnCrash! Installing anyway, but your original handler will not be called.
03-29 22:10:29.121 12407 12407 W com.mbwhatsapp: Accessing hidden method Lcom/android/org/conscrypt/OpenSSLSocketImpl;->setUseSessionTickets(Z)V (max- target-q,core-platform-api, reflection, denied)
03-29 22:10:29.121 12407 12407 W com.mbwhatsapp: Accessing hidden method Lcom/android/org/conscrypt/AbstractConscryptSocket;->setUseSessionTickets(Z)V (max- target-q, reflection, denied)
03-29 22:10:29.586 12407 12407 E ANR_LOG : Blocked msg = { when=+3s338ms what=110 target=android.app.ActivityThr--------- beginning of main
03-29 22:12:58.224 16344 16344 E com.mbwhatsapp: Unknown bits set in runtime_flags: 0x40000000
03-29 22:12:58.236 16344 16344 E com.mbwhatsapp: Not starting debugger since process cannot load the jdwp agent.
03-29 22:12:58.430 16344 16344 W ziparchive: Unable to open '/system/framework/mediatek-framework.dm': No such file or directory
03-29 22:12:58.430 16344 16344 W ziparchive: Unable to open '/system/framework/mediatek-framework.dm': No such file or directory
03-29 22:12:58.558 16344 16403 E com.mbwhatsapp: Could not write anonymous vdex /system/framework/oat/arm64/mediatek-framework.vdex: Could not open /system/framework/oat/arm64/mediatek-framework.vdex for writing
03-29 22:12:59.017 16344 16344 W libc : Access denied finding property "ro.odm.prev.product.name"
03-29 22:13:00.619 16344 16344 W System.err: java.lang.ClassNotFoundException: mbmodsd.mbmodsw.ui.views.btn.BtnBK
03-29 22:13:00.622 16344 16344 W System.err: at java.lang.Runtime.nativeLoad(Native Method)
03-29 22:13:00.622 16344 16344 W System.err: at java.lang.Runtime.nativeLoad(Runtime.java:1121)
03-29 22:13:00.622 16344 16344 W System.err: at java.lang.Runtime.loadLibrary0(Runtime.java:1075)
03-29 22:13:00.622 16344 16344 W System.err: at java.lang.Runtime.loadLibrary0(Runtime.java:998)
03-29 22:13:00.622 16344 16344 W System.err: at java.lang.System.loadLibrary(System.java:1661)
03-29 22:13:00.623 16344 16344 W System.err: at arm.EpicVm.<clinit>(Unknown Source:2)
03-29 22:13:00.623 16344 16344 W System.err: at java.lang.Class.newInstance(Native Method)
03-29 22:13:00.623 16344 16344 W System.err: at android.app.AppComponentFactory.instantiateApplication(AppComponentFactory.java:76)
03-29 22:13:00.623 16344 16344 W System.err: at androidx.core.app.CoreComponentFactory.instantiateApplication(Unknown Source:0)
03-29 22:13:00.623 16344 16344 W System.err: at android.app.Instrumentation.newApplication(Instrumentation.java:1251)
03-29 22:13:00.623 16344 16344 W System.err: at android.app.LoadedApk.makeApplicationInner(LoadedApk.java:1507)
03-29 22:13:00.623 16344 16344 W System.err: at android.app.LoadedApk.makeApplicationInner(LoadedApk.java:1443)
03-29 22:13:00.623 16344 16344 W System.err: at android.app.ActivityThread.handleBindApplication(ActivityThread.java:7232)
03-29 22:13:00.623 16344 16344 W System.err: at android.app.ActivityThread.-$ $Nest$mhandleBindApplication(Unknown Source:0)
03-29 22:13:00.623 16344 16344 W System.err: at android.app.ActivityThread$H.handleMessage(ActivityThread.java:2307)
03-29 22:13:00.623 16344 16344 W System.err: at android.os.Handler.dispatchMessage(Handler.java:106)
03-29 22:13:00.623 16344 16344 W System.err: at android.os.Looper.loopOnce(Looper.java:240)
03-29 22:13:00.623 16344 16344 W System.err: at android.os.Looper.loop(Looper.java:351)
03-29 22:13:00.623 16344 16344 W System.err: at android.app.ActivityThread.main(ActivityThread.java:8436)
03-29 22:13:00.623 16344 16344 W System.err: at java.lang.reflect.Method.invoke(Native Method)
03-29 22:13:00.623 16344 16344 W System.err: at com.android.internal.os.RuntimeInit$MethodAndArgsCaller.run(RuntimeInit.java:568)
03-29 22:13:00.623 16344 16344 W System.err: at com.android.internal.os.ZygoteInit.main(ZygoteInit.java:1013)
03-29 22:13:00.903 16344 16344 E CustomActivityOnCrash: IMPORTANT WARNING! You already have an UncaughtExceptionHandler, are you sure this is correct? If you use a custom UncaughtExceptionHandler, you must initialize it AFTER CustomActivityOnCrash! Installing anyway, but your original handler will not be called.
03-29 22:13:07.217 16344 16344 W com.mbwhatsapp: Accessing hidden method Lcom/android/org/conscrypt/OpenSSLSocketImpl;->setUseSessionTickets(Z)V (max- target-q,core-platform-api, reflection, denied)
03-29 22:13:07.246 16344 16344 W com.mbwhatsapp: Accessing hidden method Lcom/android/org/conscrypt/AbstractConscryptSocket;->setUseSessionTickets(Z)V (max- target-q, reflection, denied)
03-29 22:13:08.840 16344 16358 W com.mbwhatsapp: Suspending all threads took: 14.025ms
03-29 22:13:10.450 16344 --------- beginning of main
03-29 22:13:55.737 17613 17613 E com.mbwhatsapp: Unknown bits set in runtime_flags: 0x40000000
03-29 22:13:55.764 17613 17613 E com.mbwhatsapp: Not starting debugger since process cannot load the jdwp agent.
03-29 22:13:55.852 17613 17613 W ziparchive: Unable to open '/system/framework/mediatek-framework.dm': No such file or directory
03-29 22:13:55.852 17613 17613 W ziparchive: Unable to open '/system/framework/mediatek-framework.dm': No such file or directory
03-29 22:13:55.901 17613 17630 E com.mbwhatsapp: Could not write anonymous vdex /system/framework/oat/arm64/mediatek-framework.vdex: Could not open /system/framework/oat/arm64/mediatek-framework.vdex for writing
03-29 22:13:56.127 17613 17613 W libc : Access denied finding property "ro.odm.prev.product.name"
03-29 22:13:57.889 17613 17613 W System.err: java.lang.ClassNotFoundException: mbmodsd.mbmodsw.ui.views.btn.BtnBK
03-29 22:13:57.892 17613 17613 W System.err: at java.lang.Runtime.nativeLoad(Native Method)
03-29 22:13:57.892 17613 17613 W System.err: at java.lang.Runtime.nativeLoad(Runtime.java:1121)
03-29 22:13:57.892 17613 17613 W System.err: at java.lang.Runtime.loadLibrary0(Runtime.java:1075)
03-29 22:13:57.892 17613 17613 W System.err: at java.lang.Runtime.loadLibrary0(Runtime.java:998)
03-29 22:13:57.892 17613 17613 W System.err: at java.lang.System.loadLibrary(System.java:1661)
03-29 22:13:57.892 17613 17613 W System.err: at arm.EpicVm.<clinit>(Unknown Source:2)
03-29 22:13:57.892 17613 17613 W System.err: at java.lang.Class.newInstance(Native Method)
03-29 22:13:57.892 17613 17613 W System.err: at android.app.AppComponentFactory.instantiateApplication(AppComponentFactory.java:76)
03-29 22:13:57.892 17613 17613 W System.err: at androidx.core.app.CoreComponentFactory.instantiateApplication(Unknown Source:0)
03-29 22:13:57.892 17613 17613 W System.err: at android.app.Instrumentation.newApplication(Instrumentation.java:1251)
03-29 22:13:57.892 17613 17613 W System.err: at android.app.LoadedApk.makeApplicationInner(LoadedApk.java:1507)
03-29 22:13:57.892 17613 17613 W System.err: at android.app.LoadedApk.makeApplicationInner(LoadedApk.java:1443)
03-29 22:13:57.904 17613 17613 W System.err: at android.app.ActivityThread.handleBindApplication(ActivityThread.java:7232)
03-29 22:13:57.904 17613 17613 W System.err: at android.app.ActivityThread.-$ $Nest$mhandleBindApplication(Unknown Source:0)
03-29 22:13:57.904 17613 17613 W System.err: at android.app.ActivityThread$H.handleMessage(ActivityThread.java:2307)
03-29 22:13:57.905 17613 17613 W System.err: at android.os.Handler.dispatchMessage(Handler.java:106)
03-29 22:13:57.905 17613 17613 W System.err: at android.os.Looper.loopOnce(Looper.java:240)
03-29 22:13:57.905 17613 17613 W System.err: at android.os.Looper.loop(Looper.java:351)
03-29 22:13:57.905 17613 17613 W System.err: at android.app.ActivityThread.main(ActivityThread.java:8436)
03-29 22:13:57.905 17613 17613 W System.err: at java.lang.reflect.Method.invoke(Native Method)
03-29 22:13:57.905 17613 17613 W System.err: at com.android.internal.os.RuntimeInit$MethodAndArgsCaller.run(RuntimeInit.java:568)
03-29 22:13:57.905 17613 17613 W System.err: at com.android.internal.os.ZygoteInit.main(ZygoteInit.java:1013)
03-29 22:13:58.130 17613 17613 E CustomActivityOnCrash: IMPORTANT WARNING! You already have an UncaughtExceptionHandler, are you sure this is correct? If you use a custom UncaughtExceptionHandler, you must initialize it AFTER CustomActivityOnCrash! Installing anyway, but your original handler will not be called.
03-29 22:14:02.550 17613 17613 W com.mbwhatsapp: Accessing hidden method Lcom/android/org/conscrypt/OpenSSLSocketImpl;->setUseSessionTickets(Z)V (max- target-q,core-platform-api, reflection, denied)
03-29 22:14:02.550 17613 17613 W com.mbwhatsapp: Accessing hidden method Lcom/android/org/conscrypt/AbstractConscryptSocket;->setUseSessionTickets(Z)V (max- target-q, reflection, denied)
03-29 22:14:03.044 17613 17613 W com.mbwhatsapp: type=1400 audit(0.0:1230234): avc: granted { execute } for path="/data/data/com.mbwhatsapp/files/decompressed/libs.spk.zst/libc++_shared.so" dev="dm-75" ino=34004 scontext=u:r:untrusted_app:s0:c38,c257,c512,c768 tcontext=u:object_r:app_data_file:s0:c38,c257,c512,c768 tclass=file app=com.mbwhatsapp
03-29 22:14:03.064 17613 17613 W com.mbwhatsapp: type=1400 audit(0.0:1230235): avc: granted { execute } for path="/data/data/com.mbwhatsapp/files/decompressed/libs.spk.zst/libvlc.so" dev="dm- 75" ino=37727 scontext=u:r:untrusted_app:s0:c38,c257,c512,c768 tcontext=u:object_r:app_data_file:s0:c38,c257,c512,c768 tclass=file app=com.mbwhatsapp
03-29 22:14:03.096 17613 17613 W com.mbwhatsapp: type=1400 audit(0.0:1230236): avc: granted { execute } for path="/data/data/com.mbwhatsapp/files/decompressed/libs.spk.zst/libwhatsapp.so" dev="dm-75" ino=36919 scontext=u:r:untrusted_app:s0:c38,c257,c512,c768 tcontext=u:object_r:app_data_file:s0:c38,c257,c512,c768 tclass=file app=com.mbwhatsapp
03-29 22:14:03.444 17613 17613 W com.mbwhatsapp: type=1400 audit(0.0:1230237): avc: granted { execute } for path="/data/data/com.mbwhatsapp/files/decompressed/libs.spk.zst/libcurve25519.so" dev="dm-75" ino=36986 scontext=u:r:untrusted_app:s0:c38,c257,c512,c768 tcontext=u:object_r:app_data_file:s0:c38,c257,c512,c768 tclass=file app=com.mbwhatsapp
03-29 22:14:03.584 17613 17613 W com.mbwhatsapp: type=1400 audit(0.0:1230238): avc: granted { execute } for path="/data/data/com.mbwhatsapp/files/decompressed/libs.spk.zst/libwhatsapp.so" dev="dm-75" ino=36919 scontext=u:r:untrusted_app:s0:c38,c257,c512,c768 tcontext=u:object_r:app_data_file:s0:c38,c257,c512,c768 tclass=file app=com.mbwhatsapp
03-29 22:14:04.216 17613 17613 E ANR_LOG : Blocked msg = { when=+8s197ms what=110 target=android.app.ActivityThread$H obj=AppBindData{appInfo=ApplicationInfo{8df957f com.mbwhatsapp}} } , cost = 8197 ms
03-29 22:14:04.291 17613 17765 W com.mbwhatsapp: Method void X.2rL.A03(java.lang.Integer) failed lock verification and will run slower.
03-29 22:14:04.291 17613 17765 W com.mbwhatsapp: Common causes for lock verification issues are non-optimized dex code
03-29 22:14:04.291 17613 17765 W com.mbwhatsapp: and incorrect proguard optimizations. --------- beginning of system
03-29 22:14:11.013 17613 17613 E OplusCustomizeRestrictionManager: sInstance is null, start a new sInstance
03-29 22:14:11.215 17613 17613 E SchedAssist: ofbOpen failed with error=No such file or directory
03-29 22:14:11.215 17613 17613 E SchedAssist: sysOpen failed with error=No such file or directory
03-29 22:14:11.217 17613 17613 E SchedAssist: sharedImFd failed with error=Permission denied
03-29 22:14:20.689 17613 18207 E QT : [QT]file does not exist
03-29 22:14:20.710 17613 17613 W com.mbwhatsapp: Method void com.mbwhatsapp.HomeActivity.A6e() failed lock verification and will run slower.
03-29 22:14:20.791 17613 17613 W com.mbwhatsapp: Method void X.0eU.A0h(X.0tK, boolean) failed lock verification and will run slower.
03-29 22:14:21.125 17613 17613 E ArmVmp : Match on catch block at 0x8d in for 0x1c5
03-29 22:14:21.283 17613 17613 E ArmVmp : Match on catch block at 0x4c in for 0x1cd
03-29 22:14:21.332 17613 17613 E ArmVmp : Match on catch block at 0x8d in for 0x1d1
03-29 22:14:21.747 17613 17613 E ArmVmp : Match on catch block at 0x0a in for 0x199
03-29 22:14:21.784 17613 17613 E ArmVmp : Match on catch block at 0x0a in for 0x261
03-29 22:14:21.932 17613 17613 W Activity: Can request only one set of permissions at a time
03-29 22:14:21.970 17613 18210 W com.mbwhatsapp: Accessing hidden method Lcom/android/org/conscrypt/ConscryptEngineSocket;->setUseSessionTickets(Z)V (max- target-q,core-platform-api, reflection, denied)
03-29 22:14:21.970 17613 18210 W com.mbwhatsapp: Accessing hidden method Lcom/android/org/conscrypt/OpenSSLSocketImpl;->setUseSessionTickets(Z)V (max- target-q,core-platform-api, reflection, denied)
03-29 22:14:21.970 17613 18210 W com.mbwhatsapp: Accessing hidden method Lcom/android/org/conscrypt/AbstractConscryptSocket;->setUseSessionTickets(Z)V (max- target-q, reflection, denied)
03-29 22:14:21.970 17613 18210 W com.mbwhatsapp: Accessing hidden method Lcom/android/org/conscrypt/ConscryptEngineSocket;->setHostname(Ljava/lang/String;)V (max-target-q,core-platform-api, reflection, denied)
03-29 22:14:21.970 17613 18210 W com.mbwhatsapp: Accessing hidden method Lcom/android/org/conscrypt/OpenSSLSocketImpl;->setHostname(Ljava/lang/String;)V (max-target-q,core-platform-api, reflection, denied)
03-29 22:14:21.970 17613 18210 W com.mbwhatsapp: Accessing hidden method Lcom/android/org/conscrypt/AbstractConscryptSocket;->setHostname(Ljava/lang/ String;)V (max-target-q, reflection, denied)
03-29 22:14:21.970 17613 18210 W com.mbwhatsapp: Accessing hidden method Lcom/android/org/conscrypt/OpenSSLSocketImpl;->setAlpnProtocols([B)V (max-target- q,core-platform-api, reflection, denied)
03-29 22:14:21.970 17613 18210 W com.mbwhatsapp: Accessing hidden method Lcom/android/org/conscrypt/AbstractConscryptSocket;->setAlpnProtocols([B)V (max- target-q, reflection, denied)
03-29 22:14:22.262 17613 18221 W LOTTIE : Animation contains merge paths. Merge paths are only supported on KitKat+ and must be manually enabled by calling enableMergePathsForKitKatAndAbove().
03-29 22:14:22.304 17613 17613 E ANR_LOG : Blocked msg = { when=+1s705ms what=159 target=android.app.ActivityThread$H obj=android.app.servertransaction.ClientTransaction@e3e5e5ba } , cost = 1705 ms
03-29 22:14:22.380 17613 18210 W com.mbwhatsapp: Accessing hidden method Lcom/android/org/conscrypt/OpenSSLSocketImpl;->getAlpnSelectedProtocol()[B (max- target-q,core-platform-api, reflection, denied)
03-29 22:14:22.380 17613 18210 W com.mbwhatsapp: Accessing hidden method Lcom/android/org/conscrypt/AbstractConscryptSocket;->getAlpnSelectedProtocol()[B (max-target-q, reflection, denied)
03-29 22:14:22.437 17613 17613 W LOTTIE : Animation contains merge paths but they are disabled.
03-29 22:14:22.439 17613 17613 E OplusBracketLog: [OplusViewMirrorManager] updateHostViewRootIfNeeded, not support android.view.ViewRootImpl@8059540
03-29 22:14:22.514 17613 17622 W com.mbwhatsapp: Suspending all threads took: 6.378ms
03-29 22:14:22.608 17613 18205 E OpenGLRenderer: Device claims wide gamut support, cannot find matching config, error = EGL_SUCCESS
03-29 22:14:22.608 17613 18205 W OpenGLRenderer: Failed to initialize 101010-2 format, error = EGL_SUCCESS
03-29 22:14:22.633 17613 17613 E ArmVmp : Match on catch block at 0x8d in for 0x255
03-29 22:14:22.640 17613 17613 E ArmVmp : Match on catch block at 0x8d in for 0x245
03-29 22:14:22.647 17613 17613 E ArmVmp : Match on catch block at 0x8d in for 0x251
03-29 22:14:22.658 17613 17613 E ArmVmp : Match on catch block at 0x8d in for 0x241
03-29 22:14:22.696 17613 17613 E ArmVmp : Match on catch block at 0x8d in for 0x1e1
03-29 22:14:22.851 17613 17613 E ArmVmp : Match on catch block at 0x8d in for 0x1f5
03-29 22:14:22.937 17613 17613 E ArmVmp : Match on catch block at 0x8d in for 0x1ed
03-29 22:14:23.061 17613 17613 E ArmVmp : Match on catch block at 0x8d in for 0x1e1
03-29 22:14:23.141 17613 17613 E ArmVmp : Match on catch block at 0x8d in for 0x1f5
03-29 22:14:23.215 17613 17613 E ArmVmp : Match on catch block at 0x8d in for 0x1ed
03-29 22:14:23.308 17613 17613 E ArmVmp : Match on catch block at 0x8d in for 0x1f5
03-29 22:14:23.413 17613 17613 E ArmVmp : Match on catch block at 0x8d in for 0x1ed
03-29 22:14:23.482 17613 17613 E ArmVmp : Match on catch block at 0x8d in for 0x1f5
03-29 22:14:23.549 17613 17613 E ArmVmp : Match on catch block at 0x8d in for 0x1f1
03-29 22:14:23.610 17613 17613 E RecyclerView: No adapter attached; skipping layout
03-29 22:14:23.958 17613 18205 W libc : Access denied finding property "ro.vendor.magt.mtk_magt_support"
03-29 22:14:24.136 17613 18205 W Parcel : Expecting binder but got null!
03-29 22:14:24.137 17613 17613 E ANR_LOG : Blocked msg = { when=+1s698ms what=0 target=android.view.Choreographer$FrameHandler callback=android.view.Choreographer$FrameDisplayEventReceiver } , cost = 1698 ms
03-29 22:14:24.153 17613 17613 E ArmVmp : Match on catch block at 0x0a in for 0x1a9
03-29 22:14:24.229 17613 17613 E RecyclerView: No adapter attached--------- beginning of main
03-29 22:15:07.745 20895 20895 E com.mbwhatsapp: Unknown bits set in runtime_flags: 0x40000000
03-29 22:15:07.757 20895 20895 E com.mbwhatsapp: Not starting debugger since process cannot load the jdwp agent.
03-29 22:15:07.779 20895 20895 W ziparchive: Unable to open '/system/framework/mediatek-framework.dm': No such file or directory
03-29 22:15:07.779 20895 20895 W ziparchive: Unable to open '/system/framework/mediatek-framework.dm': No such file or directory
03-29 22:15:07.852 20895 20956 E com.mbwhatsapp: Could not write anonymous vdex /system/framework/oat/arm64/mediatek-framework.vdex: Could not open /system/framework/oat/arm64/mediatek-framework.vdex for writing
03-29 22:15:08.106 20895 20895 W libc : Access denied finding property "ro.odm.prev.product.name"
03-29 22:15:09.033 20895 20895 W System.err: java.lang.ClassNotFoundException: mbmodsd.mbmodsw.ui.views.btn.BtnBK
03-29 22:15:09.042 20895 20895 W System.err: at java.lang.Runtime.nativeLoad(Native Method)
03-29 22:15:09.042 20895 20895 W System.err: at java.lang.Runtime.nativeLoad(Runtime.java:1121)
03-29 22:15:09.042 20895 20895 W System.err: at java.lang.Runtime.loadLibrary0(Runtime.java:1075)
03-29 22:15:09.042 20895 20895 W System.err: at java.lang.Runtime.loadLibrary0(Runtime.java:998)
03-29 22:15:09.042 20895 20895 W System.err: at java.lang.System.loadLibrary(System.java:1661)
03-29 22:15:09.042 20895 20895 W System.err: at arm.EpicVm.<clinit>(Unknown Source:2)
03-29 22:15:09.042 20895 20895 W System.err: at java.lang.Class.newInstance(Native Method)
03-29 22:15:09.042 20895 20895 W System.err: at android.app.AppComponentFactory.instantiateApplication(AppComponentFactory.java:76)
03-29 22:15:09.042 20895 20895 W System.err: at androidx.core.app.CoreComponentFactory.instantiateApplication(Unknown Source:0)
03-29 22:15:09.042 20895 20895 W System.err: at android.app.Instrumentation.newApplication(Instrumentation.java:1251)
03-29 22:15:09.042 20895 20895 W System.err: at android.app.LoadedApk.makeApplicationInner(LoadedApk.java:1507)
03-29 22:15:09.042 20895 20895 W System.err: at android.app.LoadedApk.makeApplicationInner(LoadedApk.java:1443)
03-29 22:15:09.042 20895 20895 W System.err: at android.app.ActivityThread.handleBindApplication(ActivityThread.java:7232)
03-29 22:15:09.042 20895 20895 W System.err: at android.app.ActivityThread.-$ $Nest$mhandleBindApplication(Unknown Source:0)
03-29 22:15:09.042 20895 20895 W System.err: at android.app.ActivityThread$H.handleMessage(ActivityThread.java:2307)
03-29 22:15:09.042 20895 20895 W System.err: at android.os.Handler.dispatchMessage(Handler.java:106)
03-29 22:15:09.043 20895 20895 W System.err: at android.os.Looper.loopOnce(Looper.java:240)
03-29 22:15:09.043 20895 20895 W System.err: at android.os.Looper.loop(Looper.java:351)
03-29 22:15:09.043 20895 20895 W System.err: at android.app.ActivityThread.main(ActivityThread.java:8436)
03-29 22:15:09.043 20895 20895 W System.err: at java.lang.reflect.Method.invoke(Native Method)
03-29 22:15:09.043 20895 20895 W System.err: at com.android.internal.os.RuntimeInit$MethodAndArgsCaller.run(RuntimeInit.java:568)
03-29 22:15:09.043 20895 20895 W System.err: at com.android.internal.os.ZygoteInit.main(ZygoteInit.java:1013)
03-29 22:15:09.176 20895 20895 E CustomActivityOnCrash: IMPORTANT WARNING! You already have an UncaughtExceptionHandler, are you sure this is correct? If you use a custom UncaughtExceptionHandler, you must initialize it AFTER CustomActivityOnCrash! Installing anyway, but your original handler will not be called.
03-29 22:15:09.713 20895 21050 W LibraryVersion: Failed to get app version for libraryName: firebase-iid
03-29 22:15:11.282 20895 20895 W com.mbwhatsapp: Accessing hidden method Lcom/android/org/conscrypt/OpenSSLSocketImpl;->setUseSessionTickets(Z)V (max- target-q,core-platform-api, reflection, denied)
03-29 22:15:11.282 20895 20895 W com.mbwhatsapp: Accessing hidden method Lcom/android/org/conscrypt/AbstractConscryptSocket;->setUseSessionTickets(Z)V (max- target-q, reflection, denied) 03-29 2--------- beginning of main
03-29 22:15:11.460 20895 20895 W com.mbwhatsapp: type=1400 audit(0.0:1230252): avc: granted { execute } for path="/data/data/com.mbwhatsapp/files/decompressed/libs.spk.zst/libc++_shared.so" dev="dm-75" ino=34004 scontext=u:r:untrusted_app:s0:c38,c257,c512,c768 tcontext=u:object_r:app_data_file:s0:c38,c257,c512,c768 tclass=file app=com.mbwhatsapp
03-29 22:15:11.480 20895 20895 W com.mbwhatsapp: type=1400 audit(0.0:1230253): avc: granted { execute } for path="/data/data/com.mbwhatsapp/files/decompressed/libs.spk.zst/libvlc.so" dev="dm- 75" ino=37727 scontext=u:r:untrusted_app:s0:c38,c257,c512,c768 tcontext=u:object_r:app_data_file:s0:c38,c257,c512,c768 tclass=file app=com.mbwhatsapp
03-29 22:15:11.516 20895 20895 W com.mbwhatsapp: type=1400 audit(0.0:1230254): avc: granted { execute } for path="/data/data/com.mbwhatsapp/files/decompressed/libs.spk.zst/libwhatsapp.so" dev="dm-75" ino=36919 scontext=u:r:untrusted_app:s0:c38,c257,c512,c768 tcontext=u:object_r:app_data_file:s0:c38,c257,c512,c768 tclass=file app=com.mbwhatsapp
03-29 22:15:11.708 20895 20895 W com.mbwhatsapp: type=1400 audit(0.0:1230255): avc: granted { execute } for path="/data/data/com.mbwhatsapp/files/decompressed/libs.spk.zst/libcurve25519.so" dev="dm-75" ino=36986 scontext=u:r:untrusted_app:s0:c38,c257,c512,c768 tcontext=u:object_r:app_data_file:s0:c38,c257,c512,c768 tclass=file app=com.mbwhatsapp
03-29 22:15:11.756 20895 20895 W com.mbwhatsapp: type=1400 audit(0.0:1230256): avc: granted { execute } for path="/data/data/com.mbwhatsapp/files/decompressed/libs.spk.zst/libwhatsapp.so" dev="dm-75" ino=36919 scontext=u:r:untrusted_app:s0:c38,c257,c512,c768 tcontext=u:object_r:app_data_file:s0:c38,c257,c512,c768 tclass=file app=com.mbwhatsapp
03-29 22:15:11.756 20895 20895 W com.mbwhatsapp: type=1400 audit(0.0:1230257): avc: granted { execute } for path="/data/data/com.mbwhatsapp/files/decompressed/libs.spk.zst/libwhatsapp.so" dev="dm-75" ino=36919 scontext=u:r:untrusted_app:s0:c38,c257,c512,c768 tcontext=u:object_r:app_data_file:s0:c38,c257,c512,c768 tclass=file app=com.mbwhatsapp
03-29 22:15:11.756 20895 20895 W com.mbwhatsapp: type=1400 audit(0.0:1230258): avc: granted { execute } for path="/data/data/com.mbwhatsapp/files/decompressed/libs.spk.zst/libwhatsapp.so" dev="dm-75" ino=36919 scontext=u:r:untrusted_app:s0:c38,c257,c512,c768 tcontext=u:object_r:app_data_file:s0:c38,c257,c512,c768 tclass=file app=com.mbwhatsapp
03-29 22:15:12.233 20895 20895 E ANR_LOG : Blocked msg = { when=+4s342ms what=110 target=android.app.ActivityThread$H obj=AppBindData{appInfo=ApplicationInfo{589ae11 com.mbwhatsapp}} } , cost = 4342 ms
03-29 22:15:12.291 20895 21138 W com.mbwhatsapp: Method void X.2rL.A03(java.lang.Integer) failed lock verification and will run slower.
03-29 22:15:12.291 20895 21138 W com.mbwhatsapp: Common causes for lock verification issues are non-optimized dex code
03-29 22:15:12.291 20895 21138 W com.mbwhatsapp: and incorrect proguard optimizations.
03-29 22:15:20.759 21163 21163 E com.mbwhatsapp: Unknown bits set in runtime_flags: 0x40000000
03-29 22:15:20.792 21163 21163 E com.mbwhatsapp: Not starting debugger since process cannot load the jdwp agent.
03-29 22:15:20.843 21163 21163 W ziparchive: Unable to open '/system/framework/mediatek-framework.dm': No such file or directory
03-29 22:15:20.843 21163 21163 W ziparchive: Unable to open '/system/framework/mediatek-framework.dm': No such file or directory
03-29 22:15:20.881 21163 21177 E com.mbwhatsapp: Could not write anonymous vdex /system/framework/oat/arm64/mediatek-framework.vdex: Could not open /system/framework/oat/arm64/mediatek-framework.vdex for writing
03-29 22:15:21.002 21163 21163 W libc : Access denied finding property "ro.odm.prev.product.name"
03-29 22:15:21.345 21163 21163 W System.err: java.lang.ClassNotFoundException: mbmodsd.mbmodsw.ui.views.btn.BtnBK
03-29 22:15:21.351 21163 21163 W System.err: at java.lang.Runtime.nativeLoad(Native Method)
03-29 22:15:21.351 21163 21163 W System.err: at java.lang.Runtime.nativeLoad(Runtime.java:1121)
03-29 22:15:21.351 21163 21163 W System.err: at java.lang.Runtime.loadLibrary0(Runtime.java:1075)
03-29 22:15:21.351 21163 21163 W System.err: at java.lang.Runtime.loadLibrary0(Runtime.java:998)
03-29 22:15:21.351 21163 21163 W System.err: at java.lang.System.loadLibrary(System.java:1661)
03-29 22:15:21.351 21163 21163 W System.err: at arm.EpicVm.<clinit>(Unknown Source:2)
03-29 22:15:21.351 21163 21163 W System.err: at java.lang.Class.newInstance(Native Method)
03-29 22:15:21.351 21163 21163 W System.err: at android.app.AppComponentFactory.instantiateApplication(AppComponentFactory.java:76)
03-29 22:15:21.351 21163 21163 W System.err: at androidx.core.app.CoreComponentFactory.instantiateApplication(Unknown Source:0)
03-29 22:15:21.351 21163 21163 W System.err: at android.app.Instrumentation.newApplication(Instrumentation.java:1251)
03-29 22:15:21.351 21163 21163 W System.err: at android.app.LoadedApk.makeApplicationInner(LoadedApk.java:1507)
03-29 22:15:21.351 21163 21163 W System.err: at android.app.LoadedApk.makeApplicationInner(LoadedApk.java:1443)
03-29 22:15:21.351 21163 21163 W System.err: at android.app.ActivityThread.handleBindApplication(ActivityThread.java:7232)
03-29 22:15:21.351 21163 21163 W System.err: at android.app.ActivityThread.-$ $Nest$mhandleBindApplication(Unknown Source:0)
03-29 22:15:21.351 21163 21163 W System.err: at android.app.ActivityThread$H.handleMessage(ActivityThread.java:2307)
03-29 22:15:21.351 21163 21163 W System.err: at android.os.Handler.dispatchMessage(Handler.java:106)
03-29 22:15:21.351 21163 21163 W System.err: at android.os.Looper.loopOnce(Looper.java:240)
03-29 22:15:21.351 21163 21163 W System.err: at android.os.Looper.loop(Looper.java:351)
03-29 22:15:21.352 21163 21163 W System.err: at android.app.ActivityThread.main(ActivityThread.java:8436)
03-29 22:15:21.352 21163 21163 W System.err: at java.lang.reflect.Method.invoke(Native Method)
03-29 22:15:21.352 21163 21163 W System.err: at com.android.internal.os.RuntimeInit$MethodAndArgsCaller.run(RuntimeInit.java:568)
03-29 22:15:21.352 21163 21163 W System.err: at com.android.internal.os.ZygoteInit.main(ZygoteInit.java:1013)
03-29 22:15:21.420 21163 21163 E CustomActivityOnCrash: IMPORTANT WARNING! You already have an UncaughtExceptionHandler, are you sure this is correct? If you use a custom UncaughtExceptionHandler, you must initialize it AFTER CustomActivityOnCrash! Installing anyway, but your original handler will not be called.
03-29 22:15:21.588 21163 21201 W LibraryVersion: Failed to get app version for libraryName: firebase-iid
03-29 22:15:22.355 21163 21163 W com.mbwhatsapp: Accessing hidden method Lcom/android/org/conscrypt/OpenSSLSocketImpl;->setUseSessionTickets(Z)V (max- target-q,core-platform-api, reflection, denied)
03-29 22:15:22.355 21163 21163 W com.mbwhatsapp: Accessing hidden method Lcom/android/org/conscrypt/AbstractConscryptSocket;->setUseSessionTickets(Z)V (max- target-q, reflection, denied)
03-29 22:15:22.492 21163 21163 W com.mbwhatsapp: type=1400 audit(0.0:1230259): avc: granted { execute } for path="/data/data/com.mbwhatsapp/files/decompressed/libs.spk.zst/libc++_shared.so" dev="dm-75" ino=34004 scontext=u:r:untrusted_app:s0:c38,c257,c512,c768 tcontext=u:object_r:app_data_file:s0:c38,c257,c512,c768 tclass=file app=com.mbwhatsapp
03-29 22:15:22.516 21163 21163 W com.mbwhatsapp: type=1400 audit(0.0:1230260): avc: granted { execute } for path="/data/data/com.mbwhatsapp/files/decompressed/libs.spk.zst/libvlc.so" dev="dm- 75" ino=37727 scontext=u:r:untrusted_app:s0:c38,c257,c512,c768 tcontext=u:object_r:app_data_file:s0:c38,c257,c512,c768 tclass=file app=com.mbwhatsapp
03-29 22:15:22.540 21163 21163 W com.mbwhatsapp: type=1400 audit(0.0:1230261): avc: granted { execute } for path="/data/data/com.mbwhatsapp/files/decompressed/libs.spk.zst/libwhatsapp.so" dev="dm-75" ino=36919 scontext=u:r:untrusted_app:s0:c38,c257,c512,c768 tcontext=u:object_r:app_data_file:s0:c38,c257,c512,c768 tclass=file app=com.mbwhatsapp
03-29 22:15:22.668 21163 21163 W com.mbwhatsapp: type=1400 audit(0.0:1230262): avc: granted { execute --------- beginning of main
03-29 22:17:32.977 24371 24371 E com.mbwhatsapp: Unknown bits set in runtime_flags: 0x40000000
03-29 22:17:32.989 24371 24371 E com.mbwhatsapp: Not starting debugger since process cannot load the jdwp agent.
03-29 22:17:33.000 24371 24371 W ziparchive: Unable to open '/system/framework/mediatek-framework.dm': No such file or directory
03-29 22:17:33.000 24371 24371 W ziparchive: Unable to open '/system/framework/mediatek-framework.dm': No such file or directory
03-29 22:17:33.029 24371 24385 E com.mbwhatsapp: Could not write anonymous vdex /system/framework/oat/arm64/mediatek-framework.vdex: Could not open /system/framework/oat/arm64/mediatek-framework.vdex for writing
03-29 22:17:33.156 24371 24371 W libc : Access denied finding property "ro.odm.prev.product.name"
03-29 22:17:33.635 24371 24371 W System.err: java.lang.ClassNotFoundException: mbmodsd.mbmodsw.ui.views.btn.BtnBK
03-29 22:17:33.638 24371 24371 W System.err: at java.lang.Runtime.nativeLoad(Native Method)
03-29 22:17:33.638 24371 24371 W System.err: at java.lang.Runtime.nativeLoad(Runtime.java:1121)
03-29 22:17:33.638 24371 24371 W System.err: at java.lang.Runtime.loadLibrary0(Runtime.java:1075)
03-29 22:17:33.638 24371 24371 W System.err: at java.lang.Runtime.loadLibrary0(Runtime.java:998)
03-29 22:17:33.638 24371 24371 W System.err: at java.lang.System.loadLibrary(System.java:1661)
03-29 22:17:33.638 24371 24371 W System.err: at arm.EpicVm.<clinit>(Unknown Source:2)
03-29 22:17:33.638 24371 24371 W System.err: at java.lang.Class.newInstance(Native Method)
03-29 22:17:33.639 24371 24371 W System.err: at android.app.AppComponentFactory.instantiateApplication(AppComponentFactory.java:76)
03-29 22:17:33.639 24371 24371 W System.err: at androidx.core.app.CoreComponentFactory.instantiateApplication(Unknown Source:0)
03-29 22:17:33.639 24371 24371 W System.err: at android.app.Instrumentation.newApplication(Instrumentation.java:1251)
03-29 22:17:33.639 24371 24371 W System.err: at android.app.LoadedApk.makeApplicationInner(LoadedApk.java:1507)
03-29 22:17:33.639 24371 24371 W System.err: at android.app.LoadedApk.makeApplicationInner(LoadedApk.java:1443)
03-29 22:17:33.639 24371 24371 W System.err: at android.app.ActivityThread.handleBindApplication(ActivityThread.java:7232)
03-29 22:17:33.639 24371 24371 W System.err: at android.app.ActivityThread.-$ $Nest$mhandleBindApplication(Unknown Source:0)
03-29 22:17:33.639 24371 24371 W System.err: at android.app.ActivityThread$H.handleMessage(ActivityThread.java:2307)
03-29 22:17:33.639 24371 24371 W System.err: at android.os.Handler.dispatchMessage(Handler.java:106)
03-29 22:17:33.639 24371 24371 W System.err: at android.os.Looper.loopOnce(Looper.java:240)
03-29 22:17:33.639 24371 24371 W System.err: at android.os.Looper.loop(Looper.java:351)
03-29 22:17:33.639 24371 24371 W System.err: at android.app.ActivityThread.main(ActivityThread.java:8436)
03-29 22:17:33.639 24371 24371 W System.err: at java.lang.reflect.Method.invoke(Native Method)
03-29 22:17:33.639 24371 24371 W System.err: at com.android.internal.os.RuntimeInit$MethodAndArgsCaller.run(RuntimeInit.java:568)
03-29 22:17:33.639 24371 24371 W System.err: at com.android.internal.os.ZygoteInit.main(ZygoteInit.java:1013)
03-29 22:17:33.752 24371 24371 E CustomActivityOnCrash: IMPORTANT WARNING! You already have an UncaughtExceptionHandler, are you sure this is correct? If you use a custom UncaughtExceptionHandler, you must initialize it AFTER CustomActivityOnCrash! Installing anyway, but your original handler will not be called.
03-29 22:17:35.452 24371 24371 W com.mbwhatsapp: Accessing hidden method Lcom/android/org/conscrypt/OpenSSLSocketImpl;->setUseSessionTickets(Z)V (max- target-q,core-platform-api, reflection, denied)
03-29 22:17:35.452 24371 24371 W com.mbwhatsapp: Accessing hidden method Lcom/android/org/conscrypt/AbstractConscryptSocket;->setUseSessionTickets(Z)V (max- target-q, reflection, denied)
03-29 22:17:35.564 24371 24371 W com.mbwhatsapp: type=1400 audit(0.0:1230595): avc: granted { execute } for path--------- beginning of main
03-29 22:17:35.584 24371 24371 W com.mbwhatsapp: type=1400 audit(0.0:1230596): avc: granted { execute } for path="/data/data/com.mbwhatsapp/files/decompressed/libs.spk.zst/libvlc.so" dev="dm- 75" ino=37727 scontext=u:r:untrusted_app:s0:c38,c257,c512,c768 tcontext=u:object_r:app_data_file:s0:c38,c257,c512,c768 tclass=file app=com.mbwhatsapp
03-29 22:17:35.604 24371 24371 W com.mbwhatsapp: type=1400 audit(0.0:1230597): avc: granted { execute } for path="/data/data/com.mbwhatsapp/files/decompressed/libs.spk.zst/libwhatsapp.so" dev="dm-75" ino=36919 scontext=u:r:untrusted_app:s0:c38,c257,c512,c768 tcontext=u:object_r:app_data_file:s0:c38,c257,c512,c768 tclass=file app=com.mbwhatsapp
03-29 22:17:35.756 24371 24371 W com.mbwhatsapp: type=1400 audit(0.0:1230598): avc: granted { execute } for path="/data/data/com.mbwhatsapp/files/decompressed/libs.spk.zst/libcurve25519.so" dev="dm-75" ino=36986 scontext=u:r:untrusted_app:s0:c38,c257,c512,c768 tcontext=u:object_r:app_data_file:s0:c38,c257,c512,c768 tclass=file app=com.mbwhatsapp
03-29 22:17:35.816 24371 24371 W com.mbwhatsapp: type=1400 audit(0.0:1230599): avc: granted { execute } for path="/data/data/com.mbwhatsapp/files/decompressed/libs.spk.zst/libwhatsapp.so" dev="dm-75" ino=36919 scontext=u:r:untrusted_app:s0:c38,c257,c512,c768 tcontext=u:object_r:app_data_file:s0:c38,c257,c512,c768 tclass=file app=com.mbwhatsapp
03-29 22:17:36.096 24371 24419 W com.mbwhatsapp: Method void X.2rL.A03(java.lang.Integer) failed lock verification and will run slower.
03-29 22:17:36.096 24371 24419 W com.mbwhatsapp: Common causes for lock verification issues are non-optimized dex code
03-29 22:17:36.096 24371 24419 W com.mbwhatsapp: and incorrect proguard optimizations.
03-29 22:17:36.107 24371 24371 E ANR_LOG : Blocked msg = { when=+3s35ms what=110 target=android.app.ActivityThread$H obj=AppBindData{appInfo=ApplicationInfo{5b0369e com.mbwhatsapp}} } , cost = 3035 ms
03-29 22:17:44.048 24592 24592 E com.mbwhatsapp: Unknown bits set in runtime_flags: 0x40000000
03-29 22:17:44.056 24592 24592 E com.mbwhatsapp: Not starting debugger since process cannot load the jdwp agent.
03-29 22:17:44.084 24592 24592 W ziparchive: Unable to open '/system/framework/mediatek-framework.dm': No such file or directory
03-29 22:17:44.085 24592 24592 W ziparchive: Unable to open '/system/framework/mediatek-framework.dm': No such file or directory
03-29 22:17:44.116 24592 24626 E com.mbwhatsapp: Could not write anonymous vdex /system/framework/oat/arm64/mediatek-framework.vdex: Could not open /system/framework/oat/arm64/mediatek-framework.vdex for writing
03-29 22:17:44.203 24592 24592 W libc : Access denied finding property "ro.odm.prev.product.name"
03-29 22:17:44.529 24592 24592 W System.err: java.lang.ClassNotFoundException: mbmodsd.mbmodsw.ui.views.btn.BtnBK
03-29 22:17:44.529 24592 24592 W System.err: at java.lang.Runtime.nativeLoad(Native Method)
03-29 22:17:44.529 24592 24592 W System.err: at java.lang.Runtime.nativeLoad(Runtime.java:1121)
03-29 22:17:44.529 24592 24592 W System.err: at java.lang.Runtime.loadLibrary0(Runtime.java:1075)
03-29 22:17:44.529 24592 24592 W System.err: at java.lang.Runtime.loadLibrary0(Runtime.java:998)
03-29 22:17:44.529 24592 24592 W System.err: at java.lang.System.loadLibrary(System.java:1661)
03-29 22:17:44.529 24592 24592 W System.err: at arm.EpicVm.<clinit>(Unknown Source:2)
03-29 22:17:44.529 24592 24592 W System.err: at java.lang.Class.newInstance(Native Method)
03-29 22:17:44.529 24592 24592 W System.err: at android.app.AppComponentFactory.instantiateApplication(AppComponentFactory.java:76)
03-29 22:17:44.529 24592 24592 W System.err: at androidx.core.app.CoreComponentFactory.instantiateApplication(Unknown Source:0)
03-29 22:17:44.529 24592 24592 W System.err: at android.app.Instrumentation.newApplication(Instrumentation.java:1251)
03-29 22:17:44.529 24592 24592 W System.err: at android.app.LoadedApk.makeApplicationInner(LoadedApk.java:1507)
03-29 22:17:44.529 24592 24592 W System.err: at android.app.LoadedApk.makeApplicationInner(LoadedApk.java:1443)
03-29 22:17:44.529 24592 24592 W System.err: at android.app.ActivityThread.handleBindApplication(ActivityThread.java:7232)
03-29 22:17:44.529 24592 24592 W System.err: at android.app.ActivityThread.-$ $Nest$mhandleBindApplication(Unknown Source:0)
03-29 22:17:44.529 24592 24592 W System.err: at android.app.ActivityThread$H.handleMessage(ActivityThread.java:2307)
03-29 22:17:44.529 24592 24592 W System.err: at android.os.Handler.dispatchMessage(Handler.java:106)
03-29 22:17:44.529 24592 24592 W System.err: at android.os.Looper.loopOnce(Looper.java:240)
03-29 22:17:44.529 24592 24592 W System.err: at android.os.Looper.loop(Looper.java:351)
