03-29 18:41:03.188 17039 17039 W SIMPLE_WORKER8: type=1400 audit(0.0:1221869): avc: granted { execute } for path="/data/data/com.instagram.android/lib-compressed/librtgqlsdk-lite.so" dev="dm- 75" ino=39831 scontext=u:r:untrusted_app:s0:c36,c257,c512,c768 tcontext=u:object_r:app_data_file:s0:c36,c257,c512,c768 tclass=file app=com.mbwhatsapp
03-29 18:41:07.510 17977 17977 E com.mbwhatsapp: Unknown bits set in runtime_flags: 0x40000000
03-29 18:41:07.519 17977 17977 E com.mbwhatsapp: Not starting debugger since process cannot load the jdwp agent.
03-29 18:41:07.529 17977 17977 W ziparchive: Unable to open '/system/framework/mediatek-framework.dm': No such file or directory
03-29 18:41:07.529 17977 17977 W ziparchive: Unable to open '/system/framework/mediatek-framework.dm': No such file or directory
03-29 18:41:07.541 17977 17991 E com.mbwhatsapp: Could not write anonymous vdex /system/framework/oat/arm64/mediatek-framework.vdex: Could not open /system/framework/oat/arm64/mediatek-framework.vdex for writing
03-29 18:41:07.596 17977 17977 W libc : Access denied finding property "ro.odm.prev.product.name"
03-29 18:41:08.018 17977 17977 W System.err: java.lang.ClassNotFoundException: mbmodsd.mbmodsw.ui.views.btn.BtnBK
03-29 18:41:08.020 17977 17977 W System.err: at java.lang.Runtime.nativeLoad(Native Method)
03-29 18:41:08.020 17977 17977 W System.err: at java.lang.Runtime.nativeLoad(Runtime.java:1121)
03-29 18:41:08.020 17977 17977 W System.err: at java.lang.Runtime.loadLibrary0(Runtime.java:1075)
03-29 18:41:08.020 17977 17977 W System.err: at java.lang.Runtime.loadLibrary0(Runtime.java:998)
03-29 18:41:08.020 17977 17977 W System.err: at java.lang.System.loadLibrary(System.java:1661)
03-29 18:41:08.020 17977 17977 W System.err: at arm.EpicVm.<clinit>(Unknown Source:2)
03-29 18:41:08.020 17977 17977 W System.err: at java.lang.Class.newInstance(Native Method)
03-29 18:41:08.020 17977 17977 W System.err: at android.app.AppComponentFactory.instantiateApplication(AppComponentFactory.java:76)
03-29 18:41:08.020 17977 17977 W System.err: at androidx.core.app.CoreComponentFactory.instantiateApplication(Unknown Source:0)
03-29 18:41:08.020 17977 17977 W System.err: at android.app.Instrumentation.newApplication(Instrumentation.java:1251)
03-29 18:41:08.020 17977 17977 W System.err: at android.app.LoadedApk.makeApplicationInner(LoadedApk.java:1507)
03-29 18:41:08.020 17977 17977 W System.err: at android.app.LoadedApk.makeApplicationInner(LoadedApk.java:1443)
03-29 18:41:08.020 17977 17977 W System.err: at android.app.ActivityThread.handleBindApplication(ActivityThread.java:7232)
03-29 18:41:08.020 17977 17977 W System.err: at android.app.ActivityThread.-$ $Nest$mhandleBindApplication(Unknown Source:0)
03-29 18:41:08.020 17977 17977 W System.err: at android.app.ActivityThread$H.handleMessage(ActivityThread.java:2307)
03-29 18:41:08.020 17977 17977 W System.err: at android.os.Handler.dispatchMessage(Handler.java:106)
03-29 18:41:08.020 17977 17977 W System.err: at android.os.Looper.loopOnce(Looper.java:240)
03-29 18:41:08.020 17977 17977 W System.err: at android.os.Looper.loop(Looper.java:351)
03-29 18:41:08.020 17977 17977 W System.err: at android.app.ActivityThread.main(ActivityThread.java:8436)
03-29 18:41:08.020 17977 17977 W System.err: at java.lang.reflect.Method.invoke(Native Method)
03-29 18:41:08.020 17977 17977 W System.err: at com.android.internal.os.RuntimeInit$MethodAndArgsCaller.run(RuntimeInit.java:568)
03-29 18:41:08.021 17977 17977 W System.err: at com.android.internal.os.ZygoteInit.main(ZygoteInit.java:1013)
03-29 18:41:08.088 17977 17977 E CustomActivityOnCrash: IMPORTANT WARNING! You already have an UncaughtExceptionHandler, are you sure this is correct? If you use a custom UncaughtExceptionHandler, you must initialize it AFTER CustomActivityOnCrash! Installing anyway, but your original handler will not be called.
03-29 18:41:08.886 17977 17977 W com.mbwhatsapp: Accessing hidden method Lcom/android/org/conscrypt/OpenSSLSocketImpl;->setUseSessionTickets(Z)V (max- target-q,core-platform-api, reflection, denied)
03-29 18:41:08.887 17977 17977 W com.mbwhatsapp: Accessing hidden method Lcom/android/org/conscrypt/AbstractConscryptSocket;->setUseSessionTickets(Z)V (max- target-q, reflection, denied)
03-29 18:41:09.190 17977 17977 E ANR_LOG : Blocked msg = { when=+1s614ms what=110 target=android.app.ActivityThread$H obj=AppBindData{appInfo=ApplicationInfo{5b0369e com.mbwhatsapp}} } , cost = 1614 ms
03-29 18:41:09.206 17977 18041 W com.mbwhatsapp: Method void X.2rL.A03(java.lang.Integer) failed lock verification and will run slower.
03-29 18:41:09.206 17977 18041 W com.mbwhatsapp: Common causes for lock verification issues are non-optimized dex code
03-29 18:41:09.206 17977 18041 W com.mbwhatsapp: and incorrect proguard optimizations.
03-29 18:41:09.225 17977 17977 W com.mbwhatsapp: Method void X.0eU.A0h(X.0tK, boolean) failed lock verification and will run slower.
03-29 18:41:09.454 17977 17977 W com.mbwhatsapp: Method void com.mbwhatsapp.HomeActivity.A6e() failed lock verification and will run slower.
03-29 18:41:09.469 17977 18058 E QT : [QT]file does not exist --------- beginning of system
03-29 18:41:09.542 17977 17977 E OplusCustomizeRestrictionManager: sInstance is null, start a new sInstance
03-29 18:41:09.549 17977 17977 E ArmVmp : Match on catch block at 0x8d in for 0x1d5
03-29 18:41:09.629 17977 17977 E ArmVmp : Match on catch block at 0x4c in for 0x1c5
03-29 18:41:09.656 17977 17977 E ArmVmp : Match on catch block at 0x8d in for 0x1c9
03-29 18:41:09.928 17977 17977 E ArmVmp : Match on catch block at 0x0a in for 0x185
03-29 18:41:09.950 17977 17977 E ArmVmp : Match on catch block at 0x0a in for 0x265
03-29 18:41:10.070 17977 17977 W Activity: Can request only one set of permissions at a time
03-29 18:41:10.129 17977 18063 W com.mbwhatsapp: Accessing hidden method Lcom/android/org/conscrypt/ConscryptEngineSocket;->setUseSessionTickets(Z)V (max- target-q,core-platform-api, reflection, denied)
03-29 18:41:10.129 17977 18063 W com.mbwhatsapp: Accessing hidden method Lcom/android/org/conscrypt/OpenSSLSocketImpl;->setUseSessionTickets(Z)V (max- target-q,core-platform-api, reflection, denied)
03-29 18:41:10.129 17977 18063 W com.mbwhatsapp: Accessing hidden method Lcom/android/org/conscrypt/AbstractConscryptSocket;->setUseSessionTickets(Z)V (max- target-q, reflection, denied)
03-29 18:41:10.129 17977 18063 W com.mbwhatsapp: Accessing hidden method Lcom/android/org/conscrypt/ConscryptEngineSocket;->setHostname(Ljava/lang/String;)V (max-target-q,core-platform-api, reflection, denied)
03-29 18:41:10.129 17977 18063 W com.mbwhatsapp: Accessing hidden method Lcom/android/org/conscrypt/OpenSSLSocketImpl;->setHostname(Ljava/lang/String;)V (max-target-q,core-platform-api, reflection, denied)
03-29 18:41:10.129 17977 18063 W com.mbwhatsapp: Accessing hidden method Lcom/android/org/conscrypt/AbstractConscryptSocket;->setHostname(Ljava/lang/ String;)V (max-target-q, reflection, denied)
03-29 18:41:10.129 17977 18063 W com.mbwhatsapp: Accessing hidden method Lcom/android/org/conscrypt/OpenSSLSocketImpl;->setAlpnProtocols([B)V (max-target- q,core-platform-api, reflection, denied)
03-29 18:41:10.129 17977 18063 W com.mbwhatsapp: Accessing hidden method Lcom/android/org/conscrypt/AbstractConscryptSocket;->setAlpnProtocols([B)V (max- target-q, reflection, denied)
03-29 18:41:10.211 17977 17977 E SchedAssist: ofbOpen failed with error=No such file or directory
03-29 18:41:10.211 17977 17977 E SchedAssist: sysOpen failed with error=No such file or directory
03-29 18:41:10.211 17977 17977 E SchedAssist: sharedImFd failed with error=Permission denied
03-29 18:41:10.363 17977 17977 E OplusBracketLog: [OplusViewMirrorManager] updateHostViewRootIfNeeded, not support android.view.ViewRootImpl@966c21e
03-29 18:41:10.529 17977 18063 W com.mbwhatsapp: Accessing hidden method Lcom/android/org/conscrypt/OpenSSLSocketImpl;->getAlpnSelectedProtocol()[B (max- target-q,core-platform-api, reflection, denied)
03-29 18:41:10.529 17977 18063 W com.mbwhatsapp: Accessing hidden method Lcom/android/org/conscrypt/AbstractConscryptSocket;->getAlpnSelectedProtocol()[B (max-target-q, reflection, denied)
03-29 18:41:10.728 17977 17977 E ArmVmp : Match on catch block at 0x8d in for 0x1f5
03-29 18:41:10.844 17977 17977 E ArmVmp : Match on catch block at 0x8d in for 0x1ed
03-29 18:41:10.913 17977 17977 E ArmVmp : Match on catch block at 0x8d in for 0x1e5
03-29 18:41:10.994 17977 17977 E ArmVmp : Match on catch block at 0x8d in for 0x1ed
03-29 18:41:11.084 17977 17977 E ArmVmp : Match on catch block at 0x8d in for 0x1e5
03-29 18:41:11.126 17977 17977 E ArmVmp : Match on catch block at 0x8d in for 0x1ed
03-29 18:41:11.166 17977 17977 E ArmVmp : Match on catch block at 0x8d in for 0x1ed
03-29 18:41:11.205 17977 17977 E ArmVmp : Match on catch block at 0x8d in for 0x1e5
03-29 18:41:11.244 17977 17977 E ArmVmp : Match on catch block at 0x8d in for 0x1f9
03-29 18:41:11.289 17977 17977 E ArmVmp : Match on catch block at 0x8d in for 0x1f1
03-29 18:41:11.318 17977 17977 E RecyclerView: No adapter attached; skipping layout
03-29 18:41:11.334 17977 17977 E ArmVmp : Match on catch block at 0x0a in for 0x1a9
03-29 18:41:11.394 17977 17977 E RecyclerView: No adapter attached; skipping layout
03-29 18:41:11.488 17977 18008 W LibraryVersion: Failed to get app version for libraryName: firebase-iid
03-29 18:41:11.580 17977 18102 W LOTTIE : Animation contains merge paths. Merge paths are only supported on KitKat+ and must be manually enabled by calling enableMergePathsForKitKatAndAbove().
03-29 18:41:11.659 17977 17977 E ArmVmp : Match on catch block at 0x8d in for 0x24d
03-29 18:41:11.666 17977 17977 E ArmVmp : Match on catch block at 0x8d in for 0x259
03-29 18:41:11.672 17977 17977 E ArmVmp : Match on catch block at 0x8d in for 0x249
03-29 18:41:11.678 17977 17977 E ArmVmp : Match on catch block at 0x8d in for 0x255
03-29 18:41:11.686 17977 18055 E OpenGLRenderer: Device claims wide gamut support, cannot find matching config, error = EGL_SUCCESS
03-29 18:41:11.687 17977 18055 W OpenGLRenderer: Failed to initialize 101010-2 format, error = EGL_SUCCESS
03-29 18:41:12.021 17977 18055 W libc : Access denied finding property "ro.vendor.magt.mtk_magt_support"
03-29 18:41:12.129 17977 18055 W Parcel : Expecting binder but got null!
03-29 18:41:12.140 17977 17977 W LOTTIE : Animation contains merge paths but they are disabled.
03-29 18:41:12.557 17977 17977 E ArmVmp : Match on catch block at 0x8d in for 0x1d1
03-29 18:41:12.573 17977 17977 E ArmVmp : Match on catch block at 0x8d in for 0x1d1
03-29 18:41:17.870 17977 17985 W com.mbwhatsapp: Suspending all threads took: 6.405ms
03-29 18:41:17.891 17977 17985 W com.mbwhatsapp: Cleared Reference was only reachable from finalizer (only reported once)
03-29 18:41:18.653 17977 18777 E RenderScript: Failed loading RS driver: dlopen failed: library "libRSDriver_mtk.so" not found
03-29 18:41:18.653 17977 18777 E RenderScript: Failed to load runtime libRSDriver_mtk.so, loading default
03-29 18:41:19.195 17977 17977 E ArmVmp : Match on catch block at 0x4c in for 0x1c9
03-29 18:41:19.214 17977 17977 E ArmVmp : Match on catch block at 0x8d in for 0x1cd
03-29 18:41:19.221 17977 17977 E ArmVmp : Match on catch block at 0x8d in for 0x1cd
03-29 18:41:19.324 17977 17977 E ArmVmp : Match on catch block at 0x0a in for 0x189
03-29 18:41:19.336 17977 17977 E ArmVmp : Match on catch block at 0x0a in for 0x185
03-29 18:41:19.429 17977 17977 E ANR_LOG : Blocked msg = { when=+1s507ms what=159 target=android.app.ActivityThread$H obj=android.app.servertransaction.ClientTransaction@1602065d } , cost = 1507 ms
03-29 18:41:19.433 17977 17977 E OplusBracketLog: [OplusViewMirrorManager] updateHostViewRootIfNeeded, not support android.view.ViewRootImpl@343cdc1
03-29 18:41:19.630 17977 17977 E ArmVmp : Match on catch block at 0xc3 in for 0x169
03-29 18:41:19.633 17977 17977 E ArmVmp : Match on catch block at 0xc3 in for 0x169
03-29 18:41:19.636 17977 17977 E ArmVmp : Match on catch block at 0xc3 in for 0x161
03-29 18:41:19.674 17977 18055 W Parcel : Expecting binder but got null!
03-29 18:41:19.714 17977 17977 E ArmVmp : Match on catch block at 0xc3 in for 0x155
03-29 18:41:19.717 17977 17977 E ArmVmp : Match on catch block at 0xc3 in for 0x155
03-29 18:41:19.718 17977 17977 E ArmVmp : Match on catch block at 0xc3 in for 0x159
03-29 18:41:19.746 17977 17977 E ArmVmp : Match on catch block at 0xc3 in for 0x159
03-29 18:41:19.748 17977 17977 E ArmVmp : Match on catch block at 0xc3 in for 0x155
03-29 18:41:19.750 17977 17977 E ArmVmp : Match on catch block at 0xc3 in for 0x159
03-29 18:41:19.765 17977 17977 E ArmVmp : Match on catch block at 0xc3 in for 0x151
03-29 18:41:19.767 17977 17977 E ArmVmp : Match on catch block at 0xc3 in for 0x14d
03-29 18:41:19.769 17977 17977 E ArmVmp : Match on catch block at 0xc3 in for 0x151
03-29 18:41:19.779 17977 17977 E ArmVmp : Match on catch block at 0xc3 in for 0x149
03-29 18:41:19.781 17977 17977 E ArmVmp : Match on catch block at 0xc3 in for 0x145
03-29 18:41:19.783 17977 17977 E ArmVmp : Match on catch block at 0xc3 in for 0x149
03-29 18:41:19.795 17977 17977 E ArmVmp : Match on catch block at 0xc3 in for 0x141
03-29 18:41:19.798 17977 17977 E ArmVmp : Match on catch block at 0xc3 in for 0x159
03-29 18:41:19.801 17977 17977 E ArmVmp : Match on catch block at 0xc3 in for 0x141
03-29 18:41:19.811 17977 17977 E ArmVmp : Match on catch block at 0xc3 in for 0x155
03-29 18:41:19.813 17977 17977 E ArmVmp : Match on catch block at 0xc3 in for 0x151
03-29 18:41:19.815 17977 17977 E ArmVmp : Match on catch block at 0xc3 in for 0x155
03-29 18:41:19.825 17977 17977 E ArmVmp : Match on catch block at 0xc3 in for 0x14d
03-29 18:41:19.829 17977 17977 E ArmVmp : Match on catch block at 0xc3 in for 0x149
03-29 18:41:19.831 17977 17977 E ArmVmp : Match on catch block at 0xc3 in for 0x14d
03-29 18:41:19.870 17977 17977 E ArmVmp : Match on catch block at 0xc3 in for 0x149
03-29 18:41:19.872 17977 17977 E ArmVmp : Match on catch block at 0xc3 in for 0x145
03-29 18:41:19.874 17977 17977 E ArmVmp : Match on catch block at 0xc3 in for 0x149
03-29 18:41:19.894 17977 17977 E ArmVmp : Match on catch block at 0xc3 in for 0x155
03-29 18:41:19.896 17977 17977 E ArmVmp : Match on catch block at 0xc3 in for 0x151
03-29 18:41:19.899 17977 17977 E ArmVmp : Match on catch block at 0xc3 in for 0x155
03-29 18:41:19.916 17977 17977 E ArmVmp : Match on catch block at 0xc3 in for 0x151
03-29 18:41:19.918 17977 17977 E ArmVmp : Match on catch block at 0xc3 in for 0x14d
03-29 18:41:19.920 17977 17977 E ArmVmp : Match on catch block at 0xc3 in for 0x151
03-29 18:41:19.931 17977 17977 E ArmVmp : Match on catch block at 0xc3 in for 0x151
03-29 18:41:19.933 17977 17977 E ArmVmp : Match on catch block at 0xc3 in for 0x14d
03-29 18:41:19.934 17977 17977 E ArmVmp : Match on catch block at 0xc3 in for 0x151
03-29 18:41:19.938 17977 17977 E ArmVmp : Match on catch block at 0xc3 in for 0x151
03-29 18:41:19.940 17977 17977 E ArmVmp : Match on catch block at 0xc3 in for 0x14d
03-29 18:41:19.942 17977 17977 E ArmVmp : Match on catch block at 0xc3 in for 0x151
03-29 18:41:19.952 17977 17977 E ArmVmp : Match on catch block at 0xc3 in for 0x151
03-29 18:41:19.954 17977 17977 E ArmVmp : Match on catch block at 0xc3 in for 0x14d
03-29 18:41:19.956 17977 17977 E ArmVmp : Match on catch block at 0xc3 in for 0x151
03-29 18:41:19.968 17977 17977 E ArmVmp : Match on catch block at 0xc3 in for 0x151
03-29 18:41:19.971 17977 17977 E ArmVmp : Match on catch block at 0xc3 in for 0x14d
03-29 18:41:19.973 17977 17977 E ArmVmp : Match on catch block at 0xc3 in for 0x151
03-29 18:41:20.349 17977 17977 E ArmVmp : Match on catch block at 0xc3 in for 0x159
03-29 18:41:20.352 17977 17977 E ArmVmp : Match on catch block at 0xc3 in for 0x155
03-29 18:41:20.353 17977 17977 E ArmVmp : Match on catch block at 0xc3 in for 0x159
03-29 18:41:20.863 17977 17977 E ArmVmp : Match on catch block at 0xc3 in for 0x14d
03-29 18:41:20.865 17977 17977 E ArmVmp : Match on catch block at 0xc3 in for 0x149
03-29 18:41:20.867 17977 17977 E ArmVmp : Match on catch block at 0xc3 in for 0x14d
03-29 18:41:21.233 17977 17977 E ArmVmp : Match on catch block at 0xc3 in for 0x155
03-29 18:41:21.235 17977 17977 E ArmVmp : Match on catch block at 0xc3 in for 0x151
03-29 18:41:21.237 17977 17977 E ArmVmp : Match on catch block at 0xc3 in for 0x155
03-29 18:41:21.362 17977 17977 E ArmVmp : Match on catch block at 0xc3 in for 0x155
03-29 18:41:21.366 17977 17977 E ArmVmp : Match on catch block at 0xc3 in for 0x151
03-29 18:41:21.369 17977 17977 E ArmVmp : Match on catch block at 0xc3 in for 0x155
03-29 18:41:21.605 17977 17977 W OnBackInvokedCallback: OnBackInvokedCallback is not enabled for the application.
03-29 18:41:21.605 17977 17977 W OnBackInvokedCallback: Set 'android:enableOnBackInvokedCallback="true"' in the application manifest.
03-29 18:41:21.677 17977 17977 E ArmVmp : Match on catch block at 0xc3 in for 0x155
03-29 18:41:21.682 17977 17977 E ArmVmp : Match on catch block at 0xc3 in for 0x151
03-29 18:41:21.685 17977 17977 E ArmVmp : Match on catch block at 0xc3 in for 0x155
03-29 18:41:21.858 17977 17977 E ArmVmp : Match on catch block at 0xc3 in for 0x155
03-29 18:41:21.861 17977 17977 E ArmVmp : Match on catch block at 0xc3 in for 0x151
03-29 18:41:21.865 17977 17977 E ArmVmp : Match on catch block at 0xc3 in for 0x155
03-29 18:41:22.355 17977 17977 E ArmVmp : Match on catch block at 0xc3 in for 0x155
03-29 18:41:22.357 17977 17977 E ArmVmp : Match on catch block at 0xc3 in for 0x151
03-29 18:41:22.360 17977 17977 E ArmVmp : Match on catch block at 0xc3 in for 0x155
03-29 18:41:22.844 17977 17977 E ArmVmp : Match on catch block at 0xc3 in for 0x14d
03-29 18:41:22.847 17977 17977 E ArmVmp : Match on catch block at 0xc3 in for 0x149
03-29 18:41:22.851 17977 17977 E ArmVmp : Match on catch block at 0xc3 in for 0x14d
03-29 18:41:22.870 17977 17977 E ArmVmp : Match on catch block at 0xc3 in for 0x149
03-29 18:41:22.874 17977 17977 E ArmVmp : Match on catch block at 0xc3 in for 0x145
03-29 18:41:22.877 17977 17977 E ArmVmp : Match on catch block at 0xc3 in for 0x149
03-29 18:41:22.886 17977 17977 E ArmVmp : Match on catch block at 0xc3 in for 0x149
03-29 18:41:22.890 17977 17977 E ArmVmp : Match on catch block at 0xc3 in for 0x145
03-29 18:41:22.894 17977 17977 E ArmVmp : Match on catch block at 0xc3 in for 0x149
03-29 18:41:22.903 17977 17977 E ArmVmp : Match on catch block at 0xc3 in for 0x149
03-29 18:41:22.907 17977 17977 E ArmVmp : Match on catch block at 0xc3 in for 0x145
03-29 18:41:22.911 17977 17977 E ArmVmp : Match on catch block at 0xc3 in for 0x149
03-29 18:41:22.921 17977 17977 E ArmVmp : Match on catch block at 0xc3 in for 0x149
03-29 18:41:22.925 17977 17977 E ArmVmp : Match on catch block at 0xc3 in for 0x145
03-29 18:41:22.928 17977 17977 E ArmVmp : Match on catch block at 0xc3 in for 0x149
03-29 18:41:22.936 17977 17977 E ArmVmp : Match on catch block at 0xc3 in for 0x149
03-29 18:41:22.940 17977 17977 E ArmVmp : Match on catch block at 0xc3 in for 0x145
03-29 18:41:22.947 17977 17977 E ArmVmp : Match on catch block at 0xc3 in for 0x149
03-29 18:41:22.953 17977 17977 E ArmVmp : Match on catch block at 0xc3 in for 0x149
03-29 18:41:22.959 17977 17977 E ArmVmp : Match on catch block at 0xc3 in for 0x145
03-29 18:41:22.963 17977 17977 E ArmVmp : Match on catch block at 0xc3 in for 0x149
03-29 18:41:22.971 17977 17977 E ArmVmp : Match on catch block at 0xc3 in for 0x149
03-29 18:41:22.974 17977 17977 E ArmVmp : Match on catch block at 0xc3 in for 0x145
03-29 18:41:22.978 17977 17977 E ArmVmp : Match on catch block at 0xc3 in for 0x149
03-29 18:41:22.986 17977 17977 E ArmVmp : Match on catch block at 0xc3 in for 0x149
03-29 18:41:22.989 17977 17977 E ArmVmp : Match on catch block at 0xc3 in for 0x145
03-29 18:41:22.994 17977 17977 E ArmVmp : Match on catch block at 0xc3 in for 0x149
03-29 18:41:23.001 17977 17977 E ArmVmp : Match on catch block at 0xc3 in for 0x149
03-29 18:41:23.004 17977 17977 E ArmVmp : Match on catch block at 0xc3 in for 0x145
03-29 18:41:23.008 17977 17977 E ArmVmp : Match on catch block at 0xc3 in for 0x149
03-29 18:41:23.018 17977 17977 E ArmVmp : Match on catch block at 0xc3 in for 0x149
03-29 18:41:23.024 17977 17977 E ArmVmp : Match on catch block at 0xc3 in for 0x145
03-29 18:41:23.027 17977 17977 E ArmVmp : Match on catch block at 0xc3 in for 0x149
03-29 18:41:23.037 17977 17977 E ArmVmp : Match on catch block at 0xc3 in for 0x151
03-29 18:41:23.041 17977 17977 E ArmVmp : Match on catch block at 0xc3 in for 0x14d
03-29 18:41:23.043 17977 17977 E ArmVmp : Match on catch block at 0xc3 in for 0x151
03-29 18:41:23.383 17977 17977 E ArmVmp : Match on catch block at 0xc3 in for 0x159
03-29 18:41:23.385 17977 17977 E ArmVmp : Match on catch block at 0xc3 in for 0x155
03-29 18:41:23.388 17977 17977 E ArmVmp : Match on catch block at 0xc3 in for 0x159
03-29 18:41:23.532 17977 17977 E ArmVmp : Match on catch block at 0xc3 in for 0x145
03-29 18:41:23.535 17977 17977 E ArmVmp : Match on catch block at 0xc3 in for 0x141
03-29 18:41:23.538 17977 17977 E ArmVmp : Match on catch block at 0xc3 in for 0x145
03-29 18:41:23.880 17977 17977 E ArmVmp : Match on catch block at 0xc3 in for 0x14d
03-29 18:41:23.883 17977 17977 E ArmVmp : Match on catch block at 0xc3 in for 0x149
03-29 18:41:23.885 17977 17977 E ArmVmp : Match on catch block at 0xc3 in for 0x14d
03-29 18:41:24.377 17977 17977 E ArmVmp : Match on catch block at 0xc3 in for 0x14d
03-29 18:41:24.380 17977 17977 E ArmVmp : Match on catch block at 0xc3 in for 0x149
03-29 18:41:24.382 17977 17977 E ArmVmp : Match on catch block at 0xc3 in for 0x14d
03-29 18:41:24.642 17977 17977 E ArmVmp : Match on catch block at 0xc3 in for 0x155
03-29 18:41:24.644 17977 17977 E ArmVmp : Match on catch block at 0xc3 in for 0x151
03-29 18:41:24.646 17977 17977 E ArmVmp : Match on catch block at 0xc3 in for 0x155
03-29 18:41:24.664 17977 17977 E ArmVmp : Match on catch block at 0xc3 in for 0x14d
03-29 18:41:24.667 17977 17977 E ArmVmp : Match on catch block at 0xc3 in for 0x149
03-29 18:41:24.668 17977 17977 E ArmVmp : Match on catch block at 0xc3 in for 0x14d
03-29 18:41:24.689 17977 17977 E ArmVmp : Match on catch block at 0xc3 in for 0x14d
03-29 18:41:24.691 17977 17977 E ArmVmp : Match on catch block at 0xc3 in for 0x149
03-29 18:41:24.698 17977 17977 E ArmVmp : Match on catch block at 0xc3 in for 0x159
03-29 18:41:24.701 17977 17977 E ArmVmp : Match on catch block at 0xc3 in for 0x155
03-29 18:41:24.709 17977 17977 E ArmVmp : Match on catch block at 0xc3 in for 0x149
03-29 18:41:24.712 17977 17977 E ArmVmp : Match on catch block at 0xc3 in for 0x145
03-29 18:41:24.726 17977 17977 E ArmVmp : Match on catch block at 0xc3 in for 0x155
03-29 18:41:24.730 17977 17977 E ArmVmp : Match on catch block at 0xc3 in for 0x151
03-29 18:41:24.743 17977 17977 E ArmVmp : Match on catch block at 0xc3 in for 0x145
03-29 18:41:24.748 17977 17977 E ArmVmp : Match on catch block at 0xc3 in for 0x141
03-29 18:41:24.759 17977 17977 E ArmVmp : Match on catch block at 0xc3 in for 0x151
03-29 18:41:24.763 17977 17977 E ArmVmp : Match on catch block at 0xc3 in for 0x14d
03-29 18:41:24.814 17977 17977 E ArmVmp : Match on catch block at 0xc3 in for 0x141
03-29 18:41:24.817 17977 17977 E ArmVmp : Match on catch block at 0xc3 in for 0x159
03-29 18:41:24.830 17977 17977 E ArmVmp : Match on catch block at 0xc3 in for 0x151
03-29 18:41:24.833 17977 17977 E ArmVmp : Match on catch block at 0xc3 in for 0x14d
03-29 18:41:24.845 17977 17977 E ArmVmp : Match on catch block at 0xc3 in for 0x145
03-29 18:41:24.848 17977 17977 E ArmVmp : Match on catch block at 0xc3 in for 0x141
03-29 18:41:24.857 17977 17977 E ArmVmp : Match on catch block at 0xc3 in for 0x151
03-29 18:41:24.861 17977 17977 E ArmVmp : Match on catch block at 0xc3 in for 0x14d
03-29 18:41:25.173 17977 17977 E ArmVmp : Match on catch block at 0xc3 in for 0x151
03-29 18:41:25.176 17977 17977 E ArmVmp : Match on catch block at 0xc3 in for 0x14d
03-29 18:41:25.340 17977 17977 E ArmVmp : Match on catch block at 0xc3 in for 0x159
03-29 18:41:25.346 17977 17977 E ArmVmp : Match on catch block at 0xc3 in for 0x155
03-29 18:41:25.414 17977 18070 W MediaPlayer: Use of stream types is deprecated for operations other than volume control
03-29 18:41:25.414 17977 18070 W MediaPlayer: See the documentation of setAudioStreamType() for what to use instead with android.media.AudioAttributes to qualify your playback use case
03-29 18:41:25.669 17977 17977 E ArmVmp : Match on catch block at 0xc3 in for 0x149
03-29 18:41:25.671 17977 17977 E ArmVmp : Match on catch block at 0xc3 in for 0x145
03-29 18:41:25.964 17977 17977 E ArmVmp : Match on catch block at 0xc3 in for 0x151
03-29 18:41:25.967 17977 17977 E ArmVmp : Match on catch block at 0xc3 in for 0x14d
03-29 18:41:25.998 17977 17977 E ArmVmp : Match on catch block at 0xc3 in for 0x155
03-29 18:41:26.003 17977 17977 E ArmVmp : Match on catch block at 0xc3 in for 0x151
03-29 18:41:26.090 17977 17977 E IPCThreadState: attemptIncStrongHandle(79): Not supported
03-29 18:41:26.135 17977 17977 E ArmVmp : Match on catch block at 0xc3 in for 0x149
03-29 18:41:26.137 17977 17977 E ArmVmp : Match on catch block at 0xc3 in for 0x145
03-29 18:41:26.175 17977 17977 E ArmVmp : Match on catch block at 0xc3 in for 0x145
03-29 18:41:26.178 17977 17977 E ArmVmp : Match on catch block at 0xc3 in for 0x141
03-29 18:41:26.210 17977 17977 E ArmVmp : Match on catch block at 0xc3 in for 0x145
03-29 18:41:26.213 17977 17977 E ArmVmp : Match on catch block at 0xc3 in for 0x141
03-29 18:41:26.256 17977 17977 E ArmVmp : Match on catch block at 0xc3 in for 0x155
03-29 18:41:26.259 17977 17977 E ArmVmp : Match on catch block at 0xc3 in for 0x151
03-29 18:41:26.282 17977 17977 E ArmVmp : Match on catch block at 0xc3 in for 0x145
03-29 18:41:26.283 17977 17977 E ArmVmp : Match on catch block at 0xc3 in for 0x141
03-29 18:41:26.679 17977 17977 E ArmVmp : Match on catch block at 0xc3 in for 0x141
03-29 18:41:26.682 17977 17977 E ArmVmp : Match on catch block at 0xc3 in for 0x159
03-29 18:41:28.173 17977 17977 E OplusBracketLog: [OplusViewMirrorManager] updateHostViewRootIfNeeded, not support android.view.ViewRootImpl@15f02a
03-29 18:41:28.186 17977 17977 E IPCThreadState: attemptIncStrongHandle(72): Not supported
03-29 18:41:28.198 17977 18055 W Parcel : Expecting binder but got null!
03-29 18:41:30.205 17977 17977 E OplusBracketLog: [OplusViewMirrorManager] updateHostViewRootIfNeeded, not support android.view.ViewRootImpl@ff0fbc4
03-29 18:41:30.218 17977 17977 E IPCThreadState: attemptIncStrongHandle(82): Not supported
03-29 18:41:30.231 17977 18055 W Parcel : Expecting binder but got null!
03-29 18:41:32.214 17977 17977 E OplusBracketLog: [OplusViewMirrorManager] updateHostViewRootIfNeeded, not support android.view.ViewRootImpl@7efe792
03-29 18:41:32.226 17977 17977 E IPCThreadState: attemptIncStrongHandle(94): Not supported
03-29 18:41:32.239 17977 18055 W Parcel : Expecting binder but got null!
03-29 18:42:22.418 17977 17977 E ArmVmp : Match on catch block at 0x8d in for 0x24d
03-29 18:42:23.930 17977 17977 E ArmVmp : Match on catch block at 0x4c in for 0x1d9
03-29 18:42:23.943 17977 17977 E ArmVmp : Match on catch block at 0x8d in for 0x1c5
03-29 18:42:23.953 17977 17977 E ArmVmp : Match on catch block at 0x8d in for 0x1c5
03-29 18:42:24.006 17977 17977 E ArmVmp : Match on catch block at 0x0a in for 0x191
03-29 18:42:24.011 17977 17977 E ArmVmp : Match on catch block at 0x0a in for 0x189
03-29 18:42:24.100 17977 17977 E OplusBracketLog: [OplusViewMirrorManager] updateHostViewRootIfNeeded, not support android.view.ViewRootImpl@8fb6f72
03-29 18:42:24.144 17977 17977 E IPCThreadState: attemptIncStrongHandle(102): Not supported
03-29 18:42:24.372 17977 17977 E ArmVmp : Match on catch block at 0xc3 in for 0x179
03-29 18:42:24.376 17977 17977 E ArmVmp : Match on catch block at 0xc3 in for 0x171
03-29 18:42:24.379 17977 17977 E ArmVmp : Match on catch block at 0xc3 in for 0x169
03-29 18:42:24.418 17977 18055 W Parcel : Expecting binder but got null!
03-29 18:42:24.449 17977 17977 E ArmVmp : Match on catch block at 0xc3 in for 0x159
03-29 18:42:24.451 17977 17977 E ArmVmp : Match on catch block at 0xc3 in for 0x155
03-29 18:42:24.452 17977 17977 E ArmVmp : Match on catch block at 0xc3 in for 0x159
03-29 18:42:24.478 17977 17977 E ArmVmp : Match on catch block at 0xc3 in for 0x145
03-29 18:42:24.480 17977 17977 E ArmVmp : Match on catch block at 0xc3 in for 0x141
03-29 18:42:24.482 17977 17977 E ArmVmp : Match on catch block at 0xc3 in for 0x145
03-29 18:42:24.501 17977 17977 E ArmVmp : Match on catch block at 0xc3 in for 0x159
03-29 18:42:24.503 17977 17977 E ArmVmp : Match on catch block at 0xc3 in for 0x155
03-29 18:42:24.505 17977 17977 E ArmVmp : Match on catch block at 0xc3 in for 0x159
03-29 18:42:24.520 17977 17977 E ArmVmp : Match on catch block at 0xc3 in for 0x151
03-29 18:42:24.523 17977 17977 E ArmVmp : Match on catch block at 0xc3 in for 0x14d
03-29 18:42:24.525 17977 17977 E ArmVmp : Match on catch block at 0xc3 in for 0x151
03-29 18:42:24.537 17977 17977 E ArmVmp : Match on catch block at 0xc3 in for 0x149
03-29 18:42:24.539 17977 17977 E ArmVmp : Match on catch block at 0xc3 in for 0x145
03-29 18:42:24.541 17977 17977 E ArmVmp : Match on catch block at 0xc3 in for 0x149
03-29 18:42:24.552 17977 17977 E ArmVmp : Match on catch block at 0xc3 in for 0x141
03-29 18:42:24.556 17977 17977 E ArmVmp : Match on catch block at 0xc3 in for 0x159
03-29 18:42:24.558 17977 17977 E ArmVmp : Match on catch block at 0xc3 in for 0x141
03-29 18:42:24.586 17977 17977 E ArmVmp : Match on catch block at 0xc3 in for 0x155
03-29 18:42:24.588 17977 17977 E ArmVmp : Match on catch block at 0xc3 in for 0x151
03-29 18:42:24.590 17977 17977 E ArmVmp : Match on catch block at 0xc3 in for 0x155
03-29 18:42:24.605 17977 17977 E ArmVmp : Match on catch block at 0xc3 in for 0x151
03-29 18:42:24.607 17977 17977 E ArmVmp : Match on catch block at 0xc3 in for 0x14d
03-29 18:42:24.611 17977 17977 E ArmVmp : Match on catch block at 0xc3 in for 0x151
03-29 18:42:24.632 17977 17977 E ArmVmp : Match on catch block at 0xc3 in for 0x149
03-29 18:42:24.636 17977 17977 E ArmVmp : Match on catch block at 0xc3 in for 0x145
03-29 18:42:24.639 17977 17977 E ArmVmp : Match on catch block at 0xc3 in for 0x149
03-29 18:42:24.648 17977 17977 E ArmVmp : Match on catch block at 0xc3 in for 0x149
03-29 18:42:24.650 17977 17977 E ArmVmp : Match on catch block at 0xc3 in for 0x145
03-29 18:42:24.652 17977 17977 E ArmVmp : Match on catch block at 0xc3 in for 0x149
03-29 18:42:24.657 17977 17977 E ArmVmp : Match on catch block at 0xc3 in for 0x149
03-29 18:42:24.660 17977 17977 E ArmVmp : Match on catch block at 0xc3 in for 0x145
03-29 18:42:24.662 17977 17977 E ArmVmp : Match on catch block at 0xc3 in for 0x149
03-29 18:42:24.671 17977 17977 E ArmVmp : Match on catch block at 0xc3 in for 0x149
03-29 18:42:24.674 17977 17977 E ArmVmp : Match on catch block at 0xc3 in for 0x145
03-29 18:42:24.676 17977 17977 E ArmVmp : Match on catch block at 0xc3 in for 0x149
03-29 18:42:24.685 17977 17977 E ArmVmp : Match on catch block at 0xc3 in for 0x149
03-29 18:42:24.687 17977 17977 E ArmVmp : Match on catch block at 0xc3 in for 0x145
03-29 18:42:24.689 17977 17977 E ArmVmp : Match on catch block at 0xc3 in for 0x149
03-29 18:42:25.082 17977 17977 E ArmVmp : Match on catch block at 0xc3 in for 0x141
03-29 18:42:25.086 17977 17977 E ArmVmp : Match on catch block at 0xc3 in for 0x159
03-29 18:42:25.088 17977 17977 E ArmVmp : Match on catch block at 0xc3 in for 0x141
03-29 18:42:25.579 17977 17977 E ArmVmp : Match on catch block at 0xc3 in for 0x151
03-29 18:42:25.582 17977 17977 E ArmVmp : Match on catch block at 0xc3 in for 0x14d
03-29 18:42:25.584 17977 17977 E ArmVmp : Match on catch block at 0xc3 in for 0x151
03-29 18:42:26.076 17977 17977 E ArmVmp : Match on catch block at 0xc3 in for 0x151
03-29 18:42:26.079 17977 17977 E ArmVmp : Match on catch block at 0xc3 in for 0x14d
03-29 18:42:26.082 17977 17977 E ArmVmp : Match on catch block at 0xc3 in for 0x151
03-29 18:42:26.590 17977 17977 E ArmVmp : Match on catch block at 0xc3 in for 0x151
03-29 18:42:26.594 17977 17977 E ArmVmp : Match on catch block at 0xc3 in for 0x14d
03-29 18:42:26.598 17977 17977 E ArmVmp : Match on catch block at 0xc3 in for 0x151
03-29 18:42:27.087 17977 17977 E ArmVmp : Match on catch block at 0xc3 in for 0x159
03-29 18:42:27.091 17977 17977 E ArmVmp : Match on catch block at 0xc3 in for 0x155
03-29 18:42:27.094 17977 17977 E ArmVmp : Match on catch block at 0xc3 in for 0x159
03-29 18:42:27.585 17977 17977 E ArmVmp : Match on catch block at 0xc3 in for 0x159
03-29 18:42:27.589 17977 17977 E ArmVmp : Match on catch block at 0xc3 in for 0x155
03-29 18:42:27.592 17977 17977 E ArmVmp : Match on catch block at 0xc3 in for 0x159
03-29 18:42:27.809 17977 17977 E ArmVmp : Match on catch block at 0xc3 in for 0x149
03-29 18:42:27.813 17977 17977 E ArmVmp : Match on catch block at 0xc3 in for 0x145
03-29 18:42:27.817 17977 17977 E ArmVmp : Match on catch block at 0xc3 in for 0x149
03-29 18:42:27.898 17977 17977 E OplusBracketLog: [OplusViewMirrorManager] updateHostViewRootIfNeeded, not support android.view.ViewRootImpl@7ede2fb
03-29 18:42:27.908 17977 17977 E IPCThreadState: attemptIncStrongHandle(120): Not supported
03-29 18:42:27.921 17977 18055 W Parcel : Expecting binder but got null!
03-29 18:42:28.100 17977 17977 E ArmVmp : Match on catch block at 0xc3 in for 0x151
03-29 18:42:28.106 17977 17977 E ArmVmp : Match on catch block at 0xc3 in for 0x14d
03-29 18:42:28.112 17977 17977 E ArmVmp : Match on catch block at 0xc3 in for 0x151
03-29 18:42:28.595 17977 17977 E ArmVmp : Match on catch block at 0xc3 in for 0x155
03-29 18:42:28.599 17977 17977 E ArmVmp : Match on catch block at 0xc3 in for 0x151
03-29 18:42:28.602 17977 17977 E ArmVmp : Match on catch block at 0xc3 in for 0x155
03-29 18:42:29.092 17977 17977 E ArmVmp : Match on catch block at 0xc3 in for 0x14d
03-29 18:42:29.096 17977 17977 E ArmVmp : Match on catch block at 0xc3 in for 0x149
03-29 18:42:29.099 17977 17977 E ArmVmp : Match on catch block at 0xc3 in for 0x14d
03-29 18:42:29.590 17977 17977 E ArmVmp : Match on catch block at 0xc3 in for 0x14d
03-29 18:42:29.593 17977 17977 E ArmVmp : Match on catch block at 0xc3 in for 0x149
03-29 18:42:29.596 17977 17977 E ArmVmp : Match on catch block at 0xc3 in for 0x14d
03-29 18:42:30.103 17977 17977 E ArmVmp : Match on catch block at 0xc3 in for 0x151
03-29 18:42:30.107 17977 17977 E ArmVmp : Match on catch block at 0xc3 in for 0x14d
03-29 18:42:30.109 17977 17977 E ArmVmp : Match on catch block at 0xc3 in for 0x151
03-29 18:42:30.601 17977 17977 E ArmVmp : Match on catch block at 0xc3 in for 0x151
03-29 18:42:30.604 17977 17977 E ArmVmp : Match on catch block at 0xc3 in for 0x14d
03-29 18:42:30.609 17977 17977 E ArmVmp : Match on catch block at 0xc3 in for 0x151
03-29 18:42:31.098 17977 17977 E ArmVmp : Match on catch block at 0xc3 in for 0x151
03-29 18:42:31.102 17977 17977 E ArmVmp : Match on catch block at 0xc3 in for 0x14d
03-29 18:42:31.105 17977 17977 E ArmVmp : Match on catch block at 0xc3 in for 0x151
03-29 18:42:31.595 17977 17977 E ArmVmp : Match on catch block at 0xc3 in for 0x151
03-29 18:42:31.599 17977 17977 E ArmVmp : Match on catch block at 0xc3 in for 0x14d
03-29 18:42:31.603 17977 17977 E ArmVmp : Match on catch block at 0xc3 in for 0x151
03-29 18:42:32.093 17977 17977 E ArmVmp : Match on catch block at 0xc3 in for 0x151
03-29 18:42:32.097 17977 17977 E ArmVmp : Match on catch block at 0xc3 in for 0x14d
03-29 18:42:32.100 17977 17977 E ArmVmp : Match on catch block at 0xc3 in for 0x151
03-29 18:42:32.607 17977 17977 E ArmVmp : Match on catch block at 0xc3 in for 0x151
03-29 18:42:32.611 17977 17977 E ArmVmp : Match on catch block at 0xc3 in for 0x14d
03-29 18:42:32.614 17977 17977 E ArmVmp : Match on catch block at 0xc3 in for 0x151
03-29 18:42:33.104 17977 17977 E ArmVmp : Match on catch block at 0xc3 in for 0x151
03-29 18:42:33.107 17977 17977 E ArmVmp : Match on catch block at 0xc3 in for 0x14d
03-29 18:42:33.111 17977 17977 E ArmVmp : Match on catch block at 0xc3 in for 0x151
03-29 18:42:33.602 17977 17977 E ArmVmp : Match on catch block at 0xc3 in for 0x151
03-29 18:42:33.608 17977 17977 E ArmVmp : Match on catch block at 0xc3 in for 0x14d
03-29 18:42:33.614 17977 17977 E ArmVmp : Match on catch block at 0xc3 in for 0x151
03-29 18:42:34.099 17977 17977 E ArmVmp : Match on catch block at 0xc3 in for 0x151
03-29 18:42:34.107 17977 17977 E ArmVmp : Match on catch block at 0xc3 in for 0x14d
03-29 18:42:34.114 17977 17977 E ArmVmp : Match on catch block at 0xc3 in for 0x151
03-29 18:42:34.612 17977 17977 E ArmVmp : Match on catch block at 0xc3 in for 0x151
03-29 18:42:34.616 17977 17977 E ArmVmp : Match on catch block at 0xc3 in for 0x14d
03-29 18:42:34.620 17977 17977 E ArmVmp : Match on catch block at 0xc3 in for 0x151
03-29 18:42:35.109 17977 17977 E ArmVmp : Match on catch block at 0xc3 in for 0x151
03-29 18:42:35.114 17977 17977 E ArmVmp : Match on catch block at 0xc3 in for 0x14d
03-29 18:42:35.117 17977 17977 E ArmVmp : Match on catch block at 0xc3 in for 0x151
03-29 18:42:35.606 17977 17977 E ArmVmp : Match on catch block at 0xc3 in for 0x151
03-29 18:42:35.611 17977 17977 E ArmVmp : Match on catch block at 0xc3 in for 0x14d
03-29 18:42:35.615 17977 17977 E ArmVmp : Match on catch block at 0xc3 in for 0x151
03-29 18:42:36.103 17977 17977 E ArmVmp : Match on catch block at 0xc3 in for 0x151
03-29 18:42:36.107 17977 17977 E ArmVmp : Match on catch block at 0xc3 in for 0x14d
03-29 18:42:36.111 17977 17977 E ArmVmp : Match on catch block at 0xc3 in for 0x151
03-29 18:42:36.617 17977 17977 E ArmVmp : Match on catch block at 0xc3 in for 0x151
03-29 18:42:36.620 17977 17977 E ArmVmp : Match on catch block at 0xc3 in for 0x14d
03-29 18:42:36.623 17977 17977 E ArmVmp : Match on catch block at 0xc3 in for 0x151
03-29 18:42:37.114 17977 17977 E ArmVmp : Match on catch block at 0xc3 in for 0x151
03-29 18:42:37.117 17977 17977 E ArmVmp : Match on catch block at 0xc3 in for 0x14d
03-29 18:42:37.120 17977 17977 E ArmVmp : Match on catch block at 0xc3 in for 0x151
03-29 18:42:37.611 17977 17977 E ArmVmp : Match on catch block at 0xc3 in for 0x151
03-29 18:42:37.616 17977 17977 E ArmVmp : Match on catch block at 0xc3 in for 0x14d
03-29 18:42:37.619 17977 17977 E ArmVmp : Match on catch block at 0xc3 in for 0x151
03-29 18:42:38.108 17977 17977 E ArmVmp : Match on catch block at 0xc3 in for 0x151
03-29 18:42:38.112 17977 17977 E ArmVmp : Match on catch block at 0xc3 in for 0x14d
03-29 18:42:38.116 17977 17977 E ArmVmp : Match on catch block at 0xc3 in for 0x151
03-29 18:42:38.622 17977 17977 E ArmVmp : Match on catch block at 0xc3 in for 0x151
03-29 18:42:38.626 17977 17977 E ArmVmp : Match on catch block at 0xc3 in for 0x14d
03-29 18:42:38.630 17977 17977 E ArmVmp : Match on catch block at 0xc3 in for 0x151
03-29 18:42:39.119 17977 17977 E ArmVmp : Match on catch block at 0xc3 in for 0x151
03-29 18:42:39.123 17977 17977 E ArmVmp : Match on catch block at 0xc3 in for 0x14d
03-29 18:42:39.127 17977 17977 E ArmVmp : Match on catch block at 0xc3 in for 0x151
03-29 18:42:39.615 17977 17977 E ArmVmp : Match on catch block at 0xc3 in for 0x151
03-29 18:42:39.618 17977 17977 E ArmVmp : Match on catch block at 0xc3 in for 0x14d
03-29 18:42:39.621 17977 17977 E ArmVmp : Match on catch block at 0xc3 in for 0x151
03-29 18:42:40.113 17977 17977 E ArmVmp : Match on catch block at 0xc3 in for 0x151
03-29 18:42:40.116 17977 17977 E ArmVmp : Match on catch block at 0xc3 in for 0x14d
03-29 18:42:40.119 17977 17977 E ArmVmp : Match on catch block at 0xc3 in for 0x151
03-29 18:42:40.610 17977 17977 E ArmVmp : Match on catch block at 0xc3 in for 0x151
03-29 18:42:40.614 17977 17977 E ArmVmp : Match on catch block at 0xc3 in for 0x14d
03-29 18:42:40.617 17977 17977 E ArmVmp : Match on catch block at 0xc3 in for 0x151
03-29 18:42:41.123 17977 17977 E ArmVmp : Match on catch block at 0xc3 in for 0x151
03-29 18:42:41.126 17977 17977 E ArmVmp : Match on catch block at 0xc3 in for 0x14d
03-29 18:42:41.129 17977 17977 E ArmVmp : Match on catch block at 0xc3 in for 0x151
03-29 18:42:41.621 17977 17977 E ArmVmp : Match on catch block at 0xc3 in for 0x151
03-29 18:42:41.625 17977 17977 E ArmVmp : Match on catch block at 0xc3 in for 0x14d
03-29 18:42:41.628 17977 17977 E ArmVmp : Match on catch block at 0xc3 in for 0x151
03-29 18:42:42.118 17977 17977 E ArmVmp : Match on catch block at 0xc3 in for 0x151
03-29 18:42:42.122 17977 17977 E ArmVmp : Match on catch block at 0xc3 in for 0x14d
03-29 18:42:42.125 17977 17977 E ArmVmp : Match on catch block at 0xc3 in for 0x151
03-29 18:42:42.615 17977 17977 E ArmVmp : Match on catch block at 0xc3 in for 0x159
03-29 18:42:42.619 17977 17977 E ArmVmp : Match on catch block at 0xc3 in for 0x155
03-29 18:42:42.622 17977 17977 E ArmVmp : Match on catch block at 0xc3 in for 0x159
03-29 18:42:43.129 17977 17977 E ArmVmp : Match on catch block at 0xc3 in for 0x159
03-29 18:42:43.133 17977 17977 E ArmVmp : Match on catch block at 0xc3 in for 0x155
03-29 18:42:43.136 17977 17977 E ArmVmp : Match on catch block at 0xc3 in for 0x159
03-29 18:42:43.627 17977 17977 E ArmVmp : Match on catch block at 0xc3 in for 0x159
03-29 18:42:43.630 17977 17977 E ArmVmp : Match on catch block at 0xc3 in for 0x155
03-29 18:42:43.634 17977 17977 E ArmVmp : Match on catch block at 0xc3 in for 0x159
03-29 18:42:44.124 17977 17977 E ArmVmp : Match on catch block at 0xc3 in for 0x159
03-29 18:42:44.127 17977 17977 E ArmVmp : Match on catch block at 0xc3 in for 0x155
03-29 18:42:44.131 17977 17977 E ArmVmp : Match on catch block at 0xc3 in for 0x159
03-29 18:42:44.622 17977 17977 E ArmVmp : Match on catch block at 0xc3 in for 0x159
03-29 18:42:44.626 17977 17977 E ArmVmp : Match on catch block at 0xc3 in for 0x155
03-29 18:42:44.630 17977 17977 E ArmVmp : Match on catch block at 0xc3 in for 0x159
03-29 18:42:45.135 17977 17977 E ArmVmp : Match on catch block at 0xc3 in for 0x159
03-29 18:42:45.140 17977 17977 E ArmVmp : Match on catch block at 0xc3 in for 0x155
03-29 18:42:45.144 17977 17977 E ArmVmp : Match on catch block at 0xc3 in for 0x159
03-29 18:42:45.632 17977 17977 E ArmVmp : Match on catch block at 0xc3 in for 0x159
03-29 18:42:45.638 17977 17977 E ArmVmp : Match on catch block at 0xc3 in for 0x155
03-29 18:42:45.642 17977 17977 E ArmVmp : Match on catch block at 0xc3 in for 0x159
03-29 18:42:46.129 17977 17977 E ArmVmp : Match on catch block at 0xc3 in for 0x159
03-29 18:42:46.134 17977 17977 E ArmVmp : Match on catch block at 0xc3 in for 0x155
03-29 18:42:46.138 17977 17977 E ArmVmp : Match on catch block at 0xc3 in for 0x159
03-29 18:42:46.626 17977 17977 E ArmVmp : Match on catch block at 0xc3 in for 0x159
03-29 18:42:46.630 17977 17977 E ArmVmp : Match on catch block at 0xc3 in for 0x155
03-29 18:42:46.634 17977 17977 E ArmVmp : Match on catch block at 0xc3 in for 0x159
03-29 18:42:47.140 17977 17977 E ArmVmp : Match on catch block at 0xc3 in for 0x159
03-29 18:42:47.145 17977 17977 E ArmVmp : Match on catch block at 0xc3 in for 0x155
03-29 18:42:47.149 17977 17977 E ArmVmp : Match on catch block at 0xc3 in for 0x159
03-29 18:42:47.637 17977 17977 E ArmVmp : Match on catch block at 0xc3 in for 0x159
03-29 18:42:47.641 17977 17977 E ArmVmp : Match on catch block at 0xc3 in for 0x155
03-29 18:42:47.645 17977 17977 E ArmVmp : Match on catch block at 0xc3 in for 0x159
03-29 18:42:48.135 17977 17977 E ArmVmp : Match on catch block at 0xc3 in for 0x159
03-29 18:42:48.139 17977 17977 E ArmVmp : Match on catch block at 0xc3 in for 0x155
03-29 18:42:48.142 17977 17977 E ArmVmp : Match on catch block at 0xc3 in for 0x159
03-29 18:42:48.631 17977 17977 E ArmVmp : Match on catch block at 0xc3 in for 0x159
03-29 18:42:48.635 17977 17977 E ArmVmp : Match on catch block at 0xc3 in for 0x155
03-29 18:42:48.639 17977 17977 E ArmVmp : Match on catch block at 0xc3 in for 0x159
03-29 18:42:49.145 17977 17977 E ArmVmp : Match on catch block at 0xc3 in for 0x159
03-29 18:42:49.151 17977 17977 E ArmVmp : Match on catch block at 0xc3 in for 0x155
03-29 18:42:49.154 17977 17977 E ArmVmp : Match on catch block at 0xc3 in for 0x159
03-29 18:42:49.642 17977 17977 E ArmVmp : Match on catch block at 0xc3 in for 0x141
03-29 18:42:49.646 17977 17977 E ArmVmp : Match on catch block at 0xc3 in for 0x159
03-29 18:42:49.649 17977 17977 E ArmVmp : Match on catch block at 0xc3 in for 0x141
03-29 18:42:50.139 17977 17977 E ArmVmp : Match on catch block at 0xc3 in for 0x141
03-29 18:42:50.144 17977 17977 E ArmVmp : Match on catch block at 0xc3 in for 0x159
03-29 18:42:50.148 17977 17977 E ArmVmp : Match on catch block at 0xc3 in for 0x141
03-29 18:42:50.637 17977 17977 E ArmVmp : Match on catch block at 0xc3 in for 0x141
03-29 18:42:50.641 17977 17977 E ArmVmp : Match on catch block at 0xc3 in for 0x159
03-29 18:42:50.644 17977 17977 E ArmVmp : Match on catch block at 0xc3 in for 0x141
03-29 18:42:51.134 17977 17977 E ArmVmp : Match on catch block at 0xc3 in for 0x141
03-29 18:42:51.138 17977 17977 E ArmVmp : Match on catch block at 0xc3 in for 0x159
03-29 18:42:51.141 17977 17977 E ArmVmp : Match on catch block at 0xc3 in for 0x141
03-29 18:42:51.647 17977 17977 E ArmVmp : Match on catch block at 0xc3 in for 0x141
03-29 18:42:51.651 17977 17977 E ArmVmp : Match on catch block at 0xc3 in for 0x159
03-29 18:42:51.654 17977 17977 E ArmVmp : Match on catch block at 0xc3 in for 0x141
03-29 18:42:52.145 17977 17977 E ArmVmp : Match on catch block at 0xc3 in for 0x141
03-29 18:42:52.149 17977 17977 E ArmVmp : Match on catch block at 0xc3 in for 0x159
03-29 18:42:52.152 17977 17977 E ArmVmp : Match on catch block at 0xc3 in for 0x141
03-29 18:42:52.642 17977 17977 E ArmVmp : Match on catch block at 0xc3 in for 0x141
03-29 18:42:52.646 17977 17977 E ArmVmp : Match on catch block at 0xc3 in for 0x159
03-29 18:42:52.649 17977 17977 E ArmVmp : Match on catch block at 0xc3 in for 0x141
03-29 18:42:53.139 17977 17977 E ArmVmp : Match on catch block at 0xc3 in for 0x141
03-29 18:42:53.143 17977 17977 E ArmVmp : Match on catch block at 0xc3 in for 0x159
03-29 18:42:53.146 17977 17977 E ArmVmp : Match on catch block at 0xc3 in for 0x141
03-29 18:42:53.653 17977 17977 E ArmVmp : Match on catch block at 0xc3 in for 0x141
03-29 18:42:53.657 17977 17977 E ArmVmp : Match on catch block at 0xc3 in for 0x159
03-29 18:42:53.661 17977 17977 E ArmVmp : Match on catch block at 0xc3 in for 0x141
03-29 18:42:54.150 17977 17977 E ArmVmp : Match on catch block at 0xc3 in for 0x141
03-29 18:42:54.154 17977 17977 E ArmVmp : Match on catch block at 0xc3 in for 0x159
03-29 18:42:54.158 17977 17977 E ArmVmp : Match on catch block at 0xc3 in for 0x141
03-29 18:42:54.647 17977 17977 E ArmVmp : Match on catch block at 0xc3 in for 0x141
03-29 18:42:54.650 17977 17977 E ArmVmp : Match on catch block at 0xc3 in for 0x159
03-29 18:42:54.653 17977 17977 E ArmVmp : Match on catch block at 0xc3 in for 0x141
03-29 18:42:55.144 17977 17977 E ArmVmp : Match on catch block at 0xc3 in for 0x141
03-29 18:42:55.148 17977 17977 E ArmVmp : Match on catch block at 0xc3 in for 0x159
03-29 18:42:55.151 17977 17977 E ArmVmp : Match on catch block at 0xc3 in for 0x141
03-29 18:42:55.658 17977 17977 E ArmVmp : Match on catch block at 0xc3 in for 0x141
03-29 18:42:55.662 17977 17977 E ArmVmp : Match on catch block at 0xc3 in for 0x159
03-29 18:42:55.665 17977 17977 E ArmVmp : Match on catch block at 0xc3 in for 0x141
03-29 18:42:56.155 17977 17977 E ArmVmp : Match on catch block at 0xc3 in for 0x141
03-29 18:42:56.159 17977 17977 E ArmVmp : Match on catch block at 0xc3 in for 0x159
03-29 18:42:56.163 17977 17977 E ArmVmp : Match on catch block at 0xc3 in for 0x141
03-29 18:42:56.653 17977 17977 E ArmVmp : Match on catch block at 0xc3 in for 0x141
03-29 18:42:56.657 17977 17977 E ArmVmp : Match on catch block at 0xc3 in for 0x159
03-29 18:42:56.661 17977 17977 E ArmVmp : Match on catch block at 0xc3 in for 0x141
03-29 18:42:57.150 17977 17977 E ArmVmp : Match on catch block at 0xc3 in for 0x141
03-29 18:42:57.154 17977 17977 E ArmVmp : Match on catch block at 0xc3 in for 0x159
03-29 18:42:57.157 17977 17977 E ArmVmp : Match on catch block at 0xc3 in for 0x141
03-29 18:42:57.663 17977 17977 E ArmVmp : Match on catch block at 0xc3 in for 0x141
03-29 18:42:57.667 17977 17977 E ArmVmp : Match on catch block at 0xc3 in for 0x159
03-29 18:42:57.672 17977 17977 E ArmVmp : Match on catch block at 0xc3 in for 0x141
03-29 18:42:57.868 17977 17977 E ArmVmp : Match on catch block at 0xc3 in for 0x155
03-29 18:42:57.872 17977 17977 E ArmVmp : Match on catch block at 0xc3 in for 0x151
03-29 18:42:57.876 17977 17977 E ArmVmp : Match on catch block at 0xc3 in for 0x155
03-29 18:42:58.161 17977 17977 E ArmVmp : Match on catch block at 0xc3 in for 0x159
03-29 18:42:58.165 17977 17977 E ArmVmp : Match on catch block at 0xc3 in for 0x155
03-29 18:42:58.168 17977 17977 E ArmVmp : Match on catch block at 0xc3 in for 0x159
03-29 18:42:58.658 17977 17977 E ArmVmp : Match on catch block at 0xc3 in for 0x159
03-29 18:42:58.662 17977 17977 E ArmVmp : Match on catch block at 0xc3 in for 0x155
03-29 18:42:58.665 17977 17977 E ArmVmp : Match on catch block at 0xc3 in for 0x159
03-29 18:42:59.155 17977 17977 E ArmVmp : Match on catch block at 0xc3 in for 0x159
03-29 18:42:59.159 17977 17977 E ArmVmp : Match on catch block at 0xc3 in for 0x155
03-29 18:42:59.162 17977 17977 E ArmVmp : Match on catch block at 0xc3 in for 0x159
03-29 18:42:59.652 17977 17977 E ArmVmp : Match on catch block at 0xc3 in for 0x159
03-29 18:42:59.657 17977 17977 E ArmVmp : Match on catch block at 0xc3 in for 0x155
03-29 18:42:59.660 17977 17977 E ArmVmp : Match on catch block at 0xc3 in for 0x159
03-29 18:43:00.166 17977 17977 E ArmVmp : Match on catch block at 0xc3 in for 0x159
