03-29 20:01:02.858 13211 13211 E ArmVmp : Match on catch block at 0xc3 in for 0x95
03-29 20:01:02.940 13211 13211 E ArmVmp : Match on catch block at 0xc3 in for 0x91
03-29 20:01:02.951 13211 13211 E ArmVmp : Match on catch block at 0xc3 in for 0x95
03-29 20:01:02.955 13211 13211 E ArmVmp : Match on catch block at 0xc3 in for 0x95
03-29 20:01:02.988 13211 13211 E ArmVmp : Match on catch block at 0xc3 in for 0x99
03-29 20:01:02.996 13211 13211 E ArmVmp : Match on catch block at 0xc3 in for 0x91
03-29 20:01:03.002 13211 13211 E ArmVmp : Match on catch block at 0xc3 in for 0x91
03-29 20:01:03.012 13211 13211 E ArmVmp : Match on catch block at 0xc3 in for 0x95
03-29 20:01:03.021 13211 13211 E ArmVmp : Match on catch block at 0xc3 in for 0x99
03-29 20:01:03.025 13211 13211 E ArmVmp : Match on catch block at 0xc3 in for 0x99
03-29 20:01:03.044 13211 13211 E ArmVmp : Match on catch block at 0xc3 in for 0x91
03-29 20:01:03.049 13211 13211 E ArmVmp : Match on catch block at 0xc3 in for 0x95
03-29 20:01:03.052 13211 13211 E ArmVmp : Match on catch block at 0xc3 in for 0x95
03-29 20:01:03.061 13211 13211 E ArmVmp : Match on catch block at 0xc3 in for 0x99
03-29 20:01:03.066 13211 13211 E ArmVmp : Match on catch block at 0xc3 in for 0x91
03-29 20:01:03.068 13211 13211 E ArmVmp : Match on catch block at 0xc3 in for 0x91
03-29 20:01:03.077 13211 13211 E ArmVmp : Match on catch block at 0xc3 in for 0x95
03-29 20:01:03.083 13211 13211 E ArmVmp : Match on catch block at 0xc3 in for 0x99
03-29 20:01:03.085 13211 13211 E ArmVmp : Match on catch block at 0xc3 in for 0x99
03-29 20:01:03.094 13211 13211 E ArmVmp : Match on catch block at 0xc3 in for 0x91
03-29 20:01:03.100 13211 13211 E ArmVmp : Match on catch block at 0xc3 in for 0x95
03-29 20:01:03.103 13211 13211 E ArmVmp : Match on catch block at 0xc3 in for 0x95
03-29 20:01:03.111 13211 13211 E ArmVmp : Match on catch block at 0xc3 in for 0x99
03-29 20:01:03.116 13211 13211 E ArmVmp : Match on catch block at 0xc3 in for 0x91
03-29 20:01:03.118 13211 13211 E ArmVmp : Match on catch block at 0xc3 in for 0x91
03-29 20:01:03.127 13211 13211 E ArmVmp : Match on catch block at 0xc3 in for 0x95
03-29 20:01:03.133 13211 13211 E ArmVmp : Match on catch block at 0xc3 in for 0x99
03-29 20:01:03.136 13211 13211 E ArmVmp : Match on catch block at 0xc3 in for 0x99
03-29 20:01:03.144 13211 13211 E ArmVmp : Match on catch block at 0xc3 in for 0x91
03-29 20:01:03.149 13211 13211 E ArmVmp : Match on catch block at 0xc3 in for 0x95
03-29 20:01:03.152 13211 13211 E ArmVmp : Match on catch block at 0xc3 in for 0x95
03-29 20:01:03.160 13211 13211 E ArmVmp : Match on catch block at 0xc3 in for 0x99
03-29 20:01:03.165 13211 13211 E ArmVmp : Match on catch block at 0xc3 in for 0x91
03-29 20:01:03.168 13211 13211 E ArmVmp : Match on catch block at 0xc3 in for 0x91
03-29 20:01:03.177 13211 13211 E ArmVmp : Match on catch block at 0xc3 in for 0x95
03-29 20:01:03.182 13211 13211 E ArmVmp : Match on catch block at 0xc3 in for 0x99
03-29 20:01:03.186 13211 13211 E ArmVmp : Match on catch block at 0xc3 in for 0x99
03-29 20:01:03.310 13211 13211 E ArmVmp : Match on catch block at 0xc3 in for 0x95
03-29 20:01:03.316 13211 13211 E ArmVmp : Match on catch block at 0xc3 in for 0x99
03-29 20:01:03.319 13211 13211 E ArmVmp : Match on catch block at 0xc3 in for 0x99
03-29 20:01:03.809 13211 13211 E ArmVmp : Match on catch block at 0xc3 in for 0x91
03-29 20:01:03.817 13211 13211 E ArmVmp : Match on catch block at 0xc3 in for 0x95
03-29 20:01:03.822 13211 13211 E ArmVmp : Match on catch block at 0xc3 in for 0x95
03-29 20:01:04.307 13211 13211 E ArmVmp : Match on catch block at 0xc3 in for 0x99
03-29 20:01:04.314 13211 13211 E ArmVmp : Match on catch block at 0xc3 in for 0x91
03-29 20:01:04.317 13211 13211 E ArmVmp : Match on catch block at 0xc3 in for 0x91
03-29 20:01:04.407 13211 13211 E ArmVmp : Match on catch block at 0xc3 in for 0x95
03-29 20:01:04.415 13211 13211 E ArmVmp : Match on catch block at 0xc3 in for 0x99
03-29 20:01:04.419 13211 13211 E ArmVmp : Match on catch block at 0xc3 in for 0x99
03-29 20:01:04.429 13211 13211 E ArmVmp : Match on catch block at 0xc3 in for 0x91
03-29 20:01:04.436 13211 13211 E ArmVmp : Match on catch block at 0xc3 in for 0x95
03-29 20:01:04.442 13211 13211 E ArmVmp : Match on catch block at 0xc3 in for 0x95
03-29 20:01:04.449 13211 13211 E ArmVmp : Match on catch block at 0xc3 in for 0x99
03-29 20:01:04.456 13211 13211 E ArmVmp : Match on catch block at 0xc3 in for 0x91
03-29 20:01:04.462 13211 13211 E ArmVmp : Match on catch block at 0xc3 in for 0x91
03-29 20:01:04.473 13211 13211 E ArmVmp : Match on catch block at 0xc3 in for 0x95
03-29 20:01:04.483 13211 13211 E ArmVmp : Match on catch block at 0xc3 in for 0x99
03-29 20:01:04.487 13211 13211 E ArmVmp : Match on catch block at 0xc3 in for 0x99
03-29 20:01:04.495 13211 13211 E ArmVmp : Match on catch block at 0xc3 in for 0x91
03-29 20:01:04.508 13211 13211 E ArmVmp : Match on catch block at 0xc3 in for 0x95
03-29 20:01:04.513 13211 13211 E ArmVmp : Match on catch block at 0xc3 in for 0x95
03-29 20:01:04.525 13211 13211 E ArmVmp : Match on catch block at 0xc3 in for 0x99
03-29 20:01:04.535 13211 13211 E ArmVmp : Match on catch block at 0xc3 in for 0x91
03-29 20:01:04.542 13211 13211 E ArmVmp : Match on catch block at 0xc3 in for 0x91
03-29 20:01:04.552 13211 13211 E ArmVmp : Match on catch block at 0xc3 in for 0x95
03-29 20:01:04.560 13211 13211 E ArmVmp : Match on catch block at 0xc3 in for 0x99
03-29 20:01:04.565 13211 13211 E ArmVmp : Match on catch block at 0xc3 in for 0x99
03-29 20:01:04.573 13211 13211 E ArmVmp : Match on catch block at 0xc3 in for 0x91
03-29 20:01:04.579 13211 13211 E ArmVmp : Match on catch block at 0xc3 in for 0x95
03-29 20:01:04.584 13211 13211 E ArmVmp : Match on catch block at 0xc3 in for 0x95
03-29 20:01:04.592 13211 13211 E ArmVmp : Match on catch block at 0xc3 in for 0x99
03-29 20:01:04.599 13211 13211 E ArmVmp : Match on catch block at 0xc3 in for 0x91
03-29 20:01:04.604 13211 13211 E ArmVmp : Match on catch block at 0xc3 in for 0x91
03-29 20:01:04.611 13211 13211 E ArmVmp : Match on catch block at 0xc3 in for 0x95
03-29 20:01:04.621 13211 13211 E ArmVmp : Match on catch block at 0xc3 in for 0x99
03-29 20:01:04.625 13211 13211 E ArmVmp : Match on catch block at 0xc3 in for 0x99
03-29 20:01:04.639 13211 13211 E ArmVmp : Match on catch block at 0xc3 in for 0x91
03-29 20:01:04.646 13211 13211 E ArmVmp : Match on catch block at 0xc3 in for 0x95
03-29 20:01:04.650 13211 13211 E ArmVmp : Match on catch block at 0xc3 in for 0x95
03-29 20:01:04.657 13211 13211 E ArmVmp : Match on catch block at 0xc3 in for 0x99
03-29 20:01:04.664 13211 13211 E ArmVmp : Match on catch block at 0xc3 in for 0x91
03-29 20:01:04.670 13211 13211 E ArmVmp : Match on catch block at 0xc3 in for 0x91
03-29 20:01:04.805 13211 13211 E ArmVmp : Match on catch block at 0xc3 in for 0x91
03-29 20:01:04.811 13211 13211 E ArmVmp : Match on catch block at 0xc3 in for 0x95
03-29 20:01:04.815 13211 13211 E ArmVmp : Match on catch block at 0xc3 in for 0x95
03-29 20:01:04.889 13211 13211 E ArmVmp : Match on catch block at 0xc3 in for 0x99
03-29 20:01:04.896 13211 13211 E ArmVmp : Match on catch block at 0xc3 in for 0x91
03-29 20:01:04.907 13211 13211 E ArmVmp : Match on catch block at 0xc3 in for 0x91
03-29 20:01:05.138 13211 13211 E ArmVmp : Match on catch block at 0xc3 in for 0x91
03-29 20:01:05.143 13211 13211 E ArmVmp : Match on catch block at 0xc3 in for 0x95
03-29 20:01:05.146 13211 13211 E ArmVmp : Match on catch block at 0xc3 in for 0x95
03-29 20:01:05.177 13211 13211 W AudioManager: Use of stream types is deprecated
for operations other than volume control
03-29 20:01:05.177 13211 13211 W AudioManager: See the documentation of
requestAudioFocus() for what to use instead with android.media.AudioAttributes to
qualify your playback use case
03-29 20:01:05.370 13211 13260 E SQLiteDatabase: Error inserting transferred=1
media_job_uuid=c9cbcb6c-6f2d-405d-8594-489adee8c86e transcoded=0 gif_attribution=0
first_scan_length=0 direct_path=/v/t62.7117-
24/33534716_1105072833879372_1418495292516779218_n.enc?ccb=11-
4&oh=01_ASDHc1pfSXphlvQFLzAbiyAJZsE5NG3NPEqwnaMlNij2GA&oe=662ED115&_nc_sid=5e03e0
thumbnail_height_width_ratio=0.0 is_animated_sticker=0
file_hash=q9RRQQEflS7HdWHsLPhbT9zJs2ynUG1Iv0rTS+Bpj1E= file_path=Media/MBWhatsApp
Voice Notes/202413/PTT-20240329-WA0016.opus file_size=13841 partial_media_hash=null
face_x=0 face_y=0 height=0 trim_to=0 media_key_timestamp=1711756468000
message_url=https://mmg.whatsapp.net/v/t62.7117-
24/33534716_1105072833879372_1418495292516779218_n.enc?ccb=11-
4&oh=01_ASDHc1pfSXphlvQFLzAbiyAJZsE5NG3NPEqwnaMlNij2GA&oe=662ED115&_nc_sid=5e03e0&m
ms3=true media_caption=null trim_from=0 mime_type=audio/ogg; codecs=opus
partial_media_enc_hash=null width=0 original_file_hash=null has_streaming_sidecar=0
autotransfer_retry_enabled=1 media_upload_handle=null message_row_id=341
multicast_id=null enc_file_hash=yDIG/JT1TZljaRd3sOpcQKRHyhywAWSBfdzl0kOCWoA=
mute_video=0 page_count=0 first_scan_sidecar=null suspicious_content=0
file_length=13841 media_name=PTT-20240329-WA0016.opus media_duration=6
chat_row_id=204 media_key=[B@131fd2f
03-29 20:01:05.370 13211 13260 E SQLiteDatabase:
android.database.sqlite.SQLiteConstraintException: UNIQUE constraint failed:
message_media.message_row_id (code 1555 SQLITE_CONSTRAINT_PRIMARYKEY)
03-29 20:01:05.370 13211 13260 E SQLiteDatabase: at
android.database.sqlite.SQLiteConnection.nativeExecuteForLastInsertedRowId(Native
Method)
03-29 20:01:05.370 13211 13260 E SQLiteDatabase: at
android.database.sqlite.SQLiteConnection.executeForLastInsertedRowId(SQLiteConnecti
on.java:938)
03-29 20:01:05.370 13211 13260 E SQLiteDatabase: at
android.database.sqlite.SQLiteSession.executeForLastInsertedRowId(SQLiteSession.jav
a:790)
03-29 20:01:05.370 13211 13260 E SQLiteDatabase: at
android.database.sqlite.SQLiteStatement.executeInsert(SQLiteStatement.java:88)
03-29 20:01:05.370 13211 13260 E SQLiteDatabase: at
android.database.sqlite.SQLiteDatabase.insertWithOnConflict(SQLiteDatabase.java:172
0)
03-29 20:01:05.370 13211 13260 E SQLiteDatabase: at
android.database.sqlite.SQLiteDatabase.insert(SQLiteDatabase.java:1589)
03-29 20:01:05.370 13211 13260 E SQLiteDatabase: at X.2tm.A08(Unknown
Source:6)
03-29 20:01:05.370 13211 13260 E SQLiteDatabase: at X.35Y.A07(Unknown
Source:212)
03-29 20:01:05.370 13211 13260 E SQLiteDatabase: at X.3QF.A14(Unknown
Source:470)
03-29 20:01:05.370 13211 13260 E SQLiteDatabase: at X.31e.A03(Unknown
Source:174)
03-29 20:01:05.370 13211 13260 E SQLiteDatabase: at X.3g7.run(Unknown
Source:1017)
03-29 20:01:05.370 13211 13260 E SQLiteDatabase: at
android.os.Handler.handleCallback(Handler.java:938)
03-29 20:01:05.370 13211 13260 E SQLiteDatabase: at
android.os.Handler.dispatchMessage(Handler.java:99)
03-29 20:01:05.370 13211 13260 E SQLiteDatabase: at
X.0zq.dispatchMessage(Unknown Source:4)
03-29 20:01:05.370 13211 13260 E SQLiteDatabase: at
android.os.Looper.loop(Looper.java:268)
03-29 20:01:05.370 13211 13260 E SQLiteDatabase: at
android.os.HandlerThread.run(HandlerThread.java:67)
03-29 20:01:05.470 13211 13211 E ArmVmp : Match on catch block at 0xc3 in for 0x95
03-29 20:01:05.476 13211 13211 E ArmVmp : Match on catch block at 0xc3 in for 0x99
03-29 20:01:05.480 13211 13211 E ArmVmp : Match on catch block at 0xc3 in for 0x99
03-29 20:01:05.492 13211 13211 E ArmVmp : Match on catch block at 0xc3 in for 0x99
03-29 20:01:05.499 13211 13211 E ArmVmp : Match on catch block at 0xc3 in for 0x91
03-29 20:01:05.503 13211 13211 E ArmVmp : Match on catch block at 0xc3 in for 0x91
03-29 20:01:05.511 13211 13211 E ArmVmp : Match on catch block at 0xc3 in for 0x95
03-29 20:01:05.518 13211 13211 E ArmVmp : Match on catch block at 0xc3 in for 0x99
03-29 20:01:05.522 13211 13211 E ArmVmp : Match on catch block at 0xc3 in for 0x99
03-29 20:01:05.536 13211 13211 E ArmVmp : Match on catch block at 0xc3 in for 0x91
03-29 20:01:05.546 13211 13211 E ArmVmp : Match on catch block at 0xc3 in for 0x95
03-29 20:01:05.549 13211 13211 E ArmVmp : Match on catch block at 0xc3 in for 0x95
03-29 20:01:05.555 13211 13211 E ArmVmp : Match on catch block at 0xc3 in for 0x99
03-29 20:01:05.561 13211 13211 E ArmVmp : Match on catch block at 0xc3 in for 0x91
03-29 20:01:05.566 13211 13211 E ArmVmp : Match on catch block at 0xc3 in for 0x91
03-29 20:01:05.574 13211 13211 E ArmVmp : Match on catch block at 0xc3 in for 0x95
03-29 20:01:05.581 13211 13211 E ArmVmp : Match on catch block at 0xc3 in for 0x99
03-29 20:01:05.584 13211 13211 E ArmVmp : Match on catch block at 0xc3 in for 0x99
03-29 20:01:05.592 13211 13211 E ArmVmp : Match on catch block at 0xc3 in for 0x91
03-29 20:01:05.599 13211 13211 E ArmVmp : Match on catch block at 0xc3 in for 0x95
03-29 20:01:05.604 13211 13211 E ArmVmp : Match on catch block at 0xc3 in for 0x95
03-29 20:01:05.610 13211 13211 E ArmVmp : Match on catch block at 0xc3 in for 0x99
03-29 20:01:05.636 13211 13211 E ArmVmp : Match on catch block at 0xc3 in for 0x91
03-29 20:01:05.650 13211 13211 E ArmVmp : Match on catch block at 0xc3 in for 0x91
03-29 20:01:05.658 13211 13211 E ArmVmp : Match on catch block at 0xc3 in for 0x95
03-29 20:01:05.665 13211 13211 E ArmVmp : Match on catch block at 0xc3 in for 0x99
03-29 20:01:05.669 13211 13211 E ArmVmp : Match on catch block at 0xc3 in for 0x99
03-29 20:01:05.676 13211 13211 E ArmVmp : Match on catch block at 0xc3 in for 0x91
03-29 20:01:05.685 13211 13211 E ArmVmp : Match on catch block at 0xc3 in for 0x95
03-29 20:01:05.688 13211 13211 E ArmVmp : Match on catch block at 0xc3 in for 0x95
03-29 20:01:05.703 13211 13211 E ArmVmp : Match on catch block at 0xc3 in for 0x99
03-29 20:01:05.711 13211 13211 E ArmVmp : Match on catch block at 0xc3 in for 0x91
03-29 20:01:05.715 13211 13261 E SQLiteDatabase: Error inserting transferred=1
media_job_uuid=c9cbcb6c-6f2d-405d-8594-489adee8c86e transcoded=0 gif_attribution=0
first_scan_length=0 direct_path=/v/t62.7117-
24/33534716_1105072833879372_1418495292516779218_n.enc?ccb=11-
4&oh=01_ASDHc1pfSXphlvQFLzAbiyAJZsE5NG3NPEqwnaMlNij2GA&oe=662ED115&_nc_sid=5e03e0
thumbnail_height_width_ratio=0.0 is_animated_sticker=0
file_hash=q9RRQQEflS7HdWHsLPhbT9zJs2ynUG1Iv0rTS+Bpj1E= file_path=Media/MBWhatsApp
Voice Notes/202413/PTT-20240329-WA0016.opus file_size=13841 partial_media_hash=null
face_x=0 face_y=0 height=0 trim_to=0 media_key_timestamp=1711756468000
message_url=https://mmg.whatsapp.net/v/t62.7117-
24/33534716_1105072833879372_1418495292516779218_n.enc?ccb=11-
4&oh=01_ASDHc1pfSXphlvQFLzAbiyAJZsE5NG3NPEqwnaMlNij2GA&oe=662ED115&_nc_sid=5e03e0&m
ms3=true media_caption=null trim_from=0 mime_type=audio/ogg; codecs=opus
partial_media_enc_hash=null width=0 original_file_hash=null has_streaming_sidecar=0
autotransfer_retry_enabled=1 media_upload_handle=null message_row_id=341
multicast_id=null enc_file_hash=yDIG/JT1TZljaRd3sOpcQKRHyhywAWSBfdzl0kOCWoA=
mute_video=0 page_count=0 first_scan_sidecar=null suspicious_content=0
file_length=13841 media_name=PTT-20240329-WA0016.opus media_duration=6
chat_row_id=204 media_key=[B@131fd2f
03-29 20:01:05.715 13211 13261 E SQLiteDatabase:
android.database.sqlite.SQLiteConstraintException: UNIQUE constraint failed:
message_media.message_row_id (code 1555 SQLITE_CONSTRAINT_PRIMARYKEY)
03-29 20:01:05.715 13211 13261 E SQLiteDatabase: at
android.database.sqlite.SQLiteConnection.nativeExecuteForLastInsertedRowId(Native
Method)
03-29 20:01:05.715 13211 13261 E SQLiteDatabase: at
android.database.sqlite.SQLiteConnection.executeForLastInsertedRowId(SQLiteConnecti
on.java:938)
03-29 20:01:05.715 13211 13261 E SQLiteDatabase: at
android.database.sqlite.SQLiteSession.executeForLastInsertedRowId(SQLiteSession.jav
a:790)
03-29 20:01:05.715 13211 13261 E SQLiteDatabase: at
android.database.sqlite.SQLiteStatement.executeInsert(SQLiteStatement.java:88)
03-29 20:01:05.715 13211 13261 E SQLiteDatabase: at
android.database.sqlite.SQLiteDatabase.insertWithOnConflict(SQLiteDatabase.java:172
0)
03-29 20:01:05.715 13211 13261 E SQLiteDatabase: at
android.database.sqlite.SQLiteDatabase.insert(SQLiteDatabase.java:1589)
03-29 20:01:05.715 13211 13261 E SQLiteDatabase: at X.2tm.A08(Unknown
Source:6)
03-29 20:01:05.715 13211 13261 E SQLiteDatabase: at X.35Y.A07(Unknown
Source:212)
03-29 20:01:05.715 13211 13261 E SQLiteDatabase: at X.3QF.A14(Unknown
Source:470)
03-29 20:01:05.715 13211 13261 E SQLiteDatabase: at X.31e.A03(Unknown
Source:174)
03-29 20:01:05.715 13211 13261 E SQLiteDatabase: at X.3Uz.A07(Unknown
Source:381)
03-29 20:01:05.715 13211 13261 E SQLiteDatabase: at X.3Uz.A02(Unknown
Source:692)
03-29 20:01:05.715 13211 13261 E SQLiteDatabase: at X.3eS.run(Unknown
Source:4041)
03-29 20:01:05.715 13211 13261 E SQLiteDatabase: at
android.os.Handler.handleCallback(Handler.java:938)
03-29 20:01:05.715 13211 13261 E SQLiteDatabase: at
android.os.Handler.dispatchMessage(Handler.java:99)
03-29 20:01:05.715 13211 13261 E SQLiteDatabase: at
X.0zr.dispatchMessage(Unknown Source:4)
03-29 20:01:05.715 13211 13261 E SQLiteDatabase: at
android.os.Looper.loop(Looper.java:268)
03-29 20:01:05.715 13211 13261 E SQLiteDatabase: at
android.os.HandlerThread.run(HandlerThread.java:67)
03-29 20:01:05.716 13211 13211 E ArmVmp : Match on catch block at 0xc3 in for 0x91
03-29 20:01:05.739 13211 13211 E ArmVmp : Match on catch block at 0xc3 in for 0x95
03-29 20:01:05.773 13211 13211 E ArmVmp : Match on catch block at 0xc3 in for 0x99
03-29 20:01:05.783 13211 13211 E ArmVmp : Match on catch block at 0xc3 in for 0x99
03-29 20:01:06.076 13211 13211 E ArmVmp : Match on catch block at 0xc3 in for 0x91
03-29 20:01:06.082 13211 13211 E ArmVmp : Match on catch block at 0xc3 in for 0x95
03-29 20:01:06.087 13211 13211 E ArmVmp : Match on catch block at 0xc3 in for 0x95
03-29 20:01:06.101 13211 13211 E ArmVmp : Match on catch block at 0xc3 in for 0x99
03-29 20:01:06.108 13211 13211 E ArmVmp : Match on catch block at 0xc3 in for 0x91
03-29 20:01:06.112 13211 13211 E ArmVmp : Match on catch block at 0xc3 in for 0x91
03-29 20:01:06.542 13211 13211 E ArmVmp : Match on catch block at 0xc3 in for 0x91
03-29 20:01:06.549 13211 13211 E ArmVmp : Match on catch block at 0xc3 in for 0x95
03-29 20:01:06.553 13211 13211 E ArmVmp : Match on catch block at 0xc3 in for 0x95
03-29 20:01:07.336 13211 13211 E ArmVmp : Match on catch block at 0xc3 in for 0x99
03-29 20:01:07.342 13211 13211 E ArmVmp : Match on catch block at 0xc3 in for 0x91
03-29 20:01:07.350 13211 13211 E ArmVmp : Match on catch block at 0xc3 in for 0x91
03-29 20:01:07.362 13211 13211 E ArmVmp : Match on catch block at 0xc3 in for 0x95
03-29 20:01:07.372 13211 13211 E ArmVmp : Match on catch block at 0xc3 in for 0x99
03-29 20:01:07.376 13211 13211 E ArmVmp : Match on catch block at 0xc3 in for 0x99
03-29 20:01:07.390 13211 13211 E ArmVmp : Match on catch block at 0xc3 in for 0x91
03-29 20:01:07.396 13211 13211 E ArmVmp : Match on catch block at 0xc3 in for 0x95
03-29 20:01:07.401 13211 13211 E ArmVmp : Match on catch block at 0xc3 in for 0x95
03-29 20:01:07.414 13211 13211 E ArmVmp : Match on catch block at 0xc3 in for 0x99
03-29 20:01:07.420 13211 13211 E ArmVmp : Match on catch block at 0xc3 in for 0x91
03-29 20:01:07.424 13211 13211 E ArmVmp : Match on catch block at 0xc3 in for 0x91
03-29 20:01:07.438 13211 13211 E ArmVmp : Match on catch block at 0xc3 in for 0x95
03-29 20:01:07.445 13211 13211 E ArmVmp : Match on catch block at 0xc3 in for 0x99
03-29 20:01:07.453 13211 13211 E ArmVmp : Match on catch block at 0xc3 in for 0x99
03-29 20:01:07.464 13211 13211 E ArmVmp : Match on catch block at 0xc3 in for 0x91
03-29 20:01:07.470 13211 13211 E ArmVmp : Match on catch block at 0xc3 in for 0x95
03-29 20:01:07.473 13211 13211 E ArmVmp : Match on catch block at 0xc3 in for 0x95
03-29 20:01:07.489 13211 13211 E ArmVmp : Match on catch block at 0xc3 in for 0x99
03-29 20:01:07.495 13211 13211 E ArmVmp : Match on catch block at 0xc3 in for 0x91
03-29 20:01:07.500 13211 13211 E ArmVmp : Match on catch block at 0xc3 in for 0x91
03-29 20:01:07.900 13211 13211 E ArmVmp : Match on catch block at 0xc3 in for 0x99
03-29 20:01:07.907 13211 13211 E ArmVmp : Match on catch block at 0xc3 in for 0x91
03-29 20:01:07.911 13211 13211 E ArmVmp : Match on catch block at 0xc3 in for 0x91
03-29 20:01:07.926 13211 13211 E ArmVmp : Match on catch block at 0xc3 in for 0x95
03-29 20:01:07.931 13211 13211 E ArmVmp : Match on catch block at 0xc3 in for 0x99
03-29 20:01:07.935 13211 13211 E ArmVmp : Match on catch block at 0xc3 in for 0x99
03-29 20:01:07.970 13211 13211 E ArmVmp : Match on catch block at 0xc3 in for 0x91
03-29 20:01:07.977 13211 13211 E ArmVmp : Match on catch block at 0xc3 in for 0x95
03-29 20:01:07.982 13211 13211 E ArmVmp : Match on catch block at 0xc3 in for 0x95
03-29 20:01:12.872 13211 13211 W MediaPlayer: Use of stream types is deprecated for
operations other than volume control
03-29 20:01:12.872 13211 13211 W MediaPlayer: See the documentation of
setAudioStreamType() for what to use instead with android.media.AudioAttributes to
qualify your playback use case
03-29 20:01:13.073 13211 13211 E ArmVmp : Match on catch block at 0xc3 in for 0x99
03-29 20:01:13.078 13211 13211 E ArmVmp : Match on catch block at 0xc3 in for 0x91
03-29 20:01:13.081 13211 13211 E ArmVmp : Match on catch block at 0xc3 in for 0x91
03-29 20:01:13.625 13211 13211 W AudioManager: Use of stream types is deprecated
for operations other than volume control
03-29 20:01:13.625 13211 13211 W AudioManager: See the documentation of
requestAudioFocus() for what to use instead with android.media.AudioAttributes to
qualify your playback use case
03-29 20:01:13.671 13211 13260 E SQLiteDatabase: Error inserting transferred=1
media_job_uuid=7ca51a20-4ebb-46c5-9e07-0c56a2de06c2 transcoded=0 gif_attribution=0
first_scan_length=0 direct_path=/v/t62.7117-
24/29510027_1432139620998566_677696550540356177_n.enc?ccb=11-
4&oh=01_ASCcWpsX8KRYT_LV16RKt3N7U7nxwmwcOaiNpQN-hbINYw&oe=662ECA76&_nc_sid=5e03e0
thumbnail_height_width_ratio=0.0 is_animated_sticker=0
file_hash=Ah42lGBHLHBaTY80OgN+szvHbFPU0yPFuI1Qg1n2uqQ= file_path=Media/MBWhatsApp
Voice Notes/202413/PTT-20240329-WA0017.opus file_size=26789 partial_media_hash=null
face_x=0 face_y=0 height=0 trim_to=0 media_key_timestamp=1711756560000
message_url=https://mmg.whatsapp.net/v/t62.7117-
24/29510027_1432139620998566_677696550540356177_n.enc?ccb=11-
4&oh=01_ASCcWpsX8KRYT_LV16RKt3N7U7nxwmwcOaiNpQN-
hbINYw&oe=662ECA76&_nc_sid=5e03e0&mms3=true media_caption=null trim_from=0
mime_type=audio/ogg; codecs=opus partial_media_enc_hash=null width=0
original_file_hash=null has_streaming_sidecar=0 autotransfer_retry_enabled=1
media_upload_handle=null message_row_id=342 multicast_id=null
enc_file_hash=Uyc1VnNpVUE0vh9Lx7EB4XJKGkuUZAlzByDlsVMTDi4= mute_video=0
page_count=0 first_scan_sidecar=null suspicious_content=0 file_length=26789
media_name=PTT-20240329-WA0017.opus media_duration=11 chat_row_id=204
media_key=[B@4c58ceb
03-29 20:01:13.671 13211 13260 E SQLiteDatabase:
android.database.sqlite.SQLiteConstraintException: UNIQUE constraint failed:
message_media.message_row_id (code 1555 SQLITE_CONSTRAINT_PRIMARYKEY)
03-29 20:01:13.671 13211 13260 E SQLiteDatabase: at
android.database.sqlite.SQLiteConnection.nativeExecuteForLastInsertedRowId(Native
Method)
03-29 20:01:13.671 13211 13260 E SQLiteDatabase: at
android.database.sqlite.SQLiteConnection.executeForLastInsertedRowId(SQLiteConnecti
on.java:938)
03-29 20:01:13.671 13211 13260 E SQLiteDatabase: at
android.database.sqlite.SQLiteSession.executeForLastInsertedRowId(SQLiteSession.jav
a:790)
03-29 20:01:13.671 13211 13260 E SQLiteDatabase: at
android.database.sqlite.SQLiteStatement.executeInsert(SQLiteStatement.java:88)
03-29 20:01:13.671 13211 13260 E SQLiteDatabase: at
android.database.sqlite.SQLiteDatabase.insertWithOnConflict(SQLiteDatabase.java:172
0)
03-29 20:01:13.671 13211 13260 E SQLiteDatabase: at
android.database.sqlite.SQLiteDatabase.insert(SQLiteDatabase.java:1589)
03-29 20:01:13.671 13211 13260 E SQLiteDatabase: at X.2tm.A08(Unknown
Source:6)
03-29 20:01:13.671 13211 13260 E SQLiteDatabase: at X.35Y.A07(Unknown
Source:212)
03-29 20:01:13.671 13211 13260 E SQLiteDatabase: at X.3QF.A14(Unknown
Source:470)
03-29 20:01:13.671 13211 13260 E SQLiteDatabase: at X.31e.A03(Unknown
Source:174)
03-29 20:01:13.671 13211 13260 E SQLiteDatabase: at X.3g7.run(Unknown
Source:1017)
03-29 20:01:13.671 13211 13260 E SQLiteDatabase: at
android.os.Handler.handleCallback(Handler.java:938)
03-29 20:01:13.671 13211 13260 E SQLiteDatabase: at
android.os.Handler.dispatchMessage(Handler.java:99)
03-29 20:01:13.671 13211 13260 E SQLiteDatabase: at
X.0zq.dispatchMessage(Unknown Source:4)
03-29 20:01:13.671 13211 13260 E SQLiteDatabase: at
android.os.Looper.loop(Looper.java:268)
03-29 20:01:13.671 13211 13260 E SQLiteDatabase: at
android.os.HandlerThread.run(HandlerThread.java:67)
03-29 20:01:13.768 13211 13211 E ArmVmp : Match on catch block at 0xc3 in for 0x99
03-29 20:01:13.772 13211 13211 E ArmVmp : Match on catch block at 0xc3 in for 0x91
03-29 20:01:13.775 13211 13211 E ArmVmp : Match on catch block at 0xc3 in for 0x91
03-29 20:01:13.798 13211 13211 E ArmVmp : Match on catch block at 0xc3 in for 0x99
03-29 20:01:13.803 13211 13211 E ArmVmp : Match on catch block at 0xc3 in for 0x91
03-29 20:01:13.806 13211 13211 E ArmVmp : Match on catch block at 0xc3 in for 0x91
03-29 20:01:13.811 13211 13211 E ArmVmp : Match on catch block at 0xc3 in for 0x95
03-29 20:01:13.819 13211 13211 E ArmVmp : Match on catch block at 0xc3 in for 0x99
03-29 20:01:13.824 13211 13211 E ArmVmp : Match on catch block at 0xc3 in for 0x99
03-29 20:01:13.877 13211 13261 E SQLiteDatabase: Error inserting transferred=1
media_job_uuid=7ca51a20-4ebb-46c5-9e07-0c56a2de06c2 transcoded=0 gif_attribution=0
first_scan_length=0 direct_path=/v/t62.7117-
24/29510027_1432139620998566_677696550540356177_n.enc?ccb=11-
4&oh=01_ASCcWpsX8KRYT_LV16RKt3N7U7nxwmwcOaiNpQN-hbINYw&oe=662ECA76&_nc_sid=5e03e0
thumbnail_height_width_ratio=0.0 is_animated_sticker=0
file_hash=Ah42lGBHLHBaTY80OgN+szvHbFPU0yPFuI1Qg1n2uqQ= file_path=Media/MBWhatsApp
Voice Notes/202413/PTT-20240329-WA0017.opus file_size=26789 partial_media_hash=null
face_x=0 face_y=0 height=0 trim_to=0 media_key_timestamp=1711756560000
message_url=https://mmg.whatsapp.net/v/t62.7117-
24/29510027_1432139620998566_677696550540356177_n.enc?ccb=11-
4&oh=01_ASCcWpsX8KRYT_LV16RKt3N7U7nxwmwcOaiNpQN-
hbINYw&oe=662ECA76&_nc_sid=5e03e0&mms3=true media_caption=null trim_from=0
mime_type=audio/ogg; codecs=opus partial_media_enc_hash=null width=0
original_file_hash=null has_streaming_sidecar=0 autotransfer_retry_enabled=1
media_upload_handle=null message_row_id=342 multicast_id=null
enc_file_hash=Uyc1VnNpVUE0vh9Lx7EB4XJKGkuUZAlzByDlsVMTDi4= mute_video=0
page_count=0 first_scan_sidecar=null suspicious_content=0 file_length=26789
media_name=PTT-20240329-WA0017.opus media_duration=11 chat_row_id=204
media_key=[B@4c58ceb
03-29 20:01:13.877 13211 13261 E SQLiteDatabase:
android.database.sqlite.SQLiteConstraintException: UNIQUE constraint failed:
message_media.message_row_id (code 1555 SQLITE_CONSTRAINT_PRIMARYKEY)
03-29 20:01:13.877 13211 13261 E SQLiteDatabase: at
android.database.sqlite.SQLiteConnection.nativeExecuteForLastInsertedRowId(Native
Method)
03-29 20:01:13.877 13211 13261 E SQLiteDatabase: at
android.database.sqlite.SQLiteConnection.executeForLastInsertedRowId(SQLiteConnecti
on.java:938)
03-29 20:01:13.877 13211 13261 E SQLiteDatabase: at
android.database.sqlite.SQLiteSession.executeForLastInsertedRowId(SQLiteSession.jav
a:790)
03-29 20:01:13.877 13211 13261 E SQLiteDatabase: at
android.database.sqlite.SQLiteStatement.executeInsert(SQLiteStatement.java:88)
03-29 20:01:13.877 13211 13261 E SQLiteDatabase: at
android.database.sqlite.SQLiteDatabase.insertWithOnConflict(SQLiteDatabase.java:172
0)
03-29 20:01:13.877 13211 13261 E SQLiteDatabase: at
android.database.sqlite.SQLiteDatabase.insert(SQLiteDatabase.java:1589)
03-29 20:01:13.877 13211 13261 E SQLiteDatabase: at X.2tm.A08(Unknown
Source:6)
03-29 20:01:13.877 13211 13261 E SQLiteDatabase: at X.35Y.A07(Unknown
Source:212)
03-29 20:01:13.877 13211 13261 E SQLiteDatabase: at X.3QF.A14(Unknown
Source:470)
03-29 20:01:13.877 13211 13261 E SQLiteDatabase: at X.31e.A03(Unknown
Source:174)
03-29 20:01:13.877 13211 13261 E SQLiteDatabase: at X.3Uz.A07(Unknown
Source:381)
03-29 20:01:13.877 13211 13261 E SQLiteDatabase: at X.3Uz.A02(Unknown
Source:692)
03-29 20:01:13.877 13211 13261 E SQLiteDatabase: at X.3eS.run(Unknown
Source:4041)
03-29 20:01:13.877 13211 13261 E SQLiteDatabase: at
android.os.Handler.handleCallback(Handler.java:938)
03-29 20:01:13.877 13211 13261 E SQLiteDatabase: at
android.os.Handler.dispatchMessage(Handler.java:99)
03-29 20:01:13.877 13211 13261 E SQLiteDatabase: at
X.0zr.dispatchMessage(Unknown Source:4)
03-29 20:01:13.877 13211 13261 E SQLiteDatabase: at
android.os.Looper.loop(Looper.java:268)
03-29 20:01:13.877 13211 13261 E SQLiteDatabase: at
android.os.HandlerThread.run(HandlerThread.java:67)
03-29 20:01:13.897 13211 13211 E ArmVmp : Match on catch block at 0xc3 in for 0x91
03-29 20:01:13.903 13211 13211 E ArmVmp : Match on catch block at 0xc3 in for 0x95
03-29 20:01:13.906 13211 13211 E ArmVmp : Match on catch block at 0xc3 in for 0x95
03-29 20:01:13.910 13211 13211 E ArmVmp : Match on catch block at 0xc3 in for 0x95
03-29 20:01:13.917 13211 13211 E ArmVmp : Match on catch block at 0xc3 in for 0x99
03-29 20:01:13.920 13211 13211 E ArmVmp : Match on catch block at 0xc3 in for 0x99
03-29 20:01:15.508 13211 13211 E ArmVmp : Match on catch block at 0xc3 in for 0x95
03-29 20:01:15.513 13211 13211 E ArmVmp : Match on catch block at 0xc3 in for 0x99
03-29 20:01:15.516 13211 13211 E ArmVmp : Match on catch block at 0xc3 in for 0x99
03-29 20:01:15.531 13211 13211 E ArmVmp : Match on catch block at 0xc3 in for 0x91
03-29 20:01:15.536 13211 13211 E ArmVmp : Match on catch block at 0xc3 in for 0x95
03-29 20:01:15.539 13211 13211 E ArmVmp : Match on catch block at 0xc3 in for 0x95
03-29 20:01:15.554 13211 13211 E ArmVmp : Match on catch block at 0xc3 in for 0x99
03-29 20:01:15.559 13211 13211 E ArmVmp : Match on catch block at 0xc3 in for 0x91
03-29 20:01:15.563 13211 13211 E ArmVmp : Match on catch block at 0xc3 in for 0x91
03-29 20:01:15.577 13211 13211 E ArmVmp : Match on catch block at 0xc3 in for 0x95
03-29 20:01:15.583 13211 13211 E ArmVmp : Match on catch block at 0xc3 in for 0x99
03-29 20:01:15.586 13211 13211 E ArmVmp : Match on catch block at 0xc3 in for 0x99
03-29 20:01:15.601 13211 13211 E ArmVmp : Match on catch block at 0xc3 in for 0x91
03-29 20:01:15.606 13211 13211 E ArmVmp : Match on catch block at 0xc3 in for 0x95
03-29 20:01:15.609 13211 13211 E ArmVmp : Match on catch block at 0xc3 in for 0x95
03-29 20:01:15.624 13211 13211 E ArmVmp : Match on catch block at 0xc3 in for 0x99
03-29 20:01:15.629 13211 13211 E ArmVmp : Match on catch block at 0xc3 in for 0x91
03-29 20:01:15.632 13211 13211 E ArmVmp : Match on catch block at 0xc3 in for 0x91
03-29 20:01:15.647 13211 13211 E ArmVmp : Match on catch block at 0xc3 in for 0x95
03-29 20:01:15.652 13211 13211 E ArmVmp : Match on catch block at 0xc3 in for 0x99
03-29 20:01:15.655 13211 13211 E ArmVmp : Match on catch block at 0xc3 in for 0x99
03-29 20:01:15.670 13211 13211 E ArmVmp : Match on catch block at 0xc3 in for 0x91
03-29 20:01:15.675 13211 13211 E ArmVmp : Match on catch block at 0xc3 in for 0x95
03-29 20:01:15.677 13211 13211 E ArmVmp : Match on catch block at 0xc3 in for 0x95
03-29 20:01:15.693 13211 13211 E ArmVmp : Match on catch block at 0xc3 in for 0x99
03-29 20:01:15.697 13211 13211 E ArmVmp : Match on catch block at 0xc3 in for 0x91
03-29 20:01:15.700 13211 13211 E ArmVmp : Match on catch block at 0xc3 in for 0x91
03-29 20:01:15.715 13211 13211 E ArmVmp : Match on catch block at 0xc3 in for 0x95
03-29 20:01:15.720 13211 13211 E ArmVmp : Match on catch block at 0xc3 in for 0x99
03-29 20:01:15.724 13211 13211 E ArmVmp : Match on catch block at 0xc3 in for 0x99
03-29 20:01:15.738 13211 13211 E ArmVmp : Match on catch block at 0xc3 in for 0x91
03-29 20:01:15.744 13211 13211 E ArmVmp : Match on catch block at 0xc3 in for 0x95
03-29 20:01:15.747 13211 13211 E ArmVmp : Match on catch block at 0xc3 in for 0x95
03-29 20:01:15.762 13211 13211 E ArmVmp : Match on catch block at 0xc3 in for 0x99
03-29 20:01:15.768 13211 13211 E ArmVmp : Match on catch block at 0xc3 in for 0x91
03-29 20:01:15.771 13211 13211 E ArmVmp : Match on catch block at 0xc3 in for 0x91
03-29 20:01:25.410 13211 13211 W MediaPlayer: Use of stream types is deprecated for
operations other than volume control
03-29 20:01:25.410 13211 13211 W MediaPlayer: See the documentation of
setAudioStreamType() for what to use instead with android.media.AudioAttributes to
qualify your playback use case
03-29 20:01:26.612 13211 13211 E ArmVmp : Match on catch block at 0xc3 in for 0x91
03-29 20:01:26.618 13211 13211 E ArmVmp : Match on catch block at 0xc3 in for 0x95
03-29 20:01:26.628 13211 13211 E ArmVmp : Match on catch block at 0xc3 in for 0x95
03-29 20:01:26.651 13211 13211 W MediaPlayer: mediaplayer went away with unhandled
events
03-29 20:01:26.653 13211 13211 E ArmVmp : Match on catch block at 0xc3 in for 0x99
03-29 20:01:26.662 13211 13211 E ArmVmp : Match on catch block at 0xc3 in for 0x91
03-29 20:01:26.669 13211 13211 E ArmVmp : Match on catch block at 0xc3 in for 0x91
03-29 20:01:26.690 13211 13211 E ArmVmp : Match on catch block at 0xc3 in for 0x95
03-29 20:01:26.701 13211 13211 E ArmVmp : Match on catch block at 0xc3 in for 0x99
03-29 20:01:26.710 13211 13211 E ArmVmp : Match on catch block at 0xc3 in for 0x99
03-29 20:01:26.937 13211 13211 E ArmVmp : Match on catch block at 0xc3 in for 0x95
03-29 20:01:26.943 13211 13211 E ArmVmp : Match on catch block at 0xc3 in for 0x99
03-29 20:01:26.947 13211 13211 E ArmVmp : Match on catch block at 0xc3 in for 0x99
03-29 20:01:26.954 13211 13211 E ArmVmp : Match on catch block at 0xc3 in for 0x91
03-29 20:01:26.968 13211 13211 E ArmVmp : Match on catch block at 0xc3 in for 0x95
03-29 20:01:26.972 13211 13211 E ArmVmp : Match on catch block at 0xc3 in for 0x95
03-29 20:01:26.980 13211 13211 E ArmVmp : Match on catch block at 0xc3 in for 0x99
03-29 20:01:26.990 13211 13211 E ArmVmp : Match on catch block at 0xc3 in for 0x91
03-29 20:01:26.995 13211 13211 E ArmVmp : Match on catch block at 0xc3 in for 0x91
03-29 20:01:27.002 13211 13211 E ArmVmp : Match on catch block at 0xc3 in for 0x95
03-29 20:01:27.008 13211 13211 E ArmVmp : Match on catch block at 0xc3 in for 0x99
03-29 20:01:27.013 13211 13211 E ArmVmp : Match on catch block at 0xc3 in for 0x99
03-29 20:01:27.020 13211 13211 E ArmVmp : Match on catch block at 0xc3 in for 0x91
03-29 20:01:27.025 13211 13211 E ArmVmp : Match on catch block at 0xc3 in for 0x95
03-29 20:01:27.031 13211 13211 E ArmVmp : Match on catch block at 0xc3 in for 0x95
03-29 20:01:27.037 13211 13211 E ArmVmp : Match on catch block at 0xc3 in for 0x99
03-29 20:01:27.043 13211 13211 E ArmVmp : Match on catch block at 0xc3 in for 0x91
03-29 20:01:27.046 13211 13211 E ArmVmp : Match on catch block at 0xc3 in for 0x91
03-29 20:01:27.053 13211 13211 E ArmVmp : Match on catch block at 0xc3 in for 0x95
03-29 20:01:27.059 13211 13211 E ArmVmp : Match on catch block at 0xc3 in for 0x99
03-29 20:01:27.062 13211 13211 E ArmVmp : Match on catch block at 0xc3 in for 0x99
03-29 20:01:27.068 13211 13211 E ArmVmp : Match on catch block at 0xc3 in for 0x91
03-29 20:01:27.074 13211 13211 E ArmVmp : Match on catch block at 0xc3 in for 0x95
03-29 20:01:27.077 13211 13211 E ArmVmp : Match on catch block at 0xc3 in for 0x95
03-29 20:01:27.082 13211 13211 E ArmVmp : Match on catch block at 0xc3 in for 0x99
03-29 20:01:27.088 13211 13211 E ArmVmp : Match on catch block at 0xc3 in for 0x91
03-29 20:01:27.093 13211 13211 E ArmVmp : Match on catch block at 0xc3 in for 0x91
03-29 20:01:27.099 13211 13211 E ArmVmp : Match on catch block at 0xc3 in for 0x95
03-29 20:01:27.106 13211 13211 E ArmVmp : Match on catch block at 0xc3 in for 0x99
03-29 20:01:27.110 13211 13211 E ArmVmp : Match on catch block at 0xc3 in for 0x99
03-29 20:01:27.117 13211 13211 E ArmVmp : Match on catch block at 0xc3 in for 0x91
03-29 20:01:27.124 13211 13211 E ArmVmp : Match on catch block at 0xc3 in for 0x95
03-29 20:01:27.127 13211 13211 E ArmVmp : Match on catch block at 0xc3 in for 0x95
03-29 20:01:27.133 13211 13211 E ArmVmp : Match on catch block at 0xc3 in for 0x99
03-29 20:01:27.140 13211 13211 E ArmVmp : Match on catch block at 0xc3 in for 0x91
03-29 20:01:27.143 13211 13211 E ArmVmp : Match on catch block at 0xc3 in for 0x91
03-29 20:01:27.149 13211 13211 E ArmVmp : Match on catch block at 0xc3 in for 0x95
03-29 20:01:27.155 13211 13211 E ArmVmp : Match on catch block at 0xc3 in for 0x99
03-29 20:01:27.159 13211 13211 E ArmVmp : Match on catch block at 0xc3 in for 0x99
03-29 20:01:27.166 13211 13211 E ArmVmp : Match on catch block at 0xc3 in for 0x91
03-29 20:01:27.173 13211 13211 E ArmVmp : Match on catch block at 0xc3 in for 0x95
03-29 20:01:27.176 13211 13211 E ArmVmp : Match on catch block at 0xc3 in for 0x95
03-29 20:01:27.182 13211 13211 E ArmVmp : Match on catch block at 0xc3 in for 0x99
03-29 20:01:27.188 13211 13211 E ArmVmp : Match on catch block at 0xc3 in for 0x91
03-29 20:01:27.191 13211 13211 E ArmVmp : Match on catch block at 0xc3 in for 0x91
03-29 20:01:27.199 13211 13211 E ArmVmp : Match on catch block at 0xc3 in for 0x95
03-29 20:01:27.205 13211 13211 E ArmVmp : Match on catch block at 0xc3 in for 0x99
03-29 20:01:27.208 13211 13211 E ArmVmp : Match on catch block at 0xc3 in for 0x99
03-29 20:01:27.359 13211 13211 W SoundPool: Use of stream types is deprecated for
operations other than volume control
03-29 20:01:27.359 13211 13211 W SoundPool: See the documentation of SoundPool()
for what to use instead with android.media.AudioAttributes to qualify your playback
use case
03-29 20:01:27.381 13211 13211 E ArmVmp : Match on catch block at 0xc3 in for 0x91
03-29 20:01:27.387 13211 13211 E ArmVmp : Match on catch block at 0xc3 in for 0x95
03-29 20:01:27.390 13211 13211 E ArmVmp : Match on catch block at 0xc3 in for 0x95
03-29 20:01:27.452 13211 13211 W AudioManager: Use of stream types is deprecated
for operations other than volume control
03-29 20:01:27.452 13211 13211 W AudioManager: See the documentation of
requestAudioFocus() for what to use instead with android.media.AudioAttributes to
qualify your playback use case
03-29 20:01:27.459 13211 13253 W SoundPool: play soundID 1 not READY
03-29 20:01:27.493 13211 13451 W Codec2Client: query -- param skipped: index =
1107298332.
03-29 20:01:27.494 13211 13451 W Codec2Client: query -- param skipped: index =
1342179345.
03-29 20:01:27.494 13211 13451 W Codec2Client: query -- param skipped: index =
2415921170.
03-29 20:01:27.496 13211 13451 E FMQ : grantorIdx must be less than 3
03-29 20:01:27.496 13211 13451 E FMQ : grantorIdx must be less than 3
03-29 20:01:27.497 13211 13452 W Codec2Client: query -- param skipped: index =
1107298332.
03-29 20:01:27.499 13211 13452 W Codec2Client: query -- param skipped: index =
1342179345.
03-29 20:01:27.499 13211 13452 W Codec2Client: query -- param skipped: index =
2415921170.
03-29 20:01:27.500 13211 13452 E FMQ : grantorIdx must be less than 3
03-29 20:01:27.500 13211 13451 E FMQ : grantorIdx must be less than 3
03-29 20:01:27.501 13211 13452 E FMQ : grantorIdx must be less than 3
03-29 20:01:27.505 13211 13452 E FMQ : grantorIdx must be less than 3
03-29 20:01:27.517 13211 13456 E FMQ : grantorIdx must be less than 3
03-29 20:01:27.523 13211 13456 E FMQ : grantorIdx must be less than 3
03-29 20:01:27.564 13211 13461 W Codec2Client: query -- param skipped: index =
1107298332.
03-29 20:01:27.566 13211 13461 W Codec2Client: query -- param skipped: index =
1342179345.
03-29 20:01:27.566 13211 13461 W Codec2Client: query -- param skipped: index =
2415921170.
03-29 20:01:27.567 13211 13461 E FMQ : grantorIdx must be less than 3
03-29 20:01:27.567 13211 13461 E FMQ : grantorIdx must be less than 3
03-29 20:01:27.572 13211 13461 E FMQ : grantorIdx must be less than 3
03-29 20:01:27.583 13211 13456 E FMQ : grantorIdx must be less than 3
03-29 20:01:27.602 13211 13464 W Codec2Client: query -- param skipped: index =
1107298332.
03-29 20:01:27.605 13211 13464 W Codec2Client: query -- param skipped: index =
1342179345.
03-29 20:01:27.605 13211 13464 W Codec2Client: query -- param skipped: index =
2415921170.
03-29 20:01:27.606 13211 13464 E FMQ : grantorIdx must be less than 3
03-29 20:01:27.606 13211 13464 E FMQ : grantorIdx must be less than 3
03-29 20:01:27.612 13211 13464 E FMQ : grantorIdx must be less than 3
03-29 20:01:27.633 13211 13456 E FMQ : grantorIdx must be less than 3
03-29 20:01:27.680 13211 13467 W Codec2Client: query -- param skipped: index =
1107298332.
03-29 20:01:27.682 13211 13467 W Codec2Client: query -- param skipped: index =
1342179345.
03-29 20:01:27.682 13211 13467 W Codec2Client: query -- param skipped: index =
2415921170.
03-29 20:01:27.683 13211 13467 E FMQ : grantorIdx must be less than 3
03-29 20:01:27.683 13211 13467 E FMQ : grantorIdx must be less than 3
03-29 20:01:27.689 13211 13467 E FMQ : grantorIdx must be less than 3
03-29 20:01:27.703 13211 13456 E FMQ : grantorIdx must be less than 3
03-29 20:01:27.751 13211 13211 W libOpenSLES: Conversion from OpenSL ES positional
channel mask 0x4 to Android mask 0 loses channels
03-29 20:01:27.752 13211 13211 W AudioRecord: Get process name fail
03-29 20:01:27.762 13211 13472 W Codec2Client: query -- param skipped: index =
1107298332.
03-29 20:01:27.763 13211 13472 W Codec2Client: query -- param skipped: index =
1342179345.
03-29 20:01:27.764 13211 13472 W Codec2Client: query -- param skipped: index =
2415921170.
03-29 20:01:27.764 13211 13472 E FMQ : grantorIdx must be less than 3
03-29 20:01:27.765 13211 13472 E FMQ : grantorIdx must be less than 3
03-29 20:01:27.771 13211 13472 E FMQ : grantorIdx must be less than 3
03-29 20:01:27.789 13211 13456 E FMQ : grantorIdx must be less than 3
03-29 20:01:27.841 13211 13211 E ArmVmp : Match on catch block at 0xc3 in for 0x91
03-29 20:01:27.847 13211 13211 E ArmVmp : Match on catch block at 0xc3 in for 0x95
03-29 20:01:27.850 13211 13211 E ArmVmp : Match on catch block at 0xc3 in for 0x95
03-29 20:01:27.875 13211 13211 E ArmVmp : Match on catch block at 0xc3 in for 0x91
03-29 20:01:27.880 13211 13211 E ArmVmp : Match on catch block at 0xc3 in for 0x95
03-29 20:01:27.884 13211 13211 E ArmVmp : Match on catch block at 0xc3 in for 0x95
03-29 20:01:27.910 13211 13211 E ArmVmp : Match on catch block at 0xc3 in for 0x91
03-29 20:01:27.917 13211 13211 E ArmVmp : Match on catch block at 0xc3 in for 0x95
03-29 20:01:27.927 13211 13211 E ArmVmp : Match on catch block at 0xc3 in for 0x95
03-29 20:01:27.936 13211 13211 E ArmVmp : Match on catch block at 0xc3 in for 0x91
03-29 20:01:27.941 13211 13211 E ArmVmp : Match on catch block at 0xc3 in for 0x95
03-29 20:01:27.950 13211 13211 E ArmVmp : Match on catch block at 0xc3 in for 0x95
03-29 20:01:28.012 13211 13211 E ArmVmp : Match on catch block at 0xc3 in for 0x91
03-29 20:01:28.019 13211 13211 E ArmVmp : Match on catch block at 0xc3 in for 0x95
03-29 20:01:28.022 13211 13211 E ArmVmp : Match on catch block at 0xc3 in for 0x95
03-29 20:01:28.372 13211 13211 E ArmVmp : Match on catch block at 0xc3 in for 0x95
03-29 20:01:28.377 13211 13211 E ArmVmp : Match on catch block at 0xc3 in for 0x99
03-29 20:01:28.380 13211 13211 E ArmVmp : Match on catch block at 0xc3 in for 0x99
03-29 20:01:28.400 13211 13211 E ArmVmp : Match on catch block at 0xc3 in for 0x91
03-29 20:01:28.405 13211 13211 E ArmVmp : Match on catch block at 0xc3 in for 0x95
03-29 20:01:28.415 13211 13211 E ArmVmp : Match on catch block at 0xc3 in for 0x95
03-29 20:01:28.440 13211 13211 E ArmVmp : Match on catch block at 0xc3 in for 0x99
03-29 20:01:28.446 13211 13211 E ArmVmp : Match on catch block at 0xc3 in for 0x91
03-29 20:01:28.449 13211 13211 E ArmVmp : Match on catch block at 0xc3 in for 0x91
03-29 20:01:28.457 13211 13211 E ArmVmp : Match on catch block at 0xc3 in for 0x95
03-29 20:01:28.462 13211 13211 E ArmVmp : Match on catch block at 0xc3 in for 0x99
03-29 20:01:28.466 13211 13211 E ArmVmp : Match on catch block at 0xc3 in for 0x99
03-29 20:01:28.477 13211 13211 E ArmVmp : Match on catch block at 0xc3 in for 0x91
03-29 20:01:28.487 13211 13211 E ArmVmp : Match on catch block at 0xc3 in for 0x95
03-29 20:01:28.492 13211 13211 E ArmVmp : Match on catch block at 0xc3 in for 0x95
03-29 20:01:28.498 13211 13211 E ArmVmp : Match on catch block at 0xc3 in for 0x99
03-29 20:01:28.507 13211 13211 E ArmVmp : Match on catch block at 0xc3 in for 0x91
03-29 20:01:28.514 13211 13211 E ArmVmp : Match on catch block at 0xc3 in for 0x91
03-29 20:01:28.520 13211 13211 E ArmVmp : Match on catch block at 0xc3 in for 0x95
03-29 20:01:28.533 13211 13211 E ArmVmp : Match on catch block at 0xc3 in for 0x99
03-29 20:01:28.536 13211 13211 E ArmVmp : Match on catch block at 0xc3 in for 0x99
03-29 20:01:28.542 13211 13211 E ArmVmp : Match on catch block at 0xc3 in for 0x91
03-29 20:01:28.549 13211 13211 E ArmVmp : Match on catch block at 0xc3 in for 0x95
03-29 20:01:28.553 13211 13211 E ArmVmp : Match on catch block at 0xc3 in for 0x95
03-29 20:01:28.559 13211 13211 E ArmVmp : Match on catch block at 0xc3 in for 0x99
03-29 20:01:28.566 13211 13211 E ArmVmp : Match on catch block at 0xc3 in for 0x91
03-29 20:01:28.569 13211 13211 E ArmVmp : Match on catch block at 0xc3 in for 0x91
03-29 20:01:28.578 13211 13211 E ArmVmp : Match on catch block at 0xc3 in for 0x95
03-29 20:01:28.592 13211 13211 E ArmVmp : Match on catch block at 0xc3 in for 0x99
03-29 20:01:28.596 13211 13211 E ArmVmp : Match on catch block at 0xc3 in for 0x99
03-29 20:01:28.610 13211 13211 E ArmVmp : Match on catch block at 0xc3 in for 0x91
03-29 20:01:28.622 13211 13211 E ArmVmp : Match on catch block at 0xc3 in for 0x95
03-29 20:01:28.625 13211 13211 E ArmVmp : Match on catch block at 0xc3 in for 0x95
03-29 20:01:28.633 13211 13211 E ArmVmp : Match on catch block at 0xc3 in for 0x99
03-29 20:01:28.642 13211 13211 E ArmVmp : Match on catch block at 0xc3 in for 0x91
03-29 20:01:28.649 13211 13211 E ArmVmp : Match on catch block at 0xc3 in for 0x91
03-29 20:01:28.655 13211 13211 E ArmVmp : Match on catch block at 0xc3 in for 0x95
03-29 20:01:28.667 13211 13211 E ArmVmp : Match on catch block at 0xc3 in for 0x99
03-29 20:01:28.673 13211 13211 E ArmVmp : Match on catch block at 0xc3 in for 0x99
03-29 20:01:28.679 13211 13211 E ArmVmp : Match on catch block at 0xc3 in for 0x91
03-29 20:01:28.685 13211 13211 E ArmVmp : Match on catch block at 0xc3 in for 0x95
03-29 20:01:28.691 13211 13211 E ArmVmp : Match on catch block at 0xc3 in for 0x95
03-29 20:01:28.699 13211 13211 E ArmVmp : Match on catch block at 0xc3 in for 0x99
03-29 20:01:28.707 13211 13211 E ArmVmp : Match on catch block at 0xc3 in for 0x91
03-29 20:01:28.714 13211 13211 E ArmVmp : Match on catch block at 0xc3 in for 0x91
03-29 20:01:28.722 13211 13211 E ArmVmp : Match on catch block at 0xc3 in for 0x95
03-29 20:01:28.734 13211 13211 E ArmVmp : Match on catch block at 0xc3 in for 0x99
03-29 20:01:28.736 13211 13211 E ArmVmp : Match on catch block at 0xc3 in for 0x99
03-29 20:01:28.745 13211 13211 E ArmVmp : Match on catch block at 0xc3 in for 0x91
03-29 20:01:28.756 13211 13211 E ArmVmp : Match on catch block at 0xc3 in for 0x95
03-29 20:01:28.759 13211 13211 E ArmVmp : Match on catch block at 0xc3 in for 0x95
03-29 20:01:28.766 13211 13211 E ArmVmp : Match on catch block at 0xc3 in for 0x99
03-29 20:01:28.772 13211 13211 E ArmVmp : Match on catch block at 0xc3 in for 0x91
03-29 20:01:28.777 13211 13211 E ArmVmp : Match on catch block at 0xc3 in for 0x91
03-29 20:01:28.783 13211 13211 E ArmVmp : Match on catch block at 0xc3 in for 0x95
03-29 20:01:28.790 13211 13211 E ArmVmp : Match on catch block at 0xc3 in for 0x99
03-29 20:01:28.796 13211 13211 E ArmVmp : Match on catch block at 0xc3 in for 0x99
03-29 20:01:28.802 13211 13211 E ArmVmp : Match on catch block at 0xc3 in for 0x91
03-29 20:01:28.810 13211 13211 E ArmVmp : Match on catch block at 0xc3 in for 0x95
03-29 20:01:28.815 13211 13211 E ArmVmp : Match on catch block at 0xc3 in for 0x95
03-29 20:01:28.821 13211 13211 E ArmVmp : Match on catch block at 0xc3 in for 0x99
03-29 20:01:28.827 13211 13211 E ArmVmp : Match on catch block at 0xc3 in for 0x91
03-29 20:01:28.832 13211 13211 E ArmVmp : Match on catch block at 0xc3 in for 0x91
03-29 20:01:28.838 13211 13211 E ArmVmp : Match on catch block at 0xc3 in for 0x95
03-29 20:01:28.843 13211 13211 E ArmVmp : Match on catch block at 0xc3 in for 0x99
03-29 20:01:28.847 13211 13211 E ArmVmp : Match on catch block at 0xc3 in for 0x99
03-29 20:01:28.853 13211 13211 E ArmVmp : Match on catch block at 0xc3 in for 0x91
03-29 20:01:28.859 13211 13211 E ArmVmp : Match on catch block at 0xc3 in for 0x95
03-29 20:01:28.862 13211 13211 E ArmVmp : Match on catch block at 0xc3 in for 0x95
03-29 20:01:28.868 13211 13211 E ArmVmp : Match on catch block at 0xc3 in for 0x99
03-29 20:01:28.873 13211 13211 E ArmVmp : Match on catch block at 0xc3 in for 0x91
03-29 20:01:28.878 13211 13211 E ArmVmp : Match on catch block at 0xc3 in for 0x91
03-29 20:01:28.883 13211 13211 E ArmVmp : Match on catch block at 0xc3 in for 0x95
03-29 20:01:28.889 13211 13211 E ArmVmp : Match on catch block at 0xc3 in for 0x99
03-29 20:01:28.891 13211 13211 E ArmVmp : Match on catch block at 0xc3 in for 0x99
03-29 20:01:28.899 13211 13211 E ArmVmp : Match on catch block at 0xc3 in for 0x91
03-29 20:01:28.906 13211 13211 E ArmVmp : Match on catch block at 0xc3 in for 0x95
03-29 20:01:28.909 13211 13211 E ArmVmp : Match on catch block at 0xc3 in for 0x95
03-29 20:01:28.915 13211 13211 E ArmVmp : Match on catch block at 0xc3 in for 0x99
03-29 20:01:28.920 13211 13211 E ArmVmp : Match on catch block at 0xc3 in for 0x91
