03-29 22:04:20.703 30861 30861 E ArmVmp : Match on catch block at 0xc3 in for 0x91
03-29 22:04:20.709 30861 30861 E ArmVmp : Match on catch block at 0xc3 in for 0x95
03-29 22:04:20.736 30861 30861 E ArmVmp : Match on catch block at 0xc3 in for 0x95
03-29 22:04:20.739 30861 30861 E ArmVmp : Match on catch block at 0xc3 in for 0x99
03-29 22:04:20.752 30861 30861 E ArmVmp : Match on catch block at 0xc3 in for 0x99
03-29 22:04:20.756 30861 30861 E ArmVmp : Match on catch block at 0xc3 in for 0x91
03-29 22:04:20.775 30861 30861 E ArmVmp : Match on catch block at 0xc3 in for 0x91
03-29 22:04:20.777 30861 30861 E ArmVmp : Match on catch block at 0xc3 in for 0x95
03-29 22:04:20.783 30861 31850 W MediaPlayer: Use of stream types is deprecated for
operations other than volume control
03-29 22:04:20.783 30861 31850 W MediaPlayer: See the documentation of
setAudioStreamType() for what to use instead with android.media.AudioAttributes to
qualify your playback use case
03-29 22:04:20.791 30861 30861 E ArmVmp : Match on catch block at 0xc3 in for 0x91
03-29 22:04:20.795 30861 30861 E ArmVmp : Match on catch block at 0xc3 in for 0x95
03-29 22:04:20.946 30861 30861 E ArmVmp : Match on catch block at 0xc3 in for 0x95
03-29 22:04:20.949 30861 30861 E ArmVmp : Match on catch block at 0xc3 in for 0x99
03-29 22:04:20.957 30861 30861 E ArmVmp : Match on catch block at 0xc3 in for 0x99
03-29 22:04:20.962 30861 30861 E ArmVmp : Match on catch block at 0xc3 in for 0x91
03-29 22:04:20.969 30861 30861 E ArmVmp : Match on catch block at 0xc3 in for 0x91
03-29 22:04:20.974 30861 30861 E ArmVmp : Match on catch block at 0xc3 in for 0x95
03-29 22:04:20.985 30861 30861 E ArmVmp : Match on catch block at 0xc3 in for 0x95
03-29 22:04:20.988 30861 30861 E ArmVmp : Match on catch block at 0xc3 in for 0x99
03-29 22:04:21.002 30861 30861 E ArmVmp : Match on catch block at 0xc3 in for 0x99
03-29 22:04:21.006 30861 30861 E ArmVmp : Match on catch block at 0xc3 in for 0x91
03-29 22:04:21.019 30861 30861 E ArmVmp : Match on catch block at 0xc3 in for 0x91
03-29 22:04:21.023 30861 30861 E ArmVmp : Match on catch block at 0xc3 in for 0x95
03-29 22:04:21.036 30861 30861 E ArmVmp : Match on catch block at 0xc3 in for 0x95
03-29 22:04:21.038 30861 30861 E ArmVmp : Match on catch block at 0xc3 in for 0x99
03-29 22:04:21.054 30861 30861 E ArmVmp : Match on catch block at 0xc3 in for 0x99
03-29 22:04:21.058 30861 30861 E ArmVmp : Match on catch block at 0xc3 in for 0x91
03-29 22:04:21.070 30861 30861 E ArmVmp : Match on catch block at 0xc3 in for 0x91
03-29 22:04:21.075 30861 30861 E ArmVmp : Match on catch block at 0xc3 in for 0x95
03-29 22:04:21.087 30861 30861 E ArmVmp : Match on catch block at 0xc3 in for 0x95
03-29 22:04:21.091 30861 30861 E ArmVmp : Match on catch block at 0xc3 in for 0x99
03-29 22:04:21.102 30861 30861 E ArmVmp : Match on catch block at 0xc3 in for 0x99
03-29 22:04:21.106 30861 30861 E ArmVmp : Match on catch block at 0xc3 in for 0x91
03-29 22:04:21.120 30861 30861 E ArmVmp : Match on catch block at 0xc3 in for 0x91
03-29 22:04:21.123 30861 30861 E ArmVmp : Match on catch block at 0xc3 in for 0x95
03-29 22:04:21.136 30861 30861 E ArmVmp : Match on catch block at 0xc3 in for 0x95
03-29 22:04:21.140 30861 30861 E ArmVmp : Match on catch block at 0xc3 in for 0x99
03-29 22:04:21.153 30861 30861 E ArmVmp : Match on catch block at 0xc3 in for 0x99
03-29 22:04:21.157 30861 30861 E ArmVmp : Match on catch block at 0xc3 in for 0x91
03-29 22:04:21.170 30861 30861 E ArmVmp : Match on catch block at 0xc3 in for 0x91
03-29 22:04:21.174 30861 30861 E ArmVmp : Match on catch block at 0xc3 in for 0x95
03-29 22:04:21.186 30861 30861 E ArmVmp : Match on catch block at 0xc3 in for 0x95
03-29 22:04:21.189 30861 30861 E ArmVmp : Match on catch block at 0xc3 in for 0x99
03-29 22:04:21.203 30861 30861 E ArmVmp : Match on catch block at 0xc3 in for 0x99
03-29 22:04:21.208 30861 30861 E ArmVmp : Match on catch block at 0xc3 in for 0x91
03-29 22:04:21.220 30861 30861 E ArmVmp : Match on catch block at 0xc3 in for 0x91
03-29 22:04:21.224 30861 30861 E ArmVmp : Match on catch block at 0xc3 in for 0x95
03-29 22:04:21.236 30861 30861 E ArmVmp : Match on catch block at 0xc3 in for 0x95
03-29 22:04:21.239 30861 30861 E ArmVmp : Match on catch block at 0xc3 in for 0x99
03-29 22:04:21.253 30861 30861 E ArmVmp : Match on catch block at 0xc3 in for 0x99
03-29 22:04:21.257 30861 30861 E ArmVmp : Match on catch block at 0xc3 in for 0x91
03-29 22:04:21.270 30861 30861 E ArmVmp : Match on catch block at 0xc3 in for 0x91
03-29 22:04:21.274 30861 30861 E ArmVmp : Match on catch block at 0xc3 in for 0x95
03-29 22:04:21.471 30861 30861 E ArmVmp : Match on catch block at 0xc3 in for 0x95
03-29 22:04:21.474 30861 30861 E ArmVmp : Match on catch block at 0xc3 in for 0x99
03-29 22:04:21.534 30861 30861 E ArmVmp : Match on catch block at 0xc3 in for 0x91
03-29 22:04:21.539 30861 30861 E ArmVmp : Match on catch block at 0xc3 in for 0x95
03-29 22:04:21.581 30861 30861 E ArmVmp : Match on catch block at 0xc3 in for 0x91
03-29 22:04:21.585 30861 30861 E ArmVmp : Match on catch block at 0xc3 in for 0x95
03-29 22:04:21.601 30861 30861 E ArmVmp : Match on catch block at 0xc3 in for 0x91
03-29 22:04:21.608 30861 30861 E ArmVmp : Match on catch block at 0xc3 in for 0x95
03-29 22:04:21.646 30861 30861 E ArmVmp : Match on catch block at 0xc3 in for 0x99
03-29 22:04:21.654 30861 30861 E ArmVmp : Match on catch block at 0xc3 in for 0x91
03-29 22:04:21.672 30861 30861 E ArmVmp : Match on catch block at 0xc3 in for 0x91
03-29 22:04:21.678 30861 30861 E ArmVmp : Match on catch block at 0xc3 in for 0x95
03-29 22:04:21.692 30861 30861 E ArmVmp : Match on catch block at 0xc3 in for 0x95
03-29 22:04:21.696 30861 30861 E ArmVmp : Match on catch block at 0xc3 in for 0x99
03-29 22:04:21.913 30861 30875 W System : A resource failed to call close.
03-29 22:04:21.955 30861 30861 E ArmVmp : Match on catch block at 0xc3 in for 0x95
03-29 22:04:21.958 30861 30861 E ArmVmp : Match on catch block at 0xc3 in for 0x99
03-29 22:04:21.969 30861 30861 E ArmVmp : Match on catch block at 0xc3 in for 0x99
03-29 22:04:21.972 30861 30861 E ArmVmp : Match on catch block at 0xc3 in for 0x91
03-29 22:04:22.099 30861 30861 E ArmVmp : Match on catch block at 0xc3 in for 0x91
03-29 22:04:22.102 30861 30861 E ArmVmp : Match on catch block at 0xc3 in for 0x95
03-29 22:04:22.124 30861 30861 E ArmVmp : Match on catch block at 0xc3 in for 0x95
03-29 22:04:22.127 30861 30861 E ArmVmp : Match on catch block at 0xc3 in for 0x99
03-29 22:04:22.257 30861 30861 E ArmVmp : Match on catch block at 0xc3 in for 0x91
03-29 22:04:22.267 30861 30861 E ArmVmp : Match on catch block at 0xc3 in for 0x95
03-29 22:04:23.748 30861 30942 E SQLiteDatabase: Error inserting transferred=1
media_job_uuid=70f7551a-3177-436f-b533-94420d78ae29 transcoded=0 gif_attribution=0
first_scan_length=0 direct_path=/v/t62.7117-
24/13748761_811545287461082_1353010457668586162_n.enc?ccb=11-
4&oh=01_ASAiERIAKMNeg7mZvwn3fJHnna6rxdiHhmxBCAU-HlHBsA&oe=662EE673&_nc_sid=5e03e0
thumbnail_height_width_ratio=0.0 is_animated_sticker=0
file_hash=2/R0kSIxfYto0q24Ids/Zu6qErx92MllY0qt4FOzuuI= file_path=Media/MBWhatsApp
Voice Notes/202413/PTT-20240329-WA0022.opus file_size=33520 partial_media_hash=null
face_x=0 face_y=0 height=0 trim_to=0 media_key_timestamp=1711764248000
message_url=https://mmg.whatsapp.net/v/t62.7117-
24/13748761_811545287461082_1353010457668586162_n.enc?ccb=11-
4&oh=01_ASAiERIAKMNeg7mZvwn3fJHnna6rxdiHhmxBCAU-
HlHBsA&oe=662EE673&_nc_sid=5e03e0&mms3=true media_caption=null trim_from=0
mime_type=audio/ogg; codecs=opus partial_media_enc_hash=null width=0
original_file_hash=null has_streaming_sidecar=0 autotransfer_retry_enabled=1
media_upload_handle=null message_row_id=418 multicast_id=null
enc_file_hash=hCfB3dphzM+T94nSzAVANHrWeLJNEfuFIg2plUNwbzs= mute_video=0
page_count=0 first_scan_sidecar=null suspicious_content=0 file_length=33520
media_name=null media_duration=14 chat_row_id=121 media_key=[B@2a6edf7
03-29 22:04:23.748 30861 30942 E SQLiteDatabase:
android.database.sqlite.SQLiteConstraintException: UNIQUE constraint failed:
message_media.message_row_id (code 1555 SQLITE_CONSTRAINT_PRIMARYKEY)
03-29 22:04:23.748 30861 30942 E SQLiteDatabase: at
android.database.sqlite.SQLiteConnection.nativeExecuteForLastInsertedRowId(Native
Method)
03-29 22:04:23.748 30861 30942 E SQLiteDatabase: at
android.database.sqlite.SQLiteConnection.executeForLastInsertedRowId(SQLiteConnecti
on.java:938)
03-29 22:04:23.748 30861 30942 E SQLiteDatabase: at
android.database.sqlite.SQLiteSession.executeForLastInsertedRowId(SQLiteSession.jav
a:790)
03-29 22:04:23.748 30861 30942 E SQLiteDatabase: at
android.database.sqlite.SQLiteStatement.executeInsert(SQLiteStatement.java:88)
03-29 22:04:23.748 30861 30942 E SQLiteDatabase: at
android.database.sqlite.SQLiteDatabase.insertWithOnConflict(SQLiteDatabase.java:172
0)
03-29 22:04:23.748 30861 30942 E SQLiteDatabase: at
android.database.sqlite.SQLiteDatabase.insert(SQLiteDatabase.java:1589)
03-29 22:04:23.748 30861 30942 E SQLiteDatabase: at X.2tm.A08(Unknown
Source:6)
03-29 22:04:23.748 30861 30942 E SQLiteDatabase: at X.35Y.A07(Unknown
Source:212)
03-29 22:04:23.748 30861 30942 E SQLiteDatabase: at X.3QF.A14(Unknown
Source:470)
03-29 22:04:23.748 30861 30942 E SQLiteDatabase: at X.3gU.run(Unknown
Source:982)
03-29 22:04:23.748 30861 30942 E SQLiteDatabase: at
android.os.Handler.handleCallback(Handler.java:938)
03-29 22:04:23.748 30861 30942 E SQLiteDatabase: at
android.os.Handler.dispatchMessage(Handler.java:99)
03-29 22:04:23.748 30861 30942 E SQLiteDatabase: at
X.0zq.dispatchMessage(Unknown Source:4)
03-29 22:04:23.748 30861 30942 E SQLiteDatabase: at
android.os.Looper.loop(Looper.java:268)
03-29 22:04:23.748 30861 30942 E SQLiteDatabase: at
android.os.HandlerThread.run(HandlerThread.java:67)
03-29 22:04:23.879 30861 31991 W GmsClient: unable to connect to service:
com.google.android.gms.wearable.BIND on com.google.android.gms
03-29 22:04:28.426 30861 30861 E ArmVmp : Match on catch block at 0x0a in for 0xb1
03-29 22:04:28.432 30861 30861 E ArmVmp : Match on catch block at 0x0a in for 0xb9
03-29 22:04:28.758 30861 30861 E ArmVmp : Match on catch block at 0xc3 in for 0xa9
03-29 22:04:28.764 30861 30861 E ArmVmp : Match on catch block at 0xc3 in for 0xa9
03-29 22:04:28.848 30861 30861 E ArmVmp : Match on catch block at 0xc3 in for 0x91
03-29 22:04:28.851 30861 30861 E ArmVmp : Match on catch block at 0xc3 in for 0x95
03-29 22:04:28.854 30861 30861 E ArmVmp : Match on catch block at 0xc3 in for 0x95
03-29 22:04:28.894 30861 30861 E ArmVmp : Match on catch block at 0xc3 in for 0x95
03-29 22:04:28.899 30861 30861 E ArmVmp : Match on catch block at 0xc3 in for 0x99
03-29 22:04:28.902 30861 30861 E ArmVmp : Match on catch block at 0xc3 in for 0x99
03-29 22:04:28.922 30861 30861 E ArmVmp : Match on catch block at 0xc3 in for 0x99
03-29 22:04:28.926 30861 30861 E ArmVmp : Match on catch block at 0xc3 in for 0x91
03-29 22:04:28.940 30861 30861 E ArmVmp : Match on catch block at 0xc3 in for 0x91
03-29 22:04:28.963 30861 31850 W MediaPlayer: Use of stream types is deprecated for
operations other than volume control
03-29 22:04:28.963 30861 31850 W MediaPlayer: See the documentation of
setAudioStreamType() for what to use instead with android.media.AudioAttributes to
qualify your playback use case
03-29 22:04:29.027 30861 30861 E ArmVmp : Match on catch block at 0xc3 in for 0x95
03-29 22:04:29.030 30861 30861 E ArmVmp : Match on catch block at 0xc3 in for 0x99
03-29 22:04:29.033 30861 30861 E ArmVmp : Match on catch block at 0xc3 in for 0x99
03-29 22:04:29.078 30861 30861 E ArmVmp : Match on catch block at 0xc3 in for 0x99
03-29 22:04:29.085 30861 30861 E ArmVmp : Match on catch block at 0xc3 in for 0x91
03-29 22:04:29.089 30861 30861 E ArmVmp : Match on catch block at 0xc3 in for 0x91
03-29 22:04:29.147 30861 30861 E ArmVmp : Match on catch block at 0xc3 in for 0x95
03-29 22:04:29.165 30861 30861 E ArmVmp : Match on catch block at 0xc3 in for 0x99
03-29 22:04:29.179 30861 30861 E ArmVmp : Match on catch block at 0xc3 in for 0x99
03-29 22:04:29.250 30861 30861 E ArmVmp : Match on catch block at 0xc3 in for 0x91
03-29 22:04:29.256 30861 30861 E ArmVmp : Match on catch block at 0xc3 in for 0x95
03-29 22:04:29.261 30861 30861 E ArmVmp : Match on catch block at 0xc3 in for 0x95
03-29 22:04:29.288 30861 30861 E ArmVmp : Match on catch block at 0xc3 in for 0x99
03-29 22:04:29.292 30861 30861 E ArmVmp : Match on catch block at 0xc3 in for 0x91
03-29 22:04:29.298 30861 30861 E ArmVmp : Match on catch block at 0xc3 in for 0x91
03-29 22:04:29.305 30861 30861 E ArmVmp : Match on catch block at 0xc3 in for 0x95
03-29 22:04:29.312 30861 30861 E ArmVmp : Match on catch block at 0xc3 in for 0x99
03-29 22:04:29.315 30861 30861 E ArmVmp : Match on catch block at 0xc3 in for 0x99
03-29 22:04:29.326 30861 30861 E ArmVmp : Match on catch block at 0xc3 in for 0x91
03-29 22:04:29.330 30861 30861 E ArmVmp : Match on catch block at 0xc3 in for 0x95
03-29 22:04:29.333 30861 30861 E ArmVmp : Match on catch block at 0xc3 in for 0x95
03-29 22:04:29.342 30861 30861 E ArmVmp : Match on catch block at 0xc3 in for 0x99
03-29 22:04:29.346 30861 30861 E ArmVmp : Match on catch block at 0xc3 in for 0x91
03-29 22:04:29.349 30861 30861 E ArmVmp : Match on catch block at 0xc3 in for 0x91
03-29 22:04:29.359 30861 30861 E ArmVmp : Match on catch block at 0xc3 in for 0x95
03-29 22:04:29.363 30861 30861 E ArmVmp : Match on catch block at 0xc3 in for 0x99
03-29 22:04:29.367 30861 30861 E ArmVmp : Match on catch block at 0xc3 in for 0x99
03-29 22:04:29.375 30861 30861 E ArmVmp : Match on catch block at 0xc3 in for 0x91
03-29 22:04:29.380 30861 30861 E ArmVmp : Match on catch block at 0xc3 in for 0x95
03-29 22:04:29.383 30861 30861 E ArmVmp : Match on catch block at 0xc3 in for 0x95
03-29 22:04:29.392 30861 30861 E ArmVmp : Match on catch block at 0xc3 in for 0x99
03-29 22:04:29.395 30861 30861 E ArmVmp : Match on catch block at 0xc3 in for 0x91
03-29 22:04:29.398 30861 30861 E ArmVmp : Match on catch block at 0xc3 in for 0x91
03-29 22:04:29.409 30861 30861 E ArmVmp : Match on catch block at 0xc3 in for 0x95
03-29 22:04:29.412 30861 30861 E ArmVmp : Match on catch block at 0xc3 in for 0x99
03-29 22:04:29.415 30861 30861 E ArmVmp : Match on catch block at 0xc3 in for 0x99
03-29 22:04:29.434 30861 30861 E ArmVmp : Match on catch block at 0xc3 in for 0x91
03-29 22:04:29.437 30861 30861 E ArmVmp : Match on catch block at 0xc3 in for 0x95
03-29 22:04:29.441 30861 30861 E ArmVmp : Match on catch block at 0xc3 in for 0x95
03-29 22:04:29.449 30861 30861 E ArmVmp : Match on catch block at 0xc3 in for 0x99
03-29 22:04:29.459 30861 30861 E ArmVmp : Match on catch block at 0xc3 in for 0x91
03-29 22:04:29.462 30861 30861 E ArmVmp : Match on catch block at 0xc3 in for 0x91
03-29 22:04:29.475 30861 30861 E ArmVmp : Match on catch block at 0xc3 in for 0x95
03-29 22:04:29.481 30861 30861 E ArmVmp : Match on catch block at 0xc3 in for 0x99
03-29 22:04:29.484 30861 30861 E ArmVmp : Match on catch block at 0xc3 in for 0x99
03-29 22:04:29.492 30861 30861 E ArmVmp : Match on catch block at 0xc3 in for 0x91
03-29 22:04:29.495 30861 30861 E ArmVmp : Match on catch block at 0xc3 in for 0x95
03-29 22:04:29.499 30861 30861 E ArmVmp : Match on catch block at 0xc3 in for 0x95
03-29 22:04:29.508 30861 30861 E ArmVmp : Match on catch block at 0xc3 in for 0x99
03-29 22:04:29.512 30861 30861 E ArmVmp : Match on catch block at 0xc3 in for 0x91
03-29 22:04:29.515 30861 30861 E ArmVmp : Match on catch block at 0xc3 in for 0x91
03-29 22:04:29.525 30861 30861 E ArmVmp : Match on catch block at 0xc3 in for 0x95
03-29 22:04:29.528 30861 30861 E ArmVmp : Match on catch block at 0xc3 in for 0x99
03-29 22:04:29.531 30861 30861 E ArmVmp : Match on catch block at 0xc3 in for 0x99
03-29 22:04:29.541 30861 30861 E ArmVmp : Match on catch block at 0xc3 in for 0x91
03-29 22:04:29.544 30861 30861 E ArmVmp : Match on catch block at 0xc3 in for 0x95
03-29 22:04:29.548 30861 30861 E ArmVmp : Match on catch block at 0xc3 in for 0x95
03-29 22:04:29.558 30861 30861 E ArmVmp : Match on catch block at 0xc3 in for 0x99
03-29 22:04:29.562 30861 30861 E ArmVmp : Match on catch block at 0xc3 in for 0x91
03-29 22:04:29.565 30861 30861 E ArmVmp : Match on catch block at 0xc3 in for 0x91
03-29 22:04:29.574 30861 30861 E ArmVmp : Match on catch block at 0xc3 in for 0x99
03-29 22:04:29.580 30861 30861 E ArmVmp : Match on catch block at 0xc3 in for 0x91
03-29 22:04:29.584 30861 30861 E ArmVmp : Match on catch block at 0xc3 in for 0x91
03-29 22:04:29.591 30861 30861 E ArmVmp : Match on catch block at 0xc3 in for 0x95
03-29 22:04:29.596 30861 30861 E ArmVmp : Match on catch block at 0xc3 in for 0x99
03-29 22:04:29.597 30861 30942 E SQLiteDatabase: Error inserting transferred=1
media_job_uuid=10932663-671d-42fa-86bc-853e50639004 transcoded=0 gif_attribution=0
first_scan_length=0 direct_path=/v/t62.7117-
24/30585774_1618842825550171_7860623412079457955_n.enc?ccb=11-
4&oh=01_ASBi4rfb2C1TLd5XFCRm3kPcUeqZ5Jj7mqGwkAC7dHSeKA&oe=662ED1FC&_nc_sid=5e03e0
thumbnail_height_width_ratio=0.0 is_animated_sticker=0
file_hash=/Qd8eHhGAj3UlgsHX4yDYvELMJszIZGp4Vz3Wm3L/0Y= file_path=Media/MBWhatsApp
Voice Notes/202413/PTT-20240329-WA0023.opus file_size=9005 partial_media_hash=null
face_x=0 face_y=0 height=0 trim_to=0 media_key_timestamp=1711764266000
message_url=https://mmg.whatsapp.net/v/t62.7117-
24/30585774_1618842825550171_7860623412079457955_n.enc?ccb=11-
4&oh=01_ASBi4rfb2C1TLd5XFCRm3kPcUeqZ5Jj7mqGwkAC7dHSeKA&oe=662ED1FC&_nc_sid=5e03e0&m
ms3=true media_caption=null trim_from=0 mime_type=audio/ogg; codecs=opus
partial_media_enc_hash=null width=0 original_file_hash=null has_streaming_sidecar=0
autotransfer_retry_enabled=1 media_upload_handle=null message_row_id=419
multicast_id=null enc_file_hash=bZQj1mc8GPwmhdpQGx1h2H9UJYPBh1Xtqz0SS37NvCE=
mute_video=0 page_count=0 first_scan_sidecar=null suspicious_content=0
file_length=9005 media_name=null media_duration=3 chat_row_id=121
media_key=[B@ced1ad9
03-29 22:04:29.597 30861 30942 E SQLiteDatabase:
android.database.sqlite.SQLiteConstraintException: UNIQUE constraint failed:
message_media.message_row_id (code 1555 SQLITE_CONSTRAINT_PRIMARYKEY)
03-29 22:04:29.597 30861 30942 E SQLiteDatabase: at
android.database.sqlite.SQLiteConnection.nativeExecuteForLastInsertedRowId(Native
Method)
03-29 22:04:29.597 30861 30942 E SQLiteDatabase: at
android.database.sqlite.SQLiteConnection.executeForLastInsertedRowId(SQLiteConnecti
on.java:938)
03-29 22:04:29.597 30861 30942 E SQLiteDatabase: at
android.database.sqlite.SQLiteSession.executeForLastInsertedRowId(SQLiteSession.jav
a:790)
03-29 22:04:29.597 30861 30942 E SQLiteDatabase: at
android.database.sqlite.SQLiteStatement.executeInsert(SQLiteStatement.java:88)
03-29 22:04:29.597 30861 30942 E SQLiteDatabase: at
android.database.sqlite.SQLiteDatabase.insertWithOnConflict(SQLiteDatabase.java:172
0)
03-29 22:04:29.597 30861 30942 E SQLiteDatabase: at
android.database.sqlite.SQLiteDatabase.insert(SQLiteDatabase.java:1589)
03-29 22:04:29.597 30861 30942 E SQLiteDatabase: at X.2tm.A08(Unknown
Source:6)
03-29 22:04:29.597 30861 30942 E SQLiteDatabase: at X.35Y.A07(Unknown
Source:212)
03-29 22:04:29.597 30861 30942 E SQLiteDatabase: at X.3QF.A14(Unknown
Source:470)
03-29 22:04:29.597 30861 30942 E SQLiteDatabase: at X.3gU.run(Unknown
Source:982)
03-29 22:04:29.597 30861 30942 E SQLiteDatabase: at
android.os.Handler.handleCallback(Handler.java:938)
03-29 22:04:29.597 30861 30942 E SQLiteDatabase: at
android.os.Handler.dispatchMessage(Handler.java:99)
03-29 22:04:29.597 30861 30942 E SQLiteDatabase: at
X.0zq.dispatchMessage(Unknown Source:4)
03-29 22:04:29.597 30861 30942 E SQLiteDatabase: at
android.os.Looper.loop(Looper.java:268)
03-29 22:04:29.597 30861 30942 E SQLiteDatabase: at
android.os.HandlerThread.run(HandlerThread.java:67)
03-29 22:04:29.599 30861 30861 E ArmVmp : Match on catch block at 0xc3 in for 0x99
03-29 22:04:29.618 30861 30861 E ArmVmp : Match on catch block at 0xc3 in for 0x95
03-29 22:04:29.622 30861 30861 E ArmVmp : Match on catch block at 0xc3 in for 0x99
03-29 22:04:29.625 30861 30861 E ArmVmp : Match on catch block at 0xc3 in for 0x99
03-29 22:04:29.634 30861 30861 E ArmVmp : Match on catch block at 0xc3 in for 0x91
03-29 22:04:29.638 30861 30861 E ArmVmp : Match on catch block at 0xc3 in for 0x95
03-29 22:04:29.642 30861 30861 E ArmVmp : Match on catch block at 0xc3 in for 0x95
03-29 22:04:29.890 30861 30861 E ArmVmp : Match on catch block at 0xc3 in for 0x99
03-29 22:04:29.894 30861 30861 E ArmVmp : Match on catch block at 0xc3 in for 0x91
03-29 22:04:29.897 30861 30861 E ArmVmp : Match on catch block at 0xc3 in for 0x91
03-29 22:04:30.405 30861 30861 E ArmVmp : Match on catch block at 0xc3 in for 0x95
03-29 22:04:30.409 30861 30861 E ArmVmp : Match on catch block at 0xc3 in for 0x99
03-29 22:04:30.411 30861 30861 E ArmVmp : Match on catch block at 0xc3 in for 0x99
03-29 22:04:30.439 30861 30861 E ArmVmp : Match on catch block at 0xc3 in for 0x99
03-29 22:04:30.443 30861 30861 E ArmVmp : Match on catch block at 0xc3 in for 0x91
03-29 22:04:30.447 30861 30861 E ArmVmp : Match on catch block at 0xc3 in for 0x91
03-29 22:04:30.467 30861 30861 W AudioManager: Use of stream types is deprecated
for operations other than volume control
03-29 22:04:30.467 30861 30861 W AudioManager: See the documentation of
requestAudioFocus() for what to use instead with android.media.AudioAttributes to
qualify your playback use case
03-29 22:04:30.555 30861 30942 E SQLiteDatabase: Error inserting transferred=1
media_job_uuid=70f7551a-3177-436f-b533-94420d78ae29 transcoded=0 gif_attribution=0
first_scan_length=0 direct_path=/v/t62.7117-
24/13748761_811545287461082_1353010457668586162_n.enc?ccb=11-
4&oh=01_ASAiERIAKMNeg7mZvwn3fJHnna6rxdiHhmxBCAU-HlHBsA&oe=662EE673&_nc_sid=5e03e0
thumbnail_height_width_ratio=0.0 is_animated_sticker=0
file_hash=2/R0kSIxfYto0q24Ids/Zu6qErx92MllY0qt4FOzuuI= file_path=Media/MBWhatsApp
Voice Notes/202413/PTT-20240329-WA0022.opus file_size=33520 partial_media_hash=null
face_x=0 face_y=0 height=0 trim_to=0 media_key_timestamp=1711764248000
message_url=https://mmg.whatsapp.net/v/t62.7117-
24/13748761_811545287461082_1353010457668586162_n.enc?ccb=11-
4&oh=01_ASAiERIAKMNeg7mZvwn3fJHnna6rxdiHhmxBCAU-
HlHBsA&oe=662EE673&_nc_sid=5e03e0&mms3=true media_caption=null trim_from=0
mime_type=audio/ogg; codecs=opus partial_media_enc_hash=null width=0
original_file_hash=null has_streaming_sidecar=0 autotransfer_retry_enabled=1
media_upload_handle=null message_row_id=418 multicast_id=null
enc_file_hash=hCfB3dphzM+T94nSzAVANHrWeLJNEfuFIg2plUNwbzs= mute_video=0
page_count=0 first_scan_sidecar=null suspicious_content=0 file_length=33520
media_name=PTT-20240329-WA0022.opus media_duration=14 chat_row_id=121
media_key=[B@2a6edf7
03-29 22:04:30.555 30861 30942 E SQLiteDatabase:
android.database.sqlite.SQLiteConstraintException: UNIQUE constraint failed:
message_media.message_row_id (code 1555 SQLITE_CONSTRAINT_PRIMARYKEY)
03-29 22:04:30.555 30861 30942 E SQLiteDatabase: at
android.database.sqlite.SQLiteConnection.nativeExecuteForLastInsertedRowId(Native
Method)
03-29 22:04:30.555 30861 30942 E SQLiteDatabase: at
android.database.sqlite.SQLiteConnection.executeForLastInsertedRowId(SQLiteConnecti
on.java:938)
03-29 22:04:30.555 30861 30942 E SQLiteDatabase: at
android.database.sqlite.SQLiteSession.executeForLastInsertedRowId(SQLiteSession.jav
a:790)
03-29 22:04:30.555 30861 30942 E SQLiteDatabase: at
android.database.sqlite.SQLiteStatement.executeInsert(SQLiteStatement.java:88)
03-29 22:04:30.555 30861 30942 E SQLiteDatabase: at
android.database.sqlite.SQLiteDatabase.insertWithOnConflict(SQLiteDatabase.java:172
0)
03-29 22:04:30.555 30861 30942 E SQLiteDatabase: at
android.database.sqlite.SQLiteDatabase.insert(SQLiteDatabase.java:1589)
03-29 22:04:30.555 30861 30942 E SQLiteDatabase: at X.2tm.A08(Unknown
Source:6)
03-29 22:04:30.555 30861 30942 E SQLiteDatabase: at X.35Y.A07(Unknown
Source:212)
03-29 22:04:30.555 30861 30942 E SQLiteDatabase: at X.3QF.A14(Unknown
Source:470)
03-29 22:04:30.555 30861 30942 E SQLiteDatabase: at X.31e.A03(Unknown
Source:174)
03-29 22:04:30.555 30861 30942 E SQLiteDatabase: at X.3g7.run(Unknown
Source:1017)
03-29 22:04:30.555 30861 30942 E SQLiteDatabase: at
android.os.Handler.handleCallback(Handler.java:938)
03-29 22:04:30.555 30861 30942 E SQLiteDatabase: at
android.os.Handler.dispatchMessage(Handler.java:99)
03-29 22:04:30.555 30861 30942 E SQLiteDatabase: at
X.0zq.dispatchMessage(Unknown Source:4)
03-29 22:04:30.555 30861 30942 E SQLiteDatabase: at
android.os.Looper.loop(Looper.java:268)
03-29 22:04:30.555 30861 30942 E SQLiteDatabase: at
android.os.HandlerThread.run(HandlerThread.java:67)
03-29 22:04:30.617 30861 30861 E ArmVmp : Match on catch block at 0xc3 in for 0x91
03-29 22:04:30.620 30861 30861 E ArmVmp : Match on catch block at 0xc3 in for 0x95
03-29 22:04:30.624 30861 30861 E ArmVmp : Match on catch block at 0xc3 in for 0x95
03-29 22:04:30.675 30861 30861 E ArmVmp : Match on catch block at 0xc3 in for 0x95
03-29 22:04:30.679 30861 30861 E ArmVmp : Match on catch block at 0xc3 in for 0x99
03-29 22:04:30.683 30861 30861 E ArmVmp : Match on catch block at 0xc3 in for 0x99
03-29 22:04:30.693 30861 30861 E ArmVmp : Match on catch block at 0xc3 in for 0x91
03-29 22:04:30.697 30861 30861 E ArmVmp : Match on catch block at 0xc3 in for 0x95
03-29 22:04:30.701 30861 30861 E ArmVmp : Match on catch block at 0xc3 in for 0x95
03-29 22:04:30.716 30861 30861 E ArmVmp : Match on catch block at 0xc3 in for 0x99
03-29 22:04:30.721 30861 30861 E ArmVmp : Match on catch block at 0xc3 in for 0x91
03-29 22:04:30.726 30861 30861 E ArmVmp : Match on catch block at 0xc3 in for 0x91
03-29 22:04:30.733 30861 30861 E ArmVmp : Match on catch block at 0xc3 in for 0x95
03-29 22:04:30.759 30861 30943 E SQLiteDatabase: Error inserting transferred=1
media_job_uuid=70f7551a-3177-436f-b533-94420d78ae29 transcoded=0 gif_attribution=0
first_scan_length=0 direct_path=/v/t62.7117-
24/13748761_811545287461082_1353010457668586162_n.enc?ccb=11-
4&oh=01_ASAiERIAKMNeg7mZvwn3fJHnna6rxdiHhmxBCAU-HlHBsA&oe=662EE673&_nc_sid=5e03e0
thumbnail_height_width_ratio=0.0 is_animated_sticker=0
file_hash=2/R0kSIxfYto0q24Ids/Zu6qErx92MllY0qt4FOzuuI= file_path=Media/MBWhatsApp
Voice Notes/202413/PTT-20240329-WA0022.opus file_size=33520 partial_media_hash=null
face_x=0 face_y=0 height=0 trim_to=0 media_key_timestamp=1711764248000
message_url=https://mmg.whatsapp.net/v/t62.7117-
24/13748761_811545287461082_1353010457668586162_n.enc?ccb=11-
4&oh=01_ASAiERIAKMNeg7mZvwn3fJHnna6rxdiHhmxBCAU-
HlHBsA&oe=662EE673&_nc_sid=5e03e0&mms3=true media_caption=null trim_from=0
mime_type=audio/ogg; codecs=opus partial_media_enc_hash=null width=0
original_file_hash=null has_streaming_sidecar=0 autotransfer_retry_enabled=1
media_upload_handle=null message_row_id=418 multicast_id=null
enc_file_hash=hCfB3dphzM+T94nSzAVANHrWeLJNEfuFIg2plUNwbzs= mute_video=0
page_count=0 first_scan_sidecar=null suspicious_content=0 file_length=33520
media_name=PTT-20240329-WA0022.opus media_duration=14 chat_row_id=121
media_key=[B@2a6edf7
03-29 22:04:30.759 30861 30943 E SQLiteDatabase:
android.database.sqlite.SQLiteConstraintException: UNIQUE constraint failed:
message_media.message_row_id (code 1555 SQLITE_CONSTRAINT_PRIMARYKEY)
03-29 22:04:30.759 30861 30943 E SQLiteDatabase: at
android.database.sqlite.SQLiteConnection.nativeExecuteForLastInsertedRowId(Native
Method)
03-29 22:04:30.759 30861 30943 E SQLiteDatabase: at
android.database.sqlite.SQLiteConnection.executeForLastInsertedRowId(SQLiteConnecti
on.java:938)
03-29 22:04:30.759 30861 30943 E SQLiteDatabase: at
android.database.sqlite.SQLiteSession.executeForLastInsertedRowId(SQLiteSession.jav
a:790)
03-29 22:04:30.759 30861 30943 E SQLiteDatabase: at
android.database.sqlite.SQLiteStatement.executeInsert(SQLiteStatement.java:88)
03-29 22:04:30.759 30861 30943 E SQLiteDatabase: at
android.database.sqlite.SQLiteDatabase.insertWithOnConflict(SQLiteDatabase.java:172
0)
03-29 22:04:30.759 30861 30943 E SQLiteDatabase: at
android.database.sqlite.SQLiteDatabase.insert(SQLiteDatabase.java:1589)
03-29 22:04:30.759 30861 30943 E SQLiteDatabase: at X.2tm.A08(Unknown
Source:6)
03-29 22:04:30.759 30861 30943 E SQLiteDatabase: at X.35Y.A07(Unknown
Source:212)
03-29 22:04:30.759 30861 30943 E SQLiteDatabase: at X.3QF.A14(Unknown
Source:470)
03-29 22:04:30.759 30861 30943 E SQLiteDatabase: at X.31e.A03(Unknown
Source:174)
03-29 22:04:30.759 30861 30943 E SQLiteDatabase: at X.3Uz.A07(Unknown
Source:381)
03-29 22:04:30.759 30861 30943 E SQLiteDatabase: at X.3Uz.A02(Unknown
Source:692)
03-29 22:04:30.759 30861 30943 E SQLiteDatabase: at X.3eS.run(Unknown
Source:4041)
03-29 22:04:30.759 30861 30943 E SQLiteDatabase: at
android.os.Handler.handleCallback(Handler.java:938)
03-29 22:04:30.759 30861 30943 E SQLiteDatabase: at
android.os.Handler.dispatchMessage(Handler.java:99)
03-29 22:04:30.759 30861 30943 E SQLiteDatabase: at
X.0zr.dispatchMessage(Unknown Source:4)
03-29 22:04:30.759 30861 30943 E SQLiteDatabase: at
android.os.Looper.loop(Looper.java:268)
03-29 22:04:30.759 30861 30943 E SQLiteDatabase: at
android.os.HandlerThread.run(HandlerThread.java:67)
03-29 22:04:30.760 30861 30861 E ArmVmp : Match on catch block at 0xc3 in for 0x99
03-29 22:04:30.764 30861 30861 E ArmVmp : Match on catch block at 0xc3 in for 0x99
03-29 22:04:30.785 30861 30861 E ArmVmp : Match on catch block at 0xc3 in for 0x99
03-29 22:04:30.791 30861 30861 E ArmVmp : Match on catch block at 0xc3 in for 0x91
03-29 22:04:30.794 30861 30861 E ArmVmp : Match on catch block at 0xc3 in for 0x91
03-29 22:04:30.812 30861 30861 E ArmVmp : Match on catch block at 0xc3 in for 0x95
03-29 22:04:30.823 30861 30861 E ArmVmp : Match on catch block at 0xc3 in for 0x99
03-29 22:04:30.830 30861 30861 E ArmVmp : Match on catch block at 0xc3 in for 0x99
03-29 22:04:30.846 30861 30861 E ArmVmp : Match on catch block at 0xc3 in for 0x91
03-29 22:04:30.858 30861 30861 E ArmVmp : Match on catch block at 0xc3 in for 0x95
03-29 22:04:30.863 30861 30861 E ArmVmp : Match on catch block at 0xc3 in for 0x95
03-29 22:04:30.874 30861 30861 E ArmVmp : Match on catch block at 0xc3 in for 0x99
03-29 22:04:30.880 30861 30861 E ArmVmp : Match on catch block at 0xc3 in for 0x91
03-29 22:04:30.885 30861 30861 E ArmVmp : Match on catch block at 0xc3 in for 0x91
03-29 22:04:30.893 30861 30861 E ArmVmp : Match on catch block at 0xc3 in for 0x95
03-29 22:04:30.902 30861 30861 E ArmVmp : Match on catch block at 0xc3 in for 0x99
03-29 22:04:30.907 30861 30861 E ArmVmp : Match on catch block at 0xc3 in for 0x99
03-29 22:04:30.920 30861 30861 E ArmVmp : Match on catch block at 0xc3 in for 0x91
03-29 22:04:30.924 30861 30861 E ArmVmp : Match on catch block at 0xc3 in for 0x95
03-29 22:04:30.927 30861 30861 E ArmVmp : Match on catch block at 0xc3 in for 0x95
03-29 22:04:30.970 30861 30861 E ArmVmp : Match on catch block at 0xc3 in for 0x99
03-29 22:04:30.974 30861 30861 E ArmVmp : Match on catch block at 0xc3 in for 0x91
03-29 22:04:30.977 30861 30861 E ArmVmp : Match on catch block at 0xc3 in for 0x91
03-29 22:04:31.020 30861 30861 E ArmVmp : Match on catch block at 0xc3 in for 0x95
03-29 22:04:31.030 30861 30861 E ArmVmp : Match on catch block at 0xc3 in for 0x99
03-29 22:04:31.034 30861 30861 E ArmVmp : Match on catch block at 0xc3 in for 0x99
03-29 22:04:31.070 30861 30861 E ArmVmp : Match on catch block at 0xc3 in for 0x91
03-29 22:04:31.074 30861 30861 E ArmVmp : Match on catch block at 0xc3 in for 0x95
03-29 22:04:31.077 30861 30861 E ArmVmp : Match on catch block at 0xc3 in for 0x95
03-29 22:04:31.120 30861 30861 E ArmVmp : Match on catch block at 0xc3 in for 0x99
03-29 22:04:31.123 30861 30861 E ArmVmp : Match on catch block at 0xc3 in for 0x91
03-29 22:04:31.128 30861 30861 E ArmVmp : Match on catch block at 0xc3 in for 0x91
03-29 22:04:31.187 30861 30861 E ArmVmp : Match on catch block at 0xc3 in for 0x95
03-29 22:04:31.190 30861 30861 E ArmVmp : Match on catch block at 0xc3 in for 0x99
03-29 22:04:31.194 30861 30861 E ArmVmp : Match on catch block at 0xc3 in for 0x99
03-29 22:04:31.236 30861 30861 E ArmVmp : Match on catch block at 0xc3 in for 0x91
03-29 22:04:31.240 30861 30861 E ArmVmp : Match on catch block at 0xc3 in for 0x95
03-29 22:04:31.242 30861 30861 E ArmVmp : Match on catch block at 0xc3 in for 0x95
03-29 22:04:31.286 30861 30861 E ArmVmp : Match on catch block at 0xc3 in for 0x99
03-29 22:04:31.290 30861 30861 E ArmVmp : Match on catch block at 0xc3 in for 0x91
03-29 22:04:31.293 30861 30861 E ArmVmp : Match on catch block at 0xc3 in for 0x91
03-29 22:04:31.336 30861 30861 E ArmVmp : Match on catch block at 0xc3 in for 0x95
03-29 22:04:31.340 30861 30861 E ArmVmp : Match on catch block at 0xc3 in for 0x99
03-29 22:04:31.349 30861 30861 E ArmVmp : Match on catch block at 0xc3 in for 0x99
03-29 22:04:31.386 30861 30861 E ArmVmp : Match on catch block at 0xc3 in for 0x91
03-29 22:04:31.389 30861 30861 E ArmVmp : Match on catch block at 0xc3 in for 0x95
03-29 22:04:31.393 30861 30861 E ArmVmp : Match on catch block at 0xc3 in for 0x95
03-29 22:04:31.419 30861 30861 E ArmVmp : Match on catch block at 0xc3 in for 0x99
03-29 22:04:31.422 30861 30861 E ArmVmp : Match on catch block at 0xc3 in for 0x91
03-29 22:04:31.424 30861 30861 E ArmVmp : Match on catch block at 0xc3 in for 0x91
03-29 22:04:31.435 30861 30861 E ArmVmp : Match on catch block at 0xc3 in for 0x95
03-29 22:04:31.439 30861 30861 E ArmVmp : Match on catch block at 0xc3 in for 0x99
03-29 22:04:31.442 30861 30861 E ArmVmp : Match on catch block at 0xc3 in for 0x99
03-29 22:04:31.485 30861 30861 E ArmVmp : Match on catch block at 0xc3 in for 0x99
03-29 22:04:31.489 30861 30861 E ArmVmp : Match on catch block at 0xc3 in for 0x91
03-29 22:04:31.492 30861 30861 E ArmVmp : Match on catch block at 0xc3 in for 0x91
03-29 22:04:31.535 30861 30861 E ArmVmp : Match on catch block at 0xc3 in for 0x95
03-29 22:04:31.538 30861 30861 E ArmVmp : Match on catch block at 0xc3 in for 0x99
03-29 22:04:31.542 30861 30861 E ArmVmp : Match on catch block at 0xc3 in for 0x99
03-29 22:04:31.585 30861 30861 E ArmVmp : Match on catch block at 0xc3 in for 0x91
03-29 22:04:31.588 30861 30861 E ArmVmp : Match on catch block at 0xc3 in for 0x95
03-29 22:04:31.591 30861 30861 E ArmVmp : Match on catch block at 0xc3 in for 0x95
03-29 22:04:31.643 30861 30861 E ArmVmp : Match on catch block at 0xc3 in for 0x91
03-29 22:04:31.654 30861 30861 E ArmVmp : Match on catch block at 0xc3 in for 0x95
03-29 22:04:31.658 30861 30861 E ArmVmp : Match on catch block at 0xc3 in for 0x95
03-29 22:04:31.702 30861 30861 E ArmVmp : Match on catch block at 0xc3 in for 0x99
03-29 22:04:31.706 30861 30861 E ArmVmp : Match on catch block at 0xc3 in for 0x91
03-29 22:04:31.709 30861 30861 E ArmVmp : Match on catch block at 0xc3 in for 0x91
03-29 22:04:31.751 30861 30861 E ArmVmp : Match on catch block at 0xc3 in for 0x95
03-29 22:04:31.754 30861 30861 E ArmVmp : Match on catch block at 0xc3 in for 0x99
03-29 22:04:31.757 30861 30861 E ArmVmp : Match on catch block at 0xc3 in for 0x99
03-29 22:04:31.801 30861 30861 E ArmVmp : Match on catch block at 0xc3 in for 0x91
03-29 22:04:31.804 30861 30861 E ArmVmp : Match on catch block at 0xc3 in for 0x95
03-29 22:04:31.806 30861 30861 E ArmVmp : Match on catch block at 0xc3 in for 0x95
03-29 22:04:31.851 30861 30861 E ArmVmp : Match on catch block at 0xc3 in for 0x99
03-29 22:04:31.854 30861 30861 E ArmVmp : Match on catch block at 0xc3 in for 0x91
03-29 22:04:31.858 30861 30861 E ArmVmp : Match on catch block at 0xc3 in for 0x91
03-29 22:04:31.901 30861 30861 E ArmVmp : Match on catch block at 0xc3 in for 0x95
03-29 22:04:31.904 30861 30861 E ArmVmp : Match on catch block at 0xc3 in for 0x99
03-29 22:04:31.907 30861 30861 E ArmVmp : Match on catch block at 0xc3 in for 0x99
03-29 22:04:31.917 30861 30861 E ArmVmp : Match on catch block at 0xc3 in for 0x91
03-29 22:04:31.921 30861 30861 E ArmVmp : Match on catch block at 0xc3 in for 0x95
03-29 22:04:31.924 30861 30861 E ArmVmp : Match on catch block at 0xc3 in for 0x95
03-29 22:04:31.951 30861 30861 E ArmVmp : Match on catch block at 0xc3 in for 0x99
03-29 22:04:31.954 30861 30861 E ArmVmp : Match on catch block at 0xc3 in for 0x91
03-29 22:04:31.958 30861 30861 E ArmVmp : Match on catch block at 0xc3 in for 0x91
03-29 22:04:32.017 30861 30861 E ArmVmp : Match on catch block at 0xc3 in for 0x95
03-29 22:04:32.020 30861 30861 E ArmVmp : Match on catch block at 0xc3 in for 0x99
03-29 22:04:32.023 30861 30861 E ArmVmp : Match on catch block at 0xc3 in for 0x99
03-29 22:04:32.067 30861 30861 E ArmVmp : Match on catch block at 0xc3 in for 0x91
03-29 22:04:32.077 30861 30861 E ArmVmp : Match on catch block at 0xc3 in for 0x95
03-29 22:04:32.080 30861 30861 E ArmVmp : Match on catch block at 0xc3 in for 0x95
03-29 22:04:32.117 30861 30861 E ArmVmp : Match on catch block at 0xc3 in for 0x99
03-29 22:04:32.124 30861 30861 E ArmVmp : Match on catch block at 0xc3 in for 0x91
03-29 22:04:32.127 30861 30861 E ArmVmp : Match on catch block at 0xc3 in for 0x91
03-29 22:04:32.167 30861 30861 E ArmVmp : Match on catch block at 0xc3 in for 0x95
03-29 22:04:32.170 30861 30861 E ArmVmp : Match on catch block at 0xc3 in for 0x99
03-29 22:04:32.173 30861 30861 E ArmVmp : Match on catch block at 0xc3 in for 0x99
03-29 22:04:32.217 30861 30861 E ArmVmp : Match on catch block at 0xc3 in for 0x91
03-29 22:04:32.220 30861 30861 E ArmVmp : Match on catch block at 0xc3 in for 0x95
03-29 22:04:32.224 30861 30861 E ArmVmp : Match on catch block at 0xc3 in for 0x95
03-29 22:04:32.266 30861 30861 E ArmVmp : Match on catch block at 0xc3 in for 0x99
03-29 22:04:32.270 30861 30861 E ArmVmp : Match on catch block at 0xc3 in for 0x91
03-29 22:04:32.273 30861 30861 E ArmVmp : Match on catch block at 0xc3 in for 0x91
03-29 22:04:32.316 30861 30861 E ArmVmp : Match on catch block at 0xc3 in for 0x95
03-29 22:04:32.320 30861 30861 E ArmVmp : Match on catch block at 0xc3 in for 0x99
03-29 22:04:32.323 30861 30861 E ArmVmp : Match on catch block at 0xc3 in for 0x99
03-29 22:04:32.366 30861 30861 E ArmVmp : Match on catch block at 0xc3 in for 0x91
03-29 22:04:32.378 30861 30861 E ArmVmp : Match on catch block at 0xc3 in for 0x95
03-29 22:04:32.382 30861 30861 E ArmVmp : Match on catch block at 0xc3 in for 0x95
03-29 22:04:32.399 30861 30861 E ArmVmp : Match on catch block at 0xc3 in for 0x99
03-29 22:04:32.405 30861 30861 E ArmVmp : Match on catch block at 0xc3 in for 0x91
03-29 22:04:32.408 30861 30861 E ArmVmp : Match on catch block at 0xc3 in for 0x91
03-29 22:04:32.423 30861 30861 E ArmVmp : Match on catch block at 0xc3 in for 0x95
03-29 22:04:32.429 30861 30861 E ArmVmp : Match on catch block at 0xc3 in for 0x99
03-29 22:04:32.433 30861 30861 E ArmVmp : Match on catch block at 0xc3 in for 0x99
03-29 22:04:32.441 30861 30861 E ArmVmp : Match on catch block at 0xc3 in for 0x91
03-29 22:04:32.453 30861 30861 E ArmVmp : Match on catch block at 0xc3 in for 0x95
03-29 22:04:32.458 30861 30861 E ArmVmp : Match on catch block at 0xc3 in for 0x95
03-29 22:04:32.467 30861 30861 E ArmVmp : Match on catch block at 0xc3 in for 0x99
03-29 22:04:32.471 30861 30861 E ArmVmp : Match on catch block at 0xc3 in for 0x91
03-29 22:04:32.475 30861 30861 E ArmVmp : Match on catch block at 0xc3 in for 0x91
03-29 22:04:32.483 30861 30861 E ArmVmp : Match on catch block at 0xc3 in for 0x95
03-29 22:04:32.490 30861 30861 E ArmVmp : Match on catch block at 0xc3 in for 0x99
03-29 22:04:32.493 30861 30861 E ArmVmp : Match on catch block at 0xc3 in for 0x99
03-29 22:04:32.511 30861 30861 E ArmVmp : Match on catch block at 0xc3 in for 0x91
03-29 22:04:32.520 30861 30861 E ArmVmp : Match on catch block at 0xc3 in for 0x95
03-29 22:04:32.524 30861 30861 E ArmVmp : Match on catch block at 0xc3 in for 0x95
03-29 22:04:32.532 30861 30861 E ArmVmp : Match on catch block at 0xc3 in for 0x99
03-29 22:04:32.536 30861 30861 E ArmVmp : Match on catch block at 0xc3 in for 0x91
03-29 22:04:32.547 30861 30861 E ArmVmp : Match on catch block at 0xc3 in for 0x91
03-29 22:04:32.554 30861 30861 E ArmVmp : Match on catch block at 0xc3 in for 0x95
03-29 22:04:32.563 30861 30861 E ArmVmp : Match on catch block at 0xc3 in for 0x99
03-29 22:04:32.566 30861 30861 E ArmVmp : Match on catch block at 0xc3 in for 0x99
03-29 22:04:32.573 30861 30861 E ArmVmp : Match on catch block at 0xc3 in for 0x91
03-29 22:04:32.577 30861 30861 E ArmVmp : Match on catch block at 0xc3 in for 0x95
03-29 22:04:32.582 30861 30861 E ArmVmp : Match on catch block at 0xc3 in for 0x95
03-29 22:04:32.589 30861 30861 E ArmVmp : Match on catch block at 0xc3 in for 0x99
03-29 22:04:32.592 30861 30861 E ArmVmp : Match on catch block at 0xc3 in for 0x91
03-29 22:04:32.596 30861 30861 E ArmVmp : Match on catch block at 0xc3 in for 0x91
03-29 22:04:32.604 30861 30861 E ArmVmp : Match on catch block at 0xc3 in for 0x95
03-29 22:04:32.613 30861 30861 E ArmVmp : Match on catch block at 0xc3 in for 0x99
03-29 22:04:32.618 30861 30861 E ArmVmp : Match on catch block at 0xc3 in for 0x99
03-29 22:04:32.632 30861 30861 E ArmVmp : Match on catch block at 0xc3 in for 0x91
03-29 22:04:32.641 30861 30861 E ArmVmp : Match on catch block at 0xc3 in for 0x95
03-29 22:04:32.646 30861 30861 E ArmVmp : Match on catch block at 0xc3 in for 0x95
03-29 22:04:32.660 30861 30861 E ArmVmp : Match on catch block at 0xc3 in for 0x91
03-29 22:04:32.674 30861 30861 E ArmVmp : Match on catch block at 0xc3 in for 0x95
03-29 22:04:32.679 30861 30861 E ArmVmp : Match on catch block at 0xc3 in for 0x95
03-29 22:04:32.731 30861 30861 E ArmVmp : Match on catch block at 0xc3 in for 0x99
03-29 22:04:32.736 30861 30861 E ArmVmp : Match on catch block at 0xc3 in for 0x91
03-29 22:04:32.739 30861 30861 E ArmVmp : Match on catch block at 0xc3 in for 0x91
03-29 22:04:32.765 30861 30861 E ArmVmp : Match on catch block at 0xc3 in for 0x95
03-29 22:04:32.771 30861 30861 E ArmVmp : Match on catch block at 0xc3 in for 0x99
03-29 22:04:32.774 30861 30861 E ArmVmp : Match on catch block at 0xc3 in for 0x99
03-29 22:04:32.814 30861 30861 E ArmVmp : Match on catch block at 0xc3 in for 0x91
03-29 22:04:32.818 30861 30861 E ArmVmp : Match on catch block at 0xc3 in for 0x95
03-29 22:04:32.821 30861 30861 E ArmVmp : Match on catch block at 0xc3 in for 0x95
03-29 22:04:32.881 30861 30861 E ArmVmp : Match on catch block at 0xc3 in for 0x99
03-29 22:04:32.888 30861 30861 E ArmVmp : Match on catch block at 0xc3 in for 0x91
03-29 22:04:32.891 30861 30861 E ArmVmp : Match on catch block at 0xc3 in for 0x91
03-29 22:04:32.931 30861 30861 E ArmVmp : Match on catch block at 0xc3 in for 0x95
03-29 22:04:32.935 30861 30861 E ArmVmp : Match on catch block at 0xc3 in for 0x99
03-29 22:04:32.938 30861 30861 E ArmVmp : Match on catch block at 0xc3 in for 0x99
03-29 22:04:32.947 30861 30861 E ArmVmp : Match on catch block at 0xc3 in for 0x91
03-29 22:04:32.952 30861 30861 E ArmVmp : Match on catch block at 0xc3 in for 0x95
03-29 22:04:32.955 30861 30861 E ArmVmp : Match on catch block at 0xc3 in for 0x95
03-29 22:04:32.981 30861 30861 E ArmVmp : Match on catch block at 0xc3 in for 0x99
03-29 22:04:32.984 30861 30861 E ArmVmp : Match on catch block at 0xc3 in for 0x91
03-29 22:04:32.987 30861 30861 E ArmVmp : Match on catch block at 0xc3 in for 0x91
03-29 22:04:33.031 30861 30861 E ArmVmp : Match on catch block at 0xc3 in for 0x95
03-29 22:04:33.034 30861 30861 E ArmVmp : Match on catch block at 0xc3 in for 0x99
03-29 22:04:33.037 30861 30861 E ArmVmp : Match on catch block at 0xc3 in for 0x99
03-29 22:04:33.080 30861 30861 E ArmVmp : Match on catch block at 0xc3 in for 0x91
03-29 22:04:33.083 30861 30861 E ArmVmp : Match on catch block at 0xc3 in for 0x95
03-29 22:04:33.087 30861 30861 E ArmVmp : Match on catch block at 0xc3 in for 0x95
03-29 22:04:33.130 30861 30861 E ArmVmp : Match on catch block at 0xc3 in for 0x99
03-29 22:04:33.133 30861 30861 E ArmVmp : Match on catch block at 0xc3 in for 0x91
03-29 22:04:33.141 30861 30861 E ArmVmp : Match on catch block at 0xc3 in for 0x91
03-29 22:04:33.180 30861 30861 E ArmVmp : Match on catch block at 0xc3 in for 0x95
03-29 22:04:33.183 30861 30861 E ArmVmp : Match on catch block at 0xc3 in for 0x99
03-29 22:04:33.186 30861 30861 E ArmVmp : Match on catch block at 0xc3 in for 0x99
03-29 22:04:33.231 30861 30861 E ArmVmp : Match on catch block at 0xc3 in for 0x91
03-29 22:04:33.233 30861 30861 E ArmVmp : Match on catch block at 0xc3 in for 0x95
03-29 22:04:33.236 30861 30861 E ArmVmp : Match on catch block at 0xc3 in for 0x95
03-29 22:04:33.280 30861 30861 E ArmVmp : Match on catch block at 0xc3 in for 0x99
03-29 22:04:33.282 30861 30861 E ArmVmp : Match on catch block at 0xc3 in for 0x91
03-29 22:04:33.285 30861 30861 E ArmVmp : Match on catch block at 0xc3 in for 0x91
03-29 22:04:33.346 30861 30861 E ArmVmp : Match on catch block at 0xc3 in for 0x95
03-29 22:04:33.351 30861 30861 E ArmVmp : Match on catch block at 0xc3 in for 0x99
03-29 22:04:33.354 30861 30861 E ArmVmp : Match on catch block at 0xc3 in for 0x99
03-29 22:04:33.396 30861 30861 E ArmVmp : Match on catch block at 0xc3 in for 0x91
03-29 22:04:33.399 30861 30861 E ArmVmp : Match on catch block at 0xc3 in for 0x95
03-29 22:04:33.402 30861 30861 E ArmVmp : Match on catch block at 0xc3 in for 0x95
03-29 22:04:33.446 30861 30861 E ArmVmp : Match on catch block at 0xc3 in for 0x99
03-29 22:04:33.450 30861 30861 E ArmVmp : Match on catch block at 0xc3 in for 0x91
03-29 22:04:33.453 30861 30861 E ArmVmp : Match on catch block at 0xc3 in for 0x91
03-29 22:04:33.462 30861 30861 E ArmVmp : Match on catch block at 0xc3 in for 0x95
03-29 22:04:33.466 30861 30861 E ArmVmp : Match on catch block at 0xc3 in for 0x99
03-29 22:04:33.468 30861 30861 E ArmVmp : Match on catch block at 0xc3 in for 0x99
03-29 22:04:33.496 30861 30861 E ArmVmp : Match on catch block at 0xc3 in for 0x91
03-29 22:04:33.498 30861 30861 E ArmVmp : Match on catch block at 0xc3 in for 0x95
03-29 22:04:33.501 30861 30861 E ArmVmp : Match on catch block at 0xc3 in for 0x95
03-29 22:04:33.546 30861 30861 E ArmVmp : Match on catch block at 0xc3 in for 0x99
03-29 22:04:33.549 30861 30861 E ArmVmp : Match on catch block at 0xc3 in for 0x91
03-29 22:04:33.551 30861 30861 E ArmVmp : Match on catch block at 0xc3 in for 0x91
03-29 22:04:33.595 30861 30861 E ArmVmp : Match on catch block at 0xc3 in for 0x95
03-29 22:04:33.600 30861 30861 E ArmVmp : Match on catch block at 0xc3 in for 0x99
03-29 22:04:33.603 30861 30861 E ArmVmp : Match on catch block at 0xc3 in for 0x99
03-29 22:04:33.645 30861 30861 E ArmVmp : Match on catch block at 0xc3 in for 0x91
03-29 22:04:33.648 30861 30861 E ArmVmp : Match on catch block at 0xc3 in for 0x95
03-29 22:04:33.653 30861 30861 E ArmVmp : Match on catch block at 0xc3 in for 0x95
03-29 22:04:33.696 30861 30861 E ArmVmp : Match on catch block at 0xc3 in for 0x91
03-29 22:04:33.699 30861 30861 E ArmVmp : Match on catch block at 0xc3 in for 0x95
03-29 22:04:33.702 30861 30861 E ArmVmp : Match on catch block at 0xc3 in for 0x95
03-29 22:04:33.761 30861 30861 E ArmVmp : Match on catch block at 0xc3 in for 0x99
03-29 22:04:33.764 30861 30861 E ArmVmp : Match on catch block at 0xc3 in for 0x91
03-29 22:04:33.767 30861 30861 E ArmVmp : Match on catch block at 0xc3 in for 0x91
03-29 22:04:33.811 30861 30861 E ArmVmp : Match on catch block at 0xc3 in for 0x95
03-29 22:04:33.815 30861 30861 E ArmVmp : Match on catch block at 0xc3 in for 0x99
03-29 22:04:33.818 30861 30861 E ArmVmp : Match on catch block at 0xc3 in for 0x99
03-29 22:04:33.861 30861 30861 E ArmVmp : Match on catch block at 0xc3 in for 0x91
03-29 22:04:33.864 30861 30861 E ArmVmp : Match on catch block at 0xc3 in for 0x95
03-29 22:04:33.866 30861 30861 E ArmVmp : Match on catch block at 0xc3 in for 0x95
03-29 22:04:33.912 30861 30861 E ArmVmp : Match on catch block at 0xc3 in for 0x99
03-29 22:04:33.917 30861 30861 E ArmVmp : Match on catch block at 0xc3 in for 0x91
03-29 22:04:33.921 30861 30861 E ArmVmp : Match on catch block at 0xc3 in for 0x91
03-29 22:04:33.961 30861 30861 E ArmVmp : Match on catch block at 0xc3 in for 0x95
03-29 22:04:33.966 30861 30861 E ArmVmp : Match on catch block at 0xc3 in for 0x99
03-29 22:04:33.969 30861 30861 E ArmVmp : Match on catch block at 0xc3 in for 0x99
03-29 22:04:33.978 30861 30861 E ArmVmp : Match on catch block at 0xc3 in for 0x91
03-29 22:04:33.980 30861 30861 E ArmVmp : Match on catch block at 0xc3 in for 0x95
03-29 22:04:33.983 30861 30861 E ArmVmp : Match on catch block at 0xc3 in for 0x95
03-29 22:04:34.011 30861 30861 E ArmVmp : Match on catch block at 0xc3 in for 0x99
03-29 22:04:34.014 30861 30861 E ArmVmp : Match on catch block at 0xc3 in for 0x91
03-29 22:04:34.017 30861 30861 E ArmVmp : Match on catch block at 0xc3 in for 0x91
03-29 22:04:34.061 30861 30861 E ArmVmp : Match on catch block at 0xc3 in for 0x95
03-29 22:04:34.064 30861 30861 E ArmVmp : Match on catch block at 0xc3 in for 0x99
03-29 22:04:34.067 30861 30861 E ArmVmp : Match on catch block at 0xc3 in for 0x99
03-29 22:04:34.111 30861 30861 E ArmVmp : Match on catch block at 0xc3 in for 0x91
03-29 22:04:34.115 30861 30861 E ArmVmp : Match on catch block at 0xc3 in for 0x95
03-29 22:04:34.117 30861 30861 E ArmVmp : Match on catch block at 0xc3 in for 0x95
03-29 22:04:34.161 30861 30861 E ArmVmp : Match on catch block at 0xc3 in for 0x99
03-29 22:04:34.165 30861 30861 E ArmVmp : Match on catch block at 0xc3 in for 0x91
03-29 22:04:34.169 30861 30861 E ArmVmp : Match on catch block at 0xc3 in for 0x91
03-29 22:04:34.212 30861 30861 E ArmVmp : Match on catch block at 0xc3 in for 0x95
03-29 22:04:34.216 30861 30861 E ArmVmp : Match on catch block at 0xc3 in for 0x99
03-29 22:04:34.221 30861 30861 E ArmVmp : Match on catch block at 0xc3 in for 0x99
03-29 22:04:34.263 30861 30861 E ArmVmp : Match on catch block at 0xc3 in for 0x91
