{ read } for name="u:object_r:vendor_memfusion_size_prop:s0" dev="tmpfs" ino=8828 scontext=u:r:untrusted_app:s0:c255,c256,c512,c768 tcontext=u:object_r:vendor_memfusion_size_prop:s0 tclass=file permissive=0 app=com.whatsapp
02-13 07:48:14.076 12602 12602 W usap64 : type=1400 audit(0.0:39532): avc: denied { read } for name="u:object_r:vendor_memfusion_state_prop:s0" dev="tmpfs" ino=8829 scontext=u:r:untrusted_app:s0:c255,c256,c512,c768 tcontext=u:object_r:vendor_memfusion_state_prop:s0 tclass=file permissive=0 app=com.whatsapp
02-13 07:48:14.076 12602 12602 W usap64 : type=1400 audit(0.0:39533): avc: denied { read } for name="u:object_r:vendor_memfusion_tranlog_prop:s0" dev="tmpfs" ino=8831 scontext=u:r:untrusted_app:s0:c255,c256,c512,c768 tcontext=u:object_r:vendor_memfusion_tranlog_prop:s0 tclass=file permissive=0 app=com.whatsapp
02-13 07:48:14.080 12602 12602 W usap64 : type=1400 audit(0.0:39534): avc: denied { read } for name="u:object_r:vendor_uxcompaction_enable_prop:s0" dev="tmpfs" ino=9072 scontext=u:r:untrusted_app:s0:c255,c256,c512,c768 tcontext=u:object_r:vendor_uxcompaction_enable_prop:s0 tclass=file permissive=0 app=com.whatsapp
02-13 07:48:14.101 12602 12602 E com.whatsapp: Not starting debugger since process cannot load the jdwp agent.
02-13 07:48:14.244 12602 12602 W System.err: java.lang.ClassNotFoundException: mbmodsd.mbmodsw.ui.views.btn.BtnBK
02-13 07:48:14.245 12602 12602 W System.err: at java.lang.Runtime.nativeLoad(Native Method)
02-13 07:48:14.245 12602 12602 W System.err: at java.lang.Runtime.nativeLoad(Runtime.java:1126)
02-13 07:48:14.245 12602 12602 W System.err: at java.lang.Runtime.loadLibrary0(Runtime.java:1080)
02-13 07:48:14.245 12602 12602 W System.err: at java.lang.Runtime.loadLibrary0(Runtime.java:1003)
02-13 07:48:14.245 12602 12602 W System.err: at java.lang.System.loadLibrary(System.java:1661)
02-13 07:48:14.245 12602 12602 W System.err: at arm.EpicVm.<clinit>(Unknown Source:2)
02-13 07:48:14.245 12602 12602 W System.err: at java.lang.Class.newInstance(Native Method)
02-13 07:48:14.245 12602 12602 W System.err: at android.app.AppComponentFactory.instantiateApplication(AppComponentFactory.java:76)
02-13 07:48:14.245 12602 12602 W System.err: at androidx.core.app.CoreComponentFactory.instantiateApplication(Unknown Source:0)
02-13 07:48:14.245 12602 12602 W System.err: at android.app.Instrumentation.newApplication(Instrumentation.java:1236)
02-13 07:48:14.245 12602 12602 W System.err: at android.app.LoadedApk.makeApplicationInner(LoadedApk.java:1466)
02-13 07:48:14.245 12602 12602 W System.err: at android.app.LoadedApk.makeApplicationInner(LoadedApk.java:1399)
02-13 07:48:14.245 12602 12602 W System.err: at android.app.ActivityThread.handleBindApplication(ActivityThread.java:6945)
02-13 07:48:14.245 12602 12602 W System.err: at android.app.ActivityThread.-$ $Nest$mhandleBindApplication(Unknown Source:0)
02-13 07:48:14.245 12602 12602 W System.err: at android.app.ActivityThread$H.handleMessage(ActivityThread.java:2220)
02-13 07:48:14.245 12602 12602 W System.err: at android.os.Handler.dispatchMessage(Handler.java:106)
02-13 07:48:14.245 12602 12602 W System.err: at android.os.Looper.loopOnce(Looper.java:204)
02-13 07:48:14.245 12602 12602 W System.err: at android.os.Looper.loop(Looper.java:291)
02-13 07:48:14.245 12602 12602 W System.err: at android.app.ActivityThread.main(ActivityThread.java:8129)
02-13 07:48:14.245 12602 12602 W System.err: at java.lang.reflect.Method.invoke(Native Method)
02-13 07:48:14.245 12602 12602 W System.err: at com.android.internal.os.RuntimeInit$MethodAndArgsCaller.run(RuntimeInit.java:588)
02-13 07:48:14.245 12602 12602 W System.err: at com.android.internal.os.ZygoteInit.main(ZygoteInit.java:1019)
02-13 07:48:14.297 12602 12602 E CustomActivityOnCrash: IMPORTANT WARNING! You already have an UncaughtExceptionHandler, are you sure this is correct? If you use a custom UncaughtExceptionHandler, you must initialize it AFTER CustomActivityOnCrash! Installing anyway, but your original handler will not be called.
02-13 07:48:14.792 20264 20264 W usap64 : type=1400 audit(0.0:39535): avc: denied { read } for name="u:object_r:vendor_memfusion_size_prop:s0" dev="tmpfs" ino=8828 scontext=u:r:untrusted_app:s0:c255,c256,c512,c768 tcontext=u:object_r:vendor_memfusion_size_prop:s0 tclass=file permissive=0 app=com.whatsapp
02-13 07:48:14.792 20264 20264 W usap64 : type=1400 audit(0.0:39536): avc: denied { read } for name="u:object_r:vendor_memfusion_state_prop:s0" dev="tmpfs" ino=8829 scontext=u:r:untrusted_app:s0:c255,c256,c512,c768 tcontext=u:object_r:vendor_memfusion_state_prop:s0 tclass=file permissive=0 app=com.whatsapp
02-13 07:48:14.792 20264 20264 W usap64 : type=1400 audit(0.0:39537): avc: denied { read } for name="u:object_r:vendor_memfusion_tranlog_prop:s0" dev="tmpfs" ino=8831 scontext=u:r:untrusted_app:s0:c255,c256,c512,c768 tcontext=u:object_r:vendor_memfusion_tranlog_prop:s0 tclass=file permissive=0 app=com.whatsapp
02-13 07:48:14.796 20264 20264 W usap64 : type=1400 audit(0.0:39538): avc: denied { read } for name="u:object_r:vendor_uxcompaction_enable_prop:s0" dev="tmpfs" ino=9072 scontext=u:r:untrusted_app:s0:c255,c256,c512,c768 tcontext=u:object_r:vendor_uxcompaction_enable_prop:s0 tclass=file permissive=0 app=com.whatsapp
02-13 07:48:14.809 20264 20264 E com.whatsapp: Not starting debugger since process cannot load the jdwp agent.
02-13 07:48:14.907 20264 20264 W System.err: java.lang.ClassNotFoundException: mbmodsd.mbmodsw.ui.views.btn.BtnBK
02-13 07:48:14.907 20264 20264 W System.err: at java.lang.Runtime.nativeLoad(Native Method)
02-13 07:48:14.907 20264 20264 W System.err: at java.lang.Runtime.nativeLoad(Runtime.java:1126)
02-13 07:48:14.907 20264 20264 W System.err: at java.lang.Runtime.loadLibrary0(Runtime.java:1080)
02-13 07:48:14.907 20264 20264 W System.err: at java.lang.Runtime.loadLibrary0(Runtime.java:1003)
02-13 07:48:14.907 20264 20264 W System.err: at java.lang.System.loadLibrary(System.java:1661)
02-13 07:48:14.907 20264 20264 W System.err: at arm.EpicVm.<clinit>(Unknown Source:2)
02-13 07:48:14.907 20264 20264 W System.err: at java.lang.Class.newInstance(Native Method)
02-13 07:48:14.907 20264 20264 W System.err: at android.app.AppComponentFactory.instantiateApplication(AppComponentFactory.java:76)
02-13 07:48:14.907 20264 20264 W System.err: at androidx.core.app.CoreComponentFactory.instantiateApplication(Unknown Source:0)
02-13 07:48:14.907 20264 20264 W System.err: at android.app.Instrumentation.newApplication(Instrumentation.java:1236)
02-13 07:48:14.908 20264 20264 W System.err: at android.app.LoadedApk.makeApplicationInner(LoadedApk.java:1466)
02-13 07:48:14.908 20264 20264 W System.err: at android.app.LoadedApk.makeApplicationInner(LoadedApk.java:1399)
02-13 07:48:14.908 20264 20264 W System.err: at android.app.ActivityThread.handleBindApplication(ActivityThread.java:6945)
02-13 07:48:14.908 20264 20264 W System.err: at android.app.ActivityThread.-$ $Nest$mhandleBindApplication(Unknown Source:0)
02-13 07:48:14.908 20264 20264 W System.err: at android.app.ActivityThread$H.handleMessage(ActivityThread.java:2220)
02-13 07:48:14.908 20264 20264 W System.err: at android.os.Handler.dispatchMessage(Handler.java:106)
02-13 07:48:14.908 20264 20264 W System.err: at android.os.Looper.loopOnce(Looper.java:204)
02-13 07:48:14.908 20264 20264 W System.err: at android.os.Looper.loop(Looper.java:291)
02-13 07:48:14.908 20264 20264 W System.err: at android.app.ActivityThread.main(ActivityThread.java:8129)
02-13 07:48:14.908 20264 20264 W System.err: at java.lang.reflect.Method.invoke(Native Method)
02-13 07:48:14.908 20264 20264 W System.err: at com.android.internal.os.RuntimeInit$MethodAndArgsCaller.run(RuntimeInit.java:588)
02-13 07:48:14.908 20264 20264 W System.err: at com.android.internal.os.ZygoteInit.main(ZygoteInit.java:1019)
02-13 07:48:14.959 20264 20264 E CustomActivityOnCrash: IMPORTANT WARNING! You already have an UncaughtExceptionHandler, are you sure this is correct? If you use a custom UncaughtExceptionHandler, you must initialize it AFTER CustomActivityOnCrash! Installing anyway, but your original handler will not be called.
02-13 07:48:15.117 20264 20264 W com.whatsapp: Accessing hidden method Lcom/android/org/conscrypt/OpenSSLSocketImpl;->setUseSessionTickets(Z)V (max- target-q,core-platform-api, reflection, denied)
02-13 07:48:15.117 20264 20264 W com.whatsapp: Accessing hidden method Lcom/android/org/conscrypt/AbstractConscryptSocket;->setUseSessionTickets(Z)V (max- target-q, reflection, denied)
02-13 07:48:15.143 22218 22218 E libprocessgroup: Support AOSP Freezer= 0
02-13 07:48:15.337 20264 22204 W LibraryVersion: Failed to get app version for libraryName: firebase-iid
02-13 07:48:15.868 20264 20264 W com.whatsapp: type=1400 audit(0.0:39539): avc: granted { execute } for path="/data/data/com.whatsapp/files/decompressed/libs.spk.zst/libc++_shared.so" dev="dm-42" ino=116113 scontext=u:r:untrusted_app:s0:c255,c256,c512,c768 tcontext=u:object_r:app_data_file:s0:c255,c256,c512,c768 tclass=file app=com.whatsapp
02-13 07:48:15.868 20264 20264 W com.whatsapp: type=1400 audit(0.0:39540): avc: granted { execute } for path="/data/data/com.whatsapp/files/decompressed/libs.spk.zst/libvlc.so" dev="dm- 42" ino=87179 scontext=u:r:untrusted_app:s0:c255,c256,c512,c768 tcontext=u:object_r:app_data_file:s0:c255,c256,c512,c768 tclass=file app=com.whatsapp
02-13 07:48:15.876 20264 20264 W com.whatsapp: type=1400 audit(0.0:39541): avc: granted { execute } for path="/data/data/com.whatsapp/files/decompressed/libs.spk.zst/libwhatsapp.so" dev="dm-42" ino=133644 scontext=u:r:untrusted_app:s0:c255,c256,c512,c768 tcontext=u:object_r:app_data_file:s0:c255,c256,c512,c768 tclass=file app=com.whatsapp
02-13 07:48:15.892 20264 20264 W com.whatsapp: type=1400 audit(0.0:39542): avc: granted { execute } for path="/data/data/com.whatsapp/files/decompressed/libs.spk.zst/libcurve25519.so" dev="dm-42" ino=132865 scontext=u:r:untrusted_app:s0:c255,c256,c512,c768 tcontext=u:object_r:app_data_file:s0:c255,c256,c512,c768 tclass=file app=com.whatsapp
02-13 07:48:15.896 20264 20264 W com.whatsapp: type=1400 audit(0.0:39543): avc: granted { execute } for path="/data/data/com.whatsapp/files/decompressed/libs.spk.zst/libwhatsapp.so" dev="dm-42" ino=133644 scontext=u:r:untrusted_app:s0:c255,c256,c512,c768 tcontext=u:object_r:app_data_file:s0:c255,c256,c512,c768 tclass=file app=com.whatsapp
02-13 07:48:15.966 20264 22263 W com.whatsapp: Method void X.2rL.A03(java.lang.Integer) failed lock verification and will run slower.
02-13 07:48:15.966 20264 22263 W com.whatsapp: Common causes for lock verification issues are non-optimized dex code
02-13 07:48:15.966 20264 22263 W com.whatsapp: and incorrect proguard optimizations.
02-13 07:48:15.978 20264 20264 W com.whatsapp: Method void X.0eU.A0h(X.0tK, boolean) failed lock verification and will run slower.
02-13 07:48:16.269 20264 22296 E QT : [QT]file does not exist
02-13 07:48:16.408 20264 20264 E com.whatsapp: Invalid ID 0x00000000.
02-13 07:48:16.408 20264 20264 W System.err: android.content.res.Resources$NotFoundException: String resource ID #0x0
02-13 07:48:16.408 20264 20264 W System.err: at android.content.res.Resources.getText(Resources.java:453)
02-13 07:48:16.408 20264 20264 W System.err: at android.content.res.Resources.getString(Resources.java:546)
02-13 07:48:16.408 20264 20264 W System.err: at X.35t.A0E(Unknown Source:46)
02-13 07:48:16.408 20264 20264 W System.err: at com.whatsapp.yo.yo.getString(Native Method)
02-13 07:48:16.409 20264 20264 W System.err: at com.whatsapp.yo.yo.getString(Native Method)
02-13 07:48:16.409 20264 20264 W System.err: at com.whatsapp.youbasha.task.utils.requestAllFilesAccess14(Native Method)
02-13 07:48:16.409 20264 20264 W System.err: at com.whatsapp.yo.dep.showStoragePermissionRequest(Native Method)
02-13 07:48:16.409 20264 20264 W System.err: at com.whatsapp.registration.EULA.onCreate(Unknown Source:248)
02-13 07:48:16.409 20264 20264 W System.err: at android.app.Activity.performCreate(Activity.java:8338)
02-13 07:48:16.409 20264 20264 W System.err: at android.app.Activity.performCreate(Activity.java:8317)
02-13 07:48:16.409 20264 20264 W System.err: at android.app.Instrumentation.callActivityOnCreate(Instrumentation.java:1388)
02-13 07:48:16.409 20264 20264 W System.err: at android.app.ActivityThread.performLaunchActivity(ActivityThread.java:3757)
02-13 07:48:16.409 20264 20264 W System.err: at android.app.ActivityThread.handleLaunchActivity(ActivityThread.java:3971)
02-13 07:48:16.409 20264 20264 W System.err: at android.app.servertransaction.LaunchActivityItem.execute(LaunchActivityItem.java:10 1)
02-13 07:48:16.409 20264 20264 W System.err: at android.app.servertransaction.TransactionExecutor.executeCallbacks(TransactionExecu tor.java:135)
02-13 07:48:16.409 20264 20264 W System.err: at android.app.servertransaction.TransactionExecutor.execute(TransactionExecutor.java: 95)
02-13 07:48:16.409 20264 20264 W System.err: at android.app.ActivityThread$H.handleMessage(ActivityThread.java:2394)
02-13 07:48:16.409 20264 20264 W System.err: at android.os.Handler.dispatchMessage(Handler.java:106)
02-13 07:48:16.409 20264 20264 W System.err: at android.os.Looper.loopOnce(Looper.java:204)
02-13 07:48:16.409 20264 20264 W System.err: at android.os.Looper.loop(Looper.java:291)
02-13 07:48:16.409 20264 20264 W System.err: at android.app.ActivityThread.main(ActivityThread.java:8129)
02-13 07:48:16.409 20264 20264 W System.err: at java.lang.reflect.Method.invoke(Native Method)
02-13 07:48:16.409 20264 20264 W System.err: at com.android.internal.os.RuntimeInit$MethodAndArgsCaller.run(RuntimeInit.java:588)
02-13 07:48:16.409 20264 20264 W System.err: at com.android.internal.os.ZygoteInit.main(ZygoteInit.java:1019)
02-13 07:48:16.493 20264 20264 W Activity: Can request only one set of permissions at a time
02-13 07:48:16.570 20264 22325 E RenderScript: Failed loading RS driver: dlopen failed: library "libRSDriver_mtk.so" not found
02-13 07:48:16.570 20264 22325 E RenderScript: Failed to load runtime libRSDriver_mtk.so, loading default
02-13 07:48:16.641 20264 20264 E ArmVmp : Match on catch block at 0x0a in for 0x7b16eb704d
02-13 07:48:16.745 20264 20264 E FBI : Can't load library: dlopen failed: library "libmagtsync.so" not found
02-13 07:48:16.756 20264 22295 E OpenGLRenderer: Device claims wide gamut support, cannot find matching config, error = EGL_SUCCESS
02-13 07:48:16.756 20264 22295 W OpenGLRenderer: Failed to initialize 101010-2 format, error = EGL_SUCCESS
02-13 07:48:16.920 20264 22295 W Parcel : Expecting binder but got null!
02-13 07:48:16.921 20264 20264 W TextView: onProvideContentCaptureStructure(): calling assumeLayout()
02-13 07:48:16.922 20264 20264 W TextView: onProvideContentCaptureStructure(): calling assumeLayout()
02-13 07:48:16.923 20264 20264 W TextView: onProvideContentCaptureStructure(): calling assumeLayout()
02-13 07:48:17.398 20264 22295 W Parcel : Expecting binder but got null!
02-13 07:48:17.787 20264 22188 W com.whatsapp: Cleared Reference was only reachable from finalizer (only reported once)
02-13 07:48:17.884 20264 20264 W FinalizerDaemon: type=1400 audit(0.0:39553): avc: denied { getopt } for path="/dev/socket/usap_pool_primary" scontext=u:r:untrusted_app:s0:c255,c256,c512,c768 tcontext=u:r:zygote:s0 tclass=unix_stream_socket permissive=0 app=com.whatsapp
02-13 07:48:18.337 20264 20264 E com.whatsapp: Invalid ID 0x00000000.
02-13 07:48:18.337 20264 20264 E com.whatsapp: Invalid ID 0x00000000.
02-13 07:48:18.338 20264 20264 E com.whatsapp: Invalid ID 0x00000000.
02-13 07:48:18.339 20264 20264 E com.whatsapp: Invalid ID 0x00000000.
02-13 07:48:18.339 20264 20264 E com.whatsapp: Invalid ID 0x00000000.
02-13 07:48:18.340 20264 20264 E com.whatsapp: Invalid ID 0x00000000.
02-13 07:48:18.340 20264 20264 E com.whatsapp: Invalid ID 0x00000000.
02-13 07:48:18.342 20264 20264 E com.whatsapp: Invalid ID 0x00000000.
02-13 07:48:24.325 20264 20264 W Activity: Can request only one set of permissions at a time
02-13 07:48:24.325 20264 20264 W Activity: Can request only one set of permissions at a time
02-13 07:48:28.876 20264 20264 E RippleDrawable: The RippleDrawable.STYLE_PATTERNED animation is not supported for a non-hardware accelerated Canvas. Skipping animation.
02-13 07:48:28.891 20264 20264 E RippleDrawable: The RippleDrawable.STYLE_PATTERNED animation is not supported for a non-hardware accelerated Canvas. Skipping animation.
02-13 07:48:28.901 20264 20264 E RippleDrawable: The RippleDrawable.STYLE_PATTERNED animation is not supported for a non-hardware accelerated Canvas. Skipping animation.
02-13 07:48:31.626 20264 22704 E ShortcutInfoCompatSaver: Failed to load saved values from file /data/user/0/com.whatsapp/files/ShortcutInfoCompatSaver_share_targets/targets.xml. Old state removed, new added
02-13 07:48:31.626 20264 22704 E ShortcutInfoCompatSaver: java.io.FileNotFoundException: /data/user/0/com.whatsapp/files/ShortcutInfoCompatSaver_share_targets/targets.xml: open failed: ENOENT (No such file or directory)
02-13 07:48:31.626 20264 22704 E ShortcutInfoCompatSaver: at libcore.io.IoBridge.open(IoBridge.java:574)
02-13 07:48:31.626 20264 22704 E ShortcutInfoCompatSaver: at java.io.FileInputStream.<init>(FileInputStream.java:160)
02-13 07:48:31.626 20264 22704 E ShortcutInfoCompatSaver: at X.0nz.run(Unknown Source:82)
02-13 07:48:31.626 20264 22704 E ShortcutInfoCompatSaver: at java.util.concurrent.Executors$RunnableAdapter.call(Executors.java:487)
02-13 07:48:31.626 20264 22704 E ShortcutInfoCompatSaver: at java.util.concurrent.FutureTask.run(FutureTask.java:264)
02-13 07:48:31.626 20264 22704 E ShortcutInfoCompatSaver: at java.util.concurrent.ThreadPoolExecutor.runWorker(ThreadPoolExecutor.java:1145)
02-13 07:48:31.626 20264 22704 E ShortcutInfoCompatSaver: at java.util.concurrent.ThreadPoolExecutor$Worker.run(ThreadPoolExecutor.java:644)
02-13 07:48:31.626 20264 22704 E ShortcutInfoCompatSaver: at java.lang.Thread.run(Thread.java:1012)
02-13 07:48:31.626 20264 22704 E ShortcutInfoCompatSaver: Caused by: android.system.ErrnoException: open failed: ENOENT (No such file or directory)
02-13 07:48:31.626 20264 22704 E ShortcutInfoCompatSaver: at libcore.io.Linux.open(Native Method)
02-13 07:48:31.626 20264 22704 E ShortcutInfoCompatSaver: at libcore.io.ForwardingOs.open(ForwardingOs.java:563)
02-13 07:48:31.626 20264 22704 E ShortcutInfoCompatSaver: at libcore.io.BlockGuardOs.open(BlockGuardOs.java:274)
02-13 07:48:31.626 20264 22704 E ShortcutInfoCompatSaver: at libcore.io.ForwardingOs.open(ForwardingOs.java:563)
02-13 07:48:31.626 20264 22704 E ShortcutInfoCompatSaver: at android.app.ActivityThread$AndroidOs.open(ActivityThread.java:8013)
02-13 07:48:31.626 20264 22704 E ShortcutInfoCompatSaver: at libcore.io.IoBridge.open(IoBridge.java:560)
02-13 07:48:31.626 20264 22704 E ShortcutInfoCompatSaver: ... 7 more
02-13 07:48:31.696 20264 22295 E FrameEvents: updateAcquireFence: Did not find frame.
02-13 07:48:31.709 20264 22295 E FrameEvents: updateAcquireFence: Did not find frame.
02-13 07:48:31.722 20264 22295 E FrameEvents: updateAcquireFence: Did not find frame.
02-13 07:48:31.736 20264 20264 W com.whatsapp: type=1400 audit(0.0:39625): avc: denied { read } for name="osrelease" dev="proc" ino=10502695 scontext=u:r:untrusted_app:s0:c255,c256,c512,c768 tcontext=u:object_r:proc:s0 tclass=file permissive=0 app=com.whatsapp
02-13 07:48:31.740 20264 20264 W com.whatsapp: type=1400 audit(0.0:39626): avc: denied { read } for name="version" dev="proc" ino=10502696 scontext=u:r:untrusted_app:s0:c255,c256,c512,c768 tcontext=u:object_r:proc:s0 tclass=file permissive=0 app=com.whatsapp
02-13 07:48:35.283 20264 22295 W Parcel : Expecting binder but got null!
02-13 07:48:35.283 20264 20264 W TextView: onProvideContentCaptureStructure(): calling assumeLayout()
02-13 07:48:35.284 20264 20264 W TextView: onProvideContentCaptureStructure(): calling assumeLayout()
02-13 07:48:37.607 20264 20264 W OnBackInvokedCallback: OnBackInvokedCallback is not enabled for the application.
02-13 07:48:37.607 20264 20264 W OnBackInvokedCallback: Set 'android:enableOnBackInvokedCallback="true"' in the application manifest.
02-13 07:48:47.002 20264 22295 W Parcel : Expe