07-02 20:32:38.043 14753 14753 D Surface : lockCanvas
07-02 20:32:38.536 14753 14753 D Surface : lockCanvas
07-02 20:32:39.041 14753 14753 D Surface : lockCanvas
07-02 20:32:39.546 14753 14753 D Surface : lockCanvas
07-02 20:32:40.044 14753 14753 D Surface : lockCanvas
07-02 20:32:40.334 14753 18509 I System.out: [okhttp]:check permission begin!
07-02 20:32:40.334 14753 18509 I System.out: [okhttp]:not MMS!
07-02 20:32:40.334 14753 18509 I System.out: [okhttp]:not Email!
07-02 20:32:40.340 14753 18509 I System.out: [socket]:check permission begin!
07-02 20:32:40.347 14753 18509 I System.out: [okhttp]:check permission begin!
07-02 20:32:40.347 14753 18509 I System.out: [okhttp]:not MMS!
07-02 20:32:40.347 14753 18509 I System.out: [okhttp]:not Email!
07-02 20:32:40.350 14753 18509 I System.out: [socket]:check permission begin!
07-02 20:32:40.356 14753 18509 I System.out: [okhttp]:check permission begin!
07-02 20:32:40.356 14753 18509 I System.out: [okhttp]:not MMS!
07-02 20:32:40.356 14753 18509 I System.out: [okhttp]:not Email!
07-02 20:32:40.360 14753 18509 I System.out: [socket]:check permission begin!
07-02 20:32:40.395 14753 18518 I System.out: [okhttp]:check permission begin!
07-02 20:32:40.395 14753 18518 I System.out: [okhttp]:not MMS!
07-02 20:32:40.395 14753 18518 I System.out: [okhttp]:not Email!
07-02 20:32:40.396 14753 18518 I System.out: [socket]:check permission begin!
07-02 20:32:40.400 14753 18518 I System.out: [okhttp]:check permission begin!
07-02 20:32:40.400 14753 18518 I System.out: [okhttp]:not MMS!
07-02 20:32:40.400 14753 18518 I System.out: [okhttp]:not Email!
07-02 20:32:40.401 14753 18518 I System.out: [socket]:check permission begin!
07-02 20:32:40.407 14753 18518 I System.out: [okhttp]:check permission begin!
07-02 20:32:40.407 14753 18518 I System.out: [okhttp]:not MMS!
07-02 20:32:40.407 14753 18518 I System.out: [okhttp]:not Email!
07-02 20:32:40.407 14753 18518 I System.out: [socket]:check permission begin!
07-02 20:32:40.538 14753 14753 D Surface : lockCanvas
07-02 20:32:41.042 14753 14753 D Surface : lockCanvas
07-02 20:32:41.535 14753 14753 D Surface : lockCanvas
07-02 20:32:42.041 14753 14753 D Surface : lockCanvas
07-02 20:32:42.406 14753 16025 D cr_AndroidCellularSignalStrength:
[AndroidCellularSignalStrength.java:46] onSignalStrengthsChanged, SignalLevel:1
07-02 20:32:42.545 14753 14753 D Surface : lockCanvas
07-02 20:32:43.045 14753 14753 D Surface : lockCanvas
07-02 20:32:43.538 14753 14753 D Surface : lockCanvas
07-02 20:32:44.041 14753 14753 D Surface : lockCanvas
07-02 20:32:44.545 14753 14753 D Surface : lockCanvas
07-02 20:32:45.039 14753 14753 D Surface : lockCanvas
07-02 20:32:45.544 14753 14753 D Surface : lockCanvas
07-02 20:32:46.037 14753 14753 D Surface : lockCanvas
07-02 20:32:46.541 14753 14753 D Surface : lockCanvas
07-02 20:32:47.046 14753 14753 D Surface : lockCanvas
07-02 20:32:47.523 14753 16025 D cr_AndroidCellularSignalStrength:
[AndroidCellularSignalStrength.java:46] onSignalStrengthsChanged, SignalLevel:1
07-02 20:32:47.539 14753 14753 D Surface : lockCanvas
07-02 20:32:48.044 14753 14753 D Surface : lockCanvas
07-02 20:32:48.537 14753 14753 D Surface : lockCanvas
07-02 20:32:49.042 14753 14753 D Surface : lockCanvas
07-02 20:32:49.546 14753 14753 D Surface : lockCanvas
07-02 20:32:50.040 14753 14753 D Surface : lockCanvas
07-02 20:32:50.544 14753 14753 D Surface : lockCanvas
07-02 20:32:51.037 14753 14753 D Surface : lockCanvas
07-02 20:32:51.542 14753 14753 D Surface : lockCanvas
07-02 20:32:52.047 14753 14753 D Surface : lockCanvas
07-02 20:32:52.540 14753 14753 D Surface : lockCanvas
07-02 20:32:52.643 14753 16025 D cr_AndroidCellularSignalStrength:
[AndroidCellularSignalStrength.java:46] onSignalStrengthsChanged, SignalLevel:1
07-02 20:32:53.044 14753 14753 D Surface : lockCanvas
07-02 20:32:53.538 14753 14753 D Surface : lockCanvas
07-02 20:32:54.042 14753 14753 D Surface : lockCanvas
07-02 20:32:54.547 14753 14753 D Surface : lockCanvas
07-02 20:32:55.040 14753 14753 D Surface : lockCanvas
07-02 20:32:55.545 14753 14753 D Surface : lockCanvas
07-02 20:32:56.038 14753 14753 D Surface : lockCanvas
07-02 20:32:56.542 14753 14753 D Surface : lockCanvas
07-02 20:32:57.047 14753 14753 D Surface : lockCanvas
07-02 20:32:57.540 14753 14753 D Surface : lockCanvas
07-02 20:32:57.758 14753 16025 D cr_AndroidCellularSignalStrength:
[AndroidCellularSignalStrength.java:46] onSignalStrengthsChanged, SignalLevel:2
07-02 20:32:58.045 14753 14753 D Surface : lockCanvas
07-02 20:32:58.538 14753 14753 D Surface : lockCanvas
07-02 20:32:59.042 14753 14753 D Surface : lockCanvas
07-02 20:32:59.547 14753 14753 D Surface : lockCanvas
07-02 20:33:00.040 14753 14753 D Surface : lockCanvas
07-02 20:33:00.545 14753 14753 D Surface : lockCanvas
07-02 20:33:01.038 14753 14753 D Surface : lockCanvas
07-02 20:33:01.399 14753 15027 V AppLog : wait for batch event 0
07-02 20:33:01.400 14753 15027 I AppLog : batch event by interval: 60000
07-02 20:33:01.403 14753 15027 I AppLog : batch log:
07-02 20:33:01.405 14753 15027 V AppLog : wait for batch event 59994
07-02 20:33:01.543 14753 14753 D Surface : lockCanvas
07-02 20:33:02.047 14753 14753 D Surface : lockCanvas
07-02 20:33:02.541 14753 14753 D Surface : lockCanvas
07-02 20:33:02.882 14753 16025 D cr_AndroidCellularSignalStrength:
[AndroidCellularSignalStrength.java:46] onSignalStrengthsChanged, SignalLevel:1
07-02 20:33:03.045 14753 14753 D Surface : lockCanvas
07-02 20:33:03.539 14753 14753 D Surface : lockCanvas
07-02 20:33:04.044 14753 14753 D Surface : lockCanvas
07-02 20:33:04.548 14753 14753 D Surface : lockCanvas
07-02 20:33:05.041 14753 14753 D Surface : lockCanvas
07-02 20:33:05.546 14753 14753 D Surface : lockCanvas
07-02 20:33:06.039 14753 14753 D Surface : lockCanvas
07-02 20:33:06.544 14753 14753 D Surface : lockCanvas
07-02 20:33:07.048 14753 14753 D Surface : lockCanvas
07-02 20:33:07.542 14753 14753 D Surface : lockCanvas
07-02 20:33:07.998 14753 16025 D cr_AndroidCellularSignalStrength:
[AndroidCellularSignalStrength.java:46] onSignalStrengthsChanged, SignalLevel:1
07-02 20:33:08.046 14753 14753 D Surface : lockCanvas
07-02 20:33:08.539 14753 14753 D Surface : lockCanvas
07-02 20:33:09.044 14753 14753 D Surface : lockCanvas
07-02 20:33:09.548 14753 14753 D Surface : lockCanvas
07-02 20:33:10.041 14753 14753 D Surface : lockCanvas
07-02 20:33:10.546 14753 14753 D Surface : lockCanvas
07-02 20:33:11.046 14753 14753 D Surface : lockCanvas
07-02 20:33:11.538 14753 14753 D Surface : lockCanvas
07-02 20:33:12.043 14753 14753 D Surface : lockCanvas
07-02 20:33:12.547 14753 14753 D Surface : lockCanvas
07-02 20:33:13.041 14753 14753 D Surface : lockCanvas
07-02 20:33:13.119 14753 16025 D cr_AndroidCellularSignalStrength:
[AndroidCellularSignalStrength.java:46] onSignalStrengthsChanged, SignalLevel:1
07-02 20:33:13.540 14753 14753 D Surface : lockCanvas
07-02 20:33:14.044 14753 14753 D Surface : lockCanvas
07-02 20:33:14.549 14753 14753 D Surface : lockCanvas
07-02 20:33:15.043 14753 14753 D Surface : lockCanvas
07-02 20:33:15.547 14753 14753 D Surface : lockCanvas
07-02 20:33:16.040 14753 14753 D Surface : lockCanvas
07-02 20:33:16.544 14753 14753 D Surface : lockCanvas
07-02 20:33:17.038 14753 14753 D Surface : lockCanvas
07-02 20:33:17.542 14753 14753 D Surface : lockCanvas
07-02 20:33:18.047 14753 14753 D Surface : lockCanvas
07-02 20:33:18.240 14753 16025 D cr_AndroidCellularSignalStrength:
[AndroidCellularSignalStrength.java:46] onSignalStrengthsChanged, SignalLevel:0
07-02 20:33:18.540 14753 14753 D Surface : lockCanvas
07-02 20:33:19.044 14753 14753 D Surface : lockCanvas
07-02 20:33:19.538 14753 14753 D Surface : lockCanvas
07-02 20:33:20.042 14753 14753 D Surface : lockCanvas
07-02 20:33:20.541 14753 14753 D Surface : lockCanvas
07-02 20:33:21.046 14753 14753 D Surface : lockCanvas
07-02 20:33:21.539 14753 14753 D Surface : lockCanvas
07-02 20:33:22.044 14753 14753 D Surface : lockCanvas
07-02 20:33:22.548 14753 14753 D Surface : lockCanvas
07-02 20:33:23.042 14753 14753 D Surface : lockCanvas
07-02 20:33:23.360 14753 16025 D cr_AndroidCellularSignalStrength:
[AndroidCellularSignalStrength.java:46] onSignalStrengthsChanged, SignalLevel:1
07-02 20:33:23.546 14753 14753 D Surface : lockCanvas
07-02 20:33:24.039 14753 14753 D Surface : lockCanvas
07-02 20:33:24.543 14753 14753 D Surface : lockCanvas
07-02 20:33:25.049 14753 14753 D Surface : lockCanvas
07-02 20:33:25.542 14753 14753 D Surface : lockCanvas
07-02 20:33:26.047 14753 14753 D Surface : lockCanvas
07-02 20:33:26.545 14753 14753 D Surface : lockCanvas
07-02 20:33:27.039 14753 14753 D Surface : lockCanvas
07-02 20:33:27.543 14753 14753 D Surface : lockCanvas
07-02 20:33:28.048 14753 14753 D Surface : lockCanvas
07-02 20:33:28.481 14753 16025 D cr_AndroidCellularSignalStrength:
[AndroidCellularSignalStrength.java:46] onSignalStrengthsChanged, SignalLevel:1
07-02 20:33:28.541 14753 14753 D Surface : lockCanvas
07-02 20:33:29.046 14753 14753 D Surface : lockCanvas
07-02 20:33:29.550 14753 14753 D Surface : lockCanvas
07-02 20:33:30.044 14753 14753 D Surface : lockCanvas
07-02 20:33:30.548 14753 14753 D Surface : lockCanvas
07-02 20:33:31.041 14753 14753 D Surface : lockCanvas
07-02 20:33:31.546 14753 14753 D Surface : lockCanvas
07-02 20:33:32.050 14753 14753 D Surface : lockCanvas
07-02 20:33:32.543 14753 14753 D Surface : lockCanvas
07-02 20:33:32.784 14753 14768 I .blackboxa32:p: Background concurrent copying GC
freed 216222(7895KB) AllocSpace objects, 84(4176KB) LOS objects, 65% free,
6489KB/18MB, paused 182us total 162.259ms
07-02 20:33:32.905 17869 18541 W FirebaseInstanceId: Failed to find package
android.content.pm.PackageManager$NameNotFoundException: com.google.android.gms
07-02 20:33:32.909 17869 18541 W Metadata: Failed to find package
android.content.pm.PackageManager$NameNotFoundException: com.google.android.gms
07-02 20:33:33.048 14753 14753 D Surface : lockCanvas
07-02 20:33:33.541 14753 14753 D Surface : lockCanvas
07-02 20:33:33.602 14753 16025 D cr_AndroidCellularSignalStrength:
[AndroidCellularSignalStrength.java:46] onSignalStrengthsChanged, SignalLevel:1
07-02 20:33:34.046 14753 14753 D Surface : lockCanvas
07-02 20:33:34.550 14753 14753 D Surface : lockCanvas
07-02 20:33:35.044 14753 14753 D Surface : lockCanvas
07-02 20:33:35.548 14753 14753 D Surface : lockCanvas
07-02 20:33:36.042 14753 14753 D Surface : lockCanvas
07-02 20:33:36.546 14753 14753 D Surface : lockCanvas
07-02 20:33:37.040 14753 14753 D Surface : lockCanvas
07-02 20:33:37.544 14753 14753 D Surface : lockCanvas
07-02 20:33:38.049 14753 14753 D Surface : lockCanvas
07-02 20:33:38.542 14753 14753 D Surface : lockCanvas
07-02 20:33:38.718 14753 16025 D cr_AndroidCellularSignalStrength:
[AndroidCellularSignalStrength.java:46] onSignalStrengthsChanged, SignalLevel:0
07-02 20:33:39.040 14753 14753 D Surface : lockCanvas
07-02 20:33:39.546 14753 14753 D Surface : lockCanvas
07-02 20:33:40.050 14753 14753 D Surface : lockCanvas
07-02 20:33:40.544 14753 14753 D Surface : lockCanvas
07-02 20:33:41.048 14753 14753 D Surface : lockCanvas
07-02 20:33:41.541 14753 14753 D Surface : lockCanvas
07-02 20:33:42.046 14753 14753 D Surface : lockCanvas
07-02 20:33:42.550 14753 14753 D Surface : lockCanvas
07-02 20:33:43.043 14753 14753 D Surface : lockCanvas
07-02 20:33:43.548 14753 14753 D Surface : lockCanvas
07-02 20:33:43.842 14753 16025 D cr_AndroidCellularSignalStrength:
[AndroidCellularSignalStrength.java:46] onSignalStrengthsChanged, SignalLevel:0
07-02 20:33:44.052 14753 14753 D Surface : lockCanvas
07-02 20:33:44.545 14753 14753 D Surface : lockCanvas
07-02 20:33:45.050 14753 14753 D Surface : lockCanvas
07-02 20:33:45.544 14753 14753 D Surface : lockCanvas
07-02 20:33:46.048 14753 14753 D Surface : lockCanvas
07-02 20:33:46.553 14753 14753 D Surface : lockCanvas
07-02 20:33:47.046 14753 14753 D Surface : lockCanvas
07-02 20:33:47.551 14753 14753 D Surface : lockCanvas
07-02 20:33:47.843 14753 14753 D Surface : lockCanvas
07-02 20:33:48.000 14753 14753 D Surface : lockCanvas
07-02 20:33:48.498 14753 14753 D Surface : lockCanvas
07-02 20:33:48.955 14753 16025 D cr_AndroidCellularSignalStrength:
[AndroidCellularSignalStrength.java:46] onSignalStrengthsChanged, SignalLevel:0
07-02 20:33:49.002 14753 14753 D Surface : lockCanvas
07-02 20:33:49.496 14753 14753 D Surface : lockCanvas
07-02 20:33:50.001 14753 14753 D Surface : lockCanvas
07-02 20:33:50.505 14753 14753 D Surface : lockCanvas
07-02 20:33:50.998 14753 14753 D Surface : lockCanvas
07-02 20:33:51.503 14753 14753 D Surface : lockCanvas
07-02 20:33:51.996 14753 14753 D Surface : lockCanvas
07-02 20:33:52.501 14753 14753 D Surface : lockCanvas
07-02 20:33:53.005 14753 14753 D Surface : lockCanvas
07-02 20:33:53.499 14753 14753 D Surface : lockCanvas
07-02 20:33:54.003 14753 14753 D Surface : lockCanvas
07-02 20:33:54.074 14753 16025 D cr_AndroidCellularSignalStrength:
[AndroidCellularSignalStrength.java:46] onSignalStrengthsChanged, SignalLevel:0
07-02 20:33:54.496 14753 14753 D Surface : lockCanvas
07-02 20:33:55.001 14753 14753 D Surface : lockCanvas
07-02 20:33:55.506 14753 14753 D Surface : lockCanvas
07-02 20:33:55.596 14753 14753 D Surface : lockCanvas
07-02 20:33:55.719 14753 14753 D Surface : lockCanvas
07-02 20:33:55.943 14753 14753 D Surface : lockCanvas
07-02 20:33:56.145 14753 14753 D Surface : lockCanvas
07-02 20:33:56.302 14753 14753 D Surface : lockCanvas
07-02 20:33:56.616 14753 14753 D Surface : lockCanvas
07-02 20:33:56.817 14753 14753 D Surface : lockCanvas
07-02 20:33:57.030 14753 14753 D Surface : lockCanvas
07-02 20:33:57.097 14753 14753 D Surface : lockCanvas
07-02 20:33:57.457 14753 14753 D Surface : lockCanvas
07-02 20:33:57.625 14753 14753 D Surface : lockCanvas
07-02 20:33:57.916 14753 14753 D Surface : lockCanvas
07-02 20:33:57.972 14753 14753 D Surface : lockCanvas
07-02 20:33:58.230 14753 14753 D Surface : lockCanvas
07-02 20:33:58.365 14753 14753 D Surface : lockCanvas
07-02 20:33:58.656 14753 14753 D Surface : lockCanvas
07-02 20:33:58.824 14753 14753 D Surface : lockCanvas
07-02 20:33:58.970 14753 14753 D Surface : lockCanvas
07-02 20:33:59.117 14753 14753 D Surface : lockCanvas
07-02 20:33:59.196 14753 16025 D cr_AndroidCellularSignalStrength:
[AndroidCellularSignalStrength.java:46] onSignalStrengthsChanged, SignalLevel:0
07-02 20:33:59.273 14753 14753 D Surface : lockCanvas
07-02 20:33:59.419 14753 14753 D Surface : lockCanvas
07-02 20:33:59.721 14753 14753 D Surface : lockCanvas
07-02 20:33:59.912 14753 14753 D Surface : lockCanvas
07-02 20:34:00.158 14753 14753 D Surface : lockCanvas
07-02 20:34:00.259 14753 14753 D Surface : lockCanvas
07-02 20:34:00.585 14753 14753 D Surface : lockCanvas
07-02 20:34:00.719 14753 14753 D Surface : lockCanvas
07-02 20:34:01.090 14753 14753 D Surface : lockCanvas
07-02 20:34:01.191 14753 14753 D Surface : lockCanvas
07-02 20:34:01.280 14753 14753 D Surface : lockCanvas
07-02 20:34:01.401 14753 15027 I AppLog : batch event by interval: 60000
07-02 20:34:01.403 14753 15027 I AppLog : batch log:
07-02 20:34:01.404 14753 14753 D Surface : lockCanvas
07-02 20:34:01.404 14753 15027 V AppLog : wait for batch event 59996
07-02 20:34:01.616 14753 14753 D Surface : lockCanvas
07-02 20:34:01.874 14753 14753 D Surface : lockCanvas
07-02 20:34:01.941 14753 14753 D Surface : lockCanvas
07-02 20:34:02.087 14753 14753 D Surface : lockCanvas
07-02 20:34:02.166 14753 14753 D Surface : lockCanvas
07-02 20:34:02.356 14753 14753 D Surface : lockCanvas
07-02 20:34:02.423 14753 14753 D Surface : lockCanvas
07-02 20:34:02.681 14753 14753 D Surface : lockCanvas
07-02 20:34:02.901 17869 17921 W FirebaseInstanceId: Token retrieval failed:
SERVICE_NOT_AVAILABLE. Will retry token retrieval
07-02 20:34:02.913 17869 17933 W Rpc : No response
07-02 20:34:02.984 14753 14753 D Surface : lockCanvas
07-02 20:34:03.488 14753 14753 D Surface : lockCanvas
07-02 20:34:03.780 14753 14753 D Surface : lockCanvas
07-02 20:34:04.060 14753 14753 D Surface : lockCanvas
07-02 20:34:04.116 14753 14753 D Surface : lockCanvas
07-02 20:34:04.251 14753 14753 D Surface : lockCanvas
07-02 20:34:04.315 14753 16025 D cr_AndroidCellularSignalStrength:
[AndroidCellularSignalStrength.java:46] onSignalStrengthsChanged, SignalLevel:1
07-02 20:34:04.330 14753 14753 D Surface : lockCanvas
07-02 20:34:04.498 14753 14753 D Surface : lockCanvas
07-02 20:34:04.789 14753 14753 D Surface : lockCanvas
07-02 20:34:05.181 14753 14753 D Surface : lockCanvas
07-02 20:34:05.484 14753 14753 D Surface : lockCanvas
07-02 20:34:05.641 14753 14753 D Surface : lockCanvas
07-02 20:34:05.697 14753 14753 D Surface : lockCanvas
07-02 20:34:05.944 14753 14753 D Surface : lockCanvas
07-02 20:34:06.202 14753 14753 D Surface : lockCanvas
07-02 20:34:06.303 14753 14753 D Surface : lockCanvas
07-02 20:34:06.515 14753 14753 D Surface : lockCanvas
07-02 20:34:06.729 14753 14753 D Surface : lockCanvas
07-02 20:34:06.931 14753 14753 D Surface : lockCanvas
07-02 20:34:07.111 14753 14753 D Surface : lockCanvas
07-02 20:34:07.301 14753 14753 D Surface : lockCanvas
07-02 20:34:07.793 14753 14753 D Surface : lockCanvas
07-02 20:34:08.007 14753 14753 D Surface : lockCanvas
07-02 20:34:08.165 14753 14753 D Surface : lockCanvas
07-02 20:34:08.534 14753 14753 D Surface : lockCanvas
07-02 20:34:08.725 14753 14753 D Surface : lockCanvas
07-02 20:34:08.983 14753 14753 D Surface : lockCanvas
07-02 20:34:09.240 14753 14753 D Surface : lockCanvas
07-02 20:34:09.442 14753 16025 D cr_AndroidCellularSignalStrength:
[AndroidCellularSignalStrength.java:46] onSignalStrengthsChanged, SignalLevel:1
07-02 20:34:09.745 14753 14753 D Surface : lockCanvas
07-02 20:34:09.823 14753 14753 D Surface : lockCanvas
07-02 20:34:10.018 14753 14753 D Surface : lockCanvas
07-02 20:34:10.048 14753 14753 D Surface : lockCanvas
07-02 20:34:10.283 14753 14753 D Surface : lockCanvas
07-02 20:34:10.518 14753 14753 D Surface : lockCanvas
07-02 20:34:10.721 14753 14753 D Surface : lockCanvas
07-02 20:34:11.045 14753 14753 D Surface : lockCanvas
07-02 20:34:11.056 14753 14753 D Surface : lockCanvas
07-02 20:34:11.079 14753 14753 I chatty : uid=10602(top.niunaijun.blackboxa32)
com.mobile.legends:UnityKillsMe identical 2 lines
07-02 20:34:11.090 14753 14753 D Surface : lockCanvas
07-02 20:34:11.101 14753 14753 D Surface : lockCanvas
07-02 20:34:11.108 14753 14753 D View : [Warning] assignParent to null: this =
DecorView@9b3ffac[MobaGameUnityActivity]
07-02 20:34:11.130 14753 14753 I InputTransport: Destroy ARC handle: 0x9873a930
07-02 20:34:11.130 14753 14753 W IInputConnectionWrapper: getTextBeforeCursor on
inactive InputConnection
07-02 20:34:11.132 14753 14753 W IInputConnectionWrapper: getTextAfterCursor on
inactive InputConnection
07-02 20:34:11.136 14753 14753 W IInputConnectionWrapper: getSelectedText on
inactive InputConnection
07-02 20:34:11.183 14753 15720 D .blackboxa32:p: PlayerBase::PlayerBase()
07-02 20:34:11.185 14753 15720 D .blackboxa32:p: TrackPlayerBase::TrackPlayerBase()
07-02 20:34:11.185 14753 15720 W libOpenSLES: Leaving Object::GetInterface
(SL_RESULT_FEATURE_UNSUPPORTED)
07-02 20:34:11.185 14753 15720 I libOpenSLES: Emulating old channel mask behavior
(ignoring positional mask 0x3, using default mask 0x3 based on channel count of 2)
07-02 20:34:11.186 14753 15720 D AudioTrack: INSP:
type=audio,case=1,set=0x8f270b70,stream_type=3,sample_rate=48000,format=0x1,channel
_mask=0x3,frame_count=0,flags=0x104,notification_frames=-
6,session_id=32217,transfer_type=0,uid=-1,pid=-1
07-02 20:34:11.186 14753 15720 D AudioTrack: set(): 0x8f270b70, Create
AudioTrackThread, tid = 18622
07-02 20:34:11.212 14753 15720 I AudioTrack: createTrack_l(16384250):
AUDIO_OUTPUT_FLAG_FAST successful; frameCount 0 -> 1536
07-02 20:34:11.214 14753 15720 D AudioTrack: createTrack_l(5206): 0x8f270b70, mCblk
= 0x6e820000, mLatency = 84, mAfLatency = 52, frameCount = 1536, mSampleRate =
48000, mFlags = 0x4, mReqFrameCount = 1536, mNotificationFramesAct = 256
07-02 20:34:11.220 14753 15720 D AudioTrack: start(5206): 0x8f270b70, prior
state:STATE_STOPPED
07-02 20:34:11.226 14753 14753 V MediaRouter: Selecting route:
RouteInfo{ name=Telepon, description=null, status=null,
category=RouteCategory{ name=Sistem types=ROUTE_TYPE_LIVE_AUDIO
ROUTE_TYPE_LIVE_VIDEO groupable=false }, supportedTypes=ROUTE_TYPE_LIVE_AUDIO
ROUTE_TYPE_LIVE_VIDEO , presentationDisplay=null }
07-02 20:34:14.561 14753 16025 D cr_AndroidCellularSignalStrength:
[AndroidCellularSignalStrength.java:46] onSignalStrengthsChanged, SignalLevel:1
07-02 20:34:19.176 14753 14753 I InputTransport: Create ARC handle: 0x98722fb0
07-02 20:34:19.176 14753 14753 I InputTransport: InputConsumer create
TRAN_APPTURBO_ENABLE disable
07-02 20:34:19.202 14753 14753 D Surface : lockCanvas
07-02 20:34:19.232 14753 14753 D Surface : lockCanvas
07-02 20:34:19.234 14753 15720 D AudioTrack: stop(5206): 0x8f270b70, prior
state:STATE_ACTIVE
07-02 20:34:19.234 14753 15720 D AudioTrack: stop(5206): called with 380416 frames
delivered
07-02 20:34:19.234 14753 15720 D AudioTrack: stop(5206): 0x8f270b70 stop done
07-02 20:34:19.234 14753 15720 D AudioTrack: ~AudioTrack(5206): 0x8f270b70
07-02 20:34:19.235 14753 15720 D AudioTrack: stop(5206): 0x8f270b70, prior
state:STATE_STOPPED
07-02 20:34:19.240 14753 14753 E .blackboxa32:p: No package ID 3f found for ID
0x3f050003.
07-02 20:34:19.241 14753 14753 E .blackboxa32:p: No package ID 3f found for ID
0x3f050001.
07-02 20:34:19.241 14753 14753 E .blackboxa32:p: No package ID 3f found for ID
0x3f050003.
07-02 20:34:19.241 14753 14753 E .blackboxa32:p: No package ID 3f found for ID
0x3f050002.
07-02 20:34:19.241 14753 14753 E .blackboxa32:p: No package ID 3f found for ID
0x3f050003.
07-02 20:34:19.242 14753 14753 I AssistStructure: Flattened final assist data: 1108
bytes, containing 2 windows, 5 views
07-02 20:34:19.249 14753 14753 D Surface : lockCanvas
07-02 20:34:19.682 14753 16025 D cr_AndroidCellularSignalStrength:
[AndroidCellularSignalStrength.java:46] onSignalStrengthsChanged, SignalLevel:1
07-02 20:34:19.768 14753 14753 D Surface : lockCanvas
07-02 20:34:20.272 14753 14753 D Surface : lockCanvas
07-02 20:34:20.418 14753 14753 D Surface : lockCanvas
07-02 20:34:20.464 14753 14753 I chatty : uid=10602(top.niunaijun.blackboxa32)
com.mobile.legends:UnityKillsMe identical 4 lines
07-02 20:34:20.475 14753 14753 D Surface : lockCanvas
07-02 20:34:20.486 14753 14753 D Surface : lockCanvas
07-02 20:34:20.492 14753 14753 D View : [Warning] assignParent to null: this =
DecorView@258dc7d[MobaGameUnityActivity]
07-02 20:34:20.508 14753 14753 I InputTransport: Destroy ARC handle: 0x98722fb0
07-02 20:34:20.508 14753 14753 W IInputConnectionWrapper: getTextBeforeCursor on
inactive InputConnection
07-02 20:34:20.521 14753 14753 W IInputConnectionWrapper: getTextAfterCursor on
inactive InputConnection
07-02 20:34:20.531 14753 14753 W IInputConnectionWrapper: getSelectedText on
inactive InputConnection
07-02 20:34:20.561 14753 15720 D .blackboxa32:p: PlayerBase::PlayerBase()
07-02 20:34:20.562 14753 15720 D .blackboxa32:p: TrackPlayerBase::TrackPlayerBase()
07-02 20:34:20.562 14753 15720 W libOpenSLES: Leaving Object::GetInterface
(SL_RESULT_FEATURE_UNSUPPORTED)
07-02 20:34:20.562 14753 15720 I libOpenSLES: Emulating old channel mask behavior
(ignoring positional mask 0x3, using default mask 0x3 based on channel count of 2)
07-02 20:34:20.562 14753 15720 D AudioTrack: INSP:
type=audio,case=1,set=0x8f270b70,stream_type=3,sample_rate=48000,format=0x1,channel
_mask=0x3,frame_count=0,flags=0x104,notification_frames=-
6,session_id=32225,transfer_type=0,uid=-1,pid=-1
07-02 20:34:20.562 14753 15720 D AudioTrack: set(): 0x8f270b70, Create
AudioTrackThread, tid = 18639
07-02 20:34:20.595 14753 15720 I AudioTrack: createTrack_l(5206):
AUDIO_OUTPUT_FLAG_FAST successful; frameCount 0 -> 1536
07-02 20:34:20.596 14753 15720 D AudioTrack: createTrack_l(5207): 0x8f270b70, mCblk
= 0x6e820000, mLatency = 84, mAfLatency = 52, frameCount = 1536, mSampleRate =
48000, mFlags = 0x4, mReqFrameCount = 1536, mNotificationFramesAct = 256
07-02 20:34:20.602 14753 15720 D AudioTrack: start(5207): 0x8f270b70, prior
state:STATE_STOPPED
07-02 20:34:20.605 14753 14753 V MediaRouter: Selecting route:
RouteInfo{ name=Telepon, description=null, status=null,
category=RouteCategory{ name=Sistem types=ROUTE_TYPE_LIVE_AUDIO
ROUTE_TYPE_LIVE_VIDEO groupable=false }, supportedTypes=ROUTE_TYPE_LIVE_AUDIO
ROUTE_TYPE_LIVE_VIDEO , presentationDisplay=null }
07-02 20:34:21.579 14753 14753 I InputTransport: Create ARC handle: 0xb98f5d30
07-02 20:34:21.579 14753 14753 I InputTransport: InputConsumer create
TRAN_APPTURBO_ENABLE disable
07-02 20:34:21.613 14753 14753 D Surface : lockCanvas
07-02 20:34:21.643 14753 14753 D Surface : lockCanvas
07-02 20:34:21.645 14753 15720 D AudioTrack: stop(5207): 0x8f270b70, prior
state:STATE_ACTIVE
07-02 20:34:21.646 14753 15720 D AudioTrack: stop(5207): called with 49920 frames
delivered
07-02 20:34:21.646 14753 15720 D AudioTrack: stop(5207): 0x8f270b70 stop done
07-02 20:34:21.646 14753 15720 D AudioTrack: ~AudioTrack(5207): 0x8f270b70
07-02 20:34:21.646 14753 15720 D AudioTrack: stop(5207): 0x8f270b70, prior
state:STATE_STOPPED
07-02 20:34:21.650 14753 14753 E .blackboxa32:p: No package ID 3f found for ID
0x3f050003.
07-02 20:34:21.650 14753 14753 E .blackboxa32:p: No package ID 3f found for ID
0x3f050001.
07-02 20:34:21.650 14753 14753 E .blackboxa32:p: No package ID 3f found for ID
0x3f050003.
07-02 20:34:21.650 14753 14753 E .blackboxa32:p: No package ID 3f found for ID
0x3f050002.
07-02 20:34:21.650 14753 14753 E .blackboxa32:p: No package ID 3f found for ID
0x3f050003.
07-02 20:34:21.652 14753 14753 I AssistStructure: Flattened final assist data: 1108
bytes, containing 2 windows, 5 views
07-02 20:34:21.664 14753 14753 D Surface : lockCanvas
07-02 20:34:22.179 14753 14753 D Surface : lockCanvas
07-02 20:34:22.683 14753 14753 D Surface : lockCanvas
07-02 20:34:23.176 14753 14753 D Surface : lockCanvas
07-02 20:34:23.681 14753 14753 D Surface : lockCanvas
07-02 20:34:24.185 14753 14753 D Surface : lockCanvas
07-02 20:34:24.679 14753 14753 D Surface : lockCanvas
07-02 20:34:24.800 14753 16025 D cr_AndroidCellularSignalStrength:
[AndroidCellularSignalStrength.java:46] onSignalStrengthsChanged, SignalLevel:1
07-02 20:34:25.183 14753 14753 D Surface : lockCanvas
07-02 20:34:25.676 14753 14753 D Surface : lockCanvas
07-02 20:34:26.181 14753 14753 D Surface : lockCanvas
07-02 20:34:26.686 14753 14753 D Surface : lockCanvas
07-02 20:34:27.179 14753 14753 D Surface : lockCanvas
07-02 20:34:27.684 14753 14753 D Surface : lockCanvas
07-02 20:34:28.176 14753 14753 D Surface : lockCanvas
07-02 20:34:28.681 14753 14753 D Surface : lockCanvas
07-02 20:34:29.195 14753 14753 D Surface : lockCanvas
07-02 20:34:29.221 14753 17775 D .blackboxa32:p:
TrackPlayerBase::~TrackPlayerBase()
07-02 20:34:29.221 14753 17775 D .blackboxa32:p: PlayerBase::~PlayerBase()
07-02 20:34:29.227 14753 17775 D .blackboxa32:p:
TrackPlayerBase::~TrackPlayerBase()
07-02 20:34:29.227 14753 17775 D .blackboxa32:p: PlayerBase::~PlayerBase()
07-02 20:34:29.228 14753 17775 D .blackboxa32:p:
TrackPlayerBase::~TrackPlayerBase()
07-02 20:34:29.228 14753 17775 D .blackboxa32:p: PlayerBase::~PlayerBase()
07-02 20:34:29.679 14753 14753 D Surface : lockCanvas
07-02 20:34:29.921 14753 16025 D cr_AndroidCellularSignalStrength:
[AndroidCellularSignalStrength.java:46] onSignalStrengthsChanged, SignalLevel:1
07-02 20:34:30.183 14753 14753 D Surface : lockCanvas
07-02 20:34:30.677 14753 14753 D Surface : lockCanvas
07-02 20:34:31.182 14753 14753 D Surface : lockCanvas
07-02 20:34:31.686 14753 14753 D Surface : lockCanvas
07-02 20:34:31.956 14753 14753 D Surface : lockCanvas
07-02 20:34:31.980 14753 14753 D Surface : lockCanvas
07-02 20:34:32.482 14753 14753 D Surface : lockCanvas
07-02 20:34:32.863 14753 14753 D Surface : lockCanvas
07-02 20:34:32.874 14753 14753 D Surface : lockCanvas
07-02 20:34:32.909 14753 14753 I chatty : uid=10602(top.niunaijun.blackboxa32)
com.mobile.legends:UnityKillsMe identical 3 lines
07-02 20:34:32.920 14753 14753 D Surface : lockCanvas
07-02 20:34:32.933 14753 14753 D Surface : lockCanvas
07-02 20:34:32.938 14753 14753 D View : [Warning] assignParent to null: this =
DecorView@8d990fc[MobaGameUnityActivity]
07-02 20:34:32.948 14753 14753 I InputTransport: Destroy ARC handle: 0xb98f5d30
07-02 20:34:32.948 14753 14753 W IInputConnectionWrapper: getTextBeforeCursor on
inactive InputConnection
07-02 20:34:32.950 14753 14753 W IInputConnectionWrapper: getTextAfterCursor on
inactive InputConnection
07-02 20:34:32.954 14753 14753 W IInputConnectionWrapper: getSelectedText on
inactive InputConnection
07-02 20:34:33.006 14753 15720 D .blackboxa32:p: PlayerBase::PlayerBase()
07-02 20:34:33.006 14753 15720 D .blackboxa32:p: TrackPlayerBase::TrackPlayerBase()
07-02 20:34:33.006 14753 15720 W libOpenSLES: Leaving Object::GetInterface
(SL_RESULT_FEATURE_UNSUPPORTED)
07-02 20:34:33.006 14753 15720 I libOpenSLES: Emulating old channel mask behavior
(ignoring positional mask 0x3, using default mask 0x3 based on channel count of 2)
07-02 20:34:33.006 14753 15720 D AudioTrack: INSP:
type=audio,case=1,set=0x8f270b70,stream_type=3,sample_rate=48000,format=0x1,channel
_mask=0x3,frame_count=0,flags=0x104,notification_frames=-
6,session_id=32233,transfer_type=0,uid=-1,pid=-1
07-02 20:34:33.006 14753 15720 D AudioTrack: set(): 0x8f270b70, Create
AudioTrackThread, tid = 18653
07-02 20:34:33.028 14753 15720 I AudioTrack: createTrack_l(5207):
AUDIO_OUTPUT_FLAG_FAST successful; frameCount 0 -> 1536
07-02 20:34:33.028 14753 15720 D AudioTrack: createTrack_l(5208): 0x8f270b70, mCblk
= 0x6e820000, mLatency = 84, mAfLatency = 52, frameCount = 1536, mSampleRate =
48000, mFlags = 0x4, mReqFrameCount = 1536, mNotificationFramesAct = 256
07-02 20:34:33.033 14753 15720 D AudioTrack: start(5208): 0x8f270b70, prior
state:STATE_STOPPED
07-02 20:34:33.037 14753 14753 V MediaRouter: Selecting route:
RouteInfo{ name=Telepon, description=null, status=null,
category=RouteCategory{ name=Sistem types=ROUTE_TYPE_LIVE_AUDIO
ROUTE_TYPE_LIVE_VIDEO groupable=false }, supportedTypes=ROUTE_TYPE_LIVE_AUDIO
ROUTE_TYPE_LIVE_VIDEO , presentationDisplay=null }
07-02 20:34:35.039 14753 16025 D cr_AndroidCellularSignalStrength:
[AndroidCellularSignalStrength.java:46] onSignalStrengthsChanged, SignalLevel:1
07-02 20:34:36.702 14753 14753 I InputTransport: Create ARC handle: 0x98702810
07-02 20:34:36.702 14753 14753 I InputTransport: InputConsumer create
TRAN_APPTURBO_ENABLE disable
07-02 20:34:36.738 14753 14753 D Surface : lockCanvas
07-02 20:34:36.765 14753 14753 D Surface : lockCanvas
07-02 20:34:36.768 14753 15720 D AudioTrack: stop(5208): 0x8f270b70, prior
state:STATE_ACTIVE
07-02 20:34:36.768 14753 15720 D AudioTrack: stop(5208): called with 175104 frames
delivered
07-02 20:34:36.769 14753 15720 D AudioTrack: stop(5208): 0x8f270b70 stop done
07-02 20:34:36.769 14753 15720 D AudioTrack: ~AudioTrack(5208): 0x8f270b70
07-02 20:34:36.769 14753 15720 D AudioTrack: stop(5208): 0x8f270b70, prior
state:STATE_STOPPED
07-02 20:34:36.777 14753 14753 E .blackboxa32:p: No package ID 3f found for ID
0x3f050003.
07-02 20:34:36.777 14753 14753 E .blackboxa32:p: No package ID 3f found for ID
0x3f050001.
07-02 20:34:36.777 14753 14753 E .blackboxa32:p: No package ID 3f found for ID
0x3f050003.
07-02 20:34:36.778 14753 14753 E .blackboxa32:p: No package ID 3f found for ID
0x3f050002.
07-02 20:34:36.778 14753 14753 E .blackboxa32:p: No package ID 3f found for ID
0x3f050003.
07-02 20:34:36.782 14753 14753 I AssistStructure: Flattened final assist data: 1108
bytes, containing 2 windows, 5 views
07-02 20:34:36.791 14753 14753 D Surface : lockCanvas
07-02 20:34:37.315 14753 14753 D Surface : lockCanvas
07-02 20:34:37.808 14753 14753 D Surface : lockCanvas
07-02 20:34:38.312 14753 14753 D Surface : lockCanvas
07-02 20:34:38.429 14753 14753 I InputTransport: Create ARC handle: 0xb98d1e10
07-02 20:34:38.429 14753 14753 I InputTransport: InputConsumer create
TRAN_APPTURBO_ENABLE disable
07-02 20:34:38.430 14753 14753 D Surface : lockCanvas
07-02 20:34:38.446 14753 14753 D Surface : lockCanvas
07-02 20:34:38.467 14753 14753 D Surface : lockCanvas
07-02 20:34:38.929 14753 14753 D Surface : lockCanvas
07-02 20:34:39.119 14753 18663 D libMEOW : applied 1 plugins for
[com.mobile.legends:UnityKillsMe]:
07-02 20:34:39.119 14753 18663 D libMEOW : plugin 1: [libMEOW_gift.so]:
07-02 20:34:39.121 14753 18663 I libMEOW_gift: ctx:0x9e2f0578, ARC not Enabled.
07-02 20:34:39.178 14753 18663 I GED : ged_boost_gpu_freq, level 100, eOrigin
2, final_idx 31, oppidx_max 31, oppidx_min 0
07-02 20:34:39.185 14753 14753 D Surface : lockCanvas
07-02 20:34:39.189 14753 14753 D Surface : lockCanvas
07-02 20:34:39.252 14753 18663 I GED : ged_boost_gpu_freq, level 100, eOrigin
2, final_idx 31, oppidx_max 31, oppidx_min 0
07-02 20:34:39.289 14753 18663 I GED : ged_boost_gpu_freq, level 100, eOrigin
2, final_idx 31, oppidx_max 31, oppidx_min 0
07-02 20:34:39.308 14753 14753 D Surface : lockCanvas
07-02 20:34:39.320 14753 18663 I GED : ged_boost_gpu_freq, level 100, eOrigin
2, final_idx 31, oppidx_max 31, oppidx_min 0
07-02 20:34:39.354 14753 14753 D Surface : lockCanvas
07-02 20:34:39.361 14753 18663 I GED : ged_boost_gpu_freq, level 100, eOrigin
2, final_idx 31, oppidx_max 31, oppidx_min 0
07-02 20:34:39.377 14753 18663 I GED : ged_boost_gpu_freq, level 100, eOrigin
2, final_idx 31, oppidx_max 31, oppidx_min 0
07-02 20:34:39.404 14753 14753 D Surface : lockCanvas
07-02 20:34:39.414 14753 18663 I GED : ged_boost_gpu_freq, level 100, eOrigin
2, final_idx 31, oppidx_max 31, oppidx_min 0
07-02 20:34:39.420 14753 18663 I GED : ged_boost_gpu_freq, level 100, eOrigin
2, final_idx 31, oppidx_max 31, oppidx_min 0
07-02 20:34:39.447 14753 14753 D Surface : lockCanvas
07-02 20:34:39.453 14753 18663 I GED : ged_boost_gpu_freq, level 100, eOrigin
2, final_idx 31, oppidx_max 31, oppidx_min 0
07-02 20:34:39.475 14753 18663 I GED : ged_boost_gpu_freq, level 100, eOrigin
2, final_idx 31, oppidx_max 31, oppidx_min 0
07-02 20:34:39.516 14753 14753 D Surface : lockCanvas
07-02 20:34:39.522 14753 18663 I GED : ged_boost_gpu_freq, level 100, eOrigin
2, final_idx 31, oppidx_max 31, oppidx_min 0
07-02 20:34:39.540 14753 18663 I GED : ged_boost_gpu_freq, level 100, eOrigin
2, final_idx 31, oppidx_max 31, oppidx_min 0
07-02 20:34:39.748 14753 14753 D Surface : lockCanvas
07-02 20:34:39.755 14753 18663 I GED : ged_boost_gpu_freq, level 100, eOrigin
2, final_idx 31, oppidx_max 31, oppidx_min 0
07-02 20:34:39.795 14753 14753 D Surface : lockCanvas
07-02 20:34:40.160 14753 16025 D cr_AndroidCellularSignalStrength:
[AndroidCellularSignalStrength.java:46] onSignalStrengthsChanged, SignalLevel:1
07-02 20:34:40.198 14753 14753 D View : [Warning] assignParent to null: this =
android.widget.PopupWindow$PopupDecorView{d8eed45 V.E...... R.....I. 0,0-120,120}
07-02 20:34:40.207 14753 14753 I InputTransport: Destroy ARC handle: 0xb98d1e10
07-02 20:34:40.221 14753 14753 D Surface : lockCanvas
07-02 20:34:40.242 14753 14753 D Surface : lockCanvas
07-02 20:34:40.734 14753 14753 D Surface : lockCanvas
07-02 20:34:41.239 14753 14753 D Surface : lockCanvas
07-02 20:34:41.743 14753 14753 D Surface : lockCanvas
07-02 20:34:42.035 14753 14753 D Surface : lockCanvas
07-02 20:34:42.069 14753 14753 I chatty : uid=10602(top.niunaijun.blackboxa32)
com.mobile.legends:UnityKillsMe identical 3 lines
07-02 20:34:42.080 14753 14753 D Surface : lockCanvas
07-02 20:34:42.093 14753 14753 D Surface : lockCanvas
07-02 20:34:42.098 14753 14753 D View : [Warning] assignParent to null: this =
DecorView@ad98866[MobaGameUnityActivity]
07-02 20:34:42.110 14753 14753 I InputTransport: Destroy ARC handle: 0x98702810
07-02 20:34:42.111 14753 14753 W IInputConnectionWrapper: getTextBeforeCursor on
inactive InputConnection
07-02 20:34:42.114 14753 14753 W IInputConnectionWrapper: getTextAfterCursor on
inactive InputConnection
07-02 20:34:42.126 14753 14753 W IInputConnectionWrapper: getSelectedText on
inactive InputConnection
07-02 20:34:42.182 14753 15720 D .blackboxa32:p: PlayerBase::PlayerBase()
07-02 20:34:42.183 14753 15720 D .blackboxa32:p: TrackPlayerBase::TrackPlayerBase()
07-02 20:34:42.183 14753 15720 W libOpenSLES: Leaving Object::GetInterface
(SL_RESULT_FEATURE_UNSUPPORTED)
07-02 20:34:42.183 14753 15720 I libOpenSLES: Emulating old channel mask behavior
(ignoring positional mask 0x3, using default mask 0x3 based on channel count of 2)
07-02 20:34:42.183 14753 15720 D AudioTrack: INSP:
type=audio,case=1,set=0x8f27ec30,stream_type=3,sample_rate=48000,format=0x1,channel
_mask=0x3,frame_count=0,flags=0x104,notification_frames=-
6,session_id=32241,transfer_type=0,uid=-1,pid=-1
07-02 20:34:42.184 14753 15720 D AudioTrack: set(): 0x8f27ec30, Create
AudioTrackThread, tid = 18669
07-02 20:34:42.198 14753 15720 I AudioTrack: createTrack_l(0):
AUDIO_OUTPUT_FLAG_FAST successful; frameCount 0 -> 1536
07-02 20:34:42.199 14753 15720 D AudioTrack: createTrack_l(5209): 0x8f27ec30, mCblk
= 0x6c499000, mLatency = 84, mAfLatency = 52, frameCount = 1536, mSampleRate =
48000, mFlags = 0x4, mReqFrameCount = 1536, mNotificationFramesAct = 256
07-02 20:34:42.204 14753 15720 D AudioTrack: start(5209): 0x8f27ec30, prior
state:STATE_STOPPED
07-02 20:34:42.206 14753 14753 V MediaRouter: Selecting route:
RouteInfo{ name=Telepon, description=null, status=null,
category=RouteCategory{ name=Sistem types=ROUTE_TYPE_LIVE_AUDIO
ROUTE_TYPE_LIVE_VIDEO groupable=false }, supportedTypes=ROUTE_TYPE_LIVE_AUDIO
ROUTE_TYPE_LIVE_VIDEO , presentationDisplay=null }
07-02 20:34:50.397 14753 16025 D cr_AndroidCellularSignalStrength:
[AndroidCellularSignalStrength.java:46] onSignalStrengthsChanged, SignalLevel:1
07-02 20:34:55.518 14753 16025 D cr_AndroidCellularSignalStrength:
[AndroidCellularSignalStrength.java:46] onSignalStrengthsChanged, SignalLevel:0
07-02 20:35:00.639 14753 16025 D cr_AndroidCellularSignalStrength:
[AndroidCellularSignalStrength.java:46] onSignalStrengthsChanged, SignalLevel:0
07-02 20:35:01.402 14753 15027 I AppLog : delete expire log: 0
07-02 20:35:01.403 14753 15027 V AppLog : wait for batch event 0
07-02 20:35:01.406 14753 15027 I AppLog : batch event by interval: 60000
07-02 20:35:01.409 14753 15027 I AppLog : batch log:
07-02 20:35:01.411 14753 15027 V AppLog : wait for batch event 59992
07-02 20:35:05.757 14753 16025 D cr_AndroidCellularSignalStrength:
[AndroidCellularSignalStrength.java:46] onSignalStrengthsChanged, SignalLevel:0
07-02 20:35:10.882 14753 16025 D cr_AndroidCellularSignalStrength:
[AndroidCellularSignalStrength.java:46] onSignalStrengthsChanged, SignalLevel:1
07-02 20:35:15.997 14753 16025 D cr_AndroidCellularSignalStrength:
[AndroidCellularSignalStrength.java:46] onSignalStrengthsChanged, SignalLevel:0
07-02 20:35:21.123 14753 16025 D cr_AndroidCellularSignalStrength:
[AndroidCellularSignalStrength.java:46] onSignalStrengthsChanged, SignalLevel:0
07-02 20:35:26.242 14753 16025 D cr_AndroidCellularSignalStrength:
[AndroidCellularSignalStrength.java:46] onSignalStrengthsChanged, SignalLevel:0
07-02 20:35:27.548 14753 16025 D cr_AndroidCellularSignalStrength:
[AndroidCellularSignalStrength.java:46] onSignalStrengthsChanged, SignalLevel:2
07-02 20:35:32.639 14753 16025 D cr_AndroidCellularSignalStrength:
[AndroidCellularSignalStrength.java:46] onSignalStrengthsChanged, SignalLevel:2
07-02 20:35:37.761 14753 16025 D cr_AndroidCellularSignalStrength:
[AndroidCellularSignalStrength.java:46] onSignalStrengthsChanged, SignalLevel:2
07-02 20:35:42.882 14753 16025 D cr_AndroidCellularSignalStrength:
[AndroidCellularSignalStrength.java:46] onSignalStrengthsChanged, SignalLevel:2
07-02 20:35:48.003 14753 16025 D cr_AndroidCellularSignalStrength:
[AndroidCellularSignalStrength.java:46] onSignalStrengthsChanged, SignalLevel:2
07-02 20:35:50.942 14753 14753 V AppLog : onPause 275
com.moba.unityplugin.MobaGameUnityActivity
07-02 20:35:50.960 14753 15027 V AppLog : wait for batch event 10444
07-02 20:35:50.961 14753 15720 D AudioTrack: stop(5209): 0x8f27ec30, prior
state:STATE_ACTIVE
07-02 20:35:50.961 14753 15720 D AudioTrack: stop(5209): called with 3296256 frames
delivered
07-02 20:35:50.961 14753 15720 D AudioTrack: stop(5209): 0x8f27ec30 stop done
07-02 20:35:50.961 14753 15720 D AudioTrack: ~AudioTrack(5209): 0x8f27ec30
07-02 20:35:50.962 14753 15720 D AudioTrack: stop(5209): 0x8f27ec30, prior
state:STATE_STOPPED
07-02 20:35:51.723 14753 18663 I GED : ged_boost_gpu_freq, level 100, eOrigin
2, final_idx 31, oppidx_max 31, oppidx_min 0
07-02 20:35:51.733 14753 14753 V PhoneWindow: DecorView setVisiblity: visibility =
4, Parent = android.view.ViewRootImpl@a369e16, this =
DecorView@8703397[MobaGameUnityActivity]
07-02 20:35:51.777 17869 18717 I System.out: [okhttp]:check permission begin!
07-02 20:35:51.777 17869 18717 I System.out: [okhttp]:not MMS!
07-02 20:35:51.777 17869 18717 I System.out: [okhttp]:not Email!
07-02 20:35:51.793 17869 18717 I System.out: [socket]:check permission begin!
07-02 20:35:53.126 14753 16025 D cr_AndroidCellularSignalStrength:
[AndroidCellularSignalStrength.java:46] onSignalStrengthsChanged, SignalLevel:2
07-02 20:35:53.228 14753 15081 D .blackboxa32:p:
TrackPlayerBase::~TrackPlayerBase()
07-02 20:35:53.228 14753 15081 D .blackboxa32:p: PlayerBase::~PlayerBase()
07-02 20:35:53.248 14403 14482 I GED : ged_boost_gpu_freq, level 100, eOrigin
2, final_idx 31, oppidx_max 31, oppidx_min 0
07-02 20:35:53.252 14753 18663 I GED : ged_boost_gpu_freq, level 100, eOrigin
2, final_idx 31, oppidx_max 31, oppidx_min 0
07-02 20:35:53.258 14537 14680 I GED : ged_boost_gpu_freq, level 100, eOrigin
2, final_idx 31, oppidx_max 31, oppidx_min 0
07-02 20:35:56.962 14753 16025 D cr_AndroidCellularSignalStrength:
[AndroidCellularSignalStrength.java:46] onSignalStrengthsChanged, SignalLevel:2
07-02 20:35:57.126 14753 14770 W Parcel : release_object BINDER_TYPE_HANDLE
strongCount==2
07-02 20:36:01.405 14753 15027 I AppLog : batch event by interval: 60000
07-02 20:36:01.408 14753 15027 I AppLog : batch log:
07-02 20:36:01.410 14753 15027 V AppLog : wait for batch event 59994
07-02 20:36:02.081 14753 16025 D cr_AndroidCellularSignalStrength:
[AndroidCellularSignalStrength.java:46] onSignalStrengthsChanged, SignalLevel:2
07-02 20:36:02.925 17869 19543 W FirebaseInstanceId: Failed to find package
android.content.pm.PackageManager$NameNotFoundException: com.google.android.gms
07-02 20:36:02.943 17869 19543 W Metadata: Failed to find package
android.content.pm.PackageManager$NameNotFoundException: com.google.android.gms
07-02 20:36:07.196 14753 16025 D cr_AndroidCellularSignalStrength:
[AndroidCellularSignalStrength.java:46] onSignalStrengthsChanged, SignalLevel:2
07-02 20:36:12.323 14753 16025 D cr_AndroidCellularSignalStrength:
[AndroidCellularSignalStrength.java:46] onSignalStrengthsChanged, SignalLevel:2
07-02 20:36:15.826 14753 19670 D .blackboxa32:p:
TrackPlayerBase::~TrackPlayerBase()
07-02 20:36:15.826 14753 19670 D .blackboxa32:p: PlayerBase::~PlayerBase()
07-02 20:36:17.448 14753 16025 D cr_AndroidCellularSignalStrength:
[AndroidCellularSignalStrength.java:46] onSignalStrengthsChanged, SignalLevel:2
07-02 20:36:20.969 14753 15027 I AppLog : batch log: terminate: f6ec2de6-ef00-
457b-a945-e78cde1b827a,1688304059376,851,4;pack: 5,1569
07-02 20:36:20.974 14753 15027 I AppLog : switchSession begin to send batch logs
07-02 20:36:20.975 14753 15027 D AppLog : getOpenUdId() called,return value :
f28fa619f54277a9
07-02 20:36:20.975 14753 15027 D AppLog : getClientUDID() called,return value :
2e992b79-1980-4418-bf67-02a39a2e4248
07-02 20:36:20.975 14753 15027 D AppLog : getInstallId() called,return value :
7250785349373380358
07-02 20:36:20.976 14753 15027 D AppLog : getDeviceId() called,return value :
7250783964574238213
07-02 20:36:21.124 20142 20142 E ackboxa32:blac: Not starting debugger since
process cannot load the jdwp agent.
07-02 20:36:21.133 20142 20158 D IPCThreadState: FREEZE_BINDER: open freeze success
fd, uid:10602
07-02 20:36:21.229 20142 20142 I LoadedApk: No resource references to update in
package com.transsion.theme.icon
07-02 20:36:21.229 20142 20142 D NetworkSecurityConfig: Using Network Security
Config from resource network_security_config debugBuild: false
07-02 20:36:21.233 20142 20142 D NetworkSecurityConfig: Using Network Security
Config from resource network_security_config debugBuild: false
07-02 20:36:21.273 20142 20142 W ackboxa32:blac: Accessing hidden method
Ldalvik/system/VMRuntime;->setHiddenApiExemptions([Ljava/lang/String;)V
(blacklist,core-platform-api, reflection, denied)
07-02 20:36:21.280 20142 20142 W BootstrapClass: reflect bootstrap failed:
07-02 20:36:21.280 20142 20142 W BootstrapClass:
java.lang.reflect.InvocationTargetException
07-02 20:36:21.280 20142 20142 W BootstrapClass: at
java.lang.reflect.Method.invoke(Native Method)
07-02 20:36:21.280 20142 20142 W BootstrapClass: at
me.weishu.reflection.BootstrapClass.<clinit>(BootstrapClass.java:29)
07-02 20:36:21.280 20142 20142 W BootstrapClass: at
me.weishu.reflection.Reflection.unseal(Reflection.java:34)
07-02 20:36:21.280 20142 20142 W BootstrapClass: at
top.niunaijun.blackbox.BlackBoxCore.doAttachBaseContext(BlackBoxCore.java:125)
07-02 20:36:21.280 20142 20142 W BootstrapClass: at
top.niunaijun.blackboxa.view.main.BlackBoxLoader.attachBaseContext(BlackBoxLoader.k
t:101)
07-02 20:36:21.280 20142 20142 W BootstrapClass: at
top.niunaijun.blackboxa.app.AppManager.doAttachBaseContext(AppManager.kt:25)
07-02 20:36:21.280 20142 20142 W BootstrapClass: at
top.niunaijun.blackboxa.app.App.attachBaseContext(App.kt:30)
07-02 20:36:21.280 20142 20142 W BootstrapClass: at
android.app.Application.attach(Application.java:351)
07-02 20:36:21.280 20142 20142 W BootstrapClass: at
android.app.Instrumentation.newApplication(Instrumentation.java:1159)
07-02 20:36:21.280 20142 20142 W BootstrapClass: at
android.app.LoadedApk.makeApplication(LoadedApk.java:1244)
07-02 20:36:21.280 20142 20142 W BootstrapClass: at
android.app.ActivityThread.handleBindApplication(ActivityThread.java:7092)
07-02 20:36:21.280 20142 20142 W BootstrapClass: at
android.app.ActivityThread.access$1600(ActivityThread.java:268)
07-02 20:36:21.280 20142 20142 W BootstrapClass: at
android.app.ActivityThread$H.handleMessage(ActivityThread.java:2056)
07-02 20:36:21.280 20142 20142 W BootstrapClass: at
android.os.Handler.dispatchMessage(Handler.java:106)
07-02 20:36:21.280 20142 20142 W BootstrapClass: at
android.os.Looper.loop(Looper.java:268)
07-02 20:36:21.280 20142 20142 W BootstrapClass: at
android.app.ActivityThread.main(ActivityThread.java:8101)
07-02 20:36:21.280 20142 20142 W BootstrapClass: at
java.lang.reflect.Method.invoke(Native Method)
07-02 20:36:21.280 20142 20142 W BootstrapClass: at
com.android.internal.os.RuntimeInit$MethodAndArgsCaller.run(RuntimeInit.java:627)
07-02 20:36:21.280 20142 20142 W BootstrapClass: at
com.android.internal.os.ZygoteInit.main(ZygoteInit.java:997)
07-02 20:36:21.280 20142 20142 W BootstrapClass: Caused by:
java.lang.NoSuchMethodException: dalvik.system.VMRuntime.setHiddenApiExemptions
[class [Ljava.lang.String;]
07-02 20:36:21.280 20142 20142 W BootstrapClass: at
java.lang.Class.getMethod(Class.java:2072)
07-02 20:36:21.280 20142 20142 W BootstrapClass: at
java.lang.Class.getDeclaredMethod(Class.java:2050)
07-02 20:36:21.280 20142 20142 W BootstrapClass: ... 19 more
07-02 20:36:21.285 20142 20142 W ackboxa32:blac: Opening an oat file without a
class loader. Are you using the deprecated DexFile APIs?
07-02 20:36:21.286 20142 20142 W ackboxa32:blac: DexFile
/data/user/0/top.niunaijun.blackboxa32/code_cache/1688304981283.dex is in boot
class path but is not in a known location
07-02 20:36:21.330 20142 20142 D HookManager: hook:
top.niunaijun.blackbox.fake.service.libcore.OsStub@8ab3153
07-02 20:36:21.335 20142 20142 D HookManager: hook:
top.niunaijun.blackbox.fake.service.IWifiManagerProxy@a87afbc
07-02 20:36:21.340 20142 20142 D HookManager: hook:
top.niunaijun.blackbox.fake.service.INetworkManagementServiceProxy@2a856c1
07-02 20:36:21.346 20142 20142 D HookManager: hook:
top.niunaijun.blackbox.fake.service.IPackageManagerProxy@28e8af2
07-02 20:36:21.357 20142 20142 D HookManager: hook:
top.niunaijun.blackbox.fake.service.IPowerManagerProxy@90fe9bb
07-02 20:36:21.360 20142 20142 D HookManager: hook:
top.niunaijun.blackbox.fake.service.IGraphicsStatsProxy@7cce084
07-02 20:36:21.364 20142 20142 D HookManager: hook:
top.niunaijun.blackbox.fake.service.IVibratorServiceProxy@7a53669
07-02 20:36:21.365 20142 20142 D HookManager: hook:
top.niunaijun.blackbox.fake.service.IMediaRouterServiceProxy@25f15fa
07-02 20:36:21.368 20142 20142 D HookManager: hook:
top.niunaijun.blackbox.fake.service.IFingerprintManagerProxy@cbb2387
07-02 20:36:21.369 20142 20142 D HookManager: hook:
top.niunaijun.blackbox.fake.service.IPhoneSubInfoProxy@1eb72b4
07-02 20:36:21.371 20142 20142 D HookManager: hook:
top.niunaijun.blackbox.fake.service.IJobServiceProxy@c9c7123
07-02 20:36:21.373 20142 20142 D HookManager: hook:
top.niunaijun.blackbox.fake.service.IContextHubServiceProxy@6c6644c
07-02 20:36:21.376 20142 20142 D HookManager: hook error:
top.niunaijun.blackbox.fake.service.IContextHubServiceProxy@6c6644c
07-02 20:36:21.376 20142 20142 D HookManager: hook:
top.niunaijun.blackbox.fake.service.HCallbackProxy@c0ce19b
07-02 20:36:21.378 20142 20142 D HookManager: hook:
top.niunaijun.blackbox.fake.service.context.RestrictionsManagerStub@acdfc77
07-02 20:36:21.381 20142 20142 D HookManager: hook:
top.niunaijun.blackbox.fake.service.IMediaSessionManagerProxy@3983750
07-02 20:36:21.383 20142 20142 D HookManager: hook:
top.niunaijun.blackbox.fake.service.IActivityTaskManagerProxy@1ce4505
07-02 20:36:21.395 20142 20142 D HookManager: hook:
top.niunaijun.blackbox.fake.service.INotificationManagerProxy@717eab9
07-02 20:36:21.399 20142 20142 D HookManager: hook:
top.niunaijun.blackbox.fake.service.IWifiScannerProxy@7a1f8ac
