11-16 16:20:55.125 24324 24324 I efs.config: --->>> configCallback key is apm_memperf_sampling_rate ## value is 0
11-16 16:20:55.125 24324 24324 I efs.config: --->>> configCallback key is apm_memperf_collect_interval ## value is 5
11-16 16:20:55.125 24324 24324 I efs.config: --->>> configCallback key is apm_memperf_collect_max_period_sec ## value is 600
11-16 16:20:55.125 24324 24324 I efs.config: --->>> configCallback key is apm_net_state ## value is 0
11-16 16:20:55.125 24324 24324 I efs.config: --->>> configCallback key is apm_native_h5_state ## value is 0
11-16 16:20:55.125 24324 24324 I efs.config: --->>> configCallback key is apm_crash_user_max_count ## value is 20
11-16 16:20:55.125 24324 24324 I efs.config: --->>> configCallback key is apm_crash_user_upload_type ## value is 1
11-16 16:20:55.125 24324 24324 I efs.config: callback netRate is 0
11-16 16:20:55.133 24324 24324 I efs.config: callback nativeH5Rate is 0
11-16 16:20:55.138 24324 24324 I efs.config: callback crashMaxUserCount is 20
11-16 16:20:55.139 24324 24324 I efs.config: callback uploadType is 1
11-16 16:20:55.147 24324 24324 I efs.config: --->>> configCallback key is apm_startperf_sampling_rate ## value is 5
11-16 16:20:55.154 24324 24324 I efs.config: --->>> configCallback key is apm_patrace_switch_rate ## value is 5
11-16 16:20:55.187 24324 24324 I AssistStructure: Flattened final assist data: 3668 bytes, containing 1 windows, 26 views
11-16 16:20:55.201 24324 24994 D UYMInnerManager: msg: {"resp_code": 0,"msg": "success","imp": {"first_log_time":"1731745255198","first_app_version":"6.4.4301","first_app_channel ":"cps4404"}}; json: {"ak":"5804407667e58e39b8002e46","umid":"f9bd3d455079e2e345a24b1a80fdb852od","puid" :"","aid":"8ae4a0046fd9614c","atoken":"AUkMezzGDGaYg8SoOr4mCWiSbF94- Q4qRtZKn3yYLvo6CnfEgzzTFSOmO_t4vd6qZyPNLtImQeGS8DwrFML1gy1E4OcaCmAregppM2znYJPZkdx7 1j0=","oaid":"B748962756E14C2E898C42B7B96C21F3a972792a9cf21633370d37706b80114d","id fa":"3b7a4795-9aa6-45e1-a337- 10ca1ad1abe1","db":"OPPO","dm":"CPH1917","os":"Android","ov":"11","sv":"1.1.2","av" :"6.4.4301","chn":"cps4404","cts":1731745252320,"pkg":"com.a3733.gameboxwww","anti" :{"mcc":"466","mnc":"92","net":"Wi-Fi","battery": {"le":45,"vo":4184,"te":394,"st":1,"ch":1,"ts":1731745252319}}}
11-16 16:20:55.580 24324 24789 E AuthSDK : callHttpsApi: {"alibaba_aliqin_psc_info_upload_response":{"result":{"code":"OK","message":"成 功"},"request_id":"16m13cyobxpor"}}
11-16 16:20:55.581 24324 24789 V com.nirvana.tools.logger.cache.db.AbstractDatabase: delete: size=4
11-16 16:20:55.581 24324 24789 V com.nirvana.tools.logger.cache.db.AbstractDatabase: delete: selection=_id in (?,?,?,?)
11-16 16:20:55.594 24324 24789 V com.nirvana.tools.logger.cache.db.AbstractDatabase: delete: count=4
11-16 16:20:55.595 24324 24789 V com.nirvana.tools.logger.cache.db.AbstractDatabase: query: selection=upload_flag = ?
11-16 16:20:55.599 24324 24789 V com.nirvana.tools.logger.cache.db.AbstractDatabase: query: result=[], size=0
11-16 16:20:56.180 24324 24324 D ViewRootImpl[LoginVerifyCodeActivity]: processMotionEvent MotionEvent { action=ACTION_DOWN, actionButton=0, id[0]=0, x[0]=76.0, y[0]=202.0, toolType[0]=TOOL_TYPE_FINGER, buttonState=0, classification=NONE, metaState=0, flags=0x0, edgeFlags=0x0, pointerCount=1, historySize=0, eventTime=238163016, downTime=238163016, deviceId=4, source=0x1002, displayId=0 }
11-16 16:20:56.181 24324 24324 D ViewRootImpl[LoginVerifyCodeActivity]: dispatchPointerEvent handled=true, event=MotionEvent { action=ACTION_DOWN, actionButton=0, id[0]=0, x[0]=76.0, y[0]=202.0, toolType[0]=TOOL_TYPE_FINGER, buttonState=0, classification=NONE, metaState=0, flags=0x0, edgeFlags=0x0, pointerCount=1, historySize=0, eventTime=238163016, downTime=238163016, deviceId=4, source=0x1002, displayId=0 }
11-16 16:20:56.263 24324 24324 D ViewRootImpl[LoginVerifyCodeActivity]: processMotionEvent MotionEvent { action=ACTION_UP, actionButton=0, id[0]=0, x[0]=76.0, y[0]=202.0, toolType[0]=TOOL_TYPE_FINGER, buttonState=0, classification=NONE, metaState=0, flags=0x0, edgeFlags=0x0, pointerCount=1, historySize=0, eventTime=238163104, downTime=238163016, deviceId=4, source=0x1002, displayId=0 }
11-16 16:20:56.264 24324 24324 D ViewRootImpl[LoginVerifyCodeActivity]: dispatchPointerEvent handled=true, event=MotionEvent { action=ACTION_UP, actionButton=0, id[0]=0, x[0]=76.0, y[0]=202.0, toolType[0]=TOOL_TYPE_FINGER, buttonState=0, classification=NONE, metaState=0, flags=0x0, edgeFlags=0x0, pointerCount=1, historySize=0, eventTime=238163104, downTime=238163016, deviceId=4, source=0x1002, displayId=0 }
11-16 16:20:56.307 24324 24393 W SQLiteLog: (28) double-quoted string literal: "
11-16 16:20:56.307 24324 24393 W SQLiteLog: (28) double-quoted string literal: "C06034ED3ED1533D4E606B9A90B814CA"
11-16 16:20:56.319 24324 24324 I crashsdk: Unexp log not enabled, skip update unexp info!
11-16 16:20:56.324 24324 24324 I Ghunt : context.getPackageName(): com.a3733.gameboxwww
11-16 16:20:56.364 24324 24393 W SQLiteLog: (28) double-quoted string literal: "C06034ED3ED1533D4E606B9A90B814CA"
11-16 16:20:56.364 24324 24393 W SQLiteLog: (28) double-quoted string literal: ""
11-16 16:20:56.364 24324 24393 W SQLiteLog: (28) double-quoted string literal: "C06034ED3ED1533D4E606B9A90B814CA"
11-16 16:20:56.364 24324 24393 W SQLiteLog: (28) double-quoted string literal: "-1"
11-16 16:20:56.383 24324 24324 I min77 : computeUsableHeight = 2244
11-16 16:20:56.446 24324 24324 I min77 : computeUsableHeight = 2244
11-16 16:20:56.478 24324 24324 I min77 : computeUsableHeight = 2244
11-16 16:20:56.645 24324 24388 D OpenGLRenderer: endAllActiveAnimators on 0x71bec92f00 (RippleDrawable) with handle 0x71d523c320
11-16 16:20:57.187 24324 24324 D ViewRootImpl[MainActivity]: processMotionEvent MotionEvent { action=ACTION_DOWN, actionButton=0, id[0]=0, x[0]=477.0, y[0]=1121.0, toolType[0]=TOOL_TYPE_FINGER, buttonState=0, classification=NONE, metaState=0, flags=0x0, edgeFlags=0x0, pointerCount=1, historySize=0, eventTime=238164027, downTime=238164027, deviceId=4, source=0x1002, displayId=0 }
11-16 16:20:57.187 24324 24324 D ViewRootImpl[MainActivity]: dispatchPointerEvent handled=true, event=MotionEvent { action=ACTION_DOWN, actionButton=0, id[0]=0, x[0]=477.0, y[0]=1121.0, toolType[0]=TOOL_TYPE_FINGER, buttonState=0, classification=NONE, metaState=0, flags=0x0, edgeFlags=0x0, pointerCount=1, historySize=0, eventTime=238164027, downTime=238164027, deviceId=4, source=0x1002, displayId=0 }
11-16 16:20:57.254 24324 24324 D ViewRootImpl[MainActivity]: processMotionEvent MotionEvent { action=ACTION_UP, actionButton=0, id[0]=0, x[0]=477.0, y[0]=1121.0, toolType[0]=TOOL_TYPE_FINGER, buttonState=0, classification=NONE, metaState=0, flags=0x0, edgeFlags=0x0, pointerCount=1, historySize=0, eventTime=238164093, downTime=238164027, deviceId=4, source=0x1002, displayId=0 }
11-16 16:20:57.254 24324 24324 D ViewRootImpl[MainActivity]: dispatchPointerEvent handled=true, event=MotionEvent { action=ACTION_UP, actionButton=0, id[0]=0, x[0]=477.0, y[0]=1121.0, toolType[0]=TOOL_TYPE_FINGER, buttonState=0, classification=NONE, metaState=0, flags=0x0, edgeFlags=0x0, pointerCount=1, historySize=0, eventTime=238164093, downTime=238164027, deviceId=4, source=0x1002, displayId=0 }
11-16 16:21:00.588 24324 24324 I min77 : computeUsableHeight = 2244
11-16 16:21:01.520 24324 24324 I min77 : computeUsableHeight = 2244
11-16 16:21:01.972 24324 24324 I min77 : computeUsableHeight = 2244
11-16 16:21:02.005 24324 24324 D ViewRootImpl[MainActivity]: processMotionEvent MotionEvent { action=ACTION_DOWN, actionButton=0, id[0]=0, x[0]=854.0, y[0]=319.0, toolType[0]=TOOL_TYPE_FINGER, buttonState=0, classification=NONE, metaState=0, flags=0x0, edgeFlags=0x0, pointerCount=1, historySize=0, eventTime=238168846, downTime=238168846, deviceId=4, source=0x1002, displayId=0 }
11-16 16:21:02.005 24324 24324 D ViewRootImpl[MainActivity]: dispatchPointerEvent handled=true, event=MotionEvent { action=ACTION_DOWN, actionButton=0, id[0]=0, x[0]=854.0, y[0]=319.0, toolType[0]=TOOL_TYPE_FINGER, buttonState=0, classification=NONE, metaState=0, flags=0x0, edgeFlags=0x0, pointerCount=1, historySize=0, eventTime=238168846, downTime=238168846, deviceId=4, source=0x1002, displayId=0 }
11-16 16:21:02.062 24324 24324 D ViewRootImpl[MainActivity]: processMotionEvent MotionEvent { action=ACTION_UP, actionButton=0, id[0]=0, x[0]=854.0, y[0]=319.0, toolType[0]=TOOL_TYPE_FINGER, buttonState=0, classification=NONE, metaState=0, flags=0x0, edgeFlags=0x0, pointerCount=1, historySize=0, eventTime=238168902, downTime=238168846, deviceId=4, source=0x1002, displayId=0 }
11-16 16:21:02.064 24324 24324 D ViewRootImpl[MainActivity]: dispatchPointerEvent handled=true, event=MotionEvent { action=ACTION_UP, actionButton=0, id[0]=0, x[0]=854.0, y[0]=319.0, toolType[0]=TOOL_TYPE_FINGER, buttonState=0, classification=NONE, metaState=0, flags=0x0, edgeFlags=0x0, pointerCount=1, historySize=0, eventTime=238168902, downTime=238168846, deviceId=4, source=0x1002, displayId=0 }
11-16 16:21:02.079 24324 24324 E o0Oo0oo : eventId=M1_N5#ID:16
11-16 16:21:02.093 24324 24324 I min77 : computeUsableHeight = 2244
11-16 16:21:02.199 24324 24324 I min77 : computeUsableHeight = 2244
11-16 16:21:02.389 24324 24586 I crashsdk: crashsdk uploading logs
11-16 16:21:03.704 24324 24324 I min77 : computeUsableHeight = 2244
11-16 16:21:04.750 24324 24324 I min77 : computeUsableHeight = 2244
11-16 16:21:04.856 24324 24324 I chatty : uid=10640(com.a3733.gameboxwww) identical 2 lines
11-16 16:21:04.903 24324 24324 I min77 : computeUsableHeight = 2244
11-16 16:21:05.186 24324 24336 I 3733.gameboxww: Background concurrent copying GC freed 115814(4236KB) AllocSpace objects, 48(11MB) LOS objects, 49% free, 22MB/44MB, paused 108us total 139.164ms
11-16 16:21:05.189 24324 24338 W System : A resource failed to call close.
11-16 16:21:05.189 24324 24338 W SQLiteConnectionPool: A SQLiteConnection object for database '/data/user/0/com.a3733.gameboxwww/databases/okdownload-breakpoint.db' was leaked! Please fix your application to end transactions in progress properly and to close the database when it is no longer needed.
11-16 16:21:05.189 24324 24338 W System : A resource failed to call close.
11-16 16:21:05.233 24324 24324 I min77 : computeUsableHeight = 2244
11-16 16:21:05.356 24324 24324 I min77 : computeUsableHeight = 2244
11-16 16:21:05.502 24324 24324 I min77 : computeUsableHeight = 2244
11-16 16:21:05.517 24324 24324 I min77 : computeUsableHeight = 2244
11-16 16:21:05.603 24324 24324 I min77 : computeUsableHeight = 2244
11-16 16:21:05.753 24324 24324 I min77 : computeUsableHeight = 2244
11-16 16:21:06.036 24324 24324 I min77 : computeUsableHeight = 2244
11-16 16:21:06.116 24324 24324 I min77 : computeUsableHeight = 2244
11-16 16:21:06.435 24324 24324 I min77 : computeUsableHeight = 2244
11-16 16:21:06.583 24324 24324 I chatty : uid=10640(com.a3733.gameboxwww) identical 2 lines
11-16 16:21:06.669 24324 24324 I min77 : computeUsableHeight = 2244
11-16 16:21:06.785 24324 24324 I min77 : computeUsableHeight = 2244
11-16 16:21:06.965 24324 24324 I chatty : uid=10640(com.a3733.gameboxwww) identical 2 lines
11-16 16:21:07.017 24324 24324 I min77 : computeUsableHeight = 2244
11-16 16:21:07.086 24324 24324 D ViewRootImpl[MainActivity]: processMotionEvent MotionEvent { action=ACTION_DOWN, actionButton=0, id[0]=0, x[0]=450.0, y[0]=168.0, toolType[0]=TOOL_TYPE_FINGER, buttonState=0, classification=NONE, metaState=0, flags=0x0, edgeFlags=0x0, pointerCount=1, historySize=0, eventTime=238173925, downTime=238173925, deviceId=4, source=0x1002, displayId=0 }
11-16 16:21:07.086 24324 24324 D ViewRootImpl[MainActivity]: dispatchPointerEvent handled=true, event=MotionEvent { action=ACTION_DOWN, actionButton=0, id[0]=0, x[0]=450.0, y[0]=168.0, toolType[0]=TOOL_TYPE_FINGER, buttonState=0, classification=NONE, metaState=0, flags=0x0, edgeFlags=0x0, pointerCount=1, historySize=0, eventTime=238173925, downTime=238173925, deviceId=4, source=0x1002, displayId=0 }
11-16 16:21:07.139 24324 24324 D ViewRootImpl[MainActivity]: processMotionEvent MotionEvent { action=ACTION_UP, actionButton=0, id[0]=0, x[0]=450.0, y[0]=168.0, toolType[0]=TOOL_TYPE_FINGER, buttonState=0, classification=NONE, metaState=0, flags=0x0, edgeFlags=0x0, pointerCount=1, historySize=0, eventTime=238173979, downTime=238173925, deviceId=4, source=0x1002, displayId=0 }
11-16 16:21:07.140 24324 24324 D ViewRootImpl[MainActivity]: dispatchPointerEvent handled=true, event=MotionEvent { action=ACTION_UP, actionButton=0, id[0]=0, x[0]=450.0, y[0]=168.0, toolType[0]=TOOL_TYPE_FINGER, buttonState=0, classification=NONE, metaState=0, flags=0x0, edgeFlags=0x0, pointerCount=1, historySize=0, eventTime=238173979, downTime=238173925, deviceId=4, source=0x1002, displayId=0 }
11-16 16:21:07.158 24324 24324 E Parcel : Reading a NULL string not supported here.
11-16 16:21:07.182 24324 24324 E o0Oo0oo : eventId=M1_SEARCH
11-16 16:21:07.205 24324 24393 W SQLiteLog: (28) double-quoted string literal: "
11-16 16:21:07.206 24324 24393 W SQLiteLog: (28) double-quoted string literal: "C06034ED3ED1533D4E606B9A90B814CA"
11-16 16:21:07.210 24324 24324 I min77 : computeUsableHeight = 2244
11-16 16:21:07.215 24324 25524 E libEGL : Invalid file path for libcolorx- loader.so
11-16 16:21:07.283 24324 24324 I crashsdk: Unexp log not enabled, skip update unexp info!
11-16 16:21:07.289 24324 24324 D ColorViewRootUtil: initSwipState, isDisplayCompatApp false
11-16 16:21:07.289 24324 24324 D ColorViewRootUtil: mScreenHeight 2340, mScreenWidth 1080
11-16 16:21:07.289 24324 24324 D WindowManager: Add to mViews: DecorView@818a845[SearchActivity],pkg= com.a3733.gameboxwww
11-16 16:21:07.309 24324 24393 W SQLiteLog: (28) double-quoted string literal: "C06034ED3ED1533D4E606B9A90B814CA"
11-16 16:21:07.309 24324 24393 W SQLiteLog: (28) double-quoted string literal: ""
11-16 16:21:07.309 24324 24393 W SQLiteLog: (28) double-quoted string literal: "C06034ED3ED1533D4E606B9A90B814CA"
11-16 16:21:07.309 24324 24393 W SQLiteLog: (28) double-quoted string literal: "-1"
11-16 16:21:07.355 24324 24324 V OplusZoomWindowDecorViewHelper: setLastReportedMergedConfiguration mZoomDisplayHeight: 2340 getDecorView.DecorView@818a845[SearchActivity]
11-16 16:21:07.423 24324 24324 I min77 : computeUsableHeight = 2244
11-16 16:21:08.389 24324 24324 W ResourcesCompat: Failed to inflate ColorStateList, leaving it to the framework
11-16 16:21:08.389 24324 24324 W ResourcesCompat: java.lang.UnsupportedOperationException: Failed to resolve attribute at index 0: TypedValue{t=0x2/d=0x7f040173 a=-1}
11-16 16:21:08.389 24324 24324 W ResourcesCompat: at android.content.res.TypedArray.getColor(TypedArray.java:528)
11-16 16:21:08.389 24324 24324 W ResourcesCompat: at androidx.core.content.res.ColorStateListInflaterCompat.inflate(ColorStateListInflat erCompat.java:13)
11-16 16:21:08.389 24324 24324 W ResourcesCompat: at androidx.core.content.res.ColorStateListInflaterCompat.createFromXmlInner(ColorStat eListInflaterCompat.java:14)
11-16 16:21:08.389 24324 24324 W ResourcesCompat: at androidx.core.content.res.ColorStateListInflaterCompat.createFromXml(ColorStateList InflaterCompat.java:18)
11-16 16:21:08.389 24324 24324 W ResourcesCompat: at androidx.core.content.res.ResourcesCompat.inflateColorStateList(ResourcesCompat.jav a:13)
11-16 16:21:08.389 24324 24324 W ResourcesCompat: at androidx.core.content.res.ResourcesCompat.getColorStateList(ResourcesCompat.java:13 )
11-16 16:21:08.389 24324 24324 W ResourcesCompat: at androidx.core.content.ContextCompat.getColorStateList(ContextCompat.java:9)
11-16 16:21:08.389 24324 24324 W ResourcesCompat: at androidx.appcompat.content.res.AppCompatResources.getColorStateList(AppCompatResour ces.java:1)
11-16 16:21:08.389 24324 24324 W ResourcesCompat: at com.google.android.material.resources.MaterialResources.getColorStateList(MaterialR esources.java:3)
11-16 16:21:08.389 24324 24324 W ResourcesCompat: at com.google.android.material.imageview.ShapeableImageView.<init>(ShapeableImageView. java:19)
11-16 16:21:08.389 24324 24324 W ResourcesCompat: at com.google.android.material.imageview.ShapeableImageView.<init>(ShapeableImageView. java:2)
11-16 16:21:08.389 24324 24324 W ResourcesCompat: at java.lang.reflect.Constructor.newInstance0(Native Method)
11-16 16:21:08.389 24324 24324 W ResourcesCompat: at java.lang.reflect.Constructor.newInstance(Constructor.java:343)
11-16 16:21:08.389 24324 24324 W ResourcesCompat: at android.view.LayoutInflater.createView(LayoutInflater.java:852)
11-16 16:21:08.389 24324 24324 W ResourcesCompat: at android.view.LayoutInflater.createViewFromTag(LayoutInflater.java:1004)
11-16 16:21:08.389 24324 24324 W ResourcesCompat: at android.view.LayoutInflater.createViewFromTag(LayoutInflater.java:959)
11-16 16:21:08.389 24324 24324 W ResourcesCompat: at android.view.LayoutInflater.rInflate(LayoutInflater.java:1121)
11-16 16:21:08.389 24324 24324 W ResourcesCompat: at android.view.LayoutInflater.rInflateChildren(LayoutInflater.java:1082)
11-16 16:21:08.389 24324 24324 W ResourcesCompat: at android.view.LayoutInflater.inflate(LayoutInflater.java:680)
11-16 16:21:08.389 24324 24324 W ResourcesCompat: at android.view.LayoutInflater.inflate(LayoutInflater.java:532)
11-16 16:21:08.389 24324 24324 W ResourcesCompat: at cn.luhaoming.libraries.base.HMBaseAdapter.OooO0OO(HMBaseAdapter.java:10)
11-16 16:21:08.389 24324 24324 W ResourcesCompat: at com.a3733.gamebox.ui.game.search.SearchBeforeHotGameAdapter.onCreate(SearchBeforeHo tGameAdapter.java:6)
11-16 16:21:08.389 24324 24324 W ResourcesCompat: at cn.luhaoming.libraries.base.HMBaseAdapter.onCreateViewHolder(HMBaseAdapter.java:2)
11-16 16:21:08.389 24324 24324 W ResourcesCompat: at cn.luhaoming.libraries.base.HMBaseAdapter.onCreateViewHolder(HMBaseAdapter.java:1)
11-16 16:21:08.389 24324 24324 W ResourcesCompat: at androidx.recyclerview.widget.RecyclerView$Adapter.createViewHolder(RecyclerView.jav a:6)
11-16 16:21:08.389 24324 24324 W ResourcesCompat: at androidx.recyclerview.widget.RecyclerView$Recycler.tryGetViewHolderForPositionByDea dline(RecyclerView.java:295)
11-16 16:21:08.389 24324 24324 W ResourcesCompat: at androidx.recyclerview.widget.RecyclerView$Recycler.getViewForPosition(RecyclerView. java:2)
11-16 16:21:08.389 24324 24324 W ResourcesCompat: at androidx.recyclerview.widget.RecyclerView$Recycler.getViewForPosition(RecyclerView. java:1)
11-16 16:21:08.389 24324 24324 W ResourcesCompat: at androidx.recyclerview.widget.LinearLayoutManager$LayoutState.next(LinearLayoutManag er.java:12)
11-16 16:21:08.389 24324 24324 W ResourcesCompat: at androidx.recyclerview.widget.LinearLayoutManager.layoutChunk(LinearLayoutManager.ja va:1)
11-16 16:21:08.389 24324 24324 W ResourcesCompat: at androidx.recyclerview.widget.LinearLayoutManager.fill(LinearLayoutManager.java:39)
11-16 16:21:08.389 24324 24324 W ResourcesCompat: at androidx.recyclerview.widget.LinearLayoutManager.onLayoutChildren(LinearLayoutManag er.java:357)
11-16 16:21:08.389 24324 24324 W ResourcesCompat: at androidx.recyclerview.widget.RecyclerView.dispatchLayoutStep2(RecyclerView.java:67)
11-16 16:21:08.389 24324 24324 W ResourcesCompat: at androidx.recyclerview.widget.RecyclerView.onMeasure(RecyclerView.java:68)
11-16 16:21:08.389 24324 24324 W ResourcesCompat: at android.view.View.measure(View.java:25785)
11-16 16:21:08.389 24324 24324 W ResourcesCompat: at android.view.ViewGroup.measureChildWithMargins(ViewGroup.java:7043)
11-16 16:21:08.389 24324 24324 W ResourcesCompat: at android.widget.LinearLayout.measureChildBeforeLayout(LinearLayout.java:1552)
11-16 16:21:08.389 24324 24324 W ResourcesCompat: at android.widget.LinearLayout.measureHorizontal(LinearLayout.java:1204)
11-16 16:21:08.389 24324 24324 W ResourcesCompat: at android.widget.LinearLayout.onMeasure(LinearLayout.java:723)
11-16 16:21:08.389 24324 24324 W ResourcesCompat: at android.view.View.measure(View.java:25785)
11-16 16:21:08.389 24324 24324 W ResourcesCompat: at com.a3733.gamebox.widget.WrapContentHeightViewPager.onMeasure(WrapContentHeightView Pager.java:32)
11-16 16:21:08.389 24324 24324 W ResourcesCompat: at android.view.View.measure(View.java:25785)
11-16 16:21:08.389 24324 24324 W ResourcesCompat: at android.view.ViewGroup.measureChildWithMargins(ViewGroup.java:7043)
11-16 16:21:08.389 24324 24324 W ResourcesCompat: at android.widget.LinearLayout.measureChildBeforeLayout(LinearLayout.java:1552)
11-16 16:21:08.389 24324 24324 W ResourcesCompat: at android.widget.LinearLayout.measureVertical(LinearLayout.java:842)
11-16 16:21:08.389 24324 24324 W ResourcesCompat: at android.widget.LinearLayout.onMeasure(LinearLayout.java:721)
11-16 16:21:08.389 24324 24324 W ResourcesCompat: at android.view.View.measure(View.java:25785)
11-16 16:21:08.389 24324 24324 W ResourcesCompat: at androidx.core.widget.NestedScrollView.measureChildWithMargins(NestedScrollView.java :39)
11-16 16:21:08.389 24324 24324 W ResourcesCompat: at android.widget.FrameLayout.onMeasure(FrameLayout.java:194)
11-16 16:21:08.389 24324 24324 W ResourcesCompat: at androidx.core.widget.NestedScrollView.onMeasure(NestedScrollView.java:1)
11-16 16:21:08.389 24324 24324 W ResourcesCompat: at android.view.View.measure(View.java:25785)
11-16 16:21:08.389 24324 24324 W ResourcesCompat: at android.view.ViewGroup.measureChildWithMargins(ViewGroup.java:7043)
11-16 16:21:08.389 24324 24324 W ResourcesCompat: at android.widget.FrameLayout.onMeasure(FrameLayout.java:194)
11-16 16:21:08.389 24324 24324 W ResourcesCompat: at android.view.View.measure(View.java:25785)
11-16 16:21:08.389 24324 24324 W ResourcesCompat: at android.view.ViewGroup.measureChildWithMargins(ViewGroup.java:7043)
11-16 16:21:08.389 24324 24324 W ResourcesCompat: at android.widget.LinearLayout.measureChildBeforeLayout(LinearLayout.java:1552)
11-16 16:21:08.389 24324 24324 W ResourcesCompat: at android.widget.LinearLayout.measureHorizontal(LinearLayout.java:1204)
11-16 16:21:08.389 24324 24324 W ResourcesCompat: at android.widget.LinearLayout.onMeasure(LinearLayout.java:723)
11-16 16:21:08.389 24324 24324 W ResourcesCompat: at android.view.View.measure(View.java:25785)
11-16 16:21:08.389 24324 24324 W ResourcesCompat: at android.view.ViewGroup.measureChildWithMargins(ViewGroup.java:7043)
11-16 16:21:08.389 24324 24324 W ResourcesCompat: at android.widget.FrameLayout.onMeasure(FrameLayout.java:194)
11-16 16:21:08.389 24324 24324 W ResourcesCompat: at android.view.View.measure(View.java:25785)
11-16 16:21:08.389 24324 24324 W ResourcesCompat: at android.view.ViewGroup.measureChildWithMargins(ViewGroup.java:7043)
11-16 16:21:08.389 24324 24324 W ResourcesCompat: at android.widget.LinearLayout.measureChildBeforeLayout(LinearLayout.java:1552)
11-16 16:21:08.389 24324 24324 W ResourcesCompat: at android.widget.LinearLayout.measureVertical(LinearLayout.java:842)
11-16 16:21:08.389 24324 24324 W ResourcesCompat: at android.widget.LinearLayout.onMeasure(LinearLayout.java:721)
11-16 16:21:08.389 24324 24324 W ResourcesCompat: at android.view.View.measure(View.java:25785)
11-16 16:21:08.389 24324 24324 W ResourcesCompat: at android.view.ViewGroup.measureChildWithMargins(ViewGroup.java:7043)
11-16 16:21:08.389 24324 24324 W ResourcesCompat: at android.widget.FrameLayout.onMeasure(FrameLayout.java:194)
11-16 16:21:08.389 24324 24324 W ResourcesCompat: at androidx.appcompat.widget.ContentFrameLayout.onMeasure(ContentFrameLayout.java:155)
11-16 16:21:08.389 24324 24324 W ResourcesCompat: at android.view.View.measure(View.java:25785)
11-16 16:21:08.389 24324 24324 W ResourcesCompat: at android.view.ViewGroup.measureChildWithMargins(ViewGroup.java:7043)
11-16 16:21:08.389 24324 24324 W ResourcesCompat: at android.widget.LinearLayout.measureChildBeforeLayout(LinearLayout.java:1552)
11-16 16:21:08.389 24324 24324 W ResourcesCompat: at android.widget.LinearLayout.measureVertical(LinearLayout.java:842)
11-16 16:21:08.389 24324 24324 W ResourcesCompat: at android.widget.LinearLayout.onMeasure(LinearLayout.java:721)
11-16 16:21:08.389 24324 24324 W ResourcesCompat: at android.view.View.measure(View.java:25785)
11-16 16:21:08.389 24324 24324 W ResourcesCompat: at android.view.ViewGroup.measureChildWithMargins(ViewGroup.java:7043)
11-16 16:21:08.389 24324 24324 W ResourcesCompat: at android.widget.FrameLayout.onMeasure(FrameLayout.java:194)
11-16 16:21:08.389 24324 24324 W ResourcesCompat: at android.view.View.measure(View.java:25785)
11-16 16:21:08.389 24324 24324 W ResourcesCompat: at android.view.ViewGroup.measureChildWithMargins(ViewGroup.java:7043)
11-16 16:21:08.389 24324 24324 W ResourcesCompat: at android.widget.LinearLayout.measureChildBeforeLayout(LinearLayout.java:1552)
11-16 16:21:08.389 24324 24324 W ResourcesCompat: at android.widget.LinearLayout.measureVertical(LinearLayout.java:842)
11-16 16:21:08.389 24324 24324 W ResourcesCompat: at android.widget.LinearLayout.onMeasure(LinearLayout.java:721)
11-16 16:21:08.389 24324 24324 W ResourcesCompat: at android.view.View.measure(View.java:25785)
11-16 16:21:08.389 24324 24324 W ResourcesCompat: at android.view.ViewGroup.measureChildWithMargins(ViewGroup.java:7043)
11-16 16:21:08.389 24324 24324 W ResourcesCompat: at android.widget.FrameLayout.onMeasure(FrameLayout.java:194)
11-16 16:21:08.389 24324 24324 W ResourcesCompat: at android.view.View.measure(View.java:25785)
11-16 16:21:08.389 24324 24324 W ResourcesCompat: at android.view.ViewGroup.measureChildWithMargins(ViewGroup.java:7043)
11-16 16:21:08.389 24324 24324 W ResourcesCompat: at android.widget.FrameLayout.onMeasure(FrameLayout.java:194)
11-16 16:21:08.389 24324 24324 W ResourcesCompat: at com.android.internal.policy.DecorView.onMeasure(DecorView.java:836)
11-16 16:21:08.389 24324 24324 W ResourcesCompat: at android.view.View.measure(View.java:25785)
11-16 16:21:08.389 24324 24324 W ResourcesCompat: at android.view.ViewRootImpl.performMeasure(ViewRootImpl.java:3788)
11-16 16:21:08.389 24324 24324 W ResourcesCompat: at android.view.ViewRootImpl.measureHierarchy(ViewRootImpl.java:2546)
11-16 16:21:08.389 24324 24324 W ResourcesCompat: at android.view.ViewRootImpl.performTraversals(ViewRootImpl.java:2808)
11-16 16:21:08.389 24324 24324 W ResourcesCompat: at android.view.ViewRootImpl.doTraversal(ViewRootImpl.java:2266)
11-16 16:21:08.389 24324 24324 W ResourcesCompat: at android.view.ViewRootImpl$TraversalRunnable.run(ViewRootImpl.java:8854)
11-16 16:21:08.389 24324 24324 W ResourcesCompat: at android.view.Choreographer$CallbackRecord.run(Choreographer.java:1473)
11-16 16:21:08.389 24324 24324 W ResourcesCompat: at android.view.Choreographer.doCallbacks(Choreographer.java:1270)
11-16 16:21:08.389 24324 24324 W ResourcesCompat: at android.view.Choreographer.doFrame(Choreographer.java:981)
11-16 16:21:08.389 24324 24324 W ResourcesCompat: at android.view.Choreographer$FrameDisplayEventReceiver.run(Choreographer.java:1458)
11-16 16:21:08.389 24324 24324 W ResourcesCompat: at android.os.Handler.handleCallback(Handler.java:938)
11-16 16:21:08.389 24324 24324 W ResourcesCompat: at android.os.Handler.dispatchMessage(Handler.java:99)
11-16 16:21:08.389 24324 24324 W ResourcesCompat: at android.os.Looper.loop(Looper.java:263)
11-16 16:21:08.389 24324 24324 W ResourcesCompat: at android.app.ActivityThread.main(ActivityThread.java:8296)
11-16 16:21:08.389 24324 24324 W ResourcesCompat: at java.lang.reflect.Method.invoke(Native Method)
11-16 16:21:08.389 24324 24324 W ResourcesCompat: at com.android.internal.os.RuntimeInit$MethodAndArgsCaller.run(RuntimeInit.java:612)
11-16 16:21:08.389 24324 24324 W ResourcesCompat: at com.android.internal.os.ZygoteInit.main(ZygoteInit.java:1006)
11-16 16:21:08.397 24324 24324 W ResourcesCompat: Failed to inflate ColorStateList, leaving it to the framework
11-16 16:21:08.397 24324 24324 W ResourcesCompat: java.lang.UnsupportedOperationException: Failed to resolve attribute at index 0: TypedValue{t=0x2/d=0x7f040173 a=-1}
11-16 16:21:08.397 24324 24324 W ResourcesCompat: at android.content.res.TypedArray.getColor(TypedArray.java:528)
11-16 16:21:08.397 24324 24324 W ResourcesCompat: at androidx.core.content.res.ColorStateListInflaterCompat.inflate(ColorStateListInflat erCompat.java:13)
11-16 16:21:08.397 24324 24324 W ResourcesCompat: at androidx.core.content.res.ColorStateListInflaterCompat.createFromXmlInner(ColorStat eListInflaterCompat.java:14)
11-16 16:21:08.397 24324 24324 W ResourcesCompat: at androidx.core.content.res.ColorStateListInflaterCompat.createFromXml(ColorStateList InflaterCompat.java:18)
11-16 16:21:08.397 24324 24324 W ResourcesCompat: at androidx.core.content.res.ResourcesCompat.inflateColorStateList(ResourcesCompat.jav a:13)
11-16 16:21:08.397 24324 24324 W ResourcesCompat: at androidx.core.content.res.ResourcesCompat.getColorStateList(ResourcesCompat.java:13 )
11-16 16:21:08.397 24324 24324 W ResourcesCompat: at androidx.core.content.ContextCompat.getColorStateList(ContextCompat.java:9)
11-16 16:21:08.397 24324 24324 W ResourcesCompat: at androidx.appcompat.content.res.AppCompatResources.getColorStateList(AppCompatResour ces.java:1)
11-16 16:21:08.397 24324 24324 W ResourcesCompat: at com.google.android.material.resources.MaterialResources.getColorStateList(MaterialR esources.java:3)
11-16 16:21:08.397 24324 24324 W ResourcesCompat: at com.google.android.material.imageview.ShapeableImageView.<init>(ShapeableImageView. java:19)
11-16 16:21:08.397 24324 24324 W ResourcesCompat: at com.google.android.material.imageview.ShapeableImageView.<init>(ShapeableImageView. java:2)
11-16 16:21:08.397 24324 24324 W ResourcesCompat: at java.lang.reflect.Constructor.newInstance0(Native Method)
11-16 16:21:08.397 24324 24324 W ResourcesCompat: at java.lang.reflect.Constructor.newInstance(Constructor.java:343)
11-16 16:21:08.397 24324 24324 W ResourcesCompat: at android.view.LayoutInflater.createView(LayoutInflater.java:852)
11-16 16:21:08.397 24324 24324 W ResourcesCompat: at android.view.LayoutInflater.createViewFromTag(LayoutInflater.java:1004)
11-16 16:21:08.397 24324 24324 W ResourcesCompat: at android.view.LayoutInflater.createViewFromTag(LayoutInflater.java:959)
11-16 16:21:08.397 24324 24324 W ResourcesCompat: at android.view.LayoutInflater.rInflate(LayoutInflater.java:1121)
11-16 16:21:08.397 24324 24324 W ResourcesCompat: at android.view.LayoutInflater.rInflateChildren(LayoutInflater.java:1082)
11-16 16:21:08.397 24324 24324 W ResourcesCompat: at android.view.LayoutInflater.inflate(LayoutInflater.java:680)
11-16 16:21:08.397 24324 24324 W ResourcesCompat: at android.view.LayoutInflater.inflate(LayoutInflater.java:532)
11-16 16:21:08.397 24324 24324 W ResourcesCompat: at cn.luhaoming.libraries.base.HMBaseAdapter.OooO0OO(HMBaseAdapter.java:10)
11-16 16:21:08.397 24324 24324 W ResourcesCompat: at com.a3733.gamebox.ui.game.search.SearchBeforeHotGameAdapter.onCreate(SearchBeforeHo tGameAdapter.java:6)
11-16 16:21:08.397 24324 24324 W ResourcesCompat: at cn.luhaoming.libraries.base.HMBaseAdapter.onCreateViewHolder(HMBaseAdapter.java:2)
11-16 16:21:08.397 24324 24324 W ResourcesCompat: at cn.luhaoming.libraries.base.HMBaseAdapter.onCreateViewHolder(HMBaseAdapter.java:1)
11-16 16:21:08.397 24324 24324 W ResourcesCompat: at androidx.recyclerview.widget.RecyclerView$Adapter.createViewHolder(RecyclerView.jav a:6)
11-16 16:21:08.397 24324 24324 W ResourcesCompat: at androidx.recyclerview.widget.RecyclerView$Recycler.tryGetViewHolderForPositionByDea dline(RecyclerView.java:295)
11-16 16:21:08.397 24324 24324 W ResourcesCompat: at androidx.recyclerview.widget.RecyclerView$Recycler.getViewForPosition(RecyclerView. java:2)
11-16 16:21:08.397 24324 24324 W ResourcesCompat: at androidx.recyclerview.widget.RecyclerView$Recycler.getViewForPosition(RecyclerView. java:1)
11-16 16:21:08.397 24324 24324 W ResourcesCompat: at androidx.recyclerview.widget.LinearLayoutManager$LayoutState.next(LinearLayoutManag er.java:12)
11-16 16:21:08.397 24324 24324 W ResourcesCompat: at androidx.recyclerview.widget.LinearLayoutManager.layoutChunk(LinearLayoutManager.ja va:1)
11-16 16:21:08.397 24324 24324 W ResourcesCompat: at androidx.recyclerview.widget.LinearLayoutManager.fill(LinearLayoutManager.java:39)
11-16 16:21:08.397 24324 24324 W ResourcesCompat: at androidx.recyclerview.widget.LinearLayoutManager.onLayoutChildren(LinearLayoutManag er.java:357)
11-16 16:21:08.397 24324 24324 W ResourcesCompat: at androidx.recyclerview.widget.RecyclerView.dispatchLayoutStep2(RecyclerView.java:67)
11-16 16:21:08.397 24324 24324 W ResourcesCompat: at androidx.recyclerview.widget.RecyclerView.onMeasure(RecyclerView.java:68)
11-16 16:21:08.397 24324 24324 W ResourcesCompat: at android.view.View.measure(View.java:25785)
11-16 16:21:08.397 24324 24324 W ResourcesCompat: at android.view.ViewGroup.measureChildWithMargins(ViewGroup.java:7043)
11-16 16:21:08.397 24324 24324 W ResourcesCompat: at android.widget.LinearLayout.measureChildBeforeLayout(LinearLayout.java:1552)
11-16 16:21:08.397 24324 24324 W ResourcesCompat: at android.widget.LinearLayout.measureHorizontal(LinearLayout.java:1204)
11-16 16:21:08.397 24324 24324 W ResourcesCompat: at android.widget.LinearLayout.onMeasure(LinearLayout.java:723)
11-16 16:21:08.397 24324 24324 W ResourcesCompat: at android.view.View.measure(View.java:25785)
11-16 16:21:08.397 24324 24324 W ResourcesCompat: at com.a3733.gamebox.widget.WrapContentHeightViewPager.onMeasure(WrapContentHeightView Pager.java:32)
11-16 16:21:08.397 24324 24324 W ResourcesCompat: at android.view.View.measure(View.java:25785)
11-16 16:21:08.397 24324 24324 W ResourcesCompat: at android.view.ViewGroup.measureChildWithMargins(ViewGroup.java:7043)
11-16 16:21:08.397 24324 24324 W ResourcesCompat: at android.widget.LinearLayout.measureChildBeforeLayout(LinearLayout.java:1552)
11-16 16:21:08.397 24324 24324 W ResourcesCompat: at android.widget.LinearLayout.measureVertical(LinearLayout.java:842)
11-16 16:21:08.397 24324 24324 W ResourcesCompat: at android.widget.LinearLayout.onMeasure(LinearLayout.java:721)
11-16 16:21:08.398 24324 24324 W ResourcesCompat: at android.view.View.measure(View.java:25785)
11-16 16:21:08.398 24324 24324 W ResourcesCompat: at androidx.core.widget.NestedScrollView.measureChildWithMargins(NestedScrollView.java :39)
11-16 16:21:08.398 24324 24324 W ResourcesCompat: at android.widget.FrameLayout.onMeasure(FrameLayout.java:194)
11-16 16:21:08.398 24324 24324 W ResourcesCompat: at androidx.core.widget.NestedScrollView.onMeasure(NestedScrollView.java:1)
11-16 16:21:08.398 24324 24324 W ResourcesCompat: at android.view.View.measure(View.java:25785)
11-16 16:21:08.398 24324 24324 W ResourcesCompat: at android.view.ViewGroup.measureChildWithMargins(ViewGroup.java:7043)
11-16 16:21:08.398 24324 24324 W ResourcesCompat: at android.widget.FrameLayout.onMeasure(FrameLayout.java:194)
11-16 16:21:08.398 24324 24324 W ResourcesCompat: at android.view.View.measure(View.java:25785)
11-16 16:21:08.398 24324 24324 W ResourcesCompat: at android.view.ViewGroup.measureChildWithMargins(ViewGroup.java:7043)
11-16 16:21:08.398 24324 24324 W ResourcesCompat: at android.widget.LinearLayout.measureChildBeforeLayout(LinearLayout.java:1552)
11-16 16:21:08.398 24324 24324 W ResourcesCompat: at android.widget.LinearLayout.measureHorizontal(LinearLayout.java:1204)
11-16 16:21:08.398 24324 24324 W ResourcesCompat: at android.widget.LinearLayout.onMeasure(LinearLayout.java:723)
11-16 16:21:08.398 24324 24324 W ResourcesCompat: at android.view.View.measure(View.java:25785)
11-16 16:21:08.398 24324 24324 W ResourcesCompat: at android.view.ViewGroup.measureChildWithMargins(ViewGroup.java:7043)
11-16 16:21:08.398 24324 24324 W ResourcesCompat: at android.widget.FrameLayout.onMeasure(FrameLayout.java:194)
11-16 16:21:08.398 24324 24324 W ResourcesCompat: at android.view.View.measure(View.java:25785)
11-16 16:21:08.398 24324 24324 W ResourcesCompat: at android.view.ViewGroup.measureChildWithMargins(ViewGroup.java:7043)
11-16 16:21:08.398 24324 24324 W ResourcesCompat: at android.widget.LinearLayout.measureChildBeforeLayout(LinearLayout.java:1552)
11-16 16:21:08.398 24324 24324 W ResourcesCompat: at android.widget.LinearLayout.measureVertical(LinearLayout.java:842)
11-16 16:21:08.398 24324 24324 W ResourcesCompat: at android.widget.LinearLayout.onMeasure(LinearLayout.java:721)
11-16 16:21:08.398 24324 24324 W ResourcesCompat: at android.view.View.measure(View.java:25785)
11-16 16:21:08.398 24324 24324 W ResourcesCompat: at android.view.ViewGroup.measureChildWithMargins(ViewGroup.java:7043)
11-16 16:21:08.398 24324 24324 W ResourcesCompat: at android.widget.FrameLayout.onMeasure(FrameLayout.java:194)
11-16 16:21:08.398 24324 24324 W ResourcesCompat: at androidx.appcompat.widget.ContentFrameLayout.onMeasure(ContentFrameLayout.java:155)
11-16 16:21:08.398 24324 24324 W ResourcesCompat: at android.view.View.measure(View.java:25785)
11-16 16:21:08.398 24324 24324 W ResourcesCompat: at android.view.ViewGroup.measureChildWithMargins(ViewGroup.java:7043)
11-16 16:21:08.398 24324 24324 W ResourcesCompat: at android.widget.LinearLayout.measureChildBeforeLayout(LinearLayout.java:1552)
11-16 16:21:08.398 24324 24324 W ResourcesCompat: at android.widget.LinearLayout.measureVertical(LinearLayout.java:842)
11-16 16:21:08.398 24324 24324 W ResourcesCompat: at android.widget.LinearLayout.onMeasure(LinearLayout.java:721)
11-16 16:21:08.398 24324 24324 W ResourcesCompat: at android.view.View.measure(View.java:25785)
11-16 16:21:08.398 24324 24324 W ResourcesCompat: at android.view.ViewGroup.measureChildWithMargins(ViewGroup.java:7043)
11-16 16:21:08.398 24324 24324 W ResourcesCompat: at android.widget.FrameLayout.onMeasure(FrameLayout.java:194)
11-16 16:21:08.398 24324 24324 W ResourcesCompat: at android.view.View.measure(View.java:25785)
11-16 16:21:08.398 24324 24324 W ResourcesCompat: at android.view.ViewGroup.measureChildWithMargins(ViewGroup.java:7043)
11-16 16:21:08.398 24324 24324 W ResourcesCompat: at android.widget.LinearLayout.measureChildBeforeLayout(LinearLayout.java:1552)
11-16 16:21:08.398 24324 24324 W ResourcesCompat: at android.widget.LinearLayout.measureVertical(LinearLayout.java:842)
11-16 16:21:08.398 24324 24324 W ResourcesCompat: at android.widget.LinearLayout.onMeasure(LinearLayout.java:721)
11-16 16:21:08.398 24324 24324 W ResourcesCompat: at android.view.View.measure(View.java:25785)
11-16 16:21:08.398 24324 24324 W ResourcesCompat: at android.view.ViewGroup.measureChildWithMargins(ViewGroup.java:7043)
11-16 16:21:08.398 24324 24324 W ResourcesCompat: at android.widget.FrameLayout.onMeasure(FrameLayout.java:194)
11-16 16:21:08.398 24324 24324 W ResourcesCompat: at android.view.View.measure(View.java:25785)
11-16 16:21:08.398 24324 24324 W ResourcesCompat: at android.view.ViewGroup.measureChildWithMargins(ViewGroup.java:7043)
11-16 16:21:08.398 24324 24324 W ResourcesCompat: at android.widget.FrameLayout.onMeasure(FrameLayout.java:194)
11-16 16:21:08.398 24324 24324 W ResourcesCompat: at com.android.internal.policy.DecorView.onMeasure(DecorView.java:836)
11-16 16:21:08.398 24324 24324 W ResourcesCompat: at android.view.View.measure(View.java:25785)
11-16 16:21:08.398 24324 24324 W ResourcesCompat: at android.view.ViewRootImpl.performMeasure(ViewRootImpl.java:3788)
11-16 16:21:08.398 24324 24324 W ResourcesCompat: at android.view.ViewRootImpl.measureHierarchy(ViewRootImpl.java:2546)
11-16 16:21:08.398 24324 24324 W ResourcesCompat: at android.view.ViewRootImpl.performTraversals(ViewRootImpl.java:2808)
11-16 16:21:08.398 24324 24324 W ResourcesCompat: at android.view.ViewRootImpl.doTraversal(ViewRootImpl.java:2266)
11-16 16:21:08.398 24324 24324 W ResourcesCompat: at android.view.ViewRootImpl$TraversalRunnable.run(ViewRootImpl.java:8854)
11-16 16:21:08.398 24324 24324 W ResourcesCompat: at android.view.Choreographer$CallbackRecord.run(Choreographer.java:1473)
11-16 16:21:08.398 24324 24324 W ResourcesCompat: at android.view.Choreographer.doCallbacks(Choreographer.java:1270)
11-16 16:21:08.398 24324 24324 W ResourcesCompat: at android.view.Choreographer.doFrame(Choreographer.java:981)
11-16 16:21:08.398 24324 24324 W ResourcesCompat: at android.view.Choreographer$FrameDisplayEventReceiver.run(Choreographer.java:1458)
11-16 16:21:08.398 24324 24324 W ResourcesCompat: at android.os.Handler.handleCallback(Handler.java:938)
11-16 16:21:08.398 24324 24324 W ResourcesCompat: at android.os.Handler.dispatchMessage(Handler.java:99)
11-16 16:21:08.398 24324 24324 W ResourcesCompat: at android.os.Looper.loop(Looper.java:263)
11-16 16:21:08.398 24324 24324 W ResourcesCompat: at android.app.ActivityThread.main(ActivityThread.java:8296)
11-16 16:21:08.398 24324 24324 W ResourcesCompat: at java.lang.reflect.Method.invoke(Native Method)
11-16 16:21:08.398 24324 24324 W ResourcesCompat: at com.android.internal.os.RuntimeInit$MethodAndArgsCaller.run(RuntimeInit.java:612)
11-16 16:21:08.398 24324 24324 W ResourcesCompat: at com.android.internal.os.ZygoteInit.main(ZygoteInit.java:1006)
11-16 16:21:08.404 24324 24324 W ResourcesCompat: Failed to inflate ColorStateList, leaving it to the framework
11-16 16:21:08.404 24324 24324 W ResourcesCompat: java.lang.UnsupportedOperationException: Failed to resolve attribute at index 0: TypedValue{t=0x2/d=0x7f040173 a=-1}
11-16 16:21:08.404 24324 24324 W ResourcesCompat: at android.content.res.TypedArray.getColor(TypedArray.java:528)
11-16 16:21:08.404 24324 24324 W ResourcesCompat: at androidx.core.content.res.ColorStateListInflaterCompat.inflate(ColorStateListInflat erCompat.java:13)
11-16 16:21:08.404 24324 24324 W ResourcesCompat: at androidx.core.content.res.ColorStateListInflaterCompat.createFromXmlInner(ColorStat eListInflaterCompat.java:14)
11-16 16:21:08.404 24324 24324 W ResourcesCompat: at androidx.core.content.res.ColorStateListInflaterCompat.createFromXml(ColorStateList InflaterCompat.java:18)
11-16 16:21:08.404 24324 24324 W ResourcesCompat: at androidx.core.content.res.ResourcesCompat.inflateColorStateList(ResourcesCompat.jav a:13)
11-16 16:21:08.404 24324 24324 W ResourcesCompat: at androidx.core.content.res.ResourcesCompat.getColorStateList(ResourcesCompat.java:13 )
11-16 16:21:08.404 24324 24324 W ResourcesCompat: at androidx.core.content.ContextCompat.getColorStateList(ContextCompat.java:9)
11-16 16:21:08.404 24324 24324 W ResourcesCompat: at androidx.appcompat.content.res.AppCompatResources.getColorStateList(AppCompatResour ces.java:1)
11-16 16:21:08.404 24324 24324 W ResourcesCompat: at com.google.android.material.resources.MaterialResources.getColorStateList(MaterialR esources.java:3)
11-16 16:21:08.404 24324 24324 W ResourcesCompat: at com.google.android.material.imageview.ShapeableImageView.<init>(ShapeableImageView. java:19)
11-16 16:21:08.404 24324 24324 W ResourcesCompat: at com.google.android.material.imageview.ShapeableImageView.<init>(ShapeableImageView. java:2)
11-16 16:21:08.404 24324 24324 W ResourcesCompat: at java.lang.reflect.Constructor.newInstance0(Native Method)
11-16 16:21:08.404 24324 24324 W ResourcesCompat: at java.lang.reflect.Constructor.newInstance(Constructor.java:343)
11-16 16:21:08.404 24324 24324 W ResourcesCompat: at android.view.LayoutInflater.createView(LayoutInflater.java:852)
11-16 16:21:08.404 24324 24324 W ResourcesCompat: at android.view.LayoutInflater.createViewFromTag(LayoutInflater.java:1004)
11-16 16:21:08.404 24324 24324 W ResourcesCompat: at android.view.LayoutInflater.createViewFromTag(LayoutInflater.java:959)
11-16 16:21:08.404 24324 24324 W ResourcesCompat: at android.view.LayoutInflater.rInflate(LayoutInflater.java:1121)
11-16 16:21:08.404 24324 24324 W ResourcesCompat: at android.view.LayoutInflater.rInflateChildren(LayoutInflater.java:1082)
11-16 16:21:08.404 24324 24324 W ResourcesCompat: at android.view.LayoutInflater.inflate(LayoutInflater.java:680)
11-16 16:21:08.404 24324 24324 W ResourcesCompat: at android.view.LayoutInflater.inflate(LayoutInflater.java:532)
11-16 16:21:08.404 24324 24324 W ResourcesCompat: at cn.luhaoming.libraries.base.HMBaseAdapter.OooO0OO(HMBaseAdapter.java:10)
11-16 16:21:08.404 24324 24324 W ResourcesCompat: at com.a3733.gamebox.ui.game.search.SearchBeforeHotGameAdapter.onCreate(SearchBeforeHo tGameAdapter.java:6)
11-16 16:21:08.404 24324 24324 W ResourcesCompat: at cn.luhaoming.libraries.base.HMBaseAdapter.onCreateViewHolder(HMBaseAdapter.java:2)
11-16 16:21:08.404 24324 24324 W ResourcesCompat: at cn.luhaoming.libraries.base.HMBaseAdapter.onCreateViewHolder(HMBaseAdapter.java:1)
11-16 16:21:08.404 24324 24324 W ResourcesCompat: at androidx.recyclerview.widget.RecyclerView$Adapter.createViewHolder(RecyclerView.jav a:6)
11-16 16:21:08.404 24324 24324 W ResourcesCompat: at androidx.recyclerview.widget.RecyclerView$Recycler.tryGetViewHolderForPositionByDea dline(RecyclerView.java:295)
11-16 16:21:08.404 24324 24324 W ResourcesCompat: at androidx.recyclerview.widget.RecyclerView$Recycler.getViewForPosition(RecyclerView. java:2)
11-16 16:21:08.404 24324 24324 W ResourcesCompat: at androidx.recyclerview.widget.RecyclerView$Recycler.getViewForPosition(RecyclerView. java:1)
11-16 16:21:08.404 24324 24324 W ResourcesCompat: at androidx.recyclerview.widget.LinearLayoutManager$LayoutState.next(LinearLayoutManag er.java:12)
11-16 16:21:08.404 24324 24324 W ResourcesCompat: at androidx.recyclerview.widget.LinearLayoutManager.layoutChunk(LinearLayoutManager.ja va:1)
11-16 16:21:08.404 24324 24324 W ResourcesCompat: at androidx.recyclerview.widget.LinearLayoutManager.fill(LinearLayoutManager.java:39)
11-16 16:21:08.404 24324 24324 W ResourcesCompat: at androidx.recyclerview.widget.LinearLayoutManager.onLayoutChildren(LinearLayoutManag er.java:357)
11-16 16:21:08.404 24324 24324 W ResourcesCompat: at androidx.recyclerview.widget.RecyclerView.dispatchLayoutStep2(RecyclerView.java:67)
11-16 16:21:08.404 24324 24324 W ResourcesCompat: at androidx.recyclerview.widget.RecyclerView.onMeasure(RecyclerView.java:68)
11-16 16:21:08.404 24324 24324 W ResourcesCompat: at android.view.View.measure(View.java:25785)
11-16 16:21:08.404 24324 24324 W ResourcesCompat: at android.view.ViewGroup.measureChildWithMargins(ViewGroup.java:7043)
11-16 16:21:08.404 24324 24324 W ResourcesCompat: at android.widget.LinearLayout.measureChildBeforeLayout(LinearLayout.java:1552)
11-16 16:21:08.404 24324 24324 W ResourcesCompat: at android.widget.LinearLayout.measureHorizontal(LinearLayout.java:1204)
11-16 16:21:08.404 24324 24324 W ResourcesCompat: at android.widget.LinearLayout.onMeasure(LinearLayout.java:723)
11-16 16:21:08.404 24324 24324 W ResourcesCompat: at android.view.View.measure(View.java:25785)
11-16 16:21:08.404 24324 24324 W ResourcesCompat: at com.a3733.gamebox.widget.WrapContentHeightViewPager.onMeasure(WrapContentHeightView Pager.java:32)
11-16 16:21:08.404 24324 24324 W ResourcesCompat: at android.view.View.measure(View.java:25785)
11-16 16:21:08.404 24324 24324 W ResourcesCompat: at android.view.ViewGroup.measureChildWithMargins(ViewGroup.java:7043)
11-16 16:21:08.404 24324 24324 W ResourcesCompat: at android.widget.LinearLayout.measureChildBeforeLayout(LinearLayout.java:1552)
11-16 16:21:08.404 24324 24324 W ResourcesCompat: at android.widget.LinearLayout.measureVertical(LinearLayout.java:842)
11-16 16:21:08.404 24324 24324 W ResourcesCompat: at android.widget.LinearLayout.onMeasure(LinearLayout.java:721)
11-16 16:21:08.404 24324 24324 W ResourcesCompat: at android.view.View.measure(View.java:25785)
11-16 16:21:08.404 24324 24324 W ResourcesCompat: at androidx.core.widget.NestedScrollView.measureChildWithMargins(NestedScrollView.java :39)
11-16 16:21:08.404 24324 24324 W ResourcesCompat: at android.widget.FrameLayout.onMeasure(FrameLayout.java:194)
11-16 16:21:08.404 24324 24324 W ResourcesCompat: at androidx.core.widget.NestedScrollView.onMeasure(NestedScrollView.java:1)
11-16 16:21:08.404 24324 24324 W ResourcesCompat: at android.view.View.measure(View.java:25785)
11-16 16:21:08.404 24324 24324 W ResourcesCompat: at android.view.ViewGroup.measureChildWithMargins(ViewGroup.java:7043)
11-16 16:21:08.404 24324 24324 W ResourcesCompat: at android.widget.FrameLayout.onMeasure(FrameLayout.java:194)
11-16 16:21:08.404 24324 24324 W ResourcesCompat: at android.view.View.measure(View.java:25785)
11-16 16:21:08.404 24324 24324 W ResourcesCompat: at android.view.ViewGroup.measureChildWithMargins(ViewGroup.java:7043)
11-16 16:21:08.404 24324 24324 W ResourcesCompat: at android.widget.LinearLayout.measureChildBeforeLayout(LinearLayout.java:1552)
11-16 16:21:08.404 24324 24324 W ResourcesCompat: at android.widget.LinearLayout.measureHorizontal(LinearLayout.java:1204)
11-16 16:21:08.404 24324 24324 W ResourcesCompat: at android.widget.LinearLayout.onMeasure(LinearLayout.java:723)
11-16 16:21:08.404 24324 24324 W ResourcesCompat: at android.view.View.measure(View.java:25785)
11-16 16:21:08.404 24324 24324 W ResourcesCompat: at android.view.ViewGroup.measureChildWithMargins(ViewGroup.java:7043)
11-16 16:21:08.404 24324 24324 W ResourcesCompat: at android.widget.FrameLayout.onMeasure(FrameLayout.java:194)
11-16 16:21:08.404 24324 24324 W ResourcesCompat: at android.view.View.measure(View.java:25785)
11-16 16:21:08.404 24324 24324 W ResourcesCompat: at android.view.ViewGroup.measureChildWithMargins(ViewGroup.java:7043)
11-16 16:21:08.404 24324 24324 W ResourcesCompat: at android.widget.LinearLayout.measureChildBeforeLayout(LinearLayout.java:1552)
11-16 16:21:08.404 24324 24324 W ResourcesCompat: at android.widget.LinearLayout.measureVertical(LinearLayout.java:842)
11-16 16:21:08.404 24324 24324 W ResourcesCompat: at android.widget.LinearLayout.onMeasure(LinearLayout.java:721)
11-16 16:21:08.404 24324 24324 W ResourcesCompat: at android.view.View.measure(View.java:25785)
11-16 16:21:08.404 24324 24324 W ResourcesCompat: at android.view.ViewGroup.measureChildWithMargins(ViewGroup.java:7043)
11-16 16:21:08.404 24324 24324 W ResourcesCompat: at android.widget.FrameLayout.onMeasure(FrameLayout.java:194)
