11-16 16:20:47.504 24602 24602 W BootstrapClass: at android.app.ActivityThread$H.handleMessage(ActivityThread.java:2164)
11-16 16:20:47.504 24602 24602 W BootstrapClass: at android.os.Handler.dispatchMessage(Handler.java:106)
11-16 16:20:47.504 24602 24602 W BootstrapClass: at android.os.Looper.loop(Looper.java:263)
11-16 16:20:47.504 24602 24602 W BootstrapClass: at android.app.ActivityThread.main(ActivityThread.java:8296)
11-16 16:20:47.504 24602 24602 W BootstrapClass: at java.lang.reflect.Method.invoke(Native Method)
11-16 16:20:47.504 24602 24602 W BootstrapClass: at com.android.internal.os.RuntimeInit$MethodAndArgsCaller.run(RuntimeInit.java:612)
11-16 16:20:47.504 24602 24602 W BootstrapClass: at com.android.internal.os.ZygoteInit.main(ZygoteInit.java:1006)
11-16 16:20:47.504 24602 24602 W BootstrapClass: Caused by: java.lang.NoSuchMethodException: dalvik.system.VMRuntime.setHiddenApiExemptions [class [Ljava.lang.String;]
11-16 16:20:47.504 24602 24602 W BootstrapClass: at java.lang.Class.getMethod(Class.java:2072)
11-16 16:20:47.504 24602 24602 W BootstrapClass: at java.lang.Class.getDeclaredMethod(Class.java:2050)
11-16 16:20:47.504 24602 24602 W BootstrapClass: ... 19 more
11-16 16:20:47.505 24602 24602 I System : Opening DexFile: /data/user/0/com.a3733.gameboxwww/code_cache/1731745247504.dex
11-16 16:20:47.505 24602 24602 W gameboxwww:cor: Opening an oat file without a class loader. Are you using the deprecated DexFile APIs?
11-16 16:20:47.506 24602 24602 W gameboxwww:cor: DexFile /data/user/0/com.a3733.gameboxwww/code_cache/1731745247504.dex is in boot class path but is not in a known location
11-16 16:20:47.509 24602 24602 I MultiDex: VM with version 2.1.0 has multidex support
11-16 16:20:47.509 24602 24602 I MultiDex: Installing application
11-16 16:20:47.509 24602 24602 I MultiDex: VM has multidex support, MultiDex support library is disabled.
11-16 16:20:47.518 24362 24379 D SystemCallProvider: call: VM, Bundle[mParcelledData.dataSize=88]
11-16 16:20:47.519 24602 24602 D BlackBoxCore: getService: activity_manager, android.os.BinderProxy@208f2da
11-16 16:20:47.520 24362 24379 D SystemCallProvider: call: VM, Bundle[mParcelledData.dataSize=76]
11-16 16:20:47.520 24602 24602 D BlackBoxCore: getService: job_manager, android.os.BinderProxy@66a030b
11-16 16:20:47.520 24362 24379 D SystemCallProvider: call: VM, Bundle[mParcelledData.dataSize=84]
11-16 16:20:47.521 24602 24602 D BlackBoxCore: getService: package_manager, android.os.BinderProxy@d92d5e8
11-16 16:20:47.521 24362 24379 D SystemCallProvider: call: VM, Bundle[mParcelledData.dataSize=84]
11-16 16:20:47.521 24602 24602 D BlackBoxCore: getService: storage_manager, android.os.BinderProxy@e21f401
11-16 16:20:47.521 24362 24379 D SystemCallProvider: call: VM, Bundle[mParcelledData.dataSize=80]
11-16 16:20:47.521 24602 24602 D BlackBoxCore: getService: user_manager, android.os.BinderProxy@69362a6
11-16 16:20:47.522 24362 24379 D SystemCallProvider: call: VM, Bundle[mParcelledData.dataSize=84]
11-16 16:20:47.522 24602 24602 D BlackBoxCore: getService: xposed_manager, android.os.BinderProxy@733c4e7
11-16 16:20:47.522 24362 24379 D SystemCallProvider: call: VM, Bundle[mParcelledData.dataSize=84]
11-16 16:20:47.522 24602 24602 D BlackBoxCore: getService: account_manager, android.os.BinderProxy@8b36894
11-16 16:20:47.522 24362 24379 D SystemCallProvider: call: VM, Bundle[mParcelledData.dataSize=88]
11-16 16:20:47.522 24602 24602 D BlackBoxCore: getService: location_manager, android.os.BinderProxy@4b8cf3d
11-16 16:20:47.523 24362 24379 D SystemCallProvider: call: VM, Bundle[mParcelledData.dataSize=96]
11-16 16:20:47.523 24602 24602 D BlackBoxCore: getService: notification_manager, android.os.BinderProxy@8030332
11-16 16:20:47.570 24324 24324 I crashsdk: Unexp log not enabled, skip update unexp info!
11-16 16:20:47.571 24324 24590 W efs.info.manager: network change: wifi
11-16 16:20:47.596 24602 24602 I NimExternalStorage: use external files dir!
11-16 16:20:47.599 24602 24658 D [push]AppDir: 2/DATA /data/user/0/com.a3733.gameboxwww/6374f68354737e31410ef7a1b0e1828d
11-16 16:20:47.599 24602 24658 D [push]AppDir: 2/CACHE /data/user/0/com.a3733.gameboxwww/cache/6374f68354737e31410ef7a1b0e1828d
11-16 16:20:47.599 24602 24658 I Log : 15799/shrink log success
11-16 16:20:47.600 24602 24658 I [push]core: 2/********** SDK Push Process Start **** sessionId:521a951d-5eb1-4b42-9a1b-c4e70c2eecc2 **** reduced IM:false **** from:NimService ************
11-16 16:20:47.601 24602 24658 I [push]core: 2/fetch LBS on SDK init...
11-16 16:20:47.609 24602 24658 I [push]LBS: 2/load cached LBS link address, links count=0, def links count=1
11-16 16:20:47.610 24602 24658 I [push]LBS: 2/load cached nosdl address, links count=0
11-16 16:20:47.611 24602 24658 I [push]LBS: 15800/get server address from LBS on background
11-16 16:20:47.612 24602 24658 D [push]LBS: 15800/choose ip protocol version
11-16 16:20:47.612 24602 24658 I [push]LBS: 15800/generate lbs path, IPVersion=IPV4
11-16 16:20:47.613 24602 24658 D [push]LBS: 15800/LBS http get, url=https://lbs- qiyu.netease.im/lbs/conf.jsp?devflag=qyonline? tp=1&sv=1&pv=1&k=6374f68354737e31410ef7a1b0e1828d&networkType=0
11-16 16:20:47.613 24602 24658 I [push]core: 2/push client startup
11-16 16:20:47.614 24602 24659 I DpmTcmClient: RegisterTcmMonitor from: $Proxy1
11-16 16:20:47.614 24602 24658 I [push]core: 2/nim service startup
11-16 16:20:47.614 24602 24658 I [push]remote: 2/UI process bound! service=NimService
11-16 16:20:47.616 24324 24597 I [ui]main_conn: 2/onServiceConnected: binder#android.os.BinderProxy@1a96fc6
11-16 16:20:47.616 24602 24658 I [push]core: 2/start NimService onStartForeground false
11-16 16:20:47.617 24602 24658 I [push]core: 2/NimService onStartCommand from#1 flags#0 startId#1
11-16 16:20:47.617 24602 24658 D [push]service: 2/start repeating alarm
11-16 16:20:47.617 24602 24658 I [push]remote: 15805/IPC duplex channel established
11-16 16:20:47.621 24602 24658 I [push]sdk_config_push: 15805/read sdk config from SP, sdk config=[1,1,1,1]
11-16 16:20:47.622 24324 24597 I [ui]sdk_config_ui: 15864/read sdk config from push, sdk config=[1,1,1,1]
11-16 16:20:47.627 24324 24597 I [ui]SDKCache: 15864/set login info, null
11-16 16:20:47.628 24324 24597 I [ui]InvocationMgr: 15864/on notify: Transaction: [id: 10, method: AuthServiceObserver/observeOtherClients]
11-16 16:20:47.628 24602 24658 I [push]core: 2/start NimService onStartForeground false
11-16 16:20:47.629 24602 24658 I [push]core: 2/NimService onStartCommand from#0 flags#0 startId#2
11-16 16:20:47.629 24602 24658 D [push]service: 2/start repeating alarm
11-16 16:20:47.631 24602 24658 I [push]core: 2/aux service startup
11-16 16:20:47.633 24324 24597 I [ui]aux_conn: 2/onServiceConnected: binder#android.os.BinderProxy@440b19e
11-16 16:20:47.633 24602 24658 I [push]core: 2/AuxService onStartCommand flags#0 startId#1 sticky=true
11-16 16:20:47.635 24324 24393 W SQLiteLog: (28) double-quoted string literal: "C06034ED3ED1533D4E606B9A90B814CA"
11-16 16:20:47.646 24324 24393 W SQLiteLog: (28) double-quoted string literal: "C06034ED3ED1533D4E606B9A90B814CA"
11-16 16:20:47.646 24324 24393 W SQLiteLog: (28) double-quoted string literal: ""
11-16 16:20:47.646 24324 24393 W SQLiteLog: (28) double-quoted string literal: "C06034ED3ED1533D4E606B9A90B814CA"
11-16 16:20:47.646 24324 24393 W SQLiteLog: (28) double-quoted string literal: "-1"
11-16 16:20:47.902 24324 24597 I [ui]NOS_LBS: 2/load cached nos upload server addresses from SP, ip count=0, default ip count=1
11-16 16:20:47.902 24324 24597 I [ui]NOS_LBS: 2/fetch NOS LBS on SDK init...
11-16 16:20:47.903 24324 24597 I [ui]NOS_LBS: 15880/fetch nos upload server addresses from lbs on background
11-16 16:20:47.904 24324 24597 I [ui]NOS_LBS: 15880/fetch nos lbs, url=https://wanproxy-hz.127.net/lbs?version=1.0
11-16 16:20:48.052 24324 24324 E IndexExtra: 初始化完成
11-16 16:20:48.080 24602 24658 D [push]LBS: 15800/LBS http get success, result={"common":{"httpdns":["https://httpdns.n.netease.com","http:// 59.111.239.61","http://59.111.239.62"],"nos":["http://45.127.128.24","http:// 45.127.128.25"],"link":["link-ga-hz-azure.yunxinfw.com:443","link-ga- hz.yunxinfw.com:443","link-ga-hz.yunxinfw.com:443"],"nosdl":"http:// nos.netease.com","weblink":[],"name":"this is server list for outsea","lbs":"https://lbs.netease.im/lbs/conf.jsp","link.default":["link-ga- hz.yunxinfw.com:443"],"nosdls":["http://nos.netease.com"],"desc":"online"}}
11-16 16:20:48.080 24602 24658 I [push]LBS: 15800/lbs host: [https://lbs.netease.im/lbs/conf.jsp]
11-16 16:20:48.082 24602 24658 I [push]LBS: 15800/update server address from LBS, links count=3, def links count=1, nosdl count=1
11-16 16:20:48.082 24602 24658 I [push]LBS: 15800/parse LBS json, origin content: {"common":{"httpdns":["https://httpdns.n.netease.com","http:// 59.111.239.61","http://59.111.239.62"],"nos":["http://45.127.128.24","http:// 45.127.128.25"],"link":["link-ga-hz-azure.yunxinfw.com:443","link-ga- hz.yunxinfw.com:443","link-ga-hz.yunxinfw.com:443"],"nosdl":"http:// nos.netease.com","weblink":[],"name":"this is server list for outsea","lbs":"https://lbs.netease.im/lbs/conf.jsp","link.default":["link-ga- hz.yunxinfw.com:443"],"nosdls":["http://nos.netease.com"],"desc":"online"}}
11-16 16:20:48.127 24324 24393 I MobclickAgent: module init:azioctr
11-16 16:20:48.229 24324 24324 W Thread-27: type=1400 audit(0.0:141161): avc: denied { read } for name="diskstats" dev="proc" ino=4026532164 scontext=u:r:untrusted_app:s0:c128,c258,c512,c768 tcontext=u:object_r:proc_diskstats:s0 tclass=file permissive=0 app=com.a3733.gameboxwww
11-16 16:20:48.299 24324 24597 I [ui]NOS_LBS: 15880/fetch nos lbs result: {"lbs":"http:\/\/223.252.196.42\/lbs","upload":["http:\/\/45.127.129.16","http:\/\/ 45.127.129.8"]}
11-16 16:20:48.300 24324 24597 D [ui]NOS_LBS: 15880/get nos lbs ip: http://223.252.196.42/lbs
11-16 16:20:48.300 24324 24597 D [ui]NOS_LBS: 15880/get nos upload server ip string: http://45.127.129.16;http://45.127.129.8
11-16 16:20:48.300 24324 24597 I [ui]NOS_LBS: 15880/save http upload server ip: http://45.127.129.16;http://45.127.129.8
11-16 16:20:48.300 24324 24597 D [ui]NOS_LBS: 15880/save nos lbs response data
11-16 16:20:48.300 24324 24597 I [ui]NOS_LBS: 15880/update nos upload server addresses from lbs, ip count=2, default ip count=1
11-16 16:20:48.300 24697 24697 E libc : Access denied finding property "ro.serialno"
11-16 16:20:48.326 24324 24393 E 3733.gameboxww: Invalid ID 0x00000000.
11-16 16:20:48.392 24324 24393 W SQLiteLog: (28) double-quoted string literal: "C06034ED3ED1533D4E606B9A90B814CA"
11-16 16:20:48.392 24324 24393 W SQLiteLog: (28) double-quoted string literal: ""
11-16 16:20:48.393 24324 24393 W SQLiteLog: (28) double-quoted string literal: "C06034ED3ED1533D4E606B9A90B814CA"
11-16 16:20:48.393 24324 24393 W SQLiteLog: (28) double-quoted string literal: "-1"
11-16 16:20:48.569 24697 24697 I Umeng_ZID: native zid is APEnNvEICEz8C_QaQ- wvMqHbbwMlhmWVhdWtEXYqaVQj1QmWvu73vsTTMlNUVWAaWBEhTJfeESrZE7zEHTf1g_FRLmbQwN4CTYEG9 74LXjzbxZi1Xek6zz2SYa289Uagrm- zrlh5EDAUcgUIOTqWJNPYu0dEYaylaWY38tuaKCGHE3w4dkWqVwuE9l0Li6u65p1kuWGznfg6vFe6JIAEvI lQRzDQM4XbaTyBucpNXsDJZ33gaLILkL_dgVTwKKSd0al4tWSM1z1Rv33pU9svpFt9H1gjRxT- vMVXBTVbSUB0SfWIJFZMTTlmnUK-ObAJSXijYDZJgh_vTZ9TiLMeB3bQsY7Zd- FHlc_m50UC83r_b9CXcnf0crUM5-86zO- ewrr5TxEaiXCf6yX8dIm2jXX1X8FBBjntGTB0ZSx5V2DrNn5lnBT1YE8GjsLUabmHSub2S6zG7jFkl0acaw _huTrkhicFM_G8cCb0Ehjxw5JZgJrP9p8WGp8_vHS903e6Fhlurtb0M-1sZkr--kZDLB-woRGClwTqjw==
11-16 16:20:48.569 24697 24697 I Umeng_ZID:
11-16 16:20:48.945 24324 24553 W System : Ignoring header moid because its value was null.
11-16 16:20:49.008 24324 24394 I UMCrash : common callback. key is umid; value is f9bd3d455079e2e345a24b1a80fdb852od
11-16 16:20:49.008 24324 24394 I LaunchTrace: begin sendLaunchCache
11-16 16:20:49.092 24324 24338 W System : A resource failed to call close.
11-16 16:20:49.917 24324 24324 D ViewRootImpl[SplashActivity]: processMotionEvent MotionEvent { action=ACTION_DOWN, actionButton=0, id[0]=0, x[0]=786.0, y[0]=1905.0, toolType[0]=TOOL_TYPE_FINGER, buttonState=0, classification=NONE, metaState=0, flags=0x0, edgeFlags=0x0, pointerCount=1, historySize=0, eventTime=238156758, downTime=238156758, deviceId=4, source=0x1002, displayId=0 }
11-16 16:20:49.923 24324 24324 D ViewRootImpl[SplashActivity]: dispatchPointerEvent handled=true, event=MotionEvent { action=ACTION_DOWN, actionButton=0, id[0]=0, x[0]=786.0, y[0]=1905.0, toolType[0]=TOOL_TYPE_FINGER, buttonState=0, classification=NONE, metaState=0, flags=0x0, edgeFlags=0x0, pointerCount=1, historySize=0, eventTime=238156758, downTime=238156758, deviceId=4, source=0x1002, displayId=0 }
11-16 16:20:50.015 24324 24324 D ViewRootImpl[SplashActivity]: processMotionEvent MotionEvent { action=ACTION_UP, actionButton=0, id[0]=0, x[0]=786.0, y[0]=1905.0, toolType[0]=TOOL_TYPE_FINGER, buttonState=0, classification=NONE, metaState=0, flags=0x0, edgeFlags=0x0, pointerCount=1, historySize=0, eventTime=238156857, downTime=238156758, deviceId=4, source=0x1002, displayId=0 }
11-16 16:20:50.015 24324 24324 D ViewRootImpl[SplashActivity]: dispatchPointerEvent handled=true, event=MotionEvent { action=ACTION_UP, actionButton=0, id[0]=0, x[0]=786.0, y[0]=1905.0, toolType[0]=TOOL_TYPE_FINGER, buttonState=0, classification=NONE, metaState=0, flags=0x0, edgeFlags=0x0, pointerCount=1, historySize=0, eventTime=238156857, downTime=238156758, deviceId=4, source=0x1002, displayId=0 }
11-16 16:20:50.016 24324 24324 I Ghunt : webAppUrl=:
11-16 16:20:50.017 24324 24324 I Ghunt : SharedPreferMagic.getInstance().getFlavor()==: 1
11-16 16:20:50.045 24324 24324 E Parcel : Reading a NULL string not supported here.
11-16 16:20:50.096 24324 24721 E libEGL : Invalid file path for libcolorx- loader.so
11-16 16:20:50.174 24324 24324 I oplus.android.OplusFrameworkFactoryImpl: get feature:IOplusZenModeFeature
11-16 16:20:50.174 24324 24324 D OplusZenModeFeature: new OplusZenModeFeature
11-16 16:20:50.200 24324 24324 I crashsdk: Unexp log not enabled, skip update unexp info!
11-16 16:20:50.216 24324 24725 W LOTTIE : Animation contains merge paths. Merge paths are only supported on KitKat+ and must be manually enabled by calling enableMergePathsForKitKatAndAbove().
11-16 16:20:50.242 24324 24324 E Parcel : Reading a NULL string not supported here.
11-16 16:20:50.248 24324 24324 I chatty : uid=10640(com.a3733.gameboxwww) identical 31 lines
11-16 16:20:50.248 24324 24324 E Parcel : Reading a NULL string not supported here.
11-16 16:20:50.285 24741 24741 E Parcel : Attempt to read from protected data in Parcel 0x7fcce1fa60
11-16 16:20:50.285 24741 24741 I chatty : uid=10640(com.a3733.gameboxwww) cmd identical 3 lines
11-16 16:20:50.285 24741 24741 E Parcel : Attempt to read from protected data in Parcel 0x7fcce1fa60
11-16 16:20:50.285 24741 24741 E Parcel : Reading a NULL string not supported here.
11-16 16:20:50.306 24741 24743 I cmd : oneway function results will be dropped but finished with status OK and parcel size 4
11-16 16:20:50.342 24324 24755 E Parcel : Reading a NULL string not supported here.
11-16 16:20:50.346 24324 24752 W KeyStore: KeyStore exception
11-16 16:20:50.346 24324 24752 W KeyStore: android.os.ServiceSpecificException: (code 7)
11-16 16:20:50.346 24324 24752 W KeyStore: at android.os.Parcel.createExceptionOrNull(Parcel.java:2403)
11-16 16:20:50.346 24324 24752 W KeyStore: at android.os.Parcel.createException(Parcel.java:2373)
11-16 16:20:50.346 24324 24752 W KeyStore: at android.os.Parcel.readException(Parcel.java:2356)
11-16 16:20:50.346 24324 24752 W KeyStore: at android.os.Parcel.readException(Parcel.java:2298)
11-16 16:20:50.346 24324 24752 W KeyStore: at android.security.keystore.IKeystoreService$Stub$Proxy.get(IKeystoreService.java:100 7)
11-16 16:20:50.346 24324 24752 W KeyStore: at android.security.KeyStore.get(KeyStore.java:238)
11-16 16:20:50.346 24324 24752 W KeyStore: at android.security.KeyStore.get(KeyStore.java:227)
11-16 16:20:50.346 24324 24752 W KeyStore: at android.security.keystore.AndroidKeyStoreSpi.engineGetCertificate(AndroidKeyStoreSp i.java:160)
11-16 16:20:50.346 24324 24752 W KeyStore: at java.security.KeyStore.getCertificate(KeyStore.java:1120)
11-16 16:20:50.346 24324 24752 W KeyStore: at com.cmic.sso.sdk.h.e.a(Unknown Source:3)
11-16 16:20:50.346 24324 24752 W KeyStore: at com.mobile.auth.e.a$a.a(Unknown Source:48)
11-16 16:20:50.346 24324 24752 W KeyStore: at com.cmic.sso.sdk.h.u$a.run(Unknown Source:10)
11-16 16:20:50.346 24324 24752 W KeyStore: at java.util.concurrent.ThreadPoolExecutor.runWorker(ThreadPoolExecutor.java:1167)
11-16 16:20:50.346 24324 24752 W KeyStore: at java.util.concurrent.ThreadPoolExecutor$Worker.run(ThreadPoolExecutor.java:641)
11-16 16:20:50.346 24324 24752 W KeyStore: at java.lang.Thread.run(Thread.java:923)
11-16 16:20:50.348 24324 24752 W KeyStore: KeyStore exception
11-16 16:20:50.348 24324 24752 W KeyStore: android.os.ServiceSpecificException: (code 7)
11-16 16:20:50.348 24324 24752 W KeyStore: at android.os.Parcel.createExceptionOrNull(Parcel.java:2403)
11-16 16:20:50.348 24324 24752 W KeyStore: at android.os.Parcel.createException(Parcel.java:2373)
11-16 16:20:50.348 24324 24752 W KeyStore: at android.os.Parcel.readException(Parcel.java:2356)
11-16 16:20:50.348 24324 24752 W KeyStore: at android.os.Parcel.readException(Parcel.java:2298)
11-16 16:20:50.348 24324 24752 W KeyStore: at android.security.keystore.IKeystoreService$Stub$Proxy.get(IKeystoreService.java:100 7)
11-16 16:20:50.348 24324 24752 W KeyStore: at android.security.KeyStore.get(KeyStore.java:238)
11-16 16:20:50.348 24324 24752 W KeyStore: at android.security.KeyStore.get(KeyStore.java:227)
11-16 16:20:50.348 24324 24752 W KeyStore: at android.security.keystore.AndroidKeyStoreSpi.engineGetCertificate(AndroidKeyStoreSp i.java:165)
11-16 16:20:50.348 24324 24752 W KeyStore: at java.security.KeyStore.getCertificate(KeyStore.java:1120)
11-16 16:20:50.348 24324 24752 W KeyStore: at com.cmic.sso.sdk.h.e.a(Unknown Source:3)
11-16 16:20:50.348 24324 24752 W KeyStore: at com.mobile.auth.e.a$a.a(Unknown Source:48)
11-16 16:20:50.348 24324 24752 W KeyStore: at com.cmic.sso.sdk.h.u$a.run(Unknown Source:10)
11-16 16:20:50.348 24324 24752 W KeyStore: at java.util.concurrent.ThreadPoolExecutor.runWorker(ThreadPoolExecutor.java:1167)
11-16 16:20:50.348 24324 24752 W KeyStore: at java.util.concurrent.ThreadPoolExecutor$Worker.run(ThreadPoolExecutor.java:641)
11-16 16:20:50.348 24324 24752 W KeyStore: at java.lang.Thread.run(Thread.java:923)
11-16 16:20:50.353 24324 24756 D CompatibilityChangeReporter: Compat change id reported: 149924527; UID 10640; state: ENABLED
11-16 16:20:50.354 24324 24756 D CompatibilityChangeReporter: Compat change id reported: 132649864; UID 10640; state: DISABLED
11-16 16:20:50.356 24324 24324 E openSDK_LOG: com.a3733.gameboxwww SDK_VERSION:3.5.14.lite
11-16 16:20:50.357 24324 24324 I openSDK_LOG.Tencent: createInstance() -- start, appId =
11-16 16:20:50.358 24324 24324 E openSDK_LOG.Tencent: appId should not be empty!
11-16 16:20:50.358 24324 24324 I openSDK_LOG.Tencent: setIsPermissionGranted, isPermissionGranted: true
11-16 16:20:50.359 24324 24324 I openSDK_LOG.DeviceInfoUtils: init, model =
11-16 16:20:50.360 24324 24324 I openSDK_LOG.DeviceInfoUtils: init, device =
11-16 16:20:50.360 24324 24324 I openSDK_LOG.Tencent: setIsPermissionGranted, isPermissionGranted: true, model = CPH1917
11-16 16:20:50.360 24324 24324 I openSDK_LOG.DeviceInfoUtils: setBuildModel, model = CPH1917
11-16 16:20:50.382 24324 24324 I openSDK_LOG.DeviceInfoUtils: setBuildModel, update sp.
11-16 16:20:50.383 24324 24324 D MicroMsg.PaySdk.WXFactory: createWXAPI, appId = wx145e2e29b3417480, checkSignature = false
11-16 16:20:50.383 24324 24324 D MicroMsg.PaySdk.WXFactory: createWXAPI, appId = wx145e2e29b3417480, checkSignature = false, launchMode = 2
11-16 16:20:50.383 24324 24324 D MicroMsg.SDK.WXApiImplV10: <init>, appId = wx145e2e29b3417480, checkSignature = false, launchMode = 2
11-16 16:20:50.384 24324 24324 D MicroMsg.SDK.WXMsgImplComm: ignore wechat app signature validation
11-16 16:20:50.384 24324 24324 D MicroMsg.SDK.WXApiImplV10: registerApp, appId = wx145e2e29b3417480
11-16 16:20:50.384 24324 24324 D MicroMsg.SDK.WXApiImplV10: registerApp, appId = wx145e2e29b3417480
11-16 16:20:50.384 24324 24324 D MicroMsg.SDK.WXApiImplV10: register app com.a3733.gameboxwww
11-16 16:20:50.385 24324 24324 D MicroMsg.SDK.MMessage: send mm message, intent=Intent { act=com.tencent.mm.plugin.openapi.Intent.ACTION_HANDLE_APP_REGISTER (has extras) }, perm=com.tencent.mm.permission.MM_MESSAGE
11-16 16:20:50.391 24324 24324 E Parcel : Reading a NULL string not supported here.
11-16 16:20:50.414 24324 24324 I Ghunt : context.getPackageName(): com.a3733.gameboxwww
11-16 16:20:50.420 24324 24597 I [ui]AppForegroundWatcher: 2/app on foreground
11-16 16:20:50.425 24324 24324 D ColorViewRootUtil: initSwipState, isDisplayCompatApp false
11-16 16:20:50.425 24324 24324 D ColorViewRootUtil: mScreenHeight 2340, mScreenWidth 1080
11-16 16:20:50.425 24324 24324 D WindowManager: Add to mViews: DecorView@41eab9c[MainActivity],pkg= com.a3733.gameboxwww
11-16 16:20:50.437 24324 24393 W SQLiteLog: (28) double-quoted string literal: "C06034ED3ED1533D4E606B9A90B814CA"
11-16 16:20:50.437 24324 24393 W SQLiteLog: (28) double-quoted string literal: ""
11-16 16:20:50.437 24324 24393 W SQLiteLog: (28) double-quoted string literal: "C06034ED3ED1533D4E606B9A90B814CA"
11-16 16:20:50.437 24324 24393 W SQLiteLog: (28) double-quoted string literal: "-1"
11-16 16:20:50.439 24324 24789 V com.nirvana.tools.logger.cache.db.AbstractDatabase: insert: id=1
11-16 16:20:50.440 24324 24788 V com.nirvana.tools.logger.cache.db.AbstractDatabase: insert: id=1
11-16 16:20:50.450 24324 24788 V com.nirvana.tools.logger.cache.db.AbstractDatabase: insert: id=2
11-16 16:20:50.482 24324 24324 V OplusZoomWindowDecorViewHelper: setLastReportedMergedConfiguration mZoomDisplayHeight: 2340 getDecorView.DecorView@41eab9c[MainActivity]
11-16 16:20:50.526 24324 24324 W LOTTIE : Animation contains merge paths but they are disabled.
11-16 16:20:50.605 24324 24808 E libEGL : Invalid file path for libcolorx- loader.so
11-16 16:20:50.643 24324 24324 D AudioManager: getStreamVolume packageName=com.a3733.gameboxwww, index=3, streamType=3
11-16 16:20:50.818 24324 24324 I crashsdk: Unexp log not enabled, skip update unexp info!
11-16 16:20:50.830 24324 24324 D ColorViewRootUtil: initSwipState, isDisplayCompatApp false
11-16 16:20:50.830 24324 24324 D ColorViewRootUtil: mScreenHeight 2340, mScreenWidth 1080
11-16 16:20:50.830 24324 24324 D WindowManager: Add to mViews: DecorView@7f1d63[BtGameDetailActivity],pkg= com.a3733.gameboxwww
11-16 16:20:50.841 24324 24393 W SQLiteLog: (28) double-quoted string literal: "C06034ED3ED1533D4E606B9A90B814CA"
11-16 16:20:50.841 24324 24393 W SQLiteLog: (28) double-quoted string literal: ""
11-16 16:20:50.842 24324 24393 W SQLiteLog: (28) double-quoted string literal: "C06034ED3ED1533D4E606B9A90B814CA"
11-16 16:20:50.842 24324 24393 W SQLiteLog: (28) double-quoted string literal: "-1"
11-16 16:20:50.883 24324 24324 V OplusZoomWindowDecorViewHelper: setLastReportedMergedConfiguration mZoomDisplayHeight: 2340 getDecorView.DecorView@7f1d63[BtGameDetailActivity]
11-16 16:20:50.908 24324 24749 E AuthSDK : checkEnvAvailable failed! Unsupported Vendor!
11-16 16:20:50.917 24324 24788 V com.nirvana.tools.logger.cache.db.AbstractDatabase: insert: id=3
11-16 16:20:50.938 24324 24788 V com.nirvana.tools.logger.cache.db.AbstractDatabase: insert: id=4
11-16 16:20:50.964 24324 24789 V com.nirvana.tools.logger.cache.db.AbstractDatabase: insert: id=2
11-16 16:20:50.964 24324 24789 V com.nirvana.tools.logger.cache.db.AbstractDatabase: query: selection=upload_flag = ?
11-16 16:20:50.967 24324 24789 V com.nirvana.tools.logger.cache.db.AbstractDatabase: query: result=[com.nirvana.tools.logger.model.ACMMonitorRecord@7af1cac, com.nirvana.tools.logger.model.ACMMonitorRecord@953cd75], size=2
11-16 16:20:50.972 24324 24788 V com.nirvana.tools.logger.cache.db.AbstractDatabase: insert: id=5
11-16 16:20:51.035 24324 24788 V com.nirvana.tools.logger.cache.db.AbstractDatabase: insert: id=6
11-16 16:20:51.100 24324 24335 I 3733.gameboxww: Compiler allocated 4130KB to compile com.alibaba.fastjson.util.JavaBeanInfo com.alibaba.fastjson.util.JavaBeanInfo.build(java.lang.Class, java.lang.reflect.Type, com.alibaba.fastjson.PropertyNamingStrategy, boolean, boolean, boolean)
11-16 16:20:51.167 24324 24815 D IAtlas : IAtlas::init CallingPid 24324
11-16 16:20:51.168 24324 24815 D IAtlas : IAtlas::init this 0x717daeb730
11-16 16:20:51.169 24324 24815 D OplusSkImageProcessing: INFO:0x0,quality 90
11-16 16:20:51.169 24324 24815 E OplusSkImageProcessing: not in image processing list
11-16 16:20:51.169 24324 24815 D OplusSkImageProcessing: support_flag: 0,new_quality: 90
11-16 16:20:51.169 24324 24815 D 3733.gameboxww: ##Make: options.fQuality:90,quality:90,encoderMgr->imageprocessing_flag:0
11-16 16:20:51.169 24324 24815 D 3733.gameboxww: Resolution: 720 x 1350; FLAG:0
11-16 16:20:51.169 24324 24815 D 3733.gameboxww: Resolution: 720 x 1350;
11-16 16:20:51.169 24324 24815 D 3733.gameboxww: support: 0
11-16 16:20:51.396 24324 24324 D ColorViewRootUtil: initSwipState, isDisplayCompatApp false
11-16 16:20:51.396 24324 24324 D ColorViewRootUtil: mScreenHeight 2340, mScreenWidth 1080
11-16 16:20:51.397 24324 24324 D WindowManager: Add to mViews: DecorView@473073d[MainActivity],pkg= com.a3733.gameboxwww
11-16 16:20:51.508 24324 24324 I WebViewFactory: Loading com.google.android.webview version 130.0.6723.107 (code 672310733)
11-16 16:20:51.516 24324 24324 W linker : Warning: "/data/app/~~b4XAcwkZfkagCPYaDW0ASQ==/com.google.android.trichromelibrary_672310733 -0j02eKbxoCLRXCTMXdDwxQ==/base.apk!/lib/arm64-v8a/libmonochrome_64.so" unused DT entry: unknown processor-specific (type 0x70000001 arg 0x0) (ignoring)
11-16 16:20:51.531 24324 24324 I cr_WVCFactoryProvider: version=130.0.6723.107 (672310733) minSdkVersion=29 isBundle=true multiprocess=true packageId=2
11-16 16:20:51.542 24324 24883 I chromium: [1116/162051.542087:INFO:variations_seed_loader.cc(68)] Failed to open file for reading.: No such file or directory (2)
11-16 16:20:51.542 24324 24883 I chromium: [1116/162051.542619:INFO:variations_seed_loader.cc(68)] Failed to open file for reading.: No such file or directory (2)
11-16 16:20:51.557 24324 24324 I cr_LibraryLoader: Successfully loaded native library
11-16 16:20:51.557 24324 24324 I cr_CachingUmaRecorder: Flushed 5 samples from 5 histograms, 0 samples were dropped.
11-16 16:20:51.560 24324 24324 I cr_CombinedPProvider: #registerProvider() provider:WV.z8@a0c376a isPolicyCacheEnabled:false policyProvidersSize:0
11-16 16:20:51.562 24324 24324 I cr_PolicyProvider: #setManagerAndSource() 0
11-16 16:20:51.570 24324 24324 I cr_CombinedPProvider: #linkNativeInternal() 1
11-16 16:20:51.571 24324 24324 I cr_AppResProvider: #getApplicationRestrictionsFromUserManager() Bundle[EMPTY_PARCEL]
11-16 16:20:51.571 24324 24324 I cr_PolicyProvider: #notifySettingsAvailable() 0
11-16 16:20:51.571 24324 24324 I cr_CombinedPProvider: #onSettingsAvailable() 0
11-16 16:20:51.571 24324 24324 I cr_CombinedPProvider: #flushPolicies()
11-16 16:20:52.012 24324 24954 E libEGL : Invalid file path for libcolorx- loader.so
11-16 16:20:52.016 24324 24954 I chatty : uid=10640(com.a3733.gameboxwww) Chrome_InProcGp identical 10 lines
11-16 16:20:52.016 24324 24954 E libEGL : Invalid file path for libcolorx- loader.so
11-16 16:20:52.016 24324 24915 E CheckPermission: _bluetooth code = 1
11-16 16:20:52.016 24324 24954 E libEGL : Invalid file path for libcolorx- loader.so
11-16 16:20:52.019 24324 24954 I chatty : uid=10640(com.a3733.gameboxwww) Chrome_InProcGp identical 24 lines
11-16 16:20:52.020 24324 24954 E libEGL : Invalid file path for libcolorx- loader.so
11-16 16:20:52.020 24324 24915 D BluetoothAdapter: Consider BLE_ON state as OFF
11-16 16:20:52.020 24324 24915 D BluetoothAdapter: 134065949: getState(). Returning OFF
11-16 16:20:52.020 24324 24915 D BluetoothAdapter: Consider BLE_ON state as OFF
11-16 16:20:52.020 24324 24915 D BluetoothAdapter: 134065949: getState(). Returning OFF
11-16 16:20:52.020 24324 24954 E libEGL : Invalid file path for libcolorx- loader.so
11-16 16:20:52.028 24324 24954 I chatty : uid=10640(com.a3733.gameboxwww) Chrome_InProcGp identical 25 lines
11-16 16:20:52.028 24324 24954 E libEGL : Invalid file path for libcolorx- loader.so
11-16 16:20:52.032 24324 24954 E libEGL : Invalid file path for libcolorx- loader.so
11-16 16:20:52.032 24324 24954 I chatty : uid=10640(com.a3733.gameboxwww) Chrome_InProcGp identical 2 lines
11-16 16:20:52.032 24324 24954 E libEGL : Invalid file path for libcolorx- loader.so
11-16 16:20:52.037 24324 24954 E libEGL : Invalid file path for libcolorx- loader.so
11-16 16:20:52.038 24324 24954 I chatty : uid=10640(com.a3733.gameboxwww) Chrome_InProcGp identical 4 lines
11-16 16:20:52.038 24324 24954 E libEGL : Invalid file path for libcolorx- loader.so
11-16 16:20:52.059 24324 24324 E o0Oo0oo : eventId=M1_N2#ID:20
11-16 16:20:52.081 24324 24324 I Choreographer: Skipped 41 frames! The application may be doing too much work on its main thread.
11-16 16:20:52.087 24324 24954 W chromium: [WARNING:viz_main_impl.cc(85)] VizNullHypothesis is disabled (not a warning)
11-16 16:20:52.100 24324 24324 V OplusZoomWindowDecorViewHelper: setLastReportedMergedConfiguration mZoomDisplayHeight: 2340 getDecorView.DecorView@473073d[MainActivity]
11-16 16:20:52.103 24324 24889 E Parcel : Reading a NULL string not supported here.
11-16 16:20:52.115 24324 24388 I OpenGLRenderer: Davey! duration=725ms; Flags=1, IntendedVsync=238158232362593, Vsync=238158915695899, OldestInputEvent=9223372036854775807, NewestInputEvent=0, HandleInputStart=238158925382064, AnimationStart=238158925576960, PerformTraversalsStart=238158926549668, DrawStart=238158947969356, SyncQueued=238158948972012, SyncStart=238158949412533, IssueDrawCommandsStart=238158949472376, SwapBuffers=238158955145189, FrameCompleted=238158958206908, DequeueBufferDuration=2362187, QueueBufferDuration=1164011, GpuCompleted=12884901895,
11-16 16:20:52.128 24324 24889 E Parcel : Reading a NULL string not supported here.
11-16 16:20:52.144 24324 24889 E Parcel : Reading a NULL string not supported here.
11-16 16:20:52.159 24324 24750 E AuthSDK : callHttpsApi: {"alibaba_aliqin_psc_query_config_response":{"result":{"code":"OK","model": {"auth_token": {"is_limited":"false","limit_count":0,"limit_time_hour":24,"msg":"authToken no limit"},"get_config": {"is_limited":"false","limit_count":0,"limit_time_hour":24,"msg":"getConfig no limit"},"get_vendor_list": {"is_limited":"false","limit_count":0,"limit_time_hour":24,"msg":"getVendorList no limit"},"is_auth_demoted":"false","is_crash_demoted":"false","is_demoted":"false"," is_login_demoted":"false","is_sls_demoted":"false","login_page": {"is_limited":"false","limit_count":0,"limit_time_hour":24,"msg":"loginPage no limit"},"login_phone": {"is_limited":"false","limit_count":0,"limit_time_hour":24,"msg":"loginPhone no limit"},"login_token": {"is_limited":"false","limit_count":0,"limit_time_hour":24,"msg":"loginToken no limit"},"sls":{"is_limited":"false","limit_count":0,"limit_time_hour":24,"msg":"sls no limit"},"upload_log":{}},"msg":"成功"},"request_id":"16kvv7ov3kveo"}}
11-16 16:20:52.169 24324 24388 I OpenGLRenderer: Davey! duration=779ms; Flags=1, IntendedVsync=238158232362593, Vsync=238158915695899, OldestInputEvent=9223372036854775807, NewestInputEvent=0, HandleInputStart=238158925382064, AnimationStart=238158925576960, PerformTraversalsStart=238158926549668, DrawStart=238159009706803, SyncQueued=238159009827064, SyncStart=238159010428470, IssueDrawCommandsStart=238159010529668, SwapBuffers=238159011704303, FrameCompleted=238159012910241, DequeueBufferDuration=216145, QueueBufferDuration=531563, GpuCompleted=0,
11-16 16:20:52.170 24324 24954 E libEGL : Invalid file path for libcolorx- loader.so
11-16 16:20:52.177 24324 24954 I chatty : uid=10640(com.a3733.gameboxwww) Chrome_InProcGp identical 5 lines
11-16 16:20:52.177 24324 24954 E libEGL : Invalid file path for libcolorx- loader.so
11-16 16:20:52.179 24324 24889 E Parcel : Reading a NULL string not supported here.
11-16 16:20:52.181 24324 24954 E libEGL : Invalid file path for libcolorx- loader.so
11-16 16:20:52.181 24324 24954 I chatty : uid=10640(com.a3733.gameboxwww) Chrome_InProcGp identical 2 lines
11-16 16:20:52.181 24324 24954 E libEGL : Invalid file path for libcolorx- loader.so
11-16 16:20:52.182 24324 24954 E libEGL : Invalid file path for libcolorx- loader.so
11-16 16:20:52.182 24324 24954 E libEGL : Invalid file path for libcolorx- loader.so
11-16 16:20:52.198 24324 24889 E Parcel : Reading a NULL string not supported here.
11-16 16:20:52.221 24324 24788 V com.nirvana.tools.logger.cache.db.AbstractDatabase: insert: id=7
11-16 16:20:52.244 24324 24887 E Parcel : Reading a NULL string not supported here.
11-16 16:20:52.251 24324 24887 E Parcel : Reading a NULL string not supported here.
11-16 16:20:52.257 24324 24928 W AudioCapabilities: Unsupported mime audio/ffmpeg
11-16 16:20:52.257 24324 24928 W VideoCapabilities: Unsupported mime video/ffmpeg
11-16 16:20:52.258 24324 24928 W Utils : could not parse long range '484-472'
11-16 16:20:52.259 24324 24928 W VideoCapabilities: Unrecognized profile/level 0/3 for video/mpeg2
11-16 16:20:52.259 24324 24928 W VideoCapabilities: Unrecognized profile/level 0/3 for video/mpeg2
11-16 16:20:52.260 24324 24928 W VideoCapabilities: Unsupported mime video/x-ms-wmv
11-16 16:20:52.295 24324 24788 V com.nirvana.tools.logger.cache.db.AbstractDatabase: query: selection=upload_flag = ?
11-16 16:20:52.300 24324 24788 V com.nirvana.tools.logger.cache.db.AbstractDatabase: query: result=[], size=0
11-16 16:20:52.312 24324 24324 I NetChangeReceiver: WIFI 已连接,移动数据已断开
11-16 16:20:52.313 24324 24324 D NetChangeReceiver: {"type":1,"systemtime":1731745252313}
11-16 16:20:52.320 24324 24788 V com.nirvana.tools.logger.cache.db.AbstractDatabase: insert: id=8
11-16 16:20:52.346 24324 24553 W Settings: Setting adb_enabled has moved from android.provider.Settings.Secure to android.provider.Settings.Global.
11-16 16:20:52.365 24324 24336 I 3733.gameboxww: Background young concurrent copying GC freed 116814(7642KB) AllocSpace objects, 14(1272KB) LOS objects, 6% free, 20MB/21MB, paused 902us total 145.159ms
11-16 16:20:52.411 24324 24592 D efs.config: app=5804407667e58e39b8002e46&cver=- 1&os=android&sd=IVgiDfOXMuuj_BzoJg9-EQ&sver=- 1&tm=1731745252&um_sdk_ver=1.9.1&ver=6.4.4301&sign=a0d6a79d093c404f5d5a7a9bf0a2880c
11-16 16:20:52.413 24324 24592 I efs.px.api: get config from server, url is https://errnewlog.umeng.com/apm_cc
11-16 16:20:52.498 24324 24336 I 3733.gameboxww: Background concurrent copying GC freed 79335(7940KB) AllocSpace objects, 22(2864KB) LOS objects, 50% free, 16MB/32MB, paused 319us total 107.934ms
11-16 16:20:52.696 24324 24324 D ViewRootImpl[BtGameDetailActivity]: processMotionEvent MotionEvent { action=ACTION_DOWN, actionButton=0, id[0]=0, x[0]=71.0, y[0]=149.0, toolType[0]=TOOL_TYPE_FINGER, buttonState=0, classification=NONE, metaState=0, flags=0x0, edgeFlags=0x0, pointerCount=1, historySize=0, eventTime=238159537, downTime=238159537, deviceId=4, source=0x1002, displayId=0 }
11-16 16:20:52.700 24324 24324 D ViewRootImpl[BtGameDetailActivity]: dispatchPointerEvent handled=true, event=MotionEvent { action=ACTION_DOWN, actionButton=0, id[0]=0, x[0]=71.0, y[0]=149.0, toolType[0]=TOOL_TYPE_FINGER, buttonState=0, classification=NONE, metaState=0, flags=0x0, edgeFlags=0x0, pointerCount=1, historySize=0, eventTime=238159537, downTime=238159537, deviceId=4, source=0x1002, displayId=0 }
11-16 16:20:52.730 24324 24789 E AuthSDK : callHttpsApi: {"alibaba_aliqin_psc_info_upload_response":{"result":{"code":"OK","message":"成 功"},"request_id":"16kfbomtgmak4"}}
11-16 16:20:52.732 24324 24789 V com.nirvana.tools.logger.cache.db.AbstractDatabase: delete: size=2
11-16 16:20:52.732 24324 24789 V com.nirvana.tools.logger.cache.db.AbstractDatabase: delete: selection=_id in (?,?)
11-16 16:20:52.755 24324 24789 V com.nirvana.tools.logger.cache.db.AbstractDatabase: delete: count=2
11-16 16:20:52.755 24324 24789 V com.nirvana.tools.logger.cache.db.AbstractDatabase: query: selection=upload_flag = ?
11-16 16:20:52.760 24324 24789 V com.nirvana.tools.logger.cache.db.AbstractDatabase: query: result=[], size=0
11-16 16:20:52.775 24324 24789 V com.nirvana.tools.logger.cache.db.AbstractDatabase: insert: id=1
11-16 16:20:52.783 24324 24324 D ViewRootImpl[BtGameDetailActivity]: processMotionEvent MotionEvent { action=ACTION_UP, actionButton=0, id[0]=0, x[0]=71.0, y[0]=149.0, toolType[0]=TOOL_TYPE_FINGER, buttonState=0, classification=NONE, metaState=0, flags=0x0, edgeFlags=0x0, pointerCount=1, historySize=0, eventTime=238159625, downTime=238159537, deviceId=4, source=0x1002, displayId=0 }
11-16 16:20:52.783 24324 24324 D ViewRootImpl[BtGameDetailActivity]: dispatchPointerEvent handled=true, event=MotionEvent { action=ACTION_UP, actionButton=0, id[0]=0, x[0]=71.0, y[0]=149.0, toolType[0]=TOOL_TYPE_FINGER, buttonState=0, classification=NONE, metaState=0, flags=0x0, edgeFlags=0x0, pointerCount=1, historySize=0, eventTime=238159625, downTime=238159537, deviceId=4, source=0x1002, displayId=0 }
11-16 16:20:52.786 24324 24789 V com.nirvana.tools.logger.cache.db.AbstractDatabase: insert: id=2
11-16 16:20:52.786 24324 24789 V com.nirvana.tools.logger.cache.db.AbstractDatabase: query: selection=upload_flag = ?
11-16 16:20:52.788 24324 24789 V com.nirvana.tools.logger.cache.db.AbstractDatabase: query: result=[], size=0
11-16 16:20:52.854 24324 24324 I crashsdk: Unexp log not enabled, skip update unexp info!
11-16 16:20:52.862 24324 24324 I Ghunt : context.getPackageName(): com.a3733.gameboxwww
11-16 16:20:52.887 24324 24393 W SQLiteLog: (28) double-quoted string literal: "C06034ED3ED1533D4E606B9A90B814CA"
11-16 16:20:52.887 24324 24393 W SQLiteLog: (28) double-quoted string literal: ""
11-16 16:20:52.888 24324 24393 W SQLiteLog: (28) double-quoted string literal: "C06034ED3ED1533D4E606B9A90B814CA"
11-16 16:20:52.888 24324 24393 W SQLiteLog: (28) double-quoted string literal: "-1"
11-16 16:20:52.935 24324 24324 I min77 : computeUsableHeight = 2244
11-16 16:20:52.935 24324 24324 I min77 : computeUsableHeight 刷新 rootViewHeight = 2340 ,frameLayoutParams.height = 2340 , usableHeightPrevious = 0
11-16 16:20:53.002 24324 24324 I min77 : computeUsableHeight = 2244
11-16 16:20:53.003 24324 24756 E AuthSDK : callHttpsApi: {"alibaba_aliqin_pns_vendor_querylist_response":{"result": {"code":"OK","message":"OK","module_list":{"module": [{"vendor_access_id":"sgFaxKYA6HNX0LZmGjmWDw==","vendor_access_secret":"LJCGvB+e1MD Z4v0Y0rfytLZuhH6DcJywgwJGEWZtbImPWSTIey+khcTRshmd +yyz","vendor_key":"aBJrvRVg8UHqtNInYuPqpw=="}, {"vendor_access_id":"D8KUoAxYlVdB21z4RePOrg==","vendor_access_secret":"dQ71yt4Bs1JN gbP5jVjBKPXFKDgzPo9Vba4rLCT\/J3MGL5EnqbFlIs9S1U7N FOby","vendor_key":"uEGKchGrIsm42ha734t65A=="}, {"vendor_access_id":"JLYBtGjkojx5G342qWOw+4P0QURszFinRBxVevWFcGQ=","vendor_access_s ecret":"JlPId1Dpsi8tdft3is\/cFKzTqcC4VP\/MdjD9yu3JdK8d4LVHiSNvuqIrhg+Q GRx6","vendor_key":"NU+\/E1PbAMLP7GhI42\/+Cg=="}]}},"request_id":"16ks89ccnnwai"}}
11-16 16:20:53.029 24324 24324 I min77 : computeUsableHeight = 2244
11-16 16:20:53.036 24324 24788 V com.nirvana.tools.logger.cache.db.AbstractDatabase: insert: id=9
11-16 16:20:53.050 24324 24756 E UniAccount: 5.1.0AR02B0701 不可重复初始化
11-16 16:20:53.079 24324 24788 V com.nirvana.tools.logger.cache.db.AbstractDatabase: insert: id=10
11-16 16:20:53.079 24324 24789 V com.nirvana.tools.logger.cache.db.AbstractDatabase: insert: id=3
11-16 16:20:53.194 24324 24388 D OpenGLRenderer: endAllActiveAnimators on 0x71b6beac00 (AppCompatImageView) with handle 0x71d91c6900
11-16 16:20:53.214 24324 24324 D JieCaoVideoPlayer: releaseAllVideos
11-16 16:20:53.218 24324 24732 V MediaPlayer: resetDrmState: mDrmInfo=null mDrmProvisioningThread=null mPrepareDrmInProgress=false mActiveDrmScheme=false
11-16 16:20:53.218 24324 24732 V MediaPlayer: cleanDrmObj: mDrmObj=null mDrmSessionId=null
11-16 16:20:53.487 24324 24324 I min77 : computeUsableHeight = 2244
11-16 16:20:53.921 24324 24324 I chatty : uid=10640(com.a3733.gameboxwww) identical 2 lines
11-16 16:20:53.960 24324 24324 I min77 : computeUsableHeight = 2244
11-16 16:20:54.297 24324 24324 I min77 : computeUsableHeight = 2244
11-16 16:20:54.377 24324 24324 I min77 : computeUsableHeight = 2244
11-16 16:20:54.489 24324 24324 D ViewRootImpl[MainActivity]: processMotionEvent MotionEvent { action=ACTION_DOWN, actionButton=0, id[0]=0, x[0]=357.0, y[0]=823.0, toolType[0]=TOOL_TYPE_FINGER, buttonState=0, classification=NONE, metaState=0, flags=0x0, edgeFlags=0x0, pointerCount=1, historySize=0, eventTime=238161329, downTime=238161329, deviceId=4, source=0x1002, displayId=0 }
11-16 16:20:54.490 24324 24324 D ViewRootImpl[MainActivity]: dispatchPointerEvent handled=true, event=MotionEvent { action=ACTION_DOWN, actionButton=0, id[0]=0, x[0]=357.0, y[0]=823.0, toolType[0]=TOOL_TYPE_FINGER, buttonState=0, classification=NONE, metaState=0, flags=0x0, edgeFlags=0x0, pointerCount=1, historySize=0, eventTime=238161329, downTime=238161329, deviceId=4, source=0x1002, displayId=0 }
11-16 16:20:54.581 24324 24324 D ViewRootImpl[MainActivity]: processMotionEvent MotionEvent { action=ACTION_UP, actionButton=0, id[0]=0, x[0]=357.0, y[0]=823.0, toolType[0]=TOOL_TYPE_FINGER, buttonState=0, classification=NONE, metaState=0, flags=0x0, edgeFlags=0x0, pointerCount=1, historySize=0, eventTime=238161416, downTime=238161329, deviceId=4, source=0x1002, displayId=0 }
11-16 16:20:54.581 24324 24324 D ViewRootImpl[MainActivity]: dispatchPointerEvent handled=true, event=MotionEvent { action=ACTION_UP, actionButton=0, id[0]=0, x[0]=357.0, y[0]=823.0, toolType[0]=TOOL_TYPE_FINGER, buttonState=0, classification=NONE, metaState=0, flags=0x0, edgeFlags=0x0, pointerCount=1, historySize=0, eventTime=238161416, downTime=238161329, deviceId=4, source=0x1002, displayId=0 }
11-16 16:20:54.605 24324 24749 E AuthSDK : checkEnvAvailable failed! Unsupported Vendor!
11-16 16:20:54.609 24324 24749 E AuthSDK : checkEnvAvailable code = 600009; msg = 无 法判运营商
11-16 16:20:54.609 24324 24324 E Parcel : Reading a NULL string not supported here.
11-16 16:20:54.632 24324 24788 V com.nirvana.tools.logger.cache.db.AbstractDatabase: insert: id=11
11-16 16:20:54.638 24324 24789 V com.nirvana.tools.logger.cache.db.AbstractDatabase: insert: id=4
11-16 16:20:54.638 24324 24789 V com.nirvana.tools.logger.cache.db.AbstractDatabase: query: selection=upload_flag = ?
11-16 16:20:54.642 24324 24789 V com.nirvana.tools.logger.cache.db.AbstractDatabase: query: result=[com.nirvana.tools.logger.model.ACMMonitorRecord@1e9921d, com.nirvana.tools.logger.model.ACMMonitorRecord@a663c92, com.nirvana.tools.logger.model.ACMMonitorRecord@ee87663, com.nirvana.tools.logger.model.ACMMonitorRecord@9123319], size=4
11-16 16:20:54.653 24324 24788 V com.nirvana.tools.logger.cache.db.AbstractDatabase: insert: id=12
11-16 16:20:54.661 24324 24393 W SQLiteLog: (28) double-quoted string literal: "wepWjcppbtrPJZJ93hfnya/8/vpgL/Y4O/7zfbOvCVLepjiHaUYb9wG3L8rInXbjfBkQs/jhw/yi
11-16 16:20:54.661 24324 24393 W SQLiteLog: 40r1n4JKeK5Vm4/HJpq9ZdgmAHh0Gsu5UTIzC8HkoX83sDMtUbSa
11-16 16:20:54.661 24324 24393 W SQLiteLog: "
11-16 16:20:54.661 24324 24393 W SQLiteLog: (28) double-quoted string literal: "C06034ED3ED1533D4E606B9A90B814CA"
11-16 16:20:54.667 24324 24788 V com.nirvana.tools.logger.cache.db.AbstractDatabase: insert: id=13
11-16 16:20:54.672 24324 24324 I min77 : computeUsableHeight = 2244
11-16 16:20:54.679 24324 25197 E libEGL : Invalid file path for libcolorx- loader.so
11-16 16:20:54.733 24324 24324 I TextInputLayout: EditText added is not a TextInputEditText. Please switch to using that class instead.
11-16 16:20:54.749 24324 24324 I TextInputLayout: EditText added is not a TextInputEditText. Please switch to using that class instead.
11-16 16:20:54.779 24324 24324 I crashsdk: Unexp log not enabled, skip update unexp info!
11-16 16:20:54.780 24324 24336 I 3733.gameboxww: Background concurrent copying GC freed 191208(9947KB) AllocSpace objects, 62(9548KB) LOS objects, 50% free, 18MB/37MB, paused 179us total 112.852ms
11-16 16:20:54.785 24324 24324 D ColorViewRootUtil: initSwipState, isDisplayCompatApp false
11-16 16:20:54.785 24324 24324 D ColorViewRootUtil: mScreenHeight 2340, mScreenWidth 1080
11-16 16:20:54.786 24324 24324 D WindowManager: Add to mViews: DecorView@dc487a6[LoginVerifyCodeActivity],pkg= com.a3733.gameboxwww
11-16 16:20:54.800 24324 24393 W SQLiteLog: (28) double-quoted string literal: "C06034ED3ED1533D4E606B9A90B814CA"
11-16 16:20:54.800 24324 24393 W SQLiteLog: (28) double-quoted string literal: ""
11-16 16:20:54.800 24324 24393 W SQLiteLog: (28) double-quoted string literal: "C06034ED3ED1533D4E606B9A90B814CA"
11-16 16:20:54.801 24324 24393 W SQLiteLog: (28) double-quoted string literal: "-1"
11-16 16:20:54.831 24324 24324 V OplusZoomWindowDecorViewHelper: setLastReportedMergedConfiguration mZoomDisplayHeight: 2340 getDecorView.DecorView@dc487a6[LoginVerifyCodeActivity]
11-16 16:20:54.868 24324 24592 I efs.config: config request succ, config is:
11-16 16:20:54.868 24324 24592 I efs.config: {"msg":"成 功","code":0,"cip":"127.0.0.1","config":{"common": {"updateInteval":480,"gate_way_https":true},"sign":"f3NUWAtIc1RTalIRDA==","app_conf igs":[{"conditions":[{"val":"0.0.0.0","opc":">=","fld":"ver"}],"actions": [{"opt":"apm_netperf_state","set":100},{"opt":"apm_netperf_day_limit","set":100}, {"opt":"apm_netperf_res_bd_state","set":100},{"opt":"apm_oom_state","set":0}, {"opt":"apm_netperf_data_rate","set":10}, {"opt":"apm_native_h5perf_sampling_rate","set":5}, {"opt":"apm_netperf_req_hd_state","set":100}, {"opt":"apm_netperf_sampling_rate","set":1}, {"opt":"flutter_dart_exception_max_count","set":20}, {"opt":"flutter_http_state","set":100},{"opt":"flutter_pv_sampling_rate","set":5}, {"opt":"apm_netperf_res_hd_state","set":100},{"opt":"flutter_http_rate","set":5}, {"opt":"apm_memperf_sampling_rate","set":0}, {"opt":"apm_crash_user_upload_type","set":1}, {"opt":"apm_memperf_collect_max_period_sec","set":600}, {"opt":"apm_crash_user_max_count","set":20}, {"opt":"apm_netperf_bd_state","set":100},{"opt":"apm_native_h5_state","set":0}, {"opt":"apm_mem_state","set":0},{"opt":"flutter_dart_exception_state","set":100}, {"opt":"flutter_pv_max_count","set":1000}, {"opt":"apm_memperf_collect_interval","set":5}, {"opt":"apm_flutter_state","set":100},{"opt":"apm_patrace_switch_rate","set":5}, {"opt":"record_accumulation_time","set":60},{"opt":"apm_net_state","set":0}, {"opt":"apm_startperf_sampling_rate","set":5}, {"opt":"apm_oom_sampling_rate","set":5}]}]},"stm":1731745254,"cver":1730960841}
11-16 16:20:54.868 24324 24592 I efs.config: from server. efs config is {"msg":"成 功","code":0,"cip":"127.0.0.1","config":{"common": {"updateInteval":480,"gate_way_https":true},"sign":"f3NUWAtIc1RTalIRDA==","app_conf igs":[{"conditions":[{"val":"0.0.0.0","opc":">=","fld":"ver"}],"actions": [{"opt":"apm_netperf_state","set":100},{"opt":"apm_netperf_day_limit","set":100}, {"opt":"apm_netperf_res_bd_state","set":100},{"opt":"apm_oom_state","set":0}, {"opt":"apm_netperf_data_rate","set":10}, {"opt":"apm_native_h5perf_sampling_rate","set":5}, {"opt":"apm_netperf_req_hd_state","set":100}, {"opt":"apm_netperf_sampling_rate","set":1}, {"opt":"flutter_dart_exception_max_count","set":20}, {"opt":"flutter_http_state","set":100},{"opt":"flutter_pv_sampling_rate","set":5}, {"opt":"apm_netperf_res_hd_state","set":100},{"opt":"flutter_http_rate","set":5}, {"opt":"apm_memperf_sampling_rate","set":0}, {"opt":"apm_crash_user_upload_type","set":1}, {"opt":"apm_memperf_collect_max_period_sec","set":600}, {"opt":"apm_crash_user_max_count","set":20}, {"opt":"apm_netperf_bd_state","set":100},{"opt":"apm_native_h5_state","set":0}, {"opt":"apm_mem_state","set":0},{"opt":"flutter_dart_exception_state","set":100}, {"opt":"flutter_pv_max_count","set":1000}, {"opt":"apm_memperf_collect_interval","set":5}, {"opt":"apm_flutter_state","set":100},{"opt":"apm_patrace_switch_rate","set":5}, {"opt":"record_accumulation_time","set":60},{"opt":"apm_net_state","set":0}, {"opt":"apm_startperf_sampling_rate","set":5}, {"opt":"apm_oom_sampling_rate","set":5}]}]},"stm":1731745254,"cver":1730960841}
11-16 16:20:54.869 24324 24592 I efs.config: current config version (-1) is older than another (1730960841)
11-16 16:20:54.870 24324 24324 E Parcel : Reading a NULL string not supported here.
11-16 16:20:54.870 24324 24324 E Parcel : Reading a NULL string not supported here.
11-16 16:20:54.970 24362 24379 D BPackageInstallerService: installPackageAsUser: OooO0OO exec: 0
11-16 16:20:54.981 24362 24379 D BPackageInstallerService: installPackageAsUser: OooO0O0 exec: 0
11-16 16:20:54.982 24362 24379 D VirtualM: Try to copy plugin's cup arch: arm64-v8a
11-16 16:20:54.982 24362 24379 D VirtualM: Found plugin's cup arch dir: arm64-v8a
11-16 16:20:54.982 24362 24379 D VirtualM: verify so libpine.so
11-16 16:20:54.983 24362 24379 D VirtualM: copy so lib/arm64-v8a/libpine.so of arm64-v8a
11-16 16:20:54.984 24362 24379 D VirtualM: verify so libsqss_speed.so
11-16 16:20:54.985 24362 24379 D VirtualM: copy so lib/arm64-v8a/libsqss_speed.so of arm64-v8a
11-16 16:20:55.001 24362 24379 D VirtualM: Done! +20ms
11-16 16:20:55.069 24362 24379 D BPackageInstallerService: installPackageAsUser: OooO00o exec: 0
11-16 16:20:55.095 24362 24379 D Settings: loaded Package: com.example.foza.test3
11-16 16:20:55.095 24362 24379 D BroadcastManager: register: com.example.foza.test3, size: 0
11-16 16:20:55.095 24362 24379 D BPackageManagerService: onPackageInstalled: com.example.foza.test3, userId: 0
11-16 16:20:55.095 24362 24379 D BPackageManagerService: install finish: 223ms
