Download as TXT, PDF, TXT or read online from Scribd
Download as txt, pdf, or txt
You are on page 1/ 260
--------- beginning of main
11-16 16:20:38.376 24324 24324 I TetheringManager:
registerTetheringEventCallback:com.a3733.gameboxwww
11-16 16:20:38.379 24324 24324 D WM-PackageManagerHelper: androidx.work.impl.background.systemjob.SystemJobService enabled
11-16 16:20:38.380 24324 24324 D WM-Schedulers: Created SystemJobScheduler and enabled SystemJobService
11-16 16:20:38.439 24362 24362 E ameboxwww:blac: Unknown bits set in runtime_flags: 0x40000000
11-16 16:20:38.445 24362 24362 E ameboxwww:blac: Not starting debugger since process cannot load the jdwp agent.
11-16 16:20:38.463 24362 24362 E RefClass: java.lang.reflect.InvocationTargetException
11-16 16:20:38.464 24362 24362 I OneTrace: Mark active for pid=24362? true
11-16 16:20:38.477 24362 24362 I oplus.android.OplusFrameworkFactoryImpl: get feature:IOplusScreenModeFeature
11-16 16:20:38.477 24362 24362 I oplus.android.OplusFrameworkFactoryImpl: getOplusScreenModeFeature
11-16 16:20:38.486 24362 24362 E libc : Access denied finding property "ro.odm.prev.product.name"
11-16 16:20:38.491 24362 24362 I ameboxwww:blac: The ClassLoaderContext is a special shared library.
11-16 16:20:38.505 24362 24362 I Perf : Connecting to perf service.
11-16 16:20:38.507 24362 24362 E Perf : perftest packageName : com.a3733.gameboxwww App is allowed to use Hide APIs
11-16 16:20:38.512 24362 24362 D NetworkSecurityConfig: Using Network Security Config from resource network_security_config debugBuild: false
11-16 16:20:38.513 24362 24362 D NetworkSecurityConfig: Using Network Security Config from resource network_security_config debugBuild: false
11-16 16:20:38.517 24362 24362 E init : before init.....
11-16 16:20:38.519 24362 24362 E init : init SqBoxCore
11-16 16:20:38.519 24362 24362 E init : after init.....
11-16 16:20:38.519 24362 24362 W ameboxwww:blac: Accessing hidden method Ldalvik/system/VMRuntime;->setHiddenApiExemptions([Ljava/lang/String;)V (blacklist,core-platform-api, reflection, denied)
11-16 16:20:38.520 24362 24362 W BootstrapClass: reflect bootstrap failed:
11-16 16:20:38.520 24362 24362 W BootstrapClass: java.lang.reflect.InvocationTargetException
11-16 16:20:38.520 24362 24362 W BootstrapClass: at java.lang.reflect.Method.invoke(Native Method)
11-16 16:20:38.520 24362 24362 W BootstrapClass: at me.weishu.reflection.BootstrapClass.<clinit>(BootstrapClass.java:79)
11-16 16:20:38.520 24362 24362 W BootstrapClass: at me.weishu.reflection.BootstrapClass.exemptAll(BootstrapClass.java:1)
11-16 16:20:38.520 24362 24362 W BootstrapClass: at me.weishu.reflection.Reflection.unseal(Reflection.java:9)
11-16 16:20:38.520 24362 24362 W BootstrapClass: at com.sqbox.lib.SqBoxCore.doAttachBaseContext(SqBoxCore.java:3)
11-16 16:20:38.520 24362 24362 W BootstrapClass: at com.a3733.cwbgamebox.utils.SandboxMagic.OooOo0O(SandboxMagic.kt:15)
11-16 16:20:38.520 24362 24362 W BootstrapClass: at com.a3733.gamebox.app.App.attachBaseContext(App.kt:15)
11-16 16:20:38.520 24362 24362 W BootstrapClass: at android.app.Application.attach(Application.java:361)
11-16 16:20:38.520 24362 24362 W BootstrapClass: at android.app.Instrumentation.newApplication(Instrumentation.java:1160)
11-16 16:20:38.520 24362 24362 W BootstrapClass: at android.app.LoadedApk.makeApplication(LoadedApk.java:1316)
11-16 16:20:38.520 24362 24362 W BootstrapClass: at android.app.ActivityThread.handleBindApplication(ActivityThread.java:7253)
11-16 16:20:38.520 24362 24362 W BootstrapClass: at android.app.ActivityThread.access$1600(ActivityThread.java:306)
11-16 16:20:38.520 24362 24362 W BootstrapClass: at android.app.ActivityThread$H.handleMessage(ActivityThread.java:2164)
11-16 16:20:38.520 24362 24362 W BootstrapClass: at android.os.Handler.dispatchMessage(Handler.java:106)
11-16 16:20:38.520 24362 24362 W BootstrapClass: at android.os.Looper.loop(Looper.java:263)
11-16 16:20:38.520 24362 24362 W BootstrapClass: at android.app.ActivityThread.main(ActivityThread.java:8296)
11-16 16:20:38.520 24362 24362 W BootstrapClass: at java.lang.reflect.Method.invoke(Native Method)
11-16 16:20:38.520 24362 24362 W BootstrapClass: at com.android.internal.os.RuntimeInit$MethodAndArgsCaller.run(RuntimeInit.java:612)
11-16 16:20:38.520 24362 24362 W BootstrapClass: at com.android.internal.os.ZygoteInit.main(ZygoteInit.java:1006)
11-16 16:20:38.520 24362 24362 W BootstrapClass: Caused by: java.lang.NoSuchMethodException: dalvik.system.VMRuntime.setHiddenApiExemptions [class [Ljava.lang.String;]
11-16 16:20:38.520 24362 24362 W BootstrapClass: at java.lang.Class.getMethod(Class.java:2072)
11-16 16:20:38.520 24362 24362 W BootstrapClass: at java.lang.Class.getDeclaredMethod(Class.java:2050)
11-16 16:20:38.520 24362 24362 W BootstrapClass: ... 19 more
11-16 16:20:38.521 24362 24362 I System : Opening DexFile: /data/user/0/com.a3733.gameboxwww/code_cache/1731745238520.dex
11-16 16:20:38.522 24362 24362 W ameboxwww:blac: Opening an oat file without a class loader. Are you using the deprecated DexFile APIs?
11-16 16:20:38.522 24362 24362 W ameboxwww:blac: DexFile /data/user/0/com.a3733.gameboxwww/code_cache/1731745238520.dex is in boot class path but is not in a known location
11-16 16:20:38.565 24362 24362 D HookManager: hook: com.sqbox.lib.fake.service.IFingerprintManagerProxy@4763442
11-16 16:20:38.570 24362 24362 D HookManager: hook: com.sqbox.lib.fake.service.context.RestrictionsManagerStub@99aaf
11-16 16:20:38.573 24362 24362 D HookManager: hook: com.sqbox.lib.fake.service.ITelephonyManagerProxy@73f2566
11-16 16:20:38.577 24362 24362 D HookManager: hook: com.sqbox.lib.fake.service.ILauncherAppsProxy@1613043
11-16 16:20:38.579 24362 24362 D HookManager: hook: com.sqbox.lib.fake.service.IPermissionManagerProxy@288eeec
11-16 16:20:38.581 24362 24362 D HookManager: hook: com.sqbox.lib.fake.service.INetworkManagementServiceProxy@49eb033
11-16 16:20:38.583 24362 24362 D HookManager: hook: com.sqbox.lib.fake.service.IGraphicsStatsProxy@a1beb1c
11-16 16:20:38.583 24362 24362 D HookManager: hook: com.sqbox.lib.fake.service.IAutofillManagerProxy@32dd325
11-16 16:20:38.585 24362 24362 D HookManager: hook: com.sqbox.lib.fake.service.IJobServiceProxy@43d4ec6
11-16 16:20:38.586 24362 24362 D HookManager: hook: com.sqbox.lib.fake.service.IWifiScannerProxy@af40c23
11-16 16:20:38.590 24362 24362 D HookManager: hook error: com.sqbox.lib.fake.service.IWifiScannerProxy@af40c23
11-16 16:20:38.590 24362 24362 D HookManager: hook: com.sqbox.lib.fake.service.IActivityTaskManagerProxy@b91709e
11-16 16:20:38.595 24362 24362 D HookManager: hook: com.sqbox.lib.fake.service.IAccountManagerProxy@51af302
11-16 16:20:38.596 24362 24362 D HookManager: hook: o0O00Oo.OooO0O0@3b10e6f
11-16 16:20:38.598 24362 24362 D HookManager: hook: com.sqbox.lib.fake.service.ITelephonyRegistryProxy@5ffe05a
11-16 16:20:38.600 24362 24362 D HookManager: hook: com.sqbox.lib.fake.service.IVibratorServiceProxy@9565c67
11-16 16:20:38.601 24362 24362 D HookManager: hook: com.sqbox.lib.fake.delegate.AppInstrumentation@b029380
11-16 16:20:38.601 24362 24362 D HookManager: hook: com.sqbox.lib.fake.service.ILocationManagerProxy@e09fdb9
11-16 16:20:38.605 24362 24362 D HookManager: hook: com.sqbox.lib.fake.service.OooO0o@9c1140a
11-16 16:20:38.607 24362 24362 D HookManager: hook: com.sqbox.lib.fake.service.IShortcutManagerProxy@2181a62
11-16 16:20:38.611 24362 24362 D HookManager: hook: com.sqbox.lib.fake.service.IWifiManagerProxy@276704f
11-16 16:20:38.613 24362 24362 D HookManager: hook: com.sqbox.lib.fake.service.OooO0OO@5ce93ba
11-16 16:20:38.616 24362 24362 D HookManager: hook: com.sqbox.lib.fake.service.OooO@e190274
11-16 16:20:38.618 24362 24362 D HookManager: hook: com.sqbox.lib.fake.service.IMediaRouterServiceProxy@f2413e3
11-16 16:20:38.622 24362 24362 D HookManager: hook: com.sqbox.lib.fake.service.IConnectivityManagerProxy@19e2c0c
11-16 16:20:38.625 24362 24362 D HookManager: hook: com.sqbox.lib.fake.service.INotificationManagerProxy@44a75d1
11-16 16:20:38.630 24362 24362 D HookManager: hook: com.sqbox.lib.fake.service.IAlarmManagerProxy@53bf0a4
11-16 16:20:38.631 24362 24362 D HookManager: hook: com.sqbox.lib.fake.service.IDeviceIdentifiersPolicyProxy@bc50e09
11-16 16:20:38.634 24362 24362 D HookManager: hook: com.sqbox.lib.fake.service.context.ContentServiceStub@e3a771a
11-16 16:20:38.637 24362 24362 D HookManager: hook: com.sqbox.lib.fake.service.IAppOpsManagerProxy@8724827
11-16 16:20:38.641 24362 24362 D HookManager: hook: com.sqbox.lib.fake.service.IPowerManagerProxy@35e151f
11-16 16:20:38.643 24362 24362 D HookManager: hook: com.sqbox.lib.fake.service.HCallbackProxy@e855758
11-16 16:20:38.646 24362 24362 D HookManager: hook: com.sqbox.lib.fake.service.IPackageManagerProxy@fa49104
11-16 16:20:38.653 24362 24362 D HookManager: hook: com.sqbox.lib.fake.service.IStorageManagerProxy@fd19fb3
11-16 16:20:38.656 24362 24362 D HookManager: hook: com.sqbox.lib.fake.service.IAppWidgetManagerProxy@81afc9c
11-16 16:20:38.659 24362 24362 D HookManager: hook: com.sqbox.lib.fake.service.IPersistentDataBlockServiceProxy@540a821
11-16 16:20:38.663 24362 24362 D HookManager: hook error: com.sqbox.lib.fake.service.IPersistentDataBlockServiceProxy@540a821
11-16 16:20:38.663 24362 24362 D HookManager: hook: com.sqbox.lib.fake.service.IWindowManagerProxy@1504334
11-16 16:20:38.666 24362 24362 D HookManager: hook: com.sqbox.lib.fake.service.ISystemUpdateProxy@cc8eff
11-16 16:20:38.667 24362 24362 D HookManager: hook error: com.sqbox.lib.fake.service.ISystemUpdateProxy@cc8eff
11-16 16:20:38.667 24362 24362 D HookManager: hook: com.sqbox.lib.fake.service.IAccessibilityManagerProxy@2e4c4cc
11-16 16:20:38.670 24362 24362 D HookManager: hook: com.sqbox.lib.fake.service.IStorageStatsManagerProxy@b2f5ef7
11-16 16:20:38.672 24362 24362 D HookManager: hook: com.sqbox.lib.fake.service.IUserManagerProxy@100afd0
11-16 16:20:38.677 24362 24362 D HookManager: hook: com.sqbox.lib.fake.service.IDevicePolicyManagerProxy@e16fb85
11-16 16:20:38.689 24362 24362 D HookManager: hook: com.sqbox.lib.fake.service.IContextHubServiceProxy@586eda6
11-16 16:20:38.692 24362 24362 D HookManager: hook error: com.sqbox.lib.fake.service.IContextHubServiceProxy@586eda6
11-16 16:20:38.692 24362 24362 D HookManager: hook: com.sqbox.lib.fake.service.IMediaSessionManagerProxy@ffe163d
11-16 16:20:38.696 24362 24362 I MultiDex: VM with version 2.1.0 has multidex support
11-16 16:20:38.696 24362 24362 I MultiDex: Installing application
11-16 16:20:38.696 24362 24362 I MultiDex: VM has multidex support, MultiDex support library is disabled. --------- beginning of system
11-16 16:20:38.743 24362 24362 D ActivityThread: Loading provider com.a3733.gameboxwww.blackbox.SystemCallProvider: com.sqbox.lib.core.system.SystemCallProvider
11-16 16:20:38.744 24362 24362 D SystemCallProvider: call: VM, Bundle[{_B_| _server_name_=package_manager}]
11-16 16:20:38.744 24362 24362 D BlackBoxCore: getService: package_manager, com.sqbox.lib.core.system.pm.BPackageManagerService@88e1c18
11-16 16:20:38.766 24362 24379 D SystemCallProvider: call: VM, Bundle[mParcelledData.dataSize=88]
11-16 16:20:38.767 24324 24324 D BlackBoxCore: getService: activity_manager, android.os.BinderProxy@c4da8d
11-16 16:20:38.767 24362 24379 D SystemCallProvider: call: VM, Bundle[mParcelledData.dataSize=76]
11-16 16:20:38.768 24324 24324 D BlackBoxCore: getService: job_manager, android.os.BinderProxy@4763442
11-16 16:20:38.768 24362 24379 D SystemCallProvider: call: VM, Bundle[mParcelledData.dataSize=84]
11-16 16:20:38.769 24324 24324 D BlackBoxCore: getService: package_manager, android.os.BinderProxy@74c8c53
11-16 16:20:38.769 24362 24379 D SystemCallProvider: call: VM, Bundle[mParcelledData.dataSize=84]
11-16 16:20:38.769 24324 24324 D BlackBoxCore: getService: storage_manager, android.os.BinderProxy@98b3990
11-16 16:20:38.770 24362 24379 D SystemCallProvider: call: VM, Bundle[mParcelledData.dataSize=80]
11-16 16:20:38.770 24324 24324 D BlackBoxCore: getService: user_manager, android.os.BinderProxy@1319289
11-16 16:20:38.770 24362 24379 D SystemCallProvider: call: VM, Bundle[mParcelledData.dataSize=84]
11-16 16:20:38.771 24324 24324 D BlackBoxCore: getService: xposed_manager, android.os.BinderProxy@bb7528e
11-16 16:20:38.771 24362 24379 D SystemCallProvider: call: VM, Bundle[mParcelledData.dataSize=84]
11-16 16:20:38.772 24324 24324 D BlackBoxCore: getService: account_manager, android.os.BinderProxy@99aaf
11-16 16:20:38.772 24362 24379 D SystemCallProvider: call: VM, Bundle[mParcelledData.dataSize=88]
11-16 16:20:38.772 24324 24324 D BlackBoxCore: getService: location_manager, android.os.BinderProxy@3925ebc
11-16 16:20:38.773 24362 24379 D SystemCallProvider: call: VM, Bundle[mParcelledData.dataSize=96]
11-16 16:20:38.773 24324 24324 D BlackBoxCore: getService: notification_manager, android.os.BinderProxy@f97ce45
11-16 16:20:38.801 24362 24362 E trace : trace:set false
11-16 16:20:38.853 24324 24324 I greenDAO: Creating tables for schema version 46
11-16 16:20:38.894 24324 24390 E libEGL : Invalid file path for libcolorx- loader.so
11-16 16:20:38.899 24324 24324 E MultiApp.Impl: OplusMultiAppImpl
11-16 16:20:38.901 24324 24324 D AppCompatDelegate: Checking for metadata for AppLocalesMetadataHolderService : Service not found
11-16 16:20:38.907 24324 24324 I oplus.android.OplusFrameworkFactoryImpl: getOplusRedPacketManager
11-16 16:20:38.945 24324 24324 E OplusCustomizeRestrictionManager: sInstance is null, start a new sInstance
11-16 16:20:38.963 24324 24324 I sign_md5: 42A9D2E851494E557B84D91D6D50180B
11-16 16:20:38.963 24324 24324 I sign_md5: 42A9D2E851494E557B84D91D6D50180B
11-16 16:20:38.999 24324 24324 D OplusInputMethodUtil: init DEBUG to false, update DEBUG_IME to false
11-16 16:20:39.004 24324 24324 I OplusFeatureCache: Milliseconds spent on init(): 2
11-16 16:20:39.005 24324 24324 D OplusSlideAnimOptHelper: scrollEffectOpt enable = false
11-16 16:20:39.005 24324 24324 D ColorViewRootUtil: initSwipState, isDisplayCompatApp false
11-16 16:20:39.005 24324 24324 D ColorViewRootUtil: mScreenHeight 2340, mScreenWidth 1080
11-16 16:20:39.007 24324 24324 D WindowManager: Add to mViews: DecorView@57330b1[SplashActivity],pkg= com.a3733.gameboxwww
11-16 16:20:39.031 24324 24324 D ColorViewRootUtil: initSwipState, isDisplayCompatApp false
11-16 16:20:39.031 24324 24324 D ColorViewRootUtil: mScreenHeight 2340, mScreenWidth 1080
11-16 16:20:39.031 24324 24324 D WindowManager: Add to mViews: DecorView@9bc840f[SplashActivity],pkg= com.a3733.gameboxwww
11-16 16:20:39.045 24324 24324 I Choreographer: Skipped 39 frames! The application may be doing too much work on its main thread.
11-16 16:20:39.057 24324 24393 W SQLiteLog: (28) double-quoted string literal: "1731745239051"
11-16 16:20:39.057 24324 24393 W SQLiteLog: (28) double-quoted string literal: "0"
11-16 16:20:39.057 24324 24393 W SQLiteLog: (28) double-quoted string literal: ""
11-16 16:20:39.057 24324 24393 I chatty : uid=10640(com.a3733.gameboxwww) work_thread identical 1 line
11-16 16:20:39.057 24324 24393 W SQLiteLog: (28) double-quoted string literal: ""
11-16 16:20:39.078 24324 24324 V OplusZoomWindowDecorViewHelper: setLastReportedMergedConfiguration mZoomDisplayHeight: 2340 getDecorView.DecorView@57330b1[SplashActivity]
11-16 16:20:39.080 24324 24388 E libEGL : Invalid file path for libcolorx- loader.so
11-16 16:20:39.080 24324 24388 I AdrenoGLES-0: QUALCOMM build : 5af5ff1, Iff02ff076a
11-16 16:20:39.080 24324 24388 I AdrenoGLES-0: Build Date : 01/05/21
11-16 16:20:39.080 24324 24388 I AdrenoGLES-0: OpenGL ES Shader Compiler Version: EV031.32.02.06
11-16 16:20:39.080 24324 24388 I AdrenoGLES-0: Local Branch : mybrancheb4f33c0-fd8a-f1f2-ab18-5cb90179c3d8
11-16 16:20:39.080 24324 24388 I AdrenoGLES-0: Remote Branch : quic/gfx-adreno.lnx.1.0.r114-rel
11-16 16:20:39.080 24324 24388 I AdrenoGLES-0: Remote Branch : NONE
11-16 16:20:39.080 24324 24388 I AdrenoGLES-0: Reconstruct Branch : NOTHING
11-16 16:20:39.080 24324 24388 I AdrenoGLES-0: Build Config : S P 10.0.7 AArch64
11-16 16:20:39.080 24324 24388 I AdrenoGLES-0: Driver Path : /vendor/lib64/egl/libGLESv2_adreno.so
11-16 16:20:39.083 24324 24388 I AdrenoGLES-0: PFP: 0x016ee190, ME: 0x00000000
11-16 16:20:39.088 24324 24388 E libEGL : Invalid file path for libcolorx- loader.so
11-16 16:20:39.091 24324 24388 I chatty : uid=10640(com.a3733.gameboxwww) RenderThread identical 65 lines
11-16 16:20:39.091 24324 24388 E libEGL : Invalid file path for libcolorx- loader.so
11-16 16:20:39.098 24324 24388 I Gralloc4: mapper 4.x is not supported
11-16 16:20:39.099 24324 24388 W Gralloc3: mapper 3.x is not supported
11-16 16:20:39.107 24324 24393 W SQLiteLog: (28) double-quoted string literal: "C06034ED3ED1533D4E606B9A90B814CA"
11-16 16:20:39.107 24324 24393 W SQLiteLog: (28) double-quoted string literal: ""
11-16 16:20:39.107 24324 24393 W SQLiteLog: (28) double-quoted string literal: "C06034ED3ED1533D4E606B9A90B814CA"
11-16 16:20:39.107 24324 24393 W SQLiteLog: (28) double-quoted string literal: "-1"
11-16 16:20:39.184 24324 24388 I OpenGLRenderer: Davey! duration=796ms; Flags=1, IntendedVsync=238145230207141, Vsync=238145880207115, OldestInputEvent=9223372036854775807, NewestInputEvent=0, HandleInputStart=238145889131131, AnimationStart=238145889162798, PerformTraversalsStart=238145889368215, DrawStart=238145937142225, SyncQueued=238145939688683, SyncStart=238145940247850, IssueDrawCommandsStart=238145940315506, SwapBuffers=238146024200090, FrameCompleted=238146027513892, DequeueBufferDuration=149480, QueueBufferDuration=2718802, GpuCompleted=0,
11-16 16:20:39.198 24324 24324 V OplusZoomWindowDecorViewHelper: setLastReportedMergedConfiguration mZoomDisplayHeight: 2340 getDecorView.DecorView@9bc840f[SplashActivity]
11-16 16:20:39.215 24324 24388 I OpenGLRenderer: Davey! duration=827ms; Flags=1, IntendedVsync=238145230207141, Vsync=238145880207115, OldestInputEvent=9223372036854775807, NewestInputEvent=0, HandleInputStart=238145889131131, AnimationStart=238145889162798, PerformTraversalsStart=238145889368215, DrawStart=238146043938423, SyncQueued=238146044249204, SyncStart=238146044632069, IssueDrawCommandsStart=238146044675558, SwapBuffers=238146056143631, FrameCompleted=238146058408736, DequeueBufferDuration=9825000, QueueBufferDuration=1381355, GpuCompleted=0,
11-16 16:20:39.542 24324 24407 E Parcel : Reading a NULL string not supported here.
11-16 16:20:40.430 24324 24324 D ViewRootImpl[SplashActivity]: processMotionEvent MotionEvent { action=ACTION_DOWN, actionButton=0, id[0]=0, x[0]=671.0, y[0]=1390.0, toolType[0]=TOOL_TYPE_FINGER, buttonState=0, classification=NONE, metaState=0, flags=0x0, edgeFlags=0x0, pointerCount=1, historySize=0, eventTime=238147268, downTime=238147268, deviceId=4, source=0x1002, displayId=0 }
11-16 16:20:40.432 24324 24324 D ViewRootImpl[SplashActivity]: dispatchPointerEvent handled=true, event=MotionEvent { action=ACTION_DOWN, actionButton=0, id[0]=0, x[0]=671.0, y[0]=1390.0, toolType[0]=TOOL_TYPE_FINGER, buttonState=0, classification=NONE, metaState=0, flags=0x0, edgeFlags=0x0, pointerCount=1, historySize=0, eventTime=238147268, downTime=238147268, deviceId=4, source=0x1002, displayId=0 }
11-16 16:20:40.526 24324 24324 D ViewRootImpl[SplashActivity]: processMotionEvent MotionEvent { action=ACTION_UP, actionButton=0, id[0]=0, x[0]=671.0, y[0]=1390.0, toolType[0]=TOOL_TYPE_FINGER, buttonState=0, classification=NONE, metaState=0, flags=0x0, edgeFlags=0x0, pointerCount=1, historySize=0, eventTime=238147367, downTime=238147268, deviceId=4, source=0x1002, displayId=0 }
11-16 16:20:40.526 24324 24324 D ViewRootImpl[SplashActivity]: dispatchPointerEvent handled=true, event=MotionEvent { action=ACTION_UP, actionButton=0, id[0]=0, x[0]=671.0, y[0]=1390.0, toolType[0]=TOOL_TYPE_FINGER, buttonState=0, classification=NONE, metaState=0, flags=0x0, edgeFlags=0x0, pointerCount=1, historySize=0, eventTime=238147367, downTime=238147268, deviceId=4, source=0x1002, displayId=0 }
11-16 16:20:40.535 24324 24324 D CompatibilityChangeReporter: Compat change id reported: 147798919; UID 10640; state: ENABLED
11-16 16:20:40.535 24324 24324 E Toast : setGravity() shouldn't be called on text toasts, the values won't be used
11-16 16:20:40.554 24324 24324 D ColorViewRootUtil: initSwipState, isDisplayCompatApp false
11-16 16:20:40.554 24324 24324 D ColorViewRootUtil: mScreenHeight 2340, mScreenWidth 1080
11-16 16:20:40.555 24324 24324 D WindowManager: Add to mViews: android.widget.TextView{a3c0c56 V.ED..... ......ID 0,0-0,0},pkg= com.a3733.gameboxwww
11-16 16:20:43.271 24324 24343 I 3733.gameboxww: ProcessProfilingInfo new_methods=3902 is saved saved_to_disk=1 resolve_classes_delay=5000
11-16 16:20:43.404 24324 24324 D ViewRootImpl[SplashActivity]: processMotionEvent MotionEvent { action=ACTION_DOWN, actionButton=0, id[0]=0, x[0]=70.0, y[0]=1191.0, toolType[0]=TOOL_TYPE_FINGER, buttonState=0, classification=NONE, metaState=0, flags=0x0, edgeFlags=0x0, pointerCount=1, historySize=0, eventTime=238150244, downTime=238150244, deviceId=4, source=0x1002, displayId=0 }
11-16 16:20:43.405 24324 24324 D ViewRootImpl[SplashActivity]: dispatchPointerEvent handled=false, event=MotionEvent { action=ACTION_DOWN, actionButton=0, id[0]=0, x[0]=70.0, y[0]=1191.0, toolType[0]=TOOL_TYPE_FINGER, buttonState=0, classification=NONE, metaState=0, flags=0x0, edgeFlags=0x0, pointerCount=1, historySize=0, eventTime=238150244, downTime=238150244, deviceId=4, source=0x1002, displayId=0 }
11-16 16:20:43.480 24324 24324 D ViewRootImpl[SplashActivity]: processMotionEvent MotionEvent { action=ACTION_UP, actionButton=0, id[0]=0, x[0]=70.0, y[0]=1191.0, toolType[0]=TOOL_TYPE_FINGER, buttonState=0, classification=NONE, metaState=0, flags=0x0, edgeFlags=0x0, pointerCount=1, historySize=0, eventTime=238150321, downTime=238150244, deviceId=4, source=0x1002, displayId=0 }
11-16 16:20:43.480 24324 24324 D ViewRootImpl[SplashActivity]: dispatchPointerEvent handled=false, event=MotionEvent { action=ACTION_UP, actionButton=0, id[0]=0, x[0]=70.0, y[0]=1191.0, toolType[0]=TOOL_TYPE_FINGER, buttonState=0, classification=NONE, metaState=0, flags=0x0, edgeFlags=0x0, pointerCount=1, historySize=0, eventTime=238150321, downTime=238150244, deviceId=4, source=0x1002, displayId=0 }
11-16 16:20:43.532 24362 24382 I ameboxwww:blac: ProcessProfilingInfo new_methods=617 is saved saved_to_disk=1 resolve_classes_delay=5000
11-16 16:20:43.974 24324 24324 D ViewRootImpl[SplashActivity]: processMotionEvent MotionEvent { action=ACTION_DOWN, actionButton=0, id[0]=0, x[0]=99.0, y[0]=1227.0, toolType[0]=TOOL_TYPE_FINGER, buttonState=0, classification=NONE, metaState=0, flags=0x0, edgeFlags=0x0, pointerCount=1, historySize=0, eventTime=238150815, downTime=238150815, deviceId=4, source=0x1002, displayId=0 }
11-16 16:20:43.977 24324 24324 D ViewRootImpl[SplashActivity]: dispatchPointerEvent handled=true, event=MotionEvent { action=ACTION_DOWN, actionButton=0, id[0]=0, x[0]=99.0, y[0]=1227.0, toolType[0]=TOOL_TYPE_FINGER, buttonState=0, classification=NONE, metaState=0, flags=0x0, edgeFlags=0x0, pointerCount=1, historySize=0, eventTime=238150815, downTime=238150815, deviceId=4, source=0x1002, displayId=0 }
11-16 16:20:44.050 24324 24324 D ViewRootImpl[SplashActivity]: processMotionEvent MotionEvent { action=ACTION_UP, actionButton=0, id[0]=0, x[0]=99.0, y[0]=1227.0, toolType[0]=TOOL_TYPE_FINGER, buttonState=0, classification=NONE, metaState=0, flags=0x0, edgeFlags=0x0, pointerCount=1, historySize=0, eventTime=238150892, downTime=238150815, deviceId=4, source=0x1002, displayId=0 }
11-16 16:20:44.052 24324 24324 D ViewRootImpl[SplashActivity]: dispatchPointerEvent handled=true, event=MotionEvent { action=ACTION_UP, actionButton=0, id[0]=0, x[0]=99.0, y[0]=1227.0, toolType[0]=TOOL_TYPE_FINGER, buttonState=0, classification=NONE, metaState=0, flags=0x0, edgeFlags=0x0, pointerCount=1, historySize=0, eventTime=238150892, downTime=238150815, deviceId=4, source=0x1002, displayId=0 }
11-16 16:20:44.423 24324 24324 D ViewRootImpl[SplashActivity]: processMotionEvent MotionEvent { action=ACTION_DOWN, actionButton=0, id[0]=0, x[0]=680.0, y[0]=1385.0, toolType[0]=TOOL_TYPE_FINGER, buttonState=0, classification=NONE, metaState=0, flags=0x0, edgeFlags=0x0, pointerCount=1, historySize=0, eventTime=238151263, downTime=238151263, deviceId=4, source=0x1002, displayId=0 }
11-16 16:20:44.425 24324 24324 D ViewRootImpl[SplashActivity]: dispatchPointerEvent handled=true, event=MotionEvent { action=ACTION_DOWN, actionButton=0, id[0]=0, x[0]=680.0, y[0]=1385.0, toolType[0]=TOOL_TYPE_FINGER, buttonState=0, classification=NONE, metaState=0, flags=0x0, edgeFlags=0x0, pointerCount=1, historySize=0, eventTime=238151263, downTime=238151263, deviceId=4, source=0x1002, displayId=0 }
11-16 16:20:44.532 24324 24324 D ViewRootImpl[SplashActivity]: processMotionEvent MotionEvent { action=ACTION_UP, actionButton=0, id[0]=0, x[0]=680.0, y[0]=1385.0, toolType[0]=TOOL_TYPE_FINGER, buttonState=0, classification=NONE, metaState=0, flags=0x0, edgeFlags=0x0, pointerCount=1, historySize=0, eventTime=238151374, downTime=238151263, deviceId=4, source=0x1002, displayId=0 }
11-16 16:20:44.532 24324 24324 D ViewRootImpl[SplashActivity]: dispatchPointerEvent handled=true, event=MotionEvent { action=ACTION_UP, actionButton=0, id[0]=0, x[0]=680.0, y[0]=1385.0, toolType[0]=TOOL_TYPE_FINGER, buttonState=0, classification=NONE, metaState=0, flags=0x0, edgeFlags=0x0, pointerCount=1, historySize=0, eventTime=238151374, downTime=238151263, deviceId=4, source=0x1002, displayId=0 }
11-16 16:20:44.556 24324 24324 E Parcel : Reading a NULL string not supported here.
11-16 16:20:44.562 24324 24324 I chatty : uid=10640(com.a3733.gameboxwww) identical 31 lines
11-16 16:20:44.562 24324 24324 E Parcel : Reading a NULL string not supported here.
11-16 16:20:44.624 24514 24514 E Parcel : Attempt to read from protected data in Parcel 0x7fdc4b8c60
11-16 16:20:44.624 24514 24514 I chatty : uid=10640(com.a3733.gameboxwww) cmd identical 3 lines
11-16 16:20:44.624 24514 24514 E Parcel : Attempt to read from protected data in Parcel 0x7fdc4b8c60
11-16 16:20:44.624 24514 24514 E Parcel : Reading a NULL string not supported here.
11-16 16:20:44.648 24514 24516 I cmd : oneway function results will be dropped but finished with status OK and parcel size 4
11-16 16:20:45.018 24324 24545 D ProfileInstaller: Installing profile for com.a3733.gameboxwww
11-16 16:20:47.309 24324 24324 I Ghunt : context.getPackageName(): com.a3733.gameboxwww
11-16 16:20:47.314 24324 24575 I DpmTcmClient: RegisterTcmMonitor from: $Proxy1
11-16 16:20:47.317 24324 24356 I DrmUtils: found android.hardware.drm@1.0::IDrmFactory clearkey
11-16 16:20:47.329 24324 24356 I DrmUtils: found android.hardware.drm@1.0::IDrmFactory wfdhdcp
11-16 16:20:47.329 24324 24580 I UMCrash : get common. apm ctr flag is 0
11-16 16:20:47.330 24324 24324 I UMCrash : int apm. flag is 0
11-16 16:20:47.332 24324 24324 I UMCrash : enable : java is true, native is true, anr is true
11-16 16:20:47.332 24324 24324 I UMCrash : crash rate domain is https://errnewlog.umeng.com
11-16 16:20:47.334 24324 24356 I DrmUtils: found android.hardware.drm@1.0::IDrmFactory widevine
11-16 16:20:47.343 24324 24356 I DrmUtils: found android.hardware.drm@1.1::IDrmFactory clearkey
11-16 16:20:47.343 24324 24586 I crashsdk: version unique build id: 420aa3c
11-16 16:20:47.344 24324 24356 I DrmUtils: found android.hardware.drm@1.1::IDrmFactory wfdhdcp
11-16 16:20:47.345 24324 24586 I crashsdk: Is new version ('' -> '6.4.4301/release/420aa3c'), deleting old stats data!
11-16 16:20:47.345 24324 24324 W crashsdk: Set: Unknown key 38
11-16 16:20:47.345 24324 24324 W crashsdk: Set: Unknown key 39
11-16 16:20:47.345 24324 24356 I DrmUtils: found android.hardware.drm@1.1::IDrmFactory widevine
11-16 16:20:47.346 24324 24587 D crashsdk: Native log stat thread 24587 setup, waiting
11-16 16:20:47.329 24324 24324 W 3733.gameboxwww: type=1400 audit(0.0:141157): avc: denied { read } for name="version" dev="proc" ino=4026532110 scontext=u:r:untrusted_app:s0:c128,c258,c512,c768 tcontext=u:object_r:proc_version:s0 tclass=file permissive=0 app=com.a3733.gameboxwww
11-16 16:20:47.348 24324 24324 I crashsdk: Catcher mask: 1000, 4096
11-16 16:20:47.348 24324 24324 I crashsdk: Catcher thread 24334
11-16 16:20:47.348 24324 24324 D crashsdk: Register ANR handler ...
11-16 16:20:47.348 24324 24324 I crashsdk: begin hack android.os.Process
11-16 16:20:47.348 24324 24324 I crashsdk: end hack android.os.Process
11-16 16:20:47.348 24324 24324 I crashsdk: LibcMalloc detail: disabled.
11-16 16:20:47.351 24324 24356 I DrmUtils: found android.hardware.drm@1.2::IDrmFactory clearkey
11-16 16:20:47.353 24324 24356 I DrmUtils: found android.hardware.drm@1.2::IDrmFactory wfdhdcp
11-16 16:20:47.355 24324 24356 I DrmUtils: found android.hardware.drm@1.2::IDrmFactory widevine
11-16 16:20:47.355 24324 24580 E 3733.gameboxww: Invalid ID 0x00000000.
11-16 16:20:47.356 24324 24592 E ballack : initGlobalInfo called once.
11-16 16:20:47.358 24324 24590 E 3733.gameboxww: Invalid ID 0x00000000.
11-16 16:20:47.358 24324 24324 I UMCrash : begin register common callback. key is umid.
11-16 16:20:47.358 24324 24324 I UMCrash : inner config : net rate is -1
11-16 16:20:47.358 24324 24324 I UMCrash : inner config : nativeH5Rate is -1
11-16 16:20:47.358 24324 24324 I UMCrash : inner config : page rate is -1
11-16 16:20:47.358 24324 24324 I UMCrash : inner config : power rate is -1
11-16 16:20:47.361 24324 24580 I Matrix.AnrTracer: anrTrace, final mAnrBeatTime:400, mAnrBeatRate:400
11-16 16:20:47.365 24324 24592 W efs.send_log: tryFileLock start!
11-16 16:20:47.365 24324 24356 I DrmUtils: found android.hardware.drm@1.3::IDrmFactory clearkey
11-16 16:20:47.365 24324 24324 I NimExternalStorage: use external files dir!
11-16 16:20:47.366 24324 24593 D LaunchConfigManager: random check in
11-16 16:20:47.368 24324 24596 W efs.send_log: tryFileLock sendlock sucess! processname: com.a3733.gameboxwww
11-16 16:20:47.368 24324 24356 I DrmUtils: found android.hardware.drm@1.3::IDrmFactory wfdhdcp
11-16 16:20:47.369 24324 24356 I DrmUtils: found android.hardware.drm@1.3::IDrmFactory widevine
11-16 16:20:47.370 24324 24597 D [ui]AppDir: 2/DATA /data/user/0/com.a3733.gameboxwww/6374f68354737e31410ef7a1b0e1828d
11-16 16:20:47.370 24324 24597 D [ui]AppDir: 2/CACHE /data/user/0/com.a3733.gameboxwww/cache/6374f68354737e31410ef7a1b0e1828d
11-16 16:20:47.370 24324 24597 I [ui]ui : 2/********** SDK UI Process Start **** Version: 1.0.0/1/1/78aff667 **** APPKEY: 6374f68354737e31410ef7a1b0e1828d/null **** BUILD Version:30/30/OPPO/CPH1917 **** reduced IM:false **********
11-16 16:20:47.372 24324 24597 I [ui]PluginLoader: 2/plugin [com.qiyukf.nimlib.ysf.plugin.Plugin] found
11-16 16:20:47.375 24324 24592 I efs.config: delete old config is false
11-16 16:20:47.378 24324 24597 I [ui]TransExec: 2/register service completed, total size=15
11-16 16:20:47.379 24324 24597 D [ui]AppForegroundWatcher: 2/app register activity lifecycle callbacks success
11-16 16:20:47.379 24324 24592 I efs.config: current config to same.
11-16 16:20:47.379 24324 24597 I [ui]core: 2/start NimService from 1
11-16 16:20:47.383 24324 24597 D [ui]main_conn: 2/doConnect: tag#main_conn count#0
11-16 16:20:47.383 24324 24597 I [ui]main_conn: 2/doConnect: start & bind service#Intent { cmp=com.a3733.gameboxwww/com.qiyukf.nimlib.service.NimService (has extras) }
11-16 16:20:47.387 24324 24597 D [ui]aux_conn: 2/doConnect: tag#aux_conn count#0
11-16 16:20:47.387 24324 24597 I [ui]aux_conn: 2/doConnect: start & bind service#Intent { cmp=com.a3733.gameboxwww/com.qiyukf.nimlib.service.NimService$Aux }
11-16 16:20:47.393 24324 24593 I LaunchTrace: begin sendLaunchCache
11-16 16:20:47.396 24324 24597 I [ui]InvocationMgr: 2/on notify: Transaction: [id: 1, method: SdkLifecycleObserver/observeMainProcessInitCompleteResult]
11-16 16:20:47.396 24324 24597 I [ui]ui : 2/main process init done!
11-16 16:20:47.397 24324 24597 I [ui]ui : 2/SDK AndroidManifest.xml mustCheck success !
11-16 16:20:47.414 24324 24597 I [ui]ui : 15865/ResponseFactoryUI register handlers done
11-16 16:20:47.415 24602 24602 E gameboxwww:cor: Unknown bits set in runtime_flags: 0x40000000
11-16 16:20:47.419 24324 24356 I DrmUtils: found android.hardware.drm@1.0::IDrmFactory clearkey
11-16 16:20:47.420 24602 24602 E gameboxwww:cor: Not starting debugger since process cannot load the jdwp agent.
11-16 16:20:47.420 24324 24356 I DrmUtils: found android.hardware.drm@1.0::IDrmFactory wfdhdcp
11-16 16:20:47.422 24324 24356 I DrmUtils: found android.hardware.drm@1.0::IDrmFactory widevine
11-16 16:20:47.428 24602 24602 E RefClass: java.lang.reflect.InvocationTargetException
11-16 16:20:47.428 24324 24356 I DrmUtils: found android.hardware.drm@1.1::IDrmFactory clearkey
11-16 16:20:47.428 24324 24324 I LogPulseClient: [INFO ] 2024-11-16 16:20:47.427 [main] [LogPulseClient] - config log is success
11-16 16:20:47.429 24602 24602 I OneTrace: Mark active for pid=24602? true
11-16 16:20:47.429 24324 24356 I DrmUtils: found android.hardware.drm@1.1::IDrmFactory wfdhdcp
11-16 16:20:47.431 24324 24356 I DrmUtils: found android.hardware.drm@1.1::IDrmFactory widevine
11-16 16:20:47.433 24324 24324 I com.qiyukf.unicorn.i.a.a: [INFO ] 2024-11-16 16:20:47.432 [main] [com.qiyukf.unicorn.i.a.a] - HttpDnsService is start
11-16 16:20:47.435 24324 24597 I [ui]ui : 2/ObserverManager add MsgServiceObserve/observeRecentContact
11-16 16:20:47.436 24324 24597 I [ui]ui : 2/ObserverManager add MsgServiceObserve/observeRecentContactDeleted
11-16 16:20:47.439 24324 24356 I DrmUtils: found android.hardware.drm@1.2::IDrmFactory clearkey
11-16 16:20:47.439 24324 24597 I [ui]ui : 2/ObserverManager add MsgServiceObserve/observeCustomNotification
11-16 16:20:47.439 24324 24597 I [ui]ui : 2/ObserverManager add MsgServiceObserve/observeMsgStatus
11-16 16:20:47.439 24324 24597 I [ui]ui : 2/ObserverManager add MsgServiceObserve/observeReceiveMessage
11-16 16:20:47.440 24324 24597 I [ui]ui : 2/ObserverManager add AuthServiceObserver/observeOnlineStatus
11-16 16:20:47.440 24324 24597 D [ui]set status: 2/SDKState.getStatus():UNLOGIN
11-16 16:20:47.440 24324 24356 I DrmUtils: found android.hardware.drm@1.2::IDrmFactory wfdhdcp
11-16 16:20:47.441 24324 24356 I DrmUtils: found android.hardware.drm@1.2::IDrmFactory widevine
11-16 16:20:47.442 24324 24597 I [ui]ui : 2/ObserverManager add AuthServiceObserver/observeOnlineStatus
11-16 16:20:47.443 24324 24597 D [ui]set status: 2/SDKState.getStatus():UNLOGIN
11-16 16:20:47.443 24324 24597 I [ui]ui : 2/ObserverManager add MsgServiceObserve/observeCustomNotification
11-16 16:20:47.443 24324 24324 I com.qiyukf.uikit.session.emoji.StickerManager: [INFO ] 2024-11-16 16:20:47.442 [main] [c.q.u.session.emoji.StickerManager] - Sticker Manager init...
11-16 16:20:47.445 24324 24324 I com.qiyukf.unicorn.m.a: [INFO ] 2024-11-16 16:20:47.445 [main] [com.qiyukf.unicorn.m.a] - is init...
11-16 16:20:47.445 24324 24624 I com.qiyukf.unicorn.i.a.c: [INFO ] 2024-11-16 16:20:47.445 [HT-Unicorn-HTTP] [com.qiyukf.unicorn.i.a.c] - http request url=https://ap1.qiyukf.com/webapi/emoji/emojiPackage/map
11-16 16:20:47.445 24324 24626 I com.qiyukf.unicorn.i.a.c: [INFO ] 2024-11-16 16:20:47.445 [HT-StatisticsManager] [com.qiyukf.unicorn.i.a.c] - http request url=https://ap1.qiyukf.com/webapi/user/da/config
11-16 16:20:47.445 24324 24356 I DrmUtils: found android.hardware.drm@1.3::IDrmFactory clearkey
11-16 16:20:47.446 24324 24324 I com.qiyukf.uikit.a: [INFO ] 2024-11-16 16:20:47.445 [main] [com.qiyukf.uikit.a] - ImageLoaderKit
11-16 16:20:47.447 24324 24356 I DrmUtils: found android.hardware.drm@1.3::IDrmFactory wfdhdcp
11-16 16:20:47.448 24324 24356 I DrmUtils: found android.hardware.drm@1.3::IDrmFactory widevine
11-16 16:20:47.449 24602 24602 I oplus.android.OplusFrameworkFactoryImpl: get feature:IOplusScreenModeFeature
11-16 16:20:47.449 24602 24602 I oplus.android.OplusFrameworkFactoryImpl: getOplusScreenModeFeature
11-16 16:20:47.454 24324 24633 I Sentry : sentry-debug-meta.properties file was not found.
11-16 16:20:47.456 24324 24633 D Sentry : SU doesn't exist.
11-16 16:20:47.456 24324 24633 D Sentry : java.io.IOException: Cannot run program "/system/xbin/which": error=2, No such file or directory
11-16 16:20:47.456 24324 24633 D Sentry : at java.lang.ProcessBuilder.start(ProcessBuilder.java:1050)
11-16 16:20:47.456 24324 24633 D Sentry : at java.lang.Runtime.exec(Runtime.java:699)
11-16 16:20:47.456 24324 24633 D Sentry : at java.lang.Runtime.exec(Runtime.java:564)
11-16 16:20:47.456 24324 24633 D Sentry : at com.qiyukf.sentry.android.core.a.d.c(RootChecker.java:14)
11-16 16:20:47.456 24324 24633 D Sentry : at com.qiyukf.sentry.android.core.a.d.a(RootChecker.java:31)
11-16 16:20:47.456 24324 24633 D Sentry : at com.qiyukf.sentry.android.core.k.m(DefaultAndroidEventProcessor.java:19)
11-16 16:20:47.456 24324 24633 D Sentry : at com.qiyukf.sentry.android.core.k.OooO00o(DefaultAndroidEventProcessor.java:1)
11-16 16:20:47.456 24324 24633 D Sentry : at com.qiyukf.sentry.android.core.OooOO0.call(R8$$SyntheticClass:3)
11-16 16:20:47.456 24324 24633 D Sentry : at java.util.concurrent.FutureTask.run(FutureTask.java:266)
11-16 16:20:47.456 24324 24633 D Sentry : at java.util.concurrent.ThreadPoolExecutor.runWorker(ThreadPoolExecutor.java:1167)
11-16 16:20:47.456 24324 24633 D Sentry : at java.util.concurrent.ThreadPoolExecutor$Worker.run(ThreadPoolExecutor.java:641)
11-16 16:20:47.456 24324 24633 D Sentry : at java.lang.Thread.run(Thread.java:923)
11-16 16:20:47.456 24324 24633 D Sentry : Caused by: java.io.IOException: error=2, No such file or directory
11-16 16:20:47.456 24324 24633 D Sentry : at java.lang.UNIXProcess.forkAndExec(Native Method)
11-16 16:20:47.456 24324 24633 D Sentry : at java.lang.UNIXProcess.<init>(UNIXProcess.java:133)
11-16 16:20:47.456 24324 24633 D Sentry : at java.lang.ProcessImpl.start(ProcessImpl.java:141)
11-16 16:20:47.456 24324 24633 D Sentry : at java.lang.ProcessBuilder.start(ProcessBuilder.java:1029)
11-16 16:20:47.456 24324 24633 D Sentry : ... 11 more
11-16 16:20:47.449 24324 24324 W pool-13-thread-: type=1400 audit(0.0:141158): avc: denied { read } for name="version" dev="proc" ino=4026532110 scontext=u:r:untrusted_app:s0:c128,c258,c512,c768 tcontext=u:object_r:proc_version:s0 tclass=file permissive=0 app=com.a3733.gameboxwww
11-16 16:20:47.459 24324 24324 E Parcel : Reading a NULL string not supported here.
11-16 16:20:47.460 24324 24324 I chatty : uid=10640(com.a3733.gameboxwww) identical 10 lines
11-16 16:20:47.460 24324 24324 E Parcel : Reading a NULL string not supported here.
11-16 16:20:47.460 24324 24324 E Parcel : Reading a NULL string not supported here.
11-16 16:20:47.460 24324 24324 E Parcel : Reading a NULL string not supported here.
11-16 16:20:47.461 24324 24324 E Parcel : Reading a NULL string not supported here.
11-16 16:20:47.462 24324 24324 I chatty : uid=10640(com.a3733.gameboxwww) identical 17 lines
11-16 16:20:47.462 24324 24324 E Parcel : Reading a NULL string not supported here.
11-16 16:20:47.463 24324 24324 I com.qiyukf.unicorn.c: [INFO ] 2024-11-16 16:20:47.463 [main] [com.qiyukf.unicorn.c] - init sdk is end
11-16 16:20:47.464 24324 24324 I [MiniSDK]minisdk-start_MiniSDKImpl: MiniSDK init context.
11-16 16:20:47.465 24324 24324 I [MiniSDK]minisdk-MiniAppDexLoader: MiniAppDexLoader findClass: com.tencent.qqmini.sdk.core.generated.CustomConfiguration
11-16 16:20:47.465 24602 24602 E libc : Access denied finding property "ro.odm.prev.product.name"
11-16 16:20:47.466 24324 24324 I [MiniSDK]minisdk-MiniAppDexLoader: MiniAppDexLoader : com.tencent.qqmini.sdk.log.LogImpl
11-16 16:20:47.468 24324 24324 W ReflectionUtil: ClassNotFoundException: com.tencent.qqmini.sdk.core.generated.AppProxyServiceScope
11-16 16:20:47.468 24324 24324 W ReflectionUtil: ClassNotFoundException: com.tencent.qqmini.sdk.core.generated.PayProxyServiceScope
11-16 16:20:47.468 24324 24324 W ReflectionUtil: ClassNotFoundException: com.tencent.qqmini.sdk.core.generated.AdProxyServiceScope
11-16 16:20:47.468 24324 24324 W ReflectionUtil: ClassNotFoundException: com.tencent.qqmini.sdk.core.generated.MiniCodeProxyServiceScope
11-16 16:20:47.469 24324 24324 W ReflectionUtil: ClassNotFoundException: com.tencent.qqmini.sdk.core.generated.MapProxyServiceScope
11-16 16:20:47.469 24324 24324 W ReflectionUtil: ClassNotFoundException: com.tencent.qqmini.sdk.core.generated.ZZConfigProxyServiceScope
11-16 16:20:47.469 24324 24324 W ReflectionUtil: ClassNotFoundException: com.tencent.qqmini.sdk.core.generated.UnityAdProxyServiceScope
11-16 16:20:47.469 24324 24324 W ReflectionUtil: ClassNotFoundException: com.tencent.qqmini.sdk.core.generated.UnityProxyServiceScope
11-16 16:20:47.470 24324 24324 I [MiniSDK]ProxyServiceEngine: Create a new proxy instance of class com.tencent.qqminisdk.proxy.LogProxyImpl
11-16 16:20:47.470 24324 24324 W [MiniSDK]minisdk-start: QMLog prepared through plan B !
11-16 16:20:47.470 24324 24324 W [MiniSDK]minisdk-MiniAppDexLoader: enableDex: false dexConfig:
11-16 16:20:47.470 24602 24602 I gameboxwww:cor: The ClassLoaderContext is a special shared library.
11-16 16:20:47.470 24324 24324 I [MiniSDK]minisdk-MiniAppDexLoader: MiniAppDexLoader : com.tencent.qqmini.sdk.ipc.AppBrandProxy
11-16 16:20:47.471 24324 24324 I [MiniSDK]minisdk-MiniAppDexLoader: MiniAppDexLoader : com.tencent.qqmini.sdk.core.Build
11-16 16:20:47.471 24324 24324 I [MiniSDK]minisdk-MiniAppDexLoader: MiniAppDexLoader : com.tencent.qqmini.sdk.manager.CommonManager
11-16 16:20:47.471 24324 24324 I [MiniSDK]minisdk-MiniAppDexLoader: MiniAppDexLoader : com.tencent.qqmini.sdk.core.MiniAppEnv
11-16 16:20:47.471 24324 24324 I [MiniSDK]minisdk-MiniAppDexLoader: MiniAppDexLoader : com.tencent.qqmini.sdk.cache.MiniCacheFreeManager
11-16 16:20:47.471 24324 24324 I [MiniSDK]minisdk-MiniAppDexLoader: MiniAppDexLoader : com.tencent.qqmini.minigame.manager.MiniGameCommonManager
11-16 16:20:47.471 24324 24324 I [MiniSDK]minisdk-MiniAppDexLoader: MiniAppDexLoader : com.tencent.qqmini.sdk.server.MiniServer
11-16 16:20:47.472 24324 24324 I [MiniSDK]minisdk-MiniAppDexLoader: MiniAppDexLoader : com.tencent.qqmini.sdk.core.proxy.FakeProxyManager
11-16 16:20:47.472 24324 24324 D [MiniSDK]minisdk-start: packageName = com.a3733.gameboxwww, currentProcessName = com.a3733.gameboxwww
11-16 16:20:47.472 24324 24324 I [MiniSDK]minisdk-start: onEvent: 0
11-16 16:20:47.473 24324 24324 I [MiniSDK]ProxyServiceEngine: Create a new proxy instance of class com.tencent.qqmini.minigame.external.proxy.impl.MiniAppProxyImpl
11-16 16:20:47.473 24324 24324 I [MiniSDK]ProxyServiceEngine: Create a new proxy instance of class com.tencent.qqminisdk.proxy.MiniGameChannelInfoProxyImpl
11-16 16:20:47.473 24324 24324 I [MiniSDK]minisdk-start: main process, init MiniServer
11-16 16:20:47.473 24324 24324 I [MiniSDK]MiniServer: Init MiniServer. MiniSdkVersion:1.57.18_44_72082c698 QUA:V1_AND_MINISDK_1.57.18_0_ARM64 PlatformQUA:V1_AND_MINISDK_1.57.18_0_ARM64
11-16 16:20:47.474 24324 24324 I [MiniSDK]MiniServer: createConfiguration. Add processor config: pName:com.a3733.gameboxwww:mini1 pType:MINI_GAME UI:class com.tencent.qqmini.minigame.ui.MiniActivity1 Internal:null receiver:class com.tencent.qqmini.minigame.receiver.AppBrandMainReceiver1 supportRuntimeType:4
11-16 16:20:47.474 24324 24324 I [MiniSDK]MiniServer: createConfiguration. Add processor config: pName:com.a3733.gameboxwww:mini2 pType:MINI_GAME UI:class com.tencent.qqmini.minigame.ui.MiniActivity2 Internal:null receiver:class com.tencent.qqmini.minigame.receiver.AppBrandMainReceiver2 supportRuntimeType:4
11-16 16:20:47.474 24324 24324 I [MiniSDK]MiniServer: createConfiguration. Add processor config: pName:com.a3733.gameboxwww:mini4 pType:MINI_APP UI:class com.tencent.qqmini.minigame.ui.MiniActivity3 Internal:null receiver:class com.tencent.qqmini.minigame.receiver.AppBrandMainReceiver3 supportRuntimeType:1
11-16 16:20:47.474 24324 24324 I [MiniSDK]MiniServer: createConfiguration. Add processor config: pName:com.a3733.gameboxwww:mini4 pType:MINI_APP UI:class com.tencent.qqmini.minigame.ui.MiniActivity3 Internal:null receiver:class com.tencent.qqmini.minigame.receiver.AppBrandMainReceiver3 supportRuntimeType:1
11-16 16:20:47.474 24324 24324 I [MiniSDK]minisdk-start_LaunchManagerService: registerProcessInfo pName:com.a3733.gameboxwww:mini1 pType:MINI_GAME UI:class com.tencent.qqmini.minigame.ui.MiniActivity1 Internal:null receiver:class com.tencent.qqmini.minigame.receiver.AppBrandMainReceiver1 supportRuntimeType:4
11-16 16:20:47.474 24324 24324 I [MiniSDK]minisdk-start_LaunchManagerService: registerProcessInfo pName:com.a3733.gameboxwww:mini2 pType:MINI_GAME UI:class com.tencent.qqmini.minigame.ui.MiniActivity2 Internal:null receiver:class com.tencent.qqmini.minigame.receiver.AppBrandMainReceiver2 supportRuntimeType:4
11-16 16:20:47.474 24324 24324 I [MiniSDK]minisdk-start_LaunchManagerService: registerProcessInfo pName:com.a3733.gameboxwww:mini4 pType:MINI_APP UI:class com.tencent.qqmini.minigame.ui.MiniActivity3 Internal:null receiver:class com.tencent.qqmini.minigame.receiver.AppBrandMainReceiver3 supportRuntimeType:1
11-16 16:20:47.474 24324 24324 I [MiniSDK]minisdk-start_LaunchManagerService: registerProcessInfo pName:com.a3733.gameboxwww:mini4 pType:MINI_APP UI:class com.tencent.qqmini.minigame.ui.MiniActivity3 Internal:null receiver:class com.tencent.qqmini.minigame.receiver.AppBrandMainReceiver3 supportRuntimeType:1
11-16 16:20:47.477 24324 24324 W 3733.gameboxww: Class o0o0O0oO.o0O00OO failed lock verification and will run slower.
11-16 16:20:47.477 24324 24324 W 3733.gameboxww: Common causes for lock verification issues are non-optimized dex code
11-16 16:20:47.477 24324 24324 W 3733.gameboxww: and incorrect proguard optimizations.
11-16 16:20:47.477 24324 24324 I [MiniSDK]ProxyServiceEngine: Create a new proxy instance of class com.tencent.qqmini.minigame.external.proxy.impl.WnsConfigProxyImpl
11-16 16:20:47.478 24324 24324 I [MiniSDK]ProxyServiceEngine: Create a new proxy instance of class o0o00oo.o00oO0o
11-16 16:20:47.478 24324 24324 I [MiniSDK]GameLaunchStrategy: GameLaunchConfig(enableProcessReuse=true, multiInstanceCount=1)
11-16 16:20:47.479 24324 24324 I [MiniSDK]UnionAdProxyDefault: ams appid = 1450024728
11-16 16:20:47.481 24324 24324 I [MiniSDK]UnionAdProxyDefault: registerBroadcastListener
11-16 16:20:47.481 24324 24324 I [MiniSDK]ProxyServiceEngine: Create a new proxy instance of class com.tencent.qqmini.union.ad.proxyimpl.UnionAdProxyDefault
11-16 16:20:47.481 24324 24324 I [MiniSDK]MiniServer: adProxy init=true
11-16 16:20:47.481 24324 24638 I [MiniSDK]ProxyServiceEngine: Create a new proxy instance of class o0o00oo.o00O0O
11-16 16:20:47.482 24324 24324 D [MiniSDK]OpenSdkLoginManager: open sdk init config:OpenSdkConfig{useOauth=false, wxOauth=true, qqOauth=false, qqOpenAppId='null', wxOpenAppId='wx145e2e29b3417480', activityClass=class com.tencent.qqmini.minigame.opensdk.MiniGameOpenSdkLoginActivity, isDebugVersion=false}
11-16 16:20:47.487 24602 24602 I Perf : Connecting to perf service.
11-16 16:20:47.489 24324 24324 D skia : --- Failed to create image decoder with message 'unimplemented'
11-16 16:20:47.491 24602 24602 E Perf : perftest packageName : com.a3733.gameboxwww App is allowed to use Hide APIs
11-16 16:20:47.491 24324 24324 W Glide : Failed to find GeneratedAppGlideModule. You should include an annotationProcessor compile dependency on com.github.bumptech.glide:compiler in your application and a @GlideModule annotated AppGlideModule implementation or LibraryGlideModules will be silently ignored
11-16 16:20:47.493 24602 24602 D NetworkSecurityConfig: Using Network Security Config from resource network_security_config debugBuild: false
11-16 16:20:47.494 24602 24602 D NetworkSecurityConfig: Using Network Security Config from resource network_security_config debugBuild: false
11-16 16:20:47.495 24324 24623 W SSLCertificateSocketFactory: Bypassing SSL security checks at caller's request
11-16 16:20:47.501 24602 24602 E init : before init.....
11-16 16:20:47.503 24602 24602 E init : init SqBoxCore
11-16 16:20:47.503 24602 24602 E init : after init.....
11-16 16:20:47.503 24602 24602 W gameboxwww:cor: Accessing hidden method Ldalvik/system/VMRuntime;->setHiddenApiExemptions([Ljava/lang/String;)V (blacklist,core-platform-api, reflection, denied)
11-16 16:20:47.504 24602 24602 W BootstrapClass: reflect bootstrap failed:
11-16 16:20:47.504 24602 24602 W BootstrapClass: java.lang.reflect.InvocationTargetException
11-16 16:20:47.504 24602 24602 W BootstrapClass: at java.lang.reflect.Method.invoke(Native Method)
11-16 16:20:47.504 24602 24602 W BootstrapClass: at me.weishu.reflection.BootstrapClass.<clinit>(BootstrapClass.java:79)
11-16 16:20:47.504 24602 24602 W BootstrapClass: at me.weishu.reflection.BootstrapClass.exemptAll(BootstrapClass.java:1)
11-16 16:20:47.504 24602 24602 W BootstrapClass: at me.weishu.reflection.Reflection.unseal(Reflection.java:9)
11-16 16:20:47.504 24602 24602 W BootstrapClass: at com.sqbox.lib.SqBoxCore.doAttachBaseContext(SqBoxCore.java:3)
11-16 16:20:47.504 24602 24602 W BootstrapClass: at com.a3733.cwbgamebox.utils.SandboxMagic.OooOo0O(SandboxMagic.kt:15)
11-16 16:20:47.504 24602 24602 W BootstrapClass: at com.a3733.gamebox.app.App.attachBaseContext(App.kt:15)
11-16 16:20:47.504 24602 24602 W BootstrapClass: at android.app.Application.attach(Application.java:361)
11-16 16:20:47.504 24602 24602 W BootstrapClass: at android.app.Instrumentation.newApplication(Instrumentation.java:1160)
11-16 16:20:47.504 24602 24602 W BootstrapClass: at android.app.LoadedApk.makeApplication(LoadedApk.java:1316)
11-16 16:20:47.504 24602 24602 W BootstrapClass: at android.app.ActivityThread.handleBindApplication(ActivityThread.java:7253)
11-16 16:20:47.504 24602 24602 W BootstrapClass: at android.app.ActivityThread.access$1600(ActivityThread.java:306)
